05-08 16:10:42.615 456 485 D RIL-DEV : [05-08_16:10:42:615] idVendor = 1d6b
05-08 16:10:42.615 456 485 D RIL-DEV :
05-08 16:10:42.615 456 485 E RIL-DEV : Cannot find Meig devices
05-08 16:18:37.791 3080 3080 I : Freezing user space processes ... (elapsed 0.012 seconds) done.
05-08 16:10:42.615 456 485 I RIL : ---> can't find meig usb devices
05-08 16:18:37.804 3080 3080 I : OOM killer disabled.
05-08 16:18:37.804 3080 3080 I : Freezing remaining freezable tasks ... (elapsed 0.180 seconds) done.
05-08 16:18:37.984 3080 3080 I printk : Suspending console(s) (use no_console_suspend to debug)
05-08 16:18:38.059 3080 3080 E regulator-dummy: Underflow of regulator enable count
05-08 16:18:38.059 3080 3080 E wacom_i2c 4-0009: disable regulator failed -22
05-08 16:18:38.299 3080 3080 I : Disabling non-boot CPUs ...
05-08 16:18:38.300 3080 3080 I psci : CPU1 killed (polled 0 ms)
05-08 16:18:38.302 3080 3080 I psci : CPU2 killed (polled 0 ms)
05-08 16:18:38.303 3080 3080 I psci : CPU3 killed (polled 0 ms)
05-08 16:18:38.305 3080 3080 I psci : CPU4 killed (polled 0 ms)
05-08 16:18:38.308 3080 3080 I psci : CPU5 killed (polled 0 ms)
05-08 16:18:38.309 3080 3080 I psci : CPU6 killed (polled 0 ms)
05-08 16:18:38.310 3080 3080 I psci : CPU7 killed (polled 0 ms)
05-08 16:18:38.522 0 0 W [ C0] PM: pm_system_irq_wakeup: 121 triggered husb311
05-08 16:18:38.523 3080 3080 I : Enabling non-boot CPUs ...
05-08 16:18:38.524 0 0 I : Detected VIPT I-cache on CPU1
05-08 16:18:38.524 0 0 I GICv3 : CPU1: found redistributor 100 region 0:0x00000000fe6a0000
05-08 16:18:38.524 0 0 I CPU1 : Booted secondary processor 0x0000000100 [0x412fd050]
05-08 16:18:38.525 3080 3080 I : CPU1 is up
05-08 16:18:38.526 0 0 I : Detected VIPT I-cache on CPU2
05-08 16:18:38.526 0 0 I GICv3 : CPU2: found redistributor 200 region 0:0x00000000fe6c0000
05-08 16:18:38.526 0 0 I CPU2 : Booted secondary processor 0x0000000200 [0x412fd050]
05-08 16:18:38.526 3080 3080 I : CPU2 is up
05-08 16:18:38.527 0 0 I : Detected VIPT I-cache on CPU3
05-08 16:18:38.527 0 0 I GICv3 : CPU3: found redistributor 300 region 0:0x00000000fe6e0000
05-08 16:18:38.527 0 0 I CPU3 : Booted secondary processor 0x0000000300 [0x412fd050]
05-08 16:18:38.528 3080 3080 I : CPU3 is up
05-08 16:18:38.529 0 0 I : Detected PIPT I-cache on CPU4
05-08 16:18:38.529 0 0 I GICv3 : CPU4: found redistributor 400 region 0:0x00000000fe700000
05-08 16:18:38.529 0 0 I CPU4 : Booted secondary processor 0x0000000400 [0x414fd0b0]
05-08 16:18:38.530 3080 3080 I : CPU4 is up
05-08 16:18:38.531 0 0 I : Detected PIPT I-cache on CPU5
05-08 16:18:38.531 0 0 I GICv3 : CPU5: found redistributor 500 region 0:0x00000000fe720000
05-08 16:18:38.531 0 0 I CPU5 : Booted secondary processor 0x0000000500 [0x414fd0b0]
05-08 16:18:38.532 3080 3080 I : CPU5 is up
05-08 16:18:38.533 0 0 I : Detected PIPT I-cache on CPU6
05-08 16:18:38.533 0 0 I GICv3 : CPU6: found redistributor 600 region 0:0x00000000fe740000
05-08 16:18:38.533 0 0 I CPU6 : Booted secondary processor 0x0000000600 [0x414fd0b0]
05-08 16:18:38.534 3080 3080 I : CPU6 is up
05-08 16:18:38.535 0 0 I : Detected PIPT I-cache on CPU7
05-08 16:18:38.535 0 0 I GICv3 : CPU7: found redistributor 700 region 0:0x00000000fe760000
05-08 16:18:38.535 0 0 I CPU7 : Booted secondary processor 0x0000000700 [0x414fd0b0]
05-08 16:18:38.536 3080 3080 I : CPU7 is up
05-08 16:18:38.543 3080 3080 I rk_gmac-dwmac fe1c0000.ethernet: init for RGMII
05-08 16:18:38.543 11610 11610 I usb1 : root hub lost power or was reset
05-08 16:18:38.551 10275 10275 I usb3 : root hub lost power or was reset
05-08 16:18:38.551 10275 10275 I usb4 : root hub lost power or was reset
05-08 16:18:38.552 3080 3080 E PM : dpm_run_callback(): wacom_i2c_resume+0x0/0xdc returns -6
05-08 16:18:38.552 3080 3080 E PM : Device 4-0009 failed to resume: error -6
05-08 16:18:38.615 3080 3080 I usb2 : root hub lost power or was reset
05-08 16:18:39.031 11615 11615 I usb 4-1 : reset SuperSpeed Gen 1 USB device number 2 using xhci-hcd
05-08 16:18:39.053 3080 3080 I : OOM killer enabled.
05-08 16:18:39.053 3080 3080 I : Restarting tasks ... done.
05-08 16:18:39.065 3080 3080 I : Resume caused by IRQ 121, husb311
05-08 16:18:39.065 3080 3080 I PM : suspend exit
05-08 16:18:39.067 10351 10351 I : mmc_host mmc0: Bus speed (slot 0) = 400000Hz (slot req 400000Hz, actual 400000HZ div = 0)
05-08 16:18:39.166 3080 3080 I PM : suspend entry (deep)
05-08 16:18:39.252 10351 10351 I : mmc_host mmc0: Bus speed (slot 0) = 49500000Hz (slot req 50000000Hz, actual 49500000HZ div = 0)
05-08 16:18:39.276 3080 3080 I Filesystems sync: 0.110 seconds
05-08 16:18:39.276 3080 3080 I : Freezing user space processes ... (elapsed 0.010 seconds) done.
05-08 16:18:39.287 3080 3080 I : OOM killer disabled.
05-08 16:18:39.287 3080 3080 I : Freezing remaining freezable tasks ... (elapsed 0.186 seconds) done.
05-08 16:18:39.473 3080 3080 I printk : Suspending console(s) (use no_console_suspend to debug)
05-08 16:18:39.549 3080 3080 E regulator-dummy: Underflow of regulator enable count
05-08 16:18:39.549 3080 3080 E wacom_i2c 4-0009: disable regulator failed -22
05-08 16:18:39.790 3080 3080 I : Disabling non-boot CPUs ...
05-08 16:18:39.791 3080 3080 I psci : CPU1 killed (polled 0 ms)
05-08 16:18:39.793 3080 3080 I psci : CPU2 killed (polled 0 ms)
05-08 16:18:39.794 3080 3080 I psci : CPU3 killed (polled 0 ms)
05-08 16:18:39.796 3080 3080 I psci : CPU4 killed (polled 0 ms)
05-08 16:18:39.798 3080 3080 I psci : CPU5 killed (polled 0 ms)
05-08 16:18:39.799 3080 3080 I psci : CPU6 killed (polled 0 ms)
05-08 16:18:39.800 3080 3080 I psci : CPU7 killed (polled 0 ms)
05-08 16:18:40.039 0 0 W [ C0] PM: pm_system_irq_wakeup: 121 triggered husb311
05-08 16:18:40.040 3080 3080 I : Enabling non-boot CPUs ...
05-08 16:18:40.041 0 0 I : Detected VIPT I-cache on CPU1
05-08 16:18:40.041 0 0 I GICv3 : CPU1: found redistributor 100 region 0:0x00000000fe6a0000
05-08 16:18:40.041 0 0 I CPU1 : Booted secondary processor 0x0000000100 [0x412fd050]
05-08 16:18:40.042 3080 3080 I : CPU1 is up
05-08 16:18:40.043 0 0 I : Detected VIPT I-cache on CPU2
05-08 16:18:40.043 0 0 I GICv3 : CPU2: found redistributor 200 region 0:0x00000000fe6c0000
05-08 16:18:40.043 0 0 I CPU2 : Booted secondary processor 0x0000000200 [0x412fd050]
05-08 16:18:40.043 3080 3080 I : CPU2 is up
05-08 16:18:40.044 0 0 I : Detected VIPT I-cache on CPU3
05-08 16:18:40.044 0 0 I GICv3 : CPU3: found redistributor 300 region 0:0x00000000fe6e0000
05-08 16:18:40.044 0 0 I CPU3 : Booted secondary processor 0x0000000300 [0x412fd050]
05-08 16:18:40.045 3080 3080 I : CPU3 is up
05-08 16:18:40.046 0 0 I : Detected PIPT I-cache on CPU4
05-08 16:18:40.046 0 0 I GICv3 : CPU4: found redistributor 400 region 0:0x00000000fe700000
05-08 16:18:40.046 0 0 I CPU4 : Booted secondary processor 0x0000000400 [0x414fd0b0]
05-08 16:18:40.047 3080 3080 I : CPU4 is up
05-08 16:18:40.048 0 0 I : Detected PIPT I-cache on CPU5
05-08 16:18:40.048 0 0 I GICv3 : CPU5: found redistributor 500 region 0:0x00000000fe720000
05-08 16:18:40.048 0 0 I CPU5 : Booted secondary processor 0x0000000500 [0x414fd0b0]
05-08 16:18:40.049 3080 3080 I : CPU5 is up
05-08 16:18:40.050 0 0 I : Detected PIPT I-cache on CPU6
05-08 16:18:40.050 0 0 I GICv3 : CPU6: found redistributor 600 region 0:0x00000000fe740000
05-08 16:18:40.050 0 0 I CPU6 : Booted secondary processor 0x0000000600 [0x414fd0b0]
05-08 16:18:40.051 3080 3080 I : CPU6 is up
05-08 16:18:40.052 0 0 I : Detected PIPT I-cache on CPU7
05-08 16:18:40.052 0 0 I GICv3 : CPU7: found redistributor 700 region 0:0x00000000fe760000
05-08 16:18:40.052 0 0 I CPU7 : Booted secondary processor 0x0000000700 [0x414fd0b0]
05-08 16:18:40.053 3080 3080 I : CPU7 is up
05-08 16:18:40.060 3080 3080 I rk_gmac-dwmac fe1c0000.ethernet: init for RGMII
05-08 16:18:40.060 8719 8719 I usb1 : root hub lost power or was reset
05-08 16:10:44.130 1267 1267 W ContextImpl: Calling a method in the system process without a qualified user: android.app.ContextImpl.sendBroadcast:1181 android.content.ContextWrapper.sendBroadcast:479 cn.eben.newweather.DateWeatherService.a:19 cn.eben.newweather.DateWeatherService.a:0 cn.eben.newweather.DateWeatherService$1.handleMessage:7
05-08 16:18:40.068 11613 11613 I usb3 : root hub lost power or was reset
05-08 16:18:40.068 11613 11613 I usb4 : root hub lost power or was reset
05-08 16:18:40.069 3080 3080 E PM : dpm_run_callback(): wacom_i2c_resume+0x0/0xdc returns -6
05-08 16:18:40.069 3080 3080 E PM : Device 4-0009 failed to resume: error -6
05-08 16:18:40.130 3080 3080 I usb2 : root hub lost power or was reset
05-08 16:18:40.547 11664 11664 I usb 4-1 : reset SuperSpeed Gen 1 USB device number 2 using xhci-hcd
05-08 16:18:40.567 3080 3080 I : OOM killer enabled.
05-08 16:18:40.567 3080 3080 I : Restarting tasks ... done.
05-08 16:18:40.582 8497 8497 I : mmc_host mmc0: Bus speed (slot 0) = 400000Hz (slot req 400000Hz, actual 400000HZ div = 0)
05-08 16:18:40.583 3080 3080 I : Resume caused by IRQ 121, husb311
05-08 16:18:40.583 3080 3080 I PM : suspend exit
05-08 16:18:40.661 6849 6849 I : read descriptors
05-08 16:18:40.661 6849 6849 I : read strings
05-08 16:18:40.663 1 1 I init : processing action (sys.usb.config=adb && sys.usb.configfs=1 && sys.usb.ffs.ready=1) from (/system/etc/init/hw/init.usb.configfs.rc:20)
05-08 16:18:40.666 1 1 I init : Command 'symlink /config/usb_gadget/g1/functions/ffs.adb /config/usb_gadget/g1/configs/b.1/f1' action=sys.usb.config=adb && sys.usb.configfs=1 && sys.usb.ffs.ready=1 (/system/etc/init/hw/init.usb.configfs.rc:22) took 0ms and failed: symlink() failed: File exists
05-08 16:18:40.667 1 1 I init : Command 'write /config/usb_gadget/g1/UDC ${sys.usb.controller}' action=sys.usb.config=adb && sys.usb.configfs=1 && sys.usb.ffs.ready=1 (/system/etc/init/hw/init.usb.configfs.rc:23) took 0ms and failed: Unable to write to file '/config/usb_gadget/g1/UDC': Unable to write file contents: Device or resource busy
05-08 16:18:40.683 3080 3080 I PM : suspend entry (deep)
05-08 16:18:40.761 8497 8497 I : mmc_host mmc0: Bus speed (slot 0) = 49500000Hz (slot req 50000000Hz, actual 49500000HZ div = 0)
05-08 16:18:40.792 3080 3080 I Filesystems sync: 0.108 seconds
05-08 16:10:45.619 456 485 I RIL : ---> enter mainloop wait at port
05-08 16:10:45.619 456 485 D RIL-DEV : Get modem info
05-08 16:10:45.620 456 485 D RIL-DEV : [05-08_16:10:45:621] idVendor = 1d6b
05-08 16:10:45.620 456 485 D RIL-DEV :
05-08 16:10:45.621 456 485 D RIL-DEV : [05-08_16:10:45:621] idVendor = 1d6b
05-08 16:10:45.621 456 485 D RIL-DEV :
05-08 16:10:45.622 456 485 D RIL-DEV : [05-08_16:10:45:622] idVendor = 1d6b
05-08 16:10:45.622 456 485 D RIL-DEV :
05-08 16:10:45.622 456 485 D RIL-DEV : [05-08_16:10:45:623] idVendor = 0781
05-08 16:10:45.622 456 485 D RIL-DEV :
05-08 16:10:45.622 456 485 D RIL-DEV : [05-08_16:10:45:623] idVendor = 1d6b
05-08 16:10:45.622 456 485 D RIL-DEV :
05-08 16:10:45.623 456 485 E RIL-DEV : Cannot find Meig devices
05-08 16:10:45.623 456 485 I RIL : ---> can't find meig usb devices
05-08 16:18:40.792 3080 3080 I : Freezing user space processes ... (elapsed 0.010 seconds) done.
05-08 16:18:40.803 3080 3080 I : OOM killer disabled.
05-08 16:18:40.803 3080 3080 I : Freezing remaining freezable tasks ... (elapsed 0.187 seconds) done.
05-08 16:18:40.990 3080 3080 I printk : Suspending console(s) (use no_console_suspend to debug)
05-08 16:18:41.064 3080 3080 E regulator-dummy: Underflow of regulator enable count
05-08 16:18:41.064 3080 3080 E wacom_i2c 4-0009: disable regulator failed -22
05-08 16:18:41.309 3080 3080 I : Disabling non-boot CPUs ...
05-08 16:18:41.311 3080 3080 I psci : CPU1 killed (polled 0 ms)
05-08 16:18:41.312 3080 3080 I psci : CPU2 killed (polled 0 ms)
05-08 16:18:41.313 3080 3080 I psci : CPU3 killed (polled 0 ms)
05-08 16:18:41.316 3080 3080 I psci : CPU4 killed (polled 0 ms)
05-08 16:18:41.317 3080 3080 I psci : CPU5 killed (polled 0 ms)
05-08 16:18:41.319 3080 3080 I psci : CPU6 killed (polled 0 ms)
05-08 16:18:41.320 3080 3080 I psci : CPU7 killed (polled 0 ms)
05-08 16:18:41.533 0 0 W [ C0] PM: pm_system_irq_wakeup: 121 triggered husb311
05-08 16:18:41.533 3080 3080 I : Enabling non-boot CPUs ...
05-08 16:18:41.534 0 0 I : Detected VIPT I-cache on CPU1
05-08 16:18:41.534 0 0 I GICv3 : CPU1: found redistributor 100 region 0:0x00000000fe6a0000
05-08 16:18:41.534 0 0 I CPU1 : Booted secondary processor 0x0000000100 [0x412fd050]
05-08 16:18:41.535 3080 3080 I : CPU1 is up
05-08 16:18:41.536 0 0 I : Detected VIPT I-cache on CPU2
05-08 16:18:41.536 0 0 I GICv3 : CPU2: found redistributor 200 region 0:0x00000000fe6c0000
05-08 16:18:41.536 0 0 I CPU2 : Booted secondary processor 0x0000000200 [0x412fd050]
05-08 16:18:41.536 3080 3080 I : CPU2 is up
05-08 16:18:41.537 0 0 I : Detected VIPT I-cache on CPU3
05-08 16:18:41.537 0 0 I GICv3 : CPU3: found redistributor 300 region 0:0x00000000fe6e0000
05-08 16:18:41.537 0 0 I CPU3 : Booted secondary processor 0x0000000300 [0x412fd050]
05-08 16:18:41.538 3080 3080 I : CPU3 is up
05-08 16:18:41.539 0 0 I : Detected PIPT I-cache on CPU4
05-08 16:18:41.539 0 0 I GICv3 : CPU4: found redistributor 400 region 0:0x00000000fe700000
05-08 16:18:41.539 0 0 I CPU4 : Booted secondary processor 0x0000000400 [0x414fd0b0]
05-08 16:10:45.626 1267 1267 W ContextImpl: Calling a method in the system process without a qualified user: android.app.ContextImpl.sendBroadcast:1181 android.content.ContextWrapper.sendBroadcast:479 cn.eben.newweather.DateWeatherService.a:19 cn.eben.newweather.DateWeatherService.a:0 cn.eben.newweather.DateWeatherService$1.handleMessage:7
05-08 16:18:41.540 3080 3080 I : CPU4 is up
05-08 16:18:41.541 0 0 I : Detected PIPT I-cache on CPU5
05-08 16:18:41.541 0 0 I GICv3 : CPU5: found redistributor 500 region 0:0x00000000fe720000
05-08 16:18:41.541 0 0 I CPU5 : Booted secondary processor 0x0000000500 [0x414fd0b0]
05-08 16:18:41.542 3080 3080 I : CPU5 is up
05-08 16:18:41.543 0 0 I : Detected PIPT I-cache on CPU6
05-08 16:18:41.543 0 0 I GICv3 : CPU6: found redistributor 600 region 0:0x00000000fe740000
05-08 16:18:41.543 0 0 I CPU6 : Booted secondary processor 0x0000000600 [0x414fd0b0]
05-08 16:18:41.544 3080 3080 I : CPU6 is up
05-08 16:18:41.545 0 0 I : Detected PIPT I-cache on CPU7
05-08 16:18:41.545 0 0 I GICv3 : CPU7: found redistributor 700 region 0:0x00000000fe760000
05-08 16:18:41.545 0 0 I CPU7 : Booted secondary processor 0x0000000700 [0x414fd0b0]
05-08 16:18:41.547 3080 3080 I : CPU7 is up
05-08 16:18:41.553 3080 3080 I rk_gmac-dwmac fe1c0000.ethernet: init for RGMII
05-08 16:18:41.553 11522 11522 I usb1 : root hub lost power or was reset
05-08 16:18:41.561 11608 11608 I usb3 : root hub lost power or was reset
05-08 16:18:41.561 11608 11608 I usb4 : root hub lost power or was reset
05-08 16:18:41.564 3080 3080 E PM : dpm_run_callback(): wacom_i2c_resume+0x0/0xdc returns -6
05-08 16:18:41.564 3080 3080 E PM : Device 4-0009 failed to resume: error -6
05-08 16:18:41.626 3080 3080 I usb2 : root hub lost power or was reset
05-08 16:18:42.042 11604 11604 I usb 4-1 : reset SuperSpeed Gen 1 USB device number 2 using xhci-hcd
05-08 16:18:42.062 3080 3080 I : OOM killer enabled.
05-08 16:18:42.062 3080 3080 I : Restarting tasks ... done.
05-08 16:18:42.078 10351 10351 I : mmc_host mmc0: Bus speed (slot 0) = 400000Hz (slot req 400000Hz, actual 400000HZ div = 0)
05-08 16:18:42.078 3080 3080 I : Resume caused by IRQ 121, husb311
05-08 16:18:42.078 3080 3080 I PM : suspend exit
05-08 16:18:42.179 3080 3080 I PM : suspend entry (deep)
05-08 16:18:42.260 10351 10351 I : mmc_host mmc0: Bus speed (slot 0) = 49500000Hz (slot req 50000000Hz, actual 49500000HZ div = 0)
05-08 16:18:42.290 3080 3080 I Filesystems sync: 0.110 seconds
05-08 16:18:42.290 3080 3080 I : Freezing user space processes ... (elapsed 0.010 seconds) done.
05-08 16:18:42.300 3080 3080 I : OOM killer disabled.
05-08 16:18:42.300 3080 3080 I : Freezing remaining freezable tasks ... (elapsed 0.189 seconds) done.
05-08 16:18:42.490 3080 3080 I printk : Suspending console(s) (use no_console_suspend to debug)
05-08 16:18:42.564 3080 3080 E regulator-dummy: Underflow of regulator enable count
05-08 16:18:42.564 3080 3080 E wacom_i2c 4-0009: disable regulator failed -22
05-08 16:18:42.801 3080 3080 I : Disabling non-boot CPUs ...
05-08 16:18:42.802 3080 3080 I psci : CPU1 killed (polled 0 ms)
05-08 16:18:42.804 3080 3080 I psci : CPU2 killed (polled 0 ms)
05-08 16:18:42.805 3080 3080 I psci : CPU3 killed (polled 0 ms)
05-08 16:18:42.807 3080 3080 I psci : CPU4 killed (polled 0 ms)
05-08 16:18:42.809 3080 3080 I psci : CPU5 killed (polled 0 ms)
05-08 16:18:42.810 3080 3080 I psci : CPU6 killed (polled 0 ms)
05-08 16:18:42.812 3080 3080 I psci : CPU7 killed (polled 4 ms)
05-08 16:18:43.051 0 0 W [ C0] PM: pm_system_irq_wakeup: 121 triggered husb311
05-08 16:18:43.051 3080 3080 I : Enabling non-boot CPUs ...
05-08 16:18:43.052 0 0 I : Detected VIPT I-cache on CPU1
05-08 16:18:43.052 0 0 I GICv3 : CPU1: found redistributor 100 region 0:0x00000000fe6a0000
05-08 16:18:43.052 0 0 I CPU1 : Booted secondary processor 0x0000000100 [0x412fd050]
05-08 16:18:43.053 3080 3080 I : CPU1 is up
05-08 16:18:43.054 0 0 I : Detected VIPT I-cache on CPU2
05-08 16:18:43.054 0 0 I GICv3 : CPU2: found redistributor 200 region 0:0x00000000fe6c0000
05-08 16:18:43.054 0 0 I CPU2 : Booted secondary processor 0x0000000200 [0x412fd050]
05-08 16:18:43.055 3080 3080 I : CPU2 is up
05-08 16:18:43.055 0 0 I : Detected VIPT I-cache on CPU3
05-08 16:18:43.056 0 0 I GICv3 : CPU3: found redistributor 300 region 0:0x00000000fe6e0000
05-08 16:18:43.056 0 0 I CPU3 : Booted secondary processor 0x0000000300 [0x412fd050]
05-08 16:18:43.056 3080 3080 I : CPU3 is up
05-08 16:18:43.057 0 0 I : Detected PIPT I-cache on CPU4
05-08 16:18:43.057 0 0 I GICv3 : CPU4: found redistributor 400 region 0:0x00000000fe700000
05-08 16:18:43.057 0 0 I CPU4 : Booted secondary processor 0x0000000400 [0x414fd0b0]
05-08 16:18:43.058 3080 3080 I : CPU4 is up
05-08 16:18:43.059 0 0 I : Detected PIPT I-cache on CPU5
05-08 16:18:43.059 0 0 I GICv3 : CPU5: found redistributor 500 region 0:0x00000000fe720000
05-08 16:18:43.059 0 0 I CPU5 : Booted secondary processor 0x0000000500 [0x414fd0b0]
05-08 16:18:43.060 3080 3080 I : CPU5 is up
05-08 16:18:43.061 0 0 I : Detected PIPT I-cache on CPU6
05-08 16:18:43.061 0 0 I GICv3 : CPU6: found redistributor 600 region 0:0x00000000fe740000
05-08 16:18:43.061 0 0 I CPU6 : Booted secondary processor 0x0000000600 [0x414fd0b0]
05-08 16:18:43.063 3080 3080 I : CPU6 is up
05-08 16:18:43.064 0 0 I : Detected PIPT I-cache on CPU7
05-08 16:10:47.139 1267 1267 W ContextImpl: Calling a method in the system process without a qualified user: android.app.ContextImpl.sendBroadcast:1181 android.content.ContextWrapper.sendBroadcast:479 cn.eben.newweather.DateWeatherService.a:19 cn.eben.newweather.DateWeatherService.a:0 cn.eben.newweather.DateWeatherService$1.handleMessage:7
05-08 16:18:43.064 0 0 I GICv3 : CPU7: found redistributor 700 region 0:0x00000000fe760000
05-08 16:18:43.064 0 0 I CPU7 : Booted secondary processor 0x0000000700 [0x414fd0b0]
05-08 16:18:43.065 3080 3080 I : CPU7 is up
05-08 16:18:43.071 3080 3080 I rk_gmac-dwmac fe1c0000.ethernet: init for RGMII
05-08 16:18:43.071 11664 11664 I usb1 : root hub lost power or was reset
05-08 16:18:43.079 11602 11602 I usb3 : root hub lost power or was reset
05-08 16:18:43.079 11602 11602 I usb4 : root hub lost power or was reset
05-08 16:18:43.080 3080 3080 E PM : dpm_run_callback(): wacom_i2c_resume+0x0/0xdc returns -6
05-08 16:18:43.080 3080 3080 E PM : Device 4-0009 failed to resume: error -6
05-08 16:18:43.141 3080 3080 I usb2 : root hub lost power or was reset
05-08 16:18:43.558 11607 11607 I usb 4-1 : reset SuperSpeed Gen 1 USB device number 2 using xhci-hcd
05-08 16:18:43.578 3080 3080 I : OOM killer enabled.
05-08 16:18:43.578 3080 3080 I : Restarting tasks ... done.
05-08 16:18:43.592 3080 3080 I : Resume caused by IRQ 121, husb311
05-08 16:18:43.593 8497 8497 I : mmc_host mmc0: Bus speed (slot 0) = 400000Hz (slot req 400000Hz, actual 400000HZ div = 0)
05-08 16:18:43.593 3080 3080 I PM : suspend exit
05-08 16:18:43.694 3080 3080 I PM : suspend entry (deep)
05-08 16:18:43.772 8497 8497 I : mmc_host mmc0: Bus speed (slot 0) = 49500000Hz (slot req 50000000Hz, actual 49500000HZ div = 0)
05-08 16:10:48.635 1267 1267 W ContextImpl: Calling a method in the system process without a qualified user: android.app.ContextImpl.sendBroadcast:1181 android.content.ContextWrapper.sendBroadcast:479 cn.eben.newweather.DateWeatherService.a:19 cn.eben.newweather.DateWeatherService.a:0 cn.eben.newweather.DateWeatherService$1.handleMessage:7
05-08 16:18:43.805 3080 3080 I Filesystems sync: 0.111 seconds
05-08 16:18:43.805 3080 3080 I : Freezing user space processes ... (elapsed 0.010 seconds) done.
05-08 16:18:43.816 3080 3080 I : OOM killer disabled.
05-08 16:18:43.816 3080 3080 I : Freezing remaining freezable tasks ... (elapsed 0.183 seconds) done.
05-08 16:18:44.000 3080 3080 I printk : Suspending console(s) (use no_console_suspend to debug)
05-08 16:18:44.074 3080 3080 E regulator-dummy: Underflow of regulator enable count
05-08 16:18:44.074 3080 3080 E wacom_i2c 4-0009: disable regulator failed -22
05-08 16:18:44.320 3080 3080 I : Disabling non-boot CPUs ...
05-08 16:18:44.321 3080 3080 I psci : CPU1 killed (polled 0 ms)
05-08 16:18:44.323 3080 3080 I psci : CPU2 killed (polled 0 ms)
05-08 16:18:44.324 3080 3080 I psci : CPU3 killed (polled 0 ms)
05-08 16:18:44.326 3080 3080 I psci : CPU4 killed (polled 0 ms)
05-08 16:18:44.328 3080 3080 I psci : CPU5 killed (polled 0 ms)
05-08 16:10:48.640 615 615 W Looper : Drained
05-08 16:18:44.330 3080 3080 I psci : CPU6 killed (polled 0 ms)
05-08 16:18:44.332 3080 3080 I psci : CPU7 killed (polled 0 ms)
05-08 16:18:44.544 0 0 W [ C0] PM: pm_system_irq_wakeup: 121 triggered husb311
05-08 16:18:44.544 3080 3080 I : Enabling non-boot CPUs ...
05-08 16:10:48.641 456 485 I RIL : ---> enter mainloop wait at port
05-08 16:10:48.641 456 485 D RIL-DEV : Get modem info
05-08 16:18:44.545 0 0 I : Detected VIPT I-cache on CPU1
05-08 16:18:44.545 0 0 I GICv3 : CPU1: found redistributor 100 region 0:0x00000000fe6a0000
05-08 16:18:44.546 0 0 I CPU1 : Booted secondary processor 0x0000000100 [0x412fd050]
05-08 16:18:44.546 3080 3080 I : CPU1 is up
05-08 16:18:44.547 0 0 I : Detected VIPT I-cache on CPU2
05-08 16:18:44.547 0 0 I GICv3 : CPU2: found redistributor 200 region 0:0x00000000fe6c0000
05-08 16:18:44.547 0 0 I CPU2 : Booted secondary processor 0x0000000200 [0x412fd050]
05-08 16:18:44.548 3080 3080 I : CPU2 is up
05-08 16:18:44.549 0 0 I : Detected VIPT I-cache on CPU3
05-08 16:18:44.549 0 0 I GICv3 : CPU3: found redistributor 300 region 0:0x00000000fe6e0000
05-08 16:18:44.549 0 0 I CPU3 : Booted secondary processor 0x0000000300 [0x412fd050]
05-08 16:18:44.549 3080 3080 I : CPU3 is up
05-08 16:18:44.550 0 0 I : Detected PIPT I-cache on CPU4
05-08 16:18:44.550 0 0 I GICv3 : CPU4: found redistributor 400 region 0:0x00000000fe700000
05-08 16:18:44.550 0 0 I CPU4 : Booted secondary processor 0x0000000400 [0x414fd0b0]
05-08 16:18:44.552 3080 3080 I : CPU4 is up
05-08 16:18:44.553 0 0 I : Detected PIPT I-cache on CPU5
05-08 16:18:44.553 0 0 I GICv3 : CPU5: found redistributor 500 region 0:0x00000000fe720000
05-08 16:18:44.553 0 0 I CPU5 : Booted secondary processor 0x0000000500 [0x414fd0b0]
05-08 16:18:44.554 3080 3080 I : CPU5 is up
05-08 16:18:44.555 0 0 I : Detected PIPT I-cache on CPU6
05-08 16:10:48.641 456 485 D RIL-DEV : [05-08_16:10:48:642] idVendor = 1d6b
05-08 16:10:48.641 456 485 D RIL-DEV :
05-08 16:10:48.641 456 485 D RIL-DEV : [05-08_16:10:48:642] idVendor = 1d6b
05-08 16:10:48.641 456 485 D RIL-DEV :
05-08 16:10:48.642 456 485 D RIL-DEV : [05-08_16:10:48:642] idVendor = 1d6b
05-08 16:10:48.642 456 485 D RIL-DEV :
05-08 16:10:48.642 456 485 D RIL-DEV : [05-08_16:10:48:642] idVendor = 0781
05-08 16:10:48.642 456 485 D RIL-DEV :
05-08 16:10:48.642 456 485 D RIL-DEV : [05-08_16:10:48:642] idVendor = 1d6b
05-08 16:10:48.642 456 485 D RIL-DEV :
05-08 16:10:48.642 456 485 E RIL-DEV : Cannot find Meig devices
05-08 16:10:48.642 456 485 I RIL : ---> can't find meig usb devices
05-08 16:18:44.555 0 0 I GICv3 : CPU6: found redistributor 600 region 0:0x00000000fe740000
05-08 16:18:44.555 0 0 I CPU6 : Booted secondary processor 0x0000000600 [0x414fd0b0]
05-08 16:18:44.556 3080 3080 I : CPU6 is up
05-08 16:18:44.557 0 0 I : Detected PIPT I-cache on CPU7
05-08 16:18:44.557 0 0 I GICv3 : CPU7: found redistributor 700 region 0:0x00000000fe760000
05-08 16:18:44.557 0 0 I CPU7 : Booted secondary processor 0x0000000700 [0x414fd0b0]
05-08 16:18:44.558 3080 3080 I : CPU7 is up
05-08 16:18:44.564 3080 3080 I rk_gmac-dwmac fe1c0000.ethernet: init for RGMII
05-08 16:18:44.565 11609 11609 I usb1 : root hub lost power or was reset
05-08 16:18:44.572 11607 11607 I usb3 : root hub lost power or was reset
05-08 16:18:44.572 11607 11607 I usb4 : root hub lost power or was reset
05-08 16:18:44.575 3080 3080 E PM : dpm_run_callback(): wacom_i2c_resume+0x0/0xdc returns -6
05-08 16:18:44.575 3080 3080 E PM : Device 4-0009 failed to resume: error -6
05-08 16:18:44.636 3080 3080 I usb2 : root hub lost power or was reset
05-08 16:18:45.053 11614 11614 I usb 4-1 : reset SuperSpeed Gen 1 USB device number 2 using xhci-hcd
05-08 16:18:45.076 3080 3080 I : OOM killer enabled.
05-08 16:18:45.076 3080 3080 I : Restarting tasks ... done.
05-08 16:18:45.093 10970 10970 I : mmc_host mmc0: Bus speed (slot 0) = 400000Hz (slot req 400000Hz, actual 400000HZ div = 0)
05-08 16:18:45.093 3080 3080 I : Resume caused by IRQ 121, husb311
05-08 16:18:45.093 3080 3080 I PM : suspend exit
05-08 16:18:45.194 3080 3080 I PM : suspend entry (deep)
05-08 16:18:45.275 10970 10970 I : mmc_host mmc0: Bus speed (slot 0) = 49500000Hz (slot req 50000000Hz, actual 49500000HZ div = 0)
05-08 16:18:45.306 3080 3080 I Filesystems sync: 0.112 seconds
05-08 16:18:45.307 3080 3080 I : Freezing user space processes ... (elapsed 0.010 seconds) done.
05-08 16:18:45.317 3080 3080 I : OOM killer disabled.
05-08 16:18:45.317 3080 3080 I : Freezing remaining freezable tasks ... (elapsed 0.180 seconds) done.
05-08 16:18:45.497 3080 3080 I printk : Suspending console(s) (use no_console_suspend to debug)
05-08 16:18:45.572 3080 3080 E regulator-dummy: Underflow of regulator enable count
05-08 16:18:45.572 3080 3080 E wacom_i2c 4-0009: disable regulator failed -22
05-08 16:18:45.813 3080 3080 I : Disabling non-boot CPUs ...
05-08 16:18:45.814 3080 3080 I psci : CPU1 killed (polled 0 ms)
05-08 16:18:45.816 3080 3080 I psci : CPU2 killed (polled 0 ms)
05-08 16:18:45.817 3080 3080 I psci : CPU3 killed (polled 0 ms)
05-08 16:18:45.819 3080 3080 I psci : CPU4 killed (polled 4 ms)
05-08 16:18:45.821 3080 3080 I psci : CPU5 killed (polled 0 ms)
05-08 16:18:45.824 3080 3080 I psci : CPU6 killed (polled 0 ms)
05-08 16:18:45.825 3080 3080 I psci : CPU7 killed (polled 0 ms)
05-08 16:18:46.064 0 0 W [ C0] PM: pm_system_irq_wakeup: 121 triggered husb311
05-08 16:18:46.065 3080 3080 I : Enabling non-boot CPUs ...
05-08 16:18:46.066 0 0 I : Detected VIPT I-cache on CPU1
05-08 16:18:46.066 0 0 I GICv3 : CPU1: found redistributor 100 region 0:0x00000000fe6a0000
05-08 16:18:46.066 0 0 I CPU1 : Booted secondary processor 0x0000000100 [0x412fd050]
05-08 16:18:46.066 3080 3080 I : CPU1 is up
05-08 16:18:46.067 0 0 I : Detected VIPT I-cache on CPU2
05-08 16:18:46.067 0 0 I GICv3 : CPU2: found redistributor 200 region 0:0x00000000fe6c0000
05-08 16:18:46.067 0 0 I CPU2 : Booted secondary processor 0x0000000200 [0x412fd050]
05-08 16:18:46.068 3080 3080 I : CPU2 is up
05-08 16:18:46.069 0 0 I : Detected VIPT I-cache on CPU3
05-08 16:18:46.069 0 0 I GICv3 : CPU3: found redistributor 300 region 0:0x00000000fe6e0000
05-08 16:18:46.069 0 0 I CPU3 : Booted secondary processor 0x0000000300 [0x412fd050]
05-08 16:18:46.070 3080 3080 I : CPU3 is up
05-08 16:18:46.070 0 0 I : Detected PIPT I-cache on CPU4
05-08 16:18:46.070 0 0 I GICv3 : CPU4: found redistributor 400 region 0:0x00000000fe700000
05-08 16:18:46.071 0 0 I CPU4 : Booted secondary processor 0x0000000400 [0x414fd0b0]
05-08 16:18:46.072 3080 3080 I : CPU4 is up
05-08 16:18:46.073 0 0 I : Detected PIPT I-cache on CPU5
05-08 16:18:46.073 0 0 I GICv3 : CPU5: found redistributor 500 region 0:0x00000000fe720000
05-08 16:18:46.073 0 0 I CPU5 : Booted secondary processor 0x0000000500 [0x414fd0b0]
05-08 16:18:46.074 3080 3080 I : CPU5 is up
05-08 16:18:46.075 0 0 I : Detected PIPT I-cache on CPU6
05-08 16:18:46.075 0 0 I GICv3 : CPU6: found redistributor 600 region 0:0x00000000fe740000
05-08 16:18:46.075 0 0 I CPU6 : Booted secondary processor 0x0000000600 [0x414fd0b0]
05-08 16:18:46.076 3080 3080 I : CPU6 is up
05-08 16:18:46.077 0 0 I : Detected PIPT I-cache on CPU7
05-08 16:18:46.077 0 0 I GICv3 : CPU7: found redistributor 700 region 0:0x00000000fe760000
05-08 16:18:46.077 0 0 I CPU7 : Booted secondary processor 0x0000000700 [0x414fd0b0]
05-08 16:18:46.078 3080 3080 I : CPU7 is up
05-08 16:18:46.084 3080 3080 I rk_gmac-dwmac fe1c0000.ethernet: init for RGMII
05-08 16:18:46.084 8719 8719 I usb1 : root hub lost power or was reset
05-08 16:18:46.091 11615 11615 I usb3 : root hub lost power or was reset
05-08 16:18:46.091 11615 11615 I usb4 : root hub lost power or was reset
05-08 16:18:46.093 3080 3080 E PM : dpm_run_callback(): wacom_i2c_resume+0x0/0xdc returns -6
05-08 16:18:46.093 3080 3080 E PM : Device 4-0009 failed to resume: error -6
05-08 16:18:46.156 3080 3080 I usb2 : root hub lost power or was reset
05-08 16:18:46.572 10275 10275 I usb 4-1 : reset SuperSpeed Gen 1 USB device number 2 using xhci-hcd
05-08 16:18:46.594 3080 3080 I : OOM killer enabled.
05-08 16:10:50.154 1267 1267 W ContextImpl: Calling a method in the system process without a qualified user: android.app.ContextImpl.sendBroadcast:1181 android.content.ContextWrapper.sendBroadcast:479 cn.eben.newweather.DateWeatherService.a:19 cn.eben.newweather.DateWeatherService.a:0 cn.eben.newweather.DateWeatherService$1.handleMessage:7
05-08 16:18:46.594 3080 3080 I : Restarting tasks ... done.
05-08 16:18:46.606 10351 10351 I : mmc_host mmc0: Bus speed (slot 0) = 400000Hz (slot req 400000Hz, actual 400000HZ div = 0)
05-08 16:18:46.607 3080 3080 I : Resume caused by IRQ 121, husb311
05-08 16:18:46.607 3080 3080 I PM : suspend exit
05-08 16:18:46.708 3080 3080 I PM : suspend entry (deep)
05-08 16:18:46.790 10351 10351 I : mmc_host mmc0: Bus speed (slot 0) = 49500000Hz (slot req 50000000Hz, actual 49500000HZ div = 0)
05-08 16:18:46.821 3080 3080 I Filesystems sync: 0.113 seconds
05-08 16:18:46.821 3080 3080 I : Freezing user space processes ...
05-08 16:18:46.829 3080 3080 I PM : PM: Pending Wakeup Sources: event2
05-08 16:18:46.829 3080 3080 E : Freezing of tasks aborted after 0.007 seconds
05-08 16:18:46.829 3080 3080 I : OOM killer enabled.
05-08 16:10:50.384 615 701 I PowerManagerService: Powering on display group fromAsleep (groupId=0, uid=1000, reason=WAKE_REASON_POWER_BUTTON, details=android.policy:POWER)...
05-08 16:10:50.384 615 701 I PowerManagerService: Waking up from Asleep (uid=1000, reason=WAKE_REASON_POWER_BUTTON, details=android.policy:POWER)...
05-08 16:18:46.829 3080 3080 I : Restarting tasks ... done.
05-08 16:18:46.833 3080 3080 I Abort : Pending Wakeup Sources: event2
05-08 16:18:46.833 3080 3080 I PM : suspend exit
05-08 16:10:50.389 615 657 I DisplayPowerController[0]: Blocking screen on until initial contents have been drawn.
05-08 16:10:50.413 615 657 V DisplayPowerController[0]: Brightness [0.3439468] reason changing to: 'manual', previous reason: 'screen_off'.
05-08 16:18:46.842 460 460 I light_ltrx1303 5-0053: set sensor poll time to 200ms
05-08 16:18:46.862 460 460 I light_ltrx1303 5-0053: sensor on: starting poll sensor data 196ms
05-08 16:18:46.863 460 460 I gsensor_mxc6655 5-0015: set sensor poll time to 200ms
05-08 16:18:46.865 460 460 I gsensor_mxc6655 5-0015: sensor on: starting poll sensor data 196ms
05-08 16:18:46.865 6849 6849 I : read descriptors
05-08 16:18:46.865 6849 6849 I : read strings
05-08 16:18:46.870 1 1 I init : processing action (sys.usb.config=adb && sys.usb.configfs=1 && sys.usb.ffs.ready=1) from (/system/etc/init/hw/init.usb.configfs.rc:20)
05-08 16:18:46.871 1 1 I init : Command 'symlink /config/usb_gadget/g1/functions/ffs.adb /config/usb_gadget/g1/configs/b.1/f1' action=sys.usb.config=adb && sys.usb.configfs=1 && sys.usb.ffs.ready=1 (/system/etc/init/hw/init.usb.configfs.rc:22) took 0ms and failed: symlink() failed: File exists
05-08 16:18:46.872 1 1 I init : Command 'write /config/usb_gadget/g1/UDC ${sys.usb.controller}' action=sys.usb.config=adb && sys.usb.configfs=1 && sys.usb.ffs.ready=1 (/system/etc/init/hw/init.usb.configfs.rc:23) took 0ms and failed: Unable to write to file '/config/usb_gadget/g1/UDC': Unable to write file contents: Device or resource busy
05-08 16:10:50.414 615 636 I DisplayDeviceRepository: Display device changed state: "内置屏幕", ON
05-08 16:10:50.426 975 975 D RILJ : [0216]> SEND_DEVICE_STATE 2:false [PHONE0]
05-08 16:10:50.427 456 456 D RILC : sendDeviceState: calling screen state 1
05-08 16:10:50.427 456 456 D RIL : onRequest number : 61
05-08 16:10:50.427 456 456 D RIL : onRequest: SCREEN_STATE
05-08 16:10:50.427 456 456 D RIL : onRequest in unavalable state
05-08 16:10:50.427 975 1118 D RILJ : [0216]< SEND_DEVICE_STATE error 1 [PHONE0]
05-08 16:10:50.427 975 1118 D RilRequest: [0216]< SEND_DEVICE_STATE error: com.android.internal.telephony.CommandException: RADIO_NOT_AVAILABLE ret= result=null
05-08 16:10:50.429 975 975 D RILJ : [0217]> SET_UNSOLICITED_RESPONSE_FILTER 127 [PHONE0]
05-08 16:10:50.430 975 1118 D RILJ : [0217]< SET_UNSOLICITED_RESPONSE_FILTER error 6 [PHONE0]
05-08 16:10:50.430 975 1118 D RilRequest: [0217]< SET_UNSOLICITED_RESPONSE_FILTER error: com.android.internal.telephony.CommandException: REQUEST_NOT_SUPPORTED ret= result=null
05-08 16:10:50.433 975 975 E RILJ : setSignalStrengthReportingCriteria ignored on IRadio version less than 1.2 [PHONE0]
05-08 16:10:50.433 975 975 E RILJ : setSignalStrengthReportingCriteria ignored on IRadio version less than 1.2 [PHONE0]
05-08 16:10:50.433 975 975 E RILJ : setSignalStrengthReportingCriteria ignored on IRadio version less than 1.2 [PHONE0]
05-08 16:10:50.433 975 975 D NetworkTypeController: [0] LegacyState: process EVENT_PHYSICAL_CHANNEL_CONFIG_NOTIF_CHANGED
05-08 16:10:50.433 975 975 D NetworkTypeController: [0] Remove all timers
05-08 16:10:50.433 975 975 D NetworkTypeController: [0] DefaultState: process EVENT_PHYSICAL_CHANNEL_CONFIG_NOTIF_CHANGED
05-08 16:10:50.433 975 975 D NetworkTypeController: [0] mIsPhysicalChannelConfigOn changed to: true
05-08 16:18:50.702 431 431 W healthd : battery l=44 v=7594 t=32.5 h=1 st=3 c=0 fc=9700000 cc=6 chg=
05-08 16:18:50.708 343 343 W : <<-GTP-ERROR->> I2C Read: 0x8047, 1 bytes failed, errcode: -6! Process reset.
05-08 16:18:50.772 460 460 I gsensor_mxc6655 5-0015: set sensor poll time to 66ms
05-08 16:10:50.510 615 657 I DisplayPowerController[0]: Unblocked screen on after 121 ms
05-08 16:18:50.807 343 343 W : <<-GTP-ERROR->> GTP i2c test failed time 1.
05-08 16:10:50.881 456 485 I RIL : ---> enter mainloop wait at port
05-08 16:10:50.882 456 485 D RIL-DEV : Get modem info
05-08 16:10:50.882 456 485 D RIL-DEV : [05-08_16:10:50:883] idVendor = 1d6b
05-08 16:10:50.882 456 485 D RIL-DEV :
05-08 16:10:50.882 456 485 D RIL-DEV : [05-08_16:10:50:883] idVendor = 1d6b
05-08 16:10:50.882 456 485 D RIL-DEV :
05-08 16:10:50.883 456 485 D RIL-DEV : [05-08_16:10:50:883] idVendor = 1d6b
05-08 16:10:50.883 456 485 D RIL-DEV :
05-08 16:10:50.883 456 485 D RIL-DEV : [05-08_16:10:50:883] idVendor = 0781
05-08 16:10:50.883 456 485 D RIL-DEV :
05-08 16:10:50.883 456 485 D RIL-DEV : [05-08_16:10:50:884] idVendor = 1d6b
05-08 16:10:50.883 456 485 D RIL-DEV :
05-08 16:10:50.884 456 485 E RIL-DEV : Cannot find Meig devices
05-08 16:10:50.884 456 485 I RIL : ---> can't find meig usb devices
05-08 16:10:51.002 1267 1267 W ContextImpl: Calling a method in the system process without a qualified user: android.app.ContextImpl.sendBroadcast:1181 android.content.ContextWrapper.sendBroadcast:479 cn.eben.newweather.DateWeatherService.a:19 cn.eben.newweather.DateWeatherService.a:0 cn.eben.newweather.DateWeatherService$1.handleMessage:7
05-08 16:10:51.123 615 657 V DisplayPowerController[0]: Brightness [0.062992126] reason changing to: 'automatic', previous reason: 'manual'.
05-08 16:18:51.388 343 343 I rockchip-vop2 fdd90000.vop: [drm:vop2_crtc_atomic_enable] Update mode to 1536x2048p55, type: 16(if:60) for vp2 dclk: 192000000
05-08 16:18:51.389 343 343 I rockchip-vop2 fdd90000.vop: [drm:vop2_crtc_atomic_enable] dclk_out2 div: 2 dclk_core2 div: 1
05-08 16:18:51.389 343 343 I rockchip-vop2 fdd90000.vop: [drm:vop2_crtc_atomic_enable] set dclk_vop2 to 96000000, get 96000000
05-08 16:10:51.130 615 615 W Looper : Slow dispatch took 703ms main h=android.app.ActivityThread$H c=android.app.LoadedApk$ReceiverDispatcher$Args$$ExternalSyntheticLambda0@60fce1b m=0
05-08 16:10:51.131 615 615 W Looper : Slow delivery took 700ms main h=com.android.server.power.Notifier$NotifierHandler c=null m=7
05-08 16:10:51.131 615 615 D WindowManager: powerPress: eventTime=5012762 interactive=true count=0 beganFromNonInteractive=true mShortPressOnPowerBehavior=1
05-08 16:10:51.131 615 615 W Looper : Drained
05-08 16:10:51.145 975 975 D DCT-C-0 : screen on
05-08 16:10:51.145 975 975 D DCT-C-0 : stopNetStatPoll
05-08 16:10:51.149 1472 1472 W ContextImpl: Calling a method in the system process without a qualified user: android.app.ContextImpl.sendBroadcast:1181 android.content.ContextWrapper.sendBroadcast:479 com.eben.eguard.service.EGuardService$1.handleMessage:73 android.os.Handler.dispatchMessage:106 android.os.Looper.loopOnce:201
05-08 16:10:51.156 615 642 I DropBoxManagerService: add tag=system_server_wtf isTagEnabled=true flags=0x2
05-08 16:18:51.718 6849 6849 I : read descriptors
05-08 16:18:51.718 6849 6849 I : read strings
05-08 16:18:51.720 1 1 I init : processing action (sys.usb.config=adb && sys.usb.configfs=1 && sys.usb.ffs.ready=1) from (/system/etc/init/hw/init.usb.configfs.rc:20)
05-08 16:18:51.722 1 1 I init : Command 'symlink /config/usb_gadget/g1/functions/ffs.adb /config/usb_gadget/g1/configs/b.1/f1' action=sys.usb.config=adb && sys.usb.configfs=1 && sys.usb.ffs.ready=1 (/system/etc/init/hw/init.usb.configfs.rc:22) took 0ms and failed: symlink() failed: File exists
05-08 16:18:51.722 1 1 I init : Command 'write /config/usb_gadget/g1/UDC ${sys.usb.controller}' action=sys.usb.config=adb && sys.usb.configfs=1 && sys.usb.ffs.ready=1 (/system/etc/init/hw/init.usb.configfs.rc:23) took 0ms and failed: Unable to write to file '/config/usb_gadget/g1/UDC': Unable to write file contents: Device or resource busy
05-08 16:10:51.638 615 657 W PowerManagerService: Screen on took 1304 ms
05-08 16:18:51.897 343 343 I dw-mipi-dsi2 fde20000.dsi: [drm:dw_mipi_dsi2_encoder_enable] final DSI-Link bandwidth: 639999 x 8 Kbps
05-08 16:10:52.002 1267 1267 W ContextImpl: Calling a method in the system process without a qualified user: android.app.ContextImpl.sendBroadcast:1181 android.content.ContextWrapper.sendBroadcast:479 cn.eben.newweather.DateWeatherService.a:19 cn.eben.newweather.DateWeatherService.a:0 cn.eben.newweather.DateWeatherService$1.handleMessage:7
05-08 16:18:52.764 6849 6849 I : read descriptors
05-08 16:18:52.764 6849 6849 I : read strings
05-08 16:18:52.767 1 1 I init : processing action (sys.usb.config=adb && sys.usb.configfs=1 && sys.usb.ffs.ready=1) from (/system/etc/init/hw/init.usb.configfs.rc:20)
05-08 16:18:52.769 1 1 I init : Command 'symlink /config/usb_gadget/g1/functions/ffs.adb /config/usb_gadget/g1/configs/b.1/f1' action=sys.usb.config=adb && sys.usb.configfs=1 && sys.usb.ffs.ready=1 (/system/etc/init/hw/init.usb.configfs.rc:22) took 0ms and failed: symlink() failed: File exists
05-08 16:18:52.769 1 1 I init : Command 'write /config/usb_gadget/g1/UDC ${sys.usb.controller}' action=sys.usb.config=adb && sys.usb.configfs=1 && sys.usb.ffs.ready=1 (/system/etc/init/hw/init.usb.configfs.rc:23) took 0ms and failed: Unable to write to file '/config/usb_gadget/g1/UDC': Unable to write file contents: Device or resource busy
05-08 16:10:52.884 456 485 I RIL : ---> enter mainloop wait at port
05-08 16:10:52.884 456 485 D RIL-DEV : Get modem info
05-08 16:10:52.885 456 485 D RIL-DEV : [05-08_16:10:52:885] idVendor = 1d6b
05-08 16:10:52.885 456 485 D RIL-DEV :
05-08 16:10:52.885 456 485 D RIL-DEV : [05-08_16:10:52:886] idVendor = 1d6b
05-08 16:10:52.885 456 485 D RIL-DEV :
05-08 16:10:52.886 456 485 D RIL-DEV : [05-08_16:10:52:886] idVendor = 1d6b
05-08 16:10:52.886 456 485 D RIL-DEV :
05-08 16:10:52.886 456 485 D RIL-DEV : [05-08_16:10:52:886] idVendor = 0781
05-08 16:10:52.886 456 485 D RIL-DEV :
05-08 16:10:52.886 456 485 D RIL-DEV : [05-08_16:10:52:887] idVendor = 1d6b
05-08 16:10:52.886 456 485 D RIL-DEV :
05-08 16:10:52.887 456 485 E RIL-DEV : Cannot find Meig devices
05-08 16:10:52.887 456 485 I RIL : ---> can't find meig usb devices
05-08 16:10:53.003 1267 1267 W ContextImpl: Calling a method in the system process without a qualified user: android.app.ContextImpl.sendBroadcast:1181 android.content.ContextWrapper.sendBroadcast:479 cn.eben.newweather.DateWeatherService.a:19 cn.eben.newweather.DateWeatherService.a:0 cn.eben.newweather.DateWeatherService$1.handleMessage:7
05-08 16:10:53.142 1472 1472 W ContextImpl: Calling a method in the system process without a qualified user: android.app.ContextImpl.sendBroadcast:1181 android.content.ContextWrapper.sendBroadcast:479 com.eben.eguard.service.EGuardService$1.handleMessage:73 android.os.Handler.dispatchMessage:106 android.os.Looper.loopOnce:201
05-08 16:10:53.148 615 642 I DropBoxManagerService: add tag=system_server_wtf isTagEnabled=true flags=0x2
05-08 16:18:53.814 6849 6849 I : read descriptors
05-08 16:18:53.815 6849 6849 I : read strings
05-08 16:18:53.817 1 1 I init : processing action (sys.usb.config=adb && sys.usb.configfs=1 && sys.usb.ffs.ready=1) from (/system/etc/init/hw/init.usb.configfs.rc:20)
05-08 16:10:54.002 1267 1267 W ContextImpl: Calling a method in the system process without a qualified user: android.app.ContextImpl.sendBroadcast:1181 android.content.ContextWrapper.sendBroadcast:479 cn.eben.newweather.DateWeatherService.a:19 cn.eben.newweather.DateWeatherService.a:0 cn.eben.newweather.DateWeatherService$1.handleMessage:7
05-08 16:18:54.854 6849 6849 I : read descriptors
05-08 16:18:54.854 6849 6849 I : read strings
05-08 16:10:54.887 456 485 I RIL : ---> enter mainloop wait at port
05-08 16:10:54.887 456 485 D RIL-DEV : Get modem info
05-08 16:10:54.888 456 485 D RIL-DEV : [05-08_16:10:54:888] idVendor = 1d6b
05-08 16:10:54.888 456 485 D RIL-DEV :
05-08 16:10:54.888 456 485 D RIL-DEV : [05-08_16:10:54:888] idVendor = 1d6b
05-08 16:10:54.888 456 485 D RIL-DEV :
05-08 16:10:54.889 456 485 D RIL-DEV : [05-08_16:10:54:889] idVendor = 1d6b
05-08 16:10:54.889 456 485 D RIL-DEV :
05-08 16:10:54.889 456 485 D RIL-DEV : [05-08_16:10:54:889] idVendor = 0781
05-08 16:10:54.889 456 485 D RIL-DEV :
05-08 16:10:54.889 456 485 D RIL-DEV : [05-08_16:10:54:890] idVendor = 1d6b
05-08 16:10:54.889 456 485 D RIL-DEV :
05-08 16:10:54.890 456 485 E RIL-DEV : Cannot find Meig devices
05-08 16:10:54.890 456 485 I RIL : ---> can't find meig usb devices
05-08 16:10:55.001 1267 1267 W ContextImpl: Calling a method in the system process without a qualified user: android.app.ContextImpl.sendBroadcast:1181 android.content.ContextWrapper.sendBroadcast:479 cn.eben.newweather.DateWeatherService.a:19 cn.eben.newweather.DateWeatherService.a:0 cn.eben.newweather.DateWeatherService$1.handleMessage:7
05-08 16:18:55.901 6849 6849 I : read descriptors
05-08 16:18:55.901 6849 6849 I : read strings
05-08 16:18:55.903 1 1 I init : processing action (sys.usb.config=adb && sys.usb.configfs=1 && sys.usb.ffs.ready=1) from (/system/etc/init/hw/init.usb.configfs.rc:20)
05-08 16:18:55.906 1 1 I init : Command 'symlink /config/usb_gadget/g1/functions/ffs.adb /config/usb_gadget/g1/configs/b.1/f1' action=sys.usb.config=adb && sys.usb.configfs=1 && sys.usb.ffs.ready=1 (/system/etc/init/hw/init.usb.configfs.rc:22) took 0ms and failed: symlink() failed: File exists
05-08 16:18:55.908 1 1 I init : Command 'write /config/usb_gadget/g1/UDC ${sys.usb.controller}' action=sys.usb.config=adb && sys.usb.configfs=1 && sys.usb.ffs.ready=1 (/system/etc/init/hw/init.usb.configfs.rc:23) took 1ms and failed: Unable to write to file '/config/usb_gadget/g1/UDC': Unable to write file contents: Device or resource busy
05-08 16:10:56.002 1267 1267 W ContextImpl: Calling a method in the system process without a qualified user: android.app.ContextImpl.sendBroadcast:1181 android.content.ContextWrapper.sendBroadcast:479 cn.eben.newweather.DateWeatherService.a:19 cn.eben.newweather.DateWeatherService.a:0 cn.eben.newweather.DateWeatherService$1.handleMessage:7
05-08 16:18:56.948 6849 6849 I : read descriptors
05-08 16:18:56.948 6849 6849 I : read strings
05-08 16:18:56.950 1 1 I init : processing action (sys.usb.config=adb && sys.usb.configfs=1 && sys.usb.ffs.ready=1) from (/system/etc/init/hw/init.usb.configfs.rc:20)
05-08 16:18:56.953 1 1 I init : Command 'symlink /config/usb_gadget/g1/functions/ffs.adb /config/usb_gadget/g1/configs/b.1/f1' action=sys.usb.config=adb && sys.usb.configfs=1 && sys.usb.ffs.ready=1 (/system/etc/init/hw/init.usb.configfs.rc:22) took 0ms and failed: symlink() failed: File exists
05-08 16:18:56.954 1 1 I init : Command 'write /config/usb_gadget/g1/UDC ${sys.usb.controller}' action=sys.usb.config=adb && sys.usb.configfs=1 && sys.usb.ffs.ready=1 (/system/etc/init/hw/init.usb.configfs.rc:23) took 1ms and failed: Unable to write to file '/config/usb_gadget/g1/UDC': Unable to write file contents: Device or resource busy
05-08 16:10:56.890 456 485 I RIL : ---> enter mainloop wait at port
05-08 16:10:56.890 456 485 D RIL-DEV : Get modem info
05-08 16:10:56.891 456 485 D RIL-DEV : [05-08_16:10:56:891] idVendor = 1d6b
05-08 16:10:56.891 456 485 D RIL-DEV :
05-08 16:10:56.891 456 485 D RIL-DEV : [05-08_16:10:56:892] idVendor = 1d6b
05-08 16:10:56.891 456 485 D RIL-DEV :
05-08 16:10:56.892 456 485 D RIL-DEV : [05-08_16:10:56:892] idVendor = 1d6b
05-08 16:10:56.892 456 485 D RIL-DEV :
05-08 16:10:56.892 456 485 D RIL-DEV : [05-08_16:10:56:893] idVendor = 0781
05-08 16:10:56.892 456 485 D RIL-DEV :
05-08 16:10:56.892 456 485 D RIL-DEV : [05-08_16:10:56:893] idVendor = 1d6b
05-08 16:10:56.892 456 485 D RIL-DEV :
05-08 16:10:56.893 456 485 E RIL-DEV : Cannot find Meig devices
05-08 16:10:56.893 456 485 I RIL : ---> can't find meig usb devices
05-08 16:10:57.001 1267 1267 W ContextImpl: Calling a method in the system process without a qualified user: android.app.ContextImpl.sendBroadcast:1181 android.content.ContextWrapper.sendBroadcast:479 cn.eben.newweather.DateWeatherService.a:19 cn.eben.newweather.DateWeatherService.a:0 cn.eben.newweather.DateWeatherService$1.handleMessage:7
05-08 16:18:58.014 6849 6849 I : read descriptors
05-08 16:18:58.014 6849 6849 I : read strings
05-08 16:18:58.017 1 1 I init : processing action (sys.usb.config=adb && sys.usb.configfs=1 && sys.usb.ffs.ready=1) from (/system/etc/init/hw/init.usb.configfs.rc:20)
05-08 16:18:58.019 1 1 I init : Command 'symlink /config/usb_gadget/g1/functions/ffs.adb /config/usb_gadget/g1/configs/b.1/f1' action=sys.usb.config=adb && sys.usb.configfs=1 && sys.usb.ffs.ready=1 (/system/etc/init/hw/init.usb.configfs.rc:22) took 0ms and failed: symlink() failed: File exists
05-08 16:18:58.019 1 1 I init : Command 'write /config/usb_gadget/g1/UDC ${sys.usb.controller}' action=sys.usb.config=adb && sys.usb.configfs=1 && sys.usb.ffs.ready=1 (/system/etc/init/hw/init.usb.configfs.rc:23) took 0ms and failed: Unable to write to file '/config/usb_gadget/g1/UDC': Unable to write file contents: Device or resource busy
05-08 16:10:58.001 1267 1267 W ContextImpl: Calling a method in the system process without a qualified user: android.app.ContextImpl.sendBroadcast:1181 android.content.ContextWrapper.sendBroadcast:479 cn.eben.newweather.DateWeatherService.a:19 cn.eben.newweather.DateWeatherService.a:0 cn.eben.newweather.DateWeatherService$1.handleMessage:7
05-08 16:10:58.339 615 657 V DisplayPowerController[0]: Brightness [0.05] reason changing to: 'automatic [ dim ]', previous reason: 'automatic'.
05-08 16:18:59.067 6849 6849 I : read descriptors
05-08 16:18:59.068 6849 6849 I : read strings
05-08 16:18:59.070 1 1 I init : processing action (sys.usb.config=adb && sys.usb.configfs=1 && sys.usb.ffs.ready=1) from (/system/etc/init/hw/init.usb.configfs.rc:20)
05-08 16:10:58.893 456 485 I RIL : ---> enter mainloop wait at port
05-08 16:10:58.893 456 485 D RIL-DEV : Get modem info
05-08 16:10:58.894 456 485 D RIL-DEV : [05-08_16:10:58:894] idVendor = 1d6b
05-08 16:10:58.894 456 485 D RIL-DEV :
05-08 16:10:58.894 456 485 D RIL-DEV : [05-08_16:10:58:895] idVendor = 1d6b
05-08 16:10:58.894 456 485 D RIL-DEV :
05-08 16:10:58.895 456 485 D RIL-DEV : [05-08_16:10:58:895] idVendor = 1d6b
05-08 16:10:58.895 456 485 D RIL-DEV :
05-08 16:10:58.895 456 485 D RIL-DEV : [05-08_16:10:58:895] idVendor = 0781
05-08 16:10:58.895 456 485 D RIL-DEV :
05-08 16:10:58.895 456 485 D RIL-DEV : [05-08_16:10:58:896] idVendor = 1d6b
05-08 16:10:58.895 456 485 D RIL-DEV :
05-08 16:10:58.896 456 485 E RIL-DEV : Cannot find Meig devices
05-08 16:10:58.896 456 485 I RIL : ---> can't find meig usb devices
05-08 16:10:59.002 1267 1267 W ContextImpl: Calling a method in the system process without a qualified user: android.app.ContextImpl.sendBroadcast:1181 android.content.ContextWrapper.sendBroadcast:479 cn.eben.newweather.DateWeatherService.a:19 cn.eben.newweather.DateWeatherService.a:0 cn.eben.newweather.DateWeatherService$1.handleMessage:7
