05-08 16:20:52.723 1 1 I init : Command 'write /config/usb_gadget/g1/UDC ${sys.usb.controller}' action=sys.usb.config=adb && sys.usb.configfs=1 && sys.usb.ffs.ready=1 (/system/etc/init/hw/init.usb.configfs.rc:23) took 0ms and failed: Unable to write to file '/config/usb_gadget/g1/UDC': Unable to write file contents: Device or resource busy
05-08 16:12:49.002 1267 1267 W ContextImpl: Calling a method in the system process without a qualified user: android.app.ContextImpl.sendBroadcast:1181 android.content.ContextWrapper.sendBroadcast:479 cn.eben.newweather.DateWeatherService.a:19 cn.eben.newweather.DateWeatherService.a:0 cn.eben.newweather.DateWeatherService$1.handleMessage:7
05-08 16:20:53.787 6849 6849 I : read descriptors
05-08 16:20:53.788 6849 6849 I : read strings
05-08 16:20:53.790 1 1 I init : processing action (sys.usb.config=adb && sys.usb.configfs=1 && sys.usb.ffs.ready=1) from (/system/etc/init/hw/init.usb.configfs.rc:20)
05-08 16:12:50.002 1267 1267 W ContextImpl: Calling a method in the system process without a qualified user: android.app.ContextImpl.sendBroadcast:1181 android.content.ContextWrapper.sendBroadcast:479 cn.eben.newweather.DateWeatherService.a:19 cn.eben.newweather.DateWeatherService.a:0 cn.eben.newweather.DateWeatherService$1.handleMessage:7
05-08 16:12:50.495 456 485 I RIL : ---> enter mainloop wait at port
05-08 16:12:50.495 456 485 D RIL-DEV : Get modem info
05-08 16:12:50.495 456 485 D RIL-DEV : [05-08_16:12:50:496] idVendor = 1d6b
05-08 16:12:50.495 456 485 D RIL-DEV :
05-08 16:12:50.495 456 485 D RIL-DEV : [05-08_16:12:50:496] idVendor = 1d6b
05-08 16:12:50.495 456 485 D RIL-DEV :
05-08 16:12:50.496 456 485 D RIL-DEV : [05-08_16:12:50:496] idVendor = 1d6b
05-08 16:12:50.496 456 485 D RIL-DEV :
05-08 16:12:50.496 456 485 D RIL-DEV : [05-08_16:12:50:496] idVendor = 0781
05-08 16:12:50.496 456 485 D RIL-DEV :
05-08 16:12:50.496 456 485 D RIL-DEV : [05-08_16:12:50:496] idVendor = 1d6b
05-08 16:12:50.496 456 485 D RIL-DEV :
05-08 16:12:50.496 456 485 E RIL-DEV : Cannot find Meig devices
05-08 16:12:50.496 456 485 I RIL : ---> can't find meig usb devices
05-08 16:12:51.003 1267 1267 W ContextImpl: Calling a method in the system process without a qualified user: android.app.ContextImpl.sendBroadcast:1181 android.content.ContextWrapper.sendBroadcast:479 cn.eben.newweather.DateWeatherService.a:19 cn.eben.newweather.DateWeatherService.a:0 cn.eben.newweather.DateWeatherService$1.handleMessage:7
05-08 16:20:54.831 6849 6849 I : read descriptors
05-08 16:20:54.831 6849 6849 I : read strings
05-08 16:12:52.003 1267 1267 W ContextImpl: Calling a method in the system process without a qualified user: android.app.ContextImpl.sendBroadcast:1181 android.content.ContextWrapper.sendBroadcast:479 cn.eben.newweather.DateWeatherService.a:19 cn.eben.newweather.DateWeatherService.a:0 cn.eben.newweather.DateWeatherService$1.handleMessage:7
05-08 16:20:55.901 6849 6849 I : read descriptors
05-08 16:20:55.901 6849 6849 I : read strings
05-08 16:20:55.902 1 1 I init : processing action (sys.usb.config=adb && sys.usb.configfs=1 && sys.usb.ffs.ready=1) from (/system/etc/init/hw/init.usb.configfs.rc:20)
05-08 16:20:55.905 1 1 I init : Command 'symlink /config/usb_gadget/g1/functions/ffs.adb /config/usb_gadget/g1/configs/b.1/f1' action=sys.usb.config=adb && sys.usb.configfs=1 && sys.usb.ffs.ready=1 (/system/etc/init/hw/init.usb.configfs.rc:22) took 0ms and failed: symlink() failed: File exists
05-08 16:20:55.906 1 1 I init : Command 'write /config/usb_gadget/g1/UDC ${sys.usb.controller}' action=sys.usb.config=adb && sys.usb.configfs=1 && sys.usb.ffs.ready=1 (/system/etc/init/hw/init.usb.configfs.rc:23) took 0ms and failed: Unable to write to file '/config/usb_gadget/g1/UDC': Unable to write file contents: Device or resource busy
05-08 16:12:52.497 456 485 I RIL : ---> enter mainloop wait at port
05-08 16:12:52.497 456 485 D RIL-DEV : Get modem info
05-08 16:12:52.498 456 485 D RIL-DEV : [05-08_16:12:52:498] idVendor = 1d6b
05-08 16:12:52.498 456 485 D RIL-DEV :
05-08 16:12:52.498 456 485 D RIL-DEV : [05-08_16:12:52:498] idVendor = 1d6b
05-08 16:12:52.498 456 485 D RIL-DEV :
05-08 16:12:52.498 456 485 D RIL-DEV : [05-08_16:12:52:499] idVendor = 1d6b
05-08 16:12:52.498 456 485 D RIL-DEV :
05-08 16:12:52.499 456 485 D RIL-DEV : [05-08_16:12:52:499] idVendor = 0781
05-08 16:12:52.499 456 485 D RIL-DEV :
05-08 16:12:52.499 456 485 D RIL-DEV : [05-08_16:12:52:499] idVendor = 1d6b
05-08 16:12:52.499 456 485 D RIL-DEV :
05-08 16:12:52.499 456 485 E RIL-DEV : Cannot find Meig devices
05-08 16:12:52.499 456 485 I RIL : ---> can't find meig usb devices
05-08 16:12:53.001 1267 1267 W ContextImpl: Calling a method in the system process without a qualified user: android.app.ContextImpl.sendBroadcast:1181 android.content.ContextWrapper.sendBroadcast:479 cn.eben.newweather.DateWeatherService.a:19 cn.eben.newweather.DateWeatherService.a:0 cn.eben.newweather.DateWeatherService$1.handleMessage:7
05-08 16:20:56.967 6849 6849 I : read descriptors
05-08 16:20:56.967 6849 6849 I : read strings
05-08 16:20:56.968 1 1 I init : processing action (sys.usb.config=adb && sys.usb.configfs=1 && sys.usb.ffs.ready=1) from (/system/etc/init/hw/init.usb.configfs.rc:20)
05-08 16:20:56.969 1 1 I init : Command 'symlink /config/usb_gadget/g1/functions/ffs.adb /config/usb_gadget/g1/configs/b.1/f1' action=sys.usb.config=adb && sys.usb.configfs=1 && sys.usb.ffs.ready=1 (/system/etc/init/hw/init.usb.configfs.rc:22) took 0ms and failed: symlink() failed: File exists
05-08 16:20:56.970 1 1 I init : Command 'write /config/usb_gadget/g1/UDC ${sys.usb.controller}' action=sys.usb.config=adb && sys.usb.configfs=1 && sys.usb.ffs.ready=1 (/system/etc/init/hw/init.usb.configfs.rc:23) took 0ms and failed: Unable to write to file '/config/usb_gadget/g1/UDC': Unable to write file contents: Device or resource busy
05-08 16:12:54.002 1267 1267 W ContextImpl: Calling a method in the system process without a qualified user: android.app.ContextImpl.sendBroadcast:1181 android.content.ContextWrapper.sendBroadcast:479 cn.eben.newweather.DateWeatherService.a:19 cn.eben.newweather.DateWeatherService.a:0 cn.eben.newweather.DateWeatherService$1.handleMessage:7
05-08 16:20:58.047 6849 6849 I : read descriptors
05-08 16:20:58.047 6849 6849 I : read strings
05-08 16:20:58.048 1 1 I init : processing action (sys.usb.config=adb && sys.usb.configfs=1 && sys.usb.ffs.ready=1) from (/system/etc/init/hw/init.usb.configfs.rc:20)
05-08 16:20:58.050 1 1 I init : Command 'symlink /config/usb_gadget/g1/functions/ffs.adb /config/usb_gadget/g1/configs/b.1/f1' action=sys.usb.config=adb && sys.usb.configfs=1 && sys.usb.ffs.ready=1 (/system/etc/init/hw/init.usb.configfs.rc:22) took 0ms and failed: symlink() failed: File exists
05-08 16:20:58.053 1 1 I init : Command 'write /config/usb_gadget/g1/UDC ${sys.usb.controller}' action=sys.usb.config=adb && sys.usb.configfs=1 && sys.usb.ffs.ready=1 (/system/etc/init/hw/init.usb.configfs.rc:23) took 2ms and failed: Unable to write to file '/config/usb_gadget/g1/UDC': Unable to write file contents: Device or resource busy
05-08 16:12:54.500 456 485 I RIL : ---> enter mainloop wait at port
05-08 16:12:54.500 456 485 D RIL-DEV : Get modem info
05-08 16:12:54.500 456 485 D RIL-DEV : [05-08_16:12:54:501] idVendor = 1d6b
05-08 16:12:54.500 456 485 D RIL-DEV :
05-08 16:12:54.500 456 485 D RIL-DEV : [05-08_16:12:54:501] idVendor = 1d6b
05-08 16:12:54.500 456 485 D RIL-DEV :
05-08 16:12:54.501 456 485 D RIL-DEV : [05-08_16:12:54:501] idVendor = 1d6b
05-08 16:12:54.501 456 485 D RIL-DEV :
05-08 16:12:54.501 456 485 D RIL-DEV : [05-08_16:12:54:501] idVendor = 0781
05-08 16:12:54.501 456 485 D RIL-DEV :
05-08 16:12:54.501 456 485 D RIL-DEV : [05-08_16:12:54:501] idVendor = 1d6b
05-08 16:12:54.501 456 485 D RIL-DEV :
05-08 16:12:54.501 456 485 E RIL-DEV : Cannot find Meig devices
05-08 16:12:54.501 456 485 I RIL : ---> can't find meig usb devices
05-08 16:12:55.001 1267 1267 W ContextImpl: Calling a method in the system process without a qualified user: android.app.ContextImpl.sendBroadcast:1181 android.content.ContextWrapper.sendBroadcast:479 cn.eben.newweather.DateWeatherService.a:19 cn.eben.newweather.DateWeatherService.a:0 cn.eben.newweather.DateWeatherService$1.handleMessage:7
05-08 16:20:59.091 6849 6849 I : read descriptors
05-08 16:20:59.091 6849 6849 I : read strings
05-08 16:20:59.094 1 1 I init : processing action (sys.usb.config=adb && sys.usb.configfs=1 && sys.usb.ffs.ready=1) from (/system/etc/init/hw/init.usb.configfs.rc:20)
05-08 16:12:56.003 1267 1267 W ContextImpl: Calling a method in the system process without a qualified user: android.app.ContextImpl.sendBroadcast:1181 android.content.ContextWrapper.sendBroadcast:479 cn.eben.newweather.DateWeatherService.a:19 cn.eben.newweather.DateWeatherService.a:0 cn.eben.newweather.DateWeatherService$1.handleMessage:7
05-08 16:21:00.167 6849 6849 I : read descriptors
05-08 16:21:00.167 6849 6849 I : read strings
05-08 16:12:56.502 456 485 I RIL : ---> enter mainloop wait at port
05-08 16:12:56.502 456 485 D RIL-DEV : Get modem info
05-08 16:12:56.503 456 485 D RIL-DEV : [05-08_16:12:56:503] idVendor = 1d6b
05-08 16:12:56.503 456 485 D RIL-DEV :
05-08 16:12:56.503 456 485 D RIL-DEV : [05-08_16:12:56:503] idVendor = 1d6b
05-08 16:12:56.503 456 485 D RIL-DEV :
05-08 16:12:56.503 456 485 D RIL-DEV : [05-08_16:12:56:504] idVendor = 1d6b
05-08 16:12:56.503 456 485 D RIL-DEV :
05-08 16:12:56.504 456 485 D RIL-DEV : [05-08_16:12:56:504] idVendor = 0781
05-08 16:12:56.504 456 485 D RIL-DEV :
05-08 16:12:56.504 456 485 D RIL-DEV : [05-08_16:12:56:504] idVendor = 1d6b
05-08 16:12:56.504 456 485 D RIL-DEV :
05-08 16:12:56.504 456 485 E RIL-DEV : Cannot find Meig devices
05-08 16:12:56.504 456 485 I RIL : ---> can't find meig usb devices
05-08 16:12:57.002 1267 1267 W ContextImpl: Calling a method in the system process without a qualified user: android.app.ContextImpl.sendBroadcast:1181 android.content.ContextWrapper.sendBroadcast:479 cn.eben.newweather.DateWeatherService.a:19 cn.eben.newweather.DateWeatherService.a:0 cn.eben.newweather.DateWeatherService$1.handleMessage:7
05-08 16:21:01.207 6849 6849 I : read descriptors
05-08 16:21:01.207 6849 6849 I : read strings
05-08 16:21:01.210 1 1 I init : processing action (sys.usb.config=adb && sys.usb.configfs=1 && sys.usb.ffs.ready=1) from (/system/etc/init/hw/init.usb.configfs.rc:20)
05-08 16:21:01.213 1 1 I init : Command 'symlink /config/usb_gadget/g1/functions/ffs.adb /config/usb_gadget/g1/configs/b.1/f1' action=sys.usb.config=adb && sys.usb.configfs=1 && sys.usb.ffs.ready=1 (/system/etc/init/hw/init.usb.configfs.rc:22) took 0ms and failed: symlink() failed: File exists
05-08 16:21:01.215 1 1 I init : Command 'write /config/usb_gadget/g1/UDC ${sys.usb.controller}' action=sys.usb.config=adb && sys.usb.configfs=1 && sys.usb.ffs.ready=1 (/system/etc/init/hw/init.usb.configfs.rc:23) took 1ms and failed: Unable to write to file '/config/usb_gadget/g1/UDC': Unable to write file contents: Device or resource busy
05-08 16:12:58.003 1267 1267 W ContextImpl: Calling a method in the system process without a qualified user: android.app.ContextImpl.sendBroadcast:1181 android.content.ContextWrapper.sendBroadcast:479 cn.eben.newweather.DateWeatherService.a:19 cn.eben.newweather.DateWeatherService.a:0 cn.eben.newweather.DateWeatherService$1.handleMessage:7
05-08 16:21:02.257 6849 6849 I : read descriptors
05-08 16:21:02.257 6849 6849 I : read strings
05-08 16:21:02.259 1 1 I init : processing action (sys.usb.config=adb && sys.usb.configfs=1 && sys.usb.ffs.ready=1) from (/system/etc/init/hw/init.usb.configfs.rc:20)
05-08 16:21:02.262 1 1 I init : Command 'symlink /config/usb_gadget/g1/functions/ffs.adb /config/usb_gadget/g1/configs/b.1/f1' action=sys.usb.config=adb && sys.usb.configfs=1 && sys.usb.ffs.ready=1 (/system/etc/init/hw/init.usb.configfs.rc:22) took 0ms and failed: symlink() failed: File exists
05-08 16:21:02.263 1 1 I init : Command 'write /config/usb_gadget/g1/UDC ${sys.usb.controller}' action=sys.usb.config=adb && sys.usb.configfs=1 && sys.usb.ffs.ready=1 (/system/etc/init/hw/init.usb.configfs.rc:23) took 0ms and failed: Unable to write to file '/config/usb_gadget/g1/UDC': Unable to write file contents: Device or resource busy
05-08 16:12:58.505 456 485 I RIL : ---> enter mainloop wait at port
05-08 16:12:58.505 456 485 D RIL-DEV : Get modem info
05-08 16:12:58.505 456 485 D RIL-DEV : [05-08_16:12:58:506] idVendor = 1d6b
05-08 16:12:58.505 456 485 D RIL-DEV :
05-08 16:12:58.506 456 485 D RIL-DEV : [05-08_16:12:58:506] idVendor = 1d6b
05-08 16:12:58.506 456 485 D RIL-DEV :
05-08 16:12:58.506 456 485 D RIL-DEV : [05-08_16:12:58:507] idVendor = 1d6b
05-08 16:12:58.506 456 485 D RIL-DEV :
05-08 16:12:58.506 456 485 D RIL-DEV : [05-08_16:12:58:507] idVendor = 0781
05-08 16:12:58.506 456 485 D RIL-DEV :
05-08 16:12:58.507 456 485 D RIL-DEV : [05-08_16:12:58:507] idVendor = 1d6b
05-08 16:12:58.507 456 485 D RIL-DEV :
05-08 16:12:58.507 456 485 E RIL-DEV : Cannot find Meig devices
05-08 16:12:58.507 456 485 I RIL : ---> can't find meig usb devices
05-08 16:12:59.002 1267 1267 W ContextImpl: Calling a method in the system process without a qualified user: android.app.ContextImpl.sendBroadcast:1181 android.content.ContextWrapper.sendBroadcast:479 cn.eben.newweather.DateWeatherService.a:19 cn.eben.newweather.DateWeatherService.a:0 cn.eben.newweather.DateWeatherService$1.handleMessage:7
05-08 16:21:03.304 6849 6849 I : read descriptors
05-08 16:21:03.304 6849 6849 I : read strings
05-08 16:21:03.306 1 1 I init : processing action (sys.usb.config=adb && sys.usb.configfs=1 && sys.usb.ffs.ready=1) from (/system/etc/init/hw/init.usb.configfs.rc:20)
05-08 16:21:03.308 1 1 I init : Command 'symlink /config/usb_gadget/g1/functions/ffs.adb /config/usb_gadget/g1/configs/b.1/f1' action=sys.usb.config=adb && sys.usb.configfs=1 && sys.usb.ffs.ready=1 (/system/etc/init/hw/init.usb.configfs.rc:22) took 0ms and failed: symlink() failed: File exists
05-08 16:21:03.308 1 1 I init : Command 'write /config/usb_gadget/g1/UDC ${sys.usb.controller}' action=sys.usb.config=adb && sys.usb.configfs=1 && sys.usb.ffs.ready=1 (/system/etc/init/hw/init.usb.configfs.rc:23) took 0ms and failed: Unable to write to file '/config/usb_gadget/g1/UDC': Unable to write file contents: Device or resource busy
05-08 16:12:59.864 615 643 I ActivityManager: Start proc 11887:com.android.music/u0a77 for broadcast {com.android.music/com.android.music.MediaAppWidgetProvider}
05-08 16:12:59.895 615 8830 I ActivityManager: Killing 2336:com.ebensz.enote.notepad:remote/u0a38 (adj 985): empty #17
05-08 16:21:03.729 11537 11537 I binder : undelivered transaction 1141664, process died.
05-08 16:21:03.729 11537 11537 I binder : undelivered transaction 1184756, process died.
05-08 16:21:03.729 11537 11537 I binder : undelivered transaction 1184843, process died.
05-08 16:21:03.729 11537 11537 I binder : undelivered transaction 1238743, process died.
05-08 16:21:03.729 11537 11537 I binder : undelivered transaction 1238829, process died.
05-08 16:21:03.729 11537 11537 I binder : undelivered transaction 1122545, process died.
05-08 16:13:00.001 1267 1267 W ContextImpl: Calling a method in the system process without a qualified user: android.app.ContextImpl.sendBroadcast:1181 android.content.ContextWrapper.sendBroadcast:479 cn.eben.newweather.DateWeatherService.a:19 cn.eben.newweather.DateWeatherService.a:0 cn.eben.newweather.DateWeatherService$1.handleMessage:7
05-08 16:13:00.508 456 485 I RIL : ---> enter mainloop wait at port
05-08 16:13:00.508 456 485 D RIL-DEV : Get modem info
05-08 16:13:00.509 456 485 D RIL-DEV : [05-08_16:13:00:510] idVendor = 1d6b
05-08 16:13:00.509 456 485 D RIL-DEV :
05-08 16:13:00.510 456 485 D RIL-DEV : [05-08_16:13:00:510] idVendor = 1d6b
05-08 16:13:00.510 456 485 D RIL-DEV :
05-08 16:13:00.510 456 485 D RIL-DEV : [05-08_16:13:00:511] idVendor = 1d6b
05-08 16:13:00.510 456 485 D RIL-DEV :
05-08 16:13:00.510 456 485 D RIL-DEV : [05-08_16:13:00:511] idVendor = 0781
05-08 16:13:00.510 456 485 D RIL-DEV :
05-08 16:13:00.511 456 485 D RIL-DEV : [05-08_16:13:00:511] idVendor = 1d6b
05-08 16:13:00.511 456 485 D RIL-DEV :
05-08 16:13:00.511 456 485 E RIL-DEV : Cannot find Meig devices
05-08 16:13:00.511 456 485 I RIL : ---> can't find meig usb devices
05-08 16:21:04.367 6849 6849 I : read descriptors
05-08 16:21:04.367 6849 6849 I : read strings
05-08 16:21:04.369 1 1 I init : processing action (sys.usb.config=adb && sys.usb.configfs=1 && sys.usb.ffs.ready=1) from (/system/etc/init/hw/init.usb.configfs.rc:20)
05-08 16:13:01.001 1267 1267 W ContextImpl: Calling a method in the system process without a qualified user: android.app.ContextImpl.sendBroadcast:1181 android.content.ContextWrapper.sendBroadcast:479 cn.eben.newweather.DateWeatherService.a:19 cn.eben.newweather.DateWeatherService.a:0 cn.eben.newweather.DateWeatherService$1.handleMessage:7
05-08 16:21:05.414 6849 6849 I : read descriptors
05-08 16:21:05.414 6849 6849 I : read strings
05-08 16:13:02.002 1267 1267 W ContextImpl: Calling a method in the system process without a qualified user: android.app.ContextImpl.sendBroadcast:1181 android.content.ContextWrapper.sendBroadcast:479 cn.eben.newweather.DateWeatherService.a:19 cn.eben.newweather.DateWeatherService.a:0 cn.eben.newweather.DateWeatherService$1.handleMessage:7
05-08 16:13:02.512 456 485 I RIL : ---> enter mainloop wait at port
05-08 16:13:02.512 456 485 D RIL-DEV : Get modem info
05-08 16:13:02.512 456 485 D RIL-DEV : [05-08_16:13:02:513] idVendor = 1d6b
05-08 16:13:02.512 456 485 D RIL-DEV :
05-08 16:13:02.512 456 485 D RIL-DEV : [05-08_16:13:02:513] idVendor = 1d6b
05-08 16:13:02.512 456 485 D RIL-DEV :
05-08 16:13:02.513 456 485 D RIL-DEV : [05-08_16:13:02:513] idVendor = 1d6b
05-08 16:13:02.513 456 485 D RIL-DEV :
05-08 16:13:02.513 456 485 D RIL-DEV : [05-08_16:13:02:513] idVendor = 0781
05-08 16:13:02.513 456 485 D RIL-DEV :
05-08 16:13:02.513 456 485 D RIL-DEV : [05-08_16:13:02:513] idVendor = 1d6b
05-08 16:13:02.513 456 485 D RIL-DEV :
05-08 16:13:02.513 456 485 E RIL-DEV : Cannot find Meig devices
05-08 16:13:02.513 456 485 I RIL : ---> can't find meig usb devices
05-08 16:21:06.457 6849 6849 I : read descriptors
05-08 16:21:06.457 6849 6849 I : read strings
05-08 16:21:06.459 1 1 I init : processing action (sys.usb.config=adb && sys.usb.configfs=1 && sys.usb.ffs.ready=1) from (/system/etc/init/hw/init.usb.configfs.rc:20)
05-08 16:21:06.462 1 1 I init : Command 'symlink /config/usb_gadget/g1/functions/ffs.adb /config/usb_gadget/g1/configs/b.1/f1' action=sys.usb.config=adb && sys.usb.configfs=1 && sys.usb.ffs.ready=1 (/system/etc/init/hw/init.usb.configfs.rc:22) took 0ms and failed: symlink() failed: File exists
05-08 16:21:06.463 1 1 I init : Command 'write /config/usb_gadget/g1/UDC ${sys.usb.controller}' action=sys.usb.config=adb && sys.usb.configfs=1 && sys.usb.ffs.ready=1 (/system/etc/init/hw/init.usb.configfs.rc:23) took 0ms and failed: Unable to write to file '/config/usb_gadget/g1/UDC': Unable to write file contents: Device or resource busy
05-08 16:13:03.002 1267 1267 W ContextImpl: Calling a method in the system process without a qualified user: android.app.ContextImpl.sendBroadcast:1181 android.content.ContextWrapper.sendBroadcast:479 cn.eben.newweather.DateWeatherService.a:19 cn.eben.newweather.DateWeatherService.a:0 cn.eben.newweather.DateWeatherService$1.handleMessage:7
05-08 16:21:07.521 6849 6849 I : read descriptors
05-08 16:21:07.521 6849 6849 I : read strings
05-08 16:21:07.522 1 1 I init : processing action (sys.usb.config=adb && sys.usb.configfs=1 && sys.usb.ffs.ready=1) from (/system/etc/init/hw/init.usb.configfs.rc:20)
05-08 16:21:07.528 1 1 I init : Command 'symlink /config/usb_gadget/g1/functions/ffs.adb /config/usb_gadget/g1/configs/b.1/f1' action=sys.usb.config=adb && sys.usb.configfs=1 && sys.usb.ffs.ready=1 (/system/etc/init/hw/init.usb.configfs.rc:22) took 1ms and failed: symlink() failed: File exists
05-08 16:21:07.529 1 1 I init : Command 'write /config/usb_gadget/g1/UDC ${sys.usb.controller}' action=sys.usb.config=adb && sys.usb.configfs=1 && sys.usb.ffs.ready=1 (/system/etc/init/hw/init.usb.configfs.rc:23) took 1ms and failed: Unable to write to file '/config/usb_gadget/g1/UDC': Unable to write file contents: Device or resource busy
05-08 16:13:04.001 1267 1267 W ContextImpl: Calling a method in the system process without a qualified user: android.app.ContextImpl.sendBroadcast:1181 android.content.ContextWrapper.sendBroadcast:479 cn.eben.newweather.DateWeatherService.a:19 cn.eben.newweather.DateWeatherService.a:0 cn.eben.newweather.DateWeatherService$1.handleMessage:7
05-08 16:13:04.514 456 485 I RIL : ---> enter mainloop wait at port
05-08 16:13:04.514 456 485 D RIL-DEV : Get modem info
05-08 16:13:04.515 456 485 D RIL-DEV : [05-08_16:13:04:515] idVendor = 1d6b
05-08 16:13:04.515 456 485 D RIL-DEV :
05-08 16:13:04.515 456 485 D RIL-DEV : [05-08_16:13:04:515] idVendor = 1d6b
05-08 16:13:04.515 456 485 D RIL-DEV :
05-08 16:13:04.515 456 485 D RIL-DEV : [05-08_16:13:04:516] idVendor = 1d6b
05-08 16:13:04.515 456 485 D RIL-DEV :
05-08 16:13:04.516 456 485 D RIL-DEV : [05-08_16:13:04:516] idVendor = 0781
05-08 16:13:04.516 456 485 D RIL-DEV :
05-08 16:13:04.516 456 485 D RIL-DEV : [05-08_16:13:04:516] idVendor = 1d6b
05-08 16:13:04.516 456 485 D RIL-DEV :
05-08 16:13:04.516 456 485 E RIL-DEV : Cannot find Meig devices
05-08 16:13:04.516 456 485 I RIL : ---> can't find meig usb devices
05-08 16:13:04.644 615 8830 W ActivityManager: Background start not allowed: service Intent { act=com.android.music.musicservicecommand.togglepause flg=0x10000000 cmp=com.android.music/.MediaPlaybackService bnds=[476,416][600,658] } to com.android.music/.MediaPlaybackService from pid=-1 uid=10077 pkg=com.android.music startFg?=false
05-08 16:21:08.584 6849 6849 I : read descriptors
05-08 16:21:08.584 6849 6849 I : read strings
05-08 16:21:08.586 1 1 I init : processing action (sys.usb.config=adb && sys.usb.configfs=1 && sys.usb.ffs.ready=1) from (/system/etc/init/hw/init.usb.configfs.rc:20)
05-08 16:21:08.588 1 1 I init : Command 'symlink /config/usb_gadget/g1/functions/ffs.adb /config/usb_gadget/g1/configs/b.1/f1' action=sys.usb.config=adb && sys.usb.configfs=1 && sys.usb.ffs.ready=1 (/system/etc/init/hw/init.usb.configfs.rc:22) took 0ms and failed: symlink() failed: File exists
05-08 16:21:08.589 1 1 I init : Command 'write /config/usb_gadget/g1/UDC ${sys.usb.controller}' action=sys.usb.config=adb && sys.usb.configfs=1 && sys.usb.ffs.ready=1 (/system/etc/init/hw/init.usb.configfs.rc:23) took 0ms and failed: Unable to write to file '/config/usb_gadget/g1/UDC': Unable to write file contents: Device or resource busy
05-08 16:13:05.003 1267 1267 W ContextImpl: Calling a method in the system process without a qualified user: android.app.ContextImpl.sendBroadcast:1181 android.content.ContextWrapper.sendBroadcast:479 cn.eben.newweather.DateWeatherService.a:19 cn.eben.newweather.DateWeatherService.a:0 cn.eben.newweather.DateWeatherService$1.handleMessage:7
05-08 16:13:05.833 615 8196 W ActivityManager: Background start not allowed: service Intent { act=com.android.music.musicservicecommand.togglepause flg=0x10000000 cmp=com.android.music/.MediaPlaybackService bnds=[476,416][600,658] } to com.android.music/.MediaPlaybackService from pid=-1 uid=10077 pkg=com.android.music startFg?=false
05-08 16:21:09.647 6849 6849 I : read descriptors
05-08 16:21:09.647 6849 6849 I : read strings
05-08 16:21:09.649 1 1 I init : processing action (sys.usb.config=adb && sys.usb.configfs=1 && sys.usb.ffs.ready=1) from (/system/etc/init/hw/init.usb.configfs.rc:20)
05-08 16:13:06.003 1267 1267 W ContextImpl: Calling a method in the system process without a qualified user: android.app.ContextImpl.sendBroadcast:1181 android.content.ContextWrapper.sendBroadcast:479 cn.eben.newweather.DateWeatherService.a:19 cn.eben.newweather.DateWeatherService.a:0 cn.eben.newweather.DateWeatherService$1.handleMessage:7
05-08 16:13:06.517 456 485 I RIL : ---> enter mainloop wait at port
05-08 16:13:06.517 456 485 D RIL-DEV : Get modem info
05-08 16:13:06.518 456 485 D RIL-DEV : [05-08_16:13:06:518] idVendor = 1d6b
05-08 16:13:06.518 456 485 D RIL-DEV :
05-08 16:13:06.518 456 485 D RIL-DEV : [05-08_16:13:06:518] idVendor = 1d6b
05-08 16:13:06.518 456 485 D RIL-DEV :
05-08 16:13:06.519 456 485 D RIL-DEV : [05-08_16:13:06:519] idVendor = 1d6b
05-08 16:13:06.519 456 485 D RIL-DEV :
05-08 16:13:06.519 456 485 D RIL-DEV : [05-08_16:13:06:519] idVendor = 0781
05-08 16:13:06.519 456 485 D RIL-DEV :
05-08 16:13:06.519 456 485 D RIL-DEV : [05-08_16:13:06:520] idVendor = 1d6b
05-08 16:13:06.519 456 485 D RIL-DEV :
05-08 16:13:06.519 456 485 E RIL-DEV : Cannot find Meig devices
05-08 16:13:06.520 456 485 I RIL : ---> can't find meig usb devices
05-08 16:13:06.616 615 8196 I ActivityTaskManager: START u0 {flg=0x10000000 cmp=com.android.music/.MusicBrowserActivity bnds=[102,416][474,658]} from uid 10077
05-08 16:13:06.623 615 8196 W ActivityTaskManager: Can't find TaskDisplayArea to determine support for multi window. Task id=177 attached=false
05-08 16:13:06.647 615 8196 V SplashScreenExceptionList: SplashScreen checking exception for package com.android.music (target sdk:30) -> false
05-08 16:13:06.688 615 1113 I ActivityTaskManager: START u0 {act=android.intent.action.PICK dat= typ=vnd.android.cursor.dir/album flg=0x4000000 cmp=com.android.music/.AlbumBrowserActivity (has extras)} from uid 10077
05-08 16:13:06.699 615 1113 W ActivityTaskManager: Tried to set launchTime (0) < mLastActivityLaunchTime (5145547)
05-08 16:13:06.764 615 635 I DropBoxManagerService: add tag=system_app_strictmode isTagEnabled=true flags=0x2
05-08 16:21:10.645 246 246 W audit : audit_lost=676 audit_rate_limit=5 audit_backlog_limit=64
05-08 16:21:10.645 246 246 E audit : rate limit exceeded
05-08 16:21:10.703 6849 6849 I : read descriptors
05-08 16:21:10.703 6849 6849 I : read strings
05-08 16:13:06.924 615 635 I DropBoxManagerService: add tag=system_app_strictmode isTagEnabled=true flags=0x2
05-08 16:13:06.929 615 635 I DropBoxManagerService: add tag=system_app_strictmode isTagEnabled=true flags=0x2
05-08 16:13:06.936 615 635 I DropBoxManagerService: add tag=system_app_strictmode isTagEnabled=true flags=0x2
05-08 16:13:06.941 615 635 I DropBoxManagerService: add tag=system_app_strictmode isTagEnabled=true flags=0x2
05-08 16:13:06.947 615 635 I DropBoxManagerService: add tag=system_app_strictmode isTagEnabled=true flags=0x2
05-08 16:13:07.002 1267 1267 W ContextImpl: Calling a method in the system process without a qualified user: android.app.ContextImpl.sendBroadcast:1181 android.content.ContextWrapper.sendBroadcast:479 cn.eben.newweather.DateWeatherService.a:19 cn.eben.newweather.DateWeatherService.a:0 cn.eben.newweather.DateWeatherService$1.handleMessage:7
05-08 16:13:07.014 615 1113 W ActivityTaskManager: Request to remove task ignored for non-existent task 175
05-08 16:21:11.767 6849 6849 I : read descriptors
05-08 16:21:11.768 6849 6849 I : read strings
05-08 16:21:11.769 1 1 I init : processing action (sys.usb.config=adb && sys.usb.configfs=1 && sys.usb.ffs.ready=1) from (/system/etc/init/hw/init.usb.configfs.rc:20)
05-08 16:21:11.772 1 1 I init : Command 'symlink /config/usb_gadget/g1/functions/ffs.adb /config/usb_gadget/g1/configs/b.1/f1' action=sys.usb.config=adb && sys.usb.configfs=1 && sys.usb.ffs.ready=1 (/system/etc/init/hw/init.usb.configfs.rc:22) took 0ms and failed: symlink() failed: File exists
05-08 16:21:11.773 1 1 I init : Command 'write /config/usb_gadget/g1/UDC ${sys.usb.controller}' action=sys.usb.config=adb && sys.usb.configfs=1 && sys.usb.ffs.ready=1 (/system/etc/init/hw/init.usb.configfs.rc:23) took 0ms and failed: Unable to write to file '/config/usb_gadget/g1/UDC': Unable to write file contents: Device or resource busy
05-08 16:13:08.001 1267 1267 W ContextImpl: Calling a method in the system process without a qualified user: android.app.ContextImpl.sendBroadcast:1181 android.content.ContextWrapper.sendBroadcast:479 cn.eben.newweather.DateWeatherService.a:19 cn.eben.newweather.DateWeatherService.a:0 cn.eben.newweather.DateWeatherService$1.handleMessage:7
05-08 16:13:08.018 615 635 I DropBoxManagerService: add tag=system_app_strictmode isTagEnabled=true flags=0x2
05-08 16:13:08.035 615 635 I DropBoxManagerService: add tag=system_app_strictmode isTagEnabled=true flags=0x2
05-08 16:13:08.046 615 635 I DropBoxManagerService: add tag=system_app_strictmode isTagEnabled=true flags=0x2
05-08 16:13:08.057 615 635 I DropBoxManagerService: add tag=system_app_strictmode isTagEnabled=true flags=0x2
05-08 16:13:08.067 615 635 I DropBoxManagerService: add tag=system_app_strictmode isTagEnabled=true flags=0x2
05-08 16:13:08.520 456 485 I RIL : ---> enter mainloop wait at port
05-08 16:13:08.520 456 485 D RIL-DEV : Get modem info
05-08 16:13:08.521 456 485 D RIL-DEV : [05-08_16:13:08:522] idVendor = 1d6b
05-08 16:13:08.521 456 485 D RIL-DEV :
05-08 16:13:08.522 456 485 D RIL-DEV : [05-08_16:13:08:522] idVendor = 1d6b
05-08 16:13:08.522 456 485 D RIL-DEV :
05-08 16:13:08.523 456 485 D RIL-DEV : [05-08_16:13:08:523] idVendor = 1d6b
05-08 16:13:08.523 456 485 D RIL-DEV :
05-08 16:13:08.523 456 485 D RIL-DEV : [05-08_16:13:08:523] idVendor = 0781
05-08 16:13:08.523 456 485 D RIL-DEV :
05-08 16:13:08.523 456 485 D RIL-DEV : [05-08_16:13:08:524] idVendor = 1d6b
05-08 16:13:08.523 456 485 D RIL-DEV :
05-08 16:13:08.524 456 485 E RIL-DEV : Cannot find Meig devices
05-08 16:13:08.524 456 485 I RIL : ---> can't find meig usb devices
05-08 16:13:09.002 1267 1267 W ContextImpl: Calling a method in the system process without a qualified user: android.app.ContextImpl.sendBroadcast:1181 android.content.ContextWrapper.sendBroadcast:479 cn.eben.newweather.DateWeatherService.a:19 cn.eben.newweather.DateWeatherService.a:0 cn.eben.newweather.DateWeatherService$1.handleMessage:7
05-08 16:21:12.824 6849 6849 I : read descriptors
05-08 16:21:12.824 6849 6849 I : read strings
05-08 16:21:12.825 1 1 I init : processing action (sys.usb.config=adb && sys.usb.configfs=1 && sys.usb.ffs.ready=1) from (/system/etc/init/hw/init.usb.configfs.rc:20)
05-08 16:21:12.827 1 1 I init : Command 'symlink /config/usb_gadget/g1/functions/ffs.adb /config/usb_gadget/g1/configs/b.1/f1' action=sys.usb.config=adb && sys.usb.configfs=1 && sys.usb.ffs.ready=1 (/system/etc/init/hw/init.usb.configfs.rc:22) took 0ms and failed: symlink() failed: File exists
05-08 16:21:12.827 1 1 I init : Command 'write /config/usb_gadget/g1/UDC ${sys.usb.controller}' action=sys.usb.config=adb && sys.usb.configfs=1 && sys.usb.ffs.ready=1 (/system/etc/init/hw/init.usb.configfs.rc:23) took 0ms and failed: Unable to write to file '/config/usb_gadget/g1/UDC': Unable to write file contents: Device or resource busy
05-08 16:13:09.107 615 1113 I ActivityTaskManager: START u0 {act=android.intent.action.PICK dat= typ=vnd.android.cursor.dir/playlist flg=0x4000000 cmp=com.android.music/.PlaylistBrowserActivity (has extras)} from uid 10077
05-08 16:13:09.130 615 630 W ActivityTaskManager: Tried to set launchTime (0) < mLastActivityLaunchTime (5145577)
05-08 16:13:09.231 615 635 I DropBoxManagerService: add tag=system_app_strictmode isTagEnabled=true flags=0x2
05-08 16:13:09.237 615 635 I DropBoxManagerService: add tag=system_app_strictmode isTagEnabled=true flags=0x2
05-08 16:13:09.244 615 635 I DropBoxManagerService: add tag=system_app_strictmode isTagEnabled=true flags=0x2
05-08 16:13:09.253 615 635 I DropBoxManagerService: add tag=system_app_strictmode isTagEnabled=true flags=0x2
05-08 16:13:09.261 615 635 I DropBoxManagerService: add tag=system_app_strictmode isTagEnabled=true flags=0x2
05-08 16:13:10.003 1267 1267 W ContextImpl: Calling a method in the system process without a qualified user: android.app.ContextImpl.sendBroadcast:1181 android.content.ContextWrapper.sendBroadcast:479 cn.eben.newweather.DateWeatherService.a:19 cn.eben.newweather.DateWeatherService.a:0 cn.eben.newweather.DateWeatherService$1.handleMessage:7
05-08 16:21:13.874 6849 6849 I : read descriptors
05-08 16:21:13.874 6849 6849 I : read strings
05-08 16:21:13.876 1 1 I init : processing action (sys.usb.config=adb && sys.usb.configfs=1 && sys.usb.ffs.ready=1) from (/system/etc/init/hw/init.usb.configfs.rc:20)
05-08 16:21:13.879 1 1 I init : Command 'symlink /config/usb_gadget/g1/functions/ffs.adb /config/usb_gadget/g1/configs/b.1/f1' action=sys.usb.config=adb && sys.usb.configfs=1 && sys.usb.ffs.ready=1 (/system/etc/init/hw/init.usb.configfs.rc:22) took 0ms and failed: symlink() failed: File exists
05-08 16:21:13.880 1 1 I init : Command 'write /config/usb_gadget/g1/UDC ${sys.usb.controller}' action=sys.usb.config=adb && sys.usb.configfs=1 && sys.usb.ffs.ready=1 (/system/etc/init/hw/init.usb.configfs.rc:23) took 0ms and failed: Unable to write to file '/config/usb_gadget/g1/UDC': Unable to write file contents: Device or resource busy
05-08 16:13:10.175 615 1254 E TaskPersister: File error accessing recents directory (directory doesn't exist?).
05-08 16:13:10.491 615 1113 I ActivityTaskManager: START u0 {act=android.intent.action.PICK dat= typ=vnd.android.cursor.dir/track cmp=com.android.music/.TrackBrowserActivity (has extras)} from uid 10077
05-08 16:13:10.510 615 1113 W ActivityTaskManager: Tried to set launchTime (0) < mLastActivityLaunchTime (5148009)
05-08 16:13:10.524 456 485 I RIL : ---> enter mainloop wait at port
05-08 16:13:10.524 456 485 D RIL-DEV : Get modem info
05-08 16:13:10.525 456 485 D RIL-DEV : [05-08_16:13:10:525] idVendor = 1d6b
05-08 16:13:10.525 456 485 D RIL-DEV :
05-08 16:13:10.525 456 485 D RIL-DEV : [05-08_16:13:10:525] idVendor = 1d6b
05-08 16:13:10.525 456 485 D RIL-DEV :
05-08 16:13:10.525 456 485 D RIL-DEV : [05-08_16:13:10:525] idVendor = 1d6b
05-08 16:13:10.525 456 485 D RIL-DEV :
05-08 16:13:10.525 456 485 D RIL-DEV : [05-08_16:13:10:525] idVendor = 0781
05-08 16:13:10.525 456 485 D RIL-DEV :
05-08 16:13:10.525 456 485 D RIL-DEV : [05-08_16:13:10:526] idVendor = 1d6b
05-08 16:13:10.525 456 485 D RIL-DEV :
05-08 16:13:10.525 456 485 E RIL-DEV : Cannot find Meig devices
05-08 16:13:10.525 456 485 I RIL : ---> can't find meig usb devices
05-08 16:13:10.645 615 635 I DropBoxManagerService: add tag=system_app_strictmode isTagEnabled=true flags=0x2
05-08 16:13:10.654 615 635 I DropBoxManagerService: add tag=system_app_strictmode isTagEnabled=true flags=0x2
05-08 16:13:10.661 615 635 I DropBoxManagerService: add tag=system_app_strictmode isTagEnabled=true flags=0x2
05-08 16:13:10.670 615 635 I DropBoxManagerService: add tag=system_app_strictmode isTagEnabled=true flags=0x2
05-08 16:13:10.676 615 635 I DropBoxManagerService: add tag=system_app_strictmode isTagEnabled=true flags=0x2
05-08 16:13:11.003 1267 1267 W ContextImpl: Calling a method in the system process without a qualified user: android.app.ContextImpl.sendBroadcast:1181 android.content.ContextWrapper.sendBroadcast:479 cn.eben.newweather.DateWeatherService.a:19 cn.eben.newweather.DateWeatherService.a:0 cn.eben.newweather.DateWeatherService$1.handleMessage:7
05-08 16:21:14.927 6849 6849 I : read descriptors
05-08 16:21:14.927 6849 6849 I : read strings
05-08 16:21:14.929 1 1 I init : processing action (sys.usb.config=adb && sys.usb.configfs=1 && sys.usb.ffs.ready=1) from (/system/etc/init/hw/init.usb.configfs.rc:20)
05-08 16:13:11.643 615 635 I DropBoxManagerService: add tag=system_app_strictmode isTagEnabled=true flags=0x2
05-08 16:13:11.661 615 635 I DropBoxManagerService: add tag=system_app_strictmode isTagEnabled=true flags=0x2
05-08 16:13:11.675 615 635 I DropBoxManagerService: add tag=system_app_strictmode isTagEnabled=true flags=0x2
05-08 16:13:11.686 615 635 I DropBoxManagerService: add tag=system_app_strictmode isTagEnabled=true flags=0x2
05-08 16:13:11.695 615 635 I DropBoxManagerService: add tag=system_app_strictmode isTagEnabled=true flags=0x2
05-08 16:13:12.002 1267 1267 W ContextImpl: Calling a method in the system process without a qualified user: android.app.ContextImpl.sendBroadcast:1181 android.content.ContextWrapper.sendBroadcast:479 cn.eben.newweather.DateWeatherService.a:19 cn.eben.newweather.DateWeatherService.a:0 cn.eben.newweather.DateWeatherService$1.handleMessage:7
05-08 16:21:15.990 6849 6849 I : read descriptors
05-08 16:21:15.991 6849 6849 I : read strings
05-08 16:13:12.526 456 485 I RIL : ---> enter mainloop wait at port
05-08 16:13:12.526 456 485 D RIL-DEV : Get modem info
05-08 16:13:12.526 456 485 D RIL-DEV : [05-08_16:13:12:527] idVendor = 1d6b
05-08 16:13:12.526 456 485 D RIL-DEV :
05-08 16:13:12.527 456 485 D RIL-DEV : [05-08_16:13:12:527] idVendor = 1d6b
05-08 16:13:12.527 456 485 D RIL-DEV :
05-08 16:13:12.527 456 485 D RIL-DEV : [05-08_16:13:12:528] idVendor = 1d6b
05-08 16:13:12.527 456 485 D RIL-DEV :
05-08 16:13:12.527 456 485 D RIL-DEV : [05-08_16:13:12:528] idVendor = 0781
05-08 16:13:12.527 456 485 D RIL-DEV :
05-08 16:13:12.528 456 485 D RIL-DEV : [05-08_16:13:12:528] idVendor = 1d6b
05-08 16:13:12.528 456 485 D RIL-DEV :
05-08 16:13:12.528 456 485 E RIL-DEV : Cannot find Meig devices
05-08 16:13:12.528 456 485 I RIL : ---> can't find meig usb devices
05-08 16:13:13.002 1267 1267 W ContextImpl: Calling a method in the system process without a qualified user: android.app.ContextImpl.sendBroadcast:1181 android.content.ContextWrapper.sendBroadcast:479 cn.eben.newweather.DateWeatherService.a:19 cn.eben.newweather.DateWeatherService.a:0 cn.eben.newweather.DateWeatherService$1.handleMessage:7
05-08 16:13:13.177 615 635 I DropBoxManagerService: add tag=system_server_strictmode isTagEnabled=true flags=0x2
05-08 16:13:13.183 615 643 I ActivityManager: Start proc 11950:com.android.musicfx/u0a17 for broadcast {com.android.musicfx/com.android.musicfx.ControlPanelReceiver}
05-08 16:13:13.225 615 8196 I ActivityManager: Background started FGS: Allowed [callingPackage: com.android.music; callingUid: 10077; uidState: CEM ; intent: Intent { act=com.android.music.musicservicecommand.togglepause flg=0x10000000 cmp=com.android.music/.MediaPlaybackService bnds=[476,416][600,658] }; code:START_ACTIVITY_FLAG; tempAllowListReason:; targetSdkVersion:30; callerTargetSdkVersion:30; startForegroundCount:0; bindFromPackage:null]
05-08 16:13:13.226 615 642 I ActivityManager: Deferring FGS notification in legacy app com.android.music/u0a77 : Notification(channel=music_media_play shortcut=null contentView=com.android.music/0x7f060011 vibrate=null sound=null defaults=0x0 flags=0x42 color=0x00000000 vis=PRIVATE)
05-08 16:13:13.230 615 630 I ActivityTaskManager: START u0 {act=com.android.music.PLAYBACK_VIEWER flg=0x4000000 cmp=com.android.music/.MediaPlaybackActivity} from uid 10077
05-08 16:13:13.231 615 630 W ActivityTaskManager: Can't find TaskDisplayArea to determine support for multi window. Task id=178 attached=false
05-08 16:13:13.234 615 630 V SplashScreenExceptionList: SplashScreen checking exception for package com.android.music (target sdk:30) -> false
05-08 16:21:17.047 6849 6849 I : read descriptors
05-08 16:21:17.047 6849 6849 I : read strings
05-08 16:21:17.047 1 1 I init : processing action (sys.usb.config=adb && sys.usb.configfs=1 && sys.usb.ffs.ready=1) from (/system/etc/init/hw/init.usb.configfs.rc:20)
05-08 16:21:17.047 1 1 I init : Command 'symlink /config/usb_gadget/g1/functions/ffs.adb /config/usb_gadget/g1/configs/b.1/f1' action=sys.usb.config=adb && sys.usb.configfs=1 && sys.usb.ffs.ready=1 (/system/etc/init/hw/init.usb.configfs.rc:22) took 0ms and failed: symlink() failed: File exists
05-08 16:21:17.047 1 1 I init : Command 'write /config/usb_gadget/g1/UDC ${sys.usb.controller}' action=sys.usb.config=adb && sys.usb.configfs=1 && sys.usb.ffs.ready=1 (/system/etc/init/hw/init.usb.configfs.rc:23) took 0ms and failed: Unable to write to file '/config/usb_gadget/g1/UDC': Unable to write file contents: Device or resource busy
05-08 16:13:13.240 615 1113 W ActivityTaskManager: Tried to set launchTime (0) < mLastActivityLaunchTime (5149389)
05-08 16:21:17.056 2527 2527 W : abc audioDBG [es8323_mute] start mute:0
05-08 16:21:17.066 2527 2527 I [Awinic] [3-0058]aw_acf_get_prof_desc_form_name: get prof desc down
05-08 16:21:17.079 2527 2527 I [Awinic] [3-005b]aw_acf_get_prof_desc_form_name: get prof desc down
05-08 16:13:13.501 615 1254 E TaskPersister: File error accessing recents directory (directory doesn't exist?).
05-08 16:13:14.001 1267 1267 W ContextImpl: Calling a method in the system process without a qualified user: android.app.ContextImpl.sendBroadcast:1181 android.content.ContextWrapper.sendBroadcast:479 cn.eben.newweather.DateWeatherService.a:19 cn.eben.newweather.DateWeatherService.a:0 cn.eben.newweather.DateWeatherService$1.handleMessage:7
05-08 16:21:18.107 6849 6849 I : read descriptors
05-08 16:21:18.107 6849 6849 I : read strings
05-08 16:21:18.109 1 1 I init : processing action (sys.usb.config=adb && sys.usb.configfs=1 && sys.usb.ffs.ready=1) from (/system/etc/init/hw/init.usb.configfs.rc:20)
05-08 16:21:18.112 1 1 I init : Command 'symlink /config/usb_gadget/g1/functions/ffs.adb /config/usb_gadget/g1/configs/b.1/f1' action=sys.usb.config=adb && sys.usb.configfs=1 && sys.usb.ffs.ready=1 (/system/etc/init/hw/init.usb.configfs.rc:22) took 0ms and failed: symlink() failed: File exists
05-08 16:21:18.113 1 1 I init : Command 'write /config/usb_gadget/g1/UDC ${sys.usb.controller}' action=sys.usb.config=adb && sys.usb.configfs=1 && sys.usb.ffs.ready=1 (/system/etc/init/hw/init.usb.configfs.rc:23) took 0ms and failed: Unable to write to file '/config/usb_gadget/g1/UDC': Unable to write file contents: Device or resource busy
05-08 16:13:14.528 456 485 I RIL : ---> enter mainloop wait at port
05-08 16:13:14.529 456 485 D RIL-DEV : Get modem info
05-08 16:13:14.529 456 485 D RIL-DEV : [05-08_16:13:14:530] idVendor = 1d6b
05-08 16:13:14.529 456 485 D RIL-DEV :
05-08 16:13:14.529 456 485 D RIL-DEV : [05-08_16:13:14:530] idVendor = 1d6b
05-08 16:13:14.529 456 485 D RIL-DEV :
05-08 16:13:14.530 456 485 D RIL-DEV : [05-08_16:13:14:530] idVendor = 1d6b
05-08 16:13:14.530 456 485 D RIL-DEV :
05-08 16:13:14.530 456 485 D RIL-DEV : [05-08_16:13:14:530] idVendor = 0781
05-08 16:13:14.530 456 485 D RIL-DEV :
05-08 16:13:14.530 456 485 D RIL-DEV : [05-08_16:13:14:530] idVendor = 1d6b
05-08 16:13:14.530 456 485 D RIL-DEV :
05-08 16:13:14.530 456 485 E RIL-DEV : Cannot find Meig devices
05-08 16:13:14.530 456 485 I RIL : ---> can't find meig usb devices
05-08 16:13:15.002 1267 1267 W ContextImpl: Calling a method in the system process without a qualified user: android.app.ContextImpl.sendBroadcast:1181 android.content.ContextWrapper.sendBroadcast:479 cn.eben.newweather.DateWeatherService.a:19 cn.eben.newweather.DateWeatherService.a:0 cn.eben.newweather.DateWeatherService$1.handleMessage:7
05-08 16:21:19.144 6849 6849 I : read descriptors
05-08 16:21:19.144 6849 6849 I : read strings
05-08 16:21:19.147 1 1 I init : processing action (sys.usb.config=adb && sys.usb.configfs=1 && sys.usb.ffs.ready=1) from (/system/etc/init/hw/init.usb.configfs.rc:20)
05-08 16:21:19.149 1 1 I init : Command 'symlink /config/usb_gadget/g1/functions/ffs.adb /config/usb_gadget/g1/configs/b.1/f1' action=sys.usb.config=adb && sys.usb.configfs=1 && sys.usb.ffs.ready=1 (/system/etc/init/hw/init.usb.configfs.rc:22) took 0ms and failed: symlink() failed: File exists
05-08 16:21:19.149 1 1 I init : Command 'write /config/usb_gadget/g1/UDC ${sys.usb.controller}' action=sys.usb.config=adb && sys.usb.configfs=1 && sys.usb.ffs.ready=1 (/system/etc/init/hw/init.usb.configfs.rc:23) took 0ms and failed: Unable to write to file '/config/usb_gadget/g1/UDC': Unable to write file contents: Device or resource busy
05-08 16:13:15.484 615 635 I DropBoxManagerService: add tag=system_app_strictmode isTagEnabled=true flags=0x2
05-08 16:13:16.003 1267 1267 W ContextImpl: Calling a method in the system process without a qualified user: android.app.ContextImpl.sendBroadcast:1181 android.content.ContextWrapper.sendBroadcast:479 cn.eben.newweather.DateWeatherService.a:19 cn.eben.newweather.DateWeatherService.a:0 cn.eben.newweather.DateWeatherService$1.handleMessage:7
05-08 16:21:20.190 6849 6849 I : read descriptors
05-08 16:21:20.190 6849 6849 I : read strings
05-08 16:21:20.191 1 1 I init : processing action (sys.usb.config=adb && sys.usb.configfs=1 && sys.usb.ffs.ready=1) from (/system/etc/init/hw/init.usb.configfs.rc:20)
05-08 16:13:16.530 456 485 I RIL : ---> enter mainloop wait at port
05-08 16:13:16.531 456 485 D RIL-DEV : Get modem info
05-08 16:13:16.531 456 485 D RIL-DEV : [05-08_16:13:16:532] idVendor = 1d6b
05-08 16:13:16.531 456 485 D RIL-DEV :
05-08 16:13:16.531 456 485 D RIL-DEV : [05-08_16:13:16:532] idVendor = 1d6b
05-08 16:13:16.531 456 485 D RIL-DEV :
05-08 16:13:16.532 456 485 D RIL-DEV : [05-08_16:13:16:532] idVendor = 1d6b
05-08 16:13:16.532 456 485 D RIL-DEV :
05-08 16:13:16.532 456 485 D RIL-DEV : [05-08_16:13:16:533] idVendor = 0781
05-08 16:13:16.532 456 485 D RIL-DEV :
05-08 16:13:16.532 456 485 D RIL-DEV : [05-08_16:13:16:533] idVendor = 1d6b
05-08 16:13:16.532 456 485 D RIL-DEV :
05-08 16:13:16.533 456 485 E RIL-DEV : Cannot find Meig devices
05-08 16:13:16.533 456 485 I RIL : ---> can't find meig usb devices
05-08 16:13:16.647 615 634 D AutofillManagerService: onBackKeyPressed()
05-08 16:13:17.002 1267 1267 W ContextImpl: Calling a method in the system process without a qualified user: android.app.ContextImpl.sendBroadcast:1181 android.content.ContextWrapper.sendBroadcast:479 cn.eben.newweather.DateWeatherService.a:19 cn.eben.newweather.DateWeatherService.a:0 cn.eben.newweather.DateWeatherService$1.handleMessage:7
05-08 16:13:17.023 615 637 W ActivityTaskManager: Can't find TaskDisplayArea to determine support for multi window. Task id=178 attached=false
05-08 16:13:17.024 615 637 W ActivityTaskManager: Can't find TaskDisplayArea to determine support for multi window. Task id=178 attached=false
05-08 16:21:21.242 6849 6849 I : read descriptors
05-08 16:21:21.242 6849 6849 I : read strings
05-08 16:13:18.002 1267 1267 W ContextImpl: Calling a method in the system process without a qualified user: android.app.ContextImpl.sendBroadcast:1181 android.content.ContextWrapper.sendBroadcast:479 cn.eben.newweather.DateWeatherService.a:19 cn.eben.newweather.DateWeatherService.a:0 cn.eben.newweather.DateWeatherService$1.handleMessage:7
05-08 16:13:18.170 615 634 D AutofillManagerService: onBackKeyPressed()
05-08 16:21:22.304 6849 6849 I : read descriptors
05-08 16:21:22.304 6849 6849 I : read strings
05-08 16:21:22.305 1 1 I init : processing action (sys.usb.config=adb && sys.usb.configfs=1 && sys.usb.ffs.ready=1) from (/system/etc/init/hw/init.usb.configfs.rc:20)
05-08 16:21:22.306 1 1 I init : Command 'symlink /config/usb_gadget/g1/functions/ffs.adb /config/usb_gadget/g1/configs/b.1/f1' action=sys.usb.config=adb && sys.usb.configfs=1 && sys.usb.ffs.ready=1 (/system/etc/init/hw/init.usb.configfs.rc:22) took 0ms and failed: symlink() failed: File exists
05-08 16:21:22.306 1 1 I init : Command 'write /config/usb_gadget/g1/UDC ${sys.usb.controller}' action=sys.usb.config=adb && sys.usb.configfs=1 && sys.usb.ffs.ready=1 (/system/etc/init/hw/init.usb.configfs.rc:23) took 0ms and failed: Unable to write to file '/config/usb_gadget/g1/UDC': Unable to write file contents: Device or resource busy
05-08 16:13:18.533 456 485 I RIL : ---> enter mainloop wait at port
05-08 16:13:18.533 456 485 D RIL-DEV : Get modem info
05-08 16:13:18.534 456 485 D RIL-DEV : [05-08_16:13:18:534] idVendor = 1d6b
05-08 16:13:18.534 456 485 D RIL-DEV :
05-08 16:13:18.534 456 485 D RIL-DEV : [05-08_16:13:18:534] idVendor = 1d6b
05-08 16:13:18.534 456 485 D RIL-DEV :
05-08 16:13:18.534 456 485 D RIL-DEV : [05-08_16:13:18:534] idVendor = 1d6b
05-08 16:13:18.534 456 485 D RIL-DEV :
05-08 16:13:18.534 456 485 D RIL-DEV : [05-08_16:13:18:534] idVendor = 0781
05-08 16:13:18.534 456 485 D RIL-DEV :
05-08 16:13:18.534 456 485 D RIL-DEV : [05-08_16:13:18:535] idVendor = 1d6b
05-08 16:13:18.534 456 485 D RIL-DEV :
05-08 16:13:18.534 456 485 E RIL-DEV : Cannot find Meig devices
05-08 16:13:18.534 456 485 I RIL : ---> can't find meig usb devices
05-08 16:13:19.003 1267 1267 W ContextImpl: Calling a method in the system process without a qualified user: android.app.ContextImpl.sendBroadcast:1181 android.content.ContextWrapper.sendBroadcast:479 cn.eben.newweather.DateWeatherService.a:19 cn.eben.newweather.DateWeatherService.a:0 cn.eben.newweather.DateWeatherService$1.handleMessage:7
05-08 16:21:23.354 6849 6849 I : read descriptors
05-08 16:21:23.354 6849 6849 I : read strings
05-08 16:21:23.356 1 1 I init : processing action (sys.usb.config=adb && sys.usb.configfs=1 && sys.usb.ffs.ready=1) from (/system/etc/init/hw/init.usb.configfs.rc:20)
05-08 16:21:23.359 1 1 I init : Command 'symlink /config/usb_gadget/g1/functions/ffs.adb /config/usb_gadget/g1/configs/b.1/f1' action=sys.usb.config=adb && sys.usb.configfs=1 && sys.usb.ffs.ready=1 (/system/etc/init/hw/init.usb.configfs.rc:22) took 0ms and failed: symlink() failed: File exists
05-08 16:21:23.359 1 1 I init : Command 'write /config/usb_gadget/g1/UDC ${sys.usb.controller}' action=sys.usb.config=adb && sys.usb.configfs=1 && sys.usb.ffs.ready=1 (/system/etc/init/hw/init.usb.configfs.rc:23) took 0ms and failed: Unable to write to file '/config/usb_gadget/g1/UDC': Unable to write file contents: Device or resource busy
05-08 16:13:19.759 615 633 D AutofillManagerService: Close system dialogs
05-08 16:13:19.770 615 634 I ActivityTaskManager: START u0 {act=android.intent.action.MAIN cat=[android.intent.category.HOME] flg=0x10000100 cmp=com.android.launcher3/.uioverrides.QuickstepLauncher (has extras)} from uid 0
05-08 16:13:19.807 615 633 D AutofillManagerService: Close system dialogs
