05-08 16:08:50.328 456 485 I RIL : ---> can't find meig usb devices
05-08 16:16:43.323 6849 6849 I : read descriptors
05-08 16:16:43.323 6849 6849 I : read strings
05-08 16:16:43.326 1 1 I init : processing action (sys.usb.config=adb && sys.usb.configfs=1 && sys.usb.ffs.ready=1) from (/system/etc/init/hw/init.usb.configfs.rc:20)
05-08 16:16:44.370 6849 6849 I : read descriptors
05-08 16:16:44.370 6849 6849 I : read strings
05-08 16:08:52.328 456 485 I RIL : ---> enter mainloop wait at port
05-08 16:08:52.328 456 485 D RIL-DEV : Get modem info
05-08 16:08:52.329 456 485 D RIL-DEV : [05-08_16:08:52:329] idVendor = 1d6b
05-08 16:08:52.329 456 485 D RIL-DEV :
05-08 16:08:52.329 456 485 D RIL-DEV : [05-08_16:08:52:329] idVendor = 1d6b
05-08 16:08:52.329 456 485 D RIL-DEV :
05-08 16:08:52.329 456 485 D RIL-DEV : [05-08_16:08:52:330] idVendor = 1d6b
05-08 16:08:52.329 456 485 D RIL-DEV :
05-08 16:08:52.330 456 485 D RIL-DEV : [05-08_16:08:52:330] idVendor = 0781
05-08 16:08:52.330 456 485 D RIL-DEV :
05-08 16:08:52.330 456 485 D RIL-DEV : [05-08_16:08:52:330] idVendor = 1d6b
05-08 16:08:52.330 456 485 D RIL-DEV :
05-08 16:08:52.330 456 485 E RIL-DEV : Cannot find Meig devices
05-08 16:08:52.330 456 485 I RIL : ---> can't find meig usb devices
05-08 16:16:45.420 6849 6849 I : read descriptors
05-08 16:16:45.420 6849 6849 I : read strings
05-08 16:16:45.424 1 1 I init : processing action (sys.usb.config=adb && sys.usb.configfs=1 && sys.usb.ffs.ready=1) from (/system/etc/init/hw/init.usb.configfs.rc:20)
05-08 16:16:45.425 1 1 I init : Command 'symlink /config/usb_gadget/g1/functions/ffs.adb /config/usb_gadget/g1/configs/b.1/f1' action=sys.usb.config=adb && sys.usb.configfs=1 && sys.usb.ffs.ready=1 (/system/etc/init/hw/init.usb.configfs.rc:22) took 0ms and failed: symlink() failed: File exists
05-08 16:16:45.426 1 1 I init : Command 'write /config/usb_gadget/g1/UDC ${sys.usb.controller}' action=sys.usb.config=adb && sys.usb.configfs=1 && sys.usb.ffs.ready=1 (/system/etc/init/hw/init.usb.configfs.rc:23) took 0ms and failed: Unable to write to file '/config/usb_gadget/g1/UDC': Unable to write file contents: Device or resource busy
05-08 16:16:46.473 6849 6849 I : read descriptors
05-08 16:16:46.474 6849 6849 I : read strings
05-08 16:16:46.476 1 1 I init : processing action (sys.usb.config=adb && sys.usb.configfs=1 && sys.usb.ffs.ready=1) from (/system/etc/init/hw/init.usb.configfs.rc:20)
05-08 16:16:46.479 1 1 I init : Command 'symlink /config/usb_gadget/g1/functions/ffs.adb /config/usb_gadget/g1/configs/b.1/f1' action=sys.usb.config=adb && sys.usb.configfs=1 && sys.usb.ffs.ready=1 (/system/etc/init/hw/init.usb.configfs.rc:22) took 0ms and failed: symlink() failed: File exists
05-08 16:16:46.481 1 1 I init : Command 'write /config/usb_gadget/g1/UDC ${sys.usb.controller}' action=sys.usb.config=adb && sys.usb.configfs=1 && sys.usb.ffs.ready=1 (/system/etc/init/hw/init.usb.configfs.rc:23) took 2ms and failed: Unable to write to file '/config/usb_gadget/g1/UDC': Unable to write file contents: Device or resource busy
05-08 16:08:54.331 456 485 I RIL : ---> enter mainloop wait at port
05-08 16:08:54.331 456 485 D RIL-DEV : Get modem info
05-08 16:08:54.331 456 485 D RIL-DEV : [05-08_16:08:54:332] idVendor = 1d6b
05-08 16:08:54.331 456 485 D RIL-DEV :
05-08 16:08:54.332 456 485 D RIL-DEV : [05-08_16:08:54:332] idVendor = 1d6b
05-08 16:08:54.332 456 485 D RIL-DEV :
05-08 16:08:54.332 456 485 D RIL-DEV : [05-08_16:08:54:333] idVendor = 1d6b
05-08 16:08:54.332 456 485 D RIL-DEV :
05-08 16:08:54.332 456 485 D RIL-DEV : [05-08_16:08:54:333] idVendor = 0781
05-08 16:08:54.332 456 485 D RIL-DEV :
05-08 16:08:54.333 456 485 D RIL-DEV : [05-08_16:08:54:333] idVendor = 1d6b
05-08 16:08:54.333 456 485 D RIL-DEV :
05-08 16:08:54.333 456 485 E RIL-DEV : Cannot find Meig devices
05-08 16:08:54.333 456 485 I RIL : ---> can't find meig usb devices
05-08 16:16:47.517 6849 6849 I : read descriptors
05-08 16:16:47.517 6849 6849 I : read strings
05-08 16:16:47.518 1 1 I init : processing action (sys.usb.config=adb && sys.usb.configfs=1 && sys.usb.ffs.ready=1) from (/system/etc/init/hw/init.usb.configfs.rc:20)
05-08 16:16:47.523 1 1 I init : Command 'symlink /config/usb_gadget/g1/functions/ffs.adb /config/usb_gadget/g1/configs/b.1/f1' action=sys.usb.config=adb && sys.usb.configfs=1 && sys.usb.ffs.ready=1 (/system/etc/init/hw/init.usb.configfs.rc:22) took 1ms and failed: symlink() failed: File exists
05-08 16:16:47.526 1 1 I init : Command 'write /config/usb_gadget/g1/UDC ${sys.usb.controller}' action=sys.usb.config=adb && sys.usb.configfs=1 && sys.usb.ffs.ready=1 (/system/etc/init/hw/init.usb.configfs.rc:23) took 1ms and failed: Unable to write to file '/config/usb_gadget/g1/UDC': Unable to write file contents: Device or resource busy
05-08 16:16:47.771 2527 2527 W : abc audioDBG [es8323_mute] start mute:0
05-08 16:16:47.781 2527 2527 I [Awinic] [3-0058]aw_acf_get_prof_desc_form_name: get prof desc down
05-08 16:16:47.795 2527 2527 I [Awinic] [3-005b]aw_acf_get_prof_desc_form_name: get prof desc down
05-08 16:16:48.567 6849 6849 I : read descriptors
05-08 16:16:48.567 6849 6849 I : read strings
05-08 16:16:48.569 1 1 I init : processing action (sys.usb.config=adb && sys.usb.configfs=1 && sys.usb.ffs.ready=1) from (/system/etc/init/hw/init.usb.configfs.rc:20)
05-08 16:08:56.333 456 485 I RIL : ---> enter mainloop wait at port
05-08 16:08:56.333 456 485 D RIL-DEV : Get modem info
05-08 16:08:56.333 456 485 D RIL-DEV : [05-08_16:08:56:334] idVendor = 1d6b
05-08 16:08:56.333 456 485 D RIL-DEV :
05-08 16:08:56.333 456 485 D RIL-DEV : [05-08_16:08:56:334] idVendor = 1d6b
05-08 16:08:56.333 456 485 D RIL-DEV :
05-08 16:08:56.334 456 485 D RIL-DEV : [05-08_16:08:56:334] idVendor = 1d6b
05-08 16:08:56.334 456 485 D RIL-DEV :
05-08 16:08:56.334 456 485 D RIL-DEV : [05-08_16:08:56:334] idVendor = 0781
05-08 16:08:56.334 456 485 D RIL-DEV :
05-08 16:08:56.334 456 485 D RIL-DEV : [05-08_16:08:56:334] idVendor = 1d6b
05-08 16:08:56.334 456 485 D RIL-DEV :
05-08 16:08:56.334 456 485 E RIL-DEV : Cannot find Meig devices
05-08 16:08:56.334 456 485 I RIL : ---> can't find meig usb devices
05-08 16:16:49.093 422 422 W : abc audioDBG [es8323_mute] start mute:1
05-08 16:16:49.093 422 422 I [Awinic] [3-0058]aw_acf_get_prof_desc_form_name: get prof desc down
05-08 16:16:49.094 422 422 I [Awinic] [3-005b]aw_acf_get_prof_desc_form_name: get prof desc down
05-08 16:16:49.620 6849 6849 I : read descriptors
05-08 16:16:49.620 6849 6849 I : read strings
05-08 16:16:49.779 431 431 W healthd : battery l=44 v=7438 t=33.0 h=1 st=3 c=-768000 fc=9700000 cc=5 chg=
05-08 16:16:49.924 2527 2527 W : abc audioDBG [es8323_mute] start mute:0
05-08 16:16:49.934 2527 2527 I [Awinic] [3-0058]aw_acf_get_prof_desc_form_name: get prof desc down
05-08 16:16:49.948 2527 2527 I [Awinic] [3-005b]aw_acf_get_prof_desc_form_name: get prof desc down
05-08 16:16:50.339 437 437 I gsensor_mxc6655 5-0015: set sensor poll time to 200ms
05-08 16:16:50.360 431 431 W healthd : battery l=44 v=7438 t=33.0 h=1 st=3 c=-1024000 fc=9700000 cc=5 chg=
05-08 16:16:50.393 431 431 W healthd : battery l=44 v=7438 t=33.0 h=1 st=3 c=-1024000 fc=9700000 cc=5 chg=
05-08 16:08:58.188 975 975 D DCT-C-0 : screen off
05-08 16:08:58.188 975 975 D DCT-C-0 : stopNetStatPoll
05-08 16:16:50.471 437 437 I gsensor_mxc6655 5-0015: set sensor poll time to 200ms
05-08 16:16:50.472 437 437 I gsensor_mxc6655 5-0015: sensor on: starting poll sensor data 196ms
05-08 16:08:58.248 975 975 D DCT-C-0 : screen on
05-08 16:08:58.248 975 975 D DCT-C-0 : stopNetStatPoll
05-08 16:16:50.522 437 437 I gsensor_mxc6655 5-0015: set sensor poll time to 66ms
05-08 16:08:58.334 456 485 I RIL : ---> enter mainloop wait at port
05-08 16:08:58.334 456 485 D RIL-DEV : Get modem info
05-08 16:08:58.335 456 485 D RIL-DEV : [05-08_16:08:58:335] idVendor = 1d6b
05-08 16:08:58.335 456 485 D RIL-DEV :
05-08 16:08:58.335 456 485 D RIL-DEV : [05-08_16:08:58:335] idVendor = 1d6b
05-08 16:08:58.335 456 485 D RIL-DEV :
05-08 16:08:58.335 456 485 D RIL-DEV : [05-08_16:08:58:336] idVendor = 1d6b
05-08 16:08:58.335 456 485 D RIL-DEV :
05-08 16:08:58.335 456 485 D RIL-DEV : [05-08_16:08:58:336] idVendor = 0781
05-08 16:08:58.335 456 485 D RIL-DEV :
05-08 16:08:58.335 456 485 D RIL-DEV : [05-08_16:08:58:336] idVendor = 1d6b
05-08 16:08:58.335 456 485 D RIL-DEV :
05-08 16:08:58.336 456 485 E RIL-DEV : Cannot find Meig devices
05-08 16:08:58.336 456 485 I RIL : ---> can't find meig usb devices
05-08 16:16:50.677 6849 6849 I : read descriptors
05-08 16:16:50.677 6849 6849 I : read strings
05-08 16:16:50.679 1 1 I init : processing action (sys.usb.config=adb && sys.usb.configfs=1 && sys.usb.ffs.ready=1) from (/system/etc/init/hw/init.usb.configfs.rc:20)
05-08 16:16:50.681 1 1 I init : Command 'symlink /config/usb_gadget/g1/functions/ffs.adb /config/usb_gadget/g1/configs/b.1/f1' action=sys.usb.config=adb && sys.usb.configfs=1 && sys.usb.ffs.ready=1 (/system/etc/init/hw/init.usb.configfs.rc:22) took 0ms and failed: symlink() failed: File exists
05-08 16:16:50.682 1 1 I init : Command 'write /config/usb_gadget/g1/UDC ${sys.usb.controller}' action=sys.usb.config=adb && sys.usb.configfs=1 && sys.usb.ffs.ready=1 (/system/etc/init/hw/init.usb.configfs.rc:23) took 0ms and failed: Unable to write to file '/config/usb_gadget/g1/UDC': Unable to write file contents: Device or resource busy
05-08 16:16:51.312 539 539 W : abc audioDBG [es8323_mute] start mute:1
05-08 16:16:51.312 539 539 I [Awinic] [3-0058]aw_acf_get_prof_desc_form_name: get prof desc down
05-08 16:16:51.313 539 539 I [Awinic] [3-005b]aw_acf_get_prof_desc_form_name: get prof desc down
05-08 16:16:51.717 6849 6849 I : read descriptors
05-08 16:16:51.717 6849 6849 I : read strings
05-08 16:16:51.720 1 1 I init : processing action (sys.usb.config=adb && sys.usb.configfs=1 && sys.usb.ffs.ready=1) from (/system/etc/init/hw/init.usb.configfs.rc:20)
05-08 16:16:51.723 1 1 I init : Command 'symlink /config/usb_gadget/g1/functions/ffs.adb /config/usb_gadget/g1/configs/b.1/f1' action=sys.usb.config=adb && sys.usb.configfs=1 && sys.usb.ffs.ready=1 (/system/etc/init/hw/init.usb.configfs.rc:22) took 0ms and failed: symlink() failed: File exists
05-08 16:16:51.723 1 1 I init : Command 'write /config/usb_gadget/g1/UDC ${sys.usb.controller}' action=sys.usb.config=adb && sys.usb.configfs=1 && sys.usb.ffs.ready=1 (/system/etc/init/hw/init.usb.configfs.rc:23) took 0ms and failed: Unable to write to file '/config/usb_gadget/g1/UDC': Unable to write file contents: Device or resource busy
05-08 16:09:00.336 456 485 I RIL : ---> enter mainloop wait at port
05-08 16:09:00.336 456 485 D RIL-DEV : Get modem info
05-08 16:09:00.337 456 485 D RIL-DEV : [05-08_16:09:00:337] idVendor = 1d6b
05-08 16:09:00.337 456 485 D RIL-DEV :
05-08 16:09:00.337 456 485 D RIL-DEV : [05-08_16:09:00:338] idVendor = 1d6b
05-08 16:09:00.337 456 485 D RIL-DEV :
05-08 16:09:00.338 456 485 D RIL-DEV : [05-08_16:09:00:338] idVendor = 1d6b
05-08 16:09:00.338 456 485 D RIL-DEV :
05-08 16:09:00.338 456 485 D RIL-DEV : [05-08_16:09:00:338] idVendor = 0781
05-08 16:09:00.338 456 485 D RIL-DEV :
05-08 16:09:00.338 456 485 D RIL-DEV : [05-08_16:09:00:339] idVendor = 1d6b
05-08 16:09:00.338 456 485 D RIL-DEV :
05-08 16:09:00.339 456 485 E RIL-DEV : Cannot find Meig devices
05-08 16:09:00.339 456 485 I RIL : ---> can't find meig usb devices
05-08 16:16:52.783 6849 6849 I : read descriptors
05-08 16:16:52.784 6849 6849 I : read strings
05-08 16:16:52.786 1 1 I init : processing action (sys.usb.config=adb && sys.usb.configfs=1 && sys.usb.ffs.ready=1) from (/system/etc/init/hw/init.usb.configfs.rc:20)
05-08 16:16:52.788 1 1 I init : Command 'symlink /config/usb_gadget/g1/functions/ffs.adb /config/usb_gadget/g1/configs/b.1/f1' action=sys.usb.config=adb && sys.usb.configfs=1 && sys.usb.ffs.ready=1 (/system/etc/init/hw/init.usb.configfs.rc:22) took 0ms and failed: symlink() failed: File exists
05-08 16:16:52.789 1 1 I init : Command 'write /config/usb_gadget/g1/UDC ${sys.usb.controller}' action=sys.usb.config=adb && sys.usb.configfs=1 && sys.usb.ffs.ready=1 (/system/etc/init/hw/init.usb.configfs.rc:23) took 0ms and failed: Unable to write to file '/config/usb_gadget/g1/UDC': Unable to write file contents: Device or resource busy
05-08 16:16:53.837 6849 6849 I : read descriptors
05-08 16:16:53.837 6849 6849 I : read strings
05-08 16:16:53.839 1 1 I init : processing action (sys.usb.config=adb && sys.usb.configfs=1 && sys.usb.ffs.ready=1) from (/system/etc/init/hw/init.usb.configfs.rc:20)
05-08 16:09:02.339 456 485 I RIL : ---> enter mainloop wait at port
05-08 16:09:02.339 456 485 D RIL-DEV : Get modem info
05-08 16:09:02.340 456 485 D RIL-DEV : [05-08_16:09:02:340] idVendor = 1d6b
05-08 16:09:02.340 456 485 D RIL-DEV :
05-08 16:09:02.340 456 485 D RIL-DEV : [05-08_16:09:02:341] idVendor = 1d6b
05-08 16:09:02.340 456 485 D RIL-DEV :
05-08 16:09:02.341 456 485 D RIL-DEV : [05-08_16:09:02:341] idVendor = 1d6b
05-08 16:09:02.341 456 485 D RIL-DEV :
05-08 16:09:02.341 456 485 D RIL-DEV : [05-08_16:09:02:341] idVendor = 0781
05-08 16:09:02.341 456 485 D RIL-DEV :
05-08 16:09:02.341 456 485 D RIL-DEV : [05-08_16:09:02:342] idVendor = 1d6b
05-08 16:09:02.341 456 485 D RIL-DEV :
05-08 16:09:02.342 456 485 E RIL-DEV : Cannot find Meig devices
05-08 16:09:02.342 456 485 I RIL : ---> can't find meig usb devices
05-08 16:16:54.905 6849 6849 I : read descriptors
05-08 16:16:54.905 6849 6849 I : read strings
05-08 16:16:55.947 6849 6849 I : read descriptors
05-08 16:16:55.947 6849 6849 I : read strings
05-08 16:16:55.950 1 1 I init : processing action (sys.usb.config=adb && sys.usb.configfs=1 && sys.usb.ffs.ready=1) from (/system/etc/init/hw/init.usb.configfs.rc:20)
05-08 16:16:55.952 1 1 I init : Command 'symlink /config/usb_gadget/g1/functions/ffs.adb /config/usb_gadget/g1/configs/b.1/f1' action=sys.usb.config=adb && sys.usb.configfs=1 && sys.usb.ffs.ready=1 (/system/etc/init/hw/init.usb.configfs.rc:22) took 0ms and failed: symlink() failed: File exists
05-08 16:16:55.952 1 1 I init : Command 'write /config/usb_gadget/g1/UDC ${sys.usb.controller}' action=sys.usb.config=adb && sys.usb.configfs=1 && sys.usb.ffs.ready=1 (/system/etc/init/hw/init.usb.configfs.rc:23) took 0ms and failed: Unable to write to file '/config/usb_gadget/g1/UDC': Unable to write file contents: Device or resource busy
05-08 16:09:04.342 456 485 I RIL : ---> enter mainloop wait at port
05-08 16:09:04.342 456 485 D RIL-DEV : Get modem info
05-08 16:09:04.343 456 485 D RIL-DEV : [05-08_16:09:04:343] idVendor = 1d6b
05-08 16:09:04.343 456 485 D RIL-DEV :
05-08 16:09:04.343 456 485 D RIL-DEV : [05-08_16:09:04:344] idVendor = 1d6b
05-08 16:09:04.343 456 485 D RIL-DEV :
05-08 16:09:04.344 456 485 D RIL-DEV : [05-08_16:09:04:344] idVendor = 1d6b
05-08 16:09:04.344 456 485 D RIL-DEV :
05-08 16:09:04.344 456 485 D RIL-DEV : [05-08_16:09:04:344] idVendor = 0781
05-08 16:09:04.344 456 485 D RIL-DEV :
05-08 16:09:04.344 456 485 D RIL-DEV : [05-08_16:09:04:345] idVendor = 1d6b
05-08 16:09:04.344 456 485 D RIL-DEV :
05-08 16:09:04.345 456 485 E RIL-DEV : Cannot find Meig devices
05-08 16:09:04.345 456 485 I RIL : ---> can't find meig usb devices
05-08 16:16:57.013 6849 6849 I : read descriptors
05-08 16:16:57.014 6849 6849 I : read strings
05-08 16:16:57.017 1 1 I init : processing action (sys.usb.config=adb && sys.usb.configfs=1 && sys.usb.ffs.ready=1) from (/system/etc/init/hw/init.usb.configfs.rc:20)
05-08 16:16:57.019 1 1 I init : Command 'symlink /config/usb_gadget/g1/functions/ffs.adb /config/usb_gadget/g1/configs/b.1/f1' action=sys.usb.config=adb && sys.usb.configfs=1 && sys.usb.ffs.ready=1 (/system/etc/init/hw/init.usb.configfs.rc:22) took 0ms and failed: symlink() failed: File exists
05-08 16:16:57.020 1 1 I init : Command 'write /config/usb_gadget/g1/UDC ${sys.usb.controller}' action=sys.usb.config=adb && sys.usb.configfs=1 && sys.usb.ffs.ready=1 (/system/etc/init/hw/init.usb.configfs.rc:23) took 0ms and failed: Unable to write to file '/config/usb_gadget/g1/UDC': Unable to write file contents: Device or resource busy
05-08 16:16:58.064 6849 6849 I : read descriptors
05-08 16:16:58.064 6849 6849 I : read strings
05-08 16:16:58.066 1 1 I init : processing action (sys.usb.config=adb && sys.usb.configfs=1 && sys.usb.ffs.ready=1) from (/system/etc/init/hw/init.usb.configfs.rc:20)
05-08 16:16:58.069 1 1 I init : Command 'symlink /config/usb_gadget/g1/functions/ffs.adb /config/usb_gadget/g1/configs/b.1/f1' action=sys.usb.config=adb && sys.usb.configfs=1 && sys.usb.ffs.ready=1 (/system/etc/init/hw/init.usb.configfs.rc:22) took 0ms and failed: symlink() failed: File exists
05-08 16:16:58.070 1 1 I init : Command 'write /config/usb_gadget/g1/UDC ${sys.usb.controller}' action=sys.usb.config=adb && sys.usb.configfs=1 && sys.usb.ffs.ready=1 (/system/etc/init/hw/init.usb.configfs.rc:23) took 0ms and failed: Unable to write to file '/config/usb_gadget/g1/UDC': Unable to write file contents: Device or resource busy
05-08 16:09:06.345 456 485 I RIL : ---> enter mainloop wait at port
05-08 16:09:06.346 456 485 D RIL-DEV : Get modem info
05-08 16:09:06.346 456 485 D RIL-DEV : [05-08_16:09:06:347] idVendor = 1d6b
05-08 16:09:06.346 456 485 D RIL-DEV :
05-08 16:09:06.347 456 485 D RIL-DEV : [05-08_16:09:06:347] idVendor = 1d6b
05-08 16:09:06.347 456 485 D RIL-DEV :
05-08 16:09:06.347 456 485 D RIL-DEV : [05-08_16:09:06:347] idVendor = 1d6b
05-08 16:09:06.347 456 485 D RIL-DEV :
05-08 16:09:06.347 456 485 D RIL-DEV : [05-08_16:09:06:348] idVendor = 0781
05-08 16:09:06.347 456 485 D RIL-DEV :
05-08 16:09:06.347 456 485 D RIL-DEV : [05-08_16:09:06:348] idVendor = 1d6b
05-08 16:09:06.347 456 485 D RIL-DEV :
05-08 16:09:06.348 456 485 E RIL-DEV : Cannot find Meig devices
05-08 16:09:06.348 456 485 I RIL : ---> can't find meig usb devices
05-08 16:16:59.127 6849 6849 I : read descriptors
05-08 16:16:59.127 6849 6849 I : read strings
05-08 16:16:59.130 1 1 I init : processing action (sys.usb.config=adb && sys.usb.configfs=1 && sys.usb.ffs.ready=1) from (/system/etc/init/hw/init.usb.configfs.rc:20)
05-08 16:17:00.180 6849 6849 I : read descriptors
05-08 16:17:00.180 6849 6849 I : read strings
05-08 16:09:08.349 456 485 I RIL : ---> enter mainloop wait at port
05-08 16:09:08.349 456 485 D RIL-DEV : Get modem info
05-08 16:09:08.349 456 485 D RIL-DEV : [05-08_16:09:08:350] idVendor = 1d6b
05-08 16:09:08.349 456 485 D RIL-DEV :
05-08 16:09:08.350 456 485 D RIL-DEV : [05-08_16:09:08:350] idVendor = 1d6b
05-08 16:09:08.350 456 485 D RIL-DEV :
05-08 16:09:08.350 456 485 D RIL-DEV : [05-08_16:09:08:351] idVendor = 1d6b
05-08 16:09:08.350 456 485 D RIL-DEV :
05-08 16:09:08.350 456 485 D RIL-DEV : [05-08_16:09:08:351] idVendor = 0781
05-08 16:09:08.350 456 485 D RIL-DEV :
05-08 16:09:08.351 456 485 D RIL-DEV : [05-08_16:09:08:351] idVendor = 1d6b
05-08 16:09:08.351 456 485 D RIL-DEV :
05-08 16:09:08.351 456 485 E RIL-DEV : Cannot find Meig devices
05-08 16:09:08.351 456 485 I RIL : ---> can't find meig usb devices
05-08 16:17:01.123 460 460 I gsensor_mxc6655 5-0015: set sensor poll time to 200ms
05-08 16:09:08.897 975 975 D RILJ : [0194]> SEND_DEVICE_STATE 2:true [PHONE0]
05-08 16:09:08.897 456 456 D RILC : sendDeviceState: calling screen state 0
05-08 16:09:08.897 456 456 D RIL : onRequest number : 61
05-08 16:09:08.897 456 456 D RIL : onRequest: SCREEN_STATE
05-08 16:09:08.897 456 456 D RIL : onRequest in unavalable state
05-08 16:09:08.898 975 1118 D RILJ : [0194]< SEND_DEVICE_STATE error 1 [PHONE0]
05-08 16:09:08.898 975 1118 D RilRequest: [0194]< SEND_DEVICE_STATE error: com.android.internal.telephony.CommandException: RADIO_NOT_AVAILABLE ret= result=null
05-08 16:09:08.898 975 975 D RILJ : [0195]> SET_UNSOLICITED_RESPONSE_FILTER 32 [PHONE0]
05-08 16:09:08.899 975 1118 D RILJ : [0195]< SET_UNSOLICITED_RESPONSE_FILTER error 6 [PHONE0]
05-08 16:09:08.899 975 1118 D RilRequest: [0195]< SET_UNSOLICITED_RESPONSE_FILTER error: com.android.internal.telephony.CommandException: REQUEST_NOT_SUPPORTED ret= result=null
05-08 16:09:08.900 975 975 E RILJ : setSignalStrengthReportingCriteria ignored on IRadio version less than 1.2 [PHONE0]
05-08 16:09:08.900 975 975 E RILJ : setSignalStrengthReportingCriteria ignored on IRadio version less than 1.2 [PHONE0]
05-08 16:09:08.900 975 975 E RILJ : setSignalStrengthReportingCriteria ignored on IRadio version less than 1.2 [PHONE0]
05-08 16:09:08.900 975 975 D NetworkTypeController: [0] LegacyState: process EVENT_PHYSICAL_CHANNEL_CONFIG_NOTIF_CHANGED
05-08 16:09:08.900 975 975 D NetworkTypeController: [0] Remove all timers
05-08 16:09:08.900 975 975 D NetworkTypeController: [0] DefaultState: process EVENT_PHYSICAL_CHANNEL_CONFIG_NOTIF_CHANGED
05-08 16:09:08.900 975 975 D NetworkTypeController: [0] mIsPhysicalChannelConfigOn changed to: false
05-08 16:09:08.900 975 975 D NetworkTypeController: [0] Remove all timers
05-08 16:17:01.171 431 431 W healthd : battery l=44 v=7484 t=33.0 h=1 st=3 c=-256000 fc=9700000 cc=5 chg=
05-08 16:17:01.233 6849 6849 I : read descriptors
05-08 16:17:01.234 6849 6849 I : read strings
05-08 16:17:01.236 1 1 I init : processing action (sys.usb.config=adb && sys.usb.configfs=1 && sys.usb.ffs.ready=1) from (/system/etc/init/hw/init.usb.configfs.rc:20)
05-08 16:17:01.239 1 1 I init : Command 'symlink /config/usb_gadget/g1/functions/ffs.adb /config/usb_gadget/g1/configs/b.1/f1' action=sys.usb.config=adb && sys.usb.configfs=1 && sys.usb.ffs.ready=1 (/system/etc/init/hw/init.usb.configfs.rc:22) took 0ms and failed: symlink() failed: File exists
05-08 16:17:01.240 1 1 I init : Command 'write /config/usb_gadget/g1/UDC ${sys.usb.controller}' action=sys.usb.config=adb && sys.usb.configfs=1 && sys.usb.ffs.ready=1 (/system/etc/init/hw/init.usb.configfs.rc:23) took 0ms and failed: Unable to write to file '/config/usb_gadget/g1/UDC': Unable to write file contents: Device or resource busy
05-08 16:17:01.423 343 343 I rockchip-vop2 fdd90000.vop: [drm:vop2_crtc_atomic_disable] Crtc atomic disable vp2
05-08 16:09:09.244 975 975 D DCT-C-0 : screen off
05-08 16:09:09.244 975 975 D DCT-C-0 : stopNetStatPoll
05-08 16:17:01.750 3080 3080 I PM : suspend entry (deep)
05-08 16:17:01.764 3080 3080 I Filesystems sync: 0.014 seconds
05-08 16:09:10.830 456 485 I RIL : ---> enter mainloop wait at port
05-08 16:09:10.830 456 485 D RIL-DEV : Get modem info
05-08 16:09:10.830 456 485 D RIL-DEV : [05-08_16:09:10:831] idVendor = 1d6b
05-08 16:09:10.830 456 485 D RIL-DEV :
05-08 16:09:10.830 456 485 D RIL-DEV : [05-08_16:09:10:831] idVendor = 1d6b
05-08 16:09:10.830 456 485 D RIL-DEV :
05-08 16:09:10.831 456 485 D RIL-DEV : [05-08_16:09:10:831] idVendor = 1d6b
05-08 16:09:10.831 456 485 D RIL-DEV :
05-08 16:09:10.831 456 485 D RIL-DEV : [05-08_16:09:10:831] idVendor = 0781
05-08 16:09:10.831 456 485 D RIL-DEV :
05-08 16:09:10.831 456 485 D RIL-DEV : [05-08_16:09:10:831] idVendor = 1d6b
05-08 16:09:10.831 456 485 D RIL-DEV :
05-08 16:09:10.831 456 485 E RIL-DEV : Cannot find Meig devices
05-08 16:09:10.831 456 485 I RIL : ---> can't find meig usb devices
05-08 16:17:01.764 3080 3080 I : Freezing user space processes ... (elapsed 0.006 seconds) done.
05-08 16:17:01.771 3080 3080 I : OOM killer disabled.
05-08 16:17:01.771 3080 3080 I : Freezing remaining freezable tasks ... (elapsed 0.208 seconds) done.
05-08 16:17:01.980 3080 3080 I printk : Suspending console(s) (use no_console_suspend to debug)
05-08 16:17:02.312 3080 3080 I : Disabling non-boot CPUs ...
05-08 16:17:02.313 3080 3080 I psci : CPU1 killed (polled 0 ms)
05-08 16:17:02.315 3080 3080 I psci : CPU2 killed (polled 0 ms)
05-08 16:17:02.318 3080 3080 I psci : CPU3 killed (polled 0 ms)
05-08 16:17:02.320 3080 3080 I psci : CPU4 killed (polled 0 ms)
05-08 16:17:02.322 3080 3080 I psci : CPU5 killed (polled 0 ms)
05-08 16:17:02.324 3080 3080 I psci : CPU6 killed (polled 0 ms)
05-08 16:17:02.326 3080 3080 I psci : CPU7 killed (polled 0 ms)
05-08 16:17:02.542 0 0 W [ C0] PM: pm_system_irq_wakeup: 121 triggered husb311
05-08 16:17:02.542 3080 3080 I : Enabling non-boot CPUs ...
05-08 16:17:02.543 0 0 I : Detected VIPT I-cache on CPU1
05-08 16:17:02.543 0 0 I GICv3 : CPU1: found redistributor 100 region 0:0x00000000fe6a0000
05-08 16:17:02.543 0 0 I CPU1 : Booted secondary processor 0x0000000100 [0x412fd050]
05-08 16:17:02.544 3080 3080 I : CPU1 is up
05-08 16:17:02.545 0 0 I : Detected VIPT I-cache on CPU2
05-08 16:17:02.545 0 0 I GICv3 : CPU2: found redistributor 200 region 0:0x00000000fe6c0000
05-08 16:17:02.545 0 0 I CPU2 : Booted secondary processor 0x0000000200 [0x412fd050]
05-08 16:17:02.546 3080 3080 I : CPU2 is up
05-08 16:17:02.546 0 0 I : Detected VIPT I-cache on CPU3
05-08 16:17:02.546 0 0 I GICv3 : CPU3: found redistributor 300 region 0:0x00000000fe6e0000
05-08 16:17:02.546 0 0 I CPU3 : Booted secondary processor 0x0000000300 [0x412fd050]
05-08 16:17:02.547 3080 3080 I : CPU3 is up
05-08 16:17:02.548 0 0 I : Detected PIPT I-cache on CPU4
05-08 16:17:02.548 0 0 I GICv3 : CPU4: found redistributor 400 region 0:0x00000000fe700000
05-08 16:17:02.548 0 0 I CPU4 : Booted secondary processor 0x0000000400 [0x414fd0b0]
05-08 16:17:02.549 3080 3080 I : CPU4 is up
05-08 16:17:02.550 0 0 I : Detected PIPT I-cache on CPU5
05-08 16:17:02.550 0 0 I GICv3 : CPU5: found redistributor 500 region 0:0x00000000fe720000
05-08 16:17:02.550 0 0 I CPU5 : Booted secondary processor 0x0000000500 [0x414fd0b0]
05-08 16:17:02.551 3080 3080 I : CPU5 is up
05-08 16:17:02.552 0 0 I : Detected PIPT I-cache on CPU6
05-08 16:17:02.552 0 0 I GICv3 : CPU6: found redistributor 600 region 0:0x00000000fe740000
05-08 16:17:02.552 0 0 I CPU6 : Booted secondary processor 0x0000000600 [0x414fd0b0]
05-08 16:17:02.553 3080 3080 I : CPU6 is up
05-08 16:17:02.554 0 0 I : Detected PIPT I-cache on CPU7
05-08 16:17:02.554 0 0 I GICv3 : CPU7: found redistributor 700 region 0:0x00000000fe760000
05-08 16:17:02.554 0 0 I CPU7 : Booted secondary processor 0x0000000700 [0x414fd0b0]
05-08 16:17:02.555 3080 3080 I : CPU7 is up
05-08 16:17:02.562 3080 3080 I rk_gmac-dwmac fe1c0000.ethernet: init for RGMII
05-08 16:17:02.562 11608 11608 I usb1 : root hub lost power or was reset
05-08 16:17:02.569 8727 8727 I usb3 : root hub lost power or was reset
05-08 16:17:02.569 8727 8727 I usb4 : root hub lost power or was reset
05-08 16:17:02.570 3080 3080 E PM : dpm_run_callback(): wacom_i2c_resume+0x0/0xdc returns -6
05-08 16:17:02.570 3080 3080 E PM : Device 4-0009 failed to resume: error -6
05-08 16:17:02.632 3080 3080 I usb2 : root hub lost power or was reset
05-08 16:17:03.049 11598 11598 I usb 4-1 : reset SuperSpeed Gen 1 USB device number 2 using xhci-hcd
05-08 16:17:03.072 3080 3080 I : OOM killer enabled.
05-08 16:17:03.072 3080 3080 I : Restarting tasks ... done.
05-08 16:17:03.082 3080 3080 I : Resume caused by IRQ 121, husb311
05-08 16:17:03.082 3080 3080 I PM : suspend exit
05-08 16:17:03.086 8733 8733 I : mmc_host mmc0: Bus speed (slot 0) = 400000Hz (slot req 400000Hz, actual 400000HZ div = 0)
05-08 16:17:03.183 3080 3080 I PM : suspend entry (deep)
05-08 16:17:03.270 8733 8733 I : mmc_host mmc0: Bus speed (slot 0) = 49500000Hz (slot req 50000000Hz, actual 49500000HZ div = 0)
05-08 16:17:03.290 3080 3080 I Filesystems sync: 0.106 seconds
05-08 16:17:03.290 3080 3080 I : Freezing user space processes ... (elapsed 0.007 seconds) done.
05-08 16:17:03.298 3080 3080 I : OOM killer disabled.
05-08 16:17:03.298 3080 3080 I : Freezing remaining freezable tasks ... (elapsed 0.191 seconds) done.
05-08 16:17:03.490 3080 3080 I printk : Suspending console(s) (use no_console_suspend to debug)
05-08 16:17:03.564 3080 3080 E regulator-dummy: Underflow of regulator enable count
05-08 16:17:03.564 3080 3080 E wacom_i2c 4-0009: disable regulator failed -22
05-08 16:17:03.805 3080 3080 I : Disabling non-boot CPUs ...
05-08 16:17:03.806 3080 3080 I psci : CPU1 killed (polled 0 ms)
05-08 16:17:03.807 3080 3080 I psci : CPU2 killed (polled 0 ms)
05-08 16:17:03.808 3080 3080 I psci : CPU3 killed (polled 0 ms)
05-08 16:17:03.811 3080 3080 I psci : CPU4 killed (polled 0 ms)
05-08 16:17:03.812 3080 3080 I psci : CPU5 killed (polled 0 ms)
05-08 16:17:03.813 3080 3080 I psci : CPU6 killed (polled 0 ms)
05-08 16:17:03.815 3080 3080 I psci : CPU7 killed (polled 0 ms)
05-08 16:17:04.051 0 0 W [ C0] PM: pm_system_irq_wakeup: 121 triggered husb311
05-08 16:17:04.051 3080 3080 I : Enabling non-boot CPUs ...
05-08 16:17:04.052 0 0 I : Detected VIPT I-cache on CPU1
05-08 16:17:04.052 0 0 I GICv3 : CPU1: found redistributor 100 region 0:0x00000000fe6a0000
05-08 16:17:04.053 0 0 I CPU1 : Booted secondary processor 0x0000000100 [0x412fd050]
05-08 16:17:04.053 3080 3080 I : CPU1 is up
05-08 16:17:04.054 0 0 I : Detected VIPT I-cache on CPU2
05-08 16:17:04.054 0 0 I GICv3 : CPU2: found redistributor 200 region 0:0x00000000fe6c0000
05-08 16:17:04.054 0 0 I CPU2 : Booted secondary processor 0x0000000200 [0x412fd050]
05-08 16:17:04.055 3080 3080 I : CPU2 is up
05-08 16:17:04.056 0 0 I : Detected VIPT I-cache on CPU3
05-08 16:17:04.056 0 0 I GICv3 : CPU3: found redistributor 300 region 0:0x00000000fe6e0000
05-08 16:17:04.056 0 0 I CPU3 : Booted secondary processor 0x0000000300 [0x412fd050]
05-08 16:17:04.056 3080 3080 I : CPU3 is up
05-08 16:17:04.057 0 0 I : Detected PIPT I-cache on CPU4
05-08 16:17:04.057 0 0 I GICv3 : CPU4: found redistributor 400 region 0:0x00000000fe700000
05-08 16:17:04.057 0 0 I CPU4 : Booted secondary processor 0x0000000400 [0x414fd0b0]
05-08 16:17:04.058 3080 3080 I : CPU4 is up
05-08 16:17:04.059 0 0 I : Detected PIPT I-cache on CPU5
05-08 16:17:04.059 0 0 I GICv3 : CPU5: found redistributor 500 region 0:0x00000000fe720000
05-08 16:17:04.059 0 0 I CPU5 : Booted secondary processor 0x0000000500 [0x414fd0b0]
05-08 16:17:04.060 3080 3080 I : CPU5 is up
05-08 16:17:04.061 0 0 I : Detected PIPT I-cache on CPU6
05-08 16:17:04.061 0 0 I GICv3 : CPU6: found redistributor 600 region 0:0x00000000fe740000
05-08 16:17:04.061 0 0 I CPU6 : Booted secondary processor 0x0000000600 [0x414fd0b0]
05-08 16:17:04.063 3080 3080 I : CPU6 is up
05-08 16:17:04.064 0 0 I : Detected PIPT I-cache on CPU7
05-08 16:17:04.064 0 0 I GICv3 : CPU7: found redistributor 700 region 0:0x00000000fe760000
05-08 16:17:04.064 0 0 I CPU7 : Booted secondary processor 0x0000000700 [0x414fd0b0]
05-08 16:17:04.065 3080 3080 I : CPU7 is up
05-08 16:17:04.070 3080 3080 I rk_gmac-dwmac fe1c0000.ethernet: init for RGMII
05-08 16:17:04.070 11617 11617 I usb1 : root hub lost power or was reset
05-08 16:17:04.078 11600 11600 I usb3 : root hub lost power or was reset
05-08 16:17:04.078 11600 11600 I usb4 : root hub lost power or was reset
05-08 16:17:04.080 3080 3080 E PM : dpm_run_callback(): wacom_i2c_resume+0x0/0xdc returns -6
05-08 16:17:04.080 3080 3080 E PM : Device 4-0009 failed to resume: error -6
05-08 16:17:04.141 3080 3080 I usb2 : root hub lost power or was reset
05-08 16:17:04.558 8719 8719 I usb 4-1 : reset SuperSpeed Gen 1 USB device number 2 using xhci-hcd
05-08 16:17:04.579 3080 3080 I : OOM killer enabled.
05-08 16:17:04.579 3080 3080 I : Restarting tasks ...
05-08 16:17:04.592 8497 8497 I : mmc_host mmc0: Bus speed (slot 0) = 400000Hz (slot req 400000Hz, actual 400000HZ div = 0)
05-08 16:17:04.592 3080 3080 W : done.
05-08 16:17:04.592 3080 3080 I : Resume caused by IRQ 121, husb311
05-08 16:17:04.592 3080 3080 I PM : suspend exit
05-08 16:17:04.693 3080 3080 I PM : suspend entry (deep)
05-08 16:17:04.769 8497 8497 I : mmc_host mmc0: Bus speed (slot 0) = 49500000Hz (slot req 50000000Hz, actual 49500000HZ div = 0)
05-08 16:09:13.827 456 485 I RIL : ---> enter mainloop wait at port
05-08 16:09:13.827 456 485 D RIL-DEV : Get modem info
05-08 16:09:13.828 456 485 D RIL-DEV : [05-08_16:09:13:828] idVendor = 1d6b
05-08 16:09:13.828 456 485 D RIL-DEV :
05-08 16:09:13.828 456 485 D RIL-DEV : [05-08_16:09:13:829] idVendor = 1d6b
05-08 16:09:13.828 456 485 D RIL-DEV :
05-08 16:09:13.829 456 485 D RIL-DEV : [05-08_16:09:13:829] idVendor = 1d6b
05-08 16:09:13.829 456 485 D RIL-DEV :
05-08 16:17:04.804 3080 3080 I Filesystems sync: 0.110 seconds
05-08 16:09:13.829 456 485 D RIL-DEV : [05-08_16:09:13:829] idVendor = 0781
05-08 16:09:13.829 456 485 D RIL-DEV :
05-08 16:09:13.833 456 485 D RIL-DEV : [05-08_16:09:13:833] idVendor = 1d6b
05-08 16:09:13.833 456 485 D RIL-DEV :
05-08 16:09:13.833 456 485 E RIL-DEV : Cannot find Meig devices
05-08 16:09:13.833 456 485 I RIL : ---> can't find meig usb devices
05-08 16:17:04.805 3080 3080 I : Freezing user space processes ... (elapsed 0.009 seconds) done.
05-08 16:17:04.814 3080 3080 I : OOM killer disabled.
05-08 16:17:04.814 3080 3080 I : Freezing remaining freezable tasks ... (elapsed 0.187 seconds) done.
05-08 16:17:05.002 3080 3080 I printk : Suspending console(s) (use no_console_suspend to debug)
05-08 16:17:05.076 3080 3080 E regulator-dummy: Underflow of regulator enable count
05-08 16:17:05.076 3080 3080 E wacom_i2c 4-0009: disable regulator failed -22
05-08 16:17:05.320 3080 3080 I : Disabling non-boot CPUs ...
05-08 16:17:05.321 3080 3080 I psci : CPU1 killed (polled 0 ms)
05-08 16:17:05.323 3080 3080 I psci : CPU2 killed (polled 0 ms)
05-08 16:17:05.324 3080 3080 I psci : CPU3 killed (polled 0 ms)
05-08 16:17:05.326 3080 3080 I psci : CPU4 killed (polled 0 ms)
05-08 16:17:05.328 3080 3080 I psci : CPU5 killed (polled 0 ms)
05-08 16:17:05.329 3080 3080 I psci : CPU6 killed (polled 0 ms)
05-08 16:17:05.330 3080 3080 I psci : CPU7 killed (polled 0 ms)
05-08 16:17:05.543 0 0 W [ C0] PM: pm_system_irq_wakeup: 121 triggered husb311
05-08 16:17:05.543 3080 3080 I : Enabling non-boot CPUs ...
05-08 16:17:05.544 0 0 I : Detected VIPT I-cache on CPU1
05-08 16:17:05.544 0 0 I GICv3 : CPU1: found redistributor 100 region 0:0x00000000fe6a0000
05-08 16:17:05.544 0 0 I CPU1 : Booted secondary processor 0x0000000100 [0x412fd050]
05-08 16:17:05.545 3080 3080 I : CPU1 is up
05-08 16:17:05.546 0 0 I : Detected VIPT I-cache on CPU2
05-08 16:17:05.546 0 0 I GICv3 : CPU2: found redistributor 200 region 0:0x00000000fe6c0000
05-08 16:17:05.546 0 0 I CPU2 : Booted secondary processor 0x0000000200 [0x412fd050]
05-08 16:17:05.546 3080 3080 I : CPU2 is up
05-08 16:17:05.547 0 0 I : Detected VIPT I-cache on CPU3
05-08 16:17:05.547 0 0 I GICv3 : CPU3: found redistributor 300 region 0:0x00000000fe6e0000
05-08 16:17:05.547 0 0 I CPU3 : Booted secondary processor 0x0000000300 [0x412fd050]
05-08 16:17:05.548 3080 3080 I : CPU3 is up
05-08 16:17:05.549 0 0 I : Detected PIPT I-cache on CPU4
05-08 16:17:05.549 0 0 I GICv3 : CPU4: found redistributor 400 region 0:0x00000000fe700000
05-08 16:17:05.549 0 0 I CPU4 : Booted secondary processor 0x0000000400 [0x414fd0b0]
05-08 16:17:05.550 3080 3080 I : CPU4 is up
05-08 16:17:05.551 0 0 I : Detected PIPT I-cache on CPU5
05-08 16:17:05.551 0 0 I GICv3 : CPU5: found redistributor 500 region 0:0x00000000fe720000
05-08 16:17:05.551 0 0 I CPU5 : Booted secondary processor 0x0000000500 [0x414fd0b0]
05-08 16:17:05.552 3080 3080 I : CPU5 is up
05-08 16:17:05.553 0 0 I : Detected PIPT I-cache on CPU6
05-08 16:17:05.553 0 0 I GICv3 : CPU6: found redistributor 600 region 0:0x00000000fe740000
05-08 16:17:05.553 0 0 I CPU6 : Booted secondary processor 0x0000000600 [0x414fd0b0]
05-08 16:17:05.554 3080 3080 I : CPU6 is up
05-08 16:17:05.555 0 0 I : Detected PIPT I-cache on CPU7
05-08 16:17:05.555 0 0 I GICv3 : CPU7: found redistributor 700 region 0:0x00000000fe760000
05-08 16:17:05.555 0 0 I CPU7 : Booted secondary processor 0x0000000700 [0x414fd0b0]
05-08 16:17:05.556 3080 3080 I : CPU7 is up
05-08 16:17:05.562 3080 3080 I rk_gmac-dwmac fe1c0000.ethernet: init for RGMII
05-08 16:17:05.563 11605 11605 I usb1 : root hub lost power or was reset
05-08 16:17:05.571 11607 11607 I usb3 : root hub lost power or was reset
05-08 16:17:05.571 11607 11607 I usb4 : root hub lost power or was reset
05-08 16:17:05.572 3080 3080 E PM : dpm_run_callback(): wacom_i2c_resume+0x0/0xdc returns -6
05-08 16:17:05.572 3080 3080 E PM : Device 4-0009 failed to resume: error -6
05-08 16:17:05.633 3080 3080 I usb2 : root hub lost power or was reset
05-08 16:17:06.050 8719 8719 I usb 4-1 : reset SuperSpeed Gen 1 USB device number 2 using xhci-hcd
05-08 16:17:06.070 3080 3080 I : OOM killer enabled.
05-08 16:17:06.070 3080 3080 I : Restarting tasks ... done.
05-08 16:17:06.082 3080 3080 I : Resume caused by IRQ 121, husb311
05-08 16:17:06.082 3080 3080 I PM : suspend exit
05-08 16:17:06.083 10351 10351 I : mmc_host mmc0: Bus speed (slot 0) = 400000Hz (slot req 400000Hz, actual 400000HZ div = 0)
05-08 16:17:06.160 6849 6849 I : read descriptors
05-08 16:17:06.160 6849 6849 I : read strings
05-08 16:17:06.162 1 1 I init : processing action (sys.usb.config=adb && sys.usb.configfs=1 && sys.usb.ffs.ready=1) from (/system/etc/init/hw/init.usb.configfs.rc:20)
05-08 16:17:06.165 1 1 I init : Command 'symlink /config/usb_gadget/g1/functions/ffs.adb /config/usb_gadget/g1/configs/b.1/f1' action=sys.usb.config=adb && sys.usb.configfs=1 && sys.usb.ffs.ready=1 (/system/etc/init/hw/init.usb.configfs.rc:22) took 0ms and failed: symlink() failed: File exists
05-08 16:17:06.167 1 1 I init : Command 'write /config/usb_gadget/g1/UDC ${sys.usb.controller}' action=sys.usb.config=adb && sys.usb.configfs=1 && sys.usb.ffs.ready=1 (/system/etc/init/hw/init.usb.configfs.rc:23) took 0ms and failed: Unable to write to file '/config/usb_gadget/g1/UDC': Unable to write file contents: Device or resource busy
05-08 16:17:06.184 3080 3080 I PM : suspend entry (deep)
05-08 16:17:06.262 10351 10351 I : mmc_host mmc0: Bus speed (slot 0) = 49500000Hz (slot req 50000000Hz, actual 49500000HZ div = 0)
05-08 16:17:06.289 3080 3080 I Filesystems sync: 0.105 seconds
05-08 16:17:06.289 3080 3080 I : Freezing user space processes ... (elapsed 0.010 seconds) done.
05-08 16:17:06.300 3080 3080 I : OOM killer disabled.
05-08 16:17:06.300 3080 3080 I : Freezing remaining freezable tasks ... (elapsed 0.198 seconds) done.
05-08 16:17:06.499 3080 3080 I printk : Suspending console(s) (use no_console_suspend to debug)
05-08 16:17:06.575 3080 3080 E regulator-dummy: Underflow of regulator enable count
05-08 16:17:06.575 3080 3080 E wacom_i2c 4-0009: disable regulator failed -22
05-08 16:17:06.813 3080 3080 I : Disabling non-boot CPUs ...
05-08 16:17:06.814 3080 3080 I psci : CPU1 killed (polled 0 ms)
05-08 16:17:06.815 3080 3080 I psci : CPU2 killed (polled 0 ms)
05-08 16:17:06.816 3080 3080 I psci : CPU3 killed (polled 0 ms)
05-08 16:17:06.819 3080 3080 I psci : CPU4 killed (polled 0 ms)
05-08 16:17:06.820 3080 3080 I psci : CPU5 killed (polled 0 ms)
05-08 16:17:06.821 3080 3080 I psci : CPU6 killed (polled 0 ms)
05-08 16:17:06.822 3080 3080 I psci : CPU7 killed (polled 0 ms)
05-08 16:17:07.060 0 0 W [ C0] PM: pm_system_irq_wakeup: 121 triggered husb311
05-08 16:17:07.060 3080 3080 I : Enabling non-boot CPUs ...
05-08 16:17:07.061 0 0 I : Detected VIPT I-cache on CPU1
05-08 16:17:07.061 0 0 I GICv3 : CPU1: found redistributor 100 region 0:0x00000000fe6a0000
05-08 16:17:07.061 0 0 I CPU1 : Booted secondary processor 0x0000000100 [0x412fd050]
05-08 16:17:07.062 3080 3080 I : CPU1 is up
05-08 16:17:07.063 0 0 I : Detected VIPT I-cache on CPU2
05-08 16:17:07.063 0 0 I GICv3 : CPU2: found redistributor 200 region 0:0x00000000fe6c0000
05-08 16:17:07.063 0 0 I CPU2 : Booted secondary processor 0x0000000200 [0x412fd050]
05-08 16:17:07.063 3080 3080 I : CPU2 is up
05-08 16:17:07.064 0 0 I : Detected VIPT I-cache on CPU3
05-08 16:17:07.064 0 0 I GICv3 : CPU3: found redistributor 300 region 0:0x00000000fe6e0000
05-08 16:17:07.064 0 0 I CPU3 : Booted secondary processor 0x0000000300 [0x412fd050]
05-08 16:17:07.065 3080 3080 I : CPU3 is up
05-08 16:17:07.066 0 0 I : Detected PIPT I-cache on CPU4
05-08 16:17:07.066 0 0 I GICv3 : CPU4: found redistributor 400 region 0:0x00000000fe700000
05-08 16:17:07.066 0 0 I CPU4 : Booted secondary processor 0x0000000400 [0x414fd0b0]
05-08 16:17:07.067 3080 3080 I : CPU4 is up
05-08 16:17:07.068 0 0 I : Detected PIPT I-cache on CPU5
05-08 16:17:07.068 0 0 I GICv3 : CPU5: found redistributor 500 region 0:0x00000000fe720000
05-08 16:17:07.068 0 0 I CPU5 : Booted secondary processor 0x0000000500 [0x414fd0b0]
05-08 16:17:07.069 3080 3080 I : CPU5 is up
05-08 16:17:07.070 0 0 I : Detected PIPT I-cache on CPU6
05-08 16:17:07.070 0 0 I GICv3 : CPU6: found redistributor 600 region 0:0x00000000fe740000
05-08 16:17:07.070 0 0 I CPU6 : Booted secondary processor 0x0000000600 [0x414fd0b0]
05-08 16:17:07.071 3080 3080 I : CPU6 is up
05-08 16:17:07.072 0 0 I : Detected PIPT I-cache on CPU7
05-08 16:17:07.072 0 0 I GICv3 : CPU7: found redistributor 700 region 0:0x00000000fe760000
05-08 16:17:07.073 0 0 I CPU7 : Booted secondary processor 0x0000000700 [0x414fd0b0]
05-08 16:17:07.074 3080 3080 I : CPU7 is up
05-08 16:17:07.080 3080 3080 I rk_gmac-dwmac fe1c0000.ethernet: init for RGMII
05-08 16:17:07.080 11602 11602 I usb1 : root hub lost power or was reset
05-08 16:17:07.088 11612 11612 I usb3 : root hub lost power or was reset
05-08 16:17:07.088 11612 11612 I usb4 : root hub lost power or was reset
05-08 16:17:07.090 3080 3080 E PM : dpm_run_callback(): wacom_i2c_resume+0x0/0xdc returns -6
05-08 16:17:07.090 3080 3080 E PM : Device 4-0009 failed to resume: error -6
05-08 16:17:07.153 3080 3080 I usb2 : root hub lost power or was reset
05-08 16:17:07.570 11609 11609 I usb 4-1 : reset SuperSpeed Gen 1 USB device number 2 using xhci-hcd
05-08 16:17:07.590 3080 3080 I : OOM killer enabled.
05-08 16:17:07.590 3080 3080 I : Restarting tasks ... done.
05-08 16:17:07.603 8497 8497 I : mmc_host mmc0: Bus speed (slot 0) = 400000Hz (slot req 400000Hz, actual 400000HZ div = 0)
05-08 16:17:07.603 3080 3080 I : Resume caused by IRQ 121, husb311
05-08 16:17:07.603 3080 3080 I PM : suspend exit
05-08 16:17:07.704 3080 3080 I PM : suspend entry (deep)
05-08 16:17:07.788 8497 8497 I : mmc_host mmc0: Bus speed (slot 0) = 49500000Hz (slot req 50000000Hz, actual 49500000HZ div = 0)
05-08 16:09:16.839 456 485 I RIL : ---> enter mainloop wait at port
05-08 16:09:16.840 456 485 D RIL-DEV : Get modem info
05-08 16:09:16.840 456 485 D RIL-DEV : [05-08_16:09:16:841] idVendor = 1d6b
05-08 16:09:16.840 456 485 D RIL-DEV :
05-08 16:09:16.841 456 485 D RIL-DEV : [05-08_16:09:16:841] idVendor = 1d6b
05-08 16:09:16.841 456 485 D RIL-DEV :
05-08 16:09:16.841 456 485 D RIL-DEV : [05-08_16:09:16:842] idVendor = 1d6b
05-08 16:09:16.841 456 485 D RIL-DEV :
05-08 16:09:16.841 456 485 D RIL-DEV : [05-08_16:09:16:842] idVendor = 0781
05-08 16:09:16.841 456 485 D RIL-DEV :
05-08 16:09:16.842 456 485 D RIL-DEV : [05-08_16:09:16:842] idVendor = 1d6b
05-08 16:09:16.842 456 485 D RIL-DEV :
05-08 16:09:16.848 456 485 E RIL-DEV : Cannot find Meig devices
05-08 16:09:16.848 456 485 I RIL : ---> can't find meig usb devices
05-08 16:17:07.813 3080 3080 I Filesystems sync: 0.108 seconds
05-08 16:17:07.813 3080 3080 I : Freezing user space processes ... (elapsed 0.010 seconds) done.
05-08 16:17:07.823 3080 3080 I : OOM killer disabled.
05-08 16:17:07.823 3080 3080 I : Freezing remaining freezable tasks ... (elapsed 0.187 seconds) done.
05-08 16:17:08.011 3080 3080 I printk : Suspending console(s) (use no_console_suspend to debug)
05-08 16:17:08.084 3080 3080 E regulator-dummy: Underflow of regulator enable count
05-08 16:17:08.084 3080 3080 E wacom_i2c 4-0009: disable regulator failed -22
05-08 16:17:08.329 3080 3080 I : Disabling non-boot CPUs ...
05-08 16:17:08.330 3080 3080 I psci : CPU1 killed (polled 0 ms)
05-08 16:17:08.331 3080 3080 I psci : CPU2 killed (polled 0 ms)
05-08 16:17:08.332 3080 3080 I psci : CPU3 killed (polled 0 ms)
05-08 16:17:08.334 3080 3080 I psci : CPU4 killed (polled 0 ms)
05-08 16:17:08.336 3080 3080 I psci : CPU5 killed (polled 0 ms)
05-08 16:17:08.337 3080 3080 I psci : CPU6 killed (polled 0 ms)
05-08 16:17:08.338 3080 3080 I psci : CPU7 killed (polled 0 ms)
05-08 16:17:08.551 0 0 W [ C0] PM: pm_system_irq_wakeup: 121 triggered husb311
05-08 16:17:08.551 3080 3080 I : Enabling non-boot CPUs ...
05-08 16:17:08.552 0 0 I : Detected VIPT I-cache on CPU1
05-08 16:17:08.552 0 0 I GICv3 : CPU1: found redistributor 100 region 0:0x00000000fe6a0000
05-08 16:17:08.552 0 0 I CPU1 : Booted secondary processor 0x0000000100 [0x412fd050]
05-08 16:17:08.553 3080 3080 I : CPU1 is up
05-08 16:17:08.554 0 0 I : Detected VIPT I-cache on CPU2
05-08 16:17:08.554 0 0 I GICv3 : CPU2: found redistributor 200 region 0:0x00000000fe6c0000
05-08 16:17:08.554 0 0 I CPU2 : Booted secondary processor 0x0000000200 [0x412fd050]
05-08 16:17:08.554 3080 3080 I : CPU2 is up
05-08 16:17:08.555 0 0 I : Detected VIPT I-cache on CPU3
05-08 16:17:08.555 0 0 I GICv3 : CPU3: found redistributor 300 region 0:0x00000000fe6e0000
05-08 16:17:08.555 0 0 I CPU3 : Booted secondary processor 0x0000000300 [0x412fd050]
05-08 16:17:08.556 3080 3080 I : CPU3 is up
05-08 16:17:08.557 0 0 I : Detected PIPT I-cache on CPU4
05-08 16:17:08.557 0 0 I GICv3 : CPU4: found redistributor 400 region 0:0x00000000fe700000
05-08 16:17:08.557 0 0 I CPU4 : Booted secondary processor 0x0000000400 [0x414fd0b0]
05-08 16:17:08.558 3080 3080 I : CPU4 is up
05-08 16:17:08.559 0 0 I : Detected PIPT I-cache on CPU5
05-08 16:17:08.559 0 0 I GICv3 : CPU5: found redistributor 500 region 0:0x00000000fe720000
05-08 16:17:08.559 0 0 I CPU5 : Booted secondary processor 0x0000000500 [0x414fd0b0]
05-08 16:17:08.560 3080 3080 I : CPU5 is up
05-08 16:17:08.561 0 0 I : Detected PIPT I-cache on CPU6
05-08 16:17:08.561 0 0 I GICv3 : CPU6: found redistributor 600 region 0:0x00000000fe740000
05-08 16:17:08.561 0 0 I CPU6 : Booted secondary processor 0x0000000600 [0x414fd0b0]
05-08 16:17:08.562 3080 3080 I : CPU6 is up
05-08 16:17:08.563 0 0 I : Detected PIPT I-cache on CPU7
05-08 16:17:08.563 0 0 I GICv3 : CPU7: found redistributor 700 region 0:0x00000000fe760000
05-08 16:17:08.563 0 0 I CPU7 : Booted secondary processor 0x0000000700 [0x414fd0b0]
05-08 16:17:08.564 3080 3080 I : CPU7 is up
05-08 16:17:08.570 3080 3080 I rk_gmac-dwmac fe1c0000.ethernet: init for RGMII
05-08 16:17:08.571 8727 8727 I usb1 : root hub lost power or was reset
05-08 16:17:08.579 11614 11614 I usb3 : root hub lost power or was reset
05-08 16:17:08.579 11614 11614 I usb4 : root hub lost power or was reset
05-08 16:17:08.580 3080 3080 E PM : dpm_run_callback(): wacom_i2c_resume+0x0/0xdc returns -6
05-08 16:17:08.580 3080 3080 E PM : Device 4-0009 failed to resume: error -6
05-08 16:17:08.642 3080 3080 I usb2 : root hub lost power or was reset
05-08 16:17:09.059 11607 11607 I usb 4-1 : reset SuperSpeed Gen 1 USB device number 2 using xhci-hcd
05-08 16:17:09.082 3080 3080 I : OOM killer enabled.
05-08 16:17:09.082 3080 3080 I : Restarting tasks ...
05-08 16:17:09.102 7226 7226 I : mmc_host mmc0: Bus speed (slot 0) = 400000Hz (slot req 400000Hz, actual 400000HZ div = 0)
05-08 16:17:09.116 3080 3080 W : done.
05-08 16:17:09.117 3080 3080 I : Resume caused by IRQ 121, husb311
05-08 16:17:09.117 3080 3080 I PM : suspend exit
05-08 16:17:09.218 3080 3080 I PM : suspend entry (deep)
05-08 16:17:09.281 7226 7226 I : mmc_host mmc0: Bus speed (slot 0) = 49500000Hz (slot req 50000000Hz, actual 49500000HZ div = 0)
05-08 16:17:09.321 3080 3080 I Filesystems sync: 0.103 seconds
05-08 16:17:09.322 3080 3080 I : Freezing user space processes ... (elapsed 0.009 seconds) done.
05-08 16:17:09.331 3080 3080 I : OOM killer disabled.
05-08 16:17:09.331 3080 3080 I : Freezing remaining freezable tasks ... (elapsed 0.175 seconds) done.
05-08 16:17:09.507 3080 3080 I printk : Suspending console(s) (use no_console_suspend to debug)
05-08 16:17:09.580 3080 3080 E regulator-dummy: Underflow of regulator enable count
05-08 16:17:09.580 3080 3080 E wacom_i2c 4-0009: disable regulator failed -22
05-08 16:17:09.821 3080 3080 I : Disabling non-boot CPUs ...
05-08 16:17:09.822 3080 3080 I psci : CPU1 killed (polled 0 ms)
05-08 16:17:09.823 3080 3080 I psci : CPU2 killed (polled 0 ms)
05-08 16:17:09.824 3080 3080 I psci : CPU3 killed (polled 0 ms)
05-08 16:17:09.827 3080 3080 I psci : CPU4 killed (polled 0 ms)
05-08 16:17:09.828 3080 3080 I psci : CPU5 killed (polled 0 ms)
05-08 16:17:09.829 3080 3080 I psci : CPU6 killed (polled 0 ms)
05-08 16:17:09.830 3080 3080 I psci : CPU7 killed (polled 0 ms)
05-08 16:17:10.068 0 0 W [ C0] PM: pm_system_irq_wakeup: 121 triggered husb311
05-08 16:17:10.068 3080 3080 I : Enabling non-boot CPUs ...
05-08 16:17:10.069 0 0 I : Detected VIPT I-cache on CPU1
05-08 16:17:10.069 0 0 I GICv3 : CPU1: found redistributor 100 region 0:0x00000000fe6a0000
05-08 16:17:10.069 0 0 I CPU1 : Booted secondary processor 0x0000000100 [0x412fd050]
05-08 16:17:10.070 3080 3080 I : CPU1 is up
05-08 16:17:10.071 0 0 I : Detected VIPT I-cache on CPU2
05-08 16:17:10.071 0 0 I GICv3 : CPU2: found redistributor 200 region 0:0x00000000fe6c0000
05-08 16:17:10.071 0 0 I CPU2 : Booted secondary processor 0x0000000200 [0x412fd050]
05-08 16:17:10.072 3080 3080 I : CPU2 is up
05-08 16:17:10.073 0 0 I : Detected VIPT I-cache on CPU3
05-08 16:17:10.073 0 0 I GICv3 : CPU3: found redistributor 300 region 0:0x00000000fe6e0000
05-08 16:17:10.073 0 0 I CPU3 : Booted secondary processor 0x0000000300 [0x412fd050]
05-08 16:17:10.073 3080 3080 I : CPU3 is up
05-08 16:17:10.074 0 0 I : Detected PIPT I-cache on CPU4
05-08 16:17:10.074 0 0 I GICv3 : CPU4: found redistributor 400 region 0:0x00000000fe700000
05-08 16:17:10.074 0 0 I CPU4 : Booted secondary processor 0x0000000400 [0x414fd0b0]
05-08 16:17:10.075 3080 3080 I : CPU4 is up
05-08 16:17:10.076 0 0 I : Detected PIPT I-cache on CPU5
05-08 16:17:10.076 0 0 I GICv3 : CPU5: found redistributor 500 region 0:0x00000000fe720000
05-08 16:17:10.076 0 0 I CPU5 : Booted secondary processor 0x0000000500 [0x414fd0b0]
05-08 16:17:10.077 3080 3080 I : CPU5 is up
05-08 16:17:10.078 0 0 I : Detected PIPT I-cache on CPU6
05-08 16:17:10.078 0 0 I GICv3 : CPU6: found redistributor 600 region 0:0x00000000fe740000
05-08 16:17:10.078 0 0 I CPU6 : Booted secondary processor 0x0000000600 [0x414fd0b0]
