05-08 16:14:33.003 1267 1267 W ContextImpl: Calling a method in the system process without a qualified user: android.app.ContextImpl.sendBroadcast:1181 android.content.ContextWrapper.sendBroadcast:479 cn.eben.newweather.DateWeatherService.a:19 cn.eben.newweather.DateWeatherService.a:0 cn.eben.newweather.DateWeatherService$1.handleMessage:7
05-08 16:22:37.221 6849 6849 I : read descriptors
05-08 16:22:37.221 6849 6849 I : read strings
05-08 16:22:37.223 1 1 I init : processing action (sys.usb.config=adb && sys.usb.configfs=1 && sys.usb.ffs.ready=1) from (/system/etc/init/hw/init.usb.configfs.rc:20)
05-08 16:22:37.226 1 1 I init : Command 'symlink /config/usb_gadget/g1/functions/ffs.adb /config/usb_gadget/g1/configs/b.1/f1' action=sys.usb.config=adb && sys.usb.configfs=1 && sys.usb.ffs.ready=1 (/system/etc/init/hw/init.usb.configfs.rc:22) took 0ms and failed: symlink() failed: File exists
05-08 16:22:37.226 1 1 I init : Command 'write /config/usb_gadget/g1/UDC ${sys.usb.controller}' action=sys.usb.config=adb && sys.usb.configfs=1 && sys.usb.ffs.ready=1 (/system/etc/init/hw/init.usb.configfs.rc:23) took 0ms and failed: Unable to write to file '/config/usb_gadget/g1/UDC': Unable to write file contents: Device or resource busy
05-08 16:14:34.003 1267 1267 W ContextImpl: Calling a method in the system process without a qualified user: android.app.ContextImpl.sendBroadcast:1181 android.content.ContextWrapper.sendBroadcast:479 cn.eben.newweather.DateWeatherService.a:19 cn.eben.newweather.DateWeatherService.a:0 cn.eben.newweather.DateWeatherService$1.handleMessage:7
05-08 16:22:38.271 6849 6849 I : read descriptors
05-08 16:22:38.271 6849 6849 I : read strings
05-08 16:22:38.273 1 1 I init : processing action (sys.usb.config=adb && sys.usb.configfs=1 && sys.usb.ffs.ready=1) from (/system/etc/init/hw/init.usb.configfs.rc:20)
05-08 16:22:38.275 1 1 I init : Command 'symlink /config/usb_gadget/g1/functions/ffs.adb /config/usb_gadget/g1/configs/b.1/f1' action=sys.usb.config=adb && sys.usb.configfs=1 && sys.usb.ffs.ready=1 (/system/etc/init/hw/init.usb.configfs.rc:22) took 0ms and failed: symlink() failed: File exists
05-08 16:22:38.275 1 1 I init : Command 'write /config/usb_gadget/g1/UDC ${sys.usb.controller}' action=sys.usb.config=adb && sys.usb.configfs=1 && sys.usb.ffs.ready=1 (/system/etc/init/hw/init.usb.configfs.rc:23) took 0ms and failed: Unable to write to file '/config/usb_gadget/g1/UDC': Unable to write file contents: Device or resource busy
05-08 16:14:34.651 456 485 I RIL : ---> enter mainloop wait at port
05-08 16:14:34.651 456 485 D RIL-DEV : Get modem info
05-08 16:14:34.652 456 485 D RIL-DEV : [05-08_16:14:34:652] idVendor = 1d6b
05-08 16:14:34.652 456 485 D RIL-DEV :
05-08 16:14:34.652 456 485 D RIL-DEV : [05-08_16:14:34:652] idVendor = 1d6b
05-08 16:14:34.652 456 485 D RIL-DEV :
05-08 16:14:34.652 456 485 D RIL-DEV : [05-08_16:14:34:652] idVendor = 1d6b
05-08 16:14:34.652 456 485 D RIL-DEV :
05-08 16:14:34.652 456 485 D RIL-DEV : [05-08_16:14:34:652] idVendor = 0781
05-08 16:14:34.652 456 485 D RIL-DEV :
05-08 16:14:34.652 456 485 D RIL-DEV : [05-08_16:14:34:653] idVendor = 1d6b
05-08 16:14:34.652 456 485 D RIL-DEV :
05-08 16:14:34.652 456 485 E RIL-DEV : Cannot find Meig devices
05-08 16:14:34.652 456 485 I RIL : ---> can't find meig usb devices
05-08 16:14:35.003 1267 1267 W ContextImpl: Calling a method in the system process without a qualified user: android.app.ContextImpl.sendBroadcast:1181 android.content.ContextWrapper.sendBroadcast:479 cn.eben.newweather.DateWeatherService.a:19 cn.eben.newweather.DateWeatherService.a:0 cn.eben.newweather.DateWeatherService$1.handleMessage:7
05-08 16:22:39.311 6849 6849 I : read descriptors
05-08 16:22:39.311 6849 6849 I : read strings
05-08 16:22:39.313 1 1 I init : processing action (sys.usb.config=adb && sys.usb.configfs=1 && sys.usb.ffs.ready=1) from (/system/etc/init/hw/init.usb.configfs.rc:20)
05-08 16:14:36.002 1267 1267 W ContextImpl: Calling a method in the system process without a qualified user: android.app.ContextImpl.sendBroadcast:1181 android.content.ContextWrapper.sendBroadcast:479 cn.eben.newweather.DateWeatherService.a:19 cn.eben.newweather.DateWeatherService.a:0 cn.eben.newweather.DateWeatherService$1.handleMessage:7
05-08 16:22:40.361 6849 6849 I : read descriptors
05-08 16:22:40.361 6849 6849 I : read strings
05-08 16:14:36.653 456 485 I RIL : ---> enter mainloop wait at port
05-08 16:14:36.653 456 485 D RIL-DEV : Get modem info
05-08 16:14:36.653 456 485 D RIL-DEV : [05-08_16:14:36:654] idVendor = 1d6b
05-08 16:14:36.653 456 485 D RIL-DEV :
05-08 16:14:36.654 456 485 D RIL-DEV : [05-08_16:14:36:654] idVendor = 1d6b
05-08 16:14:36.654 456 485 D RIL-DEV :
05-08 16:14:36.654 456 485 D RIL-DEV : [05-08_16:14:36:655] idVendor = 1d6b
05-08 16:14:36.654 456 485 D RIL-DEV :
05-08 16:14:36.655 456 485 D RIL-DEV : [05-08_16:14:36:655] idVendor = 0781
05-08 16:14:36.655 456 485 D RIL-DEV :
05-08 16:14:36.655 456 485 D RIL-DEV : [05-08_16:14:36:655] idVendor = 1d6b
05-08 16:14:36.655 456 485 D RIL-DEV :
05-08 16:14:36.656 456 485 E RIL-DEV : Cannot find Meig devices
05-08 16:14:36.656 456 485 I RIL : ---> can't find meig usb devices
05-08 16:14:37.002 1267 1267 W ContextImpl: Calling a method in the system process without a qualified user: android.app.ContextImpl.sendBroadcast:1181 android.content.ContextWrapper.sendBroadcast:479 cn.eben.newweather.DateWeatherService.a:19 cn.eben.newweather.DateWeatherService.a:0 cn.eben.newweather.DateWeatherService$1.handleMessage:7
05-08 16:22:41.405 6849 6849 I : read descriptors
05-08 16:22:41.405 6849 6849 I : read strings
05-08 16:22:41.407 1 1 I init : processing action (sys.usb.config=adb && sys.usb.configfs=1 && sys.usb.ffs.ready=1) from (/system/etc/init/hw/init.usb.configfs.rc:20)
05-08 16:22:41.412 1 1 I init : Command 'symlink /config/usb_gadget/g1/functions/ffs.adb /config/usb_gadget/g1/configs/b.1/f1' action=sys.usb.config=adb && sys.usb.configfs=1 && sys.usb.ffs.ready=1 (/system/etc/init/hw/init.usb.configfs.rc:22) took 2ms and failed: symlink() failed: File exists
05-08 16:22:41.413 1 1 I init : Command 'write /config/usb_gadget/g1/UDC ${sys.usb.controller}' action=sys.usb.config=adb && sys.usb.configfs=1 && sys.usb.ffs.ready=1 (/system/etc/init/hw/init.usb.configfs.rc:23) took 0ms and failed: Unable to write to file '/config/usb_gadget/g1/UDC': Unable to write file contents: Device or resource busy
05-08 16:14:38.003 1267 1267 W ContextImpl: Calling a method in the system process without a qualified user: android.app.ContextImpl.sendBroadcast:1181 android.content.ContextWrapper.sendBroadcast:479 cn.eben.newweather.DateWeatherService.a:19 cn.eben.newweather.DateWeatherService.a:0 cn.eben.newweather.DateWeatherService$1.handleMessage:7
05-08 16:22:42.447 6849 6849 I : read descriptors
05-08 16:22:42.448 6849 6849 I : read strings
05-08 16:22:42.451 1 1 I init : processing action (sys.usb.config=adb && sys.usb.configfs=1 && sys.usb.ffs.ready=1) from (/system/etc/init/hw/init.usb.configfs.rc:20)
05-08 16:22:42.454 1 1 I init : Command 'symlink /config/usb_gadget/g1/functions/ffs.adb /config/usb_gadget/g1/configs/b.1/f1' action=sys.usb.config=adb && sys.usb.configfs=1 && sys.usb.ffs.ready=1 (/system/etc/init/hw/init.usb.configfs.rc:22) took 0ms and failed: symlink() failed: File exists
05-08 16:22:42.454 1 1 I init : Command 'write /config/usb_gadget/g1/UDC ${sys.usb.controller}' action=sys.usb.config=adb && sys.usb.configfs=1 && sys.usb.ffs.ready=1 (/system/etc/init/hw/init.usb.configfs.rc:23) took 0ms and failed: Unable to write to file '/config/usb_gadget/g1/UDC': Unable to write file contents: Device or resource busy
05-08 16:14:38.656 456 485 I RIL : ---> enter mainloop wait at port
05-08 16:14:38.656 456 485 D RIL-DEV : Get modem info
05-08 16:14:38.656 456 485 D RIL-DEV : [05-08_16:14:38:657] idVendor = 1d6b
05-08 16:14:38.656 456 485 D RIL-DEV :
05-08 16:14:38.656 456 485 D RIL-DEV : [05-08_16:14:38:657] idVendor = 1d6b
05-08 16:14:38.656 456 485 D RIL-DEV :
05-08 16:14:38.657 456 485 D RIL-DEV : [05-08_16:14:38:657] idVendor = 1d6b
05-08 16:14:38.657 456 485 D RIL-DEV :
05-08 16:14:38.657 456 485 D RIL-DEV : [05-08_16:14:38:657] idVendor = 0781
05-08 16:14:38.657 456 485 D RIL-DEV :
05-08 16:14:38.657 456 485 D RIL-DEV : [05-08_16:14:38:657] idVendor = 1d6b
05-08 16:14:38.657 456 485 D RIL-DEV :
05-08 16:14:38.657 456 485 E RIL-DEV : Cannot find Meig devices
05-08 16:14:38.657 456 485 I RIL : ---> can't find meig usb devices
05-08 16:14:39.001 1267 1267 W ContextImpl: Calling a method in the system process without a qualified user: android.app.ContextImpl.sendBroadcast:1181 android.content.ContextWrapper.sendBroadcast:479 cn.eben.newweather.DateWeatherService.a:19 cn.eben.newweather.DateWeatherService.a:0 cn.eben.newweather.DateWeatherService$1.handleMessage:7
05-08 16:22:43.491 6849 6849 I : read descriptors
05-08 16:22:43.491 6849 6849 I : read strings
05-08 16:22:43.493 1 1 I init : processing action (sys.usb.config=adb && sys.usb.configfs=1 && sys.usb.ffs.ready=1) from (/system/etc/init/hw/init.usb.configfs.rc:20)
05-08 16:22:43.499 1 1 I init : Command 'symlink /config/usb_gadget/g1/functions/ffs.adb /config/usb_gadget/g1/configs/b.1/f1' action=sys.usb.config=adb && sys.usb.configfs=1 && sys.usb.ffs.ready=1 (/system/etc/init/hw/init.usb.configfs.rc:22) took 2ms and failed: symlink() failed: File exists
05-08 16:22:43.500 1 1 I init : Command 'write /config/usb_gadget/g1/UDC ${sys.usb.controller}' action=sys.usb.config=adb && sys.usb.configfs=1 && sys.usb.ffs.ready=1 (/system/etc/init/hw/init.usb.configfs.rc:23) took 0ms and failed: Unable to write to file '/config/usb_gadget/g1/UDC': Unable to write file contents: Device or resource busy
05-08 16:14:40.001 1267 1267 W ContextImpl: Calling a method in the system process without a qualified user: android.app.ContextImpl.sendBroadcast:1181 android.content.ContextWrapper.sendBroadcast:479 cn.eben.newweather.DateWeatherService.a:19 cn.eben.newweather.DateWeatherService.a:0 cn.eben.newweather.DateWeatherService$1.handleMessage:7
05-08 16:14:40.657 456 485 I RIL : ---> enter mainloop wait at port
05-08 16:14:40.658 456 485 D RIL-DEV : Get modem info
05-08 16:14:40.658 456 485 D RIL-DEV : [05-08_16:14:40:659] idVendor = 1d6b
05-08 16:14:40.658 456 485 D RIL-DEV :
05-08 16:14:40.659 456 485 D RIL-DEV : [05-08_16:14:40:659] idVendor = 1d6b
05-08 16:14:40.659 456 485 D RIL-DEV :
05-08 16:14:40.659 456 485 D RIL-DEV : [05-08_16:14:40:660] idVendor = 1d6b
05-08 16:14:40.659 456 485 D RIL-DEV :
05-08 16:14:40.659 456 485 D RIL-DEV : [05-08_16:14:40:660] idVendor = 0781
05-08 16:14:40.659 456 485 D RIL-DEV :
05-08 16:14:40.660 456 485 D RIL-DEV : [05-08_16:14:40:660] idVendor = 1d6b
05-08 16:14:40.660 456 485 D RIL-DEV :
05-08 16:14:40.660 456 485 E RIL-DEV : Cannot find Meig devices
05-08 16:14:40.660 456 485 I RIL : ---> can't find meig usb devices
05-08 16:22:44.554 6849 6849 I : read descriptors
05-08 16:22:44.554 6849 6849 I : read strings
05-08 16:22:44.556 1 1 I init : processing action (sys.usb.config=adb && sys.usb.configfs=1 && sys.usb.ffs.ready=1) from (/system/etc/init/hw/init.usb.configfs.rc:20)
05-08 16:14:41.002 1267 1267 W ContextImpl: Calling a method in the system process without a qualified user: android.app.ContextImpl.sendBroadcast:1181 android.content.ContextWrapper.sendBroadcast:479 cn.eben.newweather.DateWeatherService.a:19 cn.eben.newweather.DateWeatherService.a:0 cn.eben.newweather.DateWeatherService$1.handleMessage:7
05-08 16:22:45.608 6849 6849 I : read descriptors
05-08 16:22:45.608 6849 6849 I : read strings
05-08 16:14:42.002 1267 1267 W ContextImpl: Calling a method in the system process without a qualified user: android.app.ContextImpl.sendBroadcast:1181 android.content.ContextWrapper.sendBroadcast:479 cn.eben.newweather.DateWeatherService.a:19 cn.eben.newweather.DateWeatherService.a:0 cn.eben.newweather.DateWeatherService$1.handleMessage:7
05-08 16:14:42.660 456 485 I RIL : ---> enter mainloop wait at port
05-08 16:14:42.660 456 485 D RIL-DEV : Get modem info
05-08 16:14:42.661 456 485 D RIL-DEV : [05-08_16:14:42:662] idVendor = 1d6b
05-08 16:14:42.661 456 485 D RIL-DEV :
05-08 16:14:42.662 456 485 D RIL-DEV : [05-08_16:14:42:662] idVendor = 1d6b
05-08 16:14:42.662 456 485 D RIL-DEV :
05-08 16:14:42.662 456 485 D RIL-DEV : [05-08_16:14:42:663] idVendor = 1d6b
05-08 16:14:42.662 456 485 D RIL-DEV :
05-08 16:14:42.662 456 485 D RIL-DEV : [05-08_16:14:42:663] idVendor = 0781
05-08 16:14:42.662 456 485 D RIL-DEV :
05-08 16:14:42.663 456 485 D RIL-DEV : [05-08_16:14:42:663] idVendor = 1d6b
05-08 16:14:42.663 456 485 D RIL-DEV :
05-08 16:14:42.663 456 485 E RIL-DEV : Cannot find Meig devices
05-08 16:14:42.663 456 485 I RIL : ---> can't find meig usb devices
05-08 16:22:46.655 6849 6849 I : read descriptors
05-08 16:22:46.655 6849 6849 I : read strings
05-08 16:22:46.657 1 1 I init : processing action (sys.usb.config=adb && sys.usb.configfs=1 && sys.usb.ffs.ready=1) from (/system/etc/init/hw/init.usb.configfs.rc:20)
05-08 16:22:46.661 1 1 I init : Command 'symlink /config/usb_gadget/g1/functions/ffs.adb /config/usb_gadget/g1/configs/b.1/f1' action=sys.usb.config=adb && sys.usb.configfs=1 && sys.usb.ffs.ready=1 (/system/etc/init/hw/init.usb.configfs.rc:22) took 1ms and failed: symlink() failed: File exists
05-08 16:22:46.662 1 1 I init : Command 'write /config/usb_gadget/g1/UDC ${sys.usb.controller}' action=sys.usb.config=adb && sys.usb.configfs=1 && sys.usb.ffs.ready=1 (/system/etc/init/hw/init.usb.configfs.rc:23) took 1ms and failed: Unable to write to file '/config/usb_gadget/g1/UDC': Unable to write file contents: Device or resource busy
05-08 16:14:43.003 1267 1267 W ContextImpl: Calling a method in the system process without a qualified user: android.app.ContextImpl.sendBroadcast:1181 android.content.ContextWrapper.sendBroadcast:479 cn.eben.newweather.DateWeatherService.a:19 cn.eben.newweather.DateWeatherService.a:0 cn.eben.newweather.DateWeatherService$1.handleMessage:7
05-08 16:22:47.704 6849 6849 I : read descriptors
05-08 16:22:47.704 6849 6849 I : read strings
05-08 16:22:47.707 1 1 I init : processing action (sys.usb.config=adb && sys.usb.configfs=1 && sys.usb.ffs.ready=1) from (/system/etc/init/hw/init.usb.configfs.rc:20)
05-08 16:22:47.709 1 1 I init : Command 'symlink /config/usb_gadget/g1/functions/ffs.adb /config/usb_gadget/g1/configs/b.1/f1' action=sys.usb.config=adb && sys.usb.configfs=1 && sys.usb.ffs.ready=1 (/system/etc/init/hw/init.usb.configfs.rc:22) took 0ms and failed: symlink() failed: File exists
05-08 16:22:47.710 1 1 I init : Command 'write /config/usb_gadget/g1/UDC ${sys.usb.controller}' action=sys.usb.config=adb && sys.usb.configfs=1 && sys.usb.ffs.ready=1 (/system/etc/init/hw/init.usb.configfs.rc:23) took 0ms and failed: Unable to write to file '/config/usb_gadget/g1/UDC': Unable to write file contents: Device or resource busy
05-08 16:14:44.003 1267 1267 W ContextImpl: Calling a method in the system process without a qualified user: android.app.ContextImpl.sendBroadcast:1181 android.content.ContextWrapper.sendBroadcast:479 cn.eben.newweather.DateWeatherService.a:19 cn.eben.newweather.DateWeatherService.a:0 cn.eben.newweather.DateWeatherService$1.handleMessage:7
05-08 16:14:44.664 456 485 I RIL : ---> enter mainloop wait at port
05-08 16:14:44.664 456 485 D RIL-DEV : Get modem info
05-08 16:14:44.665 456 485 D RIL-DEV : [05-08_16:14:44:665] idVendor = 1d6b
05-08 16:14:44.665 456 485 D RIL-DEV :
05-08 16:14:44.665 456 485 D RIL-DEV : [05-08_16:14:44:665] idVendor = 1d6b
05-08 16:14:44.665 456 485 D RIL-DEV :
05-08 16:14:44.665 456 485 D RIL-DEV : [05-08_16:14:44:666] idVendor = 1d6b
05-08 16:14:44.665 456 485 D RIL-DEV :
05-08 16:14:44.666 456 485 D RIL-DEV : [05-08_16:14:44:666] idVendor = 0781
05-08 16:14:44.666 456 485 D RIL-DEV :
05-08 16:14:44.666 456 485 D RIL-DEV : [05-08_16:14:44:666] idVendor = 1d6b
05-08 16:14:44.666 456 485 D RIL-DEV :
05-08 16:14:44.666 456 485 E RIL-DEV : Cannot find Meig devices
05-08 16:14:44.666 456 485 I RIL : ---> can't find meig usb devices
05-08 16:22:48.744 6849 6849 I : read descriptors
05-08 16:22:48.744 6849 6849 I : read strings
05-08 16:22:48.748 1 1 I init : processing action (sys.usb.config=adb && sys.usb.configfs=1 && sys.usb.ffs.ready=1) from (/system/etc/init/hw/init.usb.configfs.rc:20)
05-08 16:22:48.750 1 1 I init : Command 'symlink /config/usb_gadget/g1/functions/ffs.adb /config/usb_gadget/g1/configs/b.1/f1' action=sys.usb.config=adb && sys.usb.configfs=1 && sys.usb.ffs.ready=1 (/system/etc/init/hw/init.usb.configfs.rc:22) took 0ms and failed: symlink() failed: File exists
05-08 16:22:48.750 1 1 I init : Command 'write /config/usb_gadget/g1/UDC ${sys.usb.controller}' action=sys.usb.config=adb && sys.usb.configfs=1 && sys.usb.ffs.ready=1 (/system/etc/init/hw/init.usb.configfs.rc:23) took 0ms and failed: Unable to write to file '/config/usb_gadget/g1/UDC': Unable to write file contents: Device or resource busy
05-08 16:14:45.002 1267 1267 W ContextImpl: Calling a method in the system process without a qualified user: android.app.ContextImpl.sendBroadcast:1181 android.content.ContextWrapper.sendBroadcast:479 cn.eben.newweather.DateWeatherService.a:19 cn.eben.newweather.DateWeatherService.a:0 cn.eben.newweather.DateWeatherService$1.handleMessage:7
05-08 16:22:49.790 6849 6849 I : read descriptors
05-08 16:22:49.790 6849 6849 I : read strings
05-08 16:22:49.792 1 1 I init : processing action (sys.usb.config=adb && sys.usb.configfs=1 && sys.usb.ffs.ready=1) from (/system/etc/init/hw/init.usb.configfs.rc:20)
05-08 16:14:46.002 1267 1267 W ContextImpl: Calling a method in the system process without a qualified user: android.app.ContextImpl.sendBroadcast:1181 android.content.ContextWrapper.sendBroadcast:479 cn.eben.newweather.DateWeatherService.a:19 cn.eben.newweather.DateWeatherService.a:0 cn.eben.newweather.DateWeatherService$1.handleMessage:7
05-08 16:14:46.667 456 485 I RIL : ---> enter mainloop wait at port
05-08 16:14:46.667 456 485 D RIL-DEV : Get modem info
05-08 16:14:46.668 456 485 D RIL-DEV : [05-08_16:14:46:668] idVendor = 1d6b
05-08 16:14:46.668 456 485 D RIL-DEV :
05-08 16:14:46.669 456 485 D RIL-DEV : [05-08_16:14:46:669] idVendor = 1d6b
05-08 16:14:46.669 456 485 D RIL-DEV :
05-08 16:14:46.669 456 485 D RIL-DEV : [05-08_16:14:46:670] idVendor = 1d6b
05-08 16:14:46.669 456 485 D RIL-DEV :
05-08 16:14:46.670 456 485 D RIL-DEV : [05-08_16:14:46:670] idVendor = 0781
05-08 16:14:46.670 456 485 D RIL-DEV :
05-08 16:14:46.670 456 485 D RIL-DEV : [05-08_16:14:46:670] idVendor = 1d6b
05-08 16:14:46.670 456 485 D RIL-DEV :
05-08 16:14:46.670 456 485 E RIL-DEV : Cannot find Meig devices
05-08 16:14:46.670 456 485 I RIL : ---> can't find meig usb devices
05-08 16:14:47.001 1267 1267 W ContextImpl: Calling a method in the system process without a qualified user: android.app.ContextImpl.sendBroadcast:1181 android.content.ContextWrapper.sendBroadcast:479 cn.eben.newweather.DateWeatherService.a:19 cn.eben.newweather.DateWeatherService.a:0 cn.eben.newweather.DateWeatherService$1.handleMessage:7
05-08 16:22:50.824 6849 6849 I : read descriptors
05-08 16:22:50.824 6849 6849 I : read strings
05-08 16:14:48.002 1267 1267 W ContextImpl: Calling a method in the system process without a qualified user: android.app.ContextImpl.sendBroadcast:1181 android.content.ContextWrapper.sendBroadcast:479 cn.eben.newweather.DateWeatherService.a:19 cn.eben.newweather.DateWeatherService.a:0 cn.eben.newweather.DateWeatherService$1.handleMessage:7
05-08 16:22:51.887 6849 6849 I : read descriptors
05-08 16:22:51.887 6849 6849 I : read strings
05-08 16:22:51.889 1 1 I init : processing action (sys.usb.config=adb && sys.usb.configfs=1 && sys.usb.ffs.ready=1) from (/system/etc/init/hw/init.usb.configfs.rc:20)
05-08 16:22:51.892 1 1 I init : Command 'symlink /config/usb_gadget/g1/functions/ffs.adb /config/usb_gadget/g1/configs/b.1/f1' action=sys.usb.config=adb && sys.usb.configfs=1 && sys.usb.ffs.ready=1 (/system/etc/init/hw/init.usb.configfs.rc:22) took 0ms and failed: symlink() failed: File exists
05-08 16:22:51.892 1 1 I init : Command 'write /config/usb_gadget/g1/UDC ${sys.usb.controller}' action=sys.usb.config=adb && sys.usb.configfs=1 && sys.usb.ffs.ready=1 (/system/etc/init/hw/init.usb.configfs.rc:23) took 0ms and failed: Unable to write to file '/config/usb_gadget/g1/UDC': Unable to write file contents: Device or resource busy
05-08 16:14:48.671 456 485 I RIL : ---> enter mainloop wait at port
05-08 16:14:48.671 456 485 D RIL-DEV : Get modem info
05-08 16:14:48.672 456 485 D RIL-DEV : [05-08_16:14:48:672] idVendor = 1d6b
05-08 16:14:48.672 456 485 D RIL-DEV :
05-08 16:14:48.672 456 485 D RIL-DEV : [05-08_16:14:48:673] idVendor = 1d6b
05-08 16:14:48.672 456 485 D RIL-DEV :
05-08 16:14:48.673 456 485 D RIL-DEV : [05-08_16:14:48:673] idVendor = 1d6b
05-08 16:14:48.673 456 485 D RIL-DEV :
05-08 16:14:48.673 456 485 D RIL-DEV : [05-08_16:14:48:673] idVendor = 0781
05-08 16:14:48.673 456 485 D RIL-DEV :
05-08 16:14:48.673 456 485 D RIL-DEV : [05-08_16:14:48:674] idVendor = 1d6b
05-08 16:14:48.673 456 485 D RIL-DEV :
05-08 16:14:48.674 456 485 E RIL-DEV : Cannot find Meig devices
05-08 16:14:48.674 456 485 I RIL : ---> can't find meig usb devices
05-08 16:14:49.003 1267 1267 W ContextImpl: Calling a method in the system process without a qualified user: android.app.ContextImpl.sendBroadcast:1181 android.content.ContextWrapper.sendBroadcast:479 cn.eben.newweather.DateWeatherService.a:19 cn.eben.newweather.DateWeatherService.a:0 cn.eben.newweather.DateWeatherService$1.handleMessage:7
05-08 16:22:52.951 6849 6849 I : read descriptors
05-08 16:22:52.951 6849 6849 I : read strings
05-08 16:22:52.954 1 1 I init : processing action (sys.usb.config=adb && sys.usb.configfs=1 && sys.usb.ffs.ready=1) from (/system/etc/init/hw/init.usb.configfs.rc:20)
05-08 16:22:52.956 1 1 I init : Command 'symlink /config/usb_gadget/g1/functions/ffs.adb /config/usb_gadget/g1/configs/b.1/f1' action=sys.usb.config=adb && sys.usb.configfs=1 && sys.usb.ffs.ready=1 (/system/etc/init/hw/init.usb.configfs.rc:22) took 0ms and failed: symlink() failed: File exists
05-08 16:22:52.957 1 1 I init : Command 'write /config/usb_gadget/g1/UDC ${sys.usb.controller}' action=sys.usb.config=adb && sys.usb.configfs=1 && sys.usb.ffs.ready=1 (/system/etc/init/hw/init.usb.configfs.rc:23) took 0ms and failed: Unable to write to file '/config/usb_gadget/g1/UDC': Unable to write file contents: Device or resource busy
05-08 16:14:50.002 1267 1267 W ContextImpl: Calling a method in the system process without a qualified user: android.app.ContextImpl.sendBroadcast:1181 android.content.ContextWrapper.sendBroadcast:479 cn.eben.newweather.DateWeatherService.a:19 cn.eben.newweather.DateWeatherService.a:0 cn.eben.newweather.DateWeatherService$1.handleMessage:7
05-08 16:22:53.997 6849 6849 I : read descriptors
05-08 16:22:53.998 6849 6849 I : read strings
05-08 16:22:54.000 1 1 I init : processing action (sys.usb.config=adb && sys.usb.configfs=1 && sys.usb.ffs.ready=1) from (/system/etc/init/hw/init.usb.configfs.rc:20)
05-08 16:22:54.004 1 1 I init : Command 'symlink /config/usb_gadget/g1/functions/ffs.adb /config/usb_gadget/g1/configs/b.1/f1' action=sys.usb.config=adb && sys.usb.configfs=1 && sys.usb.ffs.ready=1 (/system/etc/init/hw/init.usb.configfs.rc:22) took 1ms and failed: symlink() failed: File exists
05-08 16:22:54.004 1 1 I init : Command 'write /config/usb_gadget/g1/UDC ${sys.usb.controller}' action=sys.usb.config=adb && sys.usb.configfs=1 && sys.usb.ffs.ready=1 (/system/etc/init/hw/init.usb.configfs.rc:23) took 0ms and failed: Unable to write to file '/config/usb_gadget/g1/UDC': Unable to write file contents: Device or resource busy
05-08 16:14:50.674 456 485 I RIL : ---> enter mainloop wait at port
05-08 16:14:50.674 456 485 D RIL-DEV : Get modem info
05-08 16:14:50.675 456 485 D RIL-DEV : [05-08_16:14:50:676] idVendor = 1d6b
05-08 16:14:50.675 456 485 D RIL-DEV :
05-08 16:14:50.675 456 485 D RIL-DEV : [05-08_16:14:50:676] idVendor = 1d6b
05-08 16:14:50.675 456 485 D RIL-DEV :
05-08 16:14:50.676 456 485 D RIL-DEV : [05-08_16:14:50:676] idVendor = 1d6b
05-08 16:14:50.676 456 485 D RIL-DEV :
05-08 16:14:50.676 456 485 D RIL-DEV : [05-08_16:14:50:677] idVendor = 0781
05-08 16:14:50.676 456 485 D RIL-DEV :
05-08 16:14:50.676 456 485 D RIL-DEV : [05-08_16:14:50:677] idVendor = 1d6b
05-08 16:14:50.676 456 485 D RIL-DEV :
05-08 16:14:50.677 456 485 E RIL-DEV : Cannot find Meig devices
05-08 16:14:50.677 456 485 I RIL : ---> can't find meig usb devices
05-08 16:14:51.003 1267 1267 W ContextImpl: Calling a method in the system process without a qualified user: android.app.ContextImpl.sendBroadcast:1181 android.content.ContextWrapper.sendBroadcast:479 cn.eben.newweather.DateWeatherService.a:19 cn.eben.newweather.DateWeatherService.a:0 cn.eben.newweather.DateWeatherService$1.handleMessage:7
05-08 16:22:55.061 6849 6849 I : read descriptors
05-08 16:22:55.061 6849 6849 I : read strings
05-08 16:22:55.063 1 1 I init : processing action (sys.usb.config=adb && sys.usb.configfs=1 && sys.usb.ffs.ready=1) from (/system/etc/init/hw/init.usb.configfs.rc:20)
05-08 16:14:52.001 1267 1267 W ContextImpl: Calling a method in the system process without a qualified user: android.app.ContextImpl.sendBroadcast:1181 android.content.ContextWrapper.sendBroadcast:479 cn.eben.newweather.DateWeatherService.a:19 cn.eben.newweather.DateWeatherService.a:0 cn.eben.newweather.DateWeatherService$1.handleMessage:7
05-08 16:22:56.127 6849 6849 I : read descriptors
05-08 16:22:56.127 6849 6849 I : read strings
05-08 16:14:52.677 456 485 I RIL : ---> enter mainloop wait at port
05-08 16:14:52.677 456 485 D RIL-DEV : Get modem info
05-08 16:14:52.678 456 485 D RIL-DEV : [05-08_16:14:52:679] idVendor = 1d6b
05-08 16:14:52.678 456 485 D RIL-DEV :
05-08 16:14:52.678 456 485 D RIL-DEV : [05-08_16:14:52:679] idVendor = 1d6b
05-08 16:14:52.678 456 485 D RIL-DEV :
05-08 16:14:52.679 456 485 D RIL-DEV : [05-08_16:14:52:680] idVendor = 1d6b
05-08 16:14:52.679 456 485 D RIL-DEV :
05-08 16:14:52.679 456 485 D RIL-DEV : [05-08_16:14:52:680] idVendor = 0781
05-08 16:14:52.679 456 485 D RIL-DEV :
05-08 16:14:52.680 456 485 D RIL-DEV : [05-08_16:14:52:680] idVendor = 1d6b
05-08 16:14:52.680 456 485 D RIL-DEV :
05-08 16:14:52.680 456 485 E RIL-DEV : Cannot find Meig devices
05-08 16:14:52.680 456 485 I RIL : ---> can't find meig usb devices
05-08 16:14:53.003 1267 1267 W ContextImpl: Calling a method in the system process without a qualified user: android.app.ContextImpl.sendBroadcast:1181 android.content.ContextWrapper.sendBroadcast:479 cn.eben.newweather.DateWeatherService.a:19 cn.eben.newweather.DateWeatherService.a:0 cn.eben.newweather.DateWeatherService$1.handleMessage:7
05-08 16:22:57.167 6849 6849 I : read descriptors
05-08 16:22:57.167 6849 6849 I : read strings
05-08 16:22:57.170 1 1 I init : processing action (sys.usb.config=adb && sys.usb.configfs=1 && sys.usb.ffs.ready=1) from (/system/etc/init/hw/init.usb.configfs.rc:20)
05-08 16:22:57.174 1 1 I init : Command 'symlink /config/usb_gadget/g1/functions/ffs.adb /config/usb_gadget/g1/configs/b.1/f1' action=sys.usb.config=adb && sys.usb.configfs=1 && sys.usb.ffs.ready=1 (/system/etc/init/hw/init.usb.configfs.rc:22) took 1ms and failed: symlink() failed: File exists
05-08 16:22:57.175 1 1 I init : Command 'write /config/usb_gadget/g1/UDC ${sys.usb.controller}' action=sys.usb.config=adb && sys.usb.configfs=1 && sys.usb.ffs.ready=1 (/system/etc/init/hw/init.usb.configfs.rc:23) took 0ms and failed: Unable to write to file '/config/usb_gadget/g1/UDC': Unable to write file contents: Device or resource busy
05-08 16:14:54.003 1267 1267 W ContextImpl: Calling a method in the system process without a qualified user: android.app.ContextImpl.sendBroadcast:1181 android.content.ContextWrapper.sendBroadcast:479 cn.eben.newweather.DateWeatherService.a:19 cn.eben.newweather.DateWeatherService.a:0 cn.eben.newweather.DateWeatherService$1.handleMessage:7
05-08 16:22:58.227 6849 6849 I : read descriptors
05-08 16:22:58.227 6849 6849 I : read strings
05-08 16:22:58.230 1 1 I init : processing action (sys.usb.config=adb && sys.usb.configfs=1 && sys.usb.ffs.ready=1) from (/system/etc/init/hw/init.usb.configfs.rc:20)
05-08 16:22:58.234 1 1 I init : Command 'symlink /config/usb_gadget/g1/functions/ffs.adb /config/usb_gadget/g1/configs/b.1/f1' action=sys.usb.config=adb && sys.usb.configfs=1 && sys.usb.ffs.ready=1 (/system/etc/init/hw/init.usb.configfs.rc:22) took 0ms and failed: symlink() failed: File exists
05-08 16:22:58.234 1 1 I init : Command 'write /config/usb_gadget/g1/UDC ${sys.usb.controller}' action=sys.usb.config=adb && sys.usb.configfs=1 && sys.usb.ffs.ready=1 (/system/etc/init/hw/init.usb.configfs.rc:23) took 0ms and failed: Unable to write to file '/config/usb_gadget/g1/UDC': Unable to write file contents: Device or resource busy
05-08 16:14:54.681 456 485 I RIL : ---> enter mainloop wait at port
05-08 16:14:54.681 456 485 D RIL-DEV : Get modem info
05-08 16:14:54.682 456 485 D RIL-DEV : [05-08_16:14:54:682] idVendor = 1d6b
05-08 16:14:54.682 456 485 D RIL-DEV :
05-08 16:14:54.682 456 485 D RIL-DEV : [05-08_16:14:54:683] idVendor = 1d6b
05-08 16:14:54.682 456 485 D RIL-DEV :
05-08 16:14:54.682 456 485 D RIL-DEV : [05-08_16:14:54:683] idVendor = 1d6b
05-08 16:14:54.682 456 485 D RIL-DEV :
05-08 16:14:54.683 456 485 D RIL-DEV : [05-08_16:14:54:683] idVendor = 0781
05-08 16:14:54.683 456 485 D RIL-DEV :
05-08 16:14:54.683 456 485 D RIL-DEV : [05-08_16:14:54:683] idVendor = 1d6b
05-08 16:14:54.683 456 485 D RIL-DEV :
05-08 16:14:54.683 456 485 E RIL-DEV : Cannot find Meig devices
05-08 16:14:54.684 456 485 I RIL : ---> can't find meig usb devices
05-08 16:14:55.002 1267 1267 W ContextImpl: Calling a method in the system process without a qualified user: android.app.ContextImpl.sendBroadcast:1181 android.content.ContextWrapper.sendBroadcast:479 cn.eben.newweather.DateWeatherService.a:19 cn.eben.newweather.DateWeatherService.a:0 cn.eben.newweather.DateWeatherService$1.handleMessage:7
05-08 16:14:55.073 615 691 D ActivityManager: freezing 10854 com.android.webview:webview_service
05-08 16:14:55.081 615 691 D ActivityManager: froze 10854 com.android.webview:webview_service
05-08 16:22:59.281 6849 6849 I : read descriptors
05-08 16:22:59.281 6849 6849 I : read strings
05-08 16:22:59.283 1 1 I init : processing action (sys.usb.config=adb && sys.usb.configfs=1 && sys.usb.ffs.ready=1) from (/system/etc/init/hw/init.usb.configfs.rc:20)
05-08 16:22:59.288 1 1 I init : Command 'symlink /config/usb_gadget/g1/functions/ffs.adb /config/usb_gadget/g1/configs/b.1/f1' action=sys.usb.config=adb && sys.usb.configfs=1 && sys.usb.ffs.ready=1 (/system/etc/init/hw/init.usb.configfs.rc:22) took 1ms and failed: symlink() failed: File exists
05-08 16:22:59.288 1 1 I init : Command 'write /config/usb_gadget/g1/UDC ${sys.usb.controller}' action=sys.usb.config=adb && sys.usb.configfs=1 && sys.usb.ffs.ready=1 (/system/etc/init/hw/init.usb.configfs.rc:23) took 0ms and failed: Unable to write to file '/config/usb_gadget/g1/UDC': Unable to write file contents: Device or resource busy
05-08 16:14:56.003 1267 1267 W ContextImpl: Calling a method in the system process without a qualified user: android.app.ContextImpl.sendBroadcast:1181 android.content.ContextWrapper.sendBroadcast:479 cn.eben.newweather.DateWeatherService.a:19 cn.eben.newweather.DateWeatherService.a:0 cn.eben.newweather.DateWeatherService$1.handleMessage:7
05-08 16:23:00.328 6849 6849 I : read descriptors
05-08 16:23:00.328 6849 6849 I : read strings
05-08 16:23:00.331 1 1 I init : processing action (sys.usb.config=adb && sys.usb.configfs=1 && sys.usb.ffs.ready=1) from (/system/etc/init/hw/init.usb.configfs.rc:20)
05-08 16:14:56.684 456 485 I RIL : ---> enter mainloop wait at port
05-08 16:14:56.684 456 485 D RIL-DEV : Get modem info
05-08 16:14:56.685 456 485 D RIL-DEV : [05-08_16:14:56:685] idVendor = 1d6b
05-08 16:14:56.685 456 485 D RIL-DEV :
05-08 16:14:56.685 456 485 D RIL-DEV : [05-08_16:14:56:685] idVendor = 1d6b
05-08 16:14:56.685 456 485 D RIL-DEV :
05-08 16:14:56.685 456 485 D RIL-DEV : [05-08_16:14:56:686] idVendor = 1d6b
05-08 16:14:56.685 456 485 D RIL-DEV :
05-08 16:14:56.686 456 485 D RIL-DEV : [05-08_16:14:56:686] idVendor = 0781
05-08 16:14:56.686 456 485 D RIL-DEV :
05-08 16:14:56.686 456 485 D RIL-DEV : [05-08_16:14:56:686] idVendor = 1d6b
05-08 16:14:56.686 456 485 D RIL-DEV :
05-08 16:14:56.686 456 485 E RIL-DEV : Cannot find Meig devices
05-08 16:14:56.686 456 485 I RIL : ---> can't find meig usb devices
05-08 16:14:57.002 1267 1267 W ContextImpl: Calling a method in the system process without a qualified user: android.app.ContextImpl.sendBroadcast:1181 android.content.ContextWrapper.sendBroadcast:479 cn.eben.newweather.DateWeatherService.a:19 cn.eben.newweather.DateWeatherService.a:0 cn.eben.newweather.DateWeatherService$1.handleMessage:7
05-08 16:23:01.391 6849 6849 I : read descriptors
05-08 16:23:01.391 6849 6849 I : read strings
05-08 16:14:58.002 1267 1267 W ContextImpl: Calling a method in the system process without a qualified user: android.app.ContextImpl.sendBroadcast:1181 android.content.ContextWrapper.sendBroadcast:479 cn.eben.newweather.DateWeatherService.a:19 cn.eben.newweather.DateWeatherService.a:0 cn.eben.newweather.DateWeatherService$1.handleMessage:7
05-08 16:23:02.431 6849 6849 I : read descriptors
05-08 16:23:02.431 6849 6849 I : read strings
05-08 16:23:02.433 1 1 I init : processing action (sys.usb.config=adb && sys.usb.configfs=1 && sys.usb.ffs.ready=1) from (/system/etc/init/hw/init.usb.configfs.rc:20)
05-08 16:23:02.436 1 1 I init : Command 'symlink /config/usb_gadget/g1/functions/ffs.adb /config/usb_gadget/g1/configs/b.1/f1' action=sys.usb.config=adb && sys.usb.configfs=1 && sys.usb.ffs.ready=1 (/system/etc/init/hw/init.usb.configfs.rc:22) took 0ms and failed: symlink() failed: File exists
05-08 16:23:02.436 1 1 I init : Command 'write /config/usb_gadget/g1/UDC ${sys.usb.controller}' action=sys.usb.config=adb && sys.usb.configfs=1 && sys.usb.ffs.ready=1 (/system/etc/init/hw/init.usb.configfs.rc:23) took 0ms and failed: Unable to write to file '/config/usb_gadget/g1/UDC': Unable to write file contents: Device or resource busy
05-08 16:14:58.687 456 485 I RIL : ---> enter mainloop wait at port
05-08 16:14:58.687 456 485 D RIL-DEV : Get modem info
05-08 16:14:58.687 456 485 D RIL-DEV : [05-08_16:14:58:688] idVendor = 1d6b
05-08 16:14:58.687 456 485 D RIL-DEV :
05-08 16:14:58.688 456 485 D RIL-DEV : [05-08_16:14:58:688] idVendor = 1d6b
05-08 16:14:58.688 456 485 D RIL-DEV :
05-08 16:14:58.688 456 485 D RIL-DEV : [05-08_16:14:58:689] idVendor = 1d6b
05-08 16:14:58.688 456 485 D RIL-DEV :
05-08 16:14:58.688 456 485 D RIL-DEV : [05-08_16:14:58:689] idVendor = 0781
05-08 16:14:58.688 456 485 D RIL-DEV :
05-08 16:14:58.689 456 485 D RIL-DEV : [05-08_16:14:58:689] idVendor = 1d6b
05-08 16:14:58.689 456 485 D RIL-DEV :
05-08 16:14:58.689 456 485 E RIL-DEV : Cannot find Meig devices
05-08 16:14:58.689 456 485 I RIL : ---> can't find meig usb devices
05-08 16:14:59.002 1267 1267 W ContextImpl: Calling a method in the system process without a qualified user: android.app.ContextImpl.sendBroadcast:1181 android.content.ContextWrapper.sendBroadcast:479 cn.eben.newweather.DateWeatherService.a:19 cn.eben.newweather.DateWeatherService.a:0 cn.eben.newweather.DateWeatherService$1.handleMessage:7
05-08 16:23:03.484 6849 6849 I : read descriptors
05-08 16:23:03.484 6849 6849 I : read strings
05-08 16:23:03.487 1 1 I init : processing action (sys.usb.config=adb && sys.usb.configfs=1 && sys.usb.ffs.ready=1) from (/system/etc/init/hw/init.usb.configfs.rc:20)
05-08 16:23:03.489 1 1 I init : Command 'symlink /config/usb_gadget/g1/functions/ffs.adb /config/usb_gadget/g1/configs/b.1/f1' action=sys.usb.config=adb && sys.usb.configfs=1 && sys.usb.ffs.ready=1 (/system/etc/init/hw/init.usb.configfs.rc:22) took 0ms and failed: symlink() failed: File exists
05-08 16:23:03.490 1 1 I init : Command 'write /config/usb_gadget/g1/UDC ${sys.usb.controller}' action=sys.usb.config=adb && sys.usb.configfs=1 && sys.usb.ffs.ready=1 (/system/etc/init/hw/init.usb.configfs.rc:23) took 0ms and failed: Unable to write to file '/config/usb_gadget/g1/UDC': Unable to write file contents: Device or resource busy
05-08 16:15:00.002 1267 1267 W ContextImpl: Calling a method in the system process without a qualified user: android.app.ContextImpl.sendBroadcast:1181 android.content.ContextWrapper.sendBroadcast:479 cn.eben.newweather.DateWeatherService.a:19 cn.eben.newweather.DateWeatherService.a:0 cn.eben.newweather.DateWeatherService$1.handleMessage:7
05-08 16:15:00.689 456 485 I RIL : ---> enter mainloop wait at port
05-08 16:15:00.690 456 485 D RIL-DEV : Get modem info
05-08 16:15:00.691 456 485 D RIL-DEV : [05-08_16:15:00:691] idVendor = 1d6b
05-08 16:15:00.691 456 485 D RIL-DEV :
05-08 16:15:00.691 456 485 D RIL-DEV : [05-08_16:15:00:691] idVendor = 1d6b
05-08 16:15:00.691 456 485 D RIL-DEV :
05-08 16:15:00.692 456 485 D RIL-DEV : [05-08_16:15:00:692] idVendor = 1d6b
05-08 16:15:00.692 456 485 D RIL-DEV :
05-08 16:15:00.692 456 485 D RIL-DEV : [05-08_16:15:00:692] idVendor = 0781
05-08 16:15:00.692 456 485 D RIL-DEV :
05-08 16:15:00.692 456 485 D RIL-DEV : [05-08_16:15:00:693] idVendor = 1d6b
05-08 16:15:00.692 456 485 D RIL-DEV :
05-08 16:15:00.693 456 485 E RIL-DEV : Cannot find Meig devices
05-08 16:15:00.693 456 485 I RIL : ---> can't find meig usb devices
05-08 16:23:04.544 6849 6849 I : read descriptors
05-08 16:23:04.544 6849 6849 I : read strings
05-08 16:23:04.547 1 1 I init : processing action (sys.usb.config=adb && sys.usb.configfs=1 && sys.usb.ffs.ready=1) from (/system/etc/init/hw/init.usb.configfs.rc:20)
05-08 16:23:04.550 1 1 I init : Command 'symlink /config/usb_gadget/g1/functions/ffs.adb /config/usb_gadget/g1/configs/b.1/f1' action=sys.usb.config=adb && sys.usb.configfs=1 && sys.usb.ffs.ready=1 (/system/etc/init/hw/init.usb.configfs.rc:22) took 1ms and failed: symlink() failed: File exists
05-08 16:23:04.552 1 1 I init : Command 'write /config/usb_gadget/g1/UDC ${sys.usb.controller}' action=sys.usb.config=adb && sys.usb.configfs=1 && sys.usb.ffs.ready=1 (/system/etc/init/hw/init.usb.configfs.rc:23) took 1ms and failed: Unable to write to file '/config/usb_gadget/g1/UDC': Unable to write file contents: Device or resource busy
05-08 16:15:01.002 1267 1267 W ContextImpl: Calling a method in the system process without a qualified user: android.app.ContextImpl.sendBroadcast:1181 android.content.ContextWrapper.sendBroadcast:479 cn.eben.newweather.DateWeatherService.a:19 cn.eben.newweather.DateWeatherService.a:0 cn.eben.newweather.DateWeatherService$1.handleMessage:7
05-08 16:23:05.594 6849 6849 I : read descriptors
05-08 16:23:05.594 6849 6849 I : read strings
05-08 16:23:05.595 1 1 I init : processing action (sys.usb.config=adb && sys.usb.configfs=1 && sys.usb.ffs.ready=1) from (/system/etc/init/hw/init.usb.configfs.rc:20)
05-08 16:15:02.002 1267 1267 W ContextImpl: Calling a method in the system process without a qualified user: android.app.ContextImpl.sendBroadcast:1181 android.content.ContextWrapper.sendBroadcast:479 cn.eben.newweather.DateWeatherService.a:19 cn.eben.newweather.DateWeatherService.a:0 cn.eben.newweather.DateWeatherService$1.handleMessage:7
05-08 16:15:02.693 456 485 I RIL : ---> enter mainloop wait at port
05-08 16:15:02.693 456 485 D RIL-DEV : Get modem info
05-08 16:15:02.694 456 485 D RIL-DEV : [05-08_16:15:02:694] idVendor = 1d6b
05-08 16:15:02.694 456 485 D RIL-DEV :
05-08 16:15:02.694 456 485 D RIL-DEV : [05-08_16:15:02:694] idVendor = 1d6b
05-08 16:15:02.694 456 485 D RIL-DEV :
05-08 16:15:02.694 456 485 D RIL-DEV : [05-08_16:15:02:695] idVendor = 1d6b
05-08 16:15:02.694 456 485 D RIL-DEV :
05-08 16:15:02.694 456 485 D RIL-DEV : [05-08_16:15:02:695] idVendor = 0781
05-08 16:15:02.694 456 485 D RIL-DEV :
05-08 16:15:02.695 456 485 D RIL-DEV : [05-08_16:15:02:695] idVendor = 1d6b
05-08 16:15:02.695 456 485 D RIL-DEV :
05-08 16:15:02.695 456 485 E RIL-DEV : Cannot find Meig devices
05-08 16:15:02.695 456 485 I RIL : ---> can't find meig usb devices
05-08 16:23:06.651 6849 6849 I : read descriptors
05-08 16:23:06.651 6849 6849 I : read strings
05-08 16:15:03.001 1267 1267 W ContextImpl: Calling a method in the system process without a qualified user: android.app.ContextImpl.sendBroadcast:1181 android.content.ContextWrapper.sendBroadcast:479 cn.eben.newweather.DateWeatherService.a:19 cn.eben.newweather.DateWeatherService.a:0 cn.eben.newweather.DateWeatherService$1.handleMessage:7
05-08 16:23:07.730 6849 6849 I : read descriptors
05-08 16:23:07.730 6849 6849 I : read strings
05-08 16:23:07.732 1 1 I init : processing action (sys.usb.config=adb && sys.usb.configfs=1 && sys.usb.ffs.ready=1) from (/system/etc/init/hw/init.usb.configfs.rc:20)
05-08 16:23:07.734 1 1 I init : Command 'symlink /config/usb_gadget/g1/functions/ffs.adb /config/usb_gadget/g1/configs/b.1/f1' action=sys.usb.config=adb && sys.usb.configfs=1 && sys.usb.ffs.ready=1 (/system/etc/init/hw/init.usb.configfs.rc:22) took 0ms and failed: symlink() failed: File exists
05-08 16:23:07.734 1 1 I init : Command 'write /config/usb_gadget/g1/UDC ${sys.usb.controller}' action=sys.usb.config=adb && sys.usb.configfs=1 && sys.usb.ffs.ready=1 (/system/etc/init/hw/init.usb.configfs.rc:23) took 0ms and failed: Unable to write to file '/config/usb_gadget/g1/UDC': Unable to write file contents: Device or resource busy
05-08 16:15:04.002 1267 1267 W ContextImpl: Calling a method in the system process without a qualified user: android.app.ContextImpl.sendBroadcast:1181 android.content.ContextWrapper.sendBroadcast:479 cn.eben.newweather.DateWeatherService.a:19 cn.eben.newweather.DateWeatherService.a:0 cn.eben.newweather.DateWeatherService$1.handleMessage:7
05-08 16:15:04.696 456 485 I RIL : ---> enter mainloop wait at port
05-08 16:15:04.696 456 485 D RIL-DEV : Get modem info
05-08 16:15:04.697 456 485 D RIL-DEV : [05-08_16:15:04:697] idVendor = 1d6b
05-08 16:15:04.697 456 485 D RIL-DEV :
05-08 16:15:04.697 456 485 D RIL-DEV : [05-08_16:15:04:697] idVendor = 1d6b
05-08 16:15:04.697 456 485 D RIL-DEV :
05-08 16:15:04.697 456 485 D RIL-DEV : [05-08_16:15:04:698] idVendor = 1d6b
05-08 16:15:04.697 456 485 D RIL-DEV :
05-08 16:15:04.698 456 485 D RIL-DEV : [05-08_16:15:04:698] idVendor = 0781
05-08 16:15:04.698 456 485 D RIL-DEV :
05-08 16:15:04.698 456 485 D RIL-DEV : [05-08_16:15:04:698] idVendor = 1d6b
05-08 16:15:04.698 456 485 D RIL-DEV :
05-08 16:15:04.699 456 485 E RIL-DEV : Cannot find Meig devices
05-08 16:15:04.699 456 485 I RIL : ---> can't find meig usb devices
05-08 16:23:08.791 6849 6849 I : read descriptors
05-08 16:23:08.791 6849 6849 I : read strings
05-08 16:23:08.795 1 1 I init : processing action (sys.usb.config=adb && sys.usb.configfs=1 && sys.usb.ffs.ready=1) from (/system/etc/init/hw/init.usb.configfs.rc:20)
05-08 16:23:08.799 1 1 I init : Command 'symlink /config/usb_gadget/g1/functions/ffs.adb /config/usb_gadget/g1/configs/b.1/f1' action=sys.usb.config=adb && sys.usb.configfs=1 && sys.usb.ffs.ready=1 (/system/etc/init/hw/init.usb.configfs.rc:22) took 1ms and failed: symlink() failed: File exists
05-08 16:23:08.803 1 1 I init : Command 'write /config/usb_gadget/g1/UDC ${sys.usb.controller}' action=sys.usb.config=adb && sys.usb.configfs=1 && sys.usb.ffs.ready=1 (/system/etc/init/hw/init.usb.configfs.rc:23) took 3ms and failed: Unable to write to file '/config/usb_gadget/g1/UDC': Unable to write file contents: Device or resource busy
05-08 16:15:05.002 1267 1267 W ContextImpl: Calling a method in the system process without a qualified user: android.app.ContextImpl.sendBroadcast:1181 android.content.ContextWrapper.sendBroadcast:479 cn.eben.newweather.DateWeatherService.a:19 cn.eben.newweather.DateWeatherService.a:0 cn.eben.newweather.DateWeatherService$1.handleMessage:7
05-08 16:15:06.003 1267 1267 W ContextImpl: Calling a method in the system process without a qualified user: android.app.ContextImpl.sendBroadcast:1181 android.content.ContextWrapper.sendBroadcast:479 cn.eben.newweather.DateWeatherService.a:19 cn.eben.newweather.DateWeatherService.a:0 cn.eben.newweather.DateWeatherService$1.handleMessage:7
05-08 16:23:09.837 6849 6849 I : read descriptors
05-08 16:23:09.837 6849 6849 I : read strings
05-08 16:23:09.840 1 1 I init : processing action (sys.usb.config=adb && sys.usb.configfs=1 && sys.usb.ffs.ready=1) from (/system/etc/init/hw/init.usb.configfs.rc:20)
05-08 16:23:09.843 1 1 I init : Command 'symlink /config/usb_gadget/g1/functions/ffs.adb /config/usb_gadget/g1/configs/b.1/f1' action=sys.usb.config=adb && sys.usb.configfs=1 && sys.usb.ffs.ready=1 (/system/etc/init/hw/init.usb.configfs.rc:22) took 0ms and failed: symlink() failed: File exists
05-08 16:23:09.849 1 1 I init : Command 'write /config/usb_gadget/g1/UDC ${sys.usb.controller}' action=sys.usb.config=adb && sys.usb.configfs=1 && sys.usb.ffs.ready=1 (/system/etc/init/hw/init.usb.configfs.rc:23) took 1ms and failed: Unable to write to file '/config/usb_gadget/g1/UDC': Unable to write file contents: Device or resource busy
05-08 16:15:06.448 2535 2535 W ContextImpl: Calling a method in the system process without a qualified user: android.app.ContextImpl.sendBroadcast:1181 android.content.ContextWrapper.sendBroadcast:479 com.ebensz.softkeyboard.n.d:116 com.ebensz.softkeyboard.n.a:226 com.ebensz.softkeyboard.n.c:70
05-08 16:15:06.450 615 642 I DropBoxManagerService: add tag=system_server_wtf isTagEnabled=true flags=0x2
05-08 16:15:06.451 615 642 W BroadcastQueue: Background execution not allowed: receiving Intent { act=com.ebensz.softkeyboard.inputModeChange flg=0x10 } to com.ebensz.softkeyboard/.util.InputModeChangeReceiver
05-08 16:15:06.532 615 8196 W WindowManager: App com.ebensz.softkeyboard has a system alert window (type = 2038) with FLAG_NOT_TOUCHABLE and LayoutParams.alpha = 1.00 > 0.80, setting alpha to 0.80 to let touches pass through (if this is isn't desirable, remove flag FLAG_NOT_TOUCHABLE).
05-08 16:15:06.564 615 8196 W WindowManager: App com.ebensz.softkeyboard has a system alert window (type = 2038) with FLAG_NOT_TOUCHABLE and LayoutParams.alpha = 1.00 > 0.80, setting alpha to 0.80 to let touches pass through (if this is isn't desirable, remove flag FLAG_NOT_TOUCHABLE).
05-08 16:15:06.699 456 485 I RIL : ---> enter mainloop wait at port
05-08 16:15:06.699 456 485 D RIL-DEV : Get modem info
05-08 16:15:06.699 456 485 D RIL-DEV : [05-08_16:15:06:700] idVendor = 1d6b
05-08 16:15:06.699 456 485 D RIL-DEV :
05-08 16:15:06.700 456 485 D RIL-DEV : [05-08_16:15:06:701] idVendor = 1d6b
05-08 16:15:06.700 456 485 D RIL-DEV :
05-08 16:15:06.701 456 485 D RIL-DEV : [05-08_16:15:06:701] idVendor = 1d6b
05-08 16:15:06.701 456 485 D RIL-DEV :
05-08 16:15:06.701 456 485 D RIL-DEV : [05-08_16:15:06:702] idVendor = 0781
05-08 16:15:06.701 456 485 D RIL-DEV :
05-08 16:15:06.701 456 485 D RIL-DEV : [05-08_16:15:06:702] idVendor = 1d6b
05-08 16:15:06.701 456 485 D RIL-DEV :
05-08 16:15:06.701 456 485 E RIL-DEV : Cannot find Meig devices
05-08 16:15:06.702 456 485 I RIL : ---> can't find meig usb devices
05-08 16:15:07.003 1267 1267 W ContextImpl: Calling a method in the system process without a qualified user: android.app.ContextImpl.sendBroadcast:1181 android.content.ContextWrapper.sendBroadcast:479 cn.eben.newweather.DateWeatherService.a:19 cn.eben.newweather.DateWeatherService.a:0 cn.eben.newweather.DateWeatherService$1.handleMessage:7
05-08 16:23:10.908 6849 6849 I : read descriptors
05-08 16:23:10.908 6849 6849 I : read strings
05-08 16:23:10.910 1 1 I init : processing action (sys.usb.config=adb && sys.usb.configfs=1 && sys.usb.ffs.ready=1) from (/system/etc/init/hw/init.usb.configfs.rc:20)
05-08 16:15:08.001 1267 1267 W ContextImpl: Calling a method in the system process without a qualified user: android.app.ContextImpl.sendBroadcast:1181 android.content.ContextWrapper.sendBroadcast:479 cn.eben.newweather.DateWeatherService.a:19 cn.eben.newweather.DateWeatherService.a:0 cn.eben.newweather.DateWeatherService$1.handleMessage:7
05-08 16:23:11.947 6849 6849 I : read descriptors
05-08 16:23:11.947 6849 6849 I : read strings
05-08 16:15:08.702 456 485 I RIL : ---> enter mainloop wait at port
05-08 16:15:08.702 456 485 D RIL-DEV : Get modem info
05-08 16:15:08.704 456 485 D RIL-DEV : [05-08_16:15:08:704] idVendor = 1d6b
05-08 16:15:08.704 456 485 D RIL-DEV :
05-08 16:15:08.704 456 485 D RIL-DEV : [05-08_16:15:08:704] idVendor = 1d6b
05-08 16:15:08.704 456 485 D RIL-DEV :
05-08 16:15:08.704 456 485 D RIL-DEV : [05-08_16:15:08:705] idVendor = 1d6b
05-08 16:15:08.704 456 485 D RIL-DEV :
05-08 16:15:08.705 456 485 D RIL-DEV : [05-08_16:15:08:705] idVendor = 0781
05-08 16:15:08.705 456 485 D RIL-DEV :
05-08 16:15:08.705 456 485 D RIL-DEV : [05-08_16:15:08:706] idVendor = 1d6b
05-08 16:15:08.705 456 485 D RIL-DEV :
05-08 16:15:08.706 456 485 E RIL-DEV : Cannot find Meig devices
05-08 16:15:08.706 456 485 I RIL : ---> can't find meig usb devices
05-08 16:15:09.003 1267 1267 W ContextImpl: Calling a method in the system process without a qualified user: android.app.ContextImpl.sendBroadcast:1181 android.content.ContextWrapper.sendBroadcast:479 cn.eben.newweather.DateWeatherService.a:19 cn.eben.newweather.DateWeatherService.a:0 cn.eben.newweather.DateWeatherService$1.handleMessage:7
05-08 16:23:12.987 6849 6849 I : read descriptors
05-08 16:23:12.987 6849 6849 I : read strings
05-08 16:23:12.989 1 1 I init : processing action (sys.usb.config=adb && sys.usb.configfs=1 && sys.usb.ffs.ready=1) from (/system/etc/init/hw/init.usb.configfs.rc:20)
