05-08 16:05:22.063 456 485 D RIL-DEV : [05-08_16:05:22:063] idVendor = 1d6b
05-08 16:05:22.063 456 485 D RIL-DEV :
05-08 16:05:22.063 456 485 D RIL-DEV : [05-08_16:05:22:063] idVendor = 0781
05-08 16:05:22.063 456 485 D RIL-DEV :
05-08 16:05:22.063 456 485 D RIL-DEV : [05-08_16:05:22:064] idVendor = 1d6b
05-08 16:05:22.063 456 485 D RIL-DEV :
05-08 16:05:22.063 456 485 E RIL-DEV : Cannot find Meig devices
05-08 16:05:22.064 456 485 I RIL : ---> can't find meig usb devices
05-08 16:13:14.487 6849 6849 I : read descriptors
05-08 16:13:14.487 6849 6849 I : read strings
05-08 16:13:14.489 1 1 I init : processing action (sys.usb.config=adb && sys.usb.configfs=1 && sys.usb.ffs.ready=1) from (/system/etc/init/hw/init.usb.configfs.rc:20)
05-08 16:13:14.492 1 1 I init : Command 'symlink /config/usb_gadget/g1/functions/ffs.adb /config/usb_gadget/g1/configs/b.1/f1' action=sys.usb.config=adb && sys.usb.configfs=1 && sys.usb.ffs.ready=1 (/system/etc/init/hw/init.usb.configfs.rc:22) took 1ms and failed: symlink() failed: File exists
05-08 16:13:14.495 1 1 I init : Command 'write /config/usb_gadget/g1/UDC ${sys.usb.controller}' action=sys.usb.config=adb && sys.usb.configfs=1 && sys.usb.ffs.ready=1 (/system/etc/init/hw/init.usb.configfs.rc:23) took 1ms and failed: Unable to write to file '/config/usb_gadget/g1/UDC': Unable to write file contents: Device or resource busy
05-08 16:13:15.540 6849 6849 I : read descriptors
05-08 16:13:15.540 6849 6849 I : read strings
05-08 16:13:15.543 1 1 I init : processing action (sys.usb.config=adb && sys.usb.configfs=1 && sys.usb.ffs.ready=1) from (/system/etc/init/hw/init.usb.configfs.rc:20)
05-08 16:13:15.547 1 1 I init : Command 'symlink /config/usb_gadget/g1/functions/ffs.adb /config/usb_gadget/g1/configs/b.1/f1' action=sys.usb.config=adb && sys.usb.configfs=1 && sys.usb.ffs.ready=1 (/system/etc/init/hw/init.usb.configfs.rc:22) took 1ms and failed: symlink() failed: File exists
05-08 16:13:15.549 1 1 I init : Command 'write /config/usb_gadget/g1/UDC ${sys.usb.controller}' action=sys.usb.config=adb && sys.usb.configfs=1 && sys.usb.ffs.ready=1 (/system/etc/init/hw/init.usb.configfs.rc:23) took 0ms and failed: Unable to write to file '/config/usb_gadget/g1/UDC': Unable to write file contents: Device or resource busy
05-08 16:05:24.064 456 485 I RIL : ---> enter mainloop wait at port
05-08 16:05:24.064 456 485 D RIL-DEV : Get modem info
05-08 16:05:24.065 456 485 D RIL-DEV : [05-08_16:05:24:065] idVendor = 1d6b
05-08 16:05:24.065 456 485 D RIL-DEV :
05-08 16:05:24.065 456 485 D RIL-DEV : [05-08_16:05:24:066] idVendor = 1d6b
05-08 16:05:24.065 456 485 D RIL-DEV :
05-08 16:05:24.066 456 485 D RIL-DEV : [05-08_16:05:24:066] idVendor = 1d6b
05-08 16:05:24.066 456 485 D RIL-DEV :
05-08 16:05:24.066 456 485 D RIL-DEV : [05-08_16:05:24:066] idVendor = 0781
05-08 16:05:24.066 456 485 D RIL-DEV :
05-08 16:05:24.066 456 485 D RIL-DEV : [05-08_16:05:24:067] idVendor = 1d6b
05-08 16:05:24.066 456 485 D RIL-DEV :
05-08 16:05:24.067 456 485 E RIL-DEV : Cannot find Meig devices
05-08 16:05:24.067 456 485 I RIL : ---> can't find meig usb devices
05-08 16:13:16.597 6849 6849 I : read descriptors
05-08 16:13:16.597 6849 6849 I : read strings
05-08 16:13:16.600 1 1 I init : processing action (sys.usb.config=adb && sys.usb.configfs=1 && sys.usb.ffs.ready=1) from (/system/etc/init/hw/init.usb.configfs.rc:20)
05-08 16:13:16.604 1 1 I init : Command 'symlink /config/usb_gadget/g1/functions/ffs.adb /config/usb_gadget/g1/configs/b.1/f1' action=sys.usb.config=adb && sys.usb.configfs=1 && sys.usb.ffs.ready=1 (/system/etc/init/hw/init.usb.configfs.rc:22) took 2ms and failed: symlink() failed: File exists
05-08 16:13:16.605 1 1 I init : Command 'write /config/usb_gadget/g1/UDC ${sys.usb.controller}' action=sys.usb.config=adb && sys.usb.configfs=1 && sys.usb.ffs.ready=1 (/system/etc/init/hw/init.usb.configfs.rc:23) took 0ms and failed: Unable to write to file '/config/usb_gadget/g1/UDC': Unable to write file contents: Device or resource busy
05-08 16:13:17.667 6849 6849 I : read descriptors
05-08 16:13:17.667 6849 6849 I : read strings
05-08 16:13:17.670 1 1 I init : processing action (sys.usb.config=adb && sys.usb.configfs=1 && sys.usb.ffs.ready=1) from (/system/etc/init/hw/init.usb.configfs.rc:20)
05-08 16:05:26.067 456 485 I RIL : ---> enter mainloop wait at port
05-08 16:05:26.067 456 485 D RIL-DEV : Get modem info
05-08 16:05:26.068 456 485 D RIL-DEV : [05-08_16:05:26:068] idVendor = 1d6b
05-08 16:05:26.068 456 485 D RIL-DEV :
05-08 16:05:26.068 456 485 D RIL-DEV : [05-08_16:05:26:069] idVendor = 1d6b
05-08 16:05:26.068 456 485 D RIL-DEV :
05-08 16:05:26.069 456 485 D RIL-DEV : [05-08_16:05:26:069] idVendor = 1d6b
05-08 16:05:26.069 456 485 D RIL-DEV :
05-08 16:05:26.069 456 485 D RIL-DEV : [05-08_16:05:26:069] idVendor = 0781
05-08 16:05:26.069 456 485 D RIL-DEV :
05-08 16:05:26.069 456 485 D RIL-DEV : [05-08_16:05:26:070] idVendor = 1d6b
05-08 16:05:26.069 456 485 D RIL-DEV :
05-08 16:05:26.070 456 485 E RIL-DEV : Cannot find Meig devices
05-08 16:05:26.070 456 485 I RIL : ---> can't find meig usb devices
05-08 16:13:18.710 6849 6849 I : read descriptors
05-08 16:13:18.710 6849 6849 I : read strings
05-08 16:13:19.763 6849 6849 I : read descriptors
05-08 16:13:19.763 6849 6849 I : read strings
05-08 16:13:19.767 1 1 I init : processing action (sys.usb.config=adb && sys.usb.configfs=1 && sys.usb.ffs.ready=1) from (/system/etc/init/hw/init.usb.configfs.rc:20)
05-08 16:13:19.770 1 1 I init : Command 'symlink /config/usb_gadget/g1/functions/ffs.adb /config/usb_gadget/g1/configs/b.1/f1' action=sys.usb.config=adb && sys.usb.configfs=1 && sys.usb.ffs.ready=1 (/system/etc/init/hw/init.usb.configfs.rc:22) took 1ms and failed: symlink() failed: File exists
05-08 16:13:19.771 1 1 I init : Command 'write /config/usb_gadget/g1/UDC ${sys.usb.controller}' action=sys.usb.config=adb && sys.usb.configfs=1 && sys.usb.ffs.ready=1 (/system/etc/init/hw/init.usb.configfs.rc:23) took 1ms and failed: Unable to write to file '/config/usb_gadget/g1/UDC': Unable to write file contents: Device or resource busy
05-08 16:05:28.070 456 485 I RIL : ---> enter mainloop wait at port
05-08 16:05:28.070 456 485 D RIL-DEV : Get modem info
05-08 16:05:28.071 456 485 D RIL-DEV : [05-08_16:05:28:071] idVendor = 1d6b
05-08 16:05:28.071 456 485 D RIL-DEV :
05-08 16:05:28.071 456 485 D RIL-DEV : [05-08_16:05:28:072] idVendor = 1d6b
05-08 16:05:28.071 456 485 D RIL-DEV :
05-08 16:05:28.072 456 485 D RIL-DEV : [05-08_16:05:28:072] idVendor = 1d6b
05-08 16:05:28.072 456 485 D RIL-DEV :
05-08 16:05:28.072 456 485 D RIL-DEV : [05-08_16:05:28:072] idVendor = 0781
05-08 16:05:28.072 456 485 D RIL-DEV :
05-08 16:05:28.072 456 485 D RIL-DEV : [05-08_16:05:28:073] idVendor = 1d6b
05-08 16:05:28.072 456 485 D RIL-DEV :
05-08 16:05:28.072 456 485 E RIL-DEV : Cannot find Meig devices
05-08 16:05:28.073 456 485 I RIL : ---> can't find meig usb devices
05-08 16:13:20.830 6849 6849 I : read descriptors
05-08 16:13:20.830 6849 6849 I : read strings
05-08 16:13:20.830 1 1 I init : processing action (sys.usb.config=adb && sys.usb.configfs=1 && sys.usb.ffs.ready=1) from (/system/etc/init/hw/init.usb.configfs.rc:20)
05-08 16:13:20.831 1 1 I init : Command 'symlink /config/usb_gadget/g1/functions/ffs.adb /config/usb_gadget/g1/configs/b.1/f1' action=sys.usb.config=adb && sys.usb.configfs=1 && sys.usb.ffs.ready=1 (/system/etc/init/hw/init.usb.configfs.rc:22) took 0ms and failed: symlink() failed: File exists
05-08 16:13:20.832 1 1 I init : Command 'write /config/usb_gadget/g1/UDC ${sys.usb.controller}' action=sys.usb.config=adb && sys.usb.configfs=1 && sys.usb.ffs.ready=1 (/system/etc/init/hw/init.usb.configfs.rc:23) took 0ms and failed: Unable to write to file '/config/usb_gadget/g1/UDC': Unable to write file contents: Device or resource busy
05-08 16:13:21.907 6849 6849 I : read descriptors
05-08 16:13:21.907 6849 6849 I : read strings
05-08 16:13:21.908 1 1 I init : processing action (sys.usb.config=adb && sys.usb.configfs=1 && sys.usb.ffs.ready=1) from (/system/etc/init/hw/init.usb.configfs.rc:20)
05-08 16:13:21.911 1 1 I init : Command 'symlink /config/usb_gadget/g1/functions/ffs.adb /config/usb_gadget/g1/configs/b.1/f1' action=sys.usb.config=adb && sys.usb.configfs=1 && sys.usb.ffs.ready=1 (/system/etc/init/hw/init.usb.configfs.rc:22) took 0ms and failed: symlink() failed: File exists
05-08 16:13:21.911 1 1 I init : Command 'write /config/usb_gadget/g1/UDC ${sys.usb.controller}' action=sys.usb.config=adb && sys.usb.configfs=1 && sys.usb.ffs.ready=1 (/system/etc/init/hw/init.usb.configfs.rc:23) took 0ms and failed: Unable to write to file '/config/usb_gadget/g1/UDC': Unable to write file contents: Device or resource busy
05-08 16:05:30.073 456 485 I RIL : ---> enter mainloop wait at port
05-08 16:05:30.073 456 485 D RIL-DEV : Get modem info
05-08 16:05:30.074 456 485 D RIL-DEV : [05-08_16:05:30:074] idVendor = 1d6b
05-08 16:05:30.074 456 485 D RIL-DEV :
05-08 16:05:30.074 456 485 D RIL-DEV : [05-08_16:05:30:074] idVendor = 1d6b
05-08 16:05:30.074 456 485 D RIL-DEV :
05-08 16:05:30.074 456 485 D RIL-DEV : [05-08_16:05:30:075] idVendor = 1d6b
05-08 16:05:30.074 456 485 D RIL-DEV :
05-08 16:05:30.074 456 485 D RIL-DEV : [05-08_16:05:30:075] idVendor = 0781
05-08 16:05:30.074 456 485 D RIL-DEV :
05-08 16:05:30.074 456 485 D RIL-DEV : [05-08_16:05:30:075] idVendor = 1d6b
05-08 16:05:30.074 456 485 D RIL-DEV :
05-08 16:05:30.075 456 485 E RIL-DEV : Cannot find Meig devices
05-08 16:05:30.075 456 485 I RIL : ---> can't find meig usb devices
05-08 16:13:22.943 6849 6849 I : read descriptors
05-08 16:13:22.943 6849 6849 I : read strings
05-08 16:13:22.945 1 1 I init : processing action (sys.usb.config=adb && sys.usb.configfs=1 && sys.usb.ffs.ready=1) from (/system/etc/init/hw/init.usb.configfs.rc:20)
05-08 16:13:23.990 6849 6849 I : read descriptors
05-08 16:13:23.991 6849 6849 I : read strings
05-08 16:05:32.075 456 485 I RIL : ---> enter mainloop wait at port
05-08 16:05:32.075 456 485 D RIL-DEV : Get modem info
05-08 16:05:32.075 456 485 D RIL-DEV : [05-08_16:05:32:076] idVendor = 1d6b
05-08 16:05:32.075 456 485 D RIL-DEV :
05-08 16:05:32.076 456 485 D RIL-DEV : [05-08_16:05:32:076] idVendor = 1d6b
05-08 16:05:32.076 456 485 D RIL-DEV :
05-08 16:05:32.076 456 485 D RIL-DEV : [05-08_16:05:32:076] idVendor = 1d6b
05-08 16:05:32.076 456 485 D RIL-DEV :
05-08 16:05:32.076 456 485 D RIL-DEV : [05-08_16:05:32:076] idVendor = 0781
05-08 16:05:32.076 456 485 D RIL-DEV :
05-08 16:05:32.076 456 485 D RIL-DEV : [05-08_16:05:32:077] idVendor = 1d6b
05-08 16:05:32.076 456 485 D RIL-DEV :
05-08 16:05:32.076 456 485 E RIL-DEV : Cannot find Meig devices
05-08 16:05:32.076 456 485 I RIL : ---> can't find meig usb devices
05-08 16:13:25.037 6849 6849 I : read descriptors
05-08 16:13:25.037 6849 6849 I : read strings
05-08 16:13:25.039 1 1 I init : processing action (sys.usb.config=adb && sys.usb.configfs=1 && sys.usb.ffs.ready=1) from (/system/etc/init/hw/init.usb.configfs.rc:20)
05-08 16:13:25.041 1 1 I init : Command 'symlink /config/usb_gadget/g1/functions/ffs.adb /config/usb_gadget/g1/configs/b.1/f1' action=sys.usb.config=adb && sys.usb.configfs=1 && sys.usb.ffs.ready=1 (/system/etc/init/hw/init.usb.configfs.rc:22) took 0ms and failed: symlink() failed: File exists
05-08 16:13:25.044 1 1 I init : Command 'write /config/usb_gadget/g1/UDC ${sys.usb.controller}' action=sys.usb.config=adb && sys.usb.configfs=1 && sys.usb.ffs.ready=1 (/system/etc/init/hw/init.usb.configfs.rc:23) took 1ms and failed: Unable to write to file '/config/usb_gadget/g1/UDC': Unable to write file contents: Device or resource busy
05-08 16:13:25.098 2527 2527 W : abc audioDBG [es8323_mute] start mute:0
05-08 16:13:25.108 2527 2527 I [Awinic] [3-0058]aw_acf_get_prof_desc_form_name: get prof desc down
05-08 16:13:25.123 2527 2527 I [Awinic] [3-005b]aw_acf_get_prof_desc_form_name: get prof desc down
05-08 16:13:26.093 6849 6849 I : read descriptors
05-08 16:13:26.093 6849 6849 I : read strings
05-08 16:13:26.097 1 1 I init : processing action (sys.usb.config=adb && sys.usb.configfs=1 && sys.usb.ffs.ready=1) from (/system/etc/init/hw/init.usb.configfs.rc:20)
05-08 16:13:26.099 1 1 I init : Command 'symlink /config/usb_gadget/g1/functions/ffs.adb /config/usb_gadget/g1/configs/b.1/f1' action=sys.usb.config=adb && sys.usb.configfs=1 && sys.usb.ffs.ready=1 (/system/etc/init/hw/init.usb.configfs.rc:22) took 0ms and failed: symlink() failed: File exists
05-08 16:13:26.100 1 1 I init : Command 'write /config/usb_gadget/g1/UDC ${sys.usb.controller}' action=sys.usb.config=adb && sys.usb.configfs=1 && sys.usb.ffs.ready=1 (/system/etc/init/hw/init.usb.configfs.rc:23) took 0ms and failed: Unable to write to file '/config/usb_gadget/g1/UDC': Unable to write file contents: Device or resource busy
05-08 16:05:34.077 456 485 I RIL : ---> enter mainloop wait at port
05-08 16:05:34.077 456 485 D RIL-DEV : Get modem info
05-08 16:05:34.078 456 485 D RIL-DEV : [05-08_16:05:34:078] idVendor = 1d6b
05-08 16:05:34.078 456 485 D RIL-DEV :
05-08 16:05:34.078 456 485 D RIL-DEV : [05-08_16:05:34:079] idVendor = 1d6b
05-08 16:05:34.078 456 485 D RIL-DEV :
05-08 16:05:34.078 456 485 D RIL-DEV : [05-08_16:05:34:079] idVendor = 1d6b
05-08 16:05:34.078 456 485 D RIL-DEV :
05-08 16:05:34.079 456 485 D RIL-DEV : [05-08_16:05:34:079] idVendor = 0781
05-08 16:05:34.079 456 485 D RIL-DEV :
05-08 16:05:34.079 456 485 D RIL-DEV : [05-08_16:05:34:079] idVendor = 1d6b
05-08 16:05:34.079 456 485 D RIL-DEV :
05-08 16:05:34.080 456 485 E RIL-DEV : Cannot find Meig devices
05-08 16:05:34.080 456 485 I RIL : ---> can't find meig usb devices
05-08 16:13:26.582 422 422 W : abc audioDBG [es8323_mute] start mute:1
05-08 16:13:26.582 422 422 I [Awinic] [3-0058]aw_acf_get_prof_desc_form_name: get prof desc down
05-08 16:13:26.586 422 422 I [Awinic] [3-005b]aw_acf_get_prof_desc_form_name: get prof desc down
05-08 16:13:27.150 6849 6849 I : read descriptors
05-08 16:13:27.150 6849 6849 I : read strings
05-08 16:13:27.152 1 1 I init : processing action (sys.usb.config=adb && sys.usb.configfs=1 && sys.usb.ffs.ready=1) from (/system/etc/init/hw/init.usb.configfs.rc:20)
05-08 16:13:27.154 1 1 I init : Command 'symlink /config/usb_gadget/g1/functions/ffs.adb /config/usb_gadget/g1/configs/b.1/f1' action=sys.usb.config=adb && sys.usb.configfs=1 && sys.usb.ffs.ready=1 (/system/etc/init/hw/init.usb.configfs.rc:22) took 0ms and failed: symlink() failed: File exists
05-08 16:13:27.156 1 1 I init : Command 'write /config/usb_gadget/g1/UDC ${sys.usb.controller}' action=sys.usb.config=adb && sys.usb.configfs=1 && sys.usb.ffs.ready=1 (/system/etc/init/hw/init.usb.configfs.rc:23) took 0ms and failed: Unable to write to file '/config/usb_gadget/g1/UDC': Unable to write file contents: Device or resource busy
05-08 16:13:28.213 6849 6849 I : read descriptors
05-08 16:13:28.214 6849 6849 I : read strings
05-08 16:13:28.216 1 1 I init : processing action (sys.usb.config=adb && sys.usb.configfs=1 && sys.usb.ffs.ready=1) from (/system/etc/init/hw/init.usb.configfs.rc:20)
05-08 16:05:36.080 456 485 I RIL : ---> enter mainloop wait at port
05-08 16:05:36.080 456 485 D RIL-DEV : Get modem info
05-08 16:05:36.081 456 485 D RIL-DEV : [05-08_16:05:36:081] idVendor = 1d6b
05-08 16:05:36.081 456 485 D RIL-DEV :
05-08 16:05:36.081 456 485 D RIL-DEV : [05-08_16:05:36:081] idVendor = 1d6b
05-08 16:05:36.081 456 485 D RIL-DEV :
05-08 16:05:36.081 456 485 D RIL-DEV : [05-08_16:05:36:082] idVendor = 1d6b
05-08 16:05:36.081 456 485 D RIL-DEV :
05-08 16:05:36.082 456 485 D RIL-DEV : [05-08_16:05:36:083] idVendor = 0781
05-08 16:05:36.082 456 485 D RIL-DEV :
05-08 16:05:36.082 456 485 D RIL-DEV : [05-08_16:05:36:083] idVendor = 1d6b
05-08 16:05:36.082 456 485 D RIL-DEV :
05-08 16:05:36.083 456 485 E RIL-DEV : Cannot find Meig devices
05-08 16:05:36.083 456 485 I RIL : ---> can't find meig usb devices
05-08 16:13:29.267 6849 6849 I : read descriptors
05-08 16:13:29.267 6849 6849 I : read strings
05-08 16:05:38.083 456 485 I RIL : ---> enter mainloop wait at port
05-08 16:05:38.083 456 485 D RIL-DEV : Get modem info
05-08 16:05:38.084 456 485 D RIL-DEV : [05-08_16:05:38:084] idVendor = 1d6b
05-08 16:05:38.084 456 485 D RIL-DEV :
05-08 16:05:38.084 456 485 D RIL-DEV : [05-08_16:05:38:084] idVendor = 1d6b
05-08 16:05:38.084 456 485 D RIL-DEV :
05-08 16:05:38.084 456 485 D RIL-DEV : [05-08_16:05:38:085] idVendor = 1d6b
05-08 16:05:38.084 456 485 D RIL-DEV :
05-08 16:05:38.084 456 485 D RIL-DEV : [05-08_16:05:38:085] idVendor = 0781
05-08 16:05:38.084 456 485 D RIL-DEV :
05-08 16:05:38.084 456 485 D RIL-DEV : [05-08_16:05:38:085] idVendor = 1d6b
05-08 16:05:38.084 456 485 D RIL-DEV :
05-08 16:05:38.085 456 485 E RIL-DEV : Cannot find Meig devices
05-08 16:05:38.085 456 485 I RIL : ---> can't find meig usb devices
05-08 16:13:30.333 6849 6849 I : read descriptors
05-08 16:13:30.333 6849 6849 I : read strings
05-08 16:13:30.334 1 1 I init : processing action (sys.usb.config=adb && sys.usb.configfs=1 && sys.usb.ffs.ready=1) from (/system/etc/init/hw/init.usb.configfs.rc:20)
05-08 16:13:30.337 1 1 I init : Command 'symlink /config/usb_gadget/g1/functions/ffs.adb /config/usb_gadget/g1/configs/b.1/f1' action=sys.usb.config=adb && sys.usb.configfs=1 && sys.usb.ffs.ready=1 (/system/etc/init/hw/init.usb.configfs.rc:22) took 0ms and failed: symlink() failed: File exists
05-08 16:13:30.338 1 1 I init : Command 'write /config/usb_gadget/g1/UDC ${sys.usb.controller}' action=sys.usb.config=adb && sys.usb.configfs=1 && sys.usb.ffs.ready=1 (/system/etc/init/hw/init.usb.configfs.rc:23) took 0ms and failed: Unable to write to file '/config/usb_gadget/g1/UDC': Unable to write file contents: Device or resource busy
05-08 16:13:31.377 6849 6849 I : read descriptors
05-08 16:13:31.377 6849 6849 I : read strings
05-08 16:13:31.379 1 1 I init : processing action (sys.usb.config=adb && sys.usb.configfs=1 && sys.usb.ffs.ready=1) from (/system/etc/init/hw/init.usb.configfs.rc:20)
05-08 16:13:31.382 1 1 I init : Command 'symlink /config/usb_gadget/g1/functions/ffs.adb /config/usb_gadget/g1/configs/b.1/f1' action=sys.usb.config=adb && sys.usb.configfs=1 && sys.usb.ffs.ready=1 (/system/etc/init/hw/init.usb.configfs.rc:22) took 0ms and failed: symlink() failed: File exists
05-08 16:13:31.382 1 1 I init : Command 'write /config/usb_gadget/g1/UDC ${sys.usb.controller}' action=sys.usb.config=adb && sys.usb.configfs=1 && sys.usb.ffs.ready=1 (/system/etc/init/hw/init.usb.configfs.rc:23) took 0ms and failed: Unable to write to file '/config/usb_gadget/g1/UDC': Unable to write file contents: Device or resource busy
05-08 16:05:40.085 456 485 I RIL : ---> enter mainloop wait at port
05-08 16:05:40.085 456 485 D RIL-DEV : Get modem info
05-08 16:05:40.086 456 485 D RIL-DEV : [05-08_16:05:40:086] idVendor = 1d6b
05-08 16:05:40.086 456 485 D RIL-DEV :
05-08 16:05:40.086 456 485 D RIL-DEV : [05-08_16:05:40:086] idVendor = 1d6b
05-08 16:05:40.086 456 485 D RIL-DEV :
05-08 16:05:40.086 456 485 D RIL-DEV : [05-08_16:05:40:087] idVendor = 1d6b
05-08 16:05:40.086 456 485 D RIL-DEV :
05-08 16:05:40.086 456 485 D RIL-DEV : [05-08_16:05:40:087] idVendor = 0781
05-08 16:05:40.086 456 485 D RIL-DEV :
05-08 16:05:40.086 456 485 D RIL-DEV : [05-08_16:05:40:087] idVendor = 1d6b
05-08 16:05:40.086 456 485 D RIL-DEV :
05-08 16:05:40.087 456 485 E RIL-DEV : Cannot find Meig devices
05-08 16:05:40.087 456 485 I RIL : ---> can't find meig usb devices
05-08 16:13:32.430 6849 6849 I : read descriptors
05-08 16:13:32.430 6849 6849 I : read strings
05-08 16:13:32.431 1 1 I init : processing action (sys.usb.config=adb && sys.usb.configfs=1 && sys.usb.ffs.ready=1) from (/system/etc/init/hw/init.usb.configfs.rc:20)
05-08 16:13:32.433 1 1 I init : Command 'symlink /config/usb_gadget/g1/functions/ffs.adb /config/usb_gadget/g1/configs/b.1/f1' action=sys.usb.config=adb && sys.usb.configfs=1 && sys.usb.ffs.ready=1 (/system/etc/init/hw/init.usb.configfs.rc:22) took 0ms and failed: symlink() failed: File exists
05-08 16:13:32.433 1 1 I init : Command 'write /config/usb_gadget/g1/UDC ${sys.usb.controller}' action=sys.usb.config=adb && sys.usb.configfs=1 && sys.usb.ffs.ready=1 (/system/etc/init/hw/init.usb.configfs.rc:23) took 0ms and failed: Unable to write to file '/config/usb_gadget/g1/UDC': Unable to write file contents: Device or resource busy
05-08 16:13:33.477 6849 6849 I : read descriptors
05-08 16:13:33.477 6849 6849 I : read strings
05-08 16:13:33.479 1 1 I init : processing action (sys.usb.config=adb && sys.usb.configfs=1 && sys.usb.ffs.ready=1) from (/system/etc/init/hw/init.usb.configfs.rc:20)
05-08 16:05:42.087 456 485 I RIL : ---> enter mainloop wait at port
05-08 16:05:42.087 456 485 D RIL-DEV : Get modem info
05-08 16:05:42.088 456 485 D RIL-DEV : [05-08_16:05:42:088] idVendor = 1d6b
05-08 16:05:42.088 456 485 D RIL-DEV :
05-08 16:05:42.088 456 485 D RIL-DEV : [05-08_16:05:42:089] idVendor = 1d6b
05-08 16:05:42.088 456 485 D RIL-DEV :
05-08 16:05:42.089 456 485 D RIL-DEV : [05-08_16:05:42:089] idVendor = 1d6b
05-08 16:05:42.089 456 485 D RIL-DEV :
05-08 16:05:42.089 456 485 D RIL-DEV : [05-08_16:05:42:089] idVendor = 0781
05-08 16:05:42.089 456 485 D RIL-DEV :
05-08 16:05:42.089 456 485 D RIL-DEV : [05-08_16:05:42:090] idVendor = 1d6b
05-08 16:05:42.089 456 485 D RIL-DEV :
05-08 16:05:42.090 456 485 E RIL-DEV : Cannot find Meig devices
05-08 16:05:42.090 456 485 I RIL : ---> can't find meig usb devices
05-08 16:13:34.543 6849 6849 I : read descriptors
05-08 16:13:34.543 6849 6849 I : read strings
05-08 16:13:35.610 6849 6849 I : read descriptors
05-08 16:13:35.610 6849 6849 I : read strings
05-08 16:13:35.612 1 1 I init : processing action (sys.usb.config=adb && sys.usb.configfs=1 && sys.usb.ffs.ready=1) from (/system/etc/init/hw/init.usb.configfs.rc:20)
05-08 16:13:35.614 1 1 I init : Command 'symlink /config/usb_gadget/g1/functions/ffs.adb /config/usb_gadget/g1/configs/b.1/f1' action=sys.usb.config=adb && sys.usb.configfs=1 && sys.usb.ffs.ready=1 (/system/etc/init/hw/init.usb.configfs.rc:22) took 0ms and failed: symlink() failed: File exists
05-08 16:13:35.616 1 1 I init : Command 'write /config/usb_gadget/g1/UDC ${sys.usb.controller}' action=sys.usb.config=adb && sys.usb.configfs=1 && sys.usb.ffs.ready=1 (/system/etc/init/hw/init.usb.configfs.rc:23) took 0ms and failed: Unable to write to file '/config/usb_gadget/g1/UDC': Unable to write file contents: Device or resource busy
05-08 16:05:44.090 456 485 I RIL : ---> enter mainloop wait at port
05-08 16:05:44.090 456 485 D RIL-DEV : Get modem info
05-08 16:05:44.091 456 485 D RIL-DEV : [05-08_16:05:44:091] idVendor = 1d6b
05-08 16:05:44.091 456 485 D RIL-DEV :
05-08 16:05:44.091 456 485 D RIL-DEV : [05-08_16:05:44:092] idVendor = 1d6b
05-08 16:05:44.091 456 485 D RIL-DEV :
05-08 16:05:44.092 456 485 D RIL-DEV : [05-08_16:05:44:092] idVendor = 1d6b
05-08 16:05:44.092 456 485 D RIL-DEV :
05-08 16:05:44.092 456 485 D RIL-DEV : [05-08_16:05:44:093] idVendor = 0781
05-08 16:05:44.092 456 485 D RIL-DEV :
05-08 16:05:44.092 456 485 D RIL-DEV : [05-08_16:05:44:093] idVendor = 1d6b
05-08 16:05:44.092 456 485 D RIL-DEV :
05-08 16:05:44.093 456 485 E RIL-DEV : Cannot find Meig devices
05-08 16:05:44.093 456 485 I RIL : ---> can't find meig usb devices
05-08 16:13:36.673 6849 6849 I : read descriptors
05-08 16:13:36.673 6849 6849 I : read strings
05-08 16:13:36.676 1 1 I init : processing action (sys.usb.config=adb && sys.usb.configfs=1 && sys.usb.ffs.ready=1) from (/system/etc/init/hw/init.usb.configfs.rc:20)
05-08 16:13:36.679 1 1 I init : Command 'symlink /config/usb_gadget/g1/functions/ffs.adb /config/usb_gadget/g1/configs/b.1/f1' action=sys.usb.config=adb && sys.usb.configfs=1 && sys.usb.ffs.ready=1 (/system/etc/init/hw/init.usb.configfs.rc:22) took 1ms and failed: symlink() failed: File exists
05-08 16:13:36.681 1 1 I init : Command 'write /config/usb_gadget/g1/UDC ${sys.usb.controller}' action=sys.usb.config=adb && sys.usb.configfs=1 && sys.usb.ffs.ready=1 (/system/etc/init/hw/init.usb.configfs.rc:23) took 1ms and failed: Unable to write to file '/config/usb_gadget/g1/UDC': Unable to write file contents: Device or resource busy
05-08 16:13:37.717 6849 6849 I : read descriptors
05-08 16:13:37.717 6849 6849 I : read strings
05-08 16:13:37.720 1 1 I init : processing action (sys.usb.config=adb && sys.usb.configfs=1 && sys.usb.ffs.ready=1) from (/system/etc/init/hw/init.usb.configfs.rc:20)
05-08 16:13:37.722 1 1 I init : Command 'symlink /config/usb_gadget/g1/functions/ffs.adb /config/usb_gadget/g1/configs/b.1/f1' action=sys.usb.config=adb && sys.usb.configfs=1 && sys.usb.ffs.ready=1 (/system/etc/init/hw/init.usb.configfs.rc:22) took 0ms and failed: symlink() failed: File exists
05-08 16:13:37.723 1 1 I init : Command 'write /config/usb_gadget/g1/UDC ${sys.usb.controller}' action=sys.usb.config=adb && sys.usb.configfs=1 && sys.usb.ffs.ready=1 (/system/etc/init/hw/init.usb.configfs.rc:23) took 0ms and failed: Unable to write to file '/config/usb_gadget/g1/UDC': Unable to write file contents: Device or resource busy
05-08 16:05:46.093 456 485 I RIL : ---> enter mainloop wait at port
05-08 16:05:46.093 456 485 D RIL-DEV : Get modem info
05-08 16:05:46.093 456 485 D RIL-DEV : [05-08_16:05:46:094] idVendor = 1d6b
05-08 16:05:46.093 456 485 D RIL-DEV :
05-08 16:05:46.093 456 485 D RIL-DEV : [05-08_16:05:46:094] idVendor = 1d6b
05-08 16:05:46.093 456 485 D RIL-DEV :
05-08 16:05:46.093 456 485 D RIL-DEV : [05-08_16:05:46:094] idVendor = 1d6b
05-08 16:05:46.093 456 485 D RIL-DEV :
05-08 16:05:46.093 456 485 D RIL-DEV : [05-08_16:05:46:094] idVendor = 0781
05-08 16:05:46.093 456 485 D RIL-DEV :
05-08 16:05:46.093 456 485 D RIL-DEV : [05-08_16:05:46:094] idVendor = 1d6b
05-08 16:05:46.093 456 485 D RIL-DEV :
05-08 16:05:46.094 456 485 E RIL-DEV : Cannot find Meig devices
05-08 16:05:46.094 456 485 I RIL : ---> can't find meig usb devices
05-08 16:13:38.807 6849 6849 I : read descriptors
05-08 16:13:38.807 6849 6849 I : read strings
05-08 16:13:38.809 1 1 I init : processing action (sys.usb.config=adb && sys.usb.configfs=1 && sys.usb.ffs.ready=1) from (/system/etc/init/hw/init.usb.configfs.rc:20)
05-08 16:13:39.853 6849 6849 I : read descriptors
05-08 16:13:39.853 6849 6849 I : read strings
05-08 16:05:48.094 456 485 I RIL : ---> enter mainloop wait at port
05-08 16:05:48.094 456 485 D RIL-DEV : Get modem info
05-08 16:05:48.095 456 485 D RIL-DEV : [05-08_16:05:48:095] idVendor = 1d6b
05-08 16:05:48.095 456 485 D RIL-DEV :
05-08 16:05:48.095 456 485 D RIL-DEV : [05-08_16:05:48:096] idVendor = 1d6b
05-08 16:05:48.095 456 485 D RIL-DEV :
05-08 16:05:48.096 456 485 D RIL-DEV : [05-08_16:05:48:096] idVendor = 1d6b
05-08 16:05:48.096 456 485 D RIL-DEV :
05-08 16:05:48.096 456 485 D RIL-DEV : [05-08_16:05:48:096] idVendor = 0781
05-08 16:05:48.096 456 485 D RIL-DEV :
05-08 16:05:48.096 456 485 D RIL-DEV : [05-08_16:05:48:097] idVendor = 1d6b
05-08 16:05:48.096 456 485 D RIL-DEV :
05-08 16:05:48.097 456 485 E RIL-DEV : Cannot find Meig devices
05-08 16:05:48.097 456 485 I RIL : ---> can't find meig usb devices
05-08 16:13:40.913 6849 6849 I : read descriptors
05-08 16:13:40.914 6849 6849 I : read strings
05-08 16:13:40.916 1 1 I init : processing action (sys.usb.config=adb && sys.usb.configfs=1 && sys.usb.ffs.ready=1) from (/system/etc/init/hw/init.usb.configfs.rc:20)
05-08 16:13:40.919 1 1 I init : Command 'symlink /config/usb_gadget/g1/functions/ffs.adb /config/usb_gadget/g1/configs/b.1/f1' action=sys.usb.config=adb && sys.usb.configfs=1 && sys.usb.ffs.ready=1 (/system/etc/init/hw/init.usb.configfs.rc:22) took 1ms and failed: symlink() failed: File exists
05-08 16:13:40.921 1 1 I init : Command 'write /config/usb_gadget/g1/UDC ${sys.usb.controller}' action=sys.usb.config=adb && sys.usb.configfs=1 && sys.usb.ffs.ready=1 (/system/etc/init/hw/init.usb.configfs.rc:23) took 1ms and failed: Unable to write to file '/config/usb_gadget/g1/UDC': Unable to write file contents: Device or resource busy
05-08 16:13:41.973 6849 6849 I : read descriptors
05-08 16:13:41.973 6849 6849 I : read strings
05-08 16:13:41.975 1 1 I init : processing action (sys.usb.config=adb && sys.usb.configfs=1 && sys.usb.ffs.ready=1) from (/system/etc/init/hw/init.usb.configfs.rc:20)
05-08 16:13:41.978 1 1 I init : Command 'symlink /config/usb_gadget/g1/functions/ffs.adb /config/usb_gadget/g1/configs/b.1/f1' action=sys.usb.config=adb && sys.usb.configfs=1 && sys.usb.ffs.ready=1 (/system/etc/init/hw/init.usb.configfs.rc:22) took 0ms and failed: symlink() failed: File exists
05-08 16:13:41.978 1 1 I init : Command 'write /config/usb_gadget/g1/UDC ${sys.usb.controller}' action=sys.usb.config=adb && sys.usb.configfs=1 && sys.usb.ffs.ready=1 (/system/etc/init/hw/init.usb.configfs.rc:23) took 0ms and failed: Unable to write to file '/config/usb_gadget/g1/UDC': Unable to write file contents: Device or resource busy
05-08 16:05:50.097 456 485 I RIL : ---> enter mainloop wait at port
05-08 16:05:50.097 456 485 D RIL-DEV : Get modem info
05-08 16:05:50.098 456 485 D RIL-DEV : [05-08_16:05:50:098] idVendor = 1d6b
05-08 16:05:50.098 456 485 D RIL-DEV :
05-08 16:05:50.098 456 485 D RIL-DEV : [05-08_16:05:50:099] idVendor = 1d6b
05-08 16:05:50.098 456 485 D RIL-DEV :
05-08 16:05:50.099 456 485 D RIL-DEV : [05-08_16:05:50:099] idVendor = 1d6b
05-08 16:05:50.099 456 485 D RIL-DEV :
05-08 16:05:50.099 456 485 D RIL-DEV : [05-08_16:05:50:099] idVendor = 0781
05-08 16:05:50.099 456 485 D RIL-DEV :
05-08 16:05:50.099 456 485 D RIL-DEV : [05-08_16:05:50:099] idVendor = 1d6b
05-08 16:05:50.099 456 485 D RIL-DEV :
05-08 16:05:50.099 456 485 E RIL-DEV : Cannot find Meig devices
05-08 16:05:50.099 456 485 I RIL : ---> can't find meig usb devices
05-08 16:13:43.026 6849 6849 I : read descriptors
05-08 16:13:43.026 6849 6849 I : read strings
05-08 16:13:43.027 1 1 I init : processing action (sys.usb.config=adb && sys.usb.configfs=1 && sys.usb.ffs.ready=1) from (/system/etc/init/hw/init.usb.configfs.rc:20)
05-08 16:13:43.028 1 1 I init : Command 'symlink /config/usb_gadget/g1/functions/ffs.adb /config/usb_gadget/g1/configs/b.1/f1' action=sys.usb.config=adb && sys.usb.configfs=1 && sys.usb.ffs.ready=1 (/system/etc/init/hw/init.usb.configfs.rc:22) took 0ms and failed: symlink() failed: File exists
05-08 16:13:43.029 1 1 I init : Command 'write /config/usb_gadget/g1/UDC ${sys.usb.controller}' action=sys.usb.config=adb && sys.usb.configfs=1 && sys.usb.ffs.ready=1 (/system/etc/init/hw/init.usb.configfs.rc:23) took 0ms and failed: Unable to write to file '/config/usb_gadget/g1/UDC': Unable to write file contents: Device or resource busy
05-08 16:13:44.067 6849 6849 I : read descriptors
05-08 16:13:44.067 6849 6849 I : read strings
05-08 16:13:44.069 1 1 I init : processing action (sys.usb.config=adb && sys.usb.configfs=1 && sys.usb.ffs.ready=1) from (/system/etc/init/hw/init.usb.configfs.rc:20)
05-08 16:05:52.100 456 485 I RIL : ---> enter mainloop wait at port
05-08 16:05:52.100 456 485 D RIL-DEV : Get modem info
05-08 16:05:52.101 456 485 D RIL-DEV : [05-08_16:05:52:101] idVendor = 1d6b
05-08 16:05:52.101 456 485 D RIL-DEV :
05-08 16:05:52.101 456 485 D RIL-DEV : [05-08_16:05:52:101] idVendor = 1d6b
05-08 16:05:52.101 456 485 D RIL-DEV :
05-08 16:05:52.102 456 485 D RIL-DEV : [05-08_16:05:52:102] idVendor = 1d6b
05-08 16:05:52.102 456 485 D RIL-DEV :
05-08 16:05:52.102 456 485 D RIL-DEV : [05-08_16:05:52:102] idVendor = 0781
05-08 16:05:52.102 456 485 D RIL-DEV :
05-08 16:05:52.102 456 485 D RIL-DEV : [05-08_16:05:52:103] idVendor = 1d6b
05-08 16:05:52.102 456 485 D RIL-DEV :
05-08 16:05:52.102 456 485 E RIL-DEV : Cannot find Meig devices
05-08 16:05:52.103 456 485 I RIL : ---> can't find meig usb devices
05-08 16:13:45.126 6849 6849 I : read descriptors
05-08 16:13:45.126 6849 6849 I : read strings
05-08 16:13:46.187 6849 6849 I : read descriptors
05-08 16:13:46.187 6849 6849 I : read strings
05-08 16:13:46.190 1 1 I init : processing action (sys.usb.config=adb && sys.usb.configfs=1 && sys.usb.ffs.ready=1) from (/system/etc/init/hw/init.usb.configfs.rc:20)
05-08 16:13:46.194 1 1 I init : Command 'symlink /config/usb_gadget/g1/functions/ffs.adb /config/usb_gadget/g1/configs/b.1/f1' action=sys.usb.config=adb && sys.usb.configfs=1 && sys.usb.ffs.ready=1 (/system/etc/init/hw/init.usb.configfs.rc:22) took 2ms and failed: symlink() failed: File exists
05-08 16:13:46.196 1 1 I init : Command 'write /config/usb_gadget/g1/UDC ${sys.usb.controller}' action=sys.usb.config=adb && sys.usb.configfs=1 && sys.usb.ffs.ready=1 (/system/etc/init/hw/init.usb.configfs.rc:23) took 0ms and failed: Unable to write to file '/config/usb_gadget/g1/UDC': Unable to write file contents: Device or resource busy
05-08 16:05:54.103 456 485 I RIL : ---> enter mainloop wait at port
05-08 16:05:54.103 456 485 D RIL-DEV : Get modem info
05-08 16:05:54.104 456 485 D RIL-DEV : [05-08_16:05:54:104] idVendor = 1d6b
05-08 16:05:54.104 456 485 D RIL-DEV :
05-08 16:05:54.104 456 485 D RIL-DEV : [05-08_16:05:54:104] idVendor = 1d6b
05-08 16:05:54.104 456 485 D RIL-DEV :
05-08 16:05:54.104 456 485 D RIL-DEV : [05-08_16:05:54:105] idVendor = 1d6b
05-08 16:05:54.104 456 485 D RIL-DEV :
05-08 16:05:54.104 456 485 D RIL-DEV : [05-08_16:05:54:105] idVendor = 0781
05-08 16:05:54.104 456 485 D RIL-DEV :
05-08 16:05:54.105 456 485 D RIL-DEV : [05-08_16:05:54:105] idVendor = 1d6b
05-08 16:05:54.105 456 485 D RIL-DEV :
05-08 16:05:54.105 456 485 E RIL-DEV : Cannot find Meig devices
05-08 16:05:54.105 456 485 I RIL : ---> can't find meig usb devices
05-08 16:13:47.256 6849 6849 I : read descriptors
05-08 16:13:47.257 6849 6849 I : read strings
05-08 16:13:47.258 1 1 I init : processing action (sys.usb.config=adb && sys.usb.configfs=1 && sys.usb.ffs.ready=1) from (/system/etc/init/hw/init.usb.configfs.rc:20)
05-08 16:13:47.268 1 1 I init : Command 'symlink /config/usb_gadget/g1/functions/ffs.adb /config/usb_gadget/g1/configs/b.1/f1' action=sys.usb.config=adb && sys.usb.configfs=1 && sys.usb.ffs.ready=1 (/system/etc/init/hw/init.usb.configfs.rc:22) took 0ms and failed: symlink() failed: File exists
05-08 16:13:47.269 1 1 I init : Command 'write /config/usb_gadget/g1/UDC ${sys.usb.controller}' action=sys.usb.config=adb && sys.usb.configfs=1 && sys.usb.ffs.ready=1 (/system/etc/init/hw/init.usb.configfs.rc:23) took 0ms and failed: Unable to write to file '/config/usb_gadget/g1/UDC': Unable to write file contents: Device or resource busy
05-08 16:13:48.333 6849 6849 I : read descriptors
05-08 16:13:48.334 6849 6849 I : read strings
05-08 16:13:48.336 1 1 I init : processing action (sys.usb.config=adb && sys.usb.configfs=1 && sys.usb.ffs.ready=1) from (/system/etc/init/hw/init.usb.configfs.rc:20)
05-08 16:13:48.341 1 1 I init : Command 'symlink /config/usb_gadget/g1/functions/ffs.adb /config/usb_gadget/g1/configs/b.1/f1' action=sys.usb.config=adb && sys.usb.configfs=1 && sys.usb.ffs.ready=1 (/system/etc/init/hw/init.usb.configfs.rc:22) took 2ms and failed: symlink() failed: File exists
05-08 16:13:48.342 1 1 I init : Command 'write /config/usb_gadget/g1/UDC ${sys.usb.controller}' action=sys.usb.config=adb && sys.usb.configfs=1 && sys.usb.ffs.ready=1 (/system/etc/init/hw/init.usb.configfs.rc:23) took 1ms and failed: Unable to write to file '/config/usb_gadget/g1/UDC': Unable to write file contents: Device or resource busy
05-08 16:05:56.105 456 485 I RIL : ---> enter mainloop wait at port
05-08 16:05:56.105 456 485 D RIL-DEV : Get modem info
05-08 16:05:56.106 456 485 D RIL-DEV : [05-08_16:05:56:106] idVendor = 1d6b
05-08 16:05:56.106 456 485 D RIL-DEV :
05-08 16:05:56.106 456 485 D RIL-DEV : [05-08_16:05:56:106] idVendor = 1d6b
05-08 16:05:56.106 456 485 D RIL-DEV :
05-08 16:05:56.106 456 485 D RIL-DEV : [05-08_16:05:56:107] idVendor = 1d6b
05-08 16:05:56.106 456 485 D RIL-DEV :
05-08 16:05:56.106 456 485 D RIL-DEV : [05-08_16:05:56:107] idVendor = 0781
05-08 16:05:56.106 456 485 D RIL-DEV :
05-08 16:05:56.106 456 485 D RIL-DEV : [05-08_16:05:56:107] idVendor = 1d6b
05-08 16:05:56.106 456 485 D RIL-DEV :
05-08 16:05:56.107 456 485 E RIL-DEV : Cannot find Meig devices
05-08 16:05:56.107 456 485 I RIL : ---> can't find meig usb devices
05-08 16:13:49.400 6849 6849 I : read descriptors
05-08 16:13:49.400 6849 6849 I : read strings
05-08 16:13:49.403 1 1 I init : processing action (sys.usb.config=adb && sys.usb.configfs=1 && sys.usb.ffs.ready=1) from (/system/etc/init/hw/init.usb.configfs.rc:20)
05-08 16:05:58.107 456 485 I RIL : ---> enter mainloop wait at port
05-08 16:05:58.107 456 485 D RIL-DEV : Get modem info
05-08 16:05:58.108 456 485 D RIL-DEV : [05-08_16:05:58:109] idVendor = 1d6b
05-08 16:05:58.108 456 485 D RIL-DEV :
05-08 16:05:58.109 456 485 D RIL-DEV : [05-08_16:05:58:109] idVendor = 1d6b
05-08 16:05:58.109 456 485 D RIL-DEV :
05-08 16:05:58.109 456 485 D RIL-DEV : [05-08_16:05:58:110] idVendor = 1d6b
05-08 16:05:58.109 456 485 D RIL-DEV :
05-08 16:05:58.110 456 485 D RIL-DEV : [05-08_16:05:58:110] idVendor = 0781
05-08 16:05:58.110 456 485 D RIL-DEV :
05-08 16:05:58.110 456 485 D RIL-DEV : [05-08_16:05:58:110] idVendor = 1d6b
05-08 16:05:58.110 456 485 D RIL-DEV :
05-08 16:05:58.110 456 485 E RIL-DEV : Cannot find Meig devices
05-08 16:05:58.110 456 485 I RIL : ---> can't find meig usb devices
05-08 16:13:50.453 6849 6849 I : read descriptors
05-08 16:13:50.453 6849 6849 I : read strings
05-08 16:13:51.503 6849 6849 I : read descriptors
05-08 16:13:51.503 6849 6849 I : read strings
05-08 16:13:51.507 1 1 I init : processing action (sys.usb.config=adb && sys.usb.configfs=1 && sys.usb.ffs.ready=1) from (/system/etc/init/hw/init.usb.configfs.rc:20)
05-08 16:13:51.509 1 1 I init : Command 'symlink /config/usb_gadget/g1/functions/ffs.adb /config/usb_gadget/g1/configs/b.1/f1' action=sys.usb.config=adb && sys.usb.configfs=1 && sys.usb.ffs.ready=1 (/system/etc/init/hw/init.usb.configfs.rc:22) took 0ms and failed: symlink() failed: File exists
05-08 16:13:51.510 1 1 I init : Command 'write /config/usb_gadget/g1/UDC ${sys.usb.controller}' action=sys.usb.config=adb && sys.usb.configfs=1 && sys.usb.ffs.ready=1 (/system/etc/init/hw/init.usb.configfs.rc:23) took 0ms and failed: Unable to write to file '/config/usb_gadget/g1/UDC': Unable to write file contents: Device or resource busy
05-08 16:06:00.111 456 485 I RIL : ---> enter mainloop wait at port
05-08 16:06:00.111 456 485 D RIL-DEV : Get modem info
05-08 16:06:00.111 456 485 D RIL-DEV : [05-08_16:06:00:112] idVendor = 1d6b
05-08 16:06:00.111 456 485 D RIL-DEV :
05-08 16:06:00.111 456 485 D RIL-DEV : [05-08_16:06:00:112] idVendor = 1d6b
05-08 16:06:00.111 456 485 D RIL-DEV :
05-08 16:06:00.111 456 485 D RIL-DEV : [05-08_16:06:00:112] idVendor = 1d6b
05-08 16:06:00.111 456 485 D RIL-DEV :
05-08 16:06:00.111 456 485 D RIL-DEV : [05-08_16:06:00:112] idVendor = 0781
05-08 16:06:00.111 456 485 D RIL-DEV :
05-08 16:06:00.112 456 485 D RIL-DEV : [05-08_16:06:00:113] idVendor = 1d6b
05-08 16:06:00.112 456 485 D RIL-DEV :
05-08 16:06:00.113 456 485 E RIL-DEV : Cannot find Meig devices
05-08 16:06:00.113 456 485 I RIL : ---> can't find meig usb devices
05-08 16:13:52.553 6849 6849 I : read descriptors
05-08 16:13:52.553 6849 6849 I : read strings
05-08 16:13:52.554 1 1 I init : processing action (sys.usb.config=adb && sys.usb.configfs=1 && sys.usb.ffs.ready=1) from (/system/etc/init/hw/init.usb.configfs.rc:20)
05-08 16:13:52.556 1 1 I init : Command 'symlink /config/usb_gadget/g1/functions/ffs.adb /config/usb_gadget/g1/configs/b.1/f1' action=sys.usb.config=adb && sys.usb.configfs=1 && sys.usb.ffs.ready=1 (/system/etc/init/hw/init.usb.configfs.rc:22) took 0ms and failed: symlink() failed: File exists
05-08 16:13:52.557 1 1 I init : Command 'write /config/usb_gadget/g1/UDC ${sys.usb.controller}' action=sys.usb.config=adb && sys.usb.configfs=1 && sys.usb.ffs.ready=1 (/system/etc/init/hw/init.usb.configfs.rc:23) took 0ms and failed: Unable to write to file '/config/usb_gadget/g1/UDC': Unable to write file contents: Device or resource busy
05-08 16:13:53.607 6849 6849 I : read descriptors
05-08 16:13:53.607 6849 6849 I : read strings
05-08 16:13:53.610 1 1 I init : processing action (sys.usb.config=adb && sys.usb.configfs=1 && sys.usb.ffs.ready=1) from (/system/etc/init/hw/init.usb.configfs.rc:20)
05-08 16:13:53.612 1 1 I init : Command 'symlink /config/usb_gadget/g1/functions/ffs.adb /config/usb_gadget/g1/configs/b.1/f1' action=sys.usb.config=adb && sys.usb.configfs=1 && sys.usb.ffs.ready=1 (/system/etc/init/hw/init.usb.configfs.rc:22) took 0ms and failed: symlink() failed: File exists
05-08 16:13:53.613 1 1 I init : Command 'write /config/usb_gadget/g1/UDC ${sys.usb.controller}' action=sys.usb.config=adb && sys.usb.configfs=1 && sys.usb.ffs.ready=1 (/system/etc/init/hw/init.usb.configfs.rc:23) took 0ms and failed: Unable to write to file '/config/usb_gadget/g1/UDC': Unable to write file contents: Device or resource busy
05-08 16:06:02.113 456 485 I RIL : ---> enter mainloop wait at port
05-08 16:06:02.113 456 485 D RIL-DEV : Get modem info
05-08 16:06:02.113 456 485 D RIL-DEV : [05-08_16:06:02:114] idVendor = 1d6b
05-08 16:06:02.113 456 485 D RIL-DEV :
05-08 16:06:02.113 456 485 D RIL-DEV : [05-08_16:06:02:114] idVendor = 1d6b
05-08 16:06:02.113 456 485 D RIL-DEV :
05-08 16:06:02.113 456 485 D RIL-DEV : [05-08_16:06:02:114] idVendor = 1d6b
05-08 16:06:02.113 456 485 D RIL-DEV :
05-08 16:06:02.113 456 485 D RIL-DEV : [05-08_16:06:02:114] idVendor = 0781
05-08 16:06:02.113 456 485 D RIL-DEV :
05-08 16:06:02.113 456 485 D RIL-DEV : [05-08_16:06:02:114] idVendor = 1d6b
05-08 16:06:02.113 456 485 D RIL-DEV :
05-08 16:06:02.113 456 485 E RIL-DEV : Cannot find Meig devices
05-08 16:06:02.113 456 485 I RIL : ---> can't find meig usb devices
05-08 16:06:02.143 975 975 D TelephonyNetworkFactory[0]: onNeedNetworkFor NetworkRequest [ REQUEST id=131, [ Capabilities: INTERNET&NOT_RESTRICTED&TRUSTED&NOT_VCN_MANAGED Uid: 1000 RequestorUid: 1000 RequestorPkg: com.android.settings] ] shouldApply false
05-08 16:06:02.151 975 975 D TelephonyNetworkFactory[0]: onNeedNetworkFor NetworkRequest [ REQUEST id=134, [ Capabilities: INTERNET&NOT_RESTRICTED&TRUSTED&NOT_VCN_MANAGED Uid: 1000 RequestorUid: 1000 RequestorPkg: com.android.settings] ] shouldApply false
05-08 16:06:02.157 975 975 D TelephonyNetworkFactory[0]: onNeedNetworkFor NetworkRequest [ REQUEST id=137, [ Capabilities: INTERNET&NOT_RESTRICTED&TRUSTED&NOT_VCN_MANAGED Uid: 1000 RequestorUid: 1000 RequestorPkg: com.android.settings] ] shouldApply false
05-08 16:06:02.163 975 1019 D SubscriptionController: [getAvailableSubInfoList]- no info return
05-08 16:06:02.163 975 1182 D SubscriptionController: [getAvailableSubInfoList]- no info return
05-08 16:06:02.165 975 1182 D SubscriptionController: [getAvailableSubInfoList]- no info return
05-08 16:06:02.166 975 1182 D SubscriptionController: [getAvailableSubInfoList]- no info return
05-08 16:06:02.170 975 1182 D SubscriptionController: [getAvailableSubInfoList]- no info return
05-08 16:06:02.170 975 1019 D SubscriptionController: [getAvailableSubInfoList]- no info return
05-08 16:06:02.171 975 1019 D SubscriptionController: [getAvailableSubInfoList]- no info return
05-08 16:06:02.172 975 1019 D SubscriptionController: [getAvailableSubInfoList]- no info return
05-08 16:06:02.238 975 1182 D SubscriptionController: [getAvailableSubInfoList]- no info return
05-08 16:06:02.239 975 1019 D SubscriptionController: [getAvailableSubInfoList]- no info return
05-08 16:06:02.246 975 1182 D SubscriptionController: [getAvailableSubInfoList]- no info return
05-08 16:06:02.248 975 1183 D SubscriptionController: [getAvailableSubInfoList]- no info return
05-08 16:13:54.690 6849 6849 I : read descriptors
05-08 16:13:54.690 6849 6849 I : read strings
05-08 16:13:54.693 1 1 I init : processing action (sys.usb.config=adb && sys.usb.configfs=1 && sys.usb.ffs.ready=1) from (/system/etc/init/hw/init.usb.configfs.rc:20)
05-08 16:13:55.752 6849 6849 I : read descriptors
05-08 16:13:55.752 6849 6849 I : read strings
05-08 16:06:04.114 456 485 I RIL : ---> enter mainloop wait at port
05-08 16:06:04.114 456 485 D RIL-DEV : Get modem info
05-08 16:06:04.114 456 485 D RIL-DEV : [05-08_16:06:04:115] idVendor = 1d6b
05-08 16:06:04.114 456 485 D RIL-DEV :
05-08 16:06:04.114 456 485 D RIL-DEV : [05-08_16:06:04:115] idVendor = 1d6b
05-08 16:06:04.114 456 485 D RIL-DEV :
05-08 16:06:04.115 456 485 D RIL-DEV : [05-08_16:06:04:115] idVendor = 1d6b
05-08 16:06:04.115 456 485 D RIL-DEV :
05-08 16:06:04.115 456 485 D RIL-DEV : [05-08_16:06:04:115] idVendor = 0781
05-08 16:06:04.115 456 485 D RIL-DEV :
05-08 16:06:04.115 456 485 D RIL-DEV : [05-08_16:06:04:116] idVendor = 1d6b
05-08 16:06:04.115 456 485 D RIL-DEV :
05-08 16:06:04.115 456 485 E RIL-DEV : Cannot find Meig devices
05-08 16:06:04.115 456 485 I RIL : ---> can't find meig usb devices
05-08 16:13:56.810 6849 6849 I : read descriptors
05-08 16:13:56.810 6849 6849 I : read strings
05-08 16:13:56.813 1 1 I init : processing action (sys.usb.config=adb && sys.usb.configfs=1 && sys.usb.ffs.ready=1) from (/system/etc/init/hw/init.usb.configfs.rc:20)
05-08 16:13:56.816 1 1 I init : Command 'symlink /config/usb_gadget/g1/functions/ffs.adb /config/usb_gadget/g1/configs/b.1/f1' action=sys.usb.config=adb && sys.usb.configfs=1 && sys.usb.ffs.ready=1 (/system/etc/init/hw/init.usb.configfs.rc:22) took 1ms and failed: symlink() failed: File exists
05-08 16:13:56.818 1 1 I init : Command 'write /config/usb_gadget/g1/UDC ${sys.usb.controller}' action=sys.usb.config=adb && sys.usb.configfs=1 && sys.usb.ffs.ready=1 (/system/etc/init/hw/init.usb.configfs.rc:23) took 1ms and failed: Unable to write to file '/config/usb_gadget/g1/UDC': Unable to write file contents: Device or resource busy
05-08 16:13:57.860 6849 6849 I : read descriptors
05-08 16:13:57.860 6849 6849 I : read strings
05-08 16:13:57.862 1 1 I init : processing action (sys.usb.config=adb && sys.usb.configfs=1 && sys.usb.ffs.ready=1) from (/system/etc/init/hw/init.usb.configfs.rc:20)
05-08 16:13:57.868 1 1 I init : Command 'symlink /config/usb_gadget/g1/functions/ffs.adb /config/usb_gadget/g1/configs/b.1/f1' action=sys.usb.config=adb && sys.usb.configfs=1 && sys.usb.ffs.ready=1 (/system/etc/init/hw/init.usb.configfs.rc:22) took 0ms and failed: symlink() failed: File exists
05-08 16:13:57.869 1 1 I init : Command 'write /config/usb_gadget/g1/UDC ${sys.usb.controller}' action=sys.usb.config=adb && sys.usb.configfs=1 && sys.usb.ffs.ready=1 (/system/etc/init/hw/init.usb.configfs.rc:23) took 1ms and failed: Unable to write to file '/config/usb_gadget/g1/UDC': Unable to write file contents: Device or resource busy
05-08 16:06:06.116 456 485 I RIL : ---> enter mainloop wait at port
05-08 16:06:06.116 456 485 D RIL-DEV : Get modem info
05-08 16:06:06.116 456 485 D RIL-DEV : [05-08_16:06:06:117] idVendor = 1d6b
05-08 16:06:06.116 456 485 D RIL-DEV :
05-08 16:06:06.117 456 485 D RIL-DEV : [05-08_16:06:06:117] idVendor = 1d6b
05-08 16:06:06.117 456 485 D RIL-DEV :
05-08 16:06:06.117 456 485 D RIL-DEV : [05-08_16:06:06:117] idVendor = 1d6b
05-08 16:06:06.117 456 485 D RIL-DEV :
05-08 16:06:06.117 456 485 D RIL-DEV : [05-08_16:06:06:118] idVendor = 0781
05-08 16:06:06.117 456 485 D RIL-DEV :
05-08 16:06:06.117 456 485 D RIL-DEV : [05-08_16:06:06:118] idVendor = 1d6b
05-08 16:06:06.117 456 485 D RIL-DEV :
05-08 16:06:06.118 456 485 E RIL-DEV : Cannot find Meig devices
05-08 16:06:06.118 456 485 I RIL : ---> can't find meig usb devices
05-08 16:13:58.910 6849 6849 I : read descriptors
05-08 16:13:58.910 6849 6849 I : read strings
05-08 16:13:58.913 1 1 I init : processing action (sys.usb.config=adb && sys.usb.configfs=1 && sys.usb.ffs.ready=1) from (/system/etc/init/hw/init.usb.configfs.rc:20)
05-08 16:13:58.915 1 1 I init : Command 'symlink /config/usb_gadget/g1/functions/ffs.adb /config/usb_gadget/g1/configs/b.1/f1' action=sys.usb.config=adb && sys.usb.configfs=1 && sys.usb.ffs.ready=1 (/system/etc/init/hw/init.usb.configfs.rc:22) took 0ms and failed: symlink() failed: File exists
05-08 16:13:58.915 1 1 I init : Command 'write /config/usb_gadget/g1/UDC ${sys.usb.controller}' action=sys.usb.config=adb && sys.usb.configfs=1 && sys.usb.ffs.ready=1 (/system/etc/init/hw/init.usb.configfs.rc:23) took 0ms and failed: Unable to write to file '/config/usb_gadget/g1/UDC': Unable to write file contents: Device or resource busy
05-08 16:13:59.970 6849 6849 I : read descriptors
05-08 16:13:59.970 6849 6849 I : read strings
05-08 16:13:59.973 1 1 I init : processing action (sys.usb.config=adb && sys.usb.configfs=1 && sys.usb.ffs.ready=1) from (/system/etc/init/hw/init.usb.configfs.rc:20)
05-08 16:06:08.119 456 485 I RIL : ---> enter mainloop wait at port
05-08 16:06:08.119 456 485 D RIL-DEV : Get modem info
05-08 16:06:08.119 456 485 D RIL-DEV : [05-08_16:06:08:120] idVendor = 1d6b
05-08 16:06:08.119 456 485 D RIL-DEV :
05-08 16:06:08.120 456 485 D RIL-DEV : [05-08_16:06:08:120] idVendor = 1d6b
05-08 16:06:08.120 456 485 D RIL-DEV :
05-08 16:06:08.120 456 485 D RIL-DEV : [05-08_16:06:08:121] idVendor = 1d6b
05-08 16:06:08.120 456 485 D RIL-DEV :
05-08 16:06:08.120 456 485 D RIL-DEV : [05-08_16:06:08:121] idVendor = 0781
05-08 16:06:08.120 456 485 D RIL-DEV :
05-08 16:06:08.121 456 485 D RIL-DEV : [05-08_16:06:08:121] idVendor = 1d6b
05-08 16:06:08.121 456 485 D RIL-DEV :
05-08 16:06:08.121 456 485 E RIL-DEV : Cannot find Meig devices
05-08 16:06:08.121 456 485 I RIL : ---> can't find meig usb devices
05-08 16:14:01.020 6849 6849 I : read descriptors
05-08 16:14:01.020 6849 6849 I : read strings
05-08 16:06:08.951 975 975 D AirplaneModeStats: Airplane mode change. Value: true
05-08 16:06:08.952 975 975 D AirplaneModeStats: Airplane mode: true, short=false, carrierId=-1
05-08 16:06:08.969 975 1182 D SubscriptionController: [getAvailableSubInfoList]- no info return
05-08 16:06:08.970 975 8531 D SubscriptionController: [getAvailableSubInfoList]- no info return
