05-08 16:09:40.624 456 485 D RIL-DEV : Get modem info
05-08 16:09:40.624 456 485 D RIL-DEV : [05-08_16:09:40:624] idVendor = 1d6b
05-08 16:09:40.624 456 485 D RIL-DEV :
05-08 16:09:40.624 456 485 D RIL-DEV : [05-08_16:09:40:625] idVendor = 1d6b
05-08 16:09:40.624 456 485 D RIL-DEV :
05-08 16:09:40.624 456 485 D RIL-DEV : [05-08_16:09:40:625] idVendor = 1d6b
05-08 16:09:40.624 456 485 D RIL-DEV :
05-08 16:09:40.624 456 485 D RIL-DEV : [05-08_16:09:40:625] idVendor = 0781
05-08 16:09:40.624 456 485 D RIL-DEV :
05-08 16:09:40.624 456 485 D RIL-DEV : [05-08_16:09:40:625] idVendor = 1d6b
05-08 16:09:40.624 456 485 D RIL-DEV :
05-08 16:09:40.624 456 485 E RIL-DEV : Cannot find Meig devices
05-08 16:09:40.625 456 485 I RIL : ---> can't find meig usb devices
05-08 16:17:34.108 3080 3080 I Filesystems sync: 0.012 seconds
05-08 16:17:34.108 3080 3080 I : Freezing user space processes ... (elapsed 0.011 seconds) done.
05-08 16:17:34.119 3080 3080 I : OOM killer disabled.
05-08 16:17:34.119 3080 3080 I : Freezing remaining freezable tasks ... (elapsed 0.129 seconds) done.
05-08 16:17:34.248 3080 3080 I printk : Suspending console(s) (use no_console_suspend to debug)
05-08 16:17:34.327 3080 3080 E regulator-dummy: Underflow of regulator enable count
05-08 16:17:34.327 3080 3080 E wacom_i2c 4-0009: disable regulator failed -22
05-08 16:17:34.559 3080 3080 I : Disabling non-boot CPUs ...
05-08 16:17:34.560 3080 3080 I psci : CPU1 killed (polled 0 ms)
05-08 16:17:34.561 3080 3080 I psci : CPU2 killed (polled 0 ms)
05-08 16:17:34.563 3080 3080 I psci : CPU3 killed (polled 0 ms)
05-08 16:17:34.565 3080 3080 I psci : CPU4 killed (polled 4 ms)
05-08 16:17:34.568 3080 3080 I psci : CPU5 killed (polled 0 ms)
05-08 16:17:34.571 3080 3080 I psci : CPU6 killed (polled 0 ms)
05-08 16:17:34.572 3080 3080 I psci : CPU7 killed (polled 0 ms)
05-08 16:17:34.785 0 0 W [ C0] PM: pm_system_irq_wakeup: 121 triggered husb311
05-08 16:17:34.785 3080 3080 I : Enabling non-boot CPUs ...
05-08 16:17:34.786 0 0 I : Detected VIPT I-cache on CPU1
05-08 16:17:34.786 0 0 I GICv3 : CPU1: found redistributor 100 region 0:0x00000000fe6a0000
05-08 16:17:34.786 0 0 I CPU1 : Booted secondary processor 0x0000000100 [0x412fd050]
05-08 16:17:34.787 3080 3080 I : CPU1 is up
05-08 16:17:34.788 0 0 I : Detected VIPT I-cache on CPU2
05-08 16:17:34.788 0 0 I GICv3 : CPU2: found redistributor 200 region 0:0x00000000fe6c0000
05-08 16:17:34.788 0 0 I CPU2 : Booted secondary processor 0x0000000200 [0x412fd050]
05-08 16:17:34.788 3080 3080 I : CPU2 is up
05-08 16:17:34.789 0 0 I : Detected VIPT I-cache on CPU3
05-08 16:17:34.789 0 0 I GICv3 : CPU3: found redistributor 300 region 0:0x00000000fe6e0000
05-08 16:17:34.789 0 0 I CPU3 : Booted secondary processor 0x0000000300 [0x412fd050]
05-08 16:17:34.790 3080 3080 I : CPU3 is up
05-08 16:17:34.791 0 0 I : Detected PIPT I-cache on CPU4
05-08 16:17:34.791 0 0 I GICv3 : CPU4: found redistributor 400 region 0:0x00000000fe700000
05-08 16:17:34.791 0 0 I CPU4 : Booted secondary processor 0x0000000400 [0x414fd0b0]
05-08 16:17:34.792 3080 3080 I : CPU4 is up
05-08 16:17:34.793 0 0 I : Detected PIPT I-cache on CPU5
05-08 16:17:34.793 0 0 I GICv3 : CPU5: found redistributor 500 region 0:0x00000000fe720000
05-08 16:17:34.793 0 0 I CPU5 : Booted secondary processor 0x0000000500 [0x414fd0b0]
05-08 16:17:34.794 3080 3080 I : CPU5 is up
05-08 16:17:34.795 0 0 I : Detected PIPT I-cache on CPU6
05-08 16:17:34.795 0 0 I GICv3 : CPU6: found redistributor 600 region 0:0x00000000fe740000
05-08 16:17:34.795 0 0 I CPU6 : Booted secondary processor 0x0000000600 [0x414fd0b0]
05-08 16:17:34.796 3080 3080 I : CPU6 is up
05-08 16:17:34.797 0 0 I : Detected PIPT I-cache on CPU7
05-08 16:17:34.797 0 0 I GICv3 : CPU7: found redistributor 700 region 0:0x00000000fe760000
05-08 16:17:34.797 0 0 I CPU7 : Booted secondary processor 0x0000000700 [0x414fd0b0]
05-08 16:17:34.798 3080 3080 I : CPU7 is up
05-08 16:17:34.805 3080 3080 I rk_gmac-dwmac fe1c0000.ethernet: init for RGMII
05-08 16:17:34.805 11606 11606 I usb1 : root hub lost power or was reset
05-08 16:17:34.813 11615 11615 I usb3 : root hub lost power or was reset
05-08 16:17:34.813 11615 11615 I usb4 : root hub lost power or was reset
05-08 16:17:34.815 3080 3080 E PM : dpm_run_callback(): wacom_i2c_resume+0x0/0xdc returns -6
05-08 16:17:34.815 3080 3080 E PM : Device 4-0009 failed to resume: error -6
05-08 16:17:34.878 3080 3080 I usb2 : root hub lost power or was reset
05-08 16:17:35.294 8719 8719 I usb 4-1 : reset SuperSpeed Gen 1 USB device number 2 using xhci-hcd
05-08 16:17:35.317 3080 3080 I : OOM killer enabled.
05-08 16:17:35.317 3080 3080 I : Restarting tasks ... done.
05-08 16:17:35.328 3080 3080 I : Resume caused by IRQ 121, husb311
05-08 16:17:35.328 3080 3080 I PM : suspend exit
05-08 16:17:35.331 10351 10351 I : mmc_host mmc0: Bus speed (slot 0) = 400000Hz (slot req 400000Hz, actual 400000HZ div = 0)
05-08 16:17:35.334 460 460 I light_ltrx1303 5-0053: set sensor poll time to 200ms
05-08 16:17:35.357 460 460 I light_ltrx1303 5-0053: sensor on: starting poll sensor data 196ms
05-08 16:09:40.667 975 975 D RILJ : [0204]> SEND_DEVICE_STATE 2:false [PHONE0]
05-08 16:09:40.667 456 456 D RILC : sendDeviceState: calling screen state 1
05-08 16:09:40.667 456 456 D RIL : onRequest number : 61
05-08 16:09:40.667 456 456 D RIL : onRequest: SCREEN_STATE
05-08 16:09:40.667 456 456 D RIL : onRequest in unavalable state
05-08 16:09:40.667 975 1118 D RILJ : [0204]< SEND_DEVICE_STATE error 1 [PHONE0]
05-08 16:09:40.667 975 1118 D RilRequest: [0204]< SEND_DEVICE_STATE error: com.android.internal.telephony.CommandException: RADIO_NOT_AVAILABLE ret= result=null
05-08 16:17:35.371 460 460 I gsensor_mxc6655 5-0015: set sensor poll time to 200ms
05-08 16:17:35.585 431 431 W healthd : battery l=44 v=7590 t=33.0 h=1 st=3 c=0 fc=9700000 cc=5 chg=
05-08 16:17:35.585 460 460 I gsensor_mxc6655 5-0015: sensor on: starting poll sensor data 196ms
05-08 16:09:40.670 975 975 D RILJ : [0205]> SET_UNSOLICITED_RESPONSE_FILTER 127 [PHONE0]
05-08 16:09:40.671 975 1118 D RILJ : [0205]< SET_UNSOLICITED_RESPONSE_FILTER error 6 [PHONE0]
05-08 16:09:40.671 975 1118 D RilRequest: [0205]< SET_UNSOLICITED_RESPONSE_FILTER error: com.android.internal.telephony.CommandException: REQUEST_NOT_SUPPORTED ret= result=null
05-08 16:17:35.591 460 460 I gsensor_mxc6655 5-0015: set sensor poll time to 66ms
05-08 16:09:40.674 975 975 E RILJ : setSignalStrengthReportingCriteria ignored on IRadio version less than 1.2 [PHONE0]
05-08 16:09:40.674 975 975 E RILJ : setSignalStrengthReportingCriteria ignored on IRadio version less than 1.2 [PHONE0]
05-08 16:09:40.675 975 975 E RILJ : setSignalStrengthReportingCriteria ignored on IRadio version less than 1.2 [PHONE0]
05-08 16:09:40.675 975 975 D NetworkTypeController: [0] LegacyState: process EVENT_PHYSICAL_CHANNEL_CONFIG_NOTIF_CHANGED
05-08 16:09:40.675 975 975 D NetworkTypeController: [0] Remove all timers
05-08 16:09:40.675 975 975 D NetworkTypeController: [0] DefaultState: process EVENT_PHYSICAL_CHANNEL_CONFIG_NOTIF_CHANGED
05-08 16:09:40.675 975 975 D NetworkTypeController: [0] mIsPhysicalChannelConfigOn changed to: true
05-08 16:17:35.610 343 343 W : <<-GTP-ERROR->> I2C Read: 0x8047, 1 bytes failed, errcode: -6! Process reset.
05-08 16:17:35.660 6849 6849 I : read descriptors
05-08 16:17:35.660 6849 6849 I : read strings
05-08 16:17:35.707 343 343 W : <<-GTP-ERROR->> GTP i2c test failed time 1.
05-08 16:17:35.751 10351 10351 I : mmc_host mmc0: Bus speed (slot 0) = 49500000Hz (slot req 50000000Hz, actual 49500000HZ div = 0)
05-08 16:17:36.391 1 1 I init : processing action (sys.usb.config=adb && sys.usb.configfs=1 && sys.usb.ffs.ready=1) from (/system/etc/init/hw/init.usb.configfs.rc:20)
05-08 16:17:36.392 343 343 I rockchip-vop2 fdd90000.vop: [drm:vop2_crtc_atomic_enable] Update mode to 1536x2048p55, type: 16(if:60) for vp2 dclk: 192000000
05-08 16:17:36.393 343 343 I rockchip-vop2 fdd90000.vop: [drm:vop2_crtc_atomic_enable] dclk_out2 div: 2 dclk_core2 div: 1
05-08 16:17:36.393 343 343 I rockchip-vop2 fdd90000.vop: [drm:vop2_crtc_atomic_enable] set dclk_vop2 to 96000000, get 96000000
05-08 16:17:36.394 1 1 I init : Command 'symlink /config/usb_gadget/g1/functions/ffs.adb /config/usb_gadget/g1/configs/b.1/f1' action=sys.usb.config=adb && sys.usb.configfs=1 && sys.usb.ffs.ready=1 (/system/etc/init/hw/init.usb.configfs.rc:22) took 0ms and failed: symlink() failed: File exists
05-08 16:17:36.395 1 1 I init : Command 'write /config/usb_gadget/g1/UDC ${sys.usb.controller}' action=sys.usb.config=adb && sys.usb.configfs=1 && sys.usb.ffs.ready=1 (/system/etc/init/hw/init.usb.configfs.rc:23) took 0ms and failed: Unable to write to file '/config/usb_gadget/g1/UDC': Unable to write file contents: Device or resource busy
05-08 16:09:41.489 975 975 D DCT-C-0 : screen on
05-08 16:09:41.489 975 975 D DCT-C-0 : stopNetStatPoll
05-08 16:17:36.899 343 343 I dw-mipi-dsi2 fde20000.dsi: [drm:dw_mipi_dsi2_encoder_enable] final DSI-Link bandwidth: 639999 x 8 Kbps
05-08 16:17:37.463 6849 6849 I : read descriptors
05-08 16:17:37.463 6849 6849 I : read strings
05-08 16:17:37.466 1 1 I init : processing action (sys.usb.config=adb && sys.usb.configfs=1 && sys.usb.ffs.ready=1) from (/system/etc/init/hw/init.usb.configfs.rc:20)
05-08 16:17:37.468 1 1 I init : Command 'symlink /config/usb_gadget/g1/functions/ffs.adb /config/usb_gadget/g1/configs/b.1/f1' action=sys.usb.config=adb && sys.usb.configfs=1 && sys.usb.ffs.ready=1 (/system/etc/init/hw/init.usb.configfs.rc:22) took 0ms and failed: symlink() failed: File exists
05-08 16:17:37.468 1 1 I init : Command 'write /config/usb_gadget/g1/UDC ${sys.usb.controller}' action=sys.usb.config=adb && sys.usb.configfs=1 && sys.usb.ffs.ready=1 (/system/etc/init/hw/init.usb.configfs.rc:23) took 0ms and failed: Unable to write to file '/config/usb_gadget/g1/UDC': Unable to write file contents: Device or resource busy
05-08 16:09:42.625 456 485 I RIL : ---> enter mainloop wait at port
05-08 16:09:42.625 456 485 D RIL-DEV : Get modem info
05-08 16:09:42.626 456 485 D RIL-DEV : [05-08_16:09:42:626] idVendor = 1d6b
05-08 16:09:42.626 456 485 D RIL-DEV :
05-08 16:09:42.626 456 485 D RIL-DEV : [05-08_16:09:42:626] idVendor = 1d6b
05-08 16:09:42.626 456 485 D RIL-DEV :
05-08 16:09:42.626 456 485 D RIL-DEV : [05-08_16:09:42:627] idVendor = 1d6b
05-08 16:09:42.626 456 485 D RIL-DEV :
05-08 16:09:42.627 456 485 D RIL-DEV : [05-08_16:09:42:627] idVendor = 0781
05-08 16:09:42.627 456 485 D RIL-DEV :
05-08 16:09:42.627 456 485 D RIL-DEV : [05-08_16:09:42:627] idVendor = 1d6b
05-08 16:09:42.627 456 485 D RIL-DEV :
05-08 16:09:42.627 456 485 E RIL-DEV : Cannot find Meig devices
05-08 16:09:42.627 456 485 I RIL : ---> can't find meig usb devices
05-08 16:17:38.500 6849 6849 I : read descriptors
05-08 16:17:38.500 6849 6849 I : read strings
05-08 16:17:38.503 1 1 I init : processing action (sys.usb.config=adb && sys.usb.configfs=1 && sys.usb.ffs.ready=1) from (/system/etc/init/hw/init.usb.configfs.rc:20)
05-08 16:09:44.628 456 485 I RIL : ---> enter mainloop wait at port
05-08 16:09:44.628 456 485 D RIL-DEV : Get modem info
05-08 16:09:44.628 456 485 D RIL-DEV : [05-08_16:09:44:629] idVendor = 1d6b
05-08 16:09:44.628 456 485 D RIL-DEV :
05-08 16:09:44.629 456 485 D RIL-DEV : [05-08_16:09:44:629] idVendor = 1d6b
05-08 16:09:44.629 456 485 D RIL-DEV :
05-08 16:09:44.629 456 485 D RIL-DEV : [05-08_16:09:44:630] idVendor = 1d6b
05-08 16:09:44.629 456 485 D RIL-DEV :
05-08 16:09:44.629 456 485 D RIL-DEV : [05-08_16:09:44:630] idVendor = 0781
05-08 16:09:44.629 456 485 D RIL-DEV :
05-08 16:09:44.630 456 485 D RIL-DEV : [05-08_16:09:44:630] idVendor = 1d6b
05-08 16:09:44.630 456 485 D RIL-DEV :
05-08 16:09:44.630 456 485 E RIL-DEV : Cannot find Meig devices
05-08 16:09:44.630 456 485 I RIL : ---> can't find meig usb devices
05-08 16:17:39.550 6849 6849 I : read descriptors
05-08 16:17:39.550 6849 6849 I : read strings
05-08 16:17:39.553 1 1 I init : processing action (sys.usb.config=adb && sys.usb.configfs=1 && sys.usb.ffs.ready=1) from (/system/etc/init/hw/init.usb.configfs.rc:20)
05-08 16:17:39.554 1 1 I init : Command 'symlink /config/usb_gadget/g1/functions/ffs.adb /config/usb_gadget/g1/configs/b.1/f1' action=sys.usb.config=adb && sys.usb.configfs=1 && sys.usb.ffs.ready=1 (/system/etc/init/hw/init.usb.configfs.rc:22) took 0ms and failed: symlink() failed: File exists
05-08 16:17:39.554 1 1 I init : Command 'write /config/usb_gadget/g1/UDC ${sys.usb.controller}' action=sys.usb.config=adb && sys.usb.configfs=1 && sys.usb.ffs.ready=1 (/system/etc/init/hw/init.usb.configfs.rc:23) took 0ms and failed: Unable to write to file '/config/usb_gadget/g1/UDC': Unable to write file contents: Device or resource busy
05-08 16:17:40.597 6849 6849 I : read descriptors
05-08 16:17:40.597 6849 6849 I : read strings
05-08 16:17:40.599 1 1 I init : processing action (sys.usb.config=adb && sys.usb.configfs=1 && sys.usb.ffs.ready=1) from (/system/etc/init/hw/init.usb.configfs.rc:20)
05-08 16:17:40.602 1 1 I init : Command 'symlink /config/usb_gadget/g1/functions/ffs.adb /config/usb_gadget/g1/configs/b.1/f1' action=sys.usb.config=adb && sys.usb.configfs=1 && sys.usb.ffs.ready=1 (/system/etc/init/hw/init.usb.configfs.rc:22) took 0ms and failed: symlink() failed: File exists
05-08 16:17:40.603 1 1 I init : Command 'write /config/usb_gadget/g1/UDC ${sys.usb.controller}' action=sys.usb.config=adb && sys.usb.configfs=1 && sys.usb.ffs.ready=1 (/system/etc/init/hw/init.usb.configfs.rc:23) took 0ms and failed: Unable to write to file '/config/usb_gadget/g1/UDC': Unable to write file contents: Device or resource busy
05-08 16:09:46.630 456 485 I RIL : ---> enter mainloop wait at port
05-08 16:09:46.630 456 485 D RIL-DEV : Get modem info
05-08 16:09:46.631 456 485 D RIL-DEV : [05-08_16:09:46:632] idVendor = 1d6b
05-08 16:09:46.631 456 485 D RIL-DEV :
05-08 16:09:46.631 456 485 D RIL-DEV : [05-08_16:09:46:632] idVendor = 1d6b
05-08 16:09:46.631 456 485 D RIL-DEV :
05-08 16:09:46.632 456 485 D RIL-DEV : [05-08_16:09:46:632] idVendor = 1d6b
05-08 16:09:46.632 456 485 D RIL-DEV :
05-08 16:09:46.632 456 485 D RIL-DEV : [05-08_16:09:46:633] idVendor = 0781
05-08 16:09:46.632 456 485 D RIL-DEV :
05-08 16:09:46.632 456 485 D RIL-DEV : [05-08_16:09:46:633] idVendor = 1d6b
05-08 16:09:46.632 456 485 D RIL-DEV :
05-08 16:09:46.633 456 485 E RIL-DEV : Cannot find Meig devices
05-08 16:09:46.633 456 485 I RIL : ---> can't find meig usb devices
05-08 16:17:41.643 6849 6849 I : read descriptors
05-08 16:17:41.644 6849 6849 I : read strings
05-08 16:17:41.645 1 1 I init : processing action (sys.usb.config=adb && sys.usb.configfs=1 && sys.usb.ffs.ready=1) from (/system/etc/init/hw/init.usb.configfs.rc:20)
05-08 16:17:41.648 1 1 I init : Command 'symlink /config/usb_gadget/g1/functions/ffs.adb /config/usb_gadget/g1/configs/b.1/f1' action=sys.usb.config=adb && sys.usb.configfs=1 && sys.usb.ffs.ready=1 (/system/etc/init/hw/init.usb.configfs.rc:22) took 0ms and failed: symlink() failed: File exists
05-08 16:17:41.650 1 1 I init : Command 'write /config/usb_gadget/g1/UDC ${sys.usb.controller}' action=sys.usb.config=adb && sys.usb.configfs=1 && sys.usb.ffs.ready=1 (/system/etc/init/hw/init.usb.configfs.rc:23) took 1ms and failed: Unable to write to file '/config/usb_gadget/g1/UDC': Unable to write file contents: Device or resource busy
05-08 16:17:42.690 6849 6849 I : read descriptors
05-08 16:17:42.690 6849 6849 I : read strings
05-08 16:17:42.693 1 1 I init : processing action (sys.usb.config=adb && sys.usb.configfs=1 && sys.usb.ffs.ready=1) from (/system/etc/init/hw/init.usb.configfs.rc:20)
05-08 16:09:48.633 456 485 I RIL : ---> enter mainloop wait at port
05-08 16:09:48.633 456 485 D RIL-DEV : Get modem info
05-08 16:09:48.634 456 485 D RIL-DEV : [05-08_16:09:48:635] idVendor = 1d6b
05-08 16:09:48.634 456 485 D RIL-DEV :
05-08 16:09:48.634 456 485 D RIL-DEV : [05-08_16:09:48:635] idVendor = 1d6b
05-08 16:09:48.634 456 485 D RIL-DEV :
05-08 16:09:48.635 456 485 D RIL-DEV : [05-08_16:09:48:635] idVendor = 1d6b
05-08 16:09:48.635 456 485 D RIL-DEV :
05-08 16:09:48.635 456 485 D RIL-DEV : [05-08_16:09:48:636] idVendor = 0781
05-08 16:09:48.635 456 485 D RIL-DEV :
05-08 16:09:48.635 456 485 D RIL-DEV : [05-08_16:09:48:636] idVendor = 1d6b
05-08 16:09:48.635 456 485 D RIL-DEV :
05-08 16:09:48.636 456 485 E RIL-DEV : Cannot find Meig devices
05-08 16:09:48.636 456 485 I RIL : ---> can't find meig usb devices
05-08 16:17:43.760 6849 6849 I : read descriptors
05-08 16:17:43.760 6849 6849 I : read strings
05-08 16:17:44.807 6849 6849 I : read descriptors
05-08 16:17:44.807 6849 6849 I : read strings
05-08 16:17:44.810 1 1 I init : processing action (sys.usb.config=adb && sys.usb.configfs=1 && sys.usb.ffs.ready=1) from (/system/etc/init/hw/init.usb.configfs.rc:20)
05-08 16:17:44.811 1 1 I init : Command 'symlink /config/usb_gadget/g1/functions/ffs.adb /config/usb_gadget/g1/configs/b.1/f1' action=sys.usb.config=adb && sys.usb.configfs=1 && sys.usb.ffs.ready=1 (/system/etc/init/hw/init.usb.configfs.rc:22) took 0ms and failed: symlink() failed: File exists
05-08 16:17:44.811 1 1 I init : Command 'write /config/usb_gadget/g1/UDC ${sys.usb.controller}' action=sys.usb.config=adb && sys.usb.configfs=1 && sys.usb.ffs.ready=1 (/system/etc/init/hw/init.usb.configfs.rc:23) took 0ms and failed: Unable to write to file '/config/usb_gadget/g1/UDC': Unable to write file contents: Device or resource busy
05-08 16:09:50.636 456 485 I RIL : ---> enter mainloop wait at port
05-08 16:09:50.636 456 485 D RIL-DEV : Get modem info
05-08 16:09:50.637 456 485 D RIL-DEV : [05-08_16:09:50:638] idVendor = 1d6b
05-08 16:09:50.637 456 485 D RIL-DEV :
05-08 16:09:50.637 456 485 D RIL-DEV : [05-08_16:09:50:638] idVendor = 1d6b
05-08 16:09:50.637 456 485 D RIL-DEV :
05-08 16:09:50.638 456 485 D RIL-DEV : [05-08_16:09:50:638] idVendor = 1d6b
05-08 16:09:50.638 456 485 D RIL-DEV :
05-08 16:09:50.638 456 485 D RIL-DEV : [05-08_16:09:50:639] idVendor = 0781
05-08 16:09:50.638 456 485 D RIL-DEV :
05-08 16:09:50.638 456 485 D RIL-DEV : [05-08_16:09:50:639] idVendor = 1d6b
05-08 16:09:50.638 456 485 D RIL-DEV :
05-08 16:09:50.639 456 485 E RIL-DEV : Cannot find Meig devices
05-08 16:09:50.639 456 485 I RIL : ---> can't find meig usb devices
05-08 16:17:45.757 437 437 I gsensor_mxc6655 5-0015: set sensor poll time to 200ms
05-08 16:09:50.883 975 975 D RILJ : [0206]> SEND_DEVICE_STATE 2:true [PHONE0]
05-08 16:09:50.883 456 456 D RILC : sendDeviceState: calling screen state 0
05-08 16:09:50.884 456 456 D RIL : onRequest number : 61
05-08 16:09:50.884 456 456 D RIL : onRequest: SCREEN_STATE
05-08 16:09:50.884 456 456 D RIL : onRequest in unavalable state
05-08 16:09:50.884 975 1118 D RILJ : [0206]< SEND_DEVICE_STATE error 1 [PHONE0]
05-08 16:09:50.884 975 975 D RILJ : [0207]> SET_UNSOLICITED_RESPONSE_FILTER 32 [PHONE0]
05-08 16:09:50.884 975 1118 D RilRequest: [0206]< SEND_DEVICE_STATE error: com.android.internal.telephony.CommandException: RADIO_NOT_AVAILABLE ret= result=null
05-08 16:09:50.885 975 1118 D RILJ : [0207]< SET_UNSOLICITED_RESPONSE_FILTER error 6 [PHONE0]
05-08 16:09:50.885 975 1118 D RilRequest: [0207]< SET_UNSOLICITED_RESPONSE_FILTER error: com.android.internal.telephony.CommandException: REQUEST_NOT_SUPPORTED ret= result=null
05-08 16:09:50.886 975 975 E RILJ : setSignalStrengthReportingCriteria ignored on IRadio version less than 1.2 [PHONE0]
05-08 16:09:50.887 975 975 E RILJ : setSignalStrengthReportingCriteria ignored on IRadio version less than 1.2 [PHONE0]
05-08 16:09:50.887 975 975 E RILJ : setSignalStrengthReportingCriteria ignored on IRadio version less than 1.2 [PHONE0]
05-08 16:09:50.887 975 975 D NetworkTypeController: [0] LegacyState: process EVENT_PHYSICAL_CHANNEL_CONFIG_NOTIF_CHANGED
05-08 16:09:50.888 975 975 D NetworkTypeController: [0] Remove all timers
05-08 16:09:50.888 975 975 D NetworkTypeController: [0] DefaultState: process EVENT_PHYSICAL_CHANNEL_CONFIG_NOTIF_CHANGED
05-08 16:09:50.888 975 975 D NetworkTypeController: [0] mIsPhysicalChannelConfigOn changed to: false
05-08 16:09:50.888 975 975 D NetworkTypeController: [0] Remove all timers
05-08 16:17:45.808 431 431 W healthd : battery l=44 v=7526 t=32.5 h=1 st=3 c=-256000 fc=9700000 cc=5 chg=
05-08 16:17:45.860 6849 6849 I : read descriptors
05-08 16:17:45.860 6849 6849 I : read strings
05-08 16:17:45.863 1 1 I init : processing action (sys.usb.config=adb && sys.usb.configfs=1 && sys.usb.ffs.ready=1) from (/system/etc/init/hw/init.usb.configfs.rc:20)
05-08 16:17:45.866 1 1 I init : Command 'symlink /config/usb_gadget/g1/functions/ffs.adb /config/usb_gadget/g1/configs/b.1/f1' action=sys.usb.config=adb && sys.usb.configfs=1 && sys.usb.ffs.ready=1 (/system/etc/init/hw/init.usb.configfs.rc:22) took 0ms and failed: symlink() failed: File exists
05-08 16:17:45.869 1 1 I init : Command 'write /config/usb_gadget/g1/UDC ${sys.usb.controller}' action=sys.usb.config=adb && sys.usb.configfs=1 && sys.usb.ffs.ready=1 (/system/etc/init/hw/init.usb.configfs.rc:23) took 1ms and failed: Unable to write to file '/config/usb_gadget/g1/UDC': Unable to write file contents: Device or resource busy
05-08 16:17:46.073 343 343 I rockchip-vop2 fdd90000.vop: [drm:vop2_crtc_atomic_disable] Crtc atomic disable vp2
05-08 16:09:51.209 975 975 D DCT-C-0 : screen off
05-08 16:09:51.209 975 975 D DCT-C-0 : stopNetStatPoll
05-08 16:17:46.271 3080 3080 I PM : suspend entry (deep)
05-08 16:17:46.283 3080 3080 I Filesystems sync: 0.011 seconds
05-08 16:17:46.283 3080 3080 I : Freezing user space processes ... (elapsed 0.011 seconds) done.
05-08 16:17:46.295 3080 3080 I : OOM killer disabled.
05-08 16:17:46.295 3080 3080 I : Freezing remaining freezable tasks ... (elapsed 0.201 seconds) done.
05-08 16:17:46.496 3080 3080 I printk : Suspending console(s) (use no_console_suspend to debug)
05-08 16:17:46.579 3080 3080 E regulator-dummy: Underflow of regulator enable count
05-08 16:17:46.579 3080 3080 E wacom_i2c 4-0009: disable regulator failed -22
05-08 16:17:46.823 3080 3080 I : Disabling non-boot CPUs ...
05-08 16:17:46.824 3080 3080 I psci : CPU1 killed (polled 0 ms)
05-08 16:17:46.825 3080 3080 I psci : CPU2 killed (polled 0 ms)
05-08 16:17:46.827 3080 3080 I psci : CPU3 killed (polled 0 ms)
05-08 16:17:46.829 3080 3080 I psci : CPU4 killed (polled 4 ms)
05-08 16:17:46.832 3080 3080 I psci : CPU5 killed (polled 0 ms)
05-08 16:17:46.834 3080 3080 I psci : CPU6 killed (polled 0 ms)
05-08 16:17:46.835 3080 3080 I psci : CPU7 killed (polled 0 ms)
05-08 16:17:47.048 0 0 W [ C0] PM: pm_system_irq_wakeup: 121 triggered husb311
05-08 16:17:47.048 3080 3080 I : Enabling non-boot CPUs ...
05-08 16:17:47.049 0 0 I : Detected VIPT I-cache on CPU1
05-08 16:17:47.049 0 0 I GICv3 : CPU1: found redistributor 100 region 0:0x00000000fe6a0000
05-08 16:17:47.049 0 0 I CPU1 : Booted secondary processor 0x0000000100 [0x412fd050]
05-08 16:17:47.050 3080 3080 I : CPU1 is up
05-08 16:17:47.051 0 0 I : Detected VIPT I-cache on CPU2
05-08 16:17:47.051 0 0 I GICv3 : CPU2: found redistributor 200 region 0:0x00000000fe6c0000
05-08 16:17:47.051 0 0 I CPU2 : Booted secondary processor 0x0000000200 [0x412fd050]
05-08 16:17:47.052 3080 3080 I : CPU2 is up
05-08 16:17:47.053 0 0 I : Detected VIPT I-cache on CPU3
05-08 16:17:47.053 0 0 I GICv3 : CPU3: found redistributor 300 region 0:0x00000000fe6e0000
05-08 16:17:47.053 0 0 I CPU3 : Booted secondary processor 0x0000000300 [0x412fd050]
05-08 16:17:47.053 3080 3080 I : CPU3 is up
05-08 16:17:47.054 0 0 I : Detected PIPT I-cache on CPU4
05-08 16:17:47.054 0 0 I GICv3 : CPU4: found redistributor 400 region 0:0x00000000fe700000
05-08 16:17:47.054 0 0 I CPU4 : Booted secondary processor 0x0000000400 [0x414fd0b0]
05-08 16:17:47.055 3080 3080 I : CPU4 is up
05-08 16:17:47.056 0 0 I : Detected PIPT I-cache on CPU5
05-08 16:17:47.056 0 0 I GICv3 : CPU5: found redistributor 500 region 0:0x00000000fe720000
05-08 16:17:47.056 0 0 I CPU5 : Booted secondary processor 0x0000000500 [0x414fd0b0]
05-08 16:17:47.057 3080 3080 I : CPU5 is up
05-08 16:17:47.058 0 0 I : Detected PIPT I-cache on CPU6
05-08 16:17:47.058 0 0 I GICv3 : CPU6: found redistributor 600 region 0:0x00000000fe740000
05-08 16:17:47.058 0 0 I CPU6 : Booted secondary processor 0x0000000600 [0x414fd0b0]
05-08 16:17:47.059 3080 3080 I : CPU6 is up
05-08 16:17:47.060 0 0 I : Detected PIPT I-cache on CPU7
05-08 16:17:47.060 0 0 I GICv3 : CPU7: found redistributor 700 region 0:0x00000000fe760000
05-08 16:17:47.060 0 0 I CPU7 : Booted secondary processor 0x0000000700 [0x414fd0b0]
05-08 16:17:47.061 3080 3080 I : CPU7 is up
05-08 16:17:47.068 3080 3080 I rk_gmac-dwmac fe1c0000.ethernet: init for RGMII
05-08 16:17:47.068 11598 11598 I usb1 : root hub lost power or was reset
05-08 16:17:47.076 8074 8074 I usb3 : root hub lost power or was reset
05-08 16:17:47.076 8074 8074 I usb4 : root hub lost power or was reset
05-08 16:17:47.077 3080 3080 E PM : dpm_run_callback(): wacom_i2c_resume+0x0/0xdc returns -6
05-08 16:17:47.077 3080 3080 E PM : Device 4-0009 failed to resume: error -6
05-08 16:17:47.138 3080 3080 I usb2 : root hub lost power or was reset
05-08 16:17:47.555 10275 10275 I usb 4-1 : reset SuperSpeed Gen 1 USB device number 2 using xhci-hcd
05-08 16:17:47.575 3080 3080 I : OOM killer enabled.
05-08 16:17:47.575 3080 3080 I : Restarting tasks ... done.
05-08 16:17:47.591 8497 8497 I : mmc_host mmc0: Bus speed (slot 0) = 400000Hz (slot req 400000Hz, actual 400000HZ div = 0)
05-08 16:17:47.591 3080 3080 I : Resume caused by IRQ 121, husb311
05-08 16:17:47.591 3080 3080 I PM : suspend exit
05-08 16:17:47.692 3080 3080 I PM : suspend entry (deep)
05-08 16:09:52.851 456 485 I RIL : ---> enter mainloop wait at port
05-08 16:09:52.851 456 485 D RIL-DEV : Get modem info
05-08 16:09:52.852 456 485 D RIL-DEV : [05-08_16:09:52:853] idVendor = 1d6b
05-08 16:09:52.852 456 485 D RIL-DEV :
05-08 16:09:52.852 456 485 D RIL-DEV : [05-08_16:09:52:853] idVendor = 1d6b
05-08 16:09:52.852 456 485 D RIL-DEV :
05-08 16:09:52.853 456 485 D RIL-DEV : [05-08_16:09:52:853] idVendor = 1d6b
05-08 16:09:52.853 456 485 D RIL-DEV :
05-08 16:09:52.853 456 485 D RIL-DEV : [05-08_16:09:52:854] idVendor = 0781
05-08 16:09:52.853 456 485 D RIL-DEV :
05-08 16:09:52.853 456 485 D RIL-DEV : [05-08_16:09:52:854] idVendor = 1d6b
05-08 16:09:52.853 456 485 D RIL-DEV :
05-08 16:09:52.854 456 485 E RIL-DEV : Cannot find Meig devices
05-08 16:09:52.854 456 485 I RIL : ---> can't find meig usb devices
05-08 16:17:47.772 8497 8497 I : mmc_host mmc0: Bus speed (slot 0) = 49500000Hz (slot req 50000000Hz, actual 49500000HZ div = 0)
05-08 16:17:47.801 3080 3080 I Filesystems sync: 0.108 seconds
05-08 16:17:47.801 3080 3080 I : Freezing user space processes ... (elapsed 0.010 seconds) done.
05-08 16:17:47.812 3080 3080 I : OOM killer disabled.
05-08 16:17:47.812 3080 3080 I : Freezing remaining freezable tasks ... (elapsed 0.184 seconds) done.
05-08 16:17:47.997 3080 3080 I printk : Suspending console(s) (use no_console_suspend to debug)
05-08 16:17:48.069 3080 3080 E regulator-dummy: Underflow of regulator enable count
05-08 16:17:48.069 3080 3080 E wacom_i2c 4-0009: disable regulator failed -22
05-08 16:17:48.313 3080 3080 I : Disabling non-boot CPUs ...
05-08 16:17:48.314 3080 3080 I psci : CPU1 killed (polled 0 ms)
05-08 16:17:48.316 3080 3080 I psci : CPU2 killed (polled 0 ms)
05-08 16:17:48.317 3080 3080 I psci : CPU3 killed (polled 0 ms)
05-08 16:17:48.319 3080 3080 I psci : CPU4 killed (polled 0 ms)
05-08 16:17:48.321 3080 3080 I psci : CPU5 killed (polled 4 ms)
05-08 16:17:48.323 3080 3080 I psci : CPU6 killed (polled 0 ms)
05-08 16:17:48.324 3080 3080 I psci : CPU7 killed (polled 0 ms)
05-08 16:17:48.562 0 0 W [ C0] PM: pm_system_irq_wakeup: 121 triggered husb311
05-08 16:17:48.562 3080 3080 I : Enabling non-boot CPUs ...
05-08 16:17:48.563 0 0 I : Detected VIPT I-cache on CPU1
05-08 16:17:48.563 0 0 I GICv3 : CPU1: found redistributor 100 region 0:0x00000000fe6a0000
05-08 16:17:48.563 0 0 I CPU1 : Booted secondary processor 0x0000000100 [0x412fd050]
05-08 16:17:48.564 3080 3080 I : CPU1 is up
05-08 16:17:48.565 0 0 I : Detected VIPT I-cache on CPU2
05-08 16:17:48.565 0 0 I GICv3 : CPU2: found redistributor 200 region 0:0x00000000fe6c0000
05-08 16:17:48.565 0 0 I CPU2 : Booted secondary processor 0x0000000200 [0x412fd050]
05-08 16:17:48.565 3080 3080 I : CPU2 is up
05-08 16:17:48.566 0 0 I : Detected VIPT I-cache on CPU3
05-08 16:17:48.566 0 0 I GICv3 : CPU3: found redistributor 300 region 0:0x00000000fe6e0000
05-08 16:17:48.566 0 0 I CPU3 : Booted secondary processor 0x0000000300 [0x412fd050]
05-08 16:17:48.567 3080 3080 I : CPU3 is up
05-08 16:17:48.568 0 0 I : Detected PIPT I-cache on CPU4
05-08 16:17:48.568 0 0 I GICv3 : CPU4: found redistributor 400 region 0:0x00000000fe700000
05-08 16:17:48.568 0 0 I CPU4 : Booted secondary processor 0x0000000400 [0x414fd0b0]
05-08 16:17:48.569 3080 3080 I : CPU4 is up
05-08 16:17:48.570 0 0 I : Detected PIPT I-cache on CPU5
05-08 16:17:48.570 0 0 I GICv3 : CPU5: found redistributor 500 region 0:0x00000000fe720000
05-08 16:17:48.570 0 0 I CPU5 : Booted secondary processor 0x0000000500 [0x414fd0b0]
05-08 16:17:48.571 3080 3080 I : CPU5 is up
05-08 16:17:48.572 0 0 I : Detected PIPT I-cache on CPU6
05-08 16:17:48.572 0 0 I GICv3 : CPU6: found redistributor 600 region 0:0x00000000fe740000
05-08 16:17:48.572 0 0 I CPU6 : Booted secondary processor 0x0000000600 [0x414fd0b0]
05-08 16:17:48.573 3080 3080 I : CPU6 is up
05-08 16:17:48.574 0 0 I : Detected PIPT I-cache on CPU7
05-08 16:17:48.574 0 0 I GICv3 : CPU7: found redistributor 700 region 0:0x00000000fe760000
05-08 16:17:48.574 0 0 I CPU7 : Booted secondary processor 0x0000000700 [0x414fd0b0]
05-08 16:17:48.575 3080 3080 I : CPU7 is up
05-08 16:17:48.582 3080 3080 I rk_gmac-dwmac fe1c0000.ethernet: init for RGMII
05-08 16:17:48.583 11614 11614 I usb1 : root hub lost power or was reset
05-08 16:17:48.590 11611 11611 I usb3 : root hub lost power or was reset
05-08 16:17:48.590 11611 11611 I usb4 : root hub lost power or was reset
05-08 16:17:48.593 3080 3080 E PM : dpm_run_callback(): wacom_i2c_resume+0x0/0xdc returns -6
05-08 16:17:48.593 3080 3080 E PM : Device 4-0009 failed to resume: error -6
05-08 16:17:48.655 3080 3080 I usb2 : root hub lost power or was reset
05-08 16:17:49.071 8727 8727 I usb 4-1 : reset SuperSpeed Gen 1 USB device number 2 using xhci-hcd
05-08 16:17:49.092 3080 3080 I : OOM killer enabled.
05-08 16:17:49.092 3080 3080 I : Restarting tasks ...
05-08 16:17:49.111 10351 10351 I : mmc_host mmc0: Bus speed (slot 0) = 400000Hz (slot req 400000Hz, actual 400000HZ div = 0)
05-08 16:17:49.111 3080 3080 W : done.
05-08 16:17:49.118 3080 3080 I : Resume caused by IRQ 121, husb311
05-08 16:17:49.118 3080 3080 I PM : suspend exit
05-08 16:17:49.222 3080 3080 I PM : suspend entry (deep)
05-08 16:17:49.297 10351 10351 I : mmc_host mmc0: Bus speed (slot 0) = 49500000Hz (slot req 50000000Hz, actual 49500000HZ div = 0)
05-08 16:17:49.333 3080 3080 I Filesystems sync: 0.111 seconds
05-08 16:09:55.674 456 485 I RIL : ---> enter mainloop wait at port
05-08 16:09:55.674 456 485 D RIL-DEV : Get modem info
05-08 16:09:55.676 456 485 D RIL-DEV : [05-08_16:09:55:676] idVendor = 1d6b
05-08 16:09:55.676 456 485 D RIL-DEV :
05-08 16:09:55.676 456 485 D RIL-DEV : [05-08_16:09:55:676] idVendor = 1d6b
05-08 16:09:55.676 456 485 D RIL-DEV :
05-08 16:09:55.676 456 485 D RIL-DEV : [05-08_16:09:55:677] idVendor = 1d6b
05-08 16:09:55.676 456 485 D RIL-DEV :
05-08 16:09:55.679 456 485 D RIL-DEV : [05-08_16:09:55:677] idVendor = 0781
05-08 16:09:55.679 456 485 D RIL-DEV :
05-08 16:09:55.679 456 485 D RIL-DEV : [05-08_16:09:55:680] idVendor = 1d6b
05-08 16:09:55.679 456 485 D RIL-DEV :
05-08 16:09:55.680 456 485 E RIL-DEV : Cannot find Meig devices
05-08 16:09:55.680 456 485 I RIL : ---> can't find meig usb devices
05-08 16:17:49.333 3080 3080 I : Freezing user space processes ... (elapsed 0.011 seconds) done.
05-08 16:17:49.345 3080 3080 I : OOM killer disabled.
05-08 16:17:49.345 3080 3080 I : Freezing remaining freezable tasks ... (elapsed 0.170 seconds) done.
05-08 16:17:49.515 3080 3080 I printk : Suspending console(s) (use no_console_suspend to debug)
05-08 16:17:49.590 3080 3080 E regulator-dummy: Underflow of regulator enable count
05-08 16:17:49.590 3080 3080 E wacom_i2c 4-0009: disable regulator failed -22
05-08 16:17:49.831 3080 3080 I : Disabling non-boot CPUs ...
05-08 16:17:49.832 3080 3080 I psci : CPU1 killed (polled 0 ms)
05-08 16:17:49.833 3080 3080 I psci : CPU2 killed (polled 0 ms)
05-08 16:17:49.834 3080 3080 I psci : CPU3 killed (polled 0 ms)
05-08 16:17:49.837 3080 3080 I psci : CPU4 killed (polled 0 ms)
05-08 16:17:49.838 3080 3080 I psci : CPU5 killed (polled 0 ms)
05-08 16:17:49.840 3080 3080 I psci : CPU6 killed (polled 0 ms)
05-08 16:17:49.843 3080 3080 I psci : CPU7 killed (polled 0 ms)
05-08 16:17:50.055 0 0 W [ C0] PM: pm_system_irq_wakeup: 121 triggered husb311
05-08 16:17:50.055 3080 3080 I : Enabling non-boot CPUs ...
05-08 16:17:50.056 0 0 I : Detected VIPT I-cache on CPU1
05-08 16:17:50.056 0 0 I GICv3 : CPU1: found redistributor 100 region 0:0x00000000fe6a0000
05-08 16:17:50.056 0 0 I CPU1 : Booted secondary processor 0x0000000100 [0x412fd050]
05-08 16:17:50.057 3080 3080 I : CPU1 is up
05-08 16:17:50.058 0 0 I : Detected VIPT I-cache on CPU2
05-08 16:17:50.058 0 0 I GICv3 : CPU2: found redistributor 200 region 0:0x00000000fe6c0000
05-08 16:17:50.058 0 0 I CPU2 : Booted secondary processor 0x0000000200 [0x412fd050]
05-08 16:17:50.059 3080 3080 I : CPU2 is up
05-08 16:17:50.059 0 0 I : Detected VIPT I-cache on CPU3
05-08 16:17:50.059 0 0 I GICv3 : CPU3: found redistributor 300 region 0:0x00000000fe6e0000
05-08 16:17:50.059 0 0 I CPU3 : Booted secondary processor 0x0000000300 [0x412fd050]
05-08 16:17:50.060 3080 3080 I : CPU3 is up
05-08 16:17:50.061 0 0 I : Detected PIPT I-cache on CPU4
05-08 16:17:50.061 0 0 I GICv3 : CPU4: found redistributor 400 region 0:0x00000000fe700000
05-08 16:17:50.061 0 0 I CPU4 : Booted secondary processor 0x0000000400 [0x414fd0b0]
05-08 16:17:50.062 3080 3080 I : CPU4 is up
05-08 16:17:50.063 0 0 I : Detected PIPT I-cache on CPU5
05-08 16:17:50.063 0 0 I GICv3 : CPU5: found redistributor 500 region 0:0x00000000fe720000
05-08 16:17:50.063 0 0 I CPU5 : Booted secondary processor 0x0000000500 [0x414fd0b0]
05-08 16:17:50.064 3080 3080 I : CPU5 is up
05-08 16:17:50.065 0 0 I : Detected PIPT I-cache on CPU6
05-08 16:17:50.065 0 0 I GICv3 : CPU6: found redistributor 600 region 0:0x00000000fe740000
05-08 16:17:50.065 0 0 I CPU6 : Booted secondary processor 0x0000000600 [0x414fd0b0]
05-08 16:17:50.067 3080 3080 I : CPU6 is up
05-08 16:17:50.067 0 0 I : Detected PIPT I-cache on CPU7
05-08 16:17:50.067 0 0 I GICv3 : CPU7: found redistributor 700 region 0:0x00000000fe760000
05-08 16:17:50.068 0 0 I CPU7 : Booted secondary processor 0x0000000700 [0x414fd0b0]
05-08 16:17:50.069 3080 3080 I : CPU7 is up
05-08 16:17:50.075 3080 3080 I rk_gmac-dwmac fe1c0000.ethernet: init for RGMII
05-08 16:17:50.076 11600 11600 I usb1 : root hub lost power or was reset
05-08 16:17:50.083 11612 11612 I usb3 : root hub lost power or was reset
05-08 16:17:50.083 11612 11612 I usb4 : root hub lost power or was reset
05-08 16:17:50.085 3080 3080 E PM : dpm_run_callback(): wacom_i2c_resume+0x0/0xdc returns -6
05-08 16:17:50.085 3080 3080 E PM : Device 4-0009 failed to resume: error -6
05-08 16:17:50.147 3080 3080 I usb2 : root hub lost power or was reset
05-08 16:17:50.563 11522 11522 I usb 4-1 : reset SuperSpeed Gen 1 USB device number 2 using xhci-hcd
05-08 16:17:50.583 3080 3080 I : OOM killer enabled.
05-08 16:17:50.583 3080 3080 I : Restarting tasks ... done.
05-08 16:17:50.598 8497 8497 I : mmc_host mmc0: Bus speed (slot 0) = 400000Hz (slot req 400000Hz, actual 400000HZ div = 0)
05-08 16:17:50.598 3080 3080 I : Resume caused by IRQ 121, husb311
05-08 16:17:50.598 3080 3080 I PM : suspend exit
05-08 16:17:50.699 3080 3080 I PM : suspend entry (deep)
05-08 16:17:50.767 6849 6849 I : read descriptors
05-08 16:17:50.767 6849 6849 I : read strings
05-08 16:17:50.769 1 1 I init : processing action (sys.usb.config=adb && sys.usb.configfs=1 && sys.usb.ffs.ready=1) from (/system/etc/init/hw/init.usb.configfs.rc:20)
05-08 16:17:50.770 1 1 I init : Command 'symlink /config/usb_gadget/g1/functions/ffs.adb /config/usb_gadget/g1/configs/b.1/f1' action=sys.usb.config=adb && sys.usb.configfs=1 && sys.usb.ffs.ready=1 (/system/etc/init/hw/init.usb.configfs.rc:22) took 0ms and failed: symlink() failed: File exists
05-08 16:17:50.771 1 1 I init : Command 'write /config/usb_gadget/g1/UDC ${sys.usb.controller}' action=sys.usb.config=adb && sys.usb.configfs=1 && sys.usb.ffs.ready=1 (/system/etc/init/hw/init.usb.configfs.rc:23) took 0ms and failed: Unable to write to file '/config/usb_gadget/g1/UDC': Unable to write file contents: Device or resource busy
05-08 16:17:50.775 8497 8497 I : mmc_host mmc0: Bus speed (slot 0) = 49500000Hz (slot req 50000000Hz, actual 49500000HZ div = 0)
05-08 16:17:50.807 3080 3080 I Filesystems sync: 0.108 seconds
05-08 16:17:50.808 3080 3080 I : Freezing user space processes ... (elapsed 0.010 seconds) done.
05-08 16:17:50.818 3080 3080 I : OOM killer disabled.
05-08 16:17:50.818 3080 3080 I : Freezing remaining freezable tasks ... (elapsed 0.185 seconds) done.
05-08 16:17:51.004 3080 3080 I printk : Suspending console(s) (use no_console_suspend to debug)
05-08 16:17:51.078 3080 3080 E regulator-dummy: Underflow of regulator enable count
05-08 16:17:51.078 3080 3080 E wacom_i2c 4-0009: disable regulator failed -22
05-08 16:17:51.322 3080 3080 I : Disabling non-boot CPUs ...
05-08 16:17:51.323 3080 3080 I psci : CPU1 killed (polled 0 ms)
05-08 16:17:51.325 3080 3080 I psci : CPU2 killed (polled 0 ms)
05-08 16:17:51.326 3080 3080 I psci : CPU3 killed (polled 0 ms)
05-08 16:17:51.328 3080 3080 I psci : CPU4 killed (polled 0 ms)
05-08 16:17:51.330 3080 3080 I psci : CPU5 killed (polled 0 ms)
05-08 16:17:51.332 3080 3080 I psci : CPU6 killed (polled 0 ms)
05-08 16:17:51.334 3080 3080 I psci : CPU7 killed (polled 0 ms)
05-08 16:17:51.572 0 0 W [ C0] PM: pm_system_irq_wakeup: 121 triggered husb311
05-08 16:17:51.572 3080 3080 I : Enabling non-boot CPUs ...
05-08 16:17:51.573 0 0 I : Detected VIPT I-cache on CPU1
05-08 16:17:51.573 0 0 I GICv3 : CPU1: found redistributor 100 region 0:0x00000000fe6a0000
05-08 16:17:51.574 0 0 I CPU1 : Booted secondary processor 0x0000000100 [0x412fd050]
05-08 16:17:51.574 3080 3080 I : CPU1 is up
05-08 16:17:51.575 0 0 I : Detected VIPT I-cache on CPU2
05-08 16:17:51.575 0 0 I GICv3 : CPU2: found redistributor 200 region 0:0x00000000fe6c0000
05-08 16:17:51.575 0 0 I CPU2 : Booted secondary processor 0x0000000200 [0x412fd050]
05-08 16:17:51.576 3080 3080 I : CPU2 is up
05-08 16:17:51.577 0 0 I : Detected VIPT I-cache on CPU3
05-08 16:17:51.577 0 0 I GICv3 : CPU3: found redistributor 300 region 0:0x00000000fe6e0000
05-08 16:17:51.577 0 0 I CPU3 : Booted secondary processor 0x0000000300 [0x412fd050]
05-08 16:17:51.578 3080 3080 I : CPU3 is up
05-08 16:17:51.578 0 0 I : Detected PIPT I-cache on CPU4
05-08 16:17:51.578 0 0 I GICv3 : CPU4: found redistributor 400 region 0:0x00000000fe700000
05-08 16:17:51.579 0 0 I CPU4 : Booted secondary processor 0x0000000400 [0x414fd0b0]
05-08 16:17:51.580 3080 3080 I : CPU4 is up
05-08 16:17:51.580 0 0 I : Detected PIPT I-cache on CPU5
05-08 16:17:51.581 0 0 I GICv3 : CPU5: found redistributor 500 region 0:0x00000000fe720000
05-08 16:17:51.581 0 0 I CPU5 : Booted secondary processor 0x0000000500 [0x414fd0b0]
05-08 16:17:51.582 3080 3080 I : CPU5 is up
05-08 16:17:51.583 0 0 I : Detected PIPT I-cache on CPU6
05-08 16:17:51.583 0 0 I GICv3 : CPU6: found redistributor 600 region 0:0x00000000fe740000
05-08 16:17:51.583 0 0 I CPU6 : Booted secondary processor 0x0000000600 [0x414fd0b0]
05-08 16:17:51.584 3080 3080 I : CPU6 is up
05-08 16:17:51.585 0 0 I : Detected PIPT I-cache on CPU7
05-08 16:17:51.585 0 0 I GICv3 : CPU7: found redistributor 700 region 0:0x00000000fe760000
05-08 16:17:51.585 0 0 I CPU7 : Booted secondary processor 0x0000000700 [0x414fd0b0]
05-08 16:17:51.586 3080 3080 I : CPU7 is up
05-08 16:17:51.592 3080 3080 I rk_gmac-dwmac fe1c0000.ethernet: init for RGMII
05-08 16:17:51.593 11604 11604 I usb1 : root hub lost power or was reset
05-08 16:17:51.600 11599 11599 I usb3 : root hub lost power or was reset
05-08 16:17:51.600 11599 11599 I usb4 : root hub lost power or was reset
05-08 16:17:51.602 3080 3080 E PM : dpm_run_callback(): wacom_i2c_resume+0x0/0xdc returns -6
05-08 16:17:51.602 3080 3080 E PM : Device 4-0009 failed to resume: error -6
05-08 16:17:51.664 3080 3080 I usb2 : root hub lost power or was reset
05-08 16:17:52.081 11606 11606 I usb 4-1 : reset SuperSpeed Gen 1 USB device number 2 using xhci-hcd
05-08 16:17:52.101 3080 3080 I : OOM killer enabled.
05-08 16:17:52.101 3080 3080 I : Restarting tasks ...
05-08 16:17:52.118 10230 10230 I : mmc_host mmc0: Bus speed (slot 0) = 400000Hz (slot req 400000Hz, actual 400000HZ div = 0)
05-08 16:17:52.130 3080 3080 W : done.
05-08 16:17:52.130 3080 3080 I : Resume caused by IRQ 121, husb311
05-08 16:17:52.130 3080 3080 I PM : suspend exit
05-08 16:17:52.232 3080 3080 I PM : suspend entry (deep)
05-08 16:17:52.299 10230 10230 I : mmc_host mmc0: Bus speed (slot 0) = 49500000Hz (slot req 50000000Hz, actual 49500000HZ div = 0)
05-08 16:17:52.341 3080 3080 I Filesystems sync: 0.109 seconds
05-08 16:09:58.683 456 485 I RIL : ---> enter mainloop wait at port
05-08 16:09:58.683 456 485 D RIL-DEV : Get modem info
05-08 16:09:58.683 456 485 D RIL-DEV : [05-08_16:09:58:684] idVendor = 1d6b
05-08 16:09:58.683 456 485 D RIL-DEV :
05-08 16:09:58.684 456 485 D RIL-DEV : [05-08_16:09:58:684] idVendor = 1d6b
05-08 16:09:58.684 456 485 D RIL-DEV :
05-08 16:09:58.684 456 485 D RIL-DEV : [05-08_16:09:58:685] idVendor = 1d6b
05-08 16:09:58.684 456 485 D RIL-DEV :
05-08 16:09:58.685 456 485 D RIL-DEV : [05-08_16:09:58:685] idVendor = 0781
05-08 16:09:58.685 456 485 D RIL-DEV :
05-08 16:09:58.685 456 485 D RIL-DEV : [05-08_16:09:58:685] idVendor = 1d6b
05-08 16:09:58.685 456 485 D RIL-DEV :
05-08 16:09:58.685 456 485 E RIL-DEV : Cannot find Meig devices
05-08 16:09:58.685 456 485 I RIL : ---> can't find meig usb devices
05-08 16:17:52.341 3080 3080 I : Freezing user space processes ... (elapsed 0.010 seconds) done.
05-08 16:17:52.352 3080 3080 I : OOM killer disabled.
05-08 16:17:52.352 3080 3080 I : Freezing remaining freezable tasks ... (elapsed 0.167 seconds) done.
05-08 16:17:52.519 3080 3080 I printk : Suspending console(s) (use no_console_suspend to debug)
05-08 16:17:52.593 3080 3080 E regulator-dummy: Underflow of regulator enable count
05-08 16:17:52.593 3080 3080 E wacom_i2c 4-0009: disable regulator failed -22
05-08 16:17:52.841 3080 3080 I : Disabling non-boot CPUs ...
05-08 16:17:52.842 3080 3080 I psci : CPU1 killed (polled 0 ms)
05-08 16:17:52.844 3080 3080 I psci : CPU2 killed (polled 0 ms)
05-08 16:17:52.845 3080 3080 I psci : CPU3 killed (polled 0 ms)
05-08 16:17:52.847 3080 3080 I psci : CPU4 killed (polled 4 ms)
05-08 16:17:52.849 3080 3080 I psci : CPU5 killed (polled 0 ms)
05-08 16:17:52.850 3080 3080 I psci : CPU6 killed (polled 0 ms)
05-08 16:17:52.852 3080 3080 I psci : CPU7 killed (polled 0 ms)
05-08 16:17:53.064 0 0 W [ C0] PM: pm_system_irq_wakeup: 121 triggered husb311
05-08 16:17:53.064 3080 3080 I : Enabling non-boot CPUs ...
05-08 16:17:53.065 0 0 I : Detected VIPT I-cache on CPU1
05-08 16:17:53.065 0 0 I GICv3 : CPU1: found redistributor 100 region 0:0x00000000fe6a0000
05-08 16:17:53.065 0 0 I CPU1 : Booted secondary processor 0x0000000100 [0x412fd050]
05-08 16:17:53.066 3080 3080 I : CPU1 is up
05-08 16:17:53.067 0 0 I : Detected VIPT I-cache on CPU2
05-08 16:17:53.067 0 0 I GICv3 : CPU2: found redistributor 200 region 0:0x00000000fe6c0000
05-08 16:17:53.067 0 0 I CPU2 : Booted secondary processor 0x0000000200 [0x412fd050]
05-08 16:17:53.068 3080 3080 I : CPU2 is up
05-08 16:17:53.068 0 0 I : Detected VIPT I-cache on CPU3
05-08 16:17:53.069 0 0 I GICv3 : CPU3: found redistributor 300 region 0:0x00000000fe6e0000
05-08 16:17:53.069 0 0 I CPU3 : Booted secondary processor 0x0000000300 [0x412fd050]
05-08 16:17:53.069 3080 3080 I : CPU3 is up
05-08 16:17:53.070 0 0 I : Detected PIPT I-cache on CPU4
05-08 16:17:53.070 0 0 I GICv3 : CPU4: found redistributor 400 region 0:0x00000000fe700000
05-08 16:17:53.070 0 0 I CPU4 : Booted secondary processor 0x0000000400 [0x414fd0b0]
05-08 16:17:53.071 3080 3080 I : CPU4 is up
05-08 16:17:53.072 0 0 I : Detected PIPT I-cache on CPU5
05-08 16:17:53.072 0 0 I GICv3 : CPU5: found redistributor 500 region 0:0x00000000fe720000
05-08 16:17:53.072 0 0 I CPU5 : Booted secondary processor 0x0000000500 [0x414fd0b0]
05-08 16:17:53.073 3080 3080 I : CPU5 is up
05-08 16:17:53.074 0 0 I : Detected PIPT I-cache on CPU6
05-08 16:17:53.074 0 0 I GICv3 : CPU6: found redistributor 600 region 0:0x00000000fe740000
05-08 16:17:53.074 0 0 I CPU6 : Booted secondary processor 0x0000000600 [0x414fd0b0]
05-08 16:17:53.076 3080 3080 I : CPU6 is up
05-08 16:17:53.076 0 0 I : Detected PIPT I-cache on CPU7
05-08 16:17:53.077 0 0 I GICv3 : CPU7: found redistributor 700 region 0:0x00000000fe760000
05-08 16:17:53.077 0 0 I CPU7 : Booted secondary processor 0x0000000700 [0x414fd0b0]
05-08 16:17:53.078 3080 3080 I : CPU7 is up
05-08 16:17:53.084 3080 3080 I rk_gmac-dwmac fe1c0000.ethernet: init for RGMII
05-08 16:17:53.084 11603 11603 I usb1 : root hub lost power or was reset
05-08 16:17:53.091 11615 11615 I usb3 : root hub lost power or was reset
05-08 16:17:53.091 11615 11615 I usb4 : root hub lost power or was reset
05-08 16:17:53.093 3080 3080 E PM : dpm_run_callback(): wacom_i2c_resume+0x0/0xdc returns -6
05-08 16:17:53.093 3080 3080 E PM : Device 4-0009 failed to resume: error -6
05-08 16:17:53.156 3080 3080 I usb2 : root hub lost power or was reset
05-08 16:17:53.573 11614 11614 I usb 4-1 : reset SuperSpeed Gen 1 USB device number 2 using xhci-hcd
05-08 16:17:53.594 3080 3080 I : OOM killer enabled.
05-08 16:17:53.594 3080 3080 I : Restarting tasks ... done.
05-08 16:17:53.610 3080 3080 I : Resume caused by IRQ 121, husb311
05-08 16:17:53.610 3080 3080 I PM : suspend exit
05-08 16:17:53.623 10971 10971 I : mmc_host mmc0: Bus speed (slot 0) = 400000Hz (slot req 400000Hz, actual 400000HZ div = 0)
05-08 16:17:53.627 437 437 I light_ltrx1303 5-0053: set sensor poll time to 200ms
05-08 16:17:53.642 437 437 I light_ltrx1303 5-0053: sensor on: starting poll sensor data 196ms
05-08 16:17:53.644 437 437 I gsensor_mxc6655 5-0015: set sensor poll time to 200ms
05-08 16:17:53.645 437 437 I gsensor_mxc6655 5-0015: sensor on: starting poll sensor data 196ms
05-08 16:09:58.745 975 975 D RILJ : [0208]> SEND_DEVICE_STATE 2:false [PHONE0]
05-08 16:09:58.745 456 456 D RILC : sendDeviceState: calling screen state 1
05-08 16:09:58.746 456 456 D RIL : onRequest number : 61
05-08 16:09:58.746 456 456 D RIL : onRequest: SCREEN_STATE
05-08 16:09:58.746 456 456 D RIL : onRequest in unavalable state
05-08 16:09:58.746 975 1118 D RILJ : [0208]< SEND_DEVICE_STATE error 1 [PHONE0]
05-08 16:09:58.746 975 1118 D RilRequest: [0208]< SEND_DEVICE_STATE error: com.android.internal.telephony.CommandException: RADIO_NOT_AVAILABLE ret= result=null
05-08 16:09:58.746 975 975 D RILJ : [0209]> SET_UNSOLICITED_RESPONSE_FILTER 127 [PHONE0]
05-08 16:09:58.747 975 1118 D RILJ : [0209]< SET_UNSOLICITED_RESPONSE_FILTER error 6 [PHONE0]
05-08 16:09:58.747 975 1118 D RilRequest: [0209]< SET_UNSOLICITED_RESPONSE_FILTER error: com.android.internal.telephony.CommandException: REQUEST_NOT_SUPPORTED ret= result=null
05-08 16:09:58.750 975 975 E RILJ : setSignalStrengthReportingCriteria ignored on IRadio version less than 1.2 [PHONE0]
05-08 16:09:58.751 975 975 E RILJ : setSignalStrengthReportingCriteria ignored on IRadio version less than 1.2 [PHONE0]
05-08 16:09:58.751 975 975 E RILJ : setSignalStrengthReportingCriteria ignored on IRadio version less than 1.2 [PHONE0]
05-08 16:09:58.751 975 975 D NetworkTypeController: [0] LegacyState: process EVENT_PHYSICAL_CHANNEL_CONFIG_NOTIF_CHANGED
05-08 16:09:58.751 975 975 D NetworkTypeController: [0] Remove all timers
05-08 16:09:58.751 975 975 D NetworkTypeController: [0] DefaultState: process EVENT_PHYSICAL_CHANNEL_CONFIG_NOTIF_CHANGED
05-08 16:09:58.751 975 975 D NetworkTypeController: [0] mIsPhysicalChannelConfigOn changed to: true
05-08 16:17:54.784 431 431 W healthd : battery l=44 v=7578 t=32.5 h=1 st=3 c=0 fc=9700000 cc=5 chg=
05-08 16:17:54.786 343 343 W : <<-GTP-ERROR->> I2C Read: 0x8047, 1 bytes failed, errcode: -6! Process reset.
05-08 16:17:54.804 437 437 I gsensor_mxc6655 5-0015: set sensor poll time to 66ms
05-08 16:17:54.883 343 343 W : <<-GTP-ERROR->> GTP i2c test failed time 1.
05-08 16:17:54.918 10971 10971 I : mmc_host mmc0: Bus speed (slot 0) = 49500000Hz (slot req 50000000Hz, actual 49500000HZ div = 0)
05-08 16:17:55.472 6849 6849 I : read descriptors
05-08 16:17:55.472 6849 6849 I : read strings
05-08 16:17:55.571 343 343 I rockchip-vop2 fdd90000.vop: [drm:vop2_crtc_atomic_enable] Update mode to 1536x2048p55, type: 16(if:60) for vp2 dclk: 192000000
05-08 16:17:55.573 343 343 I rockchip-vop2 fdd90000.vop: [drm:vop2_crtc_atomic_enable] dclk_out2 div: 2 dclk_core2 div: 1
05-08 16:17:55.573 343 343 I rockchip-vop2 fdd90000.vop: [drm:vop2_crtc_atomic_enable] set dclk_vop2 to 96000000, get 96000000
05-08 16:17:55.575 1 1 I init : processing action (sys.usb.config=adb && sys.usb.configfs=1 && sys.usb.ffs.ready=1) from (/system/etc/init/hw/init.usb.configfs.rc:20)
05-08 16:17:55.578 1 1 I init : Command 'symlink /config/usb_gadget/g1/functions/ffs.adb /config/usb_gadget/g1/configs/b.1/f1' action=sys.usb.config=adb && sys.usb.configfs=1 && sys.usb.ffs.ready=1 (/system/etc/init/hw/init.usb.configfs.rc:22) took 0ms and failed: symlink() failed: File exists
