05-08 16:20:26.400 1 1 I init : Command 'symlink /config/usb_gadget/g1/functions/ffs.adb /config/usb_gadget/g1/configs/b.1/f1' action=sys.usb.config=adb && sys.usb.configfs=1 && sys.usb.ffs.ready=1 (/system/etc/init/hw/init.usb.configfs.rc:22) took 1ms and failed: symlink() failed: File exists
05-08 16:20:26.403 1 1 I init : Command 'write /config/usb_gadget/g1/UDC ${sys.usb.controller}' action=sys.usb.config=adb && sys.usb.configfs=1 && sys.usb.ffs.ready=1 (/system/etc/init/hw/init.usb.configfs.rc:23) took 1ms and failed: Unable to write to file '/config/usb_gadget/g1/UDC': Unable to write file contents: Device or resource busy
05-08 16:12:22.770 615 635 I DropBoxManagerService: add tag=system_app_strictmode isTagEnabled=true flags=0x2
05-08 16:12:22.771 615 8196 I ActivityTaskManager: START u0 {act=android.intent.action.SET_WALLPAPER flg=0x13008000 cmp=com.android.wallpaperpicker/.WallpaperPickerActivity bnds=[843,853][1275,965] (has extras)} from uid 10090
05-08 16:12:22.774 615 8196 W ActivityTaskManager: Can't find TaskDisplayArea to determine support for multi window. Task id=176 attached=false
05-08 16:12:22.783 615 8196 V SplashScreenExceptionList: SplashScreen checking exception for package com.android.wallpaperpicker (target sdk:29) -> false
05-08 16:12:22.821 615 8196 W ActivityTaskManager: Tried to set launchTime (0) < mLastActivityLaunchTime (4849236)
05-08 16:12:22.865 615 8196 W WindowManager: Failed looking up window session=Session{fb759b4 11284:u0a10075} callers=com.android.server.wm.WindowManagerService.windowForClientLocked:5887 com.android.server.wm.Session.updateRequestedVisibilities:640 android.view.IWindowSession$Stub.onTransact:1175
05-08 16:12:23.002 1267 1267 W ContextImpl: Calling a method in the system process without a qualified user: android.app.ContextImpl.sendBroadcast:1181 android.content.ContextWrapper.sendBroadcast:479 cn.eben.newweather.DateWeatherService.a:19 cn.eben.newweather.DateWeatherService.a:0 cn.eben.newweather.DateWeatherService$1.handleMessage:7
05-08 16:12:23.057 615 673 W ActivityTaskManager: Finishing task with all activities already finished
05-08 16:12:23.057 615 673 W ActivityTaskManager: Duplicate finish request for r=ActivityRecord{497f77f u0 android/com.android.internal.app.ResolverActivity t175 f}}
05-08 16:12:23.064 615 637 W ActivityTaskManager: Can't find TaskDisplayArea to determine support for multi window. Task id=175 attached=false
05-08 16:12:23.064 615 637 W ActivityTaskManager: Can't find TaskDisplayArea to determine support for multi window. Task id=175 attached=false
05-08 16:20:27.451 6849 6849 I : read descriptors
05-08 16:20:27.451 6849 6849 I : read strings
05-08 16:20:27.453 1 1 I init : processing action (sys.usb.config=adb && sys.usb.configfs=1 && sys.usb.ffs.ready=1) from (/system/etc/init/hw/init.usb.configfs.rc:20)
05-08 16:12:24.001 1267 1267 W ContextImpl: Calling a method in the system process without a qualified user: android.app.ContextImpl.sendBroadcast:1181 android.content.ContextWrapper.sendBroadcast:479 cn.eben.newweather.DateWeatherService.a:19 cn.eben.newweather.DateWeatherService.a:0 cn.eben.newweather.DateWeatherService$1.handleMessage:7
05-08 16:12:24.461 456 485 I RIL : ---> enter mainloop wait at port
05-08 16:12:24.461 456 485 D RIL-DEV : Get modem info
05-08 16:12:24.462 456 485 D RIL-DEV : [05-08_16:12:24:463] idVendor = 1d6b
05-08 16:12:24.462 456 485 D RIL-DEV :
05-08 16:12:24.462 456 485 D RIL-DEV : [05-08_16:12:24:463] idVendor = 1d6b
05-08 16:12:24.462 456 485 D RIL-DEV :
05-08 16:12:24.463 456 485 D RIL-DEV : [05-08_16:12:24:463] idVendor = 1d6b
05-08 16:12:24.463 456 485 D RIL-DEV :
05-08 16:12:24.463 456 485 D RIL-DEV : [05-08_16:12:24:464] idVendor = 0781
05-08 16:12:24.463 456 485 D RIL-DEV :
05-08 16:12:24.463 456 485 D RIL-DEV : [05-08_16:12:24:464] idVendor = 1d6b
05-08 16:12:24.463 456 485 D RIL-DEV :
05-08 16:12:24.464 456 485 E RIL-DEV : Cannot find Meig devices
05-08 16:12:24.464 456 485 I RIL : ---> can't find meig usb devices
05-08 16:20:28.507 6849 6849 I : read descriptors
05-08 16:20:28.508 6849 6849 I : read strings
05-08 16:12:25.002 1267 1267 W ContextImpl: Calling a method in the system process without a qualified user: android.app.ContextImpl.sendBroadcast:1181 android.content.ContextWrapper.sendBroadcast:479 cn.eben.newweather.DateWeatherService.a:19 cn.eben.newweather.DateWeatherService.a:0 cn.eben.newweather.DateWeatherService$1.handleMessage:7
05-08 16:20:29.551 6849 6849 I : read descriptors
05-08 16:20:29.551 6849 6849 I : read strings
05-08 16:20:29.553 1 1 I init : processing action (sys.usb.config=adb && sys.usb.configfs=1 && sys.usb.ffs.ready=1) from (/system/etc/init/hw/init.usb.configfs.rc:20)
05-08 16:20:29.558 1 1 I init : Command 'symlink /config/usb_gadget/g1/functions/ffs.adb /config/usb_gadget/g1/configs/b.1/f1' action=sys.usb.config=adb && sys.usb.configfs=1 && sys.usb.ffs.ready=1 (/system/etc/init/hw/init.usb.configfs.rc:22) took 0ms and failed: symlink() failed: File exists
05-08 16:20:29.560 1 1 I init : Command 'write /config/usb_gadget/g1/UDC ${sys.usb.controller}' action=sys.usb.config=adb && sys.usb.configfs=1 && sys.usb.ffs.ready=1 (/system/etc/init/hw/init.usb.configfs.rc:23) took 1ms and failed: Unable to write to file '/config/usb_gadget/g1/UDC': Unable to write file contents: Device or resource busy
05-08 16:12:26.002 1267 1267 W ContextImpl: Calling a method in the system process without a qualified user: android.app.ContextImpl.sendBroadcast:1181 android.content.ContextWrapper.sendBroadcast:479 cn.eben.newweather.DateWeatherService.a:19 cn.eben.newweather.DateWeatherService.a:0 cn.eben.newweather.DateWeatherService$1.handleMessage:7
05-08 16:12:26.076 615 673 V WallpaperManagerService: updateWallpaperBitmapLocked() : id=4 name= file=wallpaper_orig
05-08 16:12:26.086 615 636 V WindowManager: Unknown focus tokens, dropping reportFocusChanged
05-08 16:12:26.124 615 650 V WallpaperManagerService: bindWallpaperComponentLocked: componentName=ComponentInfo{com.android.systemui/com.android.systemui.ImageWallpaper}
05-08 16:20:30.257 1 1 I init : starting service 'idmap2d'...
05-08 16:12:26.450 615 8196 I ActivityTaskManager: Activity reported stop, but no longer stopping: ActivityRecord{600f970 u0 com.android.launcher3/.uioverrides.QuickstepLauncher t106} STOPPED
05-08 16:20:30.263 1 1 I init : Control message: Processed ctl.start for 'idmap2d' from pid: 615 (system_server)
05-08 16:12:26.464 456 485 I RIL : ---> enter mainloop wait at port
05-08 16:12:26.464 456 485 D RIL-DEV : Get modem info
05-08 16:12:26.464 456 485 D RIL-DEV : [05-08_16:12:26:465] idVendor = 1d6b
05-08 16:12:26.464 456 485 D RIL-DEV :
05-08 16:12:26.464 456 485 D RIL-DEV : [05-08_16:12:26:465] idVendor = 1d6b
05-08 16:12:26.464 456 485 D RIL-DEV :
05-08 16:12:26.464 456 485 D RIL-DEV : [05-08_16:12:26:465] idVendor = 1d6b
05-08 16:12:26.464 456 485 D RIL-DEV :
05-08 16:12:26.465 456 485 D RIL-DEV : [05-08_16:12:26:465] idVendor = 0781
05-08 16:12:26.465 456 485 D RIL-DEV :
05-08 16:12:26.465 456 485 D RIL-DEV : [05-08_16:12:26:465] idVendor = 1d6b
05-08 16:12:26.465 456 485 D RIL-DEV :
05-08 16:12:26.465 456 485 E RIL-DEV : Cannot find Meig devices
05-08 16:12:26.465 456 485 I RIL : ---> can't find meig usb devices
05-08 16:12:26.593 615 633 I ActivityTaskManager: Config changes=80000000 {1.0 ?mcc?mnc [zh_CN] ldltr sw768dp w768dp h952dp 320dpi xlrg port finger -keyb/v/h -nav/h winConfig={ mBounds=Rect(0, 0 - 1536, 2048) mAppBounds=Rect(0, 0 - 1536, 1952) mMaxBounds=Rect(0, 0 - 1536, 2048) mWindowingMode=fullscreen mDisplayWindowingMode=fullscreen mActivityType=undefined mAlwaysOnTop=undefined mRotation=ROTATION_0} as.5 s.1175 fontWeightAdjustment=0}
05-08 16:12:26.604 615 633 V ActivityTaskManager: Sending to IME proc com.ebensz.softkeyboard new config {1.0 ?mcc?mnc [zh_CN] ldltr sw768dp w768dp h952dp 320dpi xlrg port finger -keyb/v/h -nav/h winConfig={ mBounds=Rect(0, 0 - 1536, 2048) mAppBounds=Rect(0, 0 - 1536, 1952) mMaxBounds=Rect(0, 0 - 1536, 2048) mWindowingMode=fullscreen mDisplayWindowingMode=fullscreen mActivityType=undefined mAlwaysOnTop=undefined mRotation=ROTATION_0} as.5 s.1175 fontWeightAdjustment=0}
05-08 16:12:26.608 615 633 W ActivityTaskManager: Current config: {1.0 ?mcc?mnc [zh_CN] ldltr sw768dp w768dp h952dp 320dpi xlrg port finger -keyb/v/h -nav/h winConfig={ mBounds=Rect(0, 0 - 1536, 2048) mAppBounds=Rect(0, 0 - 1536, 1952) mMaxBounds=Rect(0, 0 - 1536, 2048) mWindowingMode=fullscreen mDisplayWindowingMode=fullscreen mActivityType=undefined mAlwaysOnTop=undefined mRotation=ROTATION_0} as.5 s.1175 fontWeightAdjustment=0} unchanged for IME proc com.ebensz.softkeyboard
05-08 16:12:26.647 615 633 W ActivityTaskManager: Current config: {1.0 ?mcc?mnc [zh_CN] ldltr sw768dp w768dp h952dp 320dpi xlrg port finger -keyb/v/h -nav/h winConfig={ mBounds=Rect(0, 0 - 1536, 2048) mAppBounds=Rect(0, 0 - 1536, 1952) mMaxBounds=Rect(0, 0 - 1536, 2048) mWindowingMode=fullscreen mDisplayWindowingMode=fullscreen mActivityType=undefined mAlwaysOnTop=undefined mRotation=ROTATION_0} as.5 s.1175 fontWeightAdjustment=0} unchanged for IME proc com.ebensz.softkeyboard
05-08 16:12:26.651 615 633 W Looper : Slow dispatch took 106ms android.fg h=android.os.Handler c=com.android.server.om.OverlayManagerService$$ExternalSyntheticLambda2@4079b60 m=0
05-08 16:12:26.659 615 633 D CompanionDeviceManagerService: onPackageModified(packageName = android)
05-08 16:12:26.664 615 615 I Telecom : DefaultDialerCache: Refreshing default dialer for user 0: now null: DDC.oR@AG0
05-08 16:12:26.684 615 636 V WindowManager: Unknown focus tokens, dropping reportFocusChanged
05-08 16:12:26.713 615 641 W VoiceInteractionManager: no available voice recognition services found for user 0
05-08 16:12:26.736 615 943 I WindowManager: finishDrawing of relaunch: Window{b9f3076 u0 com.android.launcher3/com.android.launcher3.uioverrides.QuickstepLauncher} 94ms
05-08 16:12:26.791 615 1254 E TaskPersister: File error accessing recents directory (directory doesn't exist?).
05-08 16:20:30.610 6849 6849 I : read descriptors
05-08 16:20:30.610 6849 6849 I : read strings
05-08 16:20:30.611 1 1 I init : processing action (sys.usb.config=adb && sys.usb.configfs=1 && sys.usb.ffs.ready=1) from (/system/etc/init/hw/init.usb.configfs.rc:20)
05-08 16:20:30.611 1 1 I init : Command 'symlink /config/usb_gadget/g1/functions/ffs.adb /config/usb_gadget/g1/configs/b.1/f1' action=sys.usb.config=adb && sys.usb.configfs=1 && sys.usb.ffs.ready=1 (/system/etc/init/hw/init.usb.configfs.rc:22) took 0ms and failed: symlink() failed: File exists
05-08 16:20:30.611 1 1 I init : Command 'write /config/usb_gadget/g1/UDC ${sys.usb.controller}' action=sys.usb.config=adb && sys.usb.configfs=1 && sys.usb.ffs.ready=1 (/system/etc/init/hw/init.usb.configfs.rc:23) took 0ms and failed: Unable to write to file '/config/usb_gadget/g1/UDC': Unable to write file contents: Device or resource busy
05-08 16:12:26.818 615 5699 W PermissionManagerService: Datasource AttributionSource { uid = 10021, packageName = com.android.providers.calendar, attributionTag = null, token = android.os.BinderProxy@c9f7055, next = android.content.AttributionSourceState@a9e4b5b } protecting data with platform defined runtime permission android.permission.READ_CALENDAR while not having android.permission.UPDATE_APP_OPS_STATS
05-08 16:12:26.821 615 5699 W PermissionManagerService: Datasource AttributionSource { uid = 10021, packageName = com.android.providers.calendar, attributionTag = null, token = android.os.BinderProxy@c9f7055, next = android.content.AttributionSourceState@3bdfff8 } protecting data with platform defined runtime permission android.permission.READ_CALENDAR while not having android.permission.UPDATE_APP_OPS_STATS
05-08 16:12:26.936 615 637 W ActivityTaskManager: Can't find TaskDisplayArea to determine support for multi window. Task id=176 attached=false
05-08 16:12:26.937 615 637 W ActivityTaskManager: Can't find TaskDisplayArea to determine support for multi window. Task id=176 attached=false
05-08 16:12:27.001 1267 1267 W ContextImpl: Calling a method in the system process without a qualified user: android.app.ContextImpl.sendBroadcast:1181 android.content.ContextWrapper.sendBroadcast:479 cn.eben.newweather.DateWeatherService.a:19 cn.eben.newweather.DateWeatherService.a:0 cn.eben.newweather.DateWeatherService$1.handleMessage:7
05-08 16:20:31.670 6849 6849 I : read descriptors
05-08 16:20:31.671 6849 6849 I : read strings
05-08 16:20:31.672 1 1 I init : processing action (sys.usb.config=adb && sys.usb.configfs=1 && sys.usb.ffs.ready=1) from (/system/etc/init/hw/init.usb.configfs.rc:20)
05-08 16:20:31.673 1 1 I init : Command 'symlink /config/usb_gadget/g1/functions/ffs.adb /config/usb_gadget/g1/configs/b.1/f1' action=sys.usb.config=adb && sys.usb.configfs=1 && sys.usb.ffs.ready=1 (/system/etc/init/hw/init.usb.configfs.rc:22) took 0ms and failed: symlink() failed: File exists
05-08 16:12:28.002 1267 1267 W ContextImpl: Calling a method in the system process without a qualified user: android.app.ContextImpl.sendBroadcast:1181 android.content.ContextWrapper.sendBroadcast:479 cn.eben.newweather.DateWeatherService.a:19 cn.eben.newweather.DateWeatherService.a:0 cn.eben.newweather.DateWeatherService$1.handleMessage:7
05-08 16:12:28.465 456 485 I RIL : ---> enter mainloop wait at port
05-08 16:12:28.465 456 485 D RIL-DEV : Get modem info
05-08 16:12:28.466 456 485 D RIL-DEV : [05-08_16:12:28:466] idVendor = 1d6b
05-08 16:12:28.466 456 485 D RIL-DEV :
05-08 16:12:28.466 456 485 D RIL-DEV : [05-08_16:12:28:467] idVendor = 1d6b
05-08 16:12:28.466 456 485 D RIL-DEV :
05-08 16:12:28.467 456 485 D RIL-DEV : [05-08_16:12:28:468] idVendor = 1d6b
05-08 16:12:28.467 456 485 D RIL-DEV :
05-08 16:12:28.469 456 485 D RIL-DEV : [05-08_16:12:28:470] idVendor = 0781
05-08 16:12:28.469 456 485 D RIL-DEV :
05-08 16:12:28.470 456 485 D RIL-DEV : [05-08_16:12:28:470] idVendor = 1d6b
05-08 16:12:28.470 456 485 D RIL-DEV :
05-08 16:12:28.470 456 485 E RIL-DEV : Cannot find Meig devices
05-08 16:12:28.470 456 485 I RIL : ---> can't find meig usb devices
05-08 16:20:32.714 6849 6849 I : read descriptors
05-08 16:20:32.714 6849 6849 I : read strings
05-08 16:12:29.002 1267 1267 W ContextImpl: Calling a method in the system process without a qualified user: android.app.ContextImpl.sendBroadcast:1181 android.content.ContextWrapper.sendBroadcast:479 cn.eben.newweather.DateWeatherService.a:19 cn.eben.newweather.DateWeatherService.a:0 cn.eben.newweather.DateWeatherService$1.handleMessage:7
05-08 16:12:29.936 615 1254 E TaskPersister: File error accessing recents directory (directory doesn't exist?).
05-08 16:20:33.753 6849 6849 I : read descriptors
05-08 16:20:33.754 6849 6849 I : read strings
05-08 16:12:30.002 1267 1267 W ContextImpl: Calling a method in the system process without a qualified user: android.app.ContextImpl.sendBroadcast:1181 android.content.ContextWrapper.sendBroadcast:479 cn.eben.newweather.DateWeatherService.a:19 cn.eben.newweather.DateWeatherService.a:0 cn.eben.newweather.DateWeatherService$1.handleMessage:7
05-08 16:12:30.172 615 615 D WindowManager: powerPress: eventTime=5108880 interactive=true count=0 beganFromNonInteractive=false mShortPressOnPowerBehavior=1
05-08 16:12:30.173 615 615 I PowerManagerService: Powering off display group due to power_button (groupId= 0, uid= 1000)...
05-08 16:12:30.173 615 615 I PowerManagerService: Going to sleep due to power_button (uid 1000)...
05-08 16:20:34.034 2527 2527 W : abc audioDBG [es8323_mute] start mute:0
05-08 16:20:34.044 2527 2527 I [Awinic] [3-0058]aw_acf_get_prof_desc_form_name: get prof desc down
05-08 16:20:34.058 2527 2527 I [Awinic] [3-005b]aw_acf_get_prof_desc_form_name: get prof desc down
05-08 16:12:30.470 456 485 I RIL : ---> enter mainloop wait at port
05-08 16:12:30.471 456 485 D RIL-DEV : Get modem info
05-08 16:12:30.471 456 485 D RIL-DEV : [05-08_16:12:30:472] idVendor = 1d6b
05-08 16:12:30.471 456 485 D RIL-DEV :
05-08 16:12:30.472 456 485 D RIL-DEV : [05-08_16:12:30:472] idVendor = 1d6b
05-08 16:12:30.472 456 485 D RIL-DEV :
05-08 16:12:30.472 456 485 D RIL-DEV : [05-08_16:12:30:473] idVendor = 1d6b
05-08 16:12:30.472 456 485 D RIL-DEV :
05-08 16:12:30.472 456 485 D RIL-DEV : [05-08_16:12:30:473] idVendor = 0781
05-08 16:12:30.472 456 485 D RIL-DEV :
05-08 16:12:30.473 456 485 D RIL-DEV : [05-08_16:12:30:473] idVendor = 1d6b
05-08 16:12:30.473 456 485 D RIL-DEV :
05-08 16:12:30.473 456 485 E RIL-DEV : Cannot find Meig devices
05-08 16:12:30.473 456 485 I RIL : ---> can't find meig usb devices
05-08 16:12:30.665 615 657 I DisplayPowerController[0]: Blocking screen off
05-08 16:12:30.665 615 657 I DisplayPowerController[0]: Unblocked screen off after 1 ms
05-08 16:12:30.668 615 657 D ActivityTaskManager: Top Process State changed to PROCESS_STATE_TOP_SLEEPING
05-08 16:20:34.489 437 437 I gsensor_mxc6655 5-0015: set sensor poll time to 200ms
05-08 16:12:30.684 615 657 V DisplayPowerController[0]: Brightness [0.003937008] reason changing to: 'screen_off', previous reason: 'manual'.
05-08 16:12:30.690 615 636 I DisplayDeviceRepository: Display device changed state: "内置屏幕", OFF
05-08 16:12:30.696 975 975 D RILJ : [0231]> SEND_DEVICE_STATE 2:true [PHONE0]
05-08 16:12:30.697 456 456 D RILC : sendDeviceState: calling screen state 0
05-08 16:12:30.697 456 456 D RIL : onRequest number : 61
05-08 16:12:30.697 456 456 D RIL : onRequest: SCREEN_STATE
05-08 16:12:30.697 456 456 D RIL : onRequest in unavalable state
05-08 16:12:30.697 975 1118 D RILJ : [0231]< SEND_DEVICE_STATE error 1 [PHONE0]
05-08 16:12:30.697 975 1118 D RilRequest: [0231]< SEND_DEVICE_STATE error: com.android.internal.telephony.CommandException: RADIO_NOT_AVAILABLE ret= result=null
05-08 16:12:30.699 975 975 D RILJ : [0232]> SET_UNSOLICITED_RESPONSE_FILTER 32 [PHONE0]
05-08 16:12:30.699 975 1118 D RILJ : [0232]< SET_UNSOLICITED_RESPONSE_FILTER error 6 [PHONE0]
05-08 16:12:30.699 975 1118 D RilRequest: [0232]< SET_UNSOLICITED_RESPONSE_FILTER error: com.android.internal.telephony.CommandException: REQUEST_NOT_SUPPORTED ret= result=null
05-08 16:12:30.706 615 701 I PowerManagerService: Powering on display group fromDozing (groupId=0, uid=1000, reason=WAKE_REASON_POWER_BUTTON, details=android.policy:POWER)...
05-08 16:12:30.706 615 701 I PowerManagerService: Waking up from Dozing (uid=1000, reason=WAKE_REASON_POWER_BUTTON, details=android.policy:POWER)...
05-08 16:12:30.708 975 975 E RILJ : setSignalStrengthReportingCriteria ignored on IRadio version less than 1.2 [PHONE0]
05-08 16:12:30.708 975 975 E RILJ : setSignalStrengthReportingCriteria ignored on IRadio version less than 1.2 [PHONE0]
05-08 16:12:30.709 975 975 E RILJ : setSignalStrengthReportingCriteria ignored on IRadio version less than 1.2 [PHONE0]
05-08 16:12:30.709 975 975 D NetworkTypeController: [0] LegacyState: process EVENT_PHYSICAL_CHANNEL_CONFIG_NOTIF_CHANGED
05-08 16:12:30.709 975 975 D NetworkTypeController: [0] Remove all timers
05-08 16:12:30.709 975 975 D NetworkTypeController: [0] DefaultState: process EVENT_PHYSICAL_CHANNEL_CONFIG_NOTIF_CHANGED
05-08 16:12:30.709 975 975 D NetworkTypeController: [0] mIsPhysicalChannelConfigOn changed to: false
05-08 16:12:30.709 975 975 D NetworkTypeController: [0] Remove all timers
05-08 16:12:30.709 615 657 I DisplayPowerController[0]: Blocking screen on until initial contents have been drawn.
05-08 16:12:30.709 615 657 D ActivityTaskManager: Top Process State changed to PROCESS_STATE_TOP
05-08 16:20:34.536 437 437 I light_ltrx1303 5-0053: set sensor poll time to 200ms
05-08 16:12:30.734 615 8196 D ActivityTaskManager: Top Process State changed to PROCESS_STATE_TOP_SLEEPING
05-08 16:20:34.553 437 437 I light_ltrx1303 5-0053: sensor on: starting poll sensor data 196ms
05-08 16:12:30.739 615 657 V DisplayPowerController[0]: Brightness [0.6929134] reason changing to: 'manual', previous reason: 'screen_off'.
05-08 16:20:34.557 323 323 W audit : audit_lost=668 audit_rate_limit=5 audit_backlog_limit=64
05-08 16:20:34.557 323 323 E audit : rate limit exceeded
05-08 16:20:34.571 431 431 W healthd : battery l=43 v=7452 t=33.5 h=1 st=3 c=-512000 fc=9700000 cc=6 chg=
05-08 16:12:30.772 615 8196 I ActivityTaskManager: Activity reported stop, but no longer stopping: ActivityRecord{600f970 u0 com.android.launcher3/.uioverrides.QuickstepLauncher t106} STOPPED
05-08 16:20:34.599 431 431 W healthd : battery l=43 v=7452 t=33.5 h=1 st=3 c=-512000 fc=9700000 cc=6 chg=
05-08 16:12:30.794 975 975 D DCT-C-0 : screen off
05-08 16:12:30.795 975 975 D DCT-C-0 : stopNetStatPoll
05-08 16:12:30.813 615 5699 W ActivityManager: Ignoring request to force stop protected package u0
05-08 16:12:30.908 615 615 I WindowManager: Suppressed redundant power key press while already in the process of turning the screen on.
05-08 16:20:34.758 437 437 I gsensor_mxc6655 5-0015: set sensor poll time to 66ms
05-08 16:20:34.760 437 437 I gsensor_mxc6655 5-0015: sensor on: starting poll sensor data 62ms
05-08 16:12:30.946 615 657 I DisplayPowerController[0]: Unblocked screen on after 237 ms
05-08 16:20:34.797 6849 6849 I : read descriptors
05-08 16:20:34.797 6849 6849 I : read strings
05-08 16:20:34.800 343 343 I rockchip-vop2 fdd90000.vop: [drm:vop2_crtc_atomic_disable] Crtc atomic disable vp2
05-08 16:20:34.803 1 1 I init : processing action (sys.usb.config=adb && sys.usb.configfs=1 && sys.usb.ffs.ready=1) from (/system/etc/init/hw/init.usb.configfs.rc:20)
05-08 16:20:34.805 1 1 I init : Command 'symlink /config/usb_gadget/g1/functions/ffs.adb /config/usb_gadget/g1/configs/b.1/f1' action=sys.usb.config=adb && sys.usb.configfs=1 && sys.usb.ffs.ready=1 (/system/etc/init/hw/init.usb.configfs.rc:22) took 0ms and failed: symlink() failed: File exists
05-08 16:20:34.806 1 1 I init : Command 'write /config/usb_gadget/g1/UDC ${sys.usb.controller}' action=sys.usb.config=adb && sys.usb.configfs=1 && sys.usb.ffs.ready=1 (/system/etc/init/hw/init.usb.configfs.rc:23) took 0ms and failed: Unable to write to file '/config/usb_gadget/g1/UDC': Unable to write file contents: Device or resource busy
05-08 16:12:30.998 975 975 D DCT-C-0 : screen on
05-08 16:12:30.998 975 975 D DCT-C-0 : stopNetStatPoll
05-08 16:12:31.000 615 636 I DisplayDeviceRepository: Display device changed state: "内置屏幕", ON
05-08 16:12:31.002 1267 1267 W ContextImpl: Calling a method in the system process without a qualified user: android.app.ContextImpl.sendBroadcast:1181 android.content.ContextWrapper.sendBroadcast:479 cn.eben.newweather.DateWeatherService.a:19 cn.eben.newweather.DateWeatherService.a:0 cn.eben.newweather.DateWeatherService$1.handleMessage:7
05-08 16:12:31.008 975 975 D RILJ : [0233]> SEND_DEVICE_STATE 2:false [PHONE0]
05-08 16:12:31.009 456 456 D RILC : sendDeviceState: calling screen state 1
05-08 16:12:31.009 456 456 D RIL : onRequest number : 61
05-08 16:12:31.009 456 456 D RIL : onRequest: SCREEN_STATE
05-08 16:12:31.009 456 456 D RIL : onRequest in unavalable state
05-08 16:12:31.009 975 975 D RILJ : [0234]> SET_UNSOLICITED_RESPONSE_FILTER 127 [PHONE0]
05-08 16:12:31.009 975 1118 D RILJ : [0233]< SEND_DEVICE_STATE error 1 [PHONE0]
05-08 16:12:31.009 975 1118 D RilRequest: [0233]< SEND_DEVICE_STATE error: com.android.internal.telephony.CommandException: RADIO_NOT_AVAILABLE ret= result=null
05-08 16:12:31.009 975 1118 D RILJ : [0234]< SET_UNSOLICITED_RESPONSE_FILTER error 6 [PHONE0]
05-08 16:12:31.009 975 1118 D RilRequest: [0234]< SET_UNSOLICITED_RESPONSE_FILTER error: com.android.internal.telephony.CommandException: REQUEST_NOT_SUPPORTED ret= result=null
05-08 16:12:31.010 975 975 E RILJ : setSignalStrengthReportingCriteria ignored on IRadio version less than 1.2 [PHONE0]
05-08 16:12:31.011 975 975 E RILJ : setSignalStrengthReportingCriteria ignored on IRadio version less than 1.2 [PHONE0]
05-08 16:12:31.011 975 975 E RILJ : setSignalStrengthReportingCriteria ignored on IRadio version less than 1.2 [PHONE0]
05-08 16:12:31.011 975 975 D NetworkTypeController: [0] LegacyState: process EVENT_PHYSICAL_CHANNEL_CONFIG_NOTIF_CHANGED
05-08 16:12:31.011 975 975 D NetworkTypeController: [0] Remove all timers
05-08 16:12:31.011 975 975 D NetworkTypeController: [0] DefaultState: process EVENT_PHYSICAL_CHANNEL_CONFIG_NOTIF_CHANGED
05-08 16:12:31.011 975 975 D NetworkTypeController: [0] mIsPhysicalChannelConfigOn changed to: true
05-08 16:20:34.813 343 343 E rockchip-vop2 fdd90000.vop: [drm:vop2_crtc_atomic_disable] *ERROR* unexpected power on pd7
05-08 16:20:34.895 343 343 I rockchip-vop2 fdd90000.vop: [drm:vop2_crtc_atomic_enable] Update mode to 1536x2048p55, type: 16(if:60) for vp2 dclk: 192000000
05-08 16:20:34.896 343 343 I rockchip-vop2 fdd90000.vop: [drm:vop2_crtc_atomic_enable] dclk_out2 div: 2 dclk_core2 div: 1
05-08 16:20:34.896 343 343 I rockchip-vop2 fdd90000.vop: [drm:vop2_crtc_atomic_enable] set dclk_vop2 to 96000000, get 96000000
05-08 16:20:35.400 343 343 I dw-mipi-dsi2 fde20000.dsi: [drm:dw_mipi_dsi2_encoder_enable] final DSI-Link bandwidth: 639999 x 8 Kbps
05-08 16:12:31.607 615 657 W PowerManagerService: Screen on took 920 ms
05-08 16:20:35.423 539 539 W : abc audioDBG [es8323_mute] start mute:1
05-08 16:20:35.423 539 539 I [Awinic] [3-0058]aw_acf_get_prof_desc_form_name: get prof desc down
05-08 16:20:35.424 539 539 I [Awinic] [3-005b]aw_acf_get_prof_desc_form_name: get prof desc down
05-08 16:20:35.476 353 353 E rockchip-vop2 fdd90000.vop: [drm:vop2_wait_power_domain_off] *ERROR* wait pd7 off timeout power_ctrl: 0x7f
05-08 16:12:32.001 1267 1267 W ContextImpl: Calling a method in the system process without a qualified user: android.app.ContextImpl.sendBroadcast:1181 android.content.ContextWrapper.sendBroadcast:479 cn.eben.newweather.DateWeatherService.a:19 cn.eben.newweather.DateWeatherService.a:0 cn.eben.newweather.DateWeatherService$1.handleMessage:7
05-08 16:20:35.871 6849 6849 I : read descriptors
05-08 16:20:35.871 6849 6849 I : read strings
05-08 16:20:35.873 1 1 I init : processing action (sys.usb.config=adb && sys.usb.configfs=1 && sys.usb.ffs.ready=1) from (/system/etc/init/hw/init.usb.configfs.rc:20)
05-08 16:20:35.876 1 1 I init : Command 'symlink /config/usb_gadget/g1/functions/ffs.adb /config/usb_gadget/g1/configs/b.1/f1' action=sys.usb.config=adb && sys.usb.configfs=1 && sys.usb.ffs.ready=1 (/system/etc/init/hw/init.usb.configfs.rc:22) took 0ms and failed: symlink() failed: File exists
05-08 16:20:35.877 1 1 I init : Command 'write /config/usb_gadget/g1/UDC ${sys.usb.controller}' action=sys.usb.config=adb && sys.usb.configfs=1 && sys.usb.ffs.ready=1 (/system/etc/init/hw/init.usb.configfs.rc:23) took 0ms and failed: Unable to write to file '/config/usb_gadget/g1/UDC': Unable to write file contents: Device or resource busy
05-08 16:12:32.474 456 485 I RIL : ---> enter mainloop wait at port
05-08 16:12:32.474 456 485 D RIL-DEV : Get modem info
05-08 16:12:32.474 456 485 D RIL-DEV : [05-08_16:12:32:475] idVendor = 1d6b
05-08 16:12:32.474 456 485 D RIL-DEV :
05-08 16:12:32.475 456 485 D RIL-DEV : [05-08_16:12:32:475] idVendor = 1d6b
05-08 16:12:32.475 456 485 D RIL-DEV :
05-08 16:12:32.475 456 485 D RIL-DEV : [05-08_16:12:32:476] idVendor = 1d6b
05-08 16:12:32.475 456 485 D RIL-DEV :
05-08 16:12:32.476 456 485 D RIL-DEV : [05-08_16:12:32:476] idVendor = 0781
05-08 16:12:32.476 456 485 D RIL-DEV :
05-08 16:12:32.476 456 485 D RIL-DEV : [05-08_16:12:32:476] idVendor = 1d6b
05-08 16:12:32.476 456 485 D RIL-DEV :
05-08 16:12:32.476 456 485 E RIL-DEV : Cannot find Meig devices
05-08 16:12:32.476 456 485 I RIL : ---> can't find meig usb devices
05-08 16:12:33.001 1267 1267 W ContextImpl: Calling a method in the system process without a qualified user: android.app.ContextImpl.sendBroadcast:1181 android.content.ContextWrapper.sendBroadcast:479 cn.eben.newweather.DateWeatherService.a:19 cn.eben.newweather.DateWeatherService.a:0 cn.eben.newweather.DateWeatherService$1.handleMessage:7
05-08 16:20:36.907 6849 6849 I : read descriptors
05-08 16:20:36.907 6849 6849 I : read strings
05-08 16:20:36.909 1 1 I init : processing action (sys.usb.config=adb && sys.usb.configfs=1 && sys.usb.ffs.ready=1) from (/system/etc/init/hw/init.usb.configfs.rc:20)
05-08 16:20:36.910 1 1 I init : Command 'symlink /config/usb_gadget/g1/functions/ffs.adb /config/usb_gadget/g1/configs/b.1/f1' action=sys.usb.config=adb && sys.usb.configfs=1 && sys.usb.ffs.ready=1 (/system/etc/init/hw/init.usb.configfs.rc:22) took 0ms and failed: symlink() failed: File exists
05-08 16:20:36.911 1 1 I init : Command 'write /config/usb_gadget/g1/UDC ${sys.usb.controller}' action=sys.usb.config=adb && sys.usb.configfs=1 && sys.usb.ffs.ready=1 (/system/etc/init/hw/init.usb.configfs.rc:23) took 0ms and failed: Unable to write to file '/config/usb_gadget/g1/UDC': Unable to write file contents: Device or resource busy
05-08 16:12:34.002 1267 1267 W ContextImpl: Calling a method in the system process without a qualified user: android.app.ContextImpl.sendBroadcast:1181 android.content.ContextWrapper.sendBroadcast:479 cn.eben.newweather.DateWeatherService.a:19 cn.eben.newweather.DateWeatherService.a:0 cn.eben.newweather.DateWeatherService$1.handleMessage:7
05-08 16:20:37.957 6849 6849 I : read descriptors
05-08 16:20:37.958 6849 6849 I : read strings
05-08 16:20:37.960 1 1 I init : processing action (sys.usb.config=adb && sys.usb.configfs=1 && sys.usb.ffs.ready=1) from (/system/etc/init/hw/init.usb.configfs.rc:20)
05-08 16:12:34.477 456 485 I RIL : ---> enter mainloop wait at port
05-08 16:12:34.477 456 485 D RIL-DEV : Get modem info
05-08 16:12:34.478 456 485 D RIL-DEV : [05-08_16:12:34:478] idVendor = 1d6b
05-08 16:12:34.478 456 485 D RIL-DEV :
05-08 16:12:34.478 456 485 D RIL-DEV : [05-08_16:12:34:478] idVendor = 1d6b
05-08 16:12:34.478 456 485 D RIL-DEV :
05-08 16:12:34.479 456 485 D RIL-DEV : [05-08_16:12:34:479] idVendor = 1d6b
05-08 16:12:34.479 456 485 D RIL-DEV :
05-08 16:12:34.479 456 485 D RIL-DEV : [05-08_16:12:34:479] idVendor = 0781
05-08 16:12:34.479 456 485 D RIL-DEV :
05-08 16:12:34.479 456 485 D RIL-DEV : [05-08_16:12:34:479] idVendor = 1d6b
05-08 16:12:34.479 456 485 D RIL-DEV :
05-08 16:12:34.480 456 485 E RIL-DEV : Cannot find Meig devices
05-08 16:12:34.480 456 485 I RIL : ---> can't find meig usb devices
05-08 16:12:35.003 1267 1267 W ContextImpl: Calling a method in the system process without a qualified user: android.app.ContextImpl.sendBroadcast:1181 android.content.ContextWrapper.sendBroadcast:479 cn.eben.newweather.DateWeatherService.a:19 cn.eben.newweather.DateWeatherService.a:0 cn.eben.newweather.DateWeatherService$1.handleMessage:7
05-08 16:20:39.001 6849 6849 I : read descriptors
05-08 16:20:39.001 6849 6849 I : read strings
05-08 16:12:36.003 1267 1267 W ContextImpl: Calling a method in the system process without a qualified user: android.app.ContextImpl.sendBroadcast:1181 android.content.ContextWrapper.sendBroadcast:479 cn.eben.newweather.DateWeatherService.a:19 cn.eben.newweather.DateWeatherService.a:0 cn.eben.newweather.DateWeatherService$1.handleMessage:7
05-08 16:12:36.212 615 8196 D ActivityTaskManager: Top Process State changed to PROCESS_STATE_TOP
05-08 16:20:40.083 6849 6849 I : read descriptors
05-08 16:20:40.084 6849 6849 I : read strings
05-08 16:20:40.084 1 1 I init : processing action (sys.usb.config=adb && sys.usb.configfs=1 && sys.usb.ffs.ready=1) from (/system/etc/init/hw/init.usb.configfs.rc:20)
05-08 16:20:40.085 1 1 I init : Command 'symlink /config/usb_gadget/g1/functions/ffs.adb /config/usb_gadget/g1/configs/b.1/f1' action=sys.usb.config=adb && sys.usb.configfs=1 && sys.usb.ffs.ready=1 (/system/etc/init/hw/init.usb.configfs.rc:22) took 0ms and failed: symlink() failed: File exists
05-08 16:20:40.086 1 1 I init : Command 'write /config/usb_gadget/g1/UDC ${sys.usb.controller}' action=sys.usb.config=adb && sys.usb.configfs=1 && sys.usb.ffs.ready=1 (/system/etc/init/hw/init.usb.configfs.rc:23) took 0ms and failed: Unable to write to file '/config/usb_gadget/g1/UDC': Unable to write file contents: Device or resource busy
05-08 16:20:40.120 2527 2527 W : abc audioDBG [es8323_mute] start mute:0
05-08 16:20:40.130 2527 2527 I [Awinic] [3-0058]aw_acf_get_prof_desc_form_name: get prof desc down
05-08 16:20:40.144 2527 2527 I [Awinic] [3-005b]aw_acf_get_prof_desc_form_name: get prof desc down
05-08 16:12:36.336 615 642 W BroadcastQueue: Background execution not allowed: receiving Intent { act=android.intent.action.USER_PRESENT flg=0x24200010 } to com.zhangyue.read.iReader/com.taobao.accs.EventReceiver
05-08 16:12:36.480 456 485 I RIL : ---> enter mainloop wait at port
05-08 16:12:36.480 456 485 D RIL-DEV : Get modem info
05-08 16:12:36.480 456 485 D RIL-DEV : [05-08_16:12:36:481] idVendor = 1d6b
05-08 16:12:36.480 456 485 D RIL-DEV :
05-08 16:12:36.480 456 485 D RIL-DEV : [05-08_16:12:36:481] idVendor = 1d6b
05-08 16:12:36.480 456 485 D RIL-DEV :
05-08 16:12:36.481 456 485 D RIL-DEV : [05-08_16:12:36:481] idVendor = 1d6b
05-08 16:12:36.481 456 485 D RIL-DEV :
05-08 16:12:36.481 456 485 D RIL-DEV : [05-08_16:12:36:481] idVendor = 0781
05-08 16:12:36.481 456 485 D RIL-DEV :
05-08 16:12:36.481 456 485 D RIL-DEV : [05-08_16:12:36:481] idVendor = 1d6b
05-08 16:12:36.481 456 485 D RIL-DEV :
05-08 16:12:36.481 456 485 E RIL-DEV : Cannot find Meig devices
05-08 16:12:36.481 456 485 I RIL : ---> can't find meig usb devices
05-08 16:20:40.347 1 1 I init : Sending signal 9 to service 'idmap2d' (pid 11818) process group...
05-08 16:12:36.536 615 8830 W OverlayManager: service 'idmap' died
05-08 16:20:40.353 1 1 I libprocessgroup: Successfully killed process cgroup uid 1000 pid 11818 in 5ms
05-08 16:20:40.354 1 1 I init : Control message: Processed ctl.stop for 'idmap2d' from pid: 615 (system_server)
05-08 16:20:40.354 1 1 I init : Service 'idmap2d' (pid 11818) received signal 9
05-08 16:12:37.010 1267 1267 W ContextImpl: Calling a method in the system process without a qualified user: android.app.ContextImpl.sendBroadcast:1181 android.content.ContextWrapper.sendBroadcast:479 cn.eben.newweather.DateWeatherService.a:19 cn.eben.newweather.DateWeatherService.a:0 cn.eben.newweather.DateWeatherService$1.handleMessage:7
05-08 16:20:41.127 6849 6849 I : read descriptors
05-08 16:20:41.128 6849 6849 I : read strings
05-08 16:20:41.130 1 1 I init : processing action (sys.usb.config=adb && sys.usb.configfs=1 && sys.usb.ffs.ready=1) from (/system/etc/init/hw/init.usb.configfs.rc:20)
05-08 16:20:41.133 1 1 I init : Command 'symlink /config/usb_gadget/g1/functions/ffs.adb /config/usb_gadget/g1/configs/b.1/f1' action=sys.usb.config=adb && sys.usb.configfs=1 && sys.usb.ffs.ready=1 (/system/etc/init/hw/init.usb.configfs.rc:22) took 0ms and failed: symlink() failed: File exists
05-08 16:20:41.133 1 1 I init : Command 'write /config/usb_gadget/g1/UDC ${sys.usb.controller}' action=sys.usb.config=adb && sys.usb.configfs=1 && sys.usb.ffs.ready=1 (/system/etc/init/hw/init.usb.configfs.rc:23) took 0ms and failed: Unable to write to file '/config/usb_gadget/g1/UDC': Unable to write file contents: Device or resource busy
05-08 16:20:41.428 539 539 W : abc audioDBG [es8323_mute] start mute:1
05-08 16:20:41.429 539 539 I [Awinic] [3-0058]aw_acf_get_prof_desc_form_name: get prof desc down
05-08 16:20:41.429 539 539 I [Awinic] [3-005b]aw_acf_get_prof_desc_form_name: get prof desc down
05-08 16:12:38.002 1267 1267 W ContextImpl: Calling a method in the system process without a qualified user: android.app.ContextImpl.sendBroadcast:1181 android.content.ContextWrapper.sendBroadcast:479 cn.eben.newweather.DateWeatherService.a:19 cn.eben.newweather.DateWeatherService.a:0 cn.eben.newweather.DateWeatherService$1.handleMessage:7
05-08 16:20:42.177 6849 6849 I : read descriptors
05-08 16:20:42.178 6849 6849 I : read strings
05-08 16:12:38.481 456 485 I RIL : ---> enter mainloop wait at port
05-08 16:12:38.482 456 485 D RIL-DEV : Get modem info
05-08 16:12:38.482 456 485 D RIL-DEV : [05-08_16:12:38:483] idVendor = 1d6b
05-08 16:12:38.482 456 485 D RIL-DEV :
05-08 16:12:38.483 456 485 D RIL-DEV : [05-08_16:12:38:483] idVendor = 1d6b
05-08 16:12:38.483 456 485 D RIL-DEV :
05-08 16:12:38.483 456 485 D RIL-DEV : [05-08_16:12:38:484] idVendor = 1d6b
05-08 16:12:38.483 456 485 D RIL-DEV :
05-08 16:12:38.483 456 485 D RIL-DEV : [05-08_16:12:38:484] idVendor = 0781
05-08 16:12:38.483 456 485 D RIL-DEV :
05-08 16:12:38.484 456 485 D RIL-DEV : [05-08_16:12:38:484] idVendor = 1d6b
05-08 16:12:38.484 456 485 D RIL-DEV :
05-08 16:12:38.484 456 485 E RIL-DEV : Cannot find Meig devices
05-08 16:12:38.484 456 485 I RIL : ---> can't find meig usb devices
05-08 16:12:39.003 1267 1267 W ContextImpl: Calling a method in the system process without a qualified user: android.app.ContextImpl.sendBroadcast:1181 android.content.ContextWrapper.sendBroadcast:479 cn.eben.newweather.DateWeatherService.a:19 cn.eben.newweather.DateWeatherService.a:0 cn.eben.newweather.DateWeatherService$1.handleMessage:7
05-08 16:20:43.221 6849 6849 I : read descriptors
05-08 16:20:43.221 6849 6849 I : read strings
05-08 16:12:40.002 1267 1267 W ContextImpl: Calling a method in the system process without a qualified user: android.app.ContextImpl.sendBroadcast:1181 android.content.ContextWrapper.sendBroadcast:479 cn.eben.newweather.DateWeatherService.a:19 cn.eben.newweather.DateWeatherService.a:0 cn.eben.newweather.DateWeatherService$1.handleMessage:7
05-08 16:20:44.274 6849 6849 I : read descriptors
05-08 16:20:44.274 6849 6849 I : read strings
05-08 16:12:40.484 456 485 I RIL : ---> enter mainloop wait at port
05-08 16:12:40.485 456 485 D RIL-DEV : Get modem info
05-08 16:12:40.485 456 485 D RIL-DEV : [05-08_16:12:40:485] idVendor = 1d6b
05-08 16:12:40.485 456 485 D RIL-DEV :
05-08 16:12:40.485 456 485 D RIL-DEV : [05-08_16:12:40:486] idVendor = 1d6b
05-08 16:12:40.485 456 485 D RIL-DEV :
05-08 16:12:40.485 456 485 D RIL-DEV : [05-08_16:12:40:486] idVendor = 1d6b
05-08 16:12:40.485 456 485 D RIL-DEV :
05-08 16:12:40.485 456 485 D RIL-DEV : [05-08_16:12:40:486] idVendor = 0781
05-08 16:12:40.485 456 485 D RIL-DEV :
05-08 16:12:40.485 456 485 D RIL-DEV : [05-08_16:12:40:486] idVendor = 1d6b
05-08 16:12:40.485 456 485 D RIL-DEV :
05-08 16:12:40.486 456 485 E RIL-DEV : Cannot find Meig devices
05-08 16:12:40.486 456 485 I RIL : ---> can't find meig usb devices
05-08 16:12:41.002 1267 1267 W ContextImpl: Calling a method in the system process without a qualified user: android.app.ContextImpl.sendBroadcast:1181 android.content.ContextWrapper.sendBroadcast:479 cn.eben.newweather.DateWeatherService.a:19 cn.eben.newweather.DateWeatherService.a:0 cn.eben.newweather.DateWeatherService$1.handleMessage:7
05-08 16:20:45.317 6849 6849 I : read descriptors
05-08 16:20:45.317 6849 6849 I : read strings
05-08 16:20:45.320 1 1 I init : processing action (sys.usb.config=adb && sys.usb.configfs=1 && sys.usb.ffs.ready=1) from (/system/etc/init/hw/init.usb.configfs.rc:20)
05-08 16:20:45.323 1 1 I init : Command 'symlink /config/usb_gadget/g1/functions/ffs.adb /config/usb_gadget/g1/configs/b.1/f1' action=sys.usb.config=adb && sys.usb.configfs=1 && sys.usb.ffs.ready=1 (/system/etc/init/hw/init.usb.configfs.rc:22) took 1ms and failed: symlink() failed: File exists
05-08 16:20:45.326 1 1 I init : Command 'write /config/usb_gadget/g1/UDC ${sys.usb.controller}' action=sys.usb.config=adb && sys.usb.configfs=1 && sys.usb.ffs.ready=1 (/system/etc/init/hw/init.usb.configfs.rc:23) took 1ms and failed: Unable to write to file '/config/usb_gadget/g1/UDC': Unable to write file contents: Device or resource busy
05-08 16:12:42.003 1267 1267 W ContextImpl: Calling a method in the system process without a qualified user: android.app.ContextImpl.sendBroadcast:1181 android.content.ContextWrapper.sendBroadcast:479 cn.eben.newweather.DateWeatherService.a:19 cn.eben.newweather.DateWeatherService.a:0 cn.eben.newweather.DateWeatherService$1.handleMessage:7
05-08 16:12:42.486 456 485 I RIL : ---> enter mainloop wait at port
05-08 16:12:42.486 456 485 D RIL-DEV : Get modem info
05-08 16:12:42.487 456 485 D RIL-DEV : [05-08_16:12:42:487] idVendor = 1d6b
05-08 16:12:42.487 456 485 D RIL-DEV :
05-08 16:12:42.487 456 485 D RIL-DEV : [05-08_16:12:42:488] idVendor = 1d6b
05-08 16:12:42.487 456 485 D RIL-DEV :
05-08 16:12:42.488 456 485 D RIL-DEV : [05-08_16:12:42:488] idVendor = 1d6b
05-08 16:12:42.488 456 485 D RIL-DEV :
05-08 16:12:42.488 456 485 D RIL-DEV : [05-08_16:12:42:488] idVendor = 0781
05-08 16:12:42.488 456 485 D RIL-DEV :
05-08 16:12:42.488 456 485 D RIL-DEV : [05-08_16:12:42:489] idVendor = 1d6b
05-08 16:12:42.488 456 485 D RIL-DEV :
05-08 16:12:42.489 456 485 E RIL-DEV : Cannot find Meig devices
05-08 16:12:42.489 456 485 I RIL : ---> can't find meig usb devices
05-08 16:20:46.381 6849 6849 I : read descriptors
05-08 16:20:46.381 6849 6849 I : read strings
05-08 16:20:46.383 1 1 I init : processing action (sys.usb.config=adb && sys.usb.configfs=1 && sys.usb.ffs.ready=1) from (/system/etc/init/hw/init.usb.configfs.rc:20)
05-08 16:20:46.386 1 1 I init : Command 'symlink /config/usb_gadget/g1/functions/ffs.adb /config/usb_gadget/g1/configs/b.1/f1' action=sys.usb.config=adb && sys.usb.configfs=1 && sys.usb.ffs.ready=1 (/system/etc/init/hw/init.usb.configfs.rc:22) took 0ms and failed: symlink() failed: File exists
05-08 16:20:46.388 1 1 I init : Command 'write /config/usb_gadget/g1/UDC ${sys.usb.controller}' action=sys.usb.config=adb && sys.usb.configfs=1 && sys.usb.ffs.ready=1 (/system/etc/init/hw/init.usb.configfs.rc:23) took 1ms and failed: Unable to write to file '/config/usb_gadget/g1/UDC': Unable to write file contents: Device or resource busy
05-08 16:12:43.002 1267 1267 W ContextImpl: Calling a method in the system process without a qualified user: android.app.ContextImpl.sendBroadcast:1181 android.content.ContextWrapper.sendBroadcast:479 cn.eben.newweather.DateWeatherService.a:19 cn.eben.newweather.DateWeatherService.a:0 cn.eben.newweather.DateWeatherService$1.handleMessage:7
05-08 16:20:47.444 6849 6849 I : read descriptors
05-08 16:20:47.444 6849 6849 I : read strings
05-08 16:20:47.446 1 1 I init : processing action (sys.usb.config=adb && sys.usb.configfs=1 && sys.usb.ffs.ready=1) from (/system/etc/init/hw/init.usb.configfs.rc:20)
05-08 16:20:47.449 1 1 I init : Command 'symlink /config/usb_gadget/g1/functions/ffs.adb /config/usb_gadget/g1/configs/b.1/f1' action=sys.usb.config=adb && sys.usb.configfs=1 && sys.usb.ffs.ready=1 (/system/etc/init/hw/init.usb.configfs.rc:22) took 0ms and failed: symlink() failed: File exists
05-08 16:20:47.450 1 1 I init : Command 'write /config/usb_gadget/g1/UDC ${sys.usb.controller}' action=sys.usb.config=adb && sys.usb.configfs=1 && sys.usb.ffs.ready=1 (/system/etc/init/hw/init.usb.configfs.rc:23) took 0ms and failed: Unable to write to file '/config/usb_gadget/g1/UDC': Unable to write file contents: Device or resource busy
05-08 16:12:44.002 1267 1267 W ContextImpl: Calling a method in the system process without a qualified user: android.app.ContextImpl.sendBroadcast:1181 android.content.ContextWrapper.sendBroadcast:479 cn.eben.newweather.DateWeatherService.a:19 cn.eben.newweather.DateWeatherService.a:0 cn.eben.newweather.DateWeatherService$1.handleMessage:7
05-08 16:12:44.489 456 485 I RIL : ---> enter mainloop wait at port
05-08 16:12:44.489 456 485 D RIL-DEV : Get modem info
05-08 16:12:44.490 456 485 D RIL-DEV : [05-08_16:12:44:490] idVendor = 1d6b
05-08 16:12:44.490 456 485 D RIL-DEV :
05-08 16:12:44.490 456 485 D RIL-DEV : [05-08_16:12:44:490] idVendor = 1d6b
05-08 16:12:44.490 456 485 D RIL-DEV :
05-08 16:12:44.490 456 485 D RIL-DEV : [05-08_16:12:44:491] idVendor = 1d6b
05-08 16:12:44.490 456 485 D RIL-DEV :
05-08 16:12:44.491 456 485 D RIL-DEV : [05-08_16:12:44:491] idVendor = 0781
05-08 16:12:44.491 456 485 D RIL-DEV :
05-08 16:12:44.491 456 485 D RIL-DEV : [05-08_16:12:44:491] idVendor = 1d6b
05-08 16:12:44.491 456 485 D RIL-DEV :
05-08 16:12:44.491 456 485 E RIL-DEV : Cannot find Meig devices
05-08 16:12:44.491 456 485 I RIL : ---> can't find meig usb devices
05-08 16:20:48.503 6849 6849 I : read descriptors
05-08 16:20:48.503 6849 6849 I : read strings
05-08 16:20:48.505 1 1 I init : processing action (sys.usb.config=adb && sys.usb.configfs=1 && sys.usb.ffs.ready=1) from (/system/etc/init/hw/init.usb.configfs.rc:20)
05-08 16:12:45.002 1267 1267 W ContextImpl: Calling a method in the system process without a qualified user: android.app.ContextImpl.sendBroadcast:1181 android.content.ContextWrapper.sendBroadcast:479 cn.eben.newweather.DateWeatherService.a:19 cn.eben.newweather.DateWeatherService.a:0 cn.eben.newweather.DateWeatherService$1.handleMessage:7
05-08 16:20:49.541 6849 6849 I : read descriptors
05-08 16:20:49.541 6849 6849 I : read strings
05-08 16:12:46.003 1267 1267 W ContextImpl: Calling a method in the system process without a qualified user: android.app.ContextImpl.sendBroadcast:1181 android.content.ContextWrapper.sendBroadcast:479 cn.eben.newweather.DateWeatherService.a:19 cn.eben.newweather.DateWeatherService.a:0 cn.eben.newweather.DateWeatherService$1.handleMessage:7
05-08 16:12:46.491 456 485 I RIL : ---> enter mainloop wait at port
05-08 16:12:46.491 456 485 D RIL-DEV : Get modem info
05-08 16:12:46.492 456 485 D RIL-DEV : [05-08_16:12:46:492] idVendor = 1d6b
05-08 16:12:46.492 456 485 D RIL-DEV :
05-08 16:12:46.492 456 485 D RIL-DEV : [05-08_16:12:46:493] idVendor = 1d6b
05-08 16:12:46.492 456 485 D RIL-DEV :
05-08 16:12:46.492 456 485 D RIL-DEV : [05-08_16:12:46:493] idVendor = 1d6b
05-08 16:12:46.492 456 485 D RIL-DEV :
05-08 16:12:46.492 456 485 D RIL-DEV : [05-08_16:12:46:493] idVendor = 0781
05-08 16:12:46.492 456 485 D RIL-DEV :
05-08 16:12:46.493 456 485 D RIL-DEV : [05-08_16:12:46:493] idVendor = 1d6b
05-08 16:12:46.493 456 485 D RIL-DEV :
05-08 16:12:46.493 456 485 E RIL-DEV : Cannot find Meig devices
05-08 16:12:46.493 456 485 I RIL : ---> can't find meig usb devices
05-08 16:20:50.607 6849 6849 I : read descriptors
05-08 16:20:50.607 6849 6849 I : read strings
05-08 16:20:50.608 1 1 I init : processing action (sys.usb.config=adb && sys.usb.configfs=1 && sys.usb.ffs.ready=1) from (/system/etc/init/hw/init.usb.configfs.rc:20)
05-08 16:20:50.609 1 1 I init : Command 'symlink /config/usb_gadget/g1/functions/ffs.adb /config/usb_gadget/g1/configs/b.1/f1' action=sys.usb.config=adb && sys.usb.configfs=1 && sys.usb.ffs.ready=1 (/system/etc/init/hw/init.usb.configfs.rc:22) took 0ms and failed: symlink() failed: File exists
05-08 16:20:50.610 1 1 I init : Command 'write /config/usb_gadget/g1/UDC ${sys.usb.controller}' action=sys.usb.config=adb && sys.usb.configfs=1 && sys.usb.ffs.ready=1 (/system/etc/init/hw/init.usb.configfs.rc:23) took 0ms and failed: Unable to write to file '/config/usb_gadget/g1/UDC': Unable to write file contents: Device or resource busy
05-08 16:12:47.002 1267 1267 W ContextImpl: Calling a method in the system process without a qualified user: android.app.ContextImpl.sendBroadcast:1181 android.content.ContextWrapper.sendBroadcast:479 cn.eben.newweather.DateWeatherService.a:19 cn.eben.newweather.DateWeatherService.a:0 cn.eben.newweather.DateWeatherService$1.handleMessage:7
05-08 16:20:51.661 6849 6849 I : read descriptors
05-08 16:20:51.661 6849 6849 I : read strings
05-08 16:20:51.664 1 1 I init : processing action (sys.usb.config=adb && sys.usb.configfs=1 && sys.usb.ffs.ready=1) from (/system/etc/init/hw/init.usb.configfs.rc:20)
05-08 16:20:51.667 1 1 I init : Command 'symlink /config/usb_gadget/g1/functions/ffs.adb /config/usb_gadget/g1/configs/b.1/f1' action=sys.usb.config=adb && sys.usb.configfs=1 && sys.usb.ffs.ready=1 (/system/etc/init/hw/init.usb.configfs.rc:22) took 0ms and failed: symlink() failed: File exists
05-08 16:20:51.667 1 1 I init : Command 'write /config/usb_gadget/g1/UDC ${sys.usb.controller}' action=sys.usb.config=adb && sys.usb.configfs=1 && sys.usb.ffs.ready=1 (/system/etc/init/hw/init.usb.configfs.rc:23) took 0ms and failed: Unable to write to file '/config/usb_gadget/g1/UDC': Unable to write file contents: Device or resource busy
05-08 16:12:48.002 1267 1267 W ContextImpl: Calling a method in the system process without a qualified user: android.app.ContextImpl.sendBroadcast:1181 android.content.ContextWrapper.sendBroadcast:479 cn.eben.newweather.DateWeatherService.a:19 cn.eben.newweather.DateWeatherService.a:0 cn.eben.newweather.DateWeatherService$1.handleMessage:7
05-08 16:12:48.493 456 485 I RIL : ---> enter mainloop wait at port
05-08 16:12:48.493 456 485 D RIL-DEV : Get modem info
05-08 16:12:48.493 456 485 D RIL-DEV : [05-08_16:12:48:494] idVendor = 1d6b
05-08 16:12:48.493 456 485 D RIL-DEV :
05-08 16:12:48.494 456 485 D RIL-DEV : [05-08_16:12:48:494] idVendor = 1d6b
05-08 16:12:48.494 456 485 D RIL-DEV :
05-08 16:12:48.494 456 485 D RIL-DEV : [05-08_16:12:48:494] idVendor = 1d6b
05-08 16:12:48.494 456 485 D RIL-DEV :
05-08 16:12:48.494 456 485 D RIL-DEV : [05-08_16:12:48:494] idVendor = 0781
05-08 16:12:48.494 456 485 D RIL-DEV :
05-08 16:12:48.494 456 485 D RIL-DEV : [05-08_16:12:48:495] idVendor = 1d6b
05-08 16:12:48.494 456 485 D RIL-DEV :
05-08 16:12:48.494 456 485 E RIL-DEV : Cannot find Meig devices
05-08 16:12:48.494 456 485 I RIL : ---> can't find meig usb devices
05-08 16:20:52.717 6849 6849 I : read descriptors
05-08 16:20:52.717 6849 6849 I : read strings
05-08 16:20:52.719 1 1 I init : processing action (sys.usb.config=adb && sys.usb.configfs=1 && sys.usb.ffs.ready=1) from (/system/etc/init/hw/init.usb.configfs.rc:20)
05-08 16:20:52.722 1 1 I init : Command 'symlink /config/usb_gadget/g1/functions/ffs.adb /config/usb_gadget/g1/configs/b.1/f1' action=sys.usb.config=adb && sys.usb.configfs=1 && sys.usb.ffs.ready=1 (/system/etc/init/hw/init.usb.configfs.rc:22) took 0ms and failed: symlink() failed: File exists
