05-08 16:17:10.079 3080 3080 I : CPU6 is up
05-08 16:17:10.080 0 0 I : Detected PIPT I-cache on CPU7
05-08 16:17:10.080 0 0 I GICv3 : CPU7: found redistributor 700 region 0:0x00000000fe760000
05-08 16:17:10.081 0 0 I CPU7 : Booted secondary processor 0x0000000700 [0x414fd0b0]
05-08 16:17:10.082 3080 3080 I : CPU7 is up
05-08 16:17:10.088 3080 3080 I rk_gmac-dwmac fe1c0000.ethernet: init for RGMII
05-08 16:17:10.088 8719 8719 I usb1 : root hub lost power or was reset
05-08 16:17:10.096 11604 11604 I usb3 : root hub lost power or was reset
05-08 16:17:10.096 11604 11604 I usb4 : root hub lost power or was reset
05-08 16:17:10.098 3080 3080 E PM : dpm_run_callback(): wacom_i2c_resume+0x0/0xdc returns -6
05-08 16:17:10.098 3080 3080 E PM : Device 4-0009 failed to resume: error -6
05-08 16:17:10.159 3080 3080 I usb2 : root hub lost power or was reset
05-08 16:17:10.576 8074 8074 I usb 4-1 : reset SuperSpeed Gen 1 USB device number 2 using xhci-hcd
05-08 16:17:10.597 3080 3080 I : OOM killer enabled.
05-08 16:17:10.597 3080 3080 I : Restarting tasks ...
05-08 16:17:10.622 7226 7226 I : mmc_host mmc0: Bus speed (slot 0) = 400000Hz (slot req 400000Hz, actual 400000HZ div = 0)
05-08 16:17:10.633 3080 3080 W : done.
05-08 16:17:10.633 3080 3080 I : Resume caused by IRQ 121, husb311
05-08 16:17:10.633 3080 3080 I PM : suspend exit
05-08 16:17:10.735 3080 3080 I PM : suspend entry (deep)
05-08 16:17:10.800 7226 7226 I : mmc_host mmc0: Bus speed (slot 0) = 49500000Hz (slot req 50000000Hz, actual 49500000HZ div = 0)
05-08 16:17:10.845 3080 3080 I Filesystems sync: 0.110 seconds
05-08 16:17:10.845 3080 3080 I : Freezing user space processes ... (elapsed 0.010 seconds) done.
05-08 16:17:10.856 3080 3080 I : OOM killer disabled.
05-08 16:17:10.856 3080 3080 I : Freezing remaining freezable tasks ... (elapsed 0.159 seconds) done.
05-08 16:17:11.016 3080 3080 I printk : Suspending console(s) (use no_console_suspend to debug)
05-08 16:17:11.098 3080 3080 E regulator-dummy: Underflow of regulator enable count
05-08 16:17:11.098 3080 3080 E wacom_i2c 4-0009: disable regulator failed -22
05-08 16:17:11.338 3080 3080 I : Disabling non-boot CPUs ...
05-08 16:17:11.339 3080 3080 I psci : CPU1 killed (polled 0 ms)
05-08 16:17:11.340 3080 3080 I psci : CPU2 killed (polled 0 ms)
05-08 16:17:11.341 3080 3080 I psci : CPU3 killed (polled 0 ms)
05-08 16:17:11.344 3080 3080 I psci : CPU4 killed (polled 0 ms)
05-08 16:17:11.345 3080 3080 I psci : CPU5 killed (polled 4 ms)
05-08 16:17:11.347 3080 3080 I psci : CPU6 killed (polled 0 ms)
05-08 16:17:11.349 3080 3080 I psci : CPU7 killed (polled 0 ms)
05-08 16:17:11.561 0 0 W [ C0] PM: pm_system_irq_wakeup: 121 triggered husb311
05-08 16:17:11.561 3080 3080 I : Enabling non-boot CPUs ...
05-08 16:17:11.562 0 0 I : Detected VIPT I-cache on CPU1
05-08 16:17:11.562 0 0 I GICv3 : CPU1: found redistributor 100 region 0:0x00000000fe6a0000
05-08 16:17:11.562 0 0 I CPU1 : Booted secondary processor 0x0000000100 [0x412fd050]
05-08 16:17:11.563 3080 3080 I : CPU1 is up
05-08 16:17:11.564 0 0 I : Detected VIPT I-cache on CPU2
05-08 16:17:11.564 0 0 I GICv3 : CPU2: found redistributor 200 region 0:0x00000000fe6c0000
05-08 16:17:11.564 0 0 I CPU2 : Booted secondary processor 0x0000000200 [0x412fd050]
05-08 16:09:19.851 456 485 I RIL : ---> enter mainloop wait at port
05-08 16:17:11.565 3080 3080 I : CPU2 is up
05-08 16:09:19.851 456 485 D RIL-DEV : Get modem info
05-08 16:09:19.852 456 485 D RIL-DEV : [05-08_16:09:19:852] idVendor = 1d6b
05-08 16:09:19.852 456 485 D RIL-DEV :
05-08 16:09:19.852 456 485 D RIL-DEV : [05-08_16:09:19:853] idVendor = 1d6b
05-08 16:09:19.852 456 485 D RIL-DEV :
05-08 16:09:19.853 456 485 D RIL-DEV : [05-08_16:09:19:853] idVendor = 1d6b
05-08 16:09:19.853 456 485 D RIL-DEV :
05-08 16:09:19.853 456 485 D RIL-DEV : [05-08_16:09:19:853] idVendor = 0781
05-08 16:09:19.853 456 485 D RIL-DEV :
05-08 16:09:19.853 456 485 D RIL-DEV : [05-08_16:09:19:853] idVendor = 1d6b
05-08 16:09:19.853 456 485 D RIL-DEV :
05-08 16:09:19.853 456 485 E RIL-DEV : Cannot find Meig devices
05-08 16:09:19.853 456 485 I RIL : ---> can't find meig usb devices
05-08 16:17:11.565 0 0 I : Detected VIPT I-cache on CPU3
05-08 16:17:11.566 0 0 I GICv3 : CPU3: found redistributor 300 region 0:0x00000000fe6e0000
05-08 16:17:11.566 0 0 I CPU3 : Booted secondary processor 0x0000000300 [0x412fd050]
05-08 16:17:11.566 3080 3080 I : CPU3 is up
05-08 16:17:11.567 0 0 I : Detected PIPT I-cache on CPU4
05-08 16:17:11.567 0 0 I GICv3 : CPU4: found redistributor 400 region 0:0x00000000fe700000
05-08 16:17:11.567 0 0 I CPU4 : Booted secondary processor 0x0000000400 [0x414fd0b0]
05-08 16:17:11.568 3080 3080 I : CPU4 is up
05-08 16:17:11.569 0 0 I : Detected PIPT I-cache on CPU5
05-08 16:17:11.569 0 0 I GICv3 : CPU5: found redistributor 500 region 0:0x00000000fe720000
05-08 16:17:11.569 0 0 I CPU5 : Booted secondary processor 0x0000000500 [0x414fd0b0]
05-08 16:17:11.570 3080 3080 I : CPU5 is up
05-08 16:17:11.571 0 0 I : Detected PIPT I-cache on CPU6
05-08 16:17:11.571 0 0 I GICv3 : CPU6: found redistributor 600 region 0:0x00000000fe740000
05-08 16:17:11.571 0 0 I CPU6 : Booted secondary processor 0x0000000600 [0x414fd0b0]
05-08 16:17:11.573 3080 3080 I : CPU6 is up
05-08 16:17:11.573 0 0 I : Detected PIPT I-cache on CPU7
05-08 16:17:11.574 0 0 I GICv3 : CPU7: found redistributor 700 region 0:0x00000000fe760000
05-08 16:17:11.574 0 0 I CPU7 : Booted secondary processor 0x0000000700 [0x414fd0b0]
05-08 16:17:11.575 3080 3080 I : CPU7 is up
05-08 16:17:11.581 3080 3080 I rk_gmac-dwmac fe1c0000.ethernet: init for RGMII
05-08 16:17:11.581 11615 11615 I usb1 : root hub lost power or was reset
05-08 16:17:11.589 11522 11522 I usb3 : root hub lost power or was reset
05-08 16:17:11.589 11522 11522 I usb4 : root hub lost power or was reset
05-08 16:17:11.591 3080 3080 E PM : dpm_run_callback(): wacom_i2c_resume+0x0/0xdc returns -6
05-08 16:17:11.591 3080 3080 E PM : Device 4-0009 failed to resume: error -6
05-08 16:17:11.654 3080 3080 I usb2 : root hub lost power or was reset
05-08 16:17:12.071 11611 11611 I usb 4-1 : reset SuperSpeed Gen 1 USB device number 2 using xhci-hcd
05-08 16:17:12.091 3080 3080 I : OOM killer enabled.
05-08 16:17:12.091 3080 3080 I : Restarting tasks ... done.
05-08 16:17:12.106 10351 10351 I : mmc_host mmc0: Bus speed (slot 0) = 400000Hz (slot req 400000Hz, actual 400000HZ div = 0)
05-08 16:17:12.108 3080 3080 I : Resume caused by IRQ 121, husb311
05-08 16:17:12.108 3080 3080 I PM : suspend exit
05-08 16:17:12.209 3080 3080 I PM : suspend entry (deep)
05-08 16:17:12.291 10351 10351 I : mmc_host mmc0: Bus speed (slot 0) = 49500000Hz (slot req 50000000Hz, actual 49500000HZ div = 0)
05-08 16:17:12.316 3080 3080 I Filesystems sync: 0.107 seconds
05-08 16:17:12.317 3080 3080 I : Freezing user space processes ... (elapsed 0.021 seconds) done.
05-08 16:17:12.338 3080 3080 I : OOM killer disabled.
05-08 16:17:12.338 3080 3080 I : Freezing remaining freezable tasks ... (elapsed 0.177 seconds) done.
05-08 16:17:12.516 3080 3080 I printk : Suspending console(s) (use no_console_suspend to debug)
05-08 16:17:12.595 3080 3080 E regulator-dummy: Underflow of regulator enable count
05-08 16:17:12.595 3080 3080 E wacom_i2c 4-0009: disable regulator failed -22
05-08 16:17:12.829 3080 3080 I : Disabling non-boot CPUs ...
05-08 16:17:12.830 3080 3080 I psci : CPU1 killed (polled 0 ms)
05-08 16:17:12.831 3080 3080 I psci : CPU2 killed (polled 0 ms)
05-08 16:17:12.833 3080 3080 I psci : CPU3 killed (polled 0 ms)
05-08 16:17:12.835 3080 3080 I psci : CPU4 killed (polled 0 ms)
05-08 16:17:12.837 3080 3080 I psci : CPU5 killed (polled 4 ms)
05-08 16:17:12.839 3080 3080 I psci : CPU6 killed (polled 0 ms)
05-08 16:17:12.841 3080 3080 I psci : CPU7 killed (polled 0 ms)
05-08 16:17:13.078 0 0 W [ C0] PM: pm_system_irq_wakeup: 121 triggered husb311
05-08 16:17:13.079 3080 3080 I : Enabling non-boot CPUs ...
05-08 16:17:13.080 0 0 I : Detected VIPT I-cache on CPU1
05-08 16:17:13.080 0 0 I GICv3 : CPU1: found redistributor 100 region 0:0x00000000fe6a0000
05-08 16:17:13.080 0 0 I CPU1 : Booted secondary processor 0x0000000100 [0x412fd050]
05-08 16:17:13.080 3080 3080 I : CPU1 is up
05-08 16:17:13.081 0 0 I : Detected VIPT I-cache on CPU2
05-08 16:17:13.081 0 0 I GICv3 : CPU2: found redistributor 200 region 0:0x00000000fe6c0000
05-08 16:17:13.082 0 0 I CPU2 : Booted secondary processor 0x0000000200 [0x412fd050]
05-08 16:17:13.082 3080 3080 I : CPU2 is up
05-08 16:17:13.083 0 0 I : Detected VIPT I-cache on CPU3
05-08 16:17:13.083 0 0 I GICv3 : CPU3: found redistributor 300 region 0:0x00000000fe6e0000
05-08 16:17:13.083 0 0 I CPU3 : Booted secondary processor 0x0000000300 [0x412fd050]
05-08 16:17:13.084 3080 3080 I : CPU3 is up
05-08 16:17:13.084 0 0 I : Detected PIPT I-cache on CPU4
05-08 16:17:13.084 0 0 I GICv3 : CPU4: found redistributor 400 region 0:0x00000000fe700000
05-08 16:17:13.085 0 0 I CPU4 : Booted secondary processor 0x0000000400 [0x414fd0b0]
05-08 16:17:13.086 3080 3080 I : CPU4 is up
05-08 16:17:13.087 0 0 I : Detected PIPT I-cache on CPU5
05-08 16:17:13.087 0 0 I GICv3 : CPU5: found redistributor 500 region 0:0x00000000fe720000
05-08 16:17:13.087 0 0 I CPU5 : Booted secondary processor 0x0000000500 [0x414fd0b0]
05-08 16:17:13.088 3080 3080 I : CPU5 is up
05-08 16:17:13.089 0 0 I : Detected PIPT I-cache on CPU6
05-08 16:17:13.089 0 0 I GICv3 : CPU6: found redistributor 600 region 0:0x00000000fe740000
05-08 16:17:13.089 0 0 I CPU6 : Booted secondary processor 0x0000000600 [0x414fd0b0]
05-08 16:17:13.090 3080 3080 I : CPU6 is up
05-08 16:17:13.091 0 0 I : Detected PIPT I-cache on CPU7
05-08 16:17:13.091 0 0 I GICv3 : CPU7: found redistributor 700 region 0:0x00000000fe760000
05-08 16:17:13.091 0 0 I CPU7 : Booted secondary processor 0x0000000700 [0x414fd0b0]
05-08 16:17:13.092 3080 3080 I : CPU7 is up
05-08 16:17:13.099 3080 3080 I rk_gmac-dwmac fe1c0000.ethernet: init for RGMII
05-08 16:17:13.099 11605 11605 I usb1 : root hub lost power or was reset
05-08 16:17:13.107 11606 11606 I usb3 : root hub lost power or was reset
05-08 16:17:13.107 11606 11606 I usb4 : root hub lost power or was reset
05-08 16:17:13.109 3080 3080 E PM : dpm_run_callback(): wacom_i2c_resume+0x0/0xdc returns -6
05-08 16:17:13.109 3080 3080 E PM : Device 4-0009 failed to resume: error -6
05-08 16:17:13.172 3080 3080 I usb2 : root hub lost power or was reset
05-08 16:17:13.588 11603 11603 I usb 4-1 : reset SuperSpeed Gen 1 USB device number 2 using xhci-hcd
05-08 16:17:13.608 3080 3080 I : OOM killer enabled.
05-08 16:17:13.608 3080 3080 I : Restarting tasks ...
05-08 16:17:13.623 6849 6849 I : read descriptors
05-08 16:17:13.623 6849 6849 I : read strings
05-08 16:17:13.624 1 1 I init : processing action (sys.usb.config=adb && sys.usb.configfs=1 && sys.usb.ffs.ready=1) from (/system/etc/init/hw/init.usb.configfs.rc:20)
05-08 16:17:13.626 1 1 I init : Command 'symlink /config/usb_gadget/g1/functions/ffs.adb /config/usb_gadget/g1/configs/b.1/f1' action=sys.usb.config=adb && sys.usb.configfs=1 && sys.usb.ffs.ready=1 (/system/etc/init/hw/init.usb.configfs.rc:22) took 0ms and failed: symlink() failed: File exists
05-08 16:17:13.626 1 1 I init : Command 'write /config/usb_gadget/g1/UDC ${sys.usb.controller}' action=sys.usb.config=adb && sys.usb.configfs=1 && sys.usb.ffs.ready=1 (/system/etc/init/hw/init.usb.configfs.rc:23) took 0ms and failed: Unable to write to file '/config/usb_gadget/g1/UDC': Unable to write file contents: Device or resource busy
05-08 16:17:13.628 8497 8497 I : mmc_host mmc0: Bus speed (slot 0) = 400000Hz (slot req 400000Hz, actual 400000HZ div = 0)
05-08 16:17:13.642 3080 3080 W : done.
05-08 16:17:13.645 3080 3080 I : Resume caused by IRQ 121, husb311
05-08 16:17:13.645 3080 3080 I PM : suspend exit
05-08 16:17:13.746 3080 3080 I PM : suspend entry (deep)
05-08 16:17:13.809 8497 8497 I : mmc_host mmc0: Bus speed (slot 0) = 49500000Hz (slot req 50000000Hz, actual 49500000HZ div = 0)
05-08 16:17:13.849 3080 3080 I Filesystems sync: 0.103 seconds
05-08 16:17:13.849 3080 3080 I : Freezing user space processes ... (elapsed 0.010 seconds) done.
05-08 16:17:13.860 3080 3080 I : OOM killer disabled.
05-08 16:17:13.860 3080 3080 I : Freezing remaining freezable tasks ... (elapsed 0.171 seconds) done.
05-08 16:17:14.031 3080 3080 I printk : Suspending console(s) (use no_console_suspend to debug)
05-08 16:17:14.114 3080 3080 E regulator-dummy: Underflow of regulator enable count
05-08 16:09:22.863 456 485 I RIL : ---> enter mainloop wait at port
05-08 16:09:22.863 456 485 D RIL-DEV : Get modem info
05-08 16:09:22.864 456 485 D RIL-DEV : [05-08_16:09:22:864] idVendor = 1d6b
05-08 16:09:22.864 456 485 D RIL-DEV :
05-08 16:09:22.864 456 485 D RIL-DEV : [05-08_16:09:22:864] idVendor = 1d6b
05-08 16:09:22.864 456 485 D RIL-DEV :
05-08 16:09:22.864 456 485 D RIL-DEV : [05-08_16:09:22:864] idVendor = 1d6b
05-08 16:09:22.864 456 485 D RIL-DEV :
05-08 16:09:22.864 456 485 D RIL-DEV : [05-08_16:09:22:864] idVendor = 0781
05-08 16:09:22.864 456 485 D RIL-DEV :
05-08 16:09:22.864 456 485 D RIL-DEV : [05-08_16:09:22:865] idVendor = 1d6b
05-08 16:09:22.864 456 485 D RIL-DEV :
05-08 16:09:22.864 456 485 E RIL-DEV : Cannot find Meig devices
05-08 16:09:22.864 456 485 I RIL : ---> can't find meig usb devices
05-08 16:17:14.114 3080 3080 E wacom_i2c 4-0009: disable regulator failed -22
05-08 16:17:14.348 3080 3080 I : Disabling non-boot CPUs ...
05-08 16:17:14.349 3080 3080 I psci : CPU1 killed (polled 0 ms)
05-08 16:17:14.350 3080 3080 I psci : CPU2 killed (polled 0 ms)
05-08 16:17:14.352 3080 3080 I psci : CPU3 killed (polled 0 ms)
05-08 16:17:14.354 3080 3080 I psci : CPU4 killed (polled 0 ms)
05-08 16:17:14.355 3080 3080 I psci : CPU5 killed (polled 0 ms)
05-08 16:17:14.358 3080 3080 I psci : CPU6 killed (polled 4 ms)
05-08 16:17:14.359 3080 3080 I psci : CPU7 killed (polled 0 ms)
05-08 16:17:14.571 0 0 W [ C0] PM: pm_system_irq_wakeup: 121 triggered husb311
05-08 16:17:14.572 3080 3080 I : Enabling non-boot CPUs ...
05-08 16:17:14.573 0 0 I : Detected VIPT I-cache on CPU1
05-08 16:17:14.573 0 0 I GICv3 : CPU1: found redistributor 100 region 0:0x00000000fe6a0000
05-08 16:17:14.573 0 0 I CPU1 : Booted secondary processor 0x0000000100 [0x412fd050]
05-08 16:17:14.573 3080 3080 I : CPU1 is up
05-08 16:17:14.574 0 0 I : Detected VIPT I-cache on CPU2
05-08 16:17:14.574 0 0 I GICv3 : CPU2: found redistributor 200 region 0:0x00000000fe6c0000
05-08 16:17:14.574 0 0 I CPU2 : Booted secondary processor 0x0000000200 [0x412fd050]
05-08 16:17:14.575 3080 3080 I : CPU2 is up
05-08 16:17:14.576 0 0 I : Detected VIPT I-cache on CPU3
05-08 16:17:14.576 0 0 I GICv3 : CPU3: found redistributor 300 region 0:0x00000000fe6e0000
05-08 16:17:14.576 0 0 I CPU3 : Booted secondary processor 0x0000000300 [0x412fd050]
05-08 16:17:14.577 3080 3080 I : CPU3 is up
05-08 16:17:14.577 0 0 I : Detected PIPT I-cache on CPU4
05-08 16:17:14.578 0 0 I GICv3 : CPU4: found redistributor 400 region 0:0x00000000fe700000
05-08 16:17:14.578 0 0 I CPU4 : Booted secondary processor 0x0000000400 [0x414fd0b0]
05-08 16:17:14.579 3080 3080 I : CPU4 is up
05-08 16:17:14.580 0 0 I : Detected PIPT I-cache on CPU5
05-08 16:17:14.580 0 0 I GICv3 : CPU5: found redistributor 500 region 0:0x00000000fe720000
05-08 16:17:14.580 0 0 I CPU5 : Booted secondary processor 0x0000000500 [0x414fd0b0]
05-08 16:17:14.581 3080 3080 I : CPU5 is up
05-08 16:17:14.582 0 0 I : Detected PIPT I-cache on CPU6
05-08 16:17:14.582 0 0 I GICv3 : CPU6: found redistributor 600 region 0:0x00000000fe740000
05-08 16:17:14.582 0 0 I CPU6 : Booted secondary processor 0x0000000600 [0x414fd0b0]
05-08 16:17:14.583 3080 3080 I : CPU6 is up
05-08 16:17:14.584 0 0 I : Detected PIPT I-cache on CPU7
05-08 16:17:14.584 0 0 I GICv3 : CPU7: found redistributor 700 region 0:0x00000000fe760000
05-08 16:17:14.584 0 0 I CPU7 : Booted secondary processor 0x0000000700 [0x414fd0b0]
05-08 16:17:14.585 3080 3080 I : CPU7 is up
05-08 16:17:14.592 3080 3080 I rk_gmac-dwmac fe1c0000.ethernet: init for RGMII
05-08 16:17:14.592 11599 11599 I usb1 : root hub lost power or was reset
05-08 16:17:14.600 11614 11614 I usb3 : root hub lost power or was reset
05-08 16:17:14.600 11614 11614 I usb4 : root hub lost power or was reset
05-08 16:17:14.601 3080 3080 E PM : dpm_run_callback(): wacom_i2c_resume+0x0/0xdc returns -6
05-08 16:17:14.601 3080 3080 E PM : Device 4-0009 failed to resume: error -6
05-08 16:17:14.664 3080 3080 I usb2 : root hub lost power or was reset
05-08 16:17:15.080 11610 11610 I usb 4-1 : reset SuperSpeed Gen 1 USB device number 2 using xhci-hcd
05-08 16:17:15.100 3080 3080 I : OOM killer enabled.
05-08 16:17:15.100 3080 3080 I : Restarting tasks ... done.
05-08 16:17:15.117 10351 10351 I : mmc_host mmc0: Bus speed (slot 0) = 400000Hz (slot req 400000Hz, actual 400000HZ div = 0)
05-08 16:17:15.119 3080 3080 I : Resume caused by IRQ 121, husb311
05-08 16:17:15.119 3080 3080 I PM : suspend exit
05-08 16:17:15.220 3080 3080 I PM : suspend entry (deep)
05-08 16:17:15.300 10351 10351 I : mmc_host mmc0: Bus speed (slot 0) = 49500000Hz (slot req 50000000Hz, actual 49500000HZ div = 0)
05-08 16:17:15.326 3080 3080 I Filesystems sync: 0.106 seconds
05-08 16:17:15.326 3080 3080 I : Freezing user space processes ... (elapsed 0.007 seconds) done.
05-08 16:17:15.334 3080 3080 I : OOM killer disabled.
05-08 16:17:15.334 3080 3080 I : Freezing remaining freezable tasks ... (elapsed 0.188 seconds) done.
05-08 16:17:15.523 3080 3080 I printk : Suspending console(s) (use no_console_suspend to debug)
05-08 16:17:15.605 3080 3080 E regulator-dummy: Underflow of regulator enable count
05-08 16:17:15.606 3080 3080 E wacom_i2c 4-0009: disable regulator failed -22
05-08 16:17:15.839 3080 3080 I : Disabling non-boot CPUs ...
05-08 16:17:15.840 3080 3080 I psci : CPU1 killed (polled 0 ms)
05-08 16:17:15.842 3080 3080 I psci : CPU2 killed (polled 0 ms)
05-08 16:17:15.843 3080 3080 I psci : CPU3 killed (polled 0 ms)
05-08 16:17:15.846 3080 3080 I psci : CPU4 killed (polled 0 ms)
05-08 16:17:15.847 3080 3080 I psci : CPU5 killed (polled 0 ms)
05-08 16:17:15.849 3080 3080 I psci : CPU6 killed (polled 0 ms)
05-08 16:17:15.850 3080 3080 I psci : CPU7 killed (polled 0 ms)
05-08 16:17:16.088 0 0 W [ C0] PM: pm_system_irq_wakeup: 121 triggered husb311
05-08 16:17:16.089 3080 3080 I : Enabling non-boot CPUs ...
05-08 16:17:16.090 0 0 I : Detected VIPT I-cache on CPU1
05-08 16:17:16.090 0 0 I GICv3 : CPU1: found redistributor 100 region 0:0x00000000fe6a0000
05-08 16:17:16.090 0 0 I CPU1 : Booted secondary processor 0x0000000100 [0x412fd050]
05-08 16:17:16.091 3080 3080 I : CPU1 is up
05-08 16:17:16.092 0 0 I : Detected VIPT I-cache on CPU2
05-08 16:17:16.092 0 0 I GICv3 : CPU2: found redistributor 200 region 0:0x00000000fe6c0000
05-08 16:17:16.092 0 0 I CPU2 : Booted secondary processor 0x0000000200 [0x412fd050]
05-08 16:17:16.092 3080 3080 I : CPU2 is up
05-08 16:17:16.093 0 0 I : Detected VIPT I-cache on CPU3
05-08 16:17:16.093 0 0 I GICv3 : CPU3: found redistributor 300 region 0:0x00000000fe6e0000
05-08 16:17:16.093 0 0 I CPU3 : Booted secondary processor 0x0000000300 [0x412fd050]
05-08 16:17:16.094 3080 3080 I : CPU3 is up
05-08 16:17:16.095 0 0 I : Detected PIPT I-cache on CPU4
05-08 16:17:16.095 0 0 I GICv3 : CPU4: found redistributor 400 region 0:0x00000000fe700000
05-08 16:17:16.095 0 0 I CPU4 : Booted secondary processor 0x0000000400 [0x414fd0b0]
05-08 16:17:16.096 3080 3080 I : CPU4 is up
05-08 16:17:16.097 0 0 I : Detected PIPT I-cache on CPU5
05-08 16:17:16.097 0 0 I GICv3 : CPU5: found redistributor 500 region 0:0x00000000fe720000
05-08 16:17:16.097 0 0 I CPU5 : Booted secondary processor 0x0000000500 [0x414fd0b0]
05-08 16:17:16.098 3080 3080 I : CPU5 is up
05-08 16:17:16.099 0 0 I : Detected PIPT I-cache on CPU6
05-08 16:17:16.099 0 0 I GICv3 : CPU6: found redistributor 600 region 0:0x00000000fe740000
05-08 16:17:16.099 0 0 I CPU6 : Booted secondary processor 0x0000000600 [0x414fd0b0]
05-08 16:17:16.100 3080 3080 I : CPU6 is up
05-08 16:17:16.101 0 0 I : Detected PIPT I-cache on CPU7
05-08 16:17:16.101 0 0 I GICv3 : CPU7: found redistributor 700 region 0:0x00000000fe760000
05-08 16:17:16.101 0 0 I CPU7 : Booted secondary processor 0x0000000700 [0x414fd0b0]
05-08 16:17:16.102 3080 3080 I : CPU7 is up
05-08 16:17:16.108 3080 3080 I rk_gmac-dwmac fe1c0000.ethernet: init for RGMII
05-08 16:17:16.108 8074 8074 I usb1 : root hub lost power or was reset
05-08 16:17:16.115 11600 11600 I usb3 : root hub lost power or was reset
05-08 16:17:16.115 11600 11600 I usb4 : root hub lost power or was reset
05-08 16:17:16.117 3080 3080 E PM : dpm_run_callback(): wacom_i2c_resume+0x0/0xdc returns -6
05-08 16:17:16.117 3080 3080 E PM : Device 4-0009 failed to resume: error -6
05-08 16:17:16.178 3080 3080 I usb2 : root hub lost power or was reset
05-08 16:17:16.594 11598 11598 I usb 4-1 : reset SuperSpeed Gen 1 USB device number 2 using xhci-hcd
05-08 16:17:16.617 3080 3080 I : OOM killer enabled.
05-08 16:17:16.617 3080 3080 I : Restarting tasks ...
05-08 16:17:16.642 7226 7226 I : mmc_host mmc0: Bus speed (slot 0) = 400000Hz (slot req 400000Hz, actual 400000HZ div = 0)
05-08 16:17:16.654 3080 3080 W : done.
05-08 16:17:16.658 3080 3080 I : Resume caused by IRQ 121, husb311
05-08 16:17:16.658 3080 3080 I PM : suspend exit
05-08 16:17:16.759 3080 3080 I PM : suspend entry (deep)
05-08 16:17:16.826 7226 7226 I : mmc_host mmc0: Bus speed (slot 0) = 49500000Hz (slot req 50000000Hz, actual 49500000HZ div = 0)
05-08 16:17:16.866 3080 3080 I Filesystems sync: 0.106 seconds
05-08 16:17:16.866 3080 3080 I : Freezing user space processes ... (elapsed 0.007 seconds) done.
05-08 16:17:16.874 3080 3080 I : OOM killer disabled.
05-08 16:17:16.874 3080 3080 I : Freezing remaining freezable tasks ... (elapsed 0.168 seconds) done.
05-08 16:17:17.043 3080 3080 I printk : Suspending console(s) (use no_console_suspend to debug)
05-08 16:17:17.123 3080 3080 E regulator-dummy: Underflow of regulator enable count
05-08 16:17:17.123 3080 3080 E wacom_i2c 4-0009: disable regulator failed -22
05-08 16:17:17.357 3080 3080 I : Disabling non-boot CPUs ...
05-08 16:17:17.358 3080 3080 I psci : CPU1 killed (polled 0 ms)
05-08 16:17:17.360 3080 3080 I psci : CPU2 killed (polled 0 ms)
05-08 16:17:17.361 3080 3080 I psci : CPU3 killed (polled 0 ms)
05-08 16:17:17.364 3080 3080 I psci : CPU4 killed (polled 4 ms)
05-08 16:17:17.366 3080 3080 I psci : CPU5 killed (polled 0 ms)
05-08 16:17:17.368 3080 3080 I psci : CPU6 killed (polled 0 ms)
05-08 16:17:17.370 3080 3080 I psci : CPU7 killed (polled 0 ms)
05-08 16:17:17.582 0 0 W [ C0] PM: pm_system_irq_wakeup: 121 triggered husb311
05-08 16:17:17.582 3080 3080 I : Enabling non-boot CPUs ...
05-08 16:17:17.583 0 0 I : Detected VIPT I-cache on CPU1
05-08 16:17:17.584 0 0 I GICv3 : CPU1: found redistributor 100 region 0:0x00000000fe6a0000
05-08 16:17:17.584 0 0 I CPU1 : Booted secondary processor 0x0000000100 [0x412fd050]
05-08 16:17:17.584 3080 3080 I : CPU1 is up
05-08 16:17:17.585 0 0 I : Detected VIPT I-cache on CPU2
05-08 16:17:17.585 0 0 I GICv3 : CPU2: found redistributor 200 region 0:0x00000000fe6c0000
05-08 16:17:17.585 0 0 I CPU2 : Booted secondary processor 0x0000000200 [0x412fd050]
05-08 16:17:17.586 3080 3080 I : CPU2 is up
05-08 16:17:17.587 0 0 I : Detected VIPT I-cache on CPU3
05-08 16:17:17.587 0 0 I GICv3 : CPU3: found redistributor 300 region 0:0x00000000fe6e0000
05-08 16:17:17.587 0 0 I CPU3 : Booted secondary processor 0x0000000300 [0x412fd050]
05-08 16:17:17.587 3080 3080 I : CPU3 is up
05-08 16:17:17.588 0 0 I : Detected PIPT I-cache on CPU4
05-08 16:17:17.588 0 0 I GICv3 : CPU4: found redistributor 400 region 0:0x00000000fe700000
05-08 16:17:17.588 0 0 I CPU4 : Booted secondary processor 0x0000000400 [0x414fd0b0]
05-08 16:17:17.590 3080 3080 I : CPU4 is up
05-08 16:17:17.591 0 0 I : Detected PIPT I-cache on CPU5
05-08 16:17:17.591 0 0 I GICv3 : CPU5: found redistributor 500 region 0:0x00000000fe720000
05-08 16:17:17.591 0 0 I CPU5 : Booted secondary processor 0x0000000500 [0x414fd0b0]
05-08 16:17:17.592 3080 3080 I : CPU5 is up
05-08 16:17:17.593 0 0 I : Detected PIPT I-cache on CPU6
05-08 16:17:17.593 0 0 I GICv3 : CPU6: found redistributor 600 region 0:0x00000000fe740000
05-08 16:17:17.593 0 0 I CPU6 : Booted secondary processor 0x0000000600 [0x414fd0b0]
05-08 16:17:17.594 3080 3080 I : CPU6 is up
05-08 16:17:17.595 0 0 I : Detected PIPT I-cache on CPU7
05-08 16:17:17.595 0 0 I GICv3 : CPU7: found redistributor 700 region 0:0x00000000fe760000
05-08 16:17:17.595 0 0 I CPU7 : Booted secondary processor 0x0000000700 [0x414fd0b0]
05-08 16:17:17.596 3080 3080 I : CPU7 is up
05-08 16:17:17.602 3080 3080 I rk_gmac-dwmac fe1c0000.ethernet: init for RGMII
05-08 16:17:17.603 11613 11613 I usb1 : root hub lost power or was reset
05-08 16:17:17.610 11606 11606 I usb3 : root hub lost power or was reset
05-08 16:17:17.610 11606 11606 I usb4 : root hub lost power or was reset
05-08 16:17:17.611 3080 3080 E PM : dpm_run_callback(): wacom_i2c_resume+0x0/0xdc returns -6
05-08 16:17:17.611 3080 3080 E PM : Device 4-0009 failed to resume: error -6
05-08 16:17:17.673 3080 3080 I usb2 : root hub lost power or was reset
05-08 16:17:18.089 11615 11615 I usb 4-1 : reset SuperSpeed Gen 1 USB device number 2 using xhci-hcd
05-08 16:17:18.113 3080 3080 I : OOM killer enabled.
05-08 16:17:18.113 3080 3080 I : Restarting tasks ... done.
05-08 16:17:18.130 8497 8497 I : mmc_host mmc0: Bus speed (slot 0) = 400000Hz (slot req 400000Hz, actual 400000HZ div = 0)
05-08 16:17:18.132 3080 3080 I : Resume caused by IRQ 121, husb311
05-08 16:17:18.132 3080 3080 I PM : suspend exit
05-08 16:09:25.885 456 485 I RIL : ---> enter mainloop wait at port
05-08 16:09:25.885 456 485 D RIL-DEV : Get modem info
05-08 16:09:25.885 456 485 D RIL-DEV : [05-08_16:09:25:886] idVendor = 1d6b
05-08 16:09:25.885 456 485 D RIL-DEV :
05-08 16:09:25.885 456 485 D RIL-DEV : [05-08_16:09:25:886] idVendor = 1d6b
05-08 16:09:25.885 456 485 D RIL-DEV :
05-08 16:09:25.886 456 485 D RIL-DEV : [05-08_16:09:25:886] idVendor = 1d6b
05-08 16:09:25.886 456 485 D RIL-DEV :
05-08 16:09:25.886 456 485 D RIL-DEV : [05-08_16:09:25:886] idVendor = 0781
05-08 16:09:25.886 456 485 D RIL-DEV :
05-08 16:09:25.886 456 485 D RIL-DEV : [05-08_16:09:25:886] idVendor = 1d6b
05-08 16:09:25.886 456 485 D RIL-DEV :
05-08 16:09:25.886 456 485 E RIL-DEV : Cannot find Meig devices
05-08 16:09:25.886 456 485 I RIL : ---> can't find meig usb devices
05-08 16:17:18.234 460 460 I light_ltrx1303 5-0053: set sensor poll time to 200ms
05-08 16:17:18.263 460 460 I light_ltrx1303 5-0053: sensor on: starting poll sensor data 196ms
05-08 16:09:26.027 975 975 D RILJ : [0196]> SEND_DEVICE_STATE 2:false [PHONE0]
05-08 16:09:26.029 456 456 D RILC : sendDeviceState: calling screen state 1
05-08 16:09:26.029 456 456 D RIL : onRequest number : 61
05-08 16:09:26.029 456 456 D RIL : onRequest: SCREEN_STATE
05-08 16:09:26.029 456 456 D RIL : onRequest in unavalable state
05-08 16:09:26.029 975 1118 D RILJ : [0196]< SEND_DEVICE_STATE error 1 [PHONE0]
05-08 16:09:26.029 975 1118 D RilRequest: [0196]< SEND_DEVICE_STATE error: com.android.internal.telephony.CommandException: RADIO_NOT_AVAILABLE ret= result=null
05-08 16:17:18.276 460 460 I gsensor_mxc6655 5-0015: set sensor poll time to 200ms
05-08 16:17:18.277 460 460 I gsensor_mxc6655 5-0015: sensor on: starting poll sensor data 196ms
05-08 16:09:26.039 975 975 D RILJ : [0197]> SET_UNSOLICITED_RESPONSE_FILTER 127 [PHONE0]
05-08 16:09:26.040 975 975 E RILJ : setSignalStrengthReportingCriteria ignored on IRadio version less than 1.2 [PHONE0]
05-08 16:09:26.040 975 975 E RILJ : setSignalStrengthReportingCriteria ignored on IRadio version less than 1.2 [PHONE0]
05-08 16:09:26.040 975 975 E RILJ : setSignalStrengthReportingCriteria ignored on IRadio version less than 1.2 [PHONE0]
05-08 16:09:26.040 975 975 D NetworkTypeController: [0] LegacyState: process EVENT_PHYSICAL_CHANNEL_CONFIG_NOTIF_CHANGED
05-08 16:09:26.040 975 975 D NetworkTypeController: [0] Remove all timers
05-08 16:09:26.040 975 975 D NetworkTypeController: [0] DefaultState: process EVENT_PHYSICAL_CHANNEL_CONFIG_NOTIF_CHANGED
05-08 16:09:26.040 975 975 D NetworkTypeController: [0] mIsPhysicalChannelConfigOn changed to: true
05-08 16:17:20.743 431 431 W healthd : battery l=44 v=7596 t=32.5 h=1 st=3 c=0 fc=9700000 cc=5 chg=
05-08 16:09:26.041 975 1118 D RILJ : [0197]< SET_UNSOLICITED_RESPONSE_FILTER error 6 [PHONE0]
05-08 16:09:26.041 975 1118 D RilRequest: [0197]< SET_UNSOLICITED_RESPONSE_FILTER error: com.android.internal.telephony.CommandException: REQUEST_NOT_SUPPORTED ret= result=null
05-08 16:17:20.753 343 343 W : <<-GTP-ERROR->> I2C Read: 0x8047, 1 bytes failed, errcode: -6! Process reset.
05-08 16:17:20.768 460 460 I gsensor_mxc6655 5-0015: set sensor poll time to 66ms
05-08 16:17:20.770 8497 8497 I : mmc_host mmc0: Bus speed (slot 0) = 49500000Hz (slot req 50000000Hz, actual 49500000HZ div = 0)
05-08 16:17:20.849 343 343 W : <<-GTP-ERROR->> GTP i2c test failed time 1.
05-08 16:17:20.943 6849 6849 I : read descriptors
05-08 16:17:20.943 6849 6849 I : read strings
05-08 16:17:21.529 343 343 I rockchip-vop2 fdd90000.vop: [drm:vop2_crtc_atomic_enable] Update mode to 1536x2048p55, type: 16(if:60) for vp2 dclk: 192000000
05-08 16:17:21.530 1 1 I init : processing action (sys.usb.config=adb && sys.usb.configfs=1 && sys.usb.ffs.ready=1) from (/system/etc/init/hw/init.usb.configfs.rc:20)
05-08 16:17:21.531 343 343 I rockchip-vop2 fdd90000.vop: [drm:vop2_crtc_atomic_enable] dclk_out2 div: 2 dclk_core2 div: 1
05-08 16:17:21.531 343 343 I rockchip-vop2 fdd90000.vop: [drm:vop2_crtc_atomic_enable] set dclk_vop2 to 96000000, get 96000000
05-08 16:17:21.533 1 1 I init : Command 'symlink /config/usb_gadget/g1/functions/ffs.adb /config/usb_gadget/g1/configs/b.1/f1' action=sys.usb.config=adb && sys.usb.configfs=1 && sys.usb.ffs.ready=1 (/system/etc/init/hw/init.usb.configfs.rc:22) took 0ms and failed: symlink() failed: File exists
05-08 16:17:21.533 1 1 I init : Command 'write /config/usb_gadget/g1/UDC ${sys.usb.controller}' action=sys.usb.config=adb && sys.usb.configfs=1 && sys.usb.ffs.ready=1 (/system/etc/init/hw/init.usb.configfs.rc:23) took 0ms and failed: Unable to write to file '/config/usb_gadget/g1/UDC': Unable to write file contents: Device or resource busy
05-08 16:09:26.850 975 975 D DCT-C-0 : screen on
05-08 16:09:26.850 975 975 D DCT-C-0 : stopNetStatPoll
05-08 16:17:22.035 343 343 I dw-mipi-dsi2 fde20000.dsi: [drm:dw_mipi_dsi2_encoder_enable] final DSI-Link bandwidth: 639999 x 8 Kbps
05-08 16:17:22.581 6849 6849 I : read descriptors
05-08 16:17:22.581 6849 6849 I : read strings
05-08 16:17:22.583 1 1 I init : processing action (sys.usb.config=adb && sys.usb.configfs=1 && sys.usb.ffs.ready=1) from (/system/etc/init/hw/init.usb.configfs.rc:20)
05-08 16:17:22.587 1 1 I init : Command 'symlink /config/usb_gadget/g1/functions/ffs.adb /config/usb_gadget/g1/configs/b.1/f1' action=sys.usb.config=adb && sys.usb.configfs=1 && sys.usb.ffs.ready=1 (/system/etc/init/hw/init.usb.configfs.rc:22) took 2ms and failed: symlink() failed: File exists
05-08 16:17:22.588 1 1 I init : Command 'write /config/usb_gadget/g1/UDC ${sys.usb.controller}' action=sys.usb.config=adb && sys.usb.configfs=1 && sys.usb.ffs.ready=1 (/system/etc/init/hw/init.usb.configfs.rc:23) took 1ms and failed: Unable to write to file '/config/usb_gadget/g1/UDC': Unable to write file contents: Device or resource busy
05-08 16:09:27.886 456 485 I RIL : ---> enter mainloop wait at port
05-08 16:09:27.886 456 485 D RIL-DEV : Get modem info
05-08 16:09:27.887 456 485 D RIL-DEV : [05-08_16:09:27:887] idVendor = 1d6b
05-08 16:09:27.887 456 485 D RIL-DEV :
05-08 16:09:27.887 456 485 D RIL-DEV : [05-08_16:09:27:887] idVendor = 1d6b
05-08 16:09:27.887 456 485 D RIL-DEV :
05-08 16:09:27.887 456 485 D RIL-DEV : [05-08_16:09:27:888] idVendor = 1d6b
05-08 16:09:27.887 456 485 D RIL-DEV :
05-08 16:09:27.887 456 485 D RIL-DEV : [05-08_16:09:27:888] idVendor = 0781
05-08 16:09:27.887 456 485 D RIL-DEV :
05-08 16:09:27.887 456 485 D RIL-DEV : [05-08_16:09:27:888] idVendor = 1d6b
05-08 16:09:27.887 456 485 D RIL-DEV :
05-08 16:09:27.887 456 485 E RIL-DEV : Cannot find Meig devices
05-08 16:09:27.887 456 485 I RIL : ---> can't find meig usb devices
05-08 16:17:22.593 437 437 I gsensor_mxc6655 5-0015: set sensor poll time to 200ms
05-08 16:17:22.622 431 431 W healthd : battery l=44 v=7596 t=32.5 h=1 st=3 c=-256000 fc=9700000 cc=5 chg=
05-08 16:09:27.932 975 975 D RILJ : [0198]> SEND_DEVICE_STATE 2:true [PHONE0]
05-08 16:09:27.932 456 456 D RILC : sendDeviceState: calling screen state 0
05-08 16:09:27.932 456 456 D RIL : onRequest number : 61
05-08 16:09:27.932 456 456 D RIL : onRequest: SCREEN_STATE
05-08 16:09:27.932 456 456 D RIL : onRequest in unavalable state
05-08 16:09:27.933 975 1118 D RILJ : [0198]< SEND_DEVICE_STATE error 1 [PHONE0]
05-08 16:09:27.933 975 1118 D RilRequest: [0198]< SEND_DEVICE_STATE error: com.android.internal.telephony.CommandException: RADIO_NOT_AVAILABLE ret= result=null
05-08 16:09:27.933 975 975 D RILJ : [0199]> SET_UNSOLICITED_RESPONSE_FILTER 32 [PHONE0]
05-08 16:09:27.934 975 1118 D RILJ : [0199]< SET_UNSOLICITED_RESPONSE_FILTER error 6 [PHONE0]
05-08 16:09:27.934 975 975 E RILJ : setSignalStrengthReportingCriteria ignored on IRadio version less than 1.2 [PHONE0]
05-08 16:09:27.934 975 1118 D RilRequest: [0199]< SET_UNSOLICITED_RESPONSE_FILTER error: com.android.internal.telephony.CommandException: REQUEST_NOT_SUPPORTED ret= result=null
05-08 16:09:27.934 975 975 E RILJ : setSignalStrengthReportingCriteria ignored on IRadio version less than 1.2 [PHONE0]
05-08 16:09:27.936 975 975 E RILJ : setSignalStrengthReportingCriteria ignored on IRadio version less than 1.2 [PHONE0]
05-08 16:09:27.936 975 975 D NetworkTypeController: [0] LegacyState: process EVENT_PHYSICAL_CHANNEL_CONFIG_NOTIF_CHANGED
05-08 16:09:27.936 975 975 D NetworkTypeController: [0] Remove all timers
05-08 16:09:27.936 975 975 D NetworkTypeController: [0] DefaultState: process EVENT_PHYSICAL_CHANNEL_CONFIG_NOTIF_CHANGED
05-08 16:09:27.936 975 975 D NetworkTypeController: [0] mIsPhysicalChannelConfigOn changed to: false
05-08 16:09:27.936 975 975 D NetworkTypeController: [0] Remove all timers
05-08 16:17:22.902 343 343 I rockchip-vop2 fdd90000.vop: [drm:vop2_crtc_atomic_disable] Crtc atomic disable vp2
05-08 16:09:28.273 975 975 D DCT-C-0 : screen off
05-08 16:09:28.273 975 975 D DCT-C-0 : stopNetStatPoll
05-08 16:17:23.105 460 460 I light_ltrx1303 5-0053: set sensor poll time to 200ms
05-08 16:17:23.122 460 460 I light_ltrx1303 5-0053: sensor on: starting poll sensor data 196ms
05-08 16:17:23.124 431 431 W healthd : battery l=44 v=7596 t=32.5 h=1 st=3 c=0 fc=9700000 cc=5 chg=
05-08 16:17:23.125 460 460 I gsensor_mxc6655 5-0015: set sensor poll time to 200ms
05-08 16:17:23.127 460 460 I gsensor_mxc6655 5-0015: sensor on: starting poll sensor data 196ms
05-08 16:09:28.442 975 975 D RILJ : [0200]> SEND_DEVICE_STATE 2:false [PHONE0]
05-08 16:09:28.442 456 456 D RILC : sendDeviceState: calling screen state 1
05-08 16:09:28.442 456 456 D RIL : onRequest number : 61
05-08 16:09:28.442 456 456 D RIL : onRequest: SCREEN_STATE
05-08 16:09:28.442 456 456 D RIL : onRequest in unavalable state
05-08 16:09:28.443 975 975 D RILJ : [0201]> SET_UNSOLICITED_RESPONSE_FILTER 127 [PHONE0]
05-08 16:09:28.444 975 975 E RILJ : setSignalStrengthReportingCriteria ignored on IRadio version less than 1.2 [PHONE0]
05-08 16:09:28.444 975 975 E RILJ : setSignalStrengthReportingCriteria ignored on IRadio version less than 1.2 [PHONE0]
05-08 16:09:28.444 975 975 E RILJ : setSignalStrengthReportingCriteria ignored on IRadio version less than 1.2 [PHONE0]
05-08 16:09:28.444 975 975 D NetworkTypeController: [0] LegacyState: process EVENT_PHYSICAL_CHANNEL_CONFIG_NOTIF_CHANGED
05-08 16:09:28.444 975 975 D NetworkTypeController: [0] Remove all timers
05-08 16:09:28.445 975 975 D NetworkTypeController: [0] DefaultState: process EVENT_PHYSICAL_CHANNEL_CONFIG_NOTIF_CHANGED
05-08 16:09:28.445 975 975 D NetworkTypeController: [0] mIsPhysicalChannelConfigOn changed to: true
05-08 16:09:28.451 975 1118 D RILJ : [0200]< SEND_DEVICE_STATE error 1 [PHONE0]
05-08 16:09:28.451 975 1118 D RilRequest: [0200]< SEND_DEVICE_STATE error: com.android.internal.telephony.CommandException: RADIO_NOT_AVAILABLE ret= result=null
05-08 16:09:28.451 975 1118 D RILJ : [0201]< SET_UNSOLICITED_RESPONSE_FILTER error 6 [PHONE0]
05-08 16:09:28.451 975 1118 D RilRequest: [0201]< SET_UNSOLICITED_RESPONSE_FILTER error: com.android.internal.telephony.CommandException: REQUEST_NOT_SUPPORTED ret= result=null
05-08 16:09:28.484 975 975 D DCT-C-0 : screen on
05-08 16:09:28.484 975 975 D DCT-C-0 : stopNetStatPoll
05-08 16:17:23.193 343 343 I rockchip-vop2 fdd90000.vop: [drm:vop2_crtc_atomic_enable] Update mode to 1536x2048p55, type: 16(if:60) for vp2 dclk: 192000000
05-08 16:17:23.194 343 343 I rockchip-vop2 fdd90000.vop: [drm:vop2_crtc_atomic_enable] dclk_out2 div: 2 dclk_core2 div: 1
05-08 16:17:23.195 343 343 I rockchip-vop2 fdd90000.vop: [drm:vop2_crtc_atomic_enable] set dclk_vop2 to 96000000, get 96000000
05-08 16:17:23.213 460 460 I gsensor_mxc6655 5-0015: set sensor poll time to 66ms
05-08 16:17:23.633 6849 6849 I : read descriptors
05-08 16:17:23.633 6849 6849 I : read strings
05-08 16:17:23.635 1 1 I init : processing action (sys.usb.config=adb && sys.usb.configfs=1 && sys.usb.ffs.ready=1) from (/system/etc/init/hw/init.usb.configfs.rc:20)
05-08 16:17:23.637 1 1 I init : Command 'symlink /config/usb_gadget/g1/functions/ffs.adb /config/usb_gadget/g1/configs/b.1/f1' action=sys.usb.config=adb && sys.usb.configfs=1 && sys.usb.ffs.ready=1 (/system/etc/init/hw/init.usb.configfs.rc:22) took 0ms and failed: symlink() failed: File exists
05-08 16:17:23.638 1 1 I init : Command 'write /config/usb_gadget/g1/UDC ${sys.usb.controller}' action=sys.usb.config=adb && sys.usb.configfs=1 && sys.usb.ffs.ready=1 (/system/etc/init/hw/init.usb.configfs.rc:23) took 0ms and failed: Unable to write to file '/config/usb_gadget/g1/UDC': Unable to write file contents: Device or resource busy
05-08 16:17:23.699 343 343 I dw-mipi-dsi2 fde20000.dsi: [drm:dw_mipi_dsi2_encoder_enable] final DSI-Link bandwidth: 639999 x 8 Kbps
05-08 16:09:29.888 456 485 I RIL : ---> enter mainloop wait at port
05-08 16:09:29.888 456 485 D RIL-DEV : Get modem info
05-08 16:09:29.889 456 485 D RIL-DEV : [05-08_16:09:29:889] idVendor = 1d6b
05-08 16:09:29.889 456 485 D RIL-DEV :
05-08 16:09:29.889 456 485 D RIL-DEV : [05-08_16:09:29:889] idVendor = 1d6b
05-08 16:09:29.889 456 485 D RIL-DEV :
05-08 16:09:29.889 456 485 D RIL-DEV : [05-08_16:09:29:890] idVendor = 1d6b
05-08 16:09:29.889 456 485 D RIL-DEV :
05-08 16:09:29.890 456 485 D RIL-DEV : [05-08_16:09:29:890] idVendor = 0781
05-08 16:09:29.890 456 485 D RIL-DEV :
05-08 16:09:29.890 456 485 D RIL-DEV : [05-08_16:09:29:890] idVendor = 1d6b
05-08 16:09:29.890 456 485 D RIL-DEV :
05-08 16:09:29.890 456 485 E RIL-DEV : Cannot find Meig devices
05-08 16:09:29.890 456 485 I RIL : ---> can't find meig usb devices
05-08 16:17:24.680 6849 6849 I : read descriptors
05-08 16:17:24.680 6849 6849 I : read strings
05-08 16:17:24.683 1 1 I init : processing action (sys.usb.config=adb && sys.usb.configfs=1 && sys.usb.ffs.ready=1) from (/system/etc/init/hw/init.usb.configfs.rc:20)
05-08 16:17:24.685 1 1 I init : Command 'symlink /config/usb_gadget/g1/functions/ffs.adb /config/usb_gadget/g1/configs/b.1/f1' action=sys.usb.config=adb && sys.usb.configfs=1 && sys.usb.ffs.ready=1 (/system/etc/init/hw/init.usb.configfs.rc:22) took 0ms and failed: symlink() failed: File exists
05-08 16:17:24.686 1 1 I init : Command 'write /config/usb_gadget/g1/UDC ${sys.usb.controller}' action=sys.usb.config=adb && sys.usb.configfs=1 && sys.usb.ffs.ready=1 (/system/etc/init/hw/init.usb.configfs.rc:23) took 0ms and failed: Unable to write to file '/config/usb_gadget/g1/UDC': Unable to write file contents: Device or resource busy
05-08 16:17:25.766 6849 6849 I : read descriptors
05-08 16:17:25.766 6849 6849 I : read strings
05-08 16:17:25.768 1 1 I init : processing action (sys.usb.config=adb && sys.usb.configfs=1 && sys.usb.ffs.ready=1) from (/system/etc/init/hw/init.usb.configfs.rc:20)
05-08 16:09:31.891 456 485 I RIL : ---> enter mainloop wait at port
05-08 16:09:31.891 456 485 D RIL-DEV : Get modem info
05-08 16:09:31.892 456 485 D RIL-DEV : [05-08_16:09:31:892] idVendor = 1d6b
05-08 16:09:31.892 456 485 D RIL-DEV :
05-08 16:09:31.892 456 485 D RIL-DEV : [05-08_16:09:31:892] idVendor = 1d6b
05-08 16:09:31.892 456 485 D RIL-DEV :
05-08 16:09:31.892 456 485 D RIL-DEV : [05-08_16:09:31:893] idVendor = 1d6b
05-08 16:09:31.892 456 485 D RIL-DEV :
05-08 16:09:31.893 456 485 D RIL-DEV : [05-08_16:09:31:893] idVendor = 0781
05-08 16:09:31.893 456 485 D RIL-DEV :
05-08 16:09:31.893 456 485 D RIL-DEV : [05-08_16:09:31:893] idVendor = 1d6b
05-08 16:09:31.893 456 485 D RIL-DEV :
05-08 16:09:31.893 456 485 E RIL-DEV : Cannot find Meig devices
05-08 16:09:31.893 456 485 I RIL : ---> can't find meig usb devices
05-08 16:17:26.830 6849 6849 I : read descriptors
05-08 16:17:26.830 6849 6849 I : read strings
05-08 16:17:27.873 6849 6849 I : read descriptors
05-08 16:17:27.873 6849 6849 I : read strings
05-08 16:17:27.876 1 1 I init : processing action (sys.usb.config=adb && sys.usb.configfs=1 && sys.usb.ffs.ready=1) from (/system/etc/init/hw/init.usb.configfs.rc:20)
05-08 16:17:27.878 1 1 I init : Command 'symlink /config/usb_gadget/g1/functions/ffs.adb /config/usb_gadget/g1/configs/b.1/f1' action=sys.usb.config=adb && sys.usb.configfs=1 && sys.usb.ffs.ready=1 (/system/etc/init/hw/init.usb.configfs.rc:22) took 0ms and failed: symlink() failed: File exists
05-08 16:17:27.878 1 1 I init : Command 'write /config/usb_gadget/g1/UDC ${sys.usb.controller}' action=sys.usb.config=adb && sys.usb.configfs=1 && sys.usb.ffs.ready=1 (/system/etc/init/hw/init.usb.configfs.rc:23) took 0ms and failed: Unable to write to file '/config/usb_gadget/g1/UDC': Unable to write file contents: Device or resource busy
05-08 16:09:33.894 456 485 I RIL : ---> enter mainloop wait at port
05-08 16:09:33.894 456 485 D RIL-DEV : Get modem info
05-08 16:09:33.895 456 485 D RIL-DEV : [05-08_16:09:33:895] idVendor = 1d6b
05-08 16:09:33.895 456 485 D RIL-DEV :
05-08 16:09:33.895 456 485 D RIL-DEV : [05-08_16:09:33:895] idVendor = 1d6b
05-08 16:09:33.895 456 485 D RIL-DEV :
05-08 16:09:33.895 456 485 D RIL-DEV : [05-08_16:09:33:896] idVendor = 1d6b
05-08 16:09:33.895 456 485 D RIL-DEV :
05-08 16:09:33.896 456 485 D RIL-DEV : [05-08_16:09:33:896] idVendor = 0781
05-08 16:09:33.896 456 485 D RIL-DEV :
05-08 16:09:33.896 456 485 D RIL-DEV : [05-08_16:09:33:896] idVendor = 1d6b
05-08 16:09:33.896 456 485 D RIL-DEV :
05-08 16:09:33.896 456 485 E RIL-DEV : Cannot find Meig devices
05-08 16:09:33.896 456 485 I RIL : ---> can't find meig usb devices
05-08 16:17:28.949 6849 6849 I : read descriptors
05-08 16:17:28.950 6849 6849 I : read strings
05-08 16:17:28.953 1 1 I init : processing action (sys.usb.config=adb && sys.usb.configfs=1 && sys.usb.ffs.ready=1) from (/system/etc/init/hw/init.usb.configfs.rc:20)
05-08 16:17:28.955 1 1 I init : Command 'symlink /config/usb_gadget/g1/functions/ffs.adb /config/usb_gadget/g1/configs/b.1/f1' action=sys.usb.config=adb && sys.usb.configfs=1 && sys.usb.ffs.ready=1 (/system/etc/init/hw/init.usb.configfs.rc:22) took 0ms and failed: symlink() failed: File exists
05-08 16:17:28.955 1 1 I init : Command 'write /config/usb_gadget/g1/UDC ${sys.usb.controller}' action=sys.usb.config=adb && sys.usb.configfs=1 && sys.usb.ffs.ready=1 (/system/etc/init/hw/init.usb.configfs.rc:23) took 0ms and failed: Unable to write to file '/config/usb_gadget/g1/UDC': Unable to write file contents: Device or resource busy
05-08 16:17:29.999 6849 6849 I : read descriptors
05-08 16:17:30.000 6849 6849 I : read strings
05-08 16:17:30.003 1 1 I init : processing action (sys.usb.config=adb && sys.usb.configfs=1 && sys.usb.ffs.ready=1) from (/system/etc/init/hw/init.usb.configfs.rc:20)
05-08 16:17:30.005 1 1 I init : Command 'symlink /config/usb_gadget/g1/functions/ffs.adb /config/usb_gadget/g1/configs/b.1/f1' action=sys.usb.config=adb && sys.usb.configfs=1 && sys.usb.ffs.ready=1 (/system/etc/init/hw/init.usb.configfs.rc:22) took 0ms and failed: symlink() failed: File exists
05-08 16:17:30.006 1 1 I init : Command 'write /config/usb_gadget/g1/UDC ${sys.usb.controller}' action=sys.usb.config=adb && sys.usb.configfs=1 && sys.usb.ffs.ready=1 (/system/etc/init/hw/init.usb.configfs.rc:23) took 0ms and failed: Unable to write to file '/config/usb_gadget/g1/UDC': Unable to write file contents: Device or resource busy
05-08 16:09:35.897 456 485 I RIL : ---> enter mainloop wait at port
05-08 16:09:35.897 456 485 D RIL-DEV : Get modem info
05-08 16:09:35.898 456 485 D RIL-DEV : [05-08_16:09:35:898] idVendor = 1d6b
05-08 16:09:35.898 456 485 D RIL-DEV :
05-08 16:09:35.898 456 485 D RIL-DEV : [05-08_16:09:35:899] idVendor = 1d6b
05-08 16:09:35.898 456 485 D RIL-DEV :
05-08 16:09:35.899 456 485 D RIL-DEV : [05-08_16:09:35:899] idVendor = 1d6b
05-08 16:09:35.899 456 485 D RIL-DEV :
05-08 16:09:35.899 456 485 D RIL-DEV : [05-08_16:09:35:899] idVendor = 0781
05-08 16:09:35.899 456 485 D RIL-DEV :
05-08 16:09:35.899 456 485 D RIL-DEV : [05-08_16:09:35:899] idVendor = 1d6b
05-08 16:09:35.899 456 485 D RIL-DEV :
05-08 16:09:35.899 456 485 E RIL-DEV : Cannot find Meig devices
05-08 16:09:35.899 456 485 I RIL : ---> can't find meig usb devices
05-08 16:17:31.059 6849 6849 I : read descriptors
05-08 16:17:31.059 6849 6849 I : read strings
05-08 16:17:31.061 1 1 I init : processing action (sys.usb.config=adb && sys.usb.configfs=1 && sys.usb.ffs.ready=1) from (/system/etc/init/hw/init.usb.configfs.rc:20)
05-08 16:17:32.106 6849 6849 I : read descriptors
05-08 16:17:32.106 6849 6849 I : read strings
05-08 16:09:37.900 456 485 I RIL : ---> enter mainloop wait at port
05-08 16:09:37.900 456 485 D RIL-DEV : Get modem info
05-08 16:09:37.901 456 485 D RIL-DEV : [05-08_16:09:37:901] idVendor = 1d6b
05-08 16:09:37.901 456 485 D RIL-DEV :
05-08 16:09:37.901 456 485 D RIL-DEV : [05-08_16:09:37:902] idVendor = 1d6b
05-08 16:09:37.901 456 485 D RIL-DEV :
05-08 16:09:37.902 456 485 D RIL-DEV : [05-08_16:09:37:902] idVendor = 1d6b
05-08 16:09:37.902 456 485 D RIL-DEV :
05-08 16:09:37.902 456 485 D RIL-DEV : [05-08_16:09:37:902] idVendor = 0781
05-08 16:09:37.902 456 485 D RIL-DEV :
05-08 16:09:37.902 456 485 D RIL-DEV : [05-08_16:09:37:903] idVendor = 1d6b
05-08 16:09:37.902 456 485 D RIL-DEV :
05-08 16:09:37.903 456 485 E RIL-DEV : Cannot find Meig devices
05-08 16:09:37.903 456 485 I RIL : ---> can't find meig usb devices
05-08 16:17:33.190 6849 6849 I : read descriptors
05-08 16:17:33.190 6849 6849 I : read strings
05-08 16:17:33.204 1 1 I init : processing action (sys.usb.config=adb && sys.usb.configfs=1 && sys.usb.ffs.ready=1) from (/system/etc/init/hw/init.usb.configfs.rc:20)
05-08 16:17:33.212 1 1 I init : Command 'symlink /config/usb_gadget/g1/functions/ffs.adb /config/usb_gadget/g1/configs/b.1/f1' action=sys.usb.config=adb && sys.usb.configfs=1 && sys.usb.ffs.ready=1 (/system/etc/init/hw/init.usb.configfs.rc:22) took 1ms and failed: symlink() failed: File exists
05-08 16:17:33.214 1 1 I init : Command 'write /config/usb_gadget/g1/UDC ${sys.usb.controller}' action=sys.usb.config=adb && sys.usb.configfs=1 && sys.usb.ffs.ready=1 (/system/etc/init/hw/init.usb.configfs.rc:23) took 1ms and failed: Unable to write to file '/config/usb_gadget/g1/UDC': Unable to write file contents: Device or resource busy
05-08 16:17:33.599 460 460 I gsensor_mxc6655 5-0015: set sensor poll time to 200ms
05-08 16:09:38.925 975 975 D RILJ : [0202]> SEND_DEVICE_STATE 2:true [PHONE0]
05-08 16:09:38.925 456 456 D RILC : sendDeviceState: calling screen state 0
05-08 16:09:38.925 456 456 D RIL : onRequest number : 61
05-08 16:09:38.926 456 456 D RIL : onRequest: SCREEN_STATE
05-08 16:09:38.926 456 456 D RIL : onRequest in unavalable state
05-08 16:09:38.926 975 1118 D RILJ : [0202]< SEND_DEVICE_STATE error 1 [PHONE0]
05-08 16:09:38.926 975 1118 D RilRequest: [0202]< SEND_DEVICE_STATE error: com.android.internal.telephony.CommandException: RADIO_NOT_AVAILABLE ret= result=null
05-08 16:09:38.927 975 975 D RILJ : [0203]> SET_UNSOLICITED_RESPONSE_FILTER 32 [PHONE0]
05-08 16:09:38.927 975 1118 D RILJ : [0203]< SET_UNSOLICITED_RESPONSE_FILTER error 6 [PHONE0]
05-08 16:09:38.927 975 1118 D RilRequest: [0203]< SET_UNSOLICITED_RESPONSE_FILTER error: com.android.internal.telephony.CommandException: REQUEST_NOT_SUPPORTED ret= result=null
05-08 16:09:38.929 975 975 E RILJ : setSignalStrengthReportingCriteria ignored on IRadio version less than 1.2 [PHONE0]
05-08 16:09:38.929 975 975 E RILJ : setSignalStrengthReportingCriteria ignored on IRadio version less than 1.2 [PHONE0]
05-08 16:09:38.929 975 975 E RILJ : setSignalStrengthReportingCriteria ignored on IRadio version less than 1.2 [PHONE0]
05-08 16:09:38.929 975 975 D NetworkTypeController: [0] LegacyState: process EVENT_PHYSICAL_CHANNEL_CONFIG_NOTIF_CHANGED
05-08 16:09:38.929 975 975 D NetworkTypeController: [0] Remove all timers
05-08 16:09:38.929 975 975 D NetworkTypeController: [0] DefaultState: process EVENT_PHYSICAL_CHANNEL_CONFIG_NOTIF_CHANGED
05-08 16:09:38.929 975 975 D NetworkTypeController: [0] mIsPhysicalChannelConfigOn changed to: false
05-08 16:09:38.929 975 975 D NetworkTypeController: [0] Remove all timers
05-08 16:17:33.642 431 431 W healthd : battery l=44 v=7486 t=33.0 h=1 st=3 c=-256000 fc=9700000 cc=5 chg=
05-08 16:17:33.896 343 343 I rockchip-vop2 fdd90000.vop: [drm:vop2_crtc_atomic_disable] Crtc atomic disable vp2
05-08 16:09:39.256 975 975 D DCT-C-0 : screen off
05-08 16:09:39.256 975 975 D DCT-C-0 : stopNetStatPoll
05-08 16:17:34.095 3080 3080 I PM : suspend entry (deep)
05-08 16:09:40.624 456 485 I RIL : ---> enter mainloop wait at port
