05-08 16:25:10.086 1 1 I init : Command 'symlink /config/usb_gadget/g1/functions/ffs.adb /config/usb_gadget/g1/configs/b.1/f1' action=sys.usb.config=adb && sys.usb.configfs=1 && sys.usb.ffs.ready=1 (/system/etc/init/hw/init.usb.configfs.rc:22) took 0ms and failed: symlink() failed: File exists
05-08 16:25:10.087 1 1 I init : Command 'write /config/usb_gadget/g1/UDC ${sys.usb.controller}' action=sys.usb.config=adb && sys.usb.configfs=1 && sys.usb.ffs.ready=1 (/system/etc/init/hw/init.usb.configfs.rc:23) took 0ms and failed: Unable to write to file '/config/usb_gadget/g1/UDC': Unable to write file contents: Device or resource busy
05-08 16:17:06.873 456 485 I RIL : ---> enter mainloop wait at port
05-08 16:17:06.873 456 485 D RIL-DEV : Get modem info
05-08 16:17:06.874 456 485 D RIL-DEV : [05-08_16:17:06:875] idVendor = 1d6b
05-08 16:17:06.874 456 485 D RIL-DEV :
05-08 16:17:06.874 456 485 D RIL-DEV : [05-08_16:17:06:875] idVendor = 1d6b
05-08 16:17:06.874 456 485 D RIL-DEV :
05-08 16:17:06.875 456 485 D RIL-DEV : [05-08_16:17:06:876] idVendor = 1d6b
05-08 16:17:06.875 456 485 D RIL-DEV :
05-08 16:17:06.875 456 485 D RIL-DEV : [05-08_16:17:06:876] idVendor = 0781
05-08 16:17:06.875 456 485 D RIL-DEV :
05-08 16:17:06.876 456 485 D RIL-DEV : [05-08_16:17:06:876] idVendor = 1d6b
05-08 16:17:06.876 456 485 D RIL-DEV :
05-08 16:17:06.876 456 485 E RIL-DEV : Cannot find Meig devices
05-08 16:17:06.876 456 485 I RIL : ---> can't find meig usb devices
05-08 16:17:07.003 1267 1267 W ContextImpl: Calling a method in the system process without a qualified user: android.app.ContextImpl.sendBroadcast:1181 android.content.ContextWrapper.sendBroadcast:479 cn.eben.newweather.DateWeatherService.a:19 cn.eben.newweather.DateWeatherService.a:0 cn.eben.newweather.DateWeatherService$1.handleMessage:7
05-08 16:25:11.124 6849 6849 I : read descriptors
05-08 16:25:11.124 6849 6849 I : read strings
05-08 16:25:11.127 1 1 I init : processing action (sys.usb.config=adb && sys.usb.configfs=1 && sys.usb.ffs.ready=1) from (/system/etc/init/hw/init.usb.configfs.rc:20)
05-08 16:25:11.130 1 1 I init : Command 'symlink /config/usb_gadget/g1/functions/ffs.adb /config/usb_gadget/g1/configs/b.1/f1' action=sys.usb.config=adb && sys.usb.configfs=1 && sys.usb.ffs.ready=1 (/system/etc/init/hw/init.usb.configfs.rc:22) took 0ms and failed: symlink() failed: File exists
05-08 16:25:11.131 1 1 I init : Command 'write /config/usb_gadget/g1/UDC ${sys.usb.controller}' action=sys.usb.config=adb && sys.usb.configfs=1 && sys.usb.ffs.ready=1 (/system/etc/init/hw/init.usb.configfs.rc:23) took 0ms and failed: Unable to write to file '/config/usb_gadget/g1/UDC': Unable to write file contents: Device or resource busy
05-08 16:17:08.003 1267 1267 W ContextImpl: Calling a method in the system process without a qualified user: android.app.ContextImpl.sendBroadcast:1181 android.content.ContextWrapper.sendBroadcast:479 cn.eben.newweather.DateWeatherService.a:19 cn.eben.newweather.DateWeatherService.a:0 cn.eben.newweather.DateWeatherService$1.handleMessage:7
05-08 16:25:12.177 6849 6849 I : read descriptors
05-08 16:25:12.178 6849 6849 I : read strings
05-08 16:25:12.181 1 1 I init : processing action (sys.usb.config=adb && sys.usb.configfs=1 && sys.usb.ffs.ready=1) from (/system/etc/init/hw/init.usb.configfs.rc:20)
05-08 16:17:08.876 456 485 I RIL : ---> enter mainloop wait at port
05-08 16:17:08.877 456 485 D RIL-DEV : Get modem info
05-08 16:17:08.877 456 485 D RIL-DEV : [05-08_16:17:08:878] idVendor = 1d6b
05-08 16:17:08.877 456 485 D RIL-DEV :
05-08 16:17:08.878 456 485 D RIL-DEV : [05-08_16:17:08:878] idVendor = 1d6b
05-08 16:17:08.878 456 485 D RIL-DEV :
05-08 16:17:08.878 456 485 D RIL-DEV : [05-08_16:17:08:879] idVendor = 1d6b
05-08 16:17:08.878 456 485 D RIL-DEV :
05-08 16:17:08.878 456 485 D RIL-DEV : [05-08_16:17:08:879] idVendor = 0781
05-08 16:17:08.878 456 485 D RIL-DEV :
05-08 16:17:08.879 456 485 D RIL-DEV : [05-08_16:17:08:879] idVendor = 1d6b
05-08 16:17:08.879 456 485 D RIL-DEV :
05-08 16:17:08.879 456 485 E RIL-DEV : Cannot find Meig devices
05-08 16:17:08.880 456 485 I RIL : ---> can't find meig usb devices
05-08 16:17:09.002 1267 1267 W ContextImpl: Calling a method in the system process without a qualified user: android.app.ContextImpl.sendBroadcast:1181 android.content.ContextWrapper.sendBroadcast:479 cn.eben.newweather.DateWeatherService.a:19 cn.eben.newweather.DateWeatherService.a:0 cn.eben.newweather.DateWeatherService$1.handleMessage:7
05-08 16:25:13.224 6849 6849 I : read descriptors
05-08 16:25:13.224 6849 6849 I : read strings
05-08 16:17:10.002 1267 1267 W ContextImpl: Calling a method in the system process without a qualified user: android.app.ContextImpl.sendBroadcast:1181 android.content.ContextWrapper.sendBroadcast:479 cn.eben.newweather.DateWeatherService.a:19 cn.eben.newweather.DateWeatherService.a:0 cn.eben.newweather.DateWeatherService$1.handleMessage:7
05-08 16:25:14.271 6849 6849 I : read descriptors
05-08 16:25:14.271 6849 6849 I : read strings
05-08 16:25:14.273 1 1 I init : processing action (sys.usb.config=adb && sys.usb.configfs=1 && sys.usb.ffs.ready=1) from (/system/etc/init/hw/init.usb.configfs.rc:20)
05-08 16:25:14.276 1 1 I init : Command 'symlink /config/usb_gadget/g1/functions/ffs.adb /config/usb_gadget/g1/configs/b.1/f1' action=sys.usb.config=adb && sys.usb.configfs=1 && sys.usb.ffs.ready=1 (/system/etc/init/hw/init.usb.configfs.rc:22) took 0ms and failed: symlink() failed: File exists
05-08 16:25:14.277 1 1 I init : Command 'write /config/usb_gadget/g1/UDC ${sys.usb.controller}' action=sys.usb.config=adb && sys.usb.configfs=1 && sys.usb.ffs.ready=1 (/system/etc/init/hw/init.usb.configfs.rc:23) took 0ms and failed: Unable to write to file '/config/usb_gadget/g1/UDC': Unable to write file contents: Device or resource busy
05-08 16:17:10.880 456 485 I RIL : ---> enter mainloop wait at port
05-08 16:17:10.880 456 485 D RIL-DEV : Get modem info
05-08 16:17:10.881 456 485 D RIL-DEV : [05-08_16:17:10:881] idVendor = 1d6b
05-08 16:17:10.881 456 485 D RIL-DEV :
05-08 16:17:10.881 456 485 D RIL-DEV : [05-08_16:17:10:881] idVendor = 1d6b
05-08 16:17:10.881 456 485 D RIL-DEV :
05-08 16:17:10.882 456 485 D RIL-DEV : [05-08_16:17:10:882] idVendor = 1d6b
05-08 16:17:10.882 456 485 D RIL-DEV :
05-08 16:17:10.882 456 485 D RIL-DEV : [05-08_16:17:10:882] idVendor = 0781
05-08 16:17:10.882 456 485 D RIL-DEV :
05-08 16:17:10.882 456 485 D RIL-DEV : [05-08_16:17:10:883] idVendor = 1d6b
05-08 16:17:10.882 456 485 D RIL-DEV :
05-08 16:17:10.883 456 485 E RIL-DEV : Cannot find Meig devices
05-08 16:17:10.883 456 485 I RIL : ---> can't find meig usb devices
05-08 16:17:11.003 1267 1267 W ContextImpl: Calling a method in the system process without a qualified user: android.app.ContextImpl.sendBroadcast:1181 android.content.ContextWrapper.sendBroadcast:479 cn.eben.newweather.DateWeatherService.a:19 cn.eben.newweather.DateWeatherService.a:0 cn.eben.newweather.DateWeatherService$1.handleMessage:7
05-08 16:25:15.334 6849 6849 I : read descriptors
05-08 16:25:15.334 6849 6849 I : read strings
05-08 16:25:15.337 1 1 I init : processing action (sys.usb.config=adb && sys.usb.configfs=1 && sys.usb.ffs.ready=1) from (/system/etc/init/hw/init.usb.configfs.rc:20)
05-08 16:25:15.340 1 1 I init : Command 'symlink /config/usb_gadget/g1/functions/ffs.adb /config/usb_gadget/g1/configs/b.1/f1' action=sys.usb.config=adb && sys.usb.configfs=1 && sys.usb.ffs.ready=1 (/system/etc/init/hw/init.usb.configfs.rc:22) took 1ms and failed: symlink() failed: File exists
05-08 16:25:15.341 1 1 I init : Command 'write /config/usb_gadget/g1/UDC ${sys.usb.controller}' action=sys.usb.config=adb && sys.usb.configfs=1 && sys.usb.ffs.ready=1 (/system/etc/init/hw/init.usb.configfs.rc:23) took 1ms and failed: Unable to write to file '/config/usb_gadget/g1/UDC': Unable to write file contents: Device or resource busy
05-08 16:17:12.002 1267 1267 W ContextImpl: Calling a method in the system process without a qualified user: android.app.ContextImpl.sendBroadcast:1181 android.content.ContextWrapper.sendBroadcast:479 cn.eben.newweather.DateWeatherService.a:19 cn.eben.newweather.DateWeatherService.a:0 cn.eben.newweather.DateWeatherService$1.handleMessage:7
05-08 16:25:16.388 6849 6849 I : read descriptors
05-08 16:25:16.388 6849 6849 I : read strings
05-08 16:25:16.391 1 1 I init : processing action (sys.usb.config=adb && sys.usb.configfs=1 && sys.usb.ffs.ready=1) from (/system/etc/init/hw/init.usb.configfs.rc:20)
05-08 16:25:16.397 1 1 I init : Command 'symlink /config/usb_gadget/g1/functions/ffs.adb /config/usb_gadget/g1/configs/b.1/f1' action=sys.usb.config=adb && sys.usb.configfs=1 && sys.usb.ffs.ready=1 (/system/etc/init/hw/init.usb.configfs.rc:22) took 1ms and failed: symlink() failed: File exists
05-08 16:25:16.398 1 1 I init : Command 'write /config/usb_gadget/g1/UDC ${sys.usb.controller}' action=sys.usb.config=adb && sys.usb.configfs=1 && sys.usb.ffs.ready=1 (/system/etc/init/hw/init.usb.configfs.rc:23) took 1ms and failed: Unable to write to file '/config/usb_gadget/g1/UDC': Unable to write file contents: Device or resource busy
05-08 16:17:12.883 456 485 I RIL : ---> enter mainloop wait at port
05-08 16:17:12.884 456 485 D RIL-DEV : Get modem info
05-08 16:17:12.884 456 485 D RIL-DEV : [05-08_16:17:12:885] idVendor = 1d6b
05-08 16:17:12.884 456 485 D RIL-DEV :
05-08 16:17:12.885 456 485 D RIL-DEV : [05-08_16:17:12:885] idVendor = 1d6b
05-08 16:17:12.885 456 485 D RIL-DEV :
05-08 16:17:12.885 456 485 D RIL-DEV : [05-08_16:17:12:886] idVendor = 1d6b
05-08 16:17:12.885 456 485 D RIL-DEV :
05-08 16:17:12.886 456 485 D RIL-DEV : [05-08_16:17:12:886] idVendor = 0781
05-08 16:17:12.886 456 485 D RIL-DEV :
05-08 16:17:12.886 456 485 D RIL-DEV : [05-08_16:17:12:886] idVendor = 1d6b
05-08 16:17:12.886 456 485 D RIL-DEV :
05-08 16:17:12.886 456 485 E RIL-DEV : Cannot find Meig devices
05-08 16:17:12.886 456 485 I RIL : ---> can't find meig usb devices
05-08 16:17:13.002 1267 1267 W ContextImpl: Calling a method in the system process without a qualified user: android.app.ContextImpl.sendBroadcast:1181 android.content.ContextWrapper.sendBroadcast:479 cn.eben.newweather.DateWeatherService.a:19 cn.eben.newweather.DateWeatherService.a:0 cn.eben.newweather.DateWeatherService$1.handleMessage:7
05-08 16:25:17.447 6849 6849 I : read descriptors
05-08 16:25:17.447 6849 6849 I : read strings
05-08 16:25:17.450 1 1 I init : processing action (sys.usb.config=adb && sys.usb.configfs=1 && sys.usb.ffs.ready=1) from (/system/etc/init/hw/init.usb.configfs.rc:20)
05-08 16:17:14.002 1267 1267 W ContextImpl: Calling a method in the system process without a qualified user: android.app.ContextImpl.sendBroadcast:1181 android.content.ContextWrapper.sendBroadcast:479 cn.eben.newweather.DateWeatherService.a:19 cn.eben.newweather.DateWeatherService.a:0 cn.eben.newweather.DateWeatherService$1.handleMessage:7
05-08 16:25:18.494 6849 6849 I : read descriptors
05-08 16:25:18.494 6849 6849 I : read strings
05-08 16:17:14.887 456 485 I RIL : ---> enter mainloop wait at port
05-08 16:17:14.887 456 485 D RIL-DEV : Get modem info
05-08 16:17:14.888 456 485 D RIL-DEV : [05-08_16:17:14:888] idVendor = 1d6b
05-08 16:17:14.888 456 485 D RIL-DEV :
05-08 16:17:14.888 456 485 D RIL-DEV : [05-08_16:17:14:888] idVendor = 1d6b
05-08 16:17:14.888 456 485 D RIL-DEV :
05-08 16:17:14.888 456 485 D RIL-DEV : [05-08_16:17:14:889] idVendor = 1d6b
05-08 16:17:14.888 456 485 D RIL-DEV :
05-08 16:17:14.889 456 485 D RIL-DEV : [05-08_16:17:14:889] idVendor = 0781
05-08 16:17:14.889 456 485 D RIL-DEV :
05-08 16:17:14.889 456 485 D RIL-DEV : [05-08_16:17:14:889] idVendor = 1d6b
05-08 16:17:14.889 456 485 D RIL-DEV :
05-08 16:17:14.889 456 485 E RIL-DEV : Cannot find Meig devices
05-08 16:17:14.889 456 485 I RIL : ---> can't find meig usb devices
05-08 16:17:15.002 1267 1267 W ContextImpl: Calling a method in the system process without a qualified user: android.app.ContextImpl.sendBroadcast:1181 android.content.ContextWrapper.sendBroadcast:479 cn.eben.newweather.DateWeatherService.a:19 cn.eben.newweather.DateWeatherService.a:0 cn.eben.newweather.DateWeatherService$1.handleMessage:7
05-08 16:25:19.551 6849 6849 I : read descriptors
05-08 16:25:19.551 6849 6849 I : read strings
05-08 16:25:19.553 1 1 I init : processing action (sys.usb.config=adb && sys.usb.configfs=1 && sys.usb.ffs.ready=1) from (/system/etc/init/hw/init.usb.configfs.rc:20)
05-08 16:25:19.557 1 1 I init : Command 'symlink /config/usb_gadget/g1/functions/ffs.adb /config/usb_gadget/g1/configs/b.1/f1' action=sys.usb.config=adb && sys.usb.configfs=1 && sys.usb.ffs.ready=1 (/system/etc/init/hw/init.usb.configfs.rc:22) took 2ms and failed: symlink() failed: File exists
05-08 16:25:19.559 1 1 I init : Command 'write /config/usb_gadget/g1/UDC ${sys.usb.controller}' action=sys.usb.config=adb && sys.usb.configfs=1 && sys.usb.ffs.ready=1 (/system/etc/init/hw/init.usb.configfs.rc:23) took 1ms and failed: Unable to write to file '/config/usb_gadget/g1/UDC': Unable to write file contents: Device or resource busy
05-08 16:17:16.002 1267 1267 W ContextImpl: Calling a method in the system process without a qualified user: android.app.ContextImpl.sendBroadcast:1181 android.content.ContextWrapper.sendBroadcast:479 cn.eben.newweather.DateWeatherService.a:19 cn.eben.newweather.DateWeatherService.a:0 cn.eben.newweather.DateWeatherService$1.handleMessage:7
05-08 16:25:20.607 6849 6849 I : read descriptors
05-08 16:25:20.608 6849 6849 I : read strings
05-08 16:25:20.610 1 1 I init : processing action (sys.usb.config=adb && sys.usb.configfs=1 && sys.usb.ffs.ready=1) from (/system/etc/init/hw/init.usb.configfs.rc:20)
05-08 16:25:20.612 1 1 I init : Command 'symlink /config/usb_gadget/g1/functions/ffs.adb /config/usb_gadget/g1/configs/b.1/f1' action=sys.usb.config=adb && sys.usb.configfs=1 && sys.usb.ffs.ready=1 (/system/etc/init/hw/init.usb.configfs.rc:22) took 0ms and failed: symlink() failed: File exists
05-08 16:25:20.614 1 1 I init : Command 'write /config/usb_gadget/g1/UDC ${sys.usb.controller}' action=sys.usb.config=adb && sys.usb.configfs=1 && sys.usb.ffs.ready=1 (/system/etc/init/hw/init.usb.configfs.rc:23) took 0ms and failed: Unable to write to file '/config/usb_gadget/g1/UDC': Unable to write file contents: Device or resource busy
05-08 16:17:16.890 456 485 I RIL : ---> enter mainloop wait at port
05-08 16:17:16.890 456 485 D RIL-DEV : Get modem info
05-08 16:17:16.890 456 485 D RIL-DEV : [05-08_16:17:16:891] idVendor = 1d6b
05-08 16:17:16.890 456 485 D RIL-DEV :
05-08 16:17:16.891 456 485 D RIL-DEV : [05-08_16:17:16:891] idVendor = 1d6b
05-08 16:17:16.891 456 485 D RIL-DEV :
05-08 16:17:16.891 456 485 D RIL-DEV : [05-08_16:17:16:892] idVendor = 1d6b
05-08 16:17:16.891 456 485 D RIL-DEV :
05-08 16:17:16.891 456 485 D RIL-DEV : [05-08_16:17:16:892] idVendor = 0781
05-08 16:17:16.891 456 485 D RIL-DEV :
05-08 16:17:16.892 456 485 D RIL-DEV : [05-08_16:17:16:892] idVendor = 1d6b
05-08 16:17:16.892 456 485 D RIL-DEV :
05-08 16:17:16.892 456 485 E RIL-DEV : Cannot find Meig devices
05-08 16:17:16.892 456 485 I RIL : ---> can't find meig usb devices
05-08 16:17:17.003 1267 1267 W ContextImpl: Calling a method in the system process without a qualified user: android.app.ContextImpl.sendBroadcast:1181 android.content.ContextWrapper.sendBroadcast:479 cn.eben.newweather.DateWeatherService.a:19 cn.eben.newweather.DateWeatherService.a:0 cn.eben.newweather.DateWeatherService$1.handleMessage:7
05-08 16:25:21.664 6849 6849 I : read descriptors
05-08 16:25:21.664 6849 6849 I : read strings
05-08 16:25:21.667 1 1 I init : processing action (sys.usb.config=adb && sys.usb.configfs=1 && sys.usb.ffs.ready=1) from (/system/etc/init/hw/init.usb.configfs.rc:20)
05-08 16:25:21.671 1 1 I init : Command 'symlink /config/usb_gadget/g1/functions/ffs.adb /config/usb_gadget/g1/configs/b.1/f1' action=sys.usb.config=adb && sys.usb.configfs=1 && sys.usb.ffs.ready=1 (/system/etc/init/hw/init.usb.configfs.rc:22) took 2ms and failed: symlink() failed: File exists
05-08 16:25:21.672 1 1 I init : Command 'write /config/usb_gadget/g1/UDC ${sys.usb.controller}' action=sys.usb.config=adb && sys.usb.configfs=1 && sys.usb.ffs.ready=1 (/system/etc/init/hw/init.usb.configfs.rc:23) took 0ms and failed: Unable to write to file '/config/usb_gadget/g1/UDC': Unable to write file contents: Device or resource busy
05-08 16:17:18.002 1267 1267 W ContextImpl: Calling a method in the system process without a qualified user: android.app.ContextImpl.sendBroadcast:1181 android.content.ContextWrapper.sendBroadcast:479 cn.eben.newweather.DateWeatherService.a:19 cn.eben.newweather.DateWeatherService.a:0 cn.eben.newweather.DateWeatherService$1.handleMessage:7
05-08 16:25:22.704 6849 6849 I : read descriptors
05-08 16:25:22.704 6849 6849 I : read strings
05-08 16:25:22.706 1 1 I init : processing action (sys.usb.config=adb && sys.usb.configfs=1 && sys.usb.ffs.ready=1) from (/system/etc/init/hw/init.usb.configfs.rc:20)
05-08 16:17:18.894 456 485 I RIL : ---> enter mainloop wait at port
05-08 16:17:18.894 456 485 D RIL-DEV : Get modem info
05-08 16:17:18.895 456 485 D RIL-DEV : [05-08_16:17:18:896] idVendor = 1d6b
05-08 16:17:18.895 456 485 D RIL-DEV :
05-08 16:17:18.895 456 485 D RIL-DEV : [05-08_16:17:18:896] idVendor = 1d6b
05-08 16:17:18.895 456 485 D RIL-DEV :
05-08 16:17:18.896 456 485 D RIL-DEV : [05-08_16:17:18:896] idVendor = 1d6b
05-08 16:17:18.896 456 485 D RIL-DEV :
05-08 16:17:18.896 456 485 D RIL-DEV : [05-08_16:17:18:897] idVendor = 0781
05-08 16:17:18.896 456 485 D RIL-DEV :
05-08 16:17:18.896 456 485 D RIL-DEV : [05-08_16:17:18:897] idVendor = 1d6b
05-08 16:17:18.896 456 485 D RIL-DEV :
05-08 16:17:18.897 456 485 E RIL-DEV : Cannot find Meig devices
05-08 16:17:18.897 456 485 I RIL : ---> can't find meig usb devices
05-08 16:17:19.001 1267 1267 W ContextImpl: Calling a method in the system process without a qualified user: android.app.ContextImpl.sendBroadcast:1181 android.content.ContextWrapper.sendBroadcast:479 cn.eben.newweather.DateWeatherService.a:19 cn.eben.newweather.DateWeatherService.a:0 cn.eben.newweather.DateWeatherService$1.handleMessage:7
05-08 16:25:23.761 6849 6849 I : read descriptors
05-08 16:25:23.761 6849 6849 I : read strings
05-08 16:17:20.002 1267 1267 W ContextImpl: Calling a method in the system process without a qualified user: android.app.ContextImpl.sendBroadcast:1181 android.content.ContextWrapper.sendBroadcast:479 cn.eben.newweather.DateWeatherService.a:19 cn.eben.newweather.DateWeatherService.a:0 cn.eben.newweather.DateWeatherService$1.handleMessage:7
05-08 16:17:20.898 456 485 I RIL : ---> enter mainloop wait at port
05-08 16:17:20.898 456 485 D RIL-DEV : Get modem info
05-08 16:17:20.899 456 485 D RIL-DEV : [05-08_16:17:20:899] idVendor = 1d6b
05-08 16:17:20.899 456 485 D RIL-DEV :
05-08 16:17:20.899 456 485 D RIL-DEV : [05-08_16:17:20:899] idVendor = 1d6b
05-08 16:17:20.899 456 485 D RIL-DEV :
05-08 16:17:20.899 456 485 D RIL-DEV : [05-08_16:17:20:900] idVendor = 1d6b
05-08 16:17:20.899 456 485 D RIL-DEV :
05-08 16:17:20.900 456 485 D RIL-DEV : [05-08_16:17:20:900] idVendor = 0781
05-08 16:17:20.900 456 485 D RIL-DEV :
05-08 16:17:20.900 456 485 D RIL-DEV : [05-08_16:17:20:900] idVendor = 1d6b
05-08 16:17:20.900 456 485 D RIL-DEV :
05-08 16:17:20.900 456 485 E RIL-DEV : Cannot find Meig devices
05-08 16:17:20.900 456 485 I RIL : ---> can't find meig usb devices
05-08 16:17:21.002 1267 1267 W ContextImpl: Calling a method in the system process without a qualified user: android.app.ContextImpl.sendBroadcast:1181 android.content.ContextWrapper.sendBroadcast:479 cn.eben.newweather.DateWeatherService.a:19 cn.eben.newweather.DateWeatherService.a:0 cn.eben.newweather.DateWeatherService$1.handleMessage:7
05-08 16:25:24.823 6849 6849 I : read descriptors
05-08 16:25:24.823 6849 6849 I : read strings
05-08 16:25:24.825 1 1 I init : processing action (sys.usb.config=adb && sys.usb.configfs=1 && sys.usb.ffs.ready=1) from (/system/etc/init/hw/init.usb.configfs.rc:20)
05-08 16:25:24.827 1 1 I init : Command 'symlink /config/usb_gadget/g1/functions/ffs.adb /config/usb_gadget/g1/configs/b.1/f1' action=sys.usb.config=adb && sys.usb.configfs=1 && sys.usb.ffs.ready=1 (/system/etc/init/hw/init.usb.configfs.rc:22) took 0ms and failed: symlink() failed: File exists
05-08 16:25:24.828 1 1 I init : Command 'write /config/usb_gadget/g1/UDC ${sys.usb.controller}' action=sys.usb.config=adb && sys.usb.configfs=1 && sys.usb.ffs.ready=1 (/system/etc/init/hw/init.usb.configfs.rc:23) took 0ms and failed: Unable to write to file '/config/usb_gadget/g1/UDC': Unable to write file contents: Device or resource busy
05-08 16:17:21.175 975 975 D RILJ : [0247]> GET_ACTIVITY_INFO [PHONE0]
05-08 16:17:21.176 456 456 D RIL : onRequest number : 135
05-08 16:17:21.176 456 456 D RIL : onRequest: GET_ACTIVITY_INFO
05-08 16:17:21.176 456 456 D RIL : onRequest in unavalable state
05-08 16:17:21.176 456 456 E RILC : getModemActivityInfoResponse Invalid response: NULL
05-08 16:17:21.177 975 1118 D RILJ : [0247]< GET_ACTIVITY_INFO ModemActivityInfo{ mTimestamp=0 mSleepTimeMs=0 mIdleTimeMs=0 mTxTimeMs[]=[0, 0, 0, 0, 0] mRxTimeMs=0} [PHONE0]
05-08 16:17:21.178 615 1113 W BatteryExternalStatsWorker: error reading modem stats:ERROR_INVALID_INFO_RECEIVED
05-08 16:17:21.731 615 657 V DisplayPowerController[0]: Brightness [0.6929134] reason changing to: 'automatic', previous reason: 'manual'.
05-08 16:17:22.002 1267 1267 W ContextImpl: Calling a method in the system process without a qualified user: android.app.ContextImpl.sendBroadcast:1181 android.content.ContextWrapper.sendBroadcast:479 cn.eben.newweather.DateWeatherService.a:19 cn.eben.newweather.DateWeatherService.a:0 cn.eben.newweather.DateWeatherService$1.handleMessage:7
05-08 16:25:25.871 6849 6849 I : read descriptors
05-08 16:25:25.871 6849 6849 I : read strings
05-08 16:25:25.874 1 1 I init : processing action (sys.usb.config=adb && sys.usb.configfs=1 && sys.usb.ffs.ready=1) from (/system/etc/init/hw/init.usb.configfs.rc:20)
05-08 16:25:25.877 1 1 I init : Command 'symlink /config/usb_gadget/g1/functions/ffs.adb /config/usb_gadget/g1/configs/b.1/f1' action=sys.usb.config=adb && sys.usb.configfs=1 && sys.usb.ffs.ready=1 (/system/etc/init/hw/init.usb.configfs.rc:22) took 1ms and failed: symlink() failed: File exists
05-08 16:25:25.878 1 1 I init : Command 'write /config/usb_gadget/g1/UDC ${sys.usb.controller}' action=sys.usb.config=adb && sys.usb.configfs=1 && sys.usb.ffs.ready=1 (/system/etc/init/hw/init.usb.configfs.rc:23) took 1ms and failed: Unable to write to file '/config/usb_gadget/g1/UDC': Unable to write file contents: Device or resource busy
05-08 16:17:22.901 456 485 I RIL : ---> enter mainloop wait at port
05-08 16:17:22.901 456 485 D RIL-DEV : Get modem info
05-08 16:17:22.901 456 485 D RIL-DEV : [05-08_16:17:22:902] idVendor = 1d6b
05-08 16:17:22.901 456 485 D RIL-DEV :
05-08 16:17:22.902 456 485 D RIL-DEV : [05-08_16:17:22:902] idVendor = 1d6b
05-08 16:17:22.902 456 485 D RIL-DEV :
05-08 16:17:22.902 456 485 D RIL-DEV : [05-08_16:17:22:902] idVendor = 1d6b
05-08 16:17:22.902 456 485 D RIL-DEV :
05-08 16:17:22.902 456 485 D RIL-DEV : [05-08_16:17:22:903] idVendor = 0781
05-08 16:17:22.902 456 485 D RIL-DEV :
05-08 16:17:22.902 456 485 D RIL-DEV : [05-08_16:17:22:903] idVendor = 1d6b
05-08 16:17:22.902 456 485 D RIL-DEV :
05-08 16:17:22.903 456 485 E RIL-DEV : Cannot find Meig devices
05-08 16:17:22.903 456 485 I RIL : ---> can't find meig usb devices
05-08 16:17:23.002 1267 1267 W ContextImpl: Calling a method in the system process without a qualified user: android.app.ContextImpl.sendBroadcast:1181 android.content.ContextWrapper.sendBroadcast:479 cn.eben.newweather.DateWeatherService.a:19 cn.eben.newweather.DateWeatherService.a:0 cn.eben.newweather.DateWeatherService$1.handleMessage:7
05-08 16:25:26.921 6849 6849 I : read descriptors
05-08 16:25:26.921 6849 6849 I : read strings
05-08 16:25:26.924 1 1 I init : processing action (sys.usb.config=adb && sys.usb.configfs=1 && sys.usb.ffs.ready=1) from (/system/etc/init/hw/init.usb.configfs.rc:20)
05-08 16:25:26.926 1 1 I init : Command 'symlink /config/usb_gadget/g1/functions/ffs.adb /config/usb_gadget/g1/configs/b.1/f1' action=sys.usb.config=adb && sys.usb.configfs=1 && sys.usb.ffs.ready=1 (/system/etc/init/hw/init.usb.configfs.rc:22) took 0ms and failed: symlink() failed: File exists
05-08 16:25:26.926 1 1 I init : Command 'write /config/usb_gadget/g1/UDC ${sys.usb.controller}' action=sys.usb.config=adb && sys.usb.configfs=1 && sys.usb.ffs.ready=1 (/system/etc/init/hw/init.usb.configfs.rc:23) took 0ms and failed: Unable to write to file '/config/usb_gadget/g1/UDC': Unable to write file contents: Device or resource busy
05-08 16:17:23.751 1472 1472 W ContextImpl: Calling a method in the system process without a qualified user: android.app.ContextImpl.sendBroadcast:1181 android.content.ContextWrapper.sendBroadcast:479 com.eben.eguard.service.EGuardService$1.handleMessage:73 android.os.Handler.dispatchMessage:106 android.os.Looper.loopOnce:201
05-08 16:17:23.759 615 642 I DropBoxManagerService: add tag=system_server_wtf isTagEnabled=true flags=0x2
05-08 16:17:24.001 1267 1267 W ContextImpl: Calling a method in the system process without a qualified user: android.app.ContextImpl.sendBroadcast:1181 android.content.ContextWrapper.sendBroadcast:479 cn.eben.newweather.DateWeatherService.a:19 cn.eben.newweather.DateWeatherService.a:0 cn.eben.newweather.DateWeatherService$1.handleMessage:7
05-08 16:25:27.987 6849 6849 I : read descriptors
05-08 16:25:27.987 6849 6849 I : read strings
05-08 16:25:27.989 1 1 I init : processing action (sys.usb.config=adb && sys.usb.configfs=1 && sys.usb.ffs.ready=1) from (/system/etc/init/hw/init.usb.configfs.rc:20)
05-08 16:17:24.762 1472 1472 W ContextImpl: Calling a method in the system process without a qualified user: android.app.ContextImpl.sendBroadcast:1181 android.content.ContextWrapper.sendBroadcast:479 com.eben.eguard.service.EGuardService$1.handleMessage:73 android.os.Handler.dispatchMessage:106 android.os.Looper.loopOnce:201
05-08 16:17:24.766 615 642 I DropBoxManagerService: add tag=system_server_wtf isTagEnabled=true flags=0x2
05-08 16:17:24.903 456 485 I RIL : ---> enter mainloop wait at port
05-08 16:17:24.903 456 485 D RIL-DEV : Get modem info
05-08 16:17:24.904 456 485 D RIL-DEV : [05-08_16:17:24:904] idVendor = 1d6b
05-08 16:17:24.904 456 485 D RIL-DEV :
05-08 16:17:24.904 456 485 D RIL-DEV : [05-08_16:17:24:904] idVendor = 1d6b
05-08 16:17:24.904 456 485 D RIL-DEV :
05-08 16:17:24.904 456 485 D RIL-DEV : [05-08_16:17:24:905] idVendor = 1d6b
05-08 16:17:24.904 456 485 D RIL-DEV :
05-08 16:17:24.904 456 485 D RIL-DEV : [05-08_16:17:24:905] idVendor = 0781
05-08 16:17:24.904 456 485 D RIL-DEV :
05-08 16:17:24.905 456 485 D RIL-DEV : [05-08_16:17:24:905] idVendor = 1d6b
05-08 16:17:24.905 456 485 D RIL-DEV :
05-08 16:17:24.906 456 485 E RIL-DEV : Cannot find Meig devices
05-08 16:17:24.906 456 485 I RIL : ---> can't find meig usb devices
05-08 16:17:25.002 1267 1267 W ContextImpl: Calling a method in the system process without a qualified user: android.app.ContextImpl.sendBroadcast:1181 android.content.ContextWrapper.sendBroadcast:479 cn.eben.newweather.DateWeatherService.a:19 cn.eben.newweather.DateWeatherService.a:0 cn.eben.newweather.DateWeatherService$1.handleMessage:7
05-08 16:25:29.031 6849 6849 I : read descriptors
05-08 16:25:29.031 6849 6849 I : read strings
05-08 16:17:26.001 1267 1267 W ContextImpl: Calling a method in the system process without a qualified user: android.app.ContextImpl.sendBroadcast:1181 android.content.ContextWrapper.sendBroadcast:479 cn.eben.newweather.DateWeatherService.a:19 cn.eben.newweather.DateWeatherService.a:0 cn.eben.newweather.DateWeatherService$1.handleMessage:7
05-08 16:25:30.074 6849 6849 I : read descriptors
05-08 16:25:30.074 6849 6849 I : read strings
05-08 16:25:30.076 1 1 I init : processing action (sys.usb.config=adb && sys.usb.configfs=1 && sys.usb.ffs.ready=1) from (/system/etc/init/hw/init.usb.configfs.rc:20)
05-08 16:25:30.078 1 1 I init : Command 'symlink /config/usb_gadget/g1/functions/ffs.adb /config/usb_gadget/g1/configs/b.1/f1' action=sys.usb.config=adb && sys.usb.configfs=1 && sys.usb.ffs.ready=1 (/system/etc/init/hw/init.usb.configfs.rc:22) took 0ms and failed: symlink() failed: File exists
05-08 16:25:30.079 1 1 I init : Command 'write /config/usb_gadget/g1/UDC ${sys.usb.controller}' action=sys.usb.config=adb && sys.usb.configfs=1 && sys.usb.ffs.ready=1 (/system/etc/init/hw/init.usb.configfs.rc:23) took 0ms and failed: Unable to write to file '/config/usb_gadget/g1/UDC': Unable to write file contents: Device or resource busy
05-08 16:17:26.906 456 485 I RIL : ---> enter mainloop wait at port
05-08 16:17:26.906 456 485 D RIL-DEV : Get modem info
05-08 16:17:26.907 456 485 D RIL-DEV : [05-08_16:17:26:907] idVendor = 1d6b
05-08 16:17:26.907 456 485 D RIL-DEV :
05-08 16:17:26.907 456 485 D RIL-DEV : [05-08_16:17:26:908] idVendor = 1d6b
05-08 16:17:26.907 456 485 D RIL-DEV :
05-08 16:17:26.908 456 485 D RIL-DEV : [05-08_16:17:26:908] idVendor = 1d6b
05-08 16:17:26.908 456 485 D RIL-DEV :
05-08 16:17:26.908 456 485 D RIL-DEV : [05-08_16:17:26:908] idVendor = 0781
05-08 16:17:26.908 456 485 D RIL-DEV :
05-08 16:17:26.908 456 485 D RIL-DEV : [05-08_16:17:26:909] idVendor = 1d6b
05-08 16:17:26.908 456 485 D RIL-DEV :
05-08 16:17:26.909 456 485 E RIL-DEV : Cannot find Meig devices
05-08 16:17:26.909 456 485 I RIL : ---> can't find meig usb devices
05-08 16:17:27.003 1267 1267 W ContextImpl: Calling a method in the system process without a qualified user: android.app.ContextImpl.sendBroadcast:1181 android.content.ContextWrapper.sendBroadcast:479 cn.eben.newweather.DateWeatherService.a:19 cn.eben.newweather.DateWeatherService.a:0 cn.eben.newweather.DateWeatherService$1.handleMessage:7
05-08 16:25:31.137 6849 6849 I : read descriptors
05-08 16:25:31.137 6849 6849 I : read strings
05-08 16:25:31.139 1 1 I init : processing action (sys.usb.config=adb && sys.usb.configfs=1 && sys.usb.ffs.ready=1) from (/system/etc/init/hw/init.usb.configfs.rc:20)
05-08 16:25:31.142 1 1 I init : Command 'symlink /config/usb_gadget/g1/functions/ffs.adb /config/usb_gadget/g1/configs/b.1/f1' action=sys.usb.config=adb && sys.usb.configfs=1 && sys.usb.ffs.ready=1 (/system/etc/init/hw/init.usb.configfs.rc:22) took 0ms and failed: symlink() failed: File exists
05-08 16:25:31.143 1 1 I init : Command 'write /config/usb_gadget/g1/UDC ${sys.usb.controller}' action=sys.usb.config=adb && sys.usb.configfs=1 && sys.usb.ffs.ready=1 (/system/etc/init/hw/init.usb.configfs.rc:23) took 0ms and failed: Unable to write to file '/config/usb_gadget/g1/UDC': Unable to write file contents: Device or resource busy
05-08 16:17:28.002 1267 1267 W ContextImpl: Calling a method in the system process without a qualified user: android.app.ContextImpl.sendBroadcast:1181 android.content.ContextWrapper.sendBroadcast:479 cn.eben.newweather.DateWeatherService.a:19 cn.eben.newweather.DateWeatherService.a:0 cn.eben.newweather.DateWeatherService$1.handleMessage:7
05-08 16:25:32.184 6849 6849 I : read descriptors
05-08 16:25:32.184 6849 6849 I : read strings
05-08 16:25:32.186 1 1 I init : processing action (sys.usb.config=adb && sys.usb.configfs=1 && sys.usb.ffs.ready=1) from (/system/etc/init/hw/init.usb.configfs.rc:20)
05-08 16:25:32.188 1 1 I init : Command 'symlink /config/usb_gadget/g1/functions/ffs.adb /config/usb_gadget/g1/configs/b.1/f1' action=sys.usb.config=adb && sys.usb.configfs=1 && sys.usb.ffs.ready=1 (/system/etc/init/hw/init.usb.configfs.rc:22) took 0ms and failed: symlink() failed: File exists
05-08 16:25:32.188 1 1 I init : Command 'write /config/usb_gadget/g1/UDC ${sys.usb.controller}' action=sys.usb.config=adb && sys.usb.configfs=1 && sys.usb.ffs.ready=1 (/system/etc/init/hw/init.usb.configfs.rc:23) took 0ms and failed: Unable to write to file '/config/usb_gadget/g1/UDC': Unable to write file contents: Device or resource busy
05-08 16:17:28.909 456 485 I RIL : ---> enter mainloop wait at port
05-08 16:17:28.909 456 485 D RIL-DEV : Get modem info
05-08 16:17:28.910 456 485 D RIL-DEV : [05-08_16:17:28:910] idVendor = 1d6b
05-08 16:17:28.910 456 485 D RIL-DEV :
05-08 16:17:28.910 456 485 D RIL-DEV : [05-08_16:17:28:911] idVendor = 1d6b
05-08 16:17:28.910 456 485 D RIL-DEV :
05-08 16:17:28.911 456 485 D RIL-DEV : [05-08_16:17:28:911] idVendor = 1d6b
05-08 16:17:28.911 456 485 D RIL-DEV :
05-08 16:17:28.911 456 485 D RIL-DEV : [05-08_16:17:28:911] idVendor = 0781
05-08 16:17:28.911 456 485 D RIL-DEV :
05-08 16:17:28.911 456 485 D RIL-DEV : [05-08_16:17:28:912] idVendor = 1d6b
05-08 16:17:28.911 456 485 D RIL-DEV :
05-08 16:17:28.912 456 485 E RIL-DEV : Cannot find Meig devices
05-08 16:17:28.912 456 485 I RIL : ---> can't find meig usb devices
05-08 16:17:29.002 1267 1267 W ContextImpl: Calling a method in the system process without a qualified user: android.app.ContextImpl.sendBroadcast:1181 android.content.ContextWrapper.sendBroadcast:479 cn.eben.newweather.DateWeatherService.a:19 cn.eben.newweather.DateWeatherService.a:0 cn.eben.newweather.DateWeatherService$1.handleMessage:7
05-08 16:25:33.230 6849 6849 I : read descriptors
05-08 16:25:33.230 6849 6849 I : read strings
05-08 16:25:33.233 1 1 I init : processing action (sys.usb.config=adb && sys.usb.configfs=1 && sys.usb.ffs.ready=1) from (/system/etc/init/hw/init.usb.configfs.rc:20)
05-08 16:17:30.001 1267 1267 W ContextImpl: Calling a method in the system process without a qualified user: android.app.ContextImpl.sendBroadcast:1181 android.content.ContextWrapper.sendBroadcast:479 cn.eben.newweather.DateWeatherService.a:19 cn.eben.newweather.DateWeatherService.a:0 cn.eben.newweather.DateWeatherService$1.handleMessage:7
05-08 16:25:34.290 6849 6849 I : read descriptors
05-08 16:25:34.290 6849 6849 I : read strings
05-08 16:17:30.912 456 485 I RIL : ---> enter mainloop wait at port
05-08 16:17:30.912 456 485 D RIL-DEV : Get modem info
05-08 16:17:30.913 456 485 D RIL-DEV : [05-08_16:17:30:913] idVendor = 1d6b
05-08 16:17:30.913 456 485 D RIL-DEV :
05-08 16:17:30.913 456 485 D RIL-DEV : [05-08_16:17:30:914] idVendor = 1d6b
05-08 16:17:30.913 456 485 D RIL-DEV :
05-08 16:17:30.914 456 485 D RIL-DEV : [05-08_16:17:30:914] idVendor = 1d6b
05-08 16:17:30.914 456 485 D RIL-DEV :
05-08 16:17:30.914 456 485 D RIL-DEV : [05-08_16:17:30:914] idVendor = 0781
05-08 16:17:30.914 456 485 D RIL-DEV :
05-08 16:17:30.914 456 485 D RIL-DEV : [05-08_16:17:30:915] idVendor = 1d6b
05-08 16:17:30.914 456 485 D RIL-DEV :
05-08 16:17:30.915 456 485 E RIL-DEV : Cannot find Meig devices
05-08 16:17:30.915 456 485 I RIL : ---> can't find meig usb devices
05-08 16:17:31.003 1267 1267 W ContextImpl: Calling a method in the system process without a qualified user: android.app.ContextImpl.sendBroadcast:1181 android.content.ContextWrapper.sendBroadcast:479 cn.eben.newweather.DateWeatherService.a:19 cn.eben.newweather.DateWeatherService.a:0 cn.eben.newweather.DateWeatherService$1.handleMessage:7
05-08 16:25:35.357 6849 6849 I : read descriptors
05-08 16:25:35.358 6849 6849 I : read strings
05-08 16:25:35.360 1 1 I init : processing action (sys.usb.config=adb && sys.usb.configfs=1 && sys.usb.ffs.ready=1) from (/system/etc/init/hw/init.usb.configfs.rc:20)
05-08 16:25:35.364 1 1 I init : Command 'symlink /config/usb_gadget/g1/functions/ffs.adb /config/usb_gadget/g1/configs/b.1/f1' action=sys.usb.config=adb && sys.usb.configfs=1 && sys.usb.ffs.ready=1 (/system/etc/init/hw/init.usb.configfs.rc:22) took 0ms and failed: symlink() failed: File exists
05-08 16:25:35.366 1 1 I init : Command 'write /config/usb_gadget/g1/UDC ${sys.usb.controller}' action=sys.usb.config=adb && sys.usb.configfs=1 && sys.usb.ffs.ready=1 (/system/etc/init/hw/init.usb.configfs.rc:23) took 0ms and failed: Unable to write to file '/config/usb_gadget/g1/UDC': Unable to write file contents: Device or resource busy
05-08 16:17:31.888 1472 1472 W ContextImpl: Calling a method in the system process without a qualified user: android.app.ContextImpl.sendBroadcast:1181 android.content.ContextWrapper.sendBroadcast:479 com.eben.eguard.service.EGuardService$1.handleMessage:73 android.os.Handler.dispatchMessage:106 android.os.Looper.loopOnce:201
05-08 16:17:31.894 615 642 I DropBoxManagerService: add tag=system_server_wtf isTagEnabled=true flags=0x2
05-08 16:17:32.003 1267 1267 W ContextImpl: Calling a method in the system process without a qualified user: android.app.ContextImpl.sendBroadcast:1181 android.content.ContextWrapper.sendBroadcast:479 cn.eben.newweather.DateWeatherService.a:19 cn.eben.newweather.DateWeatherService.a:0 cn.eben.newweather.DateWeatherService$1.handleMessage:7
05-08 16:25:36.401 6849 6849 I : read descriptors
05-08 16:25:36.401 6849 6849 I : read strings
05-08 16:25:36.403 1 1 I init : processing action (sys.usb.config=adb && sys.usb.configfs=1 && sys.usb.ffs.ready=1) from (/system/etc/init/hw/init.usb.configfs.rc:20)
05-08 16:25:36.406 1 1 I init : Command 'symlink /config/usb_gadget/g1/functions/ffs.adb /config/usb_gadget/g1/configs/b.1/f1' action=sys.usb.config=adb && sys.usb.configfs=1 && sys.usb.ffs.ready=1 (/system/etc/init/hw/init.usb.configfs.rc:22) took 0ms and failed: symlink() failed: File exists
05-08 16:25:36.407 1 1 I init : Command 'write /config/usb_gadget/g1/UDC ${sys.usb.controller}' action=sys.usb.config=adb && sys.usb.configfs=1 && sys.usb.ffs.ready=1 (/system/etc/init/hw/init.usb.configfs.rc:23) took 0ms and failed: Unable to write to file '/config/usb_gadget/g1/UDC': Unable to write file contents: Device or resource busy
05-08 16:17:32.915 456 485 I RIL : ---> enter mainloop wait at port
05-08 16:17:32.915 456 485 D RIL-DEV : Get modem info
05-08 16:17:32.916 456 485 D RIL-DEV : [05-08_16:17:32:917] idVendor = 1d6b
05-08 16:17:32.916 456 485 D RIL-DEV :
05-08 16:17:32.916 456 485 D RIL-DEV : [05-08_16:17:32:917] idVendor = 1d6b
05-08 16:17:32.916 456 485 D RIL-DEV :
05-08 16:17:32.917 456 485 D RIL-DEV : [05-08_16:17:32:917] idVendor = 1d6b
05-08 16:17:32.917 456 485 D RIL-DEV :
05-08 16:17:32.917 456 485 D RIL-DEV : [05-08_16:17:32:918] idVendor = 0781
05-08 16:17:32.917 456 485 D RIL-DEV :
05-08 16:17:32.917 456 485 D RIL-DEV : [05-08_16:17:32:918] idVendor = 1d6b
05-08 16:17:32.917 456 485 D RIL-DEV :
05-08 16:17:32.918 456 485 E RIL-DEV : Cannot find Meig devices
05-08 16:17:32.918 456 485 I RIL : ---> can't find meig usb devices
05-08 16:17:33.001 1267 1267 W ContextImpl: Calling a method in the system process without a qualified user: android.app.ContextImpl.sendBroadcast:1181 android.content.ContextWrapper.sendBroadcast:479 cn.eben.newweather.DateWeatherService.a:19 cn.eben.newweather.DateWeatherService.a:0 cn.eben.newweather.DateWeatherService$1.handleMessage:7
05-08 16:25:37.447 6849 6849 I : read descriptors
05-08 16:25:37.447 6849 6849 I : read strings
05-08 16:25:37.451 1 1 I init : processing action (sys.usb.config=adb && sys.usb.configfs=1 && sys.usb.ffs.ready=1) from (/system/etc/init/hw/init.usb.configfs.rc:20)
05-08 16:25:37.455 1 1 I init : Command 'symlink /config/usb_gadget/g1/functions/ffs.adb /config/usb_gadget/g1/configs/b.1/f1' action=sys.usb.config=adb && sys.usb.configfs=1 && sys.usb.ffs.ready=1 (/system/etc/init/hw/init.usb.configfs.rc:22) took 2ms and failed: symlink() failed: File exists
05-08 16:25:37.456 1 1 I init : Command 'write /config/usb_gadget/g1/UDC ${sys.usb.controller}' action=sys.usb.config=adb && sys.usb.configfs=1 && sys.usb.ffs.ready=1 (/system/etc/init/hw/init.usb.configfs.rc:23) took 0ms and failed: Unable to write to file '/config/usb_gadget/g1/UDC': Unable to write file contents: Device or resource busy
05-08 16:17:34.001 1267 1267 W ContextImpl: Calling a method in the system process without a qualified user: android.app.ContextImpl.sendBroadcast:1181 android.content.ContextWrapper.sendBroadcast:479 cn.eben.newweather.DateWeatherService.a:19 cn.eben.newweather.DateWeatherService.a:0 cn.eben.newweather.DateWeatherService$1.handleMessage:7
05-08 16:25:38.497 6849 6849 I : read descriptors
05-08 16:25:38.497 6849 6849 I : read strings
05-08 16:25:38.500 1 1 I init : processing action (sys.usb.config=adb && sys.usb.configfs=1 && sys.usb.ffs.ready=1) from (/system/etc/init/hw/init.usb.configfs.rc:20)
05-08 16:17:34.918 456 485 I RIL : ---> enter mainloop wait at port
05-08 16:17:34.918 456 485 D RIL-DEV : Get modem info
05-08 16:17:34.919 456 485 D RIL-DEV : [05-08_16:17:34:920] idVendor = 1d6b
05-08 16:17:34.919 456 485 D RIL-DEV :
05-08 16:17:34.919 456 485 D RIL-DEV : [05-08_16:17:34:920] idVendor = 1d6b
05-08 16:17:34.919 456 485 D RIL-DEV :
05-08 16:17:34.920 456 485 D RIL-DEV : [05-08_16:17:34:920] idVendor = 1d6b
05-08 16:17:34.920 456 485 D RIL-DEV :
05-08 16:17:34.920 456 485 D RIL-DEV : [05-08_16:17:34:921] idVendor = 0781
05-08 16:17:34.920 456 485 D RIL-DEV :
05-08 16:17:34.920 456 485 D RIL-DEV : [05-08_16:17:34:921] idVendor = 1d6b
05-08 16:17:34.920 456 485 D RIL-DEV :
05-08 16:17:34.921 456 485 E RIL-DEV : Cannot find Meig devices
05-08 16:17:34.921 456 485 I RIL : ---> can't find meig usb devices
05-08 16:17:35.002 1267 1267 W ContextImpl: Calling a method in the system process without a qualified user: android.app.ContextImpl.sendBroadcast:1181 android.content.ContextWrapper.sendBroadcast:479 cn.eben.newweather.DateWeatherService.a:19 cn.eben.newweather.DateWeatherService.a:0 cn.eben.newweather.DateWeatherService$1.handleMessage:7
05-08 16:25:39.551 6849 6849 I : read descriptors
05-08 16:25:39.551 6849 6849 I : read strings
05-08 16:17:36.003 1267 1267 W ContextImpl: Calling a method in the system process without a qualified user: android.app.ContextImpl.sendBroadcast:1181 android.content.ContextWrapper.sendBroadcast:479 cn.eben.newweather.DateWeatherService.a:19 cn.eben.newweather.DateWeatherService.a:0 cn.eben.newweather.DateWeatherService$1.handleMessage:7
05-08 16:25:40.587 6849 6849 I : read descriptors
05-08 16:25:40.587 6849 6849 I : read strings
05-08 16:25:40.590 1 1 I init : processing action (sys.usb.config=adb && sys.usb.configfs=1 && sys.usb.ffs.ready=1) from (/system/etc/init/hw/init.usb.configfs.rc:20)
05-08 16:25:40.594 1 1 I init : Command 'symlink /config/usb_gadget/g1/functions/ffs.adb /config/usb_gadget/g1/configs/b.1/f1' action=sys.usb.config=adb && sys.usb.configfs=1 && sys.usb.ffs.ready=1 (/system/etc/init/hw/init.usb.configfs.rc:22) took 0ms and failed: symlink() failed: File exists
05-08 16:25:40.594 1 1 I init : Command 'write /config/usb_gadget/g1/UDC ${sys.usb.controller}' action=sys.usb.config=adb && sys.usb.configfs=1 && sys.usb.ffs.ready=1 (/system/etc/init/hw/init.usb.configfs.rc:23) took 0ms and failed: Unable to write to file '/config/usb_gadget/g1/UDC': Unable to write file contents: Device or resource busy
05-08 16:17:36.921 456 485 I RIL : ---> enter mainloop wait at port
05-08 16:17:36.922 456 485 D RIL-DEV : Get modem info
05-08 16:17:36.922 456 485 D RIL-DEV : [05-08_16:17:36:923] idVendor = 1d6b
05-08 16:17:36.922 456 485 D RIL-DEV :
05-08 16:17:36.922 456 485 D RIL-DEV : [05-08_16:17:36:923] idVendor = 1d6b
05-08 16:17:36.922 456 485 D RIL-DEV :
05-08 16:17:36.923 456 485 D RIL-DEV : [05-08_16:17:36:923] idVendor = 1d6b
05-08 16:17:36.923 456 485 D RIL-DEV :
05-08 16:17:36.923 456 485 D RIL-DEV : [05-08_16:17:36:924] idVendor = 0781
05-08 16:17:36.923 456 485 D RIL-DEV :
05-08 16:17:36.923 456 485 D RIL-DEV : [05-08_16:17:36:924] idVendor = 1d6b
05-08 16:17:36.923 456 485 D RIL-DEV :
05-08 16:17:36.924 456 485 E RIL-DEV : Cannot find Meig devices
05-08 16:17:36.924 456 485 I RIL : ---> can't find meig usb devices
05-08 16:17:37.002 1267 1267 W ContextImpl: Calling a method in the system process without a qualified user: android.app.ContextImpl.sendBroadcast:1181 android.content.ContextWrapper.sendBroadcast:479 cn.eben.newweather.DateWeatherService.a:19 cn.eben.newweather.DateWeatherService.a:0 cn.eben.newweather.DateWeatherService$1.handleMessage:7
05-08 16:25:41.637 6849 6849 I : read descriptors
05-08 16:25:41.637 6849 6849 I : read strings
05-08 16:25:41.640 1 1 I init : processing action (sys.usb.config=adb && sys.usb.configfs=1 && sys.usb.ffs.ready=1) from (/system/etc/init/hw/init.usb.configfs.rc:20)
05-08 16:25:41.645 1 1 I init : Command 'symlink /config/usb_gadget/g1/functions/ffs.adb /config/usb_gadget/g1/configs/b.1/f1' action=sys.usb.config=adb && sys.usb.configfs=1 && sys.usb.ffs.ready=1 (/system/etc/init/hw/init.usb.configfs.rc:22) took 3ms and failed: symlink() failed: File exists
05-08 16:25:41.647 1 1 I init : Command 'write /config/usb_gadget/g1/UDC ${sys.usb.controller}' action=sys.usb.config=adb && sys.usb.configfs=1 && sys.usb.ffs.ready=1 (/system/etc/init/hw/init.usb.configfs.rc:23) took 0ms and failed: Unable to write to file '/config/usb_gadget/g1/UDC': Unable to write file contents: Device or resource busy
05-08 16:17:38.002 1267 1267 W ContextImpl: Calling a method in the system process without a qualified user: android.app.ContextImpl.sendBroadcast:1181 android.content.ContextWrapper.sendBroadcast:479 cn.eben.newweather.DateWeatherService.a:19 cn.eben.newweather.DateWeatherService.a:0 cn.eben.newweather.DateWeatherService$1.handleMessage:7
05-08 16:25:42.711 6849 6849 I : read descriptors
05-08 16:25:42.711 6849 6849 I : read strings
05-08 16:25:42.713 1 1 I init : processing action (sys.usb.config=adb && sys.usb.configfs=1 && sys.usb.ffs.ready=1) from (/system/etc/init/hw/init.usb.configfs.rc:20)
05-08 16:25:42.717 1 1 I init : Command 'symlink /config/usb_gadget/g1/functions/ffs.adb /config/usb_gadget/g1/configs/b.1/f1' action=sys.usb.config=adb && sys.usb.configfs=1 && sys.usb.ffs.ready=1 (/system/etc/init/hw/init.usb.configfs.rc:22) took 1ms and failed: symlink() failed: File exists
05-08 16:25:42.718 1 1 I init : Command 'write /config/usb_gadget/g1/UDC ${sys.usb.controller}' action=sys.usb.config=adb && sys.usb.configfs=1 && sys.usb.ffs.ready=1 (/system/etc/init/hw/init.usb.configfs.rc:23) took 1ms and failed: Unable to write to file '/config/usb_gadget/g1/UDC': Unable to write file contents: Device or resource busy
05-08 16:17:38.924 456 485 I RIL : ---> enter mainloop wait at port
05-08 16:17:38.924 456 485 D RIL-DEV : Get modem info
05-08 16:17:38.925 456 485 D RIL-DEV : [05-08_16:17:38:925] idVendor = 1d6b
05-08 16:17:38.925 456 485 D RIL-DEV :
05-08 16:17:38.925 456 485 D RIL-DEV : [05-08_16:17:38:925] idVendor = 1d6b
05-08 16:17:38.925 456 485 D RIL-DEV :
05-08 16:17:38.925 456 485 D RIL-DEV : [05-08_16:17:38:926] idVendor = 1d6b
05-08 16:17:38.925 456 485 D RIL-DEV :
05-08 16:17:38.925 456 485 D RIL-DEV : [05-08_16:17:38:926] idVendor = 0781
05-08 16:17:38.925 456 485 D RIL-DEV :
05-08 16:17:38.925 456 485 D RIL-DEV : [05-08_16:17:38:926] idVendor = 1d6b
05-08 16:17:38.925 456 485 D RIL-DEV :
05-08 16:17:38.926 456 485 E RIL-DEV : Cannot find Meig devices
05-08 16:17:38.926 456 485 I RIL : ---> can't find meig usb devices
05-08 16:17:39.003 1267 1267 W ContextImpl: Calling a method in the system process without a qualified user: android.app.ContextImpl.sendBroadcast:1181 android.content.ContextWrapper.sendBroadcast:479 cn.eben.newweather.DateWeatherService.a:19 cn.eben.newweather.DateWeatherService.a:0 cn.eben.newweather.DateWeatherService$1.handleMessage:7
05-08 16:25:43.757 6849 6849 I : read descriptors
05-08 16:25:43.758 6849 6849 I : read strings
05-08 16:25:43.760 1 1 I init : processing action (sys.usb.config=adb && sys.usb.configfs=1 && sys.usb.ffs.ready=1) from (/system/etc/init/hw/init.usb.configfs.rc:20)
05-08 16:17:40.002 1267 1267 W ContextImpl: Calling a method in the system process without a qualified user: android.app.ContextImpl.sendBroadcast:1181 android.content.ContextWrapper.sendBroadcast:479 cn.eben.newweather.DateWeatherService.a:19 cn.eben.newweather.DateWeatherService.a:0 cn.eben.newweather.DateWeatherService$1.handleMessage:7
05-08 16:17:40.926 456 485 I RIL : ---> enter mainloop wait at port
05-08 16:17:40.926 456 485 D RIL-DEV : Get modem info
05-08 16:17:40.927 456 485 D RIL-DEV : [05-08_16:17:40:927] idVendor = 1d6b
05-08 16:17:40.927 456 485 D RIL-DEV :
05-08 16:17:40.927 456 485 D RIL-DEV : [05-08_16:17:40:928] idVendor = 1d6b
05-08 16:17:40.927 456 485 D RIL-DEV :
05-08 16:17:40.928 456 485 D RIL-DEV : [05-08_16:17:40:928] idVendor = 1d6b
05-08 16:17:40.928 456 485 D RIL-DEV :
05-08 16:17:40.928 456 485 D RIL-DEV : [05-08_16:17:40:928] idVendor = 0781
05-08 16:17:40.928 456 485 D RIL-DEV :
05-08 16:17:40.928 456 485 D RIL-DEV : [05-08_16:17:40:929] idVendor = 1d6b
05-08 16:17:40.928 456 485 D RIL-DEV :
05-08 16:17:40.929 456 485 E RIL-DEV : Cannot find Meig devices
05-08 16:17:40.929 456 485 I RIL : ---> can't find meig usb devices
05-08 16:25:44.807 6849 6849 I : read descriptors
05-08 16:25:44.807 6849 6849 I : read strings
05-08 16:17:41.002 1267 1267 W ContextImpl: Calling a method in the system process without a qualified user: android.app.ContextImpl.sendBroadcast:1181 android.content.ContextWrapper.sendBroadcast:479 cn.eben.newweather.DateWeatherService.a:19 cn.eben.newweather.DateWeatherService.a:0 cn.eben.newweather.DateWeatherService$1.handleMessage:7
05-08 16:17:42.002 1267 1267 W ContextImpl: Calling a method in the system process without a qualified user: android.app.ContextImpl.sendBroadcast:1181 android.content.ContextWrapper.sendBroadcast:479 cn.eben.newweather.DateWeatherService.a:19 cn.eben.newweather.DateWeatherService.a:0 cn.eben.newweather.DateWeatherService$1.handleMessage:7
05-08 16:25:45.864 6849 6849 I : read descriptors
05-08 16:25:45.864 6849 6849 I : read strings
05-08 16:25:45.866 1 1 I init : processing action (sys.usb.config=adb && sys.usb.configfs=1 && sys.usb.ffs.ready=1) from (/system/etc/init/hw/init.usb.configfs.rc:20)
