05-08 16:18:23.483 0 0 I CPU7 : Booted secondary processor 0x0000000700 [0x414fd0b0]
05-08 16:18:23.484 3080 3080 I : CPU7 is up
05-08 16:18:23.490 3080 3080 I rk_gmac-dwmac fe1c0000.ethernet: init for RGMII
05-08 16:18:23.491 11598 11598 I usb1 : root hub lost power or was reset
05-08 16:18:23.498 11603 11603 I usb3 : root hub lost power or was reset
05-08 16:18:23.499 11603 11603 I usb4 : root hub lost power or was reset
05-08 16:18:23.501 3080 3080 E PM : dpm_run_callback(): wacom_i2c_resume+0x0/0xdc returns -6
05-08 16:18:23.501 3080 3080 E PM : Device 4-0009 failed to resume: error -6
05-08 16:18:23.564 3080 3080 I usb2 : root hub lost power or was reset
05-08 16:18:23.977 11612 11612 I usb 4-1 : reset SuperSpeed Gen 1 USB device number 2 using xhci-hcd
05-08 16:18:23.999 3080 3080 I : OOM killer enabled.
05-08 16:18:23.999 3080 3080 I : Restarting tasks ... done.
05-08 16:18:24.012 3080 3080 I : Resume caused by IRQ 121, husb311
05-08 16:18:24.012 3080 3080 I PM : suspend exit
05-08 16:18:24.012 10351 10351 I : mmc_host mmc0: Bus speed (slot 0) = 400000Hz (slot req 400000Hz, actual 400000HZ div = 0)
05-08 16:18:24.114 3080 3080 I PM : suspend entry (deep)
05-08 16:10:27.676 456 485 I RIL : ---> enter mainloop wait at port
05-08 16:10:27.676 456 485 D RIL-DEV : Get modem info
05-08 16:10:27.676 456 485 D RIL-DEV : [05-08_16:10:27:677] idVendor = 1d6b
05-08 16:10:27.676 456 485 D RIL-DEV :
05-08 16:10:27.677 456 485 D RIL-DEV : [05-08_16:10:27:677] idVendor = 1d6b
05-08 16:10:27.677 456 485 D RIL-DEV :
05-08 16:10:27.677 456 485 D RIL-DEV : [05-08_16:10:27:678] idVendor = 1d6b
05-08 16:10:27.677 456 485 D RIL-DEV :
05-08 16:10:27.678 456 485 D RIL-DEV : [05-08_16:10:27:678] idVendor = 0781
05-08 16:10:27.678 456 485 D RIL-DEV :
05-08 16:10:27.678 456 485 D RIL-DEV : [05-08_16:10:27:678] idVendor = 1d6b
05-08 16:10:27.678 456 485 D RIL-DEV :
05-08 16:10:27.678 456 485 E RIL-DEV : Cannot find Meig devices
05-08 16:10:27.678 456 485 I RIL : ---> can't find meig usb devices
05-08 16:18:24.196 10351 10351 I : mmc_host mmc0: Bus speed (slot 0) = 49500000Hz (slot req 50000000Hz, actual 49500000HZ div = 0)
05-08 16:18:24.227 3080 3080 I Filesystems sync: 0.113 seconds
05-08 16:18:24.228 3080 3080 I : Freezing user space processes ... (elapsed 0.010 seconds) done.
05-08 16:18:24.238 3080 3080 I : OOM killer disabled.
05-08 16:18:24.238 3080 3080 I : Freezing remaining freezable tasks ... (elapsed 0.182 seconds) done.
05-08 16:18:24.420 3080 3080 I printk : Suspending console(s) (use no_console_suspend to debug)
05-08 16:18:24.496 3080 3080 E regulator-dummy: Underflow of regulator enable count
05-08 16:18:24.496 3080 3080 E wacom_i2c 4-0009: disable regulator failed -22
05-08 16:18:24.740 3080 3080 I : Disabling non-boot CPUs ...
05-08 16:18:24.741 3080 3080 I psci : CPU1 killed (polled 0 ms)
05-08 16:18:24.742 3080 3080 I psci : CPU2 killed (polled 0 ms)
05-08 16:18:24.744 3080 3080 I psci : CPU3 killed (polled 0 ms)
05-08 16:18:24.746 3080 3080 I psci : CPU4 killed (polled 0 ms)
05-08 16:18:24.747 3080 3080 I psci : CPU5 killed (polled 0 ms)
05-08 16:18:24.749 3080 3080 I psci : CPU6 killed (polled 0 ms)
05-08 16:18:24.752 3080 3080 I psci : CPU7 killed (polled 0 ms)
05-08 16:18:24.990 0 0 W [ C0] PM: pm_system_irq_wakeup: 121 triggered husb311
05-08 16:18:24.990 3080 3080 I : Enabling non-boot CPUs ...
05-08 16:18:24.991 0 0 I : Detected VIPT I-cache on CPU1
05-08 16:18:24.991 0 0 I GICv3 : CPU1: found redistributor 100 region 0:0x00000000fe6a0000
05-08 16:18:24.991 0 0 I CPU1 : Booted secondary processor 0x0000000100 [0x412fd050]
05-08 16:18:24.992 3080 3080 I : CPU1 is up
05-08 16:18:24.993 0 0 I : Detected VIPT I-cache on CPU2
05-08 16:18:24.993 0 0 I GICv3 : CPU2: found redistributor 200 region 0:0x00000000fe6c0000
05-08 16:18:24.993 0 0 I CPU2 : Booted secondary processor 0x0000000200 [0x412fd050]
05-08 16:18:24.994 3080 3080 I : CPU2 is up
05-08 16:18:24.994 0 0 I : Detected VIPT I-cache on CPU3
05-08 16:18:24.994 0 0 I GICv3 : CPU3: found redistributor 300 region 0:0x00000000fe6e0000
05-08 16:18:24.994 0 0 I CPU3 : Booted secondary processor 0x0000000300 [0x412fd050]
05-08 16:18:24.995 3080 3080 I : CPU3 is up
05-08 16:18:24.996 0 0 I : Detected PIPT I-cache on CPU4
05-08 16:18:24.996 0 0 I GICv3 : CPU4: found redistributor 400 region 0:0x00000000fe700000
05-08 16:18:24.996 0 0 I CPU4 : Booted secondary processor 0x0000000400 [0x414fd0b0]
05-08 16:18:24.997 3080 3080 I : CPU4 is up
05-08 16:18:24.998 0 0 I : Detected PIPT I-cache on CPU5
05-08 16:18:24.998 0 0 I GICv3 : CPU5: found redistributor 500 region 0:0x00000000fe720000
05-08 16:18:24.998 0 0 I CPU5 : Booted secondary processor 0x0000000500 [0x414fd0b0]
05-08 16:18:24.999 3080 3080 I : CPU5 is up
05-08 16:18:25.000 0 0 I : Detected PIPT I-cache on CPU6
05-08 16:18:25.000 0 0 I GICv3 : CPU6: found redistributor 600 region 0:0x00000000fe740000
05-08 16:18:25.000 0 0 I CPU6 : Booted secondary processor 0x0000000600 [0x414fd0b0]
05-08 16:18:25.002 3080 3080 I : CPU6 is up
05-08 16:18:25.003 0 0 I : Detected PIPT I-cache on CPU7
05-08 16:18:25.003 0 0 I GICv3 : CPU7: found redistributor 700 region 0:0x00000000fe760000
05-08 16:18:25.003 0 0 I CPU7 : Booted secondary processor 0x0000000700 [0x414fd0b0]
05-08 16:18:25.004 3080 3080 I : CPU7 is up
05-08 16:18:25.010 3080 3080 I rk_gmac-dwmac fe1c0000.ethernet: init for RGMII
05-08 16:18:25.010 11598 11598 I usb1 : root hub lost power or was reset
05-08 16:18:25.018 11609 11609 I usb3 : root hub lost power or was reset
05-08 16:18:25.018 11609 11609 I usb4 : root hub lost power or was reset
05-08 16:18:25.019 3080 3080 E PM : dpm_run_callback(): wacom_i2c_resume+0x0/0xdc returns -6
05-08 16:18:25.019 3080 3080 E PM : Device 4-0009 failed to resume: error -6
05-08 16:18:25.082 3080 3080 I usb2 : root hub lost power or was reset
05-08 16:18:25.498 11604 11604 I usb 4-1 : reset SuperSpeed Gen 1 USB device number 2 using xhci-hcd
05-08 16:18:25.519 3080 3080 I : OOM killer enabled.
05-08 16:18:25.519 3080 3080 I : Restarting tasks ... done.
05-08 16:18:25.532 3080 3080 I : Resume caused by IRQ 121, husb311
05-08 16:18:25.532 3080 3080 I PM : suspend exit
05-08 16:18:25.534 8497 8497 I : mmc_host mmc0: Bus speed (slot 0) = 400000Hz (slot req 400000Hz, actual 400000HZ div = 0)
05-08 16:18:25.633 3080 3080 I PM : suspend entry (deep)
05-08 16:18:25.721 8497 8497 I : mmc_host mmc0: Bus speed (slot 0) = 49500000Hz (slot req 50000000Hz, actual 49500000HZ div = 0)
05-08 16:18:25.729 6849 6849 I : read descriptors
05-08 16:18:25.729 6849 6849 I : read strings
05-08 16:18:25.731 1 1 I init : processing action (sys.usb.config=adb && sys.usb.configfs=1 && sys.usb.ffs.ready=1) from (/system/etc/init/hw/init.usb.configfs.rc:20)
05-08 16:18:25.734 1 1 I init : Command 'symlink /config/usb_gadget/g1/functions/ffs.adb /config/usb_gadget/g1/configs/b.1/f1' action=sys.usb.config=adb && sys.usb.configfs=1 && sys.usb.ffs.ready=1 (/system/etc/init/hw/init.usb.configfs.rc:22) took 0ms and failed: symlink() failed: File exists
05-08 16:18:25.736 1 1 I init : Command 'write /config/usb_gadget/g1/UDC ${sys.usb.controller}' action=sys.usb.config=adb && sys.usb.configfs=1 && sys.usb.ffs.ready=1 (/system/etc/init/hw/init.usb.configfs.rc:23) took 1ms and failed: Unable to write to file '/config/usb_gadget/g1/UDC': Unable to write file contents: Device or resource busy
05-08 16:18:25.744 3080 3080 I Filesystems sync: 0.110 seconds
05-08 16:18:25.744 3080 3080 I : Freezing user space processes ... (elapsed 0.006 seconds) done.
05-08 16:18:25.751 3080 3080 I : OOM killer disabled.
05-08 16:18:25.751 3080 3080 I : Freezing remaining freezable tasks ... (elapsed 0.193 seconds) done.
05-08 16:18:25.944 3080 3080 I printk : Suspending console(s) (use no_console_suspend to debug)
05-08 16:18:26.020 3080 3080 E regulator-dummy: Underflow of regulator enable count
05-08 16:18:26.020 3080 3080 E wacom_i2c 4-0009: disable regulator failed -22
05-08 16:10:30.572 456 485 I RIL : ---> enter mainloop wait at port
05-08 16:10:30.572 456 485 D RIL-DEV : Get modem info
05-08 16:18:26.258 3080 3080 I : Disabling non-boot CPUs ...
05-08 16:18:26.259 3080 3080 I psci : CPU1 killed (polled 0 ms)
05-08 16:18:26.261 3080 3080 I psci : CPU2 killed (polled 0 ms)
05-08 16:18:26.262 3080 3080 I psci : CPU3 killed (polled 0 ms)
05-08 16:18:26.264 3080 3080 I psci : CPU4 killed (polled 0 ms)
05-08 16:10:30.573 456 485 D RIL-DEV : [05-08_16:10:30:573] idVendor = 1d6b
05-08 16:10:30.573 456 485 D RIL-DEV :
05-08 16:10:30.573 456 485 D RIL-DEV : [05-08_16:10:30:573] idVendor = 1d6b
05-08 16:10:30.573 456 485 D RIL-DEV :
05-08 16:10:30.573 456 485 D RIL-DEV : [05-08_16:10:30:574] idVendor = 1d6b
05-08 16:10:30.573 456 485 D RIL-DEV :
05-08 16:10:30.574 456 485 D RIL-DEV : [05-08_16:10:30:574] idVendor = 0781
05-08 16:10:30.574 456 485 D RIL-DEV :
05-08 16:10:30.574 456 485 D RIL-DEV : [05-08_16:10:30:574] idVendor = 1d6b
05-08 16:10:30.574 456 485 D RIL-DEV :
05-08 16:18:26.267 3080 3080 I psci : CPU5 killed (polled 0 ms)
05-08 16:18:26.268 3080 3080 I psci : CPU6 killed (polled 0 ms)
05-08 16:18:26.269 3080 3080 I psci : CPU7 killed (polled 0 ms)
05-08 16:10:30.574 456 485 E RIL-DEV : Cannot find Meig devices
05-08 16:18:26.482 0 0 W [ C0] PM: pm_system_irq_wakeup: 121 triggered husb311
05-08 16:10:30.574 456 485 I RIL : ---> can't find meig usb devices
05-08 16:18:26.482 3080 3080 I : Enabling non-boot CPUs ...
05-08 16:18:26.483 0 0 I : Detected VIPT I-cache on CPU1
05-08 16:18:26.483 0 0 I GICv3 : CPU1: found redistributor 100 region 0:0x00000000fe6a0000
05-08 16:18:26.483 0 0 I CPU1 : Booted secondary processor 0x0000000100 [0x412fd050]
05-08 16:18:26.484 3080 3080 I : CPU1 is up
05-08 16:18:26.485 0 0 I : Detected VIPT I-cache on CPU2
05-08 16:18:26.485 0 0 I GICv3 : CPU2: found redistributor 200 region 0:0x00000000fe6c0000
05-08 16:18:26.485 0 0 I CPU2 : Booted secondary processor 0x0000000200 [0x412fd050]
05-08 16:18:26.486 3080 3080 I : CPU2 is up
05-08 16:18:26.487 0 0 I : Detected VIPT I-cache on CPU3
05-08 16:18:26.487 0 0 I GICv3 : CPU3: found redistributor 300 region 0:0x00000000fe6e0000
05-08 16:18:26.487 0 0 I CPU3 : Booted secondary processor 0x0000000300 [0x412fd050]
05-08 16:18:26.487 3080 3080 I : CPU3 is up
05-08 16:18:26.488 0 0 I : Detected PIPT I-cache on CPU4
05-08 16:18:26.488 0 0 I GICv3 : CPU4: found redistributor 400 region 0:0x00000000fe700000
05-08 16:18:26.488 0 0 I CPU4 : Booted secondary processor 0x0000000400 [0x414fd0b0]
05-08 16:18:26.489 3080 3080 I : CPU4 is up
05-08 16:18:26.490 0 0 I : Detected PIPT I-cache on CPU5
05-08 16:18:26.490 0 0 I GICv3 : CPU5: found redistributor 500 region 0:0x00000000fe720000
05-08 16:18:26.490 0 0 I CPU5 : Booted secondary processor 0x0000000500 [0x414fd0b0]
05-08 16:18:26.491 3080 3080 I : CPU5 is up
05-08 16:18:26.492 0 0 I : Detected PIPT I-cache on CPU6
05-08 16:18:26.492 0 0 I GICv3 : CPU6: found redistributor 600 region 0:0x00000000fe740000
05-08 16:18:26.492 0 0 I CPU6 : Booted secondary processor 0x0000000600 [0x414fd0b0]
05-08 16:18:26.494 3080 3080 I : CPU6 is up
05-08 16:18:26.495 0 0 I : Detected PIPT I-cache on CPU7
05-08 16:18:26.495 0 0 I GICv3 : CPU7: found redistributor 700 region 0:0x00000000fe760000
05-08 16:18:26.495 0 0 I CPU7 : Booted secondary processor 0x0000000700 [0x414fd0b0]
05-08 16:18:26.496 3080 3080 I : CPU7 is up
05-08 16:18:26.502 3080 3080 I rk_gmac-dwmac fe1c0000.ethernet: init for RGMII
05-08 16:18:26.502 11612 11612 I usb1 : root hub lost power or was reset
05-08 16:18:26.510 11609 11609 I usb3 : root hub lost power or was reset
05-08 16:18:26.510 11609 11609 I usb4 : root hub lost power or was reset
05-08 16:18:26.511 3080 3080 E PM : dpm_run_callback(): wacom_i2c_resume+0x0/0xdc returns -6
05-08 16:18:26.511 3080 3080 E PM : Device 4-0009 failed to resume: error -6
05-08 16:18:26.574 3080 3080 I usb2 : root hub lost power or was reset
05-08 16:18:26.990 11606 11606 I usb 4-1 : reset SuperSpeed Gen 1 USB device number 2 using xhci-hcd
05-08 16:18:27.011 3080 3080 I : OOM killer enabled.
05-08 16:18:27.011 3080 3080 I : Restarting tasks ... done.
05-08 16:18:27.026 3080 3080 I : Resume caused by IRQ 121, husb311
05-08 16:18:27.026 3080 3080 I PM : suspend exit
05-08 16:18:27.027 10970 10970 I : mmc_host mmc0: Bus speed (slot 0) = 400000Hz (slot req 400000Hz, actual 400000HZ div = 0)
05-08 16:18:27.127 3080 3080 I PM : suspend entry (deep)
05-08 16:18:27.209 10970 10970 I : mmc_host mmc0: Bus speed (slot 0) = 49500000Hz (slot req 50000000Hz, actual 49500000HZ div = 0)
05-08 16:18:27.239 3080 3080 I Filesystems sync: 0.112 seconds --------- beginning of system
05-08 16:10:32.084 1267 1267 W ContextImpl: Calling a method in the system process without a qualified user: android.app.ContextImpl.sendBroadcast:1181 android.content.ContextWrapper.sendBroadcast:479 cn.eben.newweather.DateWeatherService.a:19 cn.eben.newweather.DateWeatherService.a:0 cn.eben.newweather.DateWeatherService$1.handleMessage:7
05-08 16:18:27.239 3080 3080 I : Freezing user space processes ... (elapsed 0.010 seconds) done.
05-08 16:10:32.087 615 615 W Looper : Slow delivery took 238ms main h=android.os.Handler c=com.android.internal.os.BinderCallsStats$1@4d58094 m=0
05-08 16:18:27.249 3080 3080 I : OOM killer disabled.
05-08 16:18:27.249 3080 3080 I : Freezing remaining freezable tasks ... (elapsed 0.182 seconds) done.
05-08 16:18:27.432 3080 3080 I printk : Suspending console(s) (use no_console_suspend to debug)
05-08 16:18:27.506 3080 3080 E regulator-dummy: Underflow of regulator enable count
05-08 16:18:27.506 3080 3080 E wacom_i2c 4-0009: disable regulator failed -22
05-08 16:18:27.749 3080 3080 I : Disabling non-boot CPUs ...
05-08 16:18:27.750 3080 3080 I psci : CPU1 killed (polled 0 ms)
05-08 16:18:27.752 3080 3080 I psci : CPU2 killed (polled 0 ms)
05-08 16:18:27.753 3080 3080 I psci : CPU3 killed (polled 0 ms)
05-08 16:18:27.755 3080 3080 I psci : CPU4 killed (polled 0 ms)
05-08 16:18:27.757 3080 3080 I psci : CPU5 killed (polled 0 ms)
05-08 16:18:27.759 3080 3080 I psci : CPU6 killed (polled 0 ms)
05-08 16:18:27.760 3080 3080 I psci : CPU7 killed (polled 0 ms)
05-08 16:18:27.998 0 0 W [ C0] PM: pm_system_irq_wakeup: 121 triggered husb311
05-08 16:18:27.999 3080 3080 I : Enabling non-boot CPUs ...
05-08 16:18:28.000 0 0 I : Detected VIPT I-cache on CPU1
05-08 16:18:28.000 0 0 I GICv3 : CPU1: found redistributor 100 region 0:0x00000000fe6a0000
05-08 16:18:28.000 0 0 I CPU1 : Booted secondary processor 0x0000000100 [0x412fd050]
05-08 16:18:28.001 3080 3080 I : CPU1 is up
05-08 16:18:28.002 0 0 I : Detected VIPT I-cache on CPU2
05-08 16:18:28.002 0 0 I GICv3 : CPU2: found redistributor 200 region 0:0x00000000fe6c0000
05-08 16:18:28.002 0 0 I CPU2 : Booted secondary processor 0x0000000200 [0x412fd050]
05-08 16:18:28.002 3080 3080 I : CPU2 is up
05-08 16:18:28.003 0 0 I : Detected VIPT I-cache on CPU3
05-08 16:18:28.003 0 0 I GICv3 : CPU3: found redistributor 300 region 0:0x00000000fe6e0000
05-08 16:18:28.003 0 0 I CPU3 : Booted secondary processor 0x0000000300 [0x412fd050]
05-08 16:18:28.004 3080 3080 I : CPU3 is up
05-08 16:18:28.005 0 0 I : Detected PIPT I-cache on CPU4
05-08 16:18:28.005 0 0 I GICv3 : CPU4: found redistributor 400 region 0:0x00000000fe700000
05-08 16:18:28.005 0 0 I CPU4 : Booted secondary processor 0x0000000400 [0x414fd0b0]
05-08 16:18:28.006 3080 3080 I : CPU4 is up
05-08 16:18:28.007 0 0 I : Detected PIPT I-cache on CPU5
05-08 16:18:28.007 0 0 I GICv3 : CPU5: found redistributor 500 region 0:0x00000000fe720000
05-08 16:18:28.007 0 0 I CPU5 : Booted secondary processor 0x0000000500 [0x414fd0b0]
05-08 16:18:28.008 3080 3080 I : CPU5 is up
05-08 16:18:28.009 0 0 I : Detected PIPT I-cache on CPU6
05-08 16:18:28.009 0 0 I GICv3 : CPU6: found redistributor 600 region 0:0x00000000fe740000
05-08 16:18:28.009 0 0 I CPU6 : Booted secondary processor 0x0000000600 [0x414fd0b0]
05-08 16:18:28.010 3080 3080 I : CPU6 is up
05-08 16:18:28.011 0 0 I : Detected PIPT I-cache on CPU7
05-08 16:18:28.011 0 0 I GICv3 : CPU7: found redistributor 700 region 0:0x00000000fe760000
05-08 16:18:28.011 0 0 I CPU7 : Booted secondary processor 0x0000000700 [0x414fd0b0]
05-08 16:18:28.012 3080 3080 I : CPU7 is up
05-08 16:18:28.018 3080 3080 I rk_gmac-dwmac fe1c0000.ethernet: init for RGMII
05-08 16:18:28.018 11618 11618 I usb1 : root hub lost power or was reset
05-08 16:18:28.026 11600 11600 I usb3 : root hub lost power or was reset
05-08 16:18:28.026 11600 11600 I usb4 : root hub lost power or was reset
05-08 16:18:28.029 3080 3080 E PM : dpm_run_callback(): wacom_i2c_resume+0x0/0xdc returns -6
05-08 16:18:28.029 3080 3080 E PM : Device 4-0009 failed to resume: error -6
05-08 16:18:28.095 3080 3080 I usb2 : root hub lost power or was reset
05-08 16:18:28.505 11522 11522 I usb 4-1 : reset SuperSpeed Gen 1 USB device number 2 using xhci-hcd
05-08 16:18:28.525 3080 3080 I : OOM killer enabled.
05-08 16:18:28.525 3080 3080 I : Restarting tasks ...
05-08 16:18:28.539 10351 10351 I : mmc_host mmc0: Bus speed (slot 0) = 400000Hz (slot req 400000Hz, actual 400000HZ div = 0)
05-08 16:18:28.541 3080 3080 W : done.
05-08 16:18:28.541 3080 3080 I : Resume caused by IRQ 121, husb311
05-08 16:18:28.541 3080 3080 I PM : suspend exit
05-08 16:18:28.642 3080 3080 I PM : suspend entry (deep)
05-08 16:18:28.722 10351 10351 I : mmc_host mmc0: Bus speed (slot 0) = 49500000Hz (slot req 50000000Hz, actual 49500000HZ div = 0)
05-08 16:10:33.578 456 485 I RIL : ---> enter mainloop wait at port
05-08 16:10:33.578 456 485 D RIL-DEV : Get modem info
05-08 16:10:33.579 456 485 D RIL-DEV : [05-08_16:10:33:579] idVendor = 1d6b
05-08 16:10:33.579 456 485 D RIL-DEV :
05-08 16:10:33.579 456 485 D RIL-DEV : [05-08_16:10:33:580] idVendor = 1d6b
05-08 16:10:33.579 456 485 D RIL-DEV :
05-08 16:10:33.579 456 485 D RIL-DEV : [05-08_16:10:33:580] idVendor = 1d6b
05-08 16:10:33.579 456 485 D RIL-DEV :
05-08 16:18:28.755 3080 3080 I Filesystems sync: 0.112 seconds
05-08 16:18:28.755 3080 3080 I : Freezing user space processes ... (elapsed 0.010 seconds) done.
05-08 16:10:33.580 456 485 D RIL-DEV : [05-08_16:10:33:580] idVendor = 0781
05-08 16:10:33.580 456 485 D RIL-DEV :
05-08 16:10:33.580 456 485 D RIL-DEV : [05-08_16:10:33:580] idVendor = 1d6b
05-08 16:10:33.580 456 485 D RIL-DEV :
05-08 16:18:28.765 3080 3080 I : OOM killer disabled.
05-08 16:10:33.580 456 485 E RIL-DEV : Cannot find Meig devices
05-08 16:10:33.580 456 485 I RIL : ---> can't find meig usb devices
05-08 16:10:33.580 1267 1267 W ContextImpl: Calling a method in the system process without a qualified user: android.app.ContextImpl.sendBroadcast:1181 android.content.ContextWrapper.sendBroadcast:479 cn.eben.newweather.DateWeatherService.a:19 cn.eben.newweather.DateWeatherService.a:0 cn.eben.newweather.DateWeatherService$1.handleMessage:7
05-08 16:18:28.765 3080 3080 I : Freezing remaining freezable tasks ... (elapsed 0.181 seconds) done.
05-08 16:18:28.947 3080 3080 I printk : Suspending console(s) (use no_console_suspend to debug)
05-08 16:18:29.020 3080 3080 E regulator-dummy: Underflow of regulator enable count
05-08 16:18:29.020 3080 3080 E wacom_i2c 4-0009: disable regulator failed -22
05-08 16:18:29.268 3080 3080 I : Disabling non-boot CPUs ...
05-08 16:18:29.269 3080 3080 I psci : CPU1 killed (polled 0 ms)
05-08 16:18:29.270 3080 3080 I psci : CPU2 killed (polled 0 ms)
05-08 16:18:29.272 3080 3080 I psci : CPU3 killed (polled 0 ms)
05-08 16:18:29.274 3080 3080 I psci : CPU4 killed (polled 0 ms)
05-08 16:18:29.275 3080 3080 I psci : CPU5 killed (polled 0 ms)
05-08 16:18:29.277 3080 3080 I psci : CPU6 killed (polled 0 ms)
05-08 16:18:29.280 3080 3080 I psci : CPU7 killed (polled 0 ms)
05-08 16:18:29.492 0 0 W [ C0] PM: pm_system_irq_wakeup: 121 triggered husb311
05-08 16:18:29.492 3080 3080 I : Enabling non-boot CPUs ...
05-08 16:18:29.493 0 0 I : Detected VIPT I-cache on CPU1
05-08 16:18:29.493 0 0 I GICv3 : CPU1: found redistributor 100 region 0:0x00000000fe6a0000
05-08 16:18:29.493 0 0 I CPU1 : Booted secondary processor 0x0000000100 [0x412fd050]
05-08 16:18:29.494 3080 3080 I : CPU1 is up
05-08 16:18:29.495 0 0 I : Detected VIPT I-cache on CPU2
05-08 16:18:29.495 0 0 I GICv3 : CPU2: found redistributor 200 region 0:0x00000000fe6c0000
05-08 16:18:29.495 0 0 I CPU2 : Booted secondary processor 0x0000000200 [0x412fd050]
05-08 16:18:29.496 3080 3080 I : CPU2 is up
05-08 16:18:29.497 0 0 I : Detected VIPT I-cache on CPU3
05-08 16:18:29.497 0 0 I GICv3 : CPU3: found redistributor 300 region 0:0x00000000fe6e0000
05-08 16:18:29.497 0 0 I CPU3 : Booted secondary processor 0x0000000300 [0x412fd050]
05-08 16:18:29.497 3080 3080 I : CPU3 is up
05-08 16:18:29.498 0 0 I : Detected PIPT I-cache on CPU4
05-08 16:18:29.498 0 0 I GICv3 : CPU4: found redistributor 400 region 0:0x00000000fe700000
05-08 16:18:29.498 0 0 I CPU4 : Booted secondary processor 0x0000000400 [0x414fd0b0]
05-08 16:18:29.499 3080 3080 I : CPU4 is up
05-08 16:18:29.500 0 0 I : Detected PIPT I-cache on CPU5
05-08 16:18:29.500 0 0 I GICv3 : CPU5: found redistributor 500 region 0:0x00000000fe720000
05-08 16:18:29.500 0 0 I CPU5 : Booted secondary processor 0x0000000500 [0x414fd0b0]
05-08 16:18:29.501 3080 3080 I : CPU5 is up
05-08 16:18:29.502 0 0 I : Detected PIPT I-cache on CPU6
05-08 16:18:29.502 0 0 I GICv3 : CPU6: found redistributor 600 region 0:0x00000000fe740000
05-08 16:18:29.502 0 0 I CPU6 : Booted secondary processor 0x0000000600 [0x414fd0b0]
05-08 16:18:29.504 3080 3080 I : CPU6 is up
05-08 16:18:29.505 0 0 I : Detected PIPT I-cache on CPU7
05-08 16:18:29.505 0 0 I GICv3 : CPU7: found redistributor 700 region 0:0x00000000fe760000
05-08 16:18:29.505 0 0 I CPU7 : Booted secondary processor 0x0000000700 [0x414fd0b0]
05-08 16:18:29.506 3080 3080 I : CPU7 is up
05-08 16:18:29.512 3080 3080 I rk_gmac-dwmac fe1c0000.ethernet: init for RGMII
05-08 16:18:29.512 11610 11610 I usb1 : root hub lost power or was reset
05-08 16:18:29.520 11599 11599 I usb3 : root hub lost power or was reset
05-08 16:18:29.520 11599 11599 I usb4 : root hub lost power or was reset
05-08 16:18:29.521 3080 3080 E PM : dpm_run_callback(): wacom_i2c_resume+0x0/0xdc returns -6
05-08 16:18:29.521 3080 3080 E PM : Device 4-0009 failed to resume: error -6
05-08 16:18:29.584 3080 3080 I usb2 : root hub lost power or was reset
05-08 16:18:30.000 10275 10275 I usb 4-1 : reset SuperSpeed Gen 1 USB device number 2 using xhci-hcd
05-08 16:18:30.023 3080 3080 I : OOM killer enabled.
05-08 16:18:30.023 3080 3080 I : Restarting tasks ... done.
05-08 16:18:30.036 3080 3080 I : Resume caused by IRQ 121, husb311
05-08 16:18:30.036 3080 3080 I PM : suspend exit
05-08 16:18:30.037 8497 8497 I : mmc_host mmc0: Bus speed (slot 0) = 400000Hz (slot req 400000Hz, actual 400000HZ div = 0)
05-08 16:18:30.137 3080 3080 I PM : suspend entry (deep)
05-08 16:18:30.219 8497 8497 I : mmc_host mmc0: Bus speed (slot 0) = 49500000Hz (slot req 50000000Hz, actual 49500000HZ div = 0)
05-08 16:18:30.250 3080 3080 I Filesystems sync: 0.112 seconds
05-08 16:10:35.097 1267 1267 W ContextImpl: Calling a method in the system process without a qualified user: android.app.ContextImpl.sendBroadcast:1181 android.content.ContextWrapper.sendBroadcast:479 cn.eben.newweather.DateWeatherService.a:19 cn.eben.newweather.DateWeatherService.a:0 cn.eben.newweather.DateWeatherService$1.handleMessage:7
05-08 16:18:30.250 3080 3080 I : Freezing user space processes ... (elapsed 0.010 seconds) done.
05-08 16:18:30.260 3080 3080 I : OOM killer disabled.
05-08 16:18:30.260 3080 3080 I : Freezing remaining freezable tasks ... (elapsed 0.178 seconds) done.
05-08 16:18:30.439 3080 3080 I printk : Suspending console(s) (use no_console_suspend to debug)
05-08 16:18:30.513 3080 3080 E regulator-dummy: Underflow of regulator enable count
05-08 16:18:30.513 3080 3080 E wacom_i2c 4-0009: disable regulator failed -22
05-08 16:18:30.760 3080 3080 I : Disabling non-boot CPUs ...
05-08 16:18:30.761 3080 3080 I psci : CPU1 killed (polled 0 ms)
05-08 16:18:30.762 3080 3080 I psci : CPU2 killed (polled 0 ms)
05-08 16:18:30.763 3080 3080 I psci : CPU3 killed (polled 0 ms)
05-08 16:18:30.765 3080 3080 I psci : CPU4 killed (polled 0 ms)
05-08 16:18:30.767 3080 3080 I psci : CPU5 killed (polled 0 ms)
05-08 16:18:30.769 3080 3080 I psci : CPU6 killed (polled 0 ms)
05-08 16:18:30.770 3080 3080 I psci : CPU7 killed (polled 0 ms)
05-08 16:18:31.009 0 0 W [ C0] PM: pm_system_irq_wakeup: 121 triggered husb311
05-08 16:18:31.009 3080 3080 I : Enabling non-boot CPUs ...
05-08 16:18:31.010 0 0 I : Detected VIPT I-cache on CPU1
05-08 16:18:31.010 0 0 I GICv3 : CPU1: found redistributor 100 region 0:0x00000000fe6a0000
05-08 16:18:31.010 0 0 I CPU1 : Booted secondary processor 0x0000000100 [0x412fd050]
05-08 16:18:31.011 3080 3080 I : CPU1 is up
05-08 16:18:31.012 0 0 I : Detected VIPT I-cache on CPU2
05-08 16:18:31.012 0 0 I GICv3 : CPU2: found redistributor 200 region 0:0x00000000fe6c0000
05-08 16:18:31.012 0 0 I CPU2 : Booted secondary processor 0x0000000200 [0x412fd050]
05-08 16:18:31.013 3080 3080 I : CPU2 is up
05-08 16:18:31.014 0 0 I : Detected VIPT I-cache on CPU3
05-08 16:18:31.014 0 0 I GICv3 : CPU3: found redistributor 300 region 0:0x00000000fe6e0000
05-08 16:18:31.014 0 0 I CPU3 : Booted secondary processor 0x0000000300 [0x412fd050]
05-08 16:18:31.014 3080 3080 I : CPU3 is up
05-08 16:18:31.015 0 0 I : Detected PIPT I-cache on CPU4
05-08 16:18:31.015 0 0 I GICv3 : CPU4: found redistributor 400 region 0:0x00000000fe700000
05-08 16:18:31.015 0 0 I CPU4 : Booted secondary processor 0x0000000400 [0x414fd0b0]
05-08 16:18:31.017 3080 3080 I : CPU4 is up
05-08 16:18:31.017 0 0 I : Detected PIPT I-cache on CPU5
05-08 16:18:31.018 0 0 I GICv3 : CPU5: found redistributor 500 region 0:0x00000000fe720000
05-08 16:18:31.018 0 0 I CPU5 : Booted secondary processor 0x0000000500 [0x414fd0b0]
05-08 16:18:31.019 3080 3080 I : CPU5 is up
05-08 16:18:31.020 0 0 I : Detected PIPT I-cache on CPU6
05-08 16:18:31.020 0 0 I GICv3 : CPU6: found redistributor 600 region 0:0x00000000fe740000
05-08 16:18:31.020 0 0 I CPU6 : Booted secondary processor 0x0000000600 [0x414fd0b0]
05-08 16:18:31.021 3080 3080 I : CPU6 is up
05-08 16:18:31.022 0 0 I : Detected PIPT I-cache on CPU7
05-08 16:18:31.022 0 0 I GICv3 : CPU7: found redistributor 700 region 0:0x00000000fe760000
05-08 16:18:31.022 0 0 I CPU7 : Booted secondary processor 0x0000000700 [0x414fd0b0]
05-08 16:18:31.023 3080 3080 I : CPU7 is up
05-08 16:18:31.030 3080 3080 I rk_gmac-dwmac fe1c0000.ethernet: init for RGMII
05-08 16:18:31.030 11613 11613 I usb1 : root hub lost power or was reset
05-08 16:18:31.037 11603 11603 I usb3 : root hub lost power or was reset
05-08 16:18:31.037 11603 11603 I usb4 : root hub lost power or was reset
05-08 16:18:31.040 3080 3080 E PM : dpm_run_callback(): wacom_i2c_resume+0x0/0xdc returns -6
05-08 16:18:31.040 3080 3080 E PM : Device 4-0009 failed to resume: error -6
05-08 16:18:31.102 3080 3080 I usb2 : root hub lost power or was reset
05-08 16:18:31.518 11607 11607 I usb 4-1 : reset SuperSpeed Gen 1 USB device number 2 using xhci-hcd
05-08 16:18:31.538 3080 3080 I : OOM killer enabled.
05-08 16:18:31.538 3080 3080 I : Restarting tasks ...
05-08 16:18:31.552 10351 10351 I : mmc_host mmc0: Bus speed (slot 0) = 400000Hz (slot req 400000Hz, actual 400000HZ div = 0)
05-08 16:18:31.554 3080 3080 W : done.
05-08 16:18:31.554 3080 3080 I : Resume caused by IRQ 121, husb311
05-08 16:18:31.554 3080 3080 I PM : suspend exit
05-08 16:18:31.655 3080 3080 I PM : suspend entry (deep)
05-08 16:18:31.733 10351 10351 I : mmc_host mmc0: Bus speed (slot 0) = 49500000Hz (slot req 50000000Hz, actual 49500000HZ div = 0)
05-08 16:18:31.766 3080 3080 I Filesystems sync: 0.111 seconds
05-08 16:18:31.767 3080 3080 I : Freezing user space processes ... (elapsed 0.010 seconds) done.
05-08 16:18:31.777 3080 3080 I : OOM killer disabled.
05-08 16:18:31.777 3080 3080 I : Freezing remaining freezable tasks ... (elapsed 0.181 seconds) done.
05-08 16:18:31.958 3080 3080 I printk : Suspending console(s) (use no_console_suspend to debug)
05-08 16:18:32.034 3080 3080 E regulator-dummy: Underflow of regulator enable count
05-08 16:18:32.034 3080 3080 E wacom_i2c 4-0009: disable regulator failed -22
05-08 16:18:32.277 3080 3080 I : Disabling non-boot CPUs ...
05-08 16:18:32.278 3080 3080 I psci : CPU1 killed (polled 0 ms)
05-08 16:18:32.280 3080 3080 I psci : CPU2 killed (polled 0 ms)
05-08 16:18:32.281 3080 3080 I psci : CPU3 killed (polled 0 ms)
05-08 16:18:32.283 3080 3080 I psci : CPU4 killed (polled 0 ms)
05-08 16:18:32.285 3080 3080 I psci : CPU5 killed (polled 0 ms)
05-08 16:18:32.287 3080 3080 I psci : CPU6 killed (polled 0 ms)
05-08 16:18:32.288 3080 3080 I psci : CPU7 killed (polled 0 ms)
05-08 16:10:36.590 456 485 I RIL : ---> enter mainloop wait at port
05-08 16:10:36.590 456 485 D RIL-DEV : Get modem info
05-08 16:10:36.593 1267 1267 W ContextImpl: Calling a method in the system process without a qualified user: android.app.ContextImpl.sendBroadcast:1181 android.content.ContextWrapper.sendBroadcast:479 cn.eben.newweather.DateWeatherService.a:19 cn.eben.newweather.DateWeatherService.a:0 cn.eben.newweather.DateWeatherService$1.handleMessage:7
05-08 16:10:36.594 456 485 D RIL-DEV : [05-08_16:10:36:594] idVendor = 1d6b
05-08 16:10:36.594 456 485 D RIL-DEV :
05-08 16:10:36.595 456 485 D RIL-DEV : [05-08_16:10:36:595] idVendor = 1d6b
05-08 16:10:36.595 456 485 D RIL-DEV :
05-08 16:10:36.595 456 485 D RIL-DEV : [05-08_16:10:36:596] idVendor = 1d6b
05-08 16:10:36.595 456 485 D RIL-DEV :
05-08 16:10:36.595 456 485 D RIL-DEV : [05-08_16:10:36:596] idVendor = 0781
05-08 16:10:36.595 456 485 D RIL-DEV :
05-08 16:10:36.595 456 485 D RIL-DEV : [05-08_16:10:36:596] idVendor = 1d6b
05-08 16:10:36.595 456 485 D RIL-DEV :
05-08 16:18:32.500 0 0 W [ C0] PM: pm_system_irq_wakeup: 121 triggered husb311
05-08 16:10:36.596 456 485 E RIL-DEV : Cannot find Meig devices
05-08 16:10:36.596 456 485 I RIL : ---> can't find meig usb devices
05-08 16:18:32.501 3080 3080 I : Enabling non-boot CPUs ...
05-08 16:18:32.502 0 0 I : Detected VIPT I-cache on CPU1
05-08 16:18:32.502 0 0 I GICv3 : CPU1: found redistributor 100 region 0:0x00000000fe6a0000
05-08 16:18:32.502 0 0 I CPU1 : Booted secondary processor 0x0000000100 [0x412fd050]
05-08 16:18:32.503 3080 3080 I : CPU1 is up
05-08 16:18:32.504 0 0 I : Detected VIPT I-cache on CPU2
05-08 16:18:32.504 0 0 I GICv3 : CPU2: found redistributor 200 region 0:0x00000000fe6c0000
05-08 16:18:32.504 0 0 I CPU2 : Booted secondary processor 0x0000000200 [0x412fd050]
05-08 16:18:32.504 3080 3080 I : CPU2 is up
05-08 16:18:32.505 0 0 I : Detected VIPT I-cache on CPU3
05-08 16:18:32.505 0 0 I GICv3 : CPU3: found redistributor 300 region 0:0x00000000fe6e0000
05-08 16:18:32.505 0 0 I CPU3 : Booted secondary processor 0x0000000300 [0x412fd050]
05-08 16:18:32.506 3080 3080 I : CPU3 is up
05-08 16:18:32.507 0 0 I : Detected PIPT I-cache on CPU4
05-08 16:18:32.507 0 0 I GICv3 : CPU4: found redistributor 400 region 0:0x00000000fe700000
05-08 16:18:32.507 0 0 I CPU4 : Booted secondary processor 0x0000000400 [0x414fd0b0]
05-08 16:18:32.508 3080 3080 I : CPU4 is up
05-08 16:18:32.509 0 0 I : Detected PIPT I-cache on CPU5
05-08 16:18:32.509 0 0 I GICv3 : CPU5: found redistributor 500 region 0:0x00000000fe720000
05-08 16:18:32.509 0 0 I CPU5 : Booted secondary processor 0x0000000500 [0x414fd0b0]
05-08 16:18:32.510 3080 3080 I : CPU5 is up
05-08 16:18:32.511 0 0 I : Detected PIPT I-cache on CPU6
05-08 16:18:32.511 0 0 I GICv3 : CPU6: found redistributor 600 region 0:0x00000000fe740000
05-08 16:18:32.511 0 0 I CPU6 : Booted secondary processor 0x0000000600 [0x414fd0b0]
05-08 16:18:32.512 3080 3080 I : CPU6 is up
05-08 16:18:32.513 0 0 I : Detected PIPT I-cache on CPU7
05-08 16:18:32.513 0 0 I GICv3 : CPU7: found redistributor 700 region 0:0x00000000fe760000
05-08 16:18:32.513 0 0 I CPU7 : Booted secondary processor 0x0000000700 [0x414fd0b0]
05-08 16:18:32.514 3080 3080 I : CPU7 is up
05-08 16:18:32.521 3080 3080 I rk_gmac-dwmac fe1c0000.ethernet: init for RGMII
05-08 16:18:32.522 11615 11615 I usb1 : root hub lost power or was reset
05-08 16:18:32.529 10275 10275 I usb3 : root hub lost power or was reset
05-08 16:18:32.529 10275 10275 I usb4 : root hub lost power or was reset
05-08 16:18:32.531 3080 3080 E PM : dpm_run_callback(): wacom_i2c_resume+0x0/0xdc returns -6
05-08 16:18:32.531 3080 3080 E PM : Device 4-0009 failed to resume: error -6
05-08 16:18:32.594 3080 3080 I usb2 : root hub lost power or was reset
05-08 16:18:33.010 11606 11606 I usb 4-1 : reset SuperSpeed Gen 1 USB device number 2 using xhci-hcd
05-08 16:18:33.034 3080 3080 I : OOM killer enabled.
05-08 16:18:33.034 3080 3080 I : Restarting tasks ... done.
05-08 16:18:33.048 3080 3080 I : Resume caused by IRQ 121, husb311
05-08 16:18:33.048 3080 3080 I PM : suspend exit
05-08 16:18:33.050 10970 10970 I : mmc_host mmc0: Bus speed (slot 0) = 400000Hz (slot req 400000Hz, actual 400000HZ div = 0)
05-08 16:18:33.149 3080 3080 I PM : suspend entry (deep)
05-08 16:18:33.181 6849 6849 I : read descriptors
05-08 16:18:33.181 6849 6849 I : read strings
05-08 16:18:33.183 1 1 I init : processing action (sys.usb.config=adb && sys.usb.configfs=1 && sys.usb.ffs.ready=1) from (/system/etc/init/hw/init.usb.configfs.rc:20)
05-08 16:18:33.186 1 1 I init : Command 'symlink /config/usb_gadget/g1/functions/ffs.adb /config/usb_gadget/g1/configs/b.1/f1' action=sys.usb.config=adb && sys.usb.configfs=1 && sys.usb.ffs.ready=1 (/system/etc/init/hw/init.usb.configfs.rc:22) took 0ms and failed: symlink() failed: File exists
05-08 16:18:33.187 1 1 I init : Command 'write /config/usb_gadget/g1/UDC ${sys.usb.controller}' action=sys.usb.config=adb && sys.usb.configfs=1 && sys.usb.ffs.ready=1 (/system/etc/init/hw/init.usb.configfs.rc:23) took 0ms and failed: Unable to write to file '/config/usb_gadget/g1/UDC': Unable to write file contents: Device or resource busy
05-08 16:18:33.231 10970 10970 I : mmc_host mmc0: Bus speed (slot 0) = 49500000Hz (slot req 50000000Hz, actual 49500000HZ div = 0)
05-08 16:10:38.105 1267 1267 W ContextImpl: Calling a method in the system process without a qualified user: android.app.ContextImpl.sendBroadcast:1181 android.content.ContextWrapper.sendBroadcast:479 cn.eben.newweather.DateWeatherService.a:19 cn.eben.newweather.DateWeatherService.a:0 cn.eben.newweather.DateWeatherService$1.handleMessage:7
05-08 16:18:33.257 3080 3080 I Filesystems sync: 0.108 seconds
05-08 16:18:33.257 3080 3080 I : Freezing user space processes ... (elapsed 0.010 seconds) done.
05-08 16:18:33.268 3080 3080 I : OOM killer disabled.
05-08 16:18:33.268 3080 3080 I : Freezing remaining freezable tasks ... (elapsed 0.195 seconds) done.
05-08 16:18:33.463 3080 3080 I printk : Suspending console(s) (use no_console_suspend to debug)
05-08 16:18:33.539 3080 3080 E regulator-dummy: Underflow of regulator enable count
05-08 16:18:33.539 3080 3080 E wacom_i2c 4-0009: disable regulator failed -22
05-08 16:18:33.769 3080 3080 I : Disabling non-boot CPUs ...
05-08 16:18:33.770 3080 3080 I psci : CPU1 killed (polled 0 ms)
05-08 16:18:33.772 3080 3080 I psci : CPU2 killed (polled 0 ms)
05-08 16:18:33.773 3080 3080 I psci : CPU3 killed (polled 0 ms)
05-08 16:18:33.775 3080 3080 I psci : CPU4 killed (polled 0 ms)
05-08 16:18:33.777 3080 3080 I psci : CPU5 killed (polled 0 ms)
05-08 16:18:33.779 3080 3080 I psci : CPU6 killed (polled 0 ms)
05-08 16:18:33.780 3080 3080 I psci : CPU7 killed (polled 0 ms)
05-08 16:18:34.019 0 0 W [ C0] PM: pm_system_irq_wakeup: 121 triggered husb311
05-08 16:18:34.019 3080 3080 I : Enabling non-boot CPUs ...
05-08 16:18:34.020 0 0 I : Detected VIPT I-cache on CPU1
05-08 16:18:34.020 0 0 I GICv3 : CPU1: found redistributor 100 region 0:0x00000000fe6a0000
05-08 16:18:34.020 0 0 I CPU1 : Booted secondary processor 0x0000000100 [0x412fd050]
05-08 16:18:34.021 3080 3080 I : CPU1 is up
05-08 16:18:34.022 0 0 I : Detected VIPT I-cache on CPU2
05-08 16:18:34.022 0 0 I GICv3 : CPU2: found redistributor 200 region 0:0x00000000fe6c0000
05-08 16:18:34.022 0 0 I CPU2 : Booted secondary processor 0x0000000200 [0x412fd050]
05-08 16:18:34.023 3080 3080 I : CPU2 is up
05-08 16:18:34.024 0 0 I : Detected VIPT I-cache on CPU3
05-08 16:18:34.024 0 0 I GICv3 : CPU3: found redistributor 300 region 0:0x00000000fe6e0000
05-08 16:18:34.024 0 0 I CPU3 : Booted secondary processor 0x0000000300 [0x412fd050]
05-08 16:18:34.024 3080 3080 I : CPU3 is up
05-08 16:18:34.025 0 0 I : Detected PIPT I-cache on CPU4
05-08 16:18:34.025 0 0 I GICv3 : CPU4: found redistributor 400 region 0:0x00000000fe700000
05-08 16:18:34.025 0 0 I CPU4 : Booted secondary processor 0x0000000400 [0x414fd0b0]
05-08 16:18:34.026 3080 3080 I : CPU4 is up
05-08 16:18:34.027 0 0 I : Detected PIPT I-cache on CPU5
05-08 16:18:34.027 0 0 I GICv3 : CPU5: found redistributor 500 region 0:0x00000000fe720000
05-08 16:18:34.027 0 0 I CPU5 : Booted secondary processor 0x0000000500 [0x414fd0b0]
05-08 16:18:34.028 3080 3080 I : CPU5 is up
05-08 16:18:34.029 0 0 I : Detected PIPT I-cache on CPU6
05-08 16:18:34.029 0 0 I GICv3 : CPU6: found redistributor 600 region 0:0x00000000fe740000
05-08 16:18:34.029 0 0 I CPU6 : Booted secondary processor 0x0000000600 [0x414fd0b0]
05-08 16:18:34.031 3080 3080 I : CPU6 is up
05-08 16:18:34.032 0 0 I : Detected PIPT I-cache on CPU7
05-08 16:18:34.032 0 0 I GICv3 : CPU7: found redistributor 700 region 0:0x00000000fe760000
05-08 16:18:34.032 0 0 I CPU7 : Booted secondary processor 0x0000000700 [0x414fd0b0]
05-08 16:18:34.033 3080 3080 I : CPU7 is up
05-08 16:18:34.039 3080 3080 I rk_gmac-dwmac fe1c0000.ethernet: init for RGMII
05-08 16:18:34.039 11599 11599 I usb1 : root hub lost power or was reset
05-08 16:18:34.047 10275 10275 I usb3 : root hub lost power or was reset
05-08 16:18:34.047 10275 10275 I usb4 : root hub lost power or was reset
05-08 16:18:34.049 3080 3080 E PM : dpm_run_callback(): wacom_i2c_resume+0x0/0xdc returns -6
05-08 16:18:34.049 3080 3080 E PM : Device 4-0009 failed to resume: error -6
05-08 16:18:34.112 3080 3080 I usb2 : root hub lost power or was reset
05-08 16:18:34.525 11522 11522 I usb 4-1 : reset SuperSpeed Gen 1 USB device number 2 using xhci-hcd
05-08 16:18:34.546 3080 3080 I : OOM killer enabled.
05-08 16:18:34.546 3080 3080 I : Restarting tasks ...
05-08 16:18:34.559 8497 8497 I : mmc_host mmc0: Bus speed (slot 0) = 400000Hz (slot req 400000Hz, actual 400000HZ div = 0)
05-08 16:18:34.562 3080 3080 W : done.
05-08 16:18:34.562 3080 3080 I : Resume caused by IRQ 121, husb311
05-08 16:18:34.562 3080 3080 I PM : suspend exit
05-08 16:18:34.663 3080 3080 I PM : suspend entry (deep)
05-08 16:18:34.744 8497 8497 I : mmc_host mmc0: Bus speed (slot 0) = 49500000Hz (slot req 50000000Hz, actual 49500000HZ div = 0)
05-08 16:10:39.598 456 485 I RIL : ---> enter mainloop wait at port
05-08 16:10:39.598 456 485 D RIL-DEV : Get modem info
05-08 16:10:39.599 456 485 D RIL-DEV : [05-08_16:10:39:599] idVendor = 1d6b
05-08 16:10:39.599 456 485 D RIL-DEV :
05-08 16:10:39.599 456 485 D RIL-DEV : [05-08_16:10:39:600] idVendor = 1d6b
05-08 16:10:39.599 456 485 D RIL-DEV :
05-08 16:10:39.600 456 485 D RIL-DEV : [05-08_16:10:39:600] idVendor = 1d6b
05-08 16:10:39.600 456 485 D RIL-DEV :
05-08 16:10:39.600 456 485 D RIL-DEV : [05-08_16:10:39:600] idVendor = 0781
05-08 16:10:39.600 456 485 D RIL-DEV :
05-08 16:10:39.600 456 485 D RIL-DEV : [05-08_16:10:39:601] idVendor = 1d6b
05-08 16:10:39.600 456 485 D RIL-DEV :
05-08 16:10:39.601 456 485 E RIL-DEV : Cannot find Meig devices
05-08 16:10:39.601 456 485 I RIL : ---> can't find meig usb devices
05-08 16:10:39.601 1267 1267 W ContextImpl: Calling a method in the system process without a qualified user: android.app.ContextImpl.sendBroadcast:1181 android.content.ContextWrapper.sendBroadcast:479 cn.eben.newweather.DateWeatherService.a:19 cn.eben.newweather.DateWeatherService.a:0 cn.eben.newweather.DateWeatherService$1.handleMessage:7
05-08 16:18:34.777 3080 3080 I Filesystems sync: 0.113 seconds
05-08 16:18:34.777 3080 3080 I : Freezing user space processes ... (elapsed 0.009 seconds) done.
05-08 16:18:34.787 3080 3080 I : OOM killer disabled.
05-08 16:18:34.787 3080 3080 I : Freezing remaining freezable tasks ... (elapsed 0.179 seconds) done.
05-08 16:18:34.966 3080 3080 I printk : Suspending console(s) (use no_console_suspend to debug)
05-08 16:18:35.041 3080 3080 E regulator-dummy: Underflow of regulator enable count
05-08 16:18:35.041 3080 3080 E wacom_i2c 4-0009: disable regulator failed -22
05-08 16:18:35.287 3080 3080 I : Disabling non-boot CPUs ...
05-08 16:18:35.288 3080 3080 I psci : CPU1 killed (polled 0 ms)
05-08 16:18:35.289 3080 3080 I psci : CPU2 killed (polled 0 ms)
05-08 16:18:35.291 3080 3080 I psci : CPU3 killed (polled 0 ms)
05-08 16:18:35.293 3080 3080 I psci : CPU4 killed (polled 0 ms)
05-08 16:18:35.295 3080 3080 I psci : CPU5 killed (polled 4 ms)
05-08 16:18:35.297 3080 3080 I psci : CPU6 killed (polled 0 ms)
05-08 16:18:35.298 3080 3080 I psci : CPU7 killed (polled 0 ms)
05-08 16:18:35.511 0 0 W [ C0] PM: pm_system_irq_wakeup: 121 triggered husb311
05-08 16:18:35.511 3080 3080 I : Enabling non-boot CPUs ...
05-08 16:18:35.512 0 0 I : Detected VIPT I-cache on CPU1
05-08 16:18:35.512 0 0 I GICv3 : CPU1: found redistributor 100 region 0:0x00000000fe6a0000
05-08 16:18:35.512 0 0 I CPU1 : Booted secondary processor 0x0000000100 [0x412fd050]
05-08 16:18:35.513 3080 3080 I : CPU1 is up
05-08 16:18:35.514 0 0 I : Detected VIPT I-cache on CPU2
05-08 16:18:35.514 0 0 I GICv3 : CPU2: found redistributor 200 region 0:0x00000000fe6c0000
05-08 16:18:35.514 0 0 I CPU2 : Booted secondary processor 0x0000000200 [0x412fd050]
05-08 16:18:35.514 3080 3080 I : CPU2 is up
05-08 16:18:35.515 0 0 I : Detected VIPT I-cache on CPU3
05-08 16:18:35.515 0 0 I GICv3 : CPU3: found redistributor 300 region 0:0x00000000fe6e0000
05-08 16:18:35.515 0 0 I CPU3 : Booted secondary processor 0x0000000300 [0x412fd050]
05-08 16:18:35.516 3080 3080 I : CPU3 is up
05-08 16:18:35.517 0 0 I : Detected PIPT I-cache on CPU4
05-08 16:18:35.517 0 0 I GICv3 : CPU4: found redistributor 400 region 0:0x00000000fe700000
05-08 16:18:35.517 0 0 I CPU4 : Booted secondary processor 0x0000000400 [0x414fd0b0]
05-08 16:18:35.518 3080 3080 I : CPU4 is up
05-08 16:18:35.519 0 0 I : Detected PIPT I-cache on CPU5
05-08 16:18:35.519 0 0 I GICv3 : CPU5: found redistributor 500 region 0:0x00000000fe720000
05-08 16:18:35.519 0 0 I CPU5 : Booted secondary processor 0x0000000500 [0x414fd0b0]
05-08 16:18:35.520 3080 3080 I : CPU5 is up
05-08 16:18:35.521 0 0 I : Detected PIPT I-cache on CPU6
05-08 16:18:35.521 0 0 I GICv3 : CPU6: found redistributor 600 region 0:0x00000000fe740000
05-08 16:18:35.521 0 0 I CPU6 : Booted secondary processor 0x0000000600 [0x414fd0b0]
05-08 16:18:35.522 3080 3080 I : CPU6 is up
05-08 16:18:35.523 0 0 I : Detected PIPT I-cache on CPU7
05-08 16:18:35.523 0 0 I GICv3 : CPU7: found redistributor 700 region 0:0x00000000fe760000
05-08 16:18:35.523 0 0 I CPU7 : Booted secondary processor 0x0000000700 [0x414fd0b0]
05-08 16:18:35.525 3080 3080 I : CPU7 is up
05-08 16:18:35.531 3080 3080 I rk_gmac-dwmac fe1c0000.ethernet: init for RGMII
05-08 16:18:35.532 11606 11606 I usb1 : root hub lost power or was reset
05-08 16:18:35.539 11608 11608 I usb3 : root hub lost power or was reset
05-08 16:18:35.539 11608 11608 I usb4 : root hub lost power or was reset
05-08 16:18:35.541 3080 3080 E PM : dpm_run_callback(): wacom_i2c_resume+0x0/0xdc returns -6
05-08 16:18:35.541 3080 3080 E PM : Device 4-0009 failed to resume: error -6
05-08 16:18:35.604 3080 3080 I usb2 : root hub lost power or was reset
05-08 16:18:36.021 8074 8074 I usb 4-1 : reset SuperSpeed Gen 1 USB device number 2 using xhci-hcd
05-08 16:18:36.041 3080 3080 I : OOM killer enabled.
05-08 16:18:36.041 3080 3080 I : Restarting tasks ... done.
05-08 16:18:36.057 10351 10351 I : mmc_host mmc0: Bus speed (slot 0) = 400000Hz (slot req 400000Hz, actual 400000HZ div = 0)
05-08 16:18:36.057 3080 3080 I : Resume caused by IRQ 121, husb311
05-08 16:18:36.057 3080 3080 I PM : suspend exit
05-08 16:18:36.158 3080 3080 I PM : suspend entry (deep)
05-08 16:18:36.241 10351 10351 I : mmc_host mmc0: Bus speed (slot 0) = 49500000Hz (slot req 50000000Hz, actual 49500000HZ div = 0)
05-08 16:18:36.267 3080 3080 I Filesystems sync: 0.108 seconds
05-08 16:18:36.267 3080 3080 I : Freezing user space processes ... (elapsed 0.013 seconds) done.
05-08 16:18:36.281 3080 3080 I : OOM killer disabled.
05-08 16:18:36.281 3080 3080 I : Freezing remaining freezable tasks ... (elapsed 0.180 seconds) done.
05-08 16:18:36.461 3080 3080 I printk : Suspending console(s) (use no_console_suspend to debug)
05-08 16:18:36.537 3080 3080 E regulator-dummy: Underflow of regulator enable count
05-08 16:18:36.537 3080 3080 E wacom_i2c 4-0009: disable regulator failed -22
05-08 16:18:36.780 3080 3080 I : Disabling non-boot CPUs ...
05-08 16:18:36.781 3080 3080 I psci : CPU1 killed (polled 0 ms)
05-08 16:18:36.783 3080 3080 I psci : CPU2 killed (polled 0 ms)
05-08 16:18:36.784 3080 3080 I psci : CPU3 killed (polled 0 ms)
05-08 16:18:36.787 3080 3080 I psci : CPU4 killed (polled 0 ms)
05-08 16:18:36.789 3080 3080 I psci : CPU5 killed (polled 0 ms)
05-08 16:18:36.790 3080 3080 I psci : CPU6 killed (polled 0 ms)
05-08 16:18:36.791 3080 3080 I psci : CPU7 killed (polled 0 ms)
05-08 16:10:41.119 1267 1267 W ContextImpl: Calling a method in the system process without a qualified user: android.app.ContextImpl.sendBroadcast:1181 android.content.ContextWrapper.sendBroadcast:479 cn.eben.newweather.DateWeatherService.a:19 cn.eben.newweather.DateWeatherService.a:0 cn.eben.newweather.DateWeatherService$1.handleMessage:7
05-08 16:18:37.031 0 0 W [ C0] PM: pm_system_irq_wakeup: 121 triggered husb311
05-08 16:18:37.031 3080 3080 I : Enabling non-boot CPUs ...
05-08 16:18:37.032 0 0 I : Detected VIPT I-cache on CPU1
05-08 16:18:37.032 0 0 I GICv3 : CPU1: found redistributor 100 region 0:0x00000000fe6a0000
05-08 16:18:37.032 0 0 I CPU1 : Booted secondary processor 0x0000000100 [0x412fd050]
05-08 16:18:37.033 3080 3080 I : CPU1 is up
05-08 16:18:37.034 0 0 I : Detected VIPT I-cache on CPU2
05-08 16:18:37.034 0 0 I GICv3 : CPU2: found redistributor 200 region 0:0x00000000fe6c0000
05-08 16:18:37.034 0 0 I CPU2 : Booted secondary processor 0x0000000200 [0x412fd050]
05-08 16:18:37.034 3080 3080 I : CPU2 is up
05-08 16:18:37.035 0 0 I : Detected VIPT I-cache on CPU3
05-08 16:18:37.035 0 0 I GICv3 : CPU3: found redistributor 300 region 0:0x00000000fe6e0000
05-08 16:18:37.035 0 0 I CPU3 : Booted secondary processor 0x0000000300 [0x412fd050]
05-08 16:18:37.036 3080 3080 I : CPU3 is up
05-08 16:18:37.037 0 0 I : Detected PIPT I-cache on CPU4
05-08 16:18:37.037 0 0 I GICv3 : CPU4: found redistributor 400 region 0:0x00000000fe700000
05-08 16:18:37.037 0 0 I CPU4 : Booted secondary processor 0x0000000400 [0x414fd0b0]
05-08 16:18:37.038 3080 3080 I : CPU4 is up
05-08 16:18:37.039 0 0 I : Detected PIPT I-cache on CPU5
05-08 16:18:37.039 0 0 I GICv3 : CPU5: found redistributor 500 region 0:0x00000000fe720000
05-08 16:18:37.039 0 0 I CPU5 : Booted secondary processor 0x0000000500 [0x414fd0b0]
05-08 16:18:37.040 3080 3080 I : CPU5 is up
05-08 16:18:37.041 0 0 I : Detected PIPT I-cache on CPU6
05-08 16:18:37.041 0 0 I GICv3 : CPU6: found redistributor 600 region 0:0x00000000fe740000
05-08 16:18:37.041 0 0 I CPU6 : Booted secondary processor 0x0000000600 [0x414fd0b0]
05-08 16:18:37.042 3080 3080 I : CPU6 is up
05-08 16:18:37.043 0 0 I : Detected PIPT I-cache on CPU7
05-08 16:18:37.043 0 0 I GICv3 : CPU7: found redistributor 700 region 0:0x00000000fe760000
05-08 16:18:37.043 0 0 I CPU7 : Booted secondary processor 0x0000000700 [0x414fd0b0]
05-08 16:18:37.044 3080 3080 I : CPU7 is up
05-08 16:18:37.052 3080 3080 I rk_gmac-dwmac fe1c0000.ethernet: init for RGMII
05-08 16:18:37.052 8719 8719 I usb1 : root hub lost power or was reset
05-08 16:18:37.059 11608 11608 I usb3 : root hub lost power or was reset
05-08 16:18:37.059 11608 11608 I usb4 : root hub lost power or was reset
05-08 16:18:37.060 3080 3080 E PM : dpm_run_callback(): wacom_i2c_resume+0x0/0xdc returns -6
05-08 16:18:37.060 3080 3080 E PM : Device 4-0009 failed to resume: error -6
05-08 16:18:37.123 3080 3080 I usb2 : root hub lost power or was reset
05-08 16:18:37.539 11603 11603 I usb 4-1 : reset SuperSpeed Gen 1 USB device number 2 using xhci-hcd
05-08 16:18:37.560 3080 3080 I : OOM killer enabled.
05-08 16:18:37.560 3080 3080 I : Restarting tasks ... done.
05-08 16:18:37.574 8497 8497 I : mmc_host mmc0: Bus speed (slot 0) = 400000Hz (slot req 400000Hz, actual 400000HZ div = 0)
05-08 16:18:37.574 3080 3080 I : Resume caused by IRQ 121, husb311
05-08 16:18:37.574 3080 3080 I PM : suspend exit
05-08 16:18:37.675 3080 3080 I PM : suspend entry (deep)
05-08 16:18:37.756 8497 8497 I : mmc_host mmc0: Bus speed (slot 0) = 49500000Hz (slot req 50000000Hz, actual 49500000HZ div = 0)
05-08 16:18:37.791 3080 3080 I Filesystems sync: 0.115 seconds
05-08 16:10:42.610 456 485 I RIL : ---> enter mainloop wait at port
05-08 16:10:42.610 456 485 D RIL-DEV : Get modem info
05-08 16:10:42.611 456 485 D RIL-DEV : [05-08_16:10:42:611] idVendor = 1d6b
05-08 16:10:42.611 456 485 D RIL-DEV :
05-08 16:10:42.611 456 485 D RIL-DEV : [05-08_16:10:42:612] idVendor = 1d6b
05-08 16:10:42.611 456 485 D RIL-DEV :
05-08 16:10:42.612 1267 1267 W ContextImpl: Calling a method in the system process without a qualified user: android.app.ContextImpl.sendBroadcast:1181 android.content.ContextWrapper.sendBroadcast:479 cn.eben.newweather.DateWeatherService.a:19 cn.eben.newweather.DateWeatherService.a:0 cn.eben.newweather.DateWeatherService$1.handleMessage:7
05-08 16:10:42.615 456 485 D RIL-DEV : [05-08_16:10:42:615] idVendor = 1d6b
05-08 16:10:42.615 456 485 D RIL-DEV :
05-08 16:10:42.615 456 485 D RIL-DEV : [05-08_16:10:42:615] idVendor = 0781
05-08 16:10:42.615 456 485 D RIL-DEV :
