05-08 16:22:00.278 6849 6849 I : read strings
05-08 16:22:00.279 1 1 I init : processing action (sys.usb.config=adb && sys.usb.configfs=1 && sys.usb.ffs.ready=1) from (/system/etc/init/hw/init.usb.configfs.rc:20)
05-08 16:22:00.283 1 1 I init : Command 'symlink /config/usb_gadget/g1/functions/ffs.adb /config/usb_gadget/g1/configs/b.1/f1' action=sys.usb.config=adb && sys.usb.configfs=1 && sys.usb.ffs.ready=1 (/system/etc/init/hw/init.usb.configfs.rc:22) took 1ms and failed: symlink() failed: File exists
05-08 16:22:00.284 1 1 I init : Command 'write /config/usb_gadget/g1/UDC ${sys.usb.controller}' action=sys.usb.config=adb && sys.usb.configfs=1 && sys.usb.ffs.ready=1 (/system/etc/init/hw/init.usb.configfs.rc:23) took 0ms and failed: Unable to write to file '/config/usb_gadget/g1/UDC': Unable to write file contents: Device or resource busy
05-08 16:13:56.588 456 485 I RIL : ---> enter mainloop wait at port
05-08 16:13:56.589 456 485 D RIL-DEV : Get modem info
05-08 16:13:56.589 456 485 D RIL-DEV : [05-08_16:13:56:590] idVendor = 1d6b
05-08 16:13:56.589 456 485 D RIL-DEV :
05-08 16:13:56.589 456 485 D RIL-DEV : [05-08_16:13:56:590] idVendor = 1d6b
05-08 16:13:56.589 456 485 D RIL-DEV :
05-08 16:13:56.590 456 485 D RIL-DEV : [05-08_16:13:56:590] idVendor = 1d6b
05-08 16:13:56.590 456 485 D RIL-DEV :
05-08 16:13:56.590 456 485 D RIL-DEV : [05-08_16:13:56:591] idVendor = 0781
05-08 16:13:56.590 456 485 D RIL-DEV :
05-08 16:13:56.590 456 485 D RIL-DEV : [05-08_16:13:56:591] idVendor = 1d6b
05-08 16:13:56.590 456 485 D RIL-DEV :
05-08 16:13:56.591 456 485 E RIL-DEV : Cannot find Meig devices
05-08 16:13:56.591 456 485 I RIL : ---> can't find meig usb devices
05-08 16:13:57.003 1267 1267 W ContextImpl: Calling a method in the system process without a qualified user: android.app.ContextImpl.sendBroadcast:1181 android.content.ContextWrapper.sendBroadcast:479 cn.eben.newweather.DateWeatherService.a:19 cn.eben.newweather.DateWeatherService.a:0 cn.eben.newweather.DateWeatherService$1.handleMessage:7
05-08 16:13:57.300 615 634 D AutofillManagerService: onBackKeyPressed()
05-08 16:22:01.333 6849 6849 I : read descriptors
05-08 16:22:01.334 6849 6849 I : read strings
05-08 16:22:01.335 1 1 I init : processing action (sys.usb.config=adb && sys.usb.configfs=1 && sys.usb.ffs.ready=1) from (/system/etc/init/hw/init.usb.configfs.rc:20)
05-08 16:22:01.336 1 1 I init : Command 'symlink /config/usb_gadget/g1/functions/ffs.adb /config/usb_gadget/g1/configs/b.1/f1' action=sys.usb.config=adb && sys.usb.configfs=1 && sys.usb.ffs.ready=1 (/system/etc/init/hw/init.usb.configfs.rc:22) took 0ms and failed: symlink() failed: File exists
05-08 16:22:01.337 1 1 I init : Command 'write /config/usb_gadget/g1/UDC ${sys.usb.controller}' action=sys.usb.config=adb && sys.usb.configfs=1 && sys.usb.ffs.ready=1 (/system/etc/init/hw/init.usb.configfs.rc:23) took 1ms and failed: Unable to write to file '/config/usb_gadget/g1/UDC': Unable to write file contents: Device or resource busy
05-08 16:13:58.002 1267 1267 W ContextImpl: Calling a method in the system process without a qualified user: android.app.ContextImpl.sendBroadcast:1181 android.content.ContextWrapper.sendBroadcast:479 cn.eben.newweather.DateWeatherService.a:19 cn.eben.newweather.DateWeatherService.a:0 cn.eben.newweather.DateWeatherService$1.handleMessage:7
05-08 16:13:58.430 615 634 D AutofillManagerService: onBackKeyPressed()
05-08 16:13:58.434 615 8830 I ActivityTaskManager: moveTaskToBack: Task{668288 #179 type=standard A=10081:com.android.deskclock U=0 visible=true visibleRequested=true mode=fullscreen translucent=false sz=1}
05-08 16:22:02.391 6849 6849 I : read descriptors
05-08 16:22:02.391 6849 6849 I : read strings
05-08 16:22:02.392 1 1 I init : processing action (sys.usb.config=adb && sys.usb.configfs=1 && sys.usb.ffs.ready=1) from (/system/etc/init/hw/init.usb.configfs.rc:20)
05-08 16:13:58.591 456 485 I RIL : ---> enter mainloop wait at port
05-08 16:13:58.591 456 485 D RIL-DEV : Get modem info
05-08 16:13:58.592 456 485 D RIL-DEV : [05-08_16:13:58:592] idVendor = 1d6b
05-08 16:13:58.592 456 485 D RIL-DEV :
05-08 16:13:58.592 456 485 D RIL-DEV : [05-08_16:13:58:592] idVendor = 1d6b
05-08 16:13:58.592 456 485 D RIL-DEV :
05-08 16:13:58.592 456 485 D RIL-DEV : [05-08_16:13:58:593] idVendor = 1d6b
05-08 16:13:58.592 456 485 D RIL-DEV :
05-08 16:13:58.592 456 485 D RIL-DEV : [05-08_16:13:58:593] idVendor = 0781
05-08 16:13:58.592 456 485 D RIL-DEV :
05-08 16:13:58.592 456 485 D RIL-DEV : [05-08_16:13:58:593] idVendor = 1d6b
05-08 16:13:58.592 456 485 D RIL-DEV :
05-08 16:13:58.593 456 485 E RIL-DEV : Cannot find Meig devices
05-08 16:13:58.593 456 485 I RIL : ---> can't find meig usb devices
05-08 16:13:59.002 1267 1267 W ContextImpl: Calling a method in the system process without a qualified user: android.app.ContextImpl.sendBroadcast:1181 android.content.ContextWrapper.sendBroadcast:479 cn.eben.newweather.DateWeatherService.a:19 cn.eben.newweather.DateWeatherService.a:0 cn.eben.newweather.DateWeatherService$1.handleMessage:7
05-08 16:22:03.441 6849 6849 I : read descriptors
05-08 16:22:03.441 6849 6849 I : read strings
05-08 16:14:00.003 1267 1267 W ContextImpl: Calling a method in the system process without a qualified user: android.app.ContextImpl.sendBroadcast:1181 android.content.ContextWrapper.sendBroadcast:479 cn.eben.newweather.DateWeatherService.a:19 cn.eben.newweather.DateWeatherService.a:0 cn.eben.newweather.DateWeatherService$1.handleMessage:7
05-08 16:14:00.593 456 485 I RIL : ---> enter mainloop wait at port
05-08 16:14:00.593 456 485 D RIL-DEV : Get modem info
05-08 16:14:00.594 456 485 D RIL-DEV : [05-08_16:14:00:595] idVendor = 1d6b
05-08 16:14:00.594 456 485 D RIL-DEV :
05-08 16:14:00.594 456 485 D RIL-DEV : [05-08_16:14:00:595] idVendor = 1d6b
05-08 16:14:00.594 456 485 D RIL-DEV :
05-08 16:14:00.595 456 485 D RIL-DEV : [05-08_16:14:00:595] idVendor = 1d6b
05-08 16:14:00.595 456 485 D RIL-DEV :
05-08 16:14:00.595 456 485 D RIL-DEV : [05-08_16:14:00:596] idVendor = 0781
05-08 16:14:00.595 456 485 D RIL-DEV :
05-08 16:14:00.595 456 485 D RIL-DEV : [05-08_16:14:00:596] idVendor = 1d6b
05-08 16:14:00.595 456 485 D RIL-DEV :
05-08 16:14:00.596 456 485 E RIL-DEV : Cannot find Meig devices
05-08 16:14:00.596 456 485 I RIL : ---> can't find meig usb devices
05-08 16:22:04.484 6849 6849 I : read descriptors
05-08 16:22:04.484 6849 6849 I : read strings
05-08 16:22:04.487 1 1 I init : processing action (sys.usb.config=adb && sys.usb.configfs=1 && sys.usb.ffs.ready=1) from (/system/etc/init/hw/init.usb.configfs.rc:20)
05-08 16:22:04.491 1 1 I init : Command 'symlink /config/usb_gadget/g1/functions/ffs.adb /config/usb_gadget/g1/configs/b.1/f1' action=sys.usb.config=adb && sys.usb.configfs=1 && sys.usb.ffs.ready=1 (/system/etc/init/hw/init.usb.configfs.rc:22) took 1ms and failed: symlink() failed: File exists
05-08 16:22:04.492 1 1 I init : Command 'write /config/usb_gadget/g1/UDC ${sys.usb.controller}' action=sys.usb.config=adb && sys.usb.configfs=1 && sys.usb.ffs.ready=1 (/system/etc/init/hw/init.usb.configfs.rc:23) took 1ms and failed: Unable to write to file '/config/usb_gadget/g1/UDC': Unable to write file contents: Device or resource busy
05-08 16:14:01.012 1267 1267 W ContextImpl: Calling a method in the system process without a qualified user: android.app.ContextImpl.sendBroadcast:1181 android.content.ContextWrapper.sendBroadcast:479 cn.eben.newweather.DateWeatherService.a:19 cn.eben.newweather.DateWeatherService.a:0 cn.eben.newweather.DateWeatherService$1.handleMessage:7
05-08 16:22:05.541 6849 6849 I : read descriptors
05-08 16:22:05.541 6849 6849 I : read strings
05-08 16:22:05.543 1 1 I init : processing action (sys.usb.config=adb && sys.usb.configfs=1 && sys.usb.ffs.ready=1) from (/system/etc/init/hw/init.usb.configfs.rc:20)
05-08 16:22:05.546 1 1 I init : Command 'symlink /config/usb_gadget/g1/functions/ffs.adb /config/usb_gadget/g1/configs/b.1/f1' action=sys.usb.config=adb && sys.usb.configfs=1 && sys.usb.ffs.ready=1 (/system/etc/init/hw/init.usb.configfs.rc:22) took 0ms and failed: symlink() failed: File exists
05-08 16:22:05.547 1 1 I init : Command 'write /config/usb_gadget/g1/UDC ${sys.usb.controller}' action=sys.usb.config=adb && sys.usb.configfs=1 && sys.usb.ffs.ready=1 (/system/etc/init/hw/init.usb.configfs.rc:23) took 0ms and failed: Unable to write to file '/config/usb_gadget/g1/UDC': Unable to write file contents: Device or resource busy
05-08 16:14:02.003 1267 1267 W ContextImpl: Calling a method in the system process without a qualified user: android.app.ContextImpl.sendBroadcast:1181 android.content.ContextWrapper.sendBroadcast:479 cn.eben.newweather.DateWeatherService.a:19 cn.eben.newweather.DateWeatherService.a:0 cn.eben.newweather.DateWeatherService$1.handleMessage:7
05-08 16:14:02.596 456 485 I RIL : ---> enter mainloop wait at port
05-08 16:14:02.597 456 485 D RIL-DEV : Get modem info
05-08 16:14:02.597 456 485 D RIL-DEV : [05-08_16:14:02:598] idVendor = 1d6b
05-08 16:14:02.597 456 485 D RIL-DEV :
05-08 16:14:02.598 456 485 D RIL-DEV : [05-08_16:14:02:598] idVendor = 1d6b
05-08 16:14:02.598 456 485 D RIL-DEV :
05-08 16:14:02.598 456 485 D RIL-DEV : [05-08_16:14:02:599] idVendor = 1d6b
05-08 16:14:02.598 456 485 D RIL-DEV :
05-08 16:14:02.599 456 485 D RIL-DEV : [05-08_16:14:02:599] idVendor = 0781
05-08 16:14:02.599 456 485 D RIL-DEV :
05-08 16:14:02.599 456 485 D RIL-DEV : [05-08_16:14:02:599] idVendor = 1d6b
05-08 16:14:02.599 456 485 D RIL-DEV :
05-08 16:14:02.599 456 485 E RIL-DEV : Cannot find Meig devices
05-08 16:14:02.599 456 485 I RIL : ---> can't find meig usb devices
05-08 16:22:06.604 6849 6849 I : read descriptors
05-08 16:22:06.604 6849 6849 I : read strings
05-08 16:22:06.606 1 1 I init : processing action (sys.usb.config=adb && sys.usb.configfs=1 && sys.usb.ffs.ready=1) from (/system/etc/init/hw/init.usb.configfs.rc:20)
05-08 16:22:06.609 1 1 I init : Command 'symlink /config/usb_gadget/g1/functions/ffs.adb /config/usb_gadget/g1/configs/b.1/f1' action=sys.usb.config=adb && sys.usb.configfs=1 && sys.usb.ffs.ready=1 (/system/etc/init/hw/init.usb.configfs.rc:22) took 0ms and failed: symlink() failed: File exists
05-08 16:22:06.611 1 1 I init : Command 'write /config/usb_gadget/g1/UDC ${sys.usb.controller}' action=sys.usb.config=adb && sys.usb.configfs=1 && sys.usb.ffs.ready=1 (/system/etc/init/hw/init.usb.configfs.rc:23) took 1ms and failed: Unable to write to file '/config/usb_gadget/g1/UDC': Unable to write file contents: Device or resource busy
05-08 16:14:03.002 1267 1267 W ContextImpl: Calling a method in the system process without a qualified user: android.app.ContextImpl.sendBroadcast:1181 android.content.ContextWrapper.sendBroadcast:479 cn.eben.newweather.DateWeatherService.a:19 cn.eben.newweather.DateWeatherService.a:0 cn.eben.newweather.DateWeatherService$1.handleMessage:7
05-08 16:22:07.654 6849 6849 I : read descriptors
05-08 16:22:07.654 6849 6849 I : read strings
05-08 16:22:07.656 1 1 I init : processing action (sys.usb.config=adb && sys.usb.configfs=1 && sys.usb.ffs.ready=1) from (/system/etc/init/hw/init.usb.configfs.rc:20)
05-08 16:14:04.002 1267 1267 W ContextImpl: Calling a method in the system process without a qualified user: android.app.ContextImpl.sendBroadcast:1181 android.content.ContextWrapper.sendBroadcast:479 cn.eben.newweather.DateWeatherService.a:19 cn.eben.newweather.DateWeatherService.a:0 cn.eben.newweather.DateWeatherService$1.handleMessage:7
05-08 16:14:04.600 456 485 I RIL : ---> enter mainloop wait at port
05-08 16:14:04.600 456 485 D RIL-DEV : Get modem info
05-08 16:14:04.601 456 485 D RIL-DEV : [05-08_16:14:04:601] idVendor = 1d6b
05-08 16:14:04.601 456 485 D RIL-DEV :
05-08 16:14:04.601 456 485 D RIL-DEV : [05-08_16:14:04:602] idVendor = 1d6b
05-08 16:14:04.601 456 485 D RIL-DEV :
05-08 16:14:04.602 456 485 D RIL-DEV : [05-08_16:14:04:602] idVendor = 1d6b
05-08 16:14:04.602 456 485 D RIL-DEV :
05-08 16:14:04.602 456 485 D RIL-DEV : [05-08_16:14:04:603] idVendor = 0781
05-08 16:14:04.602 456 485 D RIL-DEV :
05-08 16:14:04.602 456 485 D RIL-DEV : [05-08_16:14:04:603] idVendor = 1d6b
05-08 16:14:04.602 456 485 D RIL-DEV :
05-08 16:14:04.603 456 485 E RIL-DEV : Cannot find Meig devices
05-08 16:14:04.603 456 485 I RIL : ---> can't find meig usb devices
05-08 16:22:08.701 6849 6849 I : read descriptors
05-08 16:22:08.701 6849 6849 I : read strings
05-08 16:14:05.003 1267 1267 W ContextImpl: Calling a method in the system process without a qualified user: android.app.ContextImpl.sendBroadcast:1181 android.content.ContextWrapper.sendBroadcast:479 cn.eben.newweather.DateWeatherService.a:19 cn.eben.newweather.DateWeatherService.a:0 cn.eben.newweather.DateWeatherService$1.handleMessage:7
05-08 16:22:09.757 6849 6849 I : read descriptors
05-08 16:22:09.757 6849 6849 I : read strings
05-08 16:22:09.760 1 1 I init : processing action (sys.usb.config=adb && sys.usb.configfs=1 && sys.usb.ffs.ready=1) from (/system/etc/init/hw/init.usb.configfs.rc:20)
05-08 16:22:09.765 1 1 I init : Command 'symlink /config/usb_gadget/g1/functions/ffs.adb /config/usb_gadget/g1/configs/b.1/f1' action=sys.usb.config=adb && sys.usb.configfs=1 && sys.usb.ffs.ready=1 (/system/etc/init/hw/init.usb.configfs.rc:22) took 2ms and failed: symlink() failed: File exists
05-08 16:22:09.765 1 1 I init : Command 'write /config/usb_gadget/g1/UDC ${sys.usb.controller}' action=sys.usb.config=adb && sys.usb.configfs=1 && sys.usb.ffs.ready=1 (/system/etc/init/hw/init.usb.configfs.rc:23) took 0ms and failed: Unable to write to file '/config/usb_gadget/g1/UDC': Unable to write file contents: Device or resource busy
05-08 16:14:06.001 1267 1267 W ContextImpl: Calling a method in the system process without a qualified user: android.app.ContextImpl.sendBroadcast:1181 android.content.ContextWrapper.sendBroadcast:479 cn.eben.newweather.DateWeatherService.a:19 cn.eben.newweather.DateWeatherService.a:0 cn.eben.newweather.DateWeatherService$1.handleMessage:7
05-08 16:14:06.603 456 485 I RIL : ---> enter mainloop wait at port
05-08 16:14:06.604 456 485 D RIL-DEV : Get modem info
05-08 16:14:06.605 456 485 D RIL-DEV : [05-08_16:14:06:605] idVendor = 1d6b
05-08 16:14:06.605 456 485 D RIL-DEV :
05-08 16:14:06.605 456 485 D RIL-DEV : [05-08_16:14:06:606] idVendor = 1d6b
05-08 16:14:06.605 456 485 D RIL-DEV :
05-08 16:14:06.606 456 485 D RIL-DEV : [05-08_16:14:06:606] idVendor = 1d6b
05-08 16:14:06.606 456 485 D RIL-DEV :
05-08 16:14:06.606 456 485 D RIL-DEV : [05-08_16:14:06:606] idVendor = 0781
05-08 16:14:06.606 456 485 D RIL-DEV :
05-08 16:14:06.606 456 485 D RIL-DEV : [05-08_16:14:06:607] idVendor = 1d6b
05-08 16:14:06.606 456 485 D RIL-DEV :
05-08 16:14:06.606 456 485 E RIL-DEV : Cannot find Meig devices
05-08 16:14:06.607 456 485 I RIL : ---> can't find meig usb devices
05-08 16:14:07.003 1267 1267 W ContextImpl: Calling a method in the system process without a qualified user: android.app.ContextImpl.sendBroadcast:1181 android.content.ContextWrapper.sendBroadcast:479 cn.eben.newweather.DateWeatherService.a:19 cn.eben.newweather.DateWeatherService.a:0 cn.eben.newweather.DateWeatherService$1.handleMessage:7
05-08 16:22:10.824 6849 6849 I : read descriptors
05-08 16:22:10.824 6849 6849 I : read strings
05-08 16:22:10.826 1 1 I init : processing action (sys.usb.config=adb && sys.usb.configfs=1 && sys.usb.ffs.ready=1) from (/system/etc/init/hw/init.usb.configfs.rc:20)
05-08 16:22:10.829 1 1 I init : Command 'symlink /config/usb_gadget/g1/functions/ffs.adb /config/usb_gadget/g1/configs/b.1/f1' action=sys.usb.config=adb && sys.usb.configfs=1 && sys.usb.ffs.ready=1 (/system/etc/init/hw/init.usb.configfs.rc:22) took 1ms and failed: symlink() failed: File exists
05-08 16:22:10.833 1 1 I init : Command 'write /config/usb_gadget/g1/UDC ${sys.usb.controller}' action=sys.usb.config=adb && sys.usb.configfs=1 && sys.usb.ffs.ready=1 (/system/etc/init/hw/init.usb.configfs.rc:23) took 3ms and failed: Unable to write to file '/config/usb_gadget/g1/UDC': Unable to write file contents: Device or resource busy
05-08 16:14:08.002 1267 1267 W ContextImpl: Calling a method in the system process without a qualified user: android.app.ContextImpl.sendBroadcast:1181 android.content.ContextWrapper.sendBroadcast:479 cn.eben.newweather.DateWeatherService.a:19 cn.eben.newweather.DateWeatherService.a:0 cn.eben.newweather.DateWeatherService$1.handleMessage:7
05-08 16:22:11.908 6849 6849 I : read descriptors
05-08 16:22:11.908 6849 6849 I : read strings
05-08 16:22:11.910 1 1 I init : processing action (sys.usb.config=adb && sys.usb.configfs=1 && sys.usb.ffs.ready=1) from (/system/etc/init/hw/init.usb.configfs.rc:20)
05-08 16:22:11.913 1 1 I init : Command 'symlink /config/usb_gadget/g1/functions/ffs.adb /config/usb_gadget/g1/configs/b.1/f1' action=sys.usb.config=adb && sys.usb.configfs=1 && sys.usb.ffs.ready=1 (/system/etc/init/hw/init.usb.configfs.rc:22) took 0ms and failed: symlink() failed: File exists
05-08 16:22:11.913 1 1 I init : Command 'write /config/usb_gadget/g1/UDC ${sys.usb.controller}' action=sys.usb.config=adb && sys.usb.configfs=1 && sys.usb.ffs.ready=1 (/system/etc/init/hw/init.usb.configfs.rc:23) took 0ms and failed: Unable to write to file '/config/usb_gadget/g1/UDC': Unable to write file contents: Device or resource busy
05-08 16:14:08.607 456 485 I RIL : ---> enter mainloop wait at port
05-08 16:14:08.607 456 485 D RIL-DEV : Get modem info
05-08 16:14:08.608 456 485 D RIL-DEV : [05-08_16:14:08:608] idVendor = 1d6b
05-08 16:14:08.608 456 485 D RIL-DEV :
05-08 16:14:08.608 456 485 D RIL-DEV : [05-08_16:14:08:609] idVendor = 1d6b
05-08 16:14:08.608 456 485 D RIL-DEV :
05-08 16:14:08.609 456 485 D RIL-DEV : [05-08_16:14:08:609] idVendor = 1d6b
05-08 16:14:08.609 456 485 D RIL-DEV :
05-08 16:14:08.609 456 485 D RIL-DEV : [05-08_16:14:08:610] idVendor = 0781
05-08 16:14:08.609 456 485 D RIL-DEV :
05-08 16:14:08.610 456 485 D RIL-DEV : [05-08_16:14:08:610] idVendor = 1d6b
05-08 16:14:08.610 456 485 D RIL-DEV :
05-08 16:14:08.610 456 485 E RIL-DEV : Cannot find Meig devices
05-08 16:14:08.610 456 485 I RIL : ---> can't find meig usb devices
05-08 16:14:09.003 1267 1267 W ContextImpl: Calling a method in the system process without a qualified user: android.app.ContextImpl.sendBroadcast:1181 android.content.ContextWrapper.sendBroadcast:479 cn.eben.newweather.DateWeatherService.a:19 cn.eben.newweather.DateWeatherService.a:0 cn.eben.newweather.DateWeatherService$1.handleMessage:7
05-08 16:22:12.957 6849 6849 I : read descriptors
05-08 16:22:12.958 6849 6849 I : read strings
05-08 16:22:12.960 1 1 I init : processing action (sys.usb.config=adb && sys.usb.configfs=1 && sys.usb.ffs.ready=1) from (/system/etc/init/hw/init.usb.configfs.rc:20)
05-08 16:14:10.003 1267 1267 W ContextImpl: Calling a method in the system process without a qualified user: android.app.ContextImpl.sendBroadcast:1181 android.content.ContextWrapper.sendBroadcast:479 cn.eben.newweather.DateWeatherService.a:19 cn.eben.newweather.DateWeatherService.a:0 cn.eben.newweather.DateWeatherService$1.handleMessage:7
05-08 16:22:14.001 6849 6849 I : read descriptors
05-08 16:22:14.001 6849 6849 I : read strings
05-08 16:14:10.611 456 485 I RIL : ---> enter mainloop wait at port
05-08 16:14:10.611 456 485 D RIL-DEV : Get modem info
05-08 16:14:10.612 456 485 D RIL-DEV : [05-08_16:14:10:612] idVendor = 1d6b
05-08 16:14:10.612 456 485 D RIL-DEV :
05-08 16:14:10.612 456 485 D RIL-DEV : [05-08_16:14:10:612] idVendor = 1d6b
05-08 16:14:10.612 456 485 D RIL-DEV :
05-08 16:14:10.612 456 485 D RIL-DEV : [05-08_16:14:10:613] idVendor = 1d6b
05-08 16:14:10.612 456 485 D RIL-DEV :
05-08 16:14:10.613 456 485 D RIL-DEV : [05-08_16:14:10:613] idVendor = 0781
05-08 16:14:10.613 456 485 D RIL-DEV :
05-08 16:14:10.613 456 485 D RIL-DEV : [05-08_16:14:10:613] idVendor = 1d6b
05-08 16:14:10.613 456 485 D RIL-DEV :
05-08 16:14:10.613 456 485 E RIL-DEV : Cannot find Meig devices
05-08 16:14:10.613 456 485 I RIL : ---> can't find meig usb devices
05-08 16:14:11.002 1267 1267 W ContextImpl: Calling a method in the system process without a qualified user: android.app.ContextImpl.sendBroadcast:1181 android.content.ContextWrapper.sendBroadcast:479 cn.eben.newweather.DateWeatherService.a:19 cn.eben.newweather.DateWeatherService.a:0 cn.eben.newweather.DateWeatherService$1.handleMessage:7
05-08 16:22:15.044 6849 6849 I : read descriptors
05-08 16:22:15.044 6849 6849 I : read strings
05-08 16:22:15.047 1 1 I init : processing action (sys.usb.config=adb && sys.usb.configfs=1 && sys.usb.ffs.ready=1) from (/system/etc/init/hw/init.usb.configfs.rc:20)
05-08 16:22:15.049 1 1 I init : Command 'symlink /config/usb_gadget/g1/functions/ffs.adb /config/usb_gadget/g1/configs/b.1/f1' action=sys.usb.config=adb && sys.usb.configfs=1 && sys.usb.ffs.ready=1 (/system/etc/init/hw/init.usb.configfs.rc:22) took 0ms and failed: symlink() failed: File exists
05-08 16:22:15.050 1 1 I init : Command 'write /config/usb_gadget/g1/UDC ${sys.usb.controller}' action=sys.usb.config=adb && sys.usb.configfs=1 && sys.usb.ffs.ready=1 (/system/etc/init/hw/init.usb.configfs.rc:23) took 0ms and failed: Unable to write to file '/config/usb_gadget/g1/UDC': Unable to write file contents: Device or resource busy
05-08 16:14:12.001 1267 1267 W ContextImpl: Calling a method in the system process without a qualified user: android.app.ContextImpl.sendBroadcast:1181 android.content.ContextWrapper.sendBroadcast:479 cn.eben.newweather.DateWeatherService.a:19 cn.eben.newweather.DateWeatherService.a:0 cn.eben.newweather.DateWeatherService$1.handleMessage:7
05-08 16:22:16.097 6849 6849 I : read descriptors
05-08 16:22:16.097 6849 6849 I : read strings
05-08 16:22:16.099 1 1 I init : processing action (sys.usb.config=adb && sys.usb.configfs=1 && sys.usb.ffs.ready=1) from (/system/etc/init/hw/init.usb.configfs.rc:20)
05-08 16:22:16.102 1 1 I init : Command 'symlink /config/usb_gadget/g1/functions/ffs.adb /config/usb_gadget/g1/configs/b.1/f1' action=sys.usb.config=adb && sys.usb.configfs=1 && sys.usb.ffs.ready=1 (/system/etc/init/hw/init.usb.configfs.rc:22) took 0ms and failed: symlink() failed: File exists
05-08 16:22:16.103 1 1 I init : Command 'write /config/usb_gadget/g1/UDC ${sys.usb.controller}' action=sys.usb.config=adb && sys.usb.configfs=1 && sys.usb.ffs.ready=1 (/system/etc/init/hw/init.usb.configfs.rc:23) took 0ms and failed: Unable to write to file '/config/usb_gadget/g1/UDC': Unable to write file contents: Device or resource busy
05-08 16:14:12.614 456 485 I RIL : ---> enter mainloop wait at port
05-08 16:14:12.614 456 485 D RIL-DEV : Get modem info
05-08 16:14:12.614 456 485 D RIL-DEV : [05-08_16:14:12:615] idVendor = 1d6b
05-08 16:14:12.614 456 485 D RIL-DEV :
05-08 16:14:12.615 456 485 D RIL-DEV : [05-08_16:14:12:615] idVendor = 1d6b
05-08 16:14:12.615 456 485 D RIL-DEV :
05-08 16:14:12.615 456 485 D RIL-DEV : [05-08_16:14:12:616] idVendor = 1d6b
05-08 16:14:12.615 456 485 D RIL-DEV :
05-08 16:14:12.616 456 485 D RIL-DEV : [05-08_16:14:12:616] idVendor = 0781
05-08 16:14:12.616 456 485 D RIL-DEV :
05-08 16:14:12.616 456 485 D RIL-DEV : [05-08_16:14:12:616] idVendor = 1d6b
05-08 16:14:12.616 456 485 D RIL-DEV :
05-08 16:14:12.616 456 485 E RIL-DEV : Cannot find Meig devices
05-08 16:14:12.616 456 485 I RIL : ---> can't find meig usb devices
05-08 16:14:13.003 1267 1267 W ContextImpl: Calling a method in the system process without a qualified user: android.app.ContextImpl.sendBroadcast:1181 android.content.ContextWrapper.sendBroadcast:479 cn.eben.newweather.DateWeatherService.a:19 cn.eben.newweather.DateWeatherService.a:0 cn.eben.newweather.DateWeatherService$1.handleMessage:7
05-08 16:22:17.141 6849 6849 I : read descriptors
05-08 16:22:17.141 6849 6849 I : read strings
05-08 16:22:17.144 1 1 I init : processing action (sys.usb.config=adb && sys.usb.configfs=1 && sys.usb.ffs.ready=1) from (/system/etc/init/hw/init.usb.configfs.rc:20)
05-08 16:22:17.149 1 1 I init : Command 'symlink /config/usb_gadget/g1/functions/ffs.adb /config/usb_gadget/g1/configs/b.1/f1' action=sys.usb.config=adb && sys.usb.configfs=1 && sys.usb.ffs.ready=1 (/system/etc/init/hw/init.usb.configfs.rc:22) took 2ms and failed: symlink() failed: File exists
05-08 16:22:17.150 1 1 I init : Command 'write /config/usb_gadget/g1/UDC ${sys.usb.controller}' action=sys.usb.config=adb && sys.usb.configfs=1 && sys.usb.ffs.ready=1 (/system/etc/init/hw/init.usb.configfs.rc:23) took 0ms and failed: Unable to write to file '/config/usb_gadget/g1/UDC': Unable to write file contents: Device or resource busy
05-08 16:14:14.003 1267 1267 W ContextImpl: Calling a method in the system process without a qualified user: android.app.ContextImpl.sendBroadcast:1181 android.content.ContextWrapper.sendBroadcast:479 cn.eben.newweather.DateWeatherService.a:19 cn.eben.newweather.DateWeatherService.a:0 cn.eben.newweather.DateWeatherService$1.handleMessage:7
05-08 16:22:18.184 6849 6849 I : read descriptors
05-08 16:22:18.184 6849 6849 I : read strings
05-08 16:22:18.187 1 1 I init : processing action (sys.usb.config=adb && sys.usb.configfs=1 && sys.usb.ffs.ready=1) from (/system/etc/init/hw/init.usb.configfs.rc:20)
05-08 16:14:14.617 456 485 I RIL : ---> enter mainloop wait at port
05-08 16:14:14.617 456 485 D RIL-DEV : Get modem info
05-08 16:14:14.618 456 485 D RIL-DEV : [05-08_16:14:14:618] idVendor = 1d6b
05-08 16:14:14.618 456 485 D RIL-DEV :
05-08 16:14:14.618 456 485 D RIL-DEV : [05-08_16:14:14:619] idVendor = 1d6b
05-08 16:14:14.618 456 485 D RIL-DEV :
05-08 16:14:14.619 456 485 D RIL-DEV : [05-08_16:14:14:620] idVendor = 1d6b
05-08 16:14:14.619 456 485 D RIL-DEV :
05-08 16:14:14.619 456 485 D RIL-DEV : [05-08_16:14:14:620] idVendor = 0781
05-08 16:14:14.619 456 485 D RIL-DEV :
05-08 16:14:14.620 456 485 D RIL-DEV : [05-08_16:14:14:620] idVendor = 1d6b
05-08 16:14:14.620 456 485 D RIL-DEV :
05-08 16:14:14.620 456 485 E RIL-DEV : Cannot find Meig devices
05-08 16:14:14.620 456 485 I RIL : ---> can't find meig usb devices
05-08 16:14:15.002 1267 1267 W ContextImpl: Calling a method in the system process without a qualified user: android.app.ContextImpl.sendBroadcast:1181 android.content.ContextWrapper.sendBroadcast:479 cn.eben.newweather.DateWeatherService.a:19 cn.eben.newweather.DateWeatherService.a:0 cn.eben.newweather.DateWeatherService$1.handleMessage:7
05-08 16:22:19.244 6849 6849 I : read descriptors
05-08 16:22:19.244 6849 6849 I : read strings
05-08 16:14:16.002 1267 1267 W ContextImpl: Calling a method in the system process without a qualified user: android.app.ContextImpl.sendBroadcast:1181 android.content.ContextWrapper.sendBroadcast:479 cn.eben.newweather.DateWeatherService.a:19 cn.eben.newweather.DateWeatherService.a:0 cn.eben.newweather.DateWeatherService$1.handleMessage:7
05-08 16:22:20.291 6849 6849 I : read descriptors
05-08 16:22:20.291 6849 6849 I : read strings
05-08 16:22:20.293 1 1 I init : processing action (sys.usb.config=adb && sys.usb.configfs=1 && sys.usb.ffs.ready=1) from (/system/etc/init/hw/init.usb.configfs.rc:20)
05-08 16:22:20.295 1 1 I init : Command 'symlink /config/usb_gadget/g1/functions/ffs.adb /config/usb_gadget/g1/configs/b.1/f1' action=sys.usb.config=adb && sys.usb.configfs=1 && sys.usb.ffs.ready=1 (/system/etc/init/hw/init.usb.configfs.rc:22) took 0ms and failed: symlink() failed: File exists
05-08 16:22:20.296 1 1 I init : Command 'write /config/usb_gadget/g1/UDC ${sys.usb.controller}' action=sys.usb.config=adb && sys.usb.configfs=1 && sys.usb.ffs.ready=1 (/system/etc/init/hw/init.usb.configfs.rc:23) took 0ms and failed: Unable to write to file '/config/usb_gadget/g1/UDC': Unable to write file contents: Device or resource busy
05-08 16:14:16.620 456 485 I RIL : ---> enter mainloop wait at port
05-08 16:14:16.621 456 485 D RIL-DEV : Get modem info
05-08 16:14:16.622 456 485 D RIL-DEV : [05-08_16:14:16:622] idVendor = 1d6b
05-08 16:14:16.622 456 485 D RIL-DEV :
05-08 16:14:16.622 456 485 D RIL-DEV : [05-08_16:14:16:622] idVendor = 1d6b
05-08 16:14:16.622 456 485 D RIL-DEV :
05-08 16:14:16.622 456 485 D RIL-DEV : [05-08_16:14:16:623] idVendor = 1d6b
05-08 16:14:16.622 456 485 D RIL-DEV :
05-08 16:14:16.623 456 485 D RIL-DEV : [05-08_16:14:16:623] idVendor = 0781
05-08 16:14:16.623 456 485 D RIL-DEV :
05-08 16:14:16.623 456 485 D RIL-DEV : [05-08_16:14:16:623] idVendor = 1d6b
05-08 16:14:16.623 456 485 D RIL-DEV :
05-08 16:14:16.623 456 485 E RIL-DEV : Cannot find Meig devices
05-08 16:14:16.623 456 485 I RIL : ---> can't find meig usb devices
05-08 16:14:17.003 1267 1267 W ContextImpl: Calling a method in the system process without a qualified user: android.app.ContextImpl.sendBroadcast:1181 android.content.ContextWrapper.sendBroadcast:479 cn.eben.newweather.DateWeatherService.a:19 cn.eben.newweather.DateWeatherService.a:0 cn.eben.newweather.DateWeatherService$1.handleMessage:7
05-08 16:22:21.331 6849 6849 I : read descriptors
05-08 16:22:21.331 6849 6849 I : read strings
05-08 16:22:21.334 1 1 I init : processing action (sys.usb.config=adb && sys.usb.configfs=1 && sys.usb.ffs.ready=1) from (/system/etc/init/hw/init.usb.configfs.rc:20)
05-08 16:22:21.338 1 1 I init : Command 'symlink /config/usb_gadget/g1/functions/ffs.adb /config/usb_gadget/g1/configs/b.1/f1' action=sys.usb.config=adb && sys.usb.configfs=1 && sys.usb.ffs.ready=1 (/system/etc/init/hw/init.usb.configfs.rc:22) took 2ms and failed: symlink() failed: File exists
05-08 16:22:21.339 1 1 I init : Command 'write /config/usb_gadget/g1/UDC ${sys.usb.controller}' action=sys.usb.config=adb && sys.usb.configfs=1 && sys.usb.ffs.ready=1 (/system/etc/init/hw/init.usb.configfs.rc:23) took 1ms and failed: Unable to write to file '/config/usb_gadget/g1/UDC': Unable to write file contents: Device or resource busy
05-08 16:14:18.001 1267 1267 W ContextImpl: Calling a method in the system process without a qualified user: android.app.ContextImpl.sendBroadcast:1181 android.content.ContextWrapper.sendBroadcast:479 cn.eben.newweather.DateWeatherService.a:19 cn.eben.newweather.DateWeatherService.a:0 cn.eben.newweather.DateWeatherService$1.handleMessage:7
05-08 16:22:22.391 6849 6849 I : read descriptors
05-08 16:22:22.391 6849 6849 I : read strings
05-08 16:22:22.393 1 1 I init : processing action (sys.usb.config=adb && sys.usb.configfs=1 && sys.usb.ffs.ready=1) from (/system/etc/init/hw/init.usb.configfs.rc:20)
05-08 16:22:22.396 1 1 I init : Command 'symlink /config/usb_gadget/g1/functions/ffs.adb /config/usb_gadget/g1/configs/b.1/f1' action=sys.usb.config=adb && sys.usb.configfs=1 && sys.usb.ffs.ready=1 (/system/etc/init/hw/init.usb.configfs.rc:22) took 0ms and failed: symlink() failed: File exists
05-08 16:22:22.397 1 1 I init : Command 'write /config/usb_gadget/g1/UDC ${sys.usb.controller}' action=sys.usb.config=adb && sys.usb.configfs=1 && sys.usb.ffs.ready=1 (/system/etc/init/hw/init.usb.configfs.rc:23) took 0ms and failed: Unable to write to file '/config/usb_gadget/g1/UDC': Unable to write file contents: Device or resource busy
05-08 16:14:18.624 456 485 I RIL : ---> enter mainloop wait at port
05-08 16:14:18.624 456 485 D RIL-DEV : Get modem info
05-08 16:14:18.624 456 485 D RIL-DEV : [05-08_16:14:18:625] idVendor = 1d6b
05-08 16:14:18.624 456 485 D RIL-DEV :
05-08 16:14:18.624 456 485 D RIL-DEV : [05-08_16:14:18:625] idVendor = 1d6b
05-08 16:14:18.624 456 485 D RIL-DEV :
05-08 16:14:18.625 456 485 D RIL-DEV : [05-08_16:14:18:625] idVendor = 1d6b
05-08 16:14:18.625 456 485 D RIL-DEV :
05-08 16:14:18.625 456 485 D RIL-DEV : [05-08_16:14:18:626] idVendor = 0781
05-08 16:14:18.625 456 485 D RIL-DEV :
05-08 16:14:18.625 456 485 D RIL-DEV : [05-08_16:14:18:626] idVendor = 1d6b
05-08 16:14:18.625 456 485 D RIL-DEV :
05-08 16:14:18.626 456 485 E RIL-DEV : Cannot find Meig devices
05-08 16:14:18.626 456 485 I RIL : ---> can't find meig usb devices
05-08 16:14:19.003 1267 1267 W ContextImpl: Calling a method in the system process without a qualified user: android.app.ContextImpl.sendBroadcast:1181 android.content.ContextWrapper.sendBroadcast:479 cn.eben.newweather.DateWeatherService.a:19 cn.eben.newweather.DateWeatherService.a:0 cn.eben.newweather.DateWeatherService$1.handleMessage:7
05-08 16:22:23.447 6849 6849 I : read descriptors
05-08 16:22:23.447 6849 6849 I : read strings
05-08 16:22:23.449 1 1 I init : processing action (sys.usb.config=adb && sys.usb.configfs=1 && sys.usb.ffs.ready=1) from (/system/etc/init/hw/init.usb.configfs.rc:20)
05-08 16:14:20.003 1267 1267 W ContextImpl: Calling a method in the system process without a qualified user: android.app.ContextImpl.sendBroadcast:1181 android.content.ContextWrapper.sendBroadcast:479 cn.eben.newweather.DateWeatherService.a:19 cn.eben.newweather.DateWeatherService.a:0 cn.eben.newweather.DateWeatherService$1.handleMessage:7
05-08 16:14:20.626 456 485 I RIL : ---> enter mainloop wait at port
05-08 16:14:20.626 456 485 D RIL-DEV : Get modem info
05-08 16:14:20.627 456 485 D RIL-DEV : [05-08_16:14:20:627] idVendor = 1d6b
05-08 16:14:20.627 456 485 D RIL-DEV :
05-08 16:14:20.627 456 485 D RIL-DEV : [05-08_16:14:20:628] idVendor = 1d6b
05-08 16:14:20.627 456 485 D RIL-DEV :
05-08 16:14:20.628 456 485 D RIL-DEV : [05-08_16:14:20:628] idVendor = 1d6b
05-08 16:14:20.628 456 485 D RIL-DEV :
05-08 16:14:20.628 456 485 D RIL-DEV : [05-08_16:14:20:628] idVendor = 0781
05-08 16:14:20.628 456 485 D RIL-DEV :
05-08 16:14:20.628 456 485 D RIL-DEV : [05-08_16:14:20:629] idVendor = 1d6b
05-08 16:14:20.628 456 485 D RIL-DEV :
05-08 16:14:20.629 456 485 E RIL-DEV : Cannot find Meig devices
05-08 16:14:20.629 456 485 I RIL : ---> can't find meig usb devices
05-08 16:22:24.504 6849 6849 I : read descriptors
05-08 16:22:24.504 6849 6849 I : read strings
05-08 16:14:21.002 1267 1267 W ContextImpl: Calling a method in the system process without a qualified user: android.app.ContextImpl.sendBroadcast:1181 android.content.ContextWrapper.sendBroadcast:479 cn.eben.newweather.DateWeatherService.a:19 cn.eben.newweather.DateWeatherService.a:0 cn.eben.newweather.DateWeatherService$1.handleMessage:7
05-08 16:22:25.547 6849 6849 I : read descriptors
05-08 16:22:25.548 6849 6849 I : read strings
05-08 16:22:25.551 1 1 I init : processing action (sys.usb.config=adb && sys.usb.configfs=1 && sys.usb.ffs.ready=1) from (/system/etc/init/hw/init.usb.configfs.rc:20)
05-08 16:22:25.557 1 1 I init : Command 'symlink /config/usb_gadget/g1/functions/ffs.adb /config/usb_gadget/g1/configs/b.1/f1' action=sys.usb.config=adb && sys.usb.configfs=1 && sys.usb.ffs.ready=1 (/system/etc/init/hw/init.usb.configfs.rc:22) took 2ms and failed: symlink() failed: File exists
05-08 16:22:25.558 1 1 I init : Command 'write /config/usb_gadget/g1/UDC ${sys.usb.controller}' action=sys.usb.config=adb && sys.usb.configfs=1 && sys.usb.ffs.ready=1 (/system/etc/init/hw/init.usb.configfs.rc:23) took 0ms and failed: Unable to write to file '/config/usb_gadget/g1/UDC': Unable to write file contents: Device or resource busy
05-08 16:14:22.003 1267 1267 W ContextImpl: Calling a method in the system process without a qualified user: android.app.ContextImpl.sendBroadcast:1181 android.content.ContextWrapper.sendBroadcast:479 cn.eben.newweather.DateWeatherService.a:19 cn.eben.newweather.DateWeatherService.a:0 cn.eben.newweather.DateWeatherService$1.handleMessage:7
05-08 16:14:22.634 456 485 I RIL : ---> enter mainloop wait at port
05-08 16:14:22.634 456 485 D RIL-DEV : Get modem info
05-08 16:14:22.635 456 485 D RIL-DEV : [05-08_16:14:22:635] idVendor = 1d6b
05-08 16:14:22.635 456 485 D RIL-DEV :
05-08 16:14:22.635 456 485 D RIL-DEV : [05-08_16:14:22:635] idVendor = 1d6b
05-08 16:14:22.635 456 485 D RIL-DEV :
05-08 16:14:22.635 456 485 D RIL-DEV : [05-08_16:14:22:636] idVendor = 1d6b
05-08 16:14:22.635 456 485 D RIL-DEV :
05-08 16:14:22.636 456 485 D RIL-DEV : [05-08_16:14:22:636] idVendor = 0781
05-08 16:14:22.636 456 485 D RIL-DEV :
05-08 16:14:22.636 456 485 D RIL-DEV : [05-08_16:14:22:636] idVendor = 1d6b
05-08 16:14:22.636 456 485 D RIL-DEV :
05-08 16:14:22.636 456 485 E RIL-DEV : Cannot find Meig devices
05-08 16:14:22.636 456 485 I RIL : ---> can't find meig usb devices
05-08 16:22:26.591 6849 6849 I : read descriptors
05-08 16:22:26.591 6849 6849 I : read strings
05-08 16:22:26.592 1 1 I init : processing action (sys.usb.config=adb && sys.usb.configfs=1 && sys.usb.ffs.ready=1) from (/system/etc/init/hw/init.usb.configfs.rc:20)
05-08 16:22:26.595 1 1 I init : Command 'symlink /config/usb_gadget/g1/functions/ffs.adb /config/usb_gadget/g1/configs/b.1/f1' action=sys.usb.config=adb && sys.usb.configfs=1 && sys.usb.ffs.ready=1 (/system/etc/init/hw/init.usb.configfs.rc:22) took 0ms and failed: symlink() failed: File exists
05-08 16:22:26.597 1 1 I init : Command 'write /config/usb_gadget/g1/UDC ${sys.usb.controller}' action=sys.usb.config=adb && sys.usb.configfs=1 && sys.usb.ffs.ready=1 (/system/etc/init/hw/init.usb.configfs.rc:23) took 1ms and failed: Unable to write to file '/config/usb_gadget/g1/UDC': Unable to write file contents: Device or resource busy
05-08 16:14:23.002 1267 1267 W ContextImpl: Calling a method in the system process without a qualified user: android.app.ContextImpl.sendBroadcast:1181 android.content.ContextWrapper.sendBroadcast:479 cn.eben.newweather.DateWeatherService.a:19 cn.eben.newweather.DateWeatherService.a:0 cn.eben.newweather.DateWeatherService$1.handleMessage:7
05-08 16:22:27.657 6849 6849 I : read descriptors
05-08 16:22:27.657 6849 6849 I : read strings
05-08 16:22:27.659 1 1 I init : processing action (sys.usb.config=adb && sys.usb.configfs=1 && sys.usb.ffs.ready=1) from (/system/etc/init/hw/init.usb.configfs.rc:20)
05-08 16:22:27.662 1 1 I init : Command 'symlink /config/usb_gadget/g1/functions/ffs.adb /config/usb_gadget/g1/configs/b.1/f1' action=sys.usb.config=adb && sys.usb.configfs=1 && sys.usb.ffs.ready=1 (/system/etc/init/hw/init.usb.configfs.rc:22) took 0ms and failed: symlink() failed: File exists
05-08 16:22:27.665 1 1 I init : Command 'write /config/usb_gadget/g1/UDC ${sys.usb.controller}' action=sys.usb.config=adb && sys.usb.configfs=1 && sys.usb.ffs.ready=1 (/system/etc/init/hw/init.usb.configfs.rc:23) took 2ms and failed: Unable to write to file '/config/usb_gadget/g1/UDC': Unable to write file contents: Device or resource busy
05-08 16:14:24.002 1267 1267 W ContextImpl: Calling a method in the system process without a qualified user: android.app.ContextImpl.sendBroadcast:1181 android.content.ContextWrapper.sendBroadcast:479 cn.eben.newweather.DateWeatherService.a:19 cn.eben.newweather.DateWeatherService.a:0 cn.eben.newweather.DateWeatherService$1.handleMessage:7
05-08 16:14:24.636 456 485 I RIL : ---> enter mainloop wait at port
05-08 16:14:24.637 456 485 D RIL-DEV : Get modem info
05-08 16:14:24.637 456 485 D RIL-DEV : [05-08_16:14:24:638] idVendor = 1d6b
05-08 16:14:24.637 456 485 D RIL-DEV :
05-08 16:14:24.637 456 485 D RIL-DEV : [05-08_16:14:24:638] idVendor = 1d6b
05-08 16:14:24.637 456 485 D RIL-DEV :
05-08 16:14:24.638 456 485 D RIL-DEV : [05-08_16:14:24:638] idVendor = 1d6b
05-08 16:14:24.638 456 485 D RIL-DEV :
05-08 16:14:24.638 456 485 D RIL-DEV : [05-08_16:14:24:639] idVendor = 0781
05-08 16:14:24.638 456 485 D RIL-DEV :
05-08 16:14:24.638 456 485 D RIL-DEV : [05-08_16:14:24:639] idVendor = 1d6b
05-08 16:14:24.638 456 485 D RIL-DEV :
05-08 16:14:24.639 456 485 E RIL-DEV : Cannot find Meig devices
05-08 16:14:24.639 456 485 I RIL : ---> can't find meig usb devices
05-08 16:22:28.720 6849 6849 I : read descriptors
05-08 16:22:28.720 6849 6849 I : read strings
05-08 16:22:28.724 1 1 I init : processing action (sys.usb.config=adb && sys.usb.configfs=1 && sys.usb.ffs.ready=1) from (/system/etc/init/hw/init.usb.configfs.rc:20)
05-08 16:14:25.002 1267 1267 W ContextImpl: Calling a method in the system process without a qualified user: android.app.ContextImpl.sendBroadcast:1181 android.content.ContextWrapper.sendBroadcast:479 cn.eben.newweather.DateWeatherService.a:19 cn.eben.newweather.DateWeatherService.a:0 cn.eben.newweather.DateWeatherService$1.handleMessage:7
05-08 16:22:29.764 6849 6849 I : read descriptors
05-08 16:22:29.764 6849 6849 I : read strings
05-08 16:14:26.001 1267 1267 W ContextImpl: Calling a method in the system process without a qualified user: android.app.ContextImpl.sendBroadcast:1181 android.content.ContextWrapper.sendBroadcast:479 cn.eben.newweather.DateWeatherService.a:19 cn.eben.newweather.DateWeatherService.a:0 cn.eben.newweather.DateWeatherService$1.handleMessage:7
05-08 16:14:26.640 456 485 I RIL : ---> enter mainloop wait at port
05-08 16:14:26.640 456 485 D RIL-DEV : Get modem info
05-08 16:14:26.640 456 485 D RIL-DEV : [05-08_16:14:26:641] idVendor = 1d6b
05-08 16:14:26.640 456 485 D RIL-DEV :
05-08 16:14:26.641 456 485 D RIL-DEV : [05-08_16:14:26:641] idVendor = 1d6b
05-08 16:14:26.641 456 485 D RIL-DEV :
05-08 16:14:26.641 456 485 D RIL-DEV : [05-08_16:14:26:641] idVendor = 1d6b
05-08 16:14:26.641 456 485 D RIL-DEV :
05-08 16:14:26.641 456 485 D RIL-DEV : [05-08_16:14:26:642] idVendor = 0781
05-08 16:14:26.641 456 485 D RIL-DEV :
05-08 16:14:26.641 456 485 D RIL-DEV : [05-08_16:14:26:642] idVendor = 1d6b
05-08 16:14:26.641 456 485 D RIL-DEV :
05-08 16:14:26.642 456 485 E RIL-DEV : Cannot find Meig devices
05-08 16:14:26.642 456 485 I RIL : ---> can't find meig usb devices
05-08 16:14:27.002 1267 1267 W ContextImpl: Calling a method in the system process without a qualified user: android.app.ContextImpl.sendBroadcast:1181 android.content.ContextWrapper.sendBroadcast:479 cn.eben.newweather.DateWeatherService.a:19 cn.eben.newweather.DateWeatherService.a:0 cn.eben.newweather.DateWeatherService$1.handleMessage:7
05-08 16:22:30.822 6849 6849 I : read descriptors
05-08 16:22:30.822 6849 6849 I : read strings
05-08 16:22:30.826 1 1 I init : processing action (sys.usb.config=adb && sys.usb.configfs=1 && sys.usb.ffs.ready=1) from (/system/etc/init/hw/init.usb.configfs.rc:20)
05-08 16:22:30.828 1 1 I init : Command 'symlink /config/usb_gadget/g1/functions/ffs.adb /config/usb_gadget/g1/configs/b.1/f1' action=sys.usb.config=adb && sys.usb.configfs=1 && sys.usb.ffs.ready=1 (/system/etc/init/hw/init.usb.configfs.rc:22) took 0ms and failed: symlink() failed: File exists
05-08 16:22:30.829 1 1 I init : Command 'write /config/usb_gadget/g1/UDC ${sys.usb.controller}' action=sys.usb.config=adb && sys.usb.configfs=1 && sys.usb.ffs.ready=1 (/system/etc/init/hw/init.usb.configfs.rc:23) took 0ms and failed: Unable to write to file '/config/usb_gadget/g1/UDC': Unable to write file contents: Device or resource busy
05-08 16:14:28.002 1267 1267 W ContextImpl: Calling a method in the system process without a qualified user: android.app.ContextImpl.sendBroadcast:1181 android.content.ContextWrapper.sendBroadcast:479 cn.eben.newweather.DateWeatherService.a:19 cn.eben.newweather.DateWeatherService.a:0 cn.eben.newweather.DateWeatherService$1.handleMessage:7
05-08 16:22:31.871 6849 6849 I : read descriptors
05-08 16:22:31.871 6849 6849 I : read strings
05-08 16:22:31.873 1 1 I init : processing action (sys.usb.config=adb && sys.usb.configfs=1 && sys.usb.ffs.ready=1) from (/system/etc/init/hw/init.usb.configfs.rc:20)
05-08 16:22:31.874 1 1 I init : Command 'symlink /config/usb_gadget/g1/functions/ffs.adb /config/usb_gadget/g1/configs/b.1/f1' action=sys.usb.config=adb && sys.usb.configfs=1 && sys.usb.ffs.ready=1 (/system/etc/init/hw/init.usb.configfs.rc:22) took 0ms and failed: symlink() failed: File exists
05-08 16:22:31.875 1 1 I init : Command 'write /config/usb_gadget/g1/UDC ${sys.usb.controller}' action=sys.usb.config=adb && sys.usb.configfs=1 && sys.usb.ffs.ready=1 (/system/etc/init/hw/init.usb.configfs.rc:23) took 0ms and failed: Unable to write to file '/config/usb_gadget/g1/UDC': Unable to write file contents: Device or resource busy
05-08 16:14:28.642 456 485 I RIL : ---> enter mainloop wait at port
05-08 16:14:28.643 456 485 D RIL-DEV : Get modem info
05-08 16:14:28.643 456 485 D RIL-DEV : [05-08_16:14:28:644] idVendor = 1d6b
05-08 16:14:28.643 456 485 D RIL-DEV :
05-08 16:14:28.643 456 485 D RIL-DEV : [05-08_16:14:28:644] idVendor = 1d6b
05-08 16:14:28.643 456 485 D RIL-DEV :
05-08 16:14:28.644 456 485 D RIL-DEV : [05-08_16:14:28:644] idVendor = 1d6b
05-08 16:14:28.644 456 485 D RIL-DEV :
05-08 16:14:28.644 456 485 D RIL-DEV : [05-08_16:14:28:644] idVendor = 0781
05-08 16:14:28.644 456 485 D RIL-DEV :
05-08 16:14:28.644 456 485 D RIL-DEV : [05-08_16:14:28:645] idVendor = 1d6b
05-08 16:14:28.644 456 485 D RIL-DEV :
05-08 16:14:28.645 456 485 E RIL-DEV : Cannot find Meig devices
05-08 16:14:28.645 456 485 I RIL : ---> can't find meig usb devices
05-08 16:14:29.001 1267 1267 W ContextImpl: Calling a method in the system process without a qualified user: android.app.ContextImpl.sendBroadcast:1181 android.content.ContextWrapper.sendBroadcast:479 cn.eben.newweather.DateWeatherService.a:19 cn.eben.newweather.DateWeatherService.a:0 cn.eben.newweather.DateWeatherService$1.handleMessage:7
05-08 16:22:32.923 6849 6849 I : read descriptors
05-08 16:22:32.924 6849 6849 I : read strings
05-08 16:22:32.925 1 1 I init : processing action (sys.usb.config=adb && sys.usb.configfs=1 && sys.usb.ffs.ready=1) from (/system/etc/init/hw/init.usb.configfs.rc:20)
05-08 16:22:32.925 1 1 I init : Command 'symlink /config/usb_gadget/g1/functions/ffs.adb /config/usb_gadget/g1/configs/b.1/f1' action=sys.usb.config=adb && sys.usb.configfs=1 && sys.usb.ffs.ready=1 (/system/etc/init/hw/init.usb.configfs.rc:22) took 0ms and failed: symlink() failed: File exists
05-08 16:22:32.926 1 1 I init : Command 'write /config/usb_gadget/g1/UDC ${sys.usb.controller}' action=sys.usb.config=adb && sys.usb.configfs=1 && sys.usb.ffs.ready=1 (/system/etc/init/hw/init.usb.configfs.rc:23) took 0ms and failed: Unable to write to file '/config/usb_gadget/g1/UDC': Unable to write file contents: Device or resource busy
05-08 16:14:30.002 1267 1267 W ContextImpl: Calling a method in the system process without a qualified user: android.app.ContextImpl.sendBroadcast:1181 android.content.ContextWrapper.sendBroadcast:479 cn.eben.newweather.DateWeatherService.a:19 cn.eben.newweather.DateWeatherService.a:0 cn.eben.newweather.DateWeatherService$1.handleMessage:7
05-08 16:22:34.010 431 431 W healthd : battery l=42 v=7412 t=33.0 h=1 st=3 c=-768000 fc=9700000 cc=6 chg=
05-08 16:22:34.014 6849 6849 I : read descriptors
05-08 16:22:34.014 6849 6849 I : read strings
05-08 16:22:34.016 1 1 I init : processing action (sys.usb.config=adb && sys.usb.configfs=1 && sys.usb.ffs.ready=1) from (/system/etc/init/hw/init.usb.configfs.rc:20)
05-08 16:14:30.645 456 485 I RIL : ---> enter mainloop wait at port
05-08 16:14:30.645 456 485 D RIL-DEV : Get modem info
05-08 16:14:30.646 456 485 D RIL-DEV : [05-08_16:14:30:647] idVendor = 1d6b
05-08 16:14:30.646 456 485 D RIL-DEV :
05-08 16:14:30.646 456 485 D RIL-DEV : [05-08_16:14:30:647] idVendor = 1d6b
05-08 16:14:30.646 456 485 D RIL-DEV :
05-08 16:14:30.647 456 485 D RIL-DEV : [05-08_16:14:30:647] idVendor = 1d6b
05-08 16:14:30.647 456 485 D RIL-DEV :
05-08 16:14:30.647 456 485 D RIL-DEV : [05-08_16:14:30:648] idVendor = 0781
05-08 16:14:30.647 456 485 D RIL-DEV :
05-08 16:14:30.647 456 485 D RIL-DEV : [05-08_16:14:30:648] idVendor = 1d6b
05-08 16:14:30.647 456 485 D RIL-DEV :
05-08 16:14:30.648 456 485 E RIL-DEV : Cannot find Meig devices
05-08 16:14:30.648 456 485 I RIL : ---> can't find meig usb devices
05-08 16:14:31.001 1267 1267 W ContextImpl: Calling a method in the system process without a qualified user: android.app.ContextImpl.sendBroadcast:1181 android.content.ContextWrapper.sendBroadcast:479 cn.eben.newweather.DateWeatherService.a:19 cn.eben.newweather.DateWeatherService.a:0 cn.eben.newweather.DateWeatherService$1.handleMessage:7
05-08 16:22:35.094 6849 6849 I : read descriptors
05-08 16:22:35.094 6849 6849 I : read strings
05-08 16:14:32.002 1267 1267 W ContextImpl: Calling a method in the system process without a qualified user: android.app.ContextImpl.sendBroadcast:1181 android.content.ContextWrapper.sendBroadcast:479 cn.eben.newweather.DateWeatherService.a:19 cn.eben.newweather.DateWeatherService.a:0 cn.eben.newweather.DateWeatherService$1.handleMessage:7
05-08 16:22:36.164 6849 6849 I : read descriptors
05-08 16:22:36.164 6849 6849 I : read strings
05-08 16:22:36.166 1 1 I init : processing action (sys.usb.config=adb && sys.usb.configfs=1 && sys.usb.ffs.ready=1) from (/system/etc/init/hw/init.usb.configfs.rc:20)
05-08 16:22:36.168 1 1 I init : Command 'symlink /config/usb_gadget/g1/functions/ffs.adb /config/usb_gadget/g1/configs/b.1/f1' action=sys.usb.config=adb && sys.usb.configfs=1 && sys.usb.ffs.ready=1 (/system/etc/init/hw/init.usb.configfs.rc:22) took 0ms and failed: symlink() failed: File exists
05-08 16:22:36.169 1 1 I init : Command 'write /config/usb_gadget/g1/UDC ${sys.usb.controller}' action=sys.usb.config=adb && sys.usb.configfs=1 && sys.usb.ffs.ready=1 (/system/etc/init/hw/init.usb.configfs.rc:23) took 0ms and failed: Unable to write to file '/config/usb_gadget/g1/UDC': Unable to write file contents: Device or resource busy
05-08 16:14:32.648 456 485 I RIL : ---> enter mainloop wait at port
05-08 16:14:32.648 456 485 D RIL-DEV : Get modem info
05-08 16:14:32.649 456 485 D RIL-DEV : [05-08_16:14:32:650] idVendor = 1d6b
05-08 16:14:32.649 456 485 D RIL-DEV :
05-08 16:14:32.649 456 485 D RIL-DEV : [05-08_16:14:32:650] idVendor = 1d6b
05-08 16:14:32.649 456 485 D RIL-DEV :
05-08 16:14:32.650 456 485 D RIL-DEV : [05-08_16:14:32:650] idVendor = 1d6b
05-08 16:14:32.650 456 485 D RIL-DEV :
05-08 16:14:32.650 456 485 D RIL-DEV : [05-08_16:14:32:651] idVendor = 0781
05-08 16:14:32.650 456 485 D RIL-DEV :
05-08 16:14:32.650 456 485 D RIL-DEV : [05-08_16:14:32:651] idVendor = 1d6b
05-08 16:14:32.650 456 485 D RIL-DEV :
05-08 16:14:32.651 456 485 E RIL-DEV : Cannot find Meig devices
05-08 16:14:32.651 456 485 I RIL : ---> can't find meig usb devices
