05-09 15:59:31.568 456 485 I RIL : ---> enter mainloop wait at port
05-09 15:59:31.568 456 485 D RIL-DEV : Get modem info
05-09 15:59:31.569 456 485 D RIL-DEV : [05-09_15:59:31:569] idVendor = 1d6b
05-09 15:59:31.569 456 485 D RIL-DEV :
05-09 15:59:31.569 456 485 D RIL-DEV : [05-09_15:59:31:570] idVendor = 1d6b
05-09 15:59:31.569 456 485 D RIL-DEV :
05-09 15:59:31.570 456 485 D RIL-DEV : [05-09_15:59:31:570] idVendor = 1d6b
05-09 15:59:31.570 456 485 D RIL-DEV :
05-09 15:59:31.570 456 485 D RIL-DEV : [05-09_15:59:31:570] idVendor = 0781
05-09 15:59:31.570 456 485 D RIL-DEV :
05-09 15:59:31.570 456 485 D RIL-DEV : [05-09_15:59:31:571] idVendor = 1d6b
05-09 15:59:31.570 456 485 D RIL-DEV :
05-09 15:59:31.571 456 485 E RIL-DEV : Cannot find Meig devices
05-09 15:59:31.571 456 485 I RIL : ---> can't find meig usb devices
05-08 16:07:24.518 6849 6849 I : read descriptors
05-08 16:07:24.518 6849 6849 I : read strings
05-08 16:07:24.520 1 1 I init : processing action (sys.usb.config=adb && sys.usb.configfs=1 && sys.usb.ffs.ready=1) from (/system/etc/init/hw/init.usb.configfs.rc:20)
05-08 16:07:25.571 6849 6849 I : read descriptors
05-08 16:07:25.571 6849 6849 I : read strings
05-09 15:59:33.571 456 485 I RIL : ---> enter mainloop wait at port
05-09 15:59:33.571 456 485 D RIL-DEV : Get modem info
05-09 15:59:33.572 456 485 D RIL-DEV : [05-09_15:59:33:572] idVendor = 1d6b
05-09 15:59:33.572 456 485 D RIL-DEV :
05-09 15:59:33.572 456 485 D RIL-DEV : [05-09_15:59:33:573] idVendor = 1d6b
05-09 15:59:33.572 456 485 D RIL-DEV :
05-09 15:59:33.573 456 485 D RIL-DEV : [05-09_15:59:33:573] idVendor = 1d6b
05-09 15:59:33.573 456 485 D RIL-DEV :
05-09 15:59:33.573 456 485 D RIL-DEV : [05-09_15:59:33:573] idVendor = 0781
05-09 15:59:33.573 456 485 D RIL-DEV :
05-09 15:59:33.573 456 485 D RIL-DEV : [05-09_15:59:33:574] idVendor = 1d6b
05-09 15:59:33.573 456 485 D RIL-DEV :
05-09 15:59:33.574 456 485 E RIL-DEV : Cannot find Meig devices
05-09 15:59:33.574 456 485 I RIL : ---> can't find meig usb devices
05-08 16:07:26.611 6849 6849 I : read descriptors
05-08 16:07:26.611 6849 6849 I : read strings
05-08 16:07:26.615 1 1 I init : processing action (sys.usb.config=adb && sys.usb.configfs=1 && sys.usb.ffs.ready=1) from (/system/etc/init/hw/init.usb.configfs.rc:20)
05-08 16:07:26.617 1 1 I init : Command 'symlink /config/usb_gadget/g1/functions/ffs.adb /config/usb_gadget/g1/configs/b.1/f1' action=sys.usb.config=adb && sys.usb.configfs=1 && sys.usb.ffs.ready=1 (/system/etc/init/hw/init.usb.configfs.rc:22) took 0ms and failed: symlink() failed: File exists
05-08 16:07:26.618 1 1 I init : Command 'write /config/usb_gadget/g1/UDC ${sys.usb.controller}' action=sys.usb.config=adb && sys.usb.configfs=1 && sys.usb.ffs.ready=1 (/system/etc/init/hw/init.usb.configfs.rc:23) took 0ms and failed: Unable to write to file '/config/usb_gadget/g1/UDC': Unable to write file contents: Device or resource busy
05-08 16:07:27.668 6849 6849 I : read descriptors
05-08 16:07:27.668 6849 6849 I : read strings
05-08 16:07:27.670 1 1 I init : processing action (sys.usb.config=adb && sys.usb.configfs=1 && sys.usb.ffs.ready=1) from (/system/etc/init/hw/init.usb.configfs.rc:20)
05-08 16:07:27.673 1 1 I init : Command 'symlink /config/usb_gadget/g1/functions/ffs.adb /config/usb_gadget/g1/configs/b.1/f1' action=sys.usb.config=adb && sys.usb.configfs=1 && sys.usb.ffs.ready=1 (/system/etc/init/hw/init.usb.configfs.rc:22) took 0ms and failed: symlink() failed: File exists
05-08 16:07:27.674 1 1 I init : Command 'write /config/usb_gadget/g1/UDC ${sys.usb.controller}' action=sys.usb.config=adb && sys.usb.configfs=1 && sys.usb.ffs.ready=1 (/system/etc/init/hw/init.usb.configfs.rc:23) took 0ms and failed: Unable to write to file '/config/usb_gadget/g1/UDC': Unable to write file contents: Device or resource busy
05-09 15:59:35.574 456 485 I RIL : ---> enter mainloop wait at port
05-09 15:59:35.574 456 485 D RIL-DEV : Get modem info
05-09 15:59:35.575 456 485 D RIL-DEV : [05-09_15:59:35:575] idVendor = 1d6b
05-09 15:59:35.575 456 485 D RIL-DEV :
05-09 15:59:35.575 456 485 D RIL-DEV : [05-09_15:59:35:576] idVendor = 1d6b
05-09 15:59:35.575 456 485 D RIL-DEV :
05-09 15:59:35.576 456 485 D RIL-DEV : [05-09_15:59:35:576] idVendor = 1d6b
05-09 15:59:35.576 456 485 D RIL-DEV :
05-09 15:59:35.576 456 485 D RIL-DEV : [05-09_15:59:35:576] idVendor = 0781
05-09 15:59:35.576 456 485 D RIL-DEV :
05-09 15:59:35.576 456 485 D RIL-DEV : [05-09_15:59:35:577] idVendor = 1d6b
05-09 15:59:35.576 456 485 D RIL-DEV :
05-09 15:59:35.576 456 485 E RIL-DEV : Cannot find Meig devices
05-09 15:59:35.577 456 485 I RIL : ---> can't find meig usb devices
05-08 16:07:28.708 6849 6849 I : read descriptors
05-08 16:07:28.708 6849 6849 I : read strings
05-08 16:07:28.711 1 1 I init : processing action (sys.usb.config=adb && sys.usb.configfs=1 && sys.usb.ffs.ready=1) from (/system/etc/init/hw/init.usb.configfs.rc:20)
05-08 16:07:28.715 1 1 I init : Command 'symlink /config/usb_gadget/g1/functions/ffs.adb /config/usb_gadget/g1/configs/b.1/f1' action=sys.usb.config=adb && sys.usb.configfs=1 && sys.usb.ffs.ready=1 (/system/etc/init/hw/init.usb.configfs.rc:22) took 2ms and failed: symlink() failed: File exists
05-08 16:07:28.716 1 1 I init : Command 'write /config/usb_gadget/g1/UDC ${sys.usb.controller}' action=sys.usb.config=adb && sys.usb.configfs=1 && sys.usb.ffs.ready=1 (/system/etc/init/hw/init.usb.configfs.rc:23) took 0ms and failed: Unable to write to file '/config/usb_gadget/g1/UDC': Unable to write file contents: Device or resource busy
05-08 16:07:29.778 6849 6849 I : read descriptors
05-08 16:07:29.778 6849 6849 I : read strings
05-08 16:07:29.782 1 1 I init : processing action (sys.usb.config=adb && sys.usb.configfs=1 && sys.usb.ffs.ready=1) from (/system/etc/init/hw/init.usb.configfs.rc:20)
05-09 15:59:37.577 456 485 I RIL : ---> enter mainloop wait at port
05-09 15:59:37.577 456 485 D RIL-DEV : Get modem info
05-09 15:59:37.577 456 485 D RIL-DEV : [05-09_15:59:37:578] idVendor = 1d6b
05-09 15:59:37.577 456 485 D RIL-DEV :
05-09 15:59:37.577 456 485 D RIL-DEV : [05-09_15:59:37:578] idVendor = 1d6b
05-09 15:59:37.577 456 485 D RIL-DEV :
05-09 15:59:37.578 456 485 D RIL-DEV : [05-09_15:59:37:578] idVendor = 1d6b
05-09 15:59:37.578 456 485 D RIL-DEV :
05-09 15:59:37.578 456 485 D RIL-DEV : [05-09_15:59:37:578] idVendor = 0781
05-09 15:59:37.578 456 485 D RIL-DEV :
05-09 15:59:37.578 456 485 D RIL-DEV : [05-09_15:59:37:578] idVendor = 1d6b
05-09 15:59:37.578 456 485 D RIL-DEV :
05-09 15:59:37.578 456 485 E RIL-DEV : Cannot find Meig devices
05-09 15:59:37.578 456 485 I RIL : ---> can't find meig usb devices
05-08 16:07:30.828 6849 6849 I : read descriptors
05-08 16:07:30.828 6849 6849 I : read strings
05-09 15:59:39.579 456 485 I RIL : ---> enter mainloop wait at port
05-09 15:59:39.579 456 485 D RIL-DEV : Get modem info
05-09 15:59:39.580 456 485 D RIL-DEV : [05-09_15:59:39:580] idVendor = 1d6b
05-09 15:59:39.580 456 485 D RIL-DEV :
05-09 15:59:39.580 456 485 D RIL-DEV : [05-09_15:59:39:580] idVendor = 1d6b
05-09 15:59:39.580 456 485 D RIL-DEV :
05-09 15:59:39.580 456 485 D RIL-DEV : [05-09_15:59:39:581] idVendor = 1d6b
05-09 15:59:39.580 456 485 D RIL-DEV :
05-09 15:59:39.581 456 485 D RIL-DEV : [05-09_15:59:39:581] idVendor = 0781
05-09 15:59:39.581 456 485 D RIL-DEV :
05-09 15:59:39.581 456 485 D RIL-DEV : [05-09_15:59:39:581] idVendor = 1d6b
05-09 15:59:39.581 456 485 D RIL-DEV :
05-09 15:59:39.581 456 485 E RIL-DEV : Cannot find Meig devices
05-09 15:59:39.581 456 485 I RIL : ---> can't find meig usb devices
05-08 16:07:31.911 6849 6849 I : read descriptors
05-08 16:07:31.911 6849 6849 I : read strings
05-08 16:07:31.914 1 1 I init : processing action (sys.usb.config=adb && sys.usb.configfs=1 && sys.usb.ffs.ready=1) from (/system/etc/init/hw/init.usb.configfs.rc:20)
05-08 16:07:31.919 1 1 I init : Command 'symlink /config/usb_gadget/g1/functions/ffs.adb /config/usb_gadget/g1/configs/b.1/f1' action=sys.usb.config=adb && sys.usb.configfs=1 && sys.usb.ffs.ready=1 (/system/etc/init/hw/init.usb.configfs.rc:22) took 2ms and failed: symlink() failed: File exists
05-08 16:07:31.919 1 1 I init : Command 'write /config/usb_gadget/g1/UDC ${sys.usb.controller}' action=sys.usb.config=adb && sys.usb.configfs=1 && sys.usb.ffs.ready=1 (/system/etc/init/hw/init.usb.configfs.rc:23) took 0ms and failed: Unable to write to file '/config/usb_gadget/g1/UDC': Unable to write file contents: Device or resource busy
05-08 16:07:32.955 6849 6849 I : read descriptors
05-08 16:07:32.955 6849 6849 I : read strings
05-08 16:07:32.957 1 1 I init : processing action (sys.usb.config=adb && sys.usb.configfs=1 && sys.usb.ffs.ready=1) from (/system/etc/init/hw/init.usb.configfs.rc:20)
05-08 16:07:32.960 1 1 I init : Command 'symlink /config/usb_gadget/g1/functions/ffs.adb /config/usb_gadget/g1/configs/b.1/f1' action=sys.usb.config=adb && sys.usb.configfs=1 && sys.usb.ffs.ready=1 (/system/etc/init/hw/init.usb.configfs.rc:22) took 0ms and failed: symlink() failed: File exists
05-08 16:07:32.963 1 1 I init : Command 'write /config/usb_gadget/g1/UDC ${sys.usb.controller}' action=sys.usb.config=adb && sys.usb.configfs=1 && sys.usb.ffs.ready=1 (/system/etc/init/hw/init.usb.configfs.rc:23) took 2ms and failed: Unable to write to file '/config/usb_gadget/g1/UDC': Unable to write file contents: Device or resource busy
05-09 15:59:41.582 456 485 I RIL : ---> enter mainloop wait at port
05-09 15:59:41.582 456 485 D RIL-DEV : Get modem info
05-09 15:59:41.583 456 485 D RIL-DEV : [05-09_15:59:41:583] idVendor = 1d6b
05-09 15:59:41.583 456 485 D RIL-DEV :
05-09 15:59:41.583 456 485 D RIL-DEV : [05-09_15:59:41:583] idVendor = 1d6b
05-09 15:59:41.583 456 485 D RIL-DEV :
05-09 15:59:41.583 456 485 D RIL-DEV : [05-09_15:59:41:584] idVendor = 1d6b
05-09 15:59:41.583 456 485 D RIL-DEV :
05-09 15:59:41.584 456 485 D RIL-DEV : [05-09_15:59:41:584] idVendor = 0781
05-09 15:59:41.584 456 485 D RIL-DEV :
05-09 15:59:41.584 456 485 D RIL-DEV : [05-09_15:59:41:584] idVendor = 1d6b
05-09 15:59:41.584 456 485 D RIL-DEV :
05-09 15:59:41.584 456 485 E RIL-DEV : Cannot find Meig devices
05-09 15:59:41.584 456 485 I RIL : ---> can't find meig usb devices
05-08 16:07:34.041 6849 6849 I : read descriptors
05-08 16:07:34.041 6849 6849 I : read strings
05-08 16:07:34.042 1 1 I init : processing action (sys.usb.config=adb && sys.usb.configfs=1 && sys.usb.ffs.ready=1) from (/system/etc/init/hw/init.usb.configfs.rc:20)
05-08 16:07:34.042 1 1 I init : Command 'symlink /config/usb_gadget/g1/functions/ffs.adb /config/usb_gadget/g1/configs/b.1/f1' action=sys.usb.config=adb && sys.usb.configfs=1 && sys.usb.ffs.ready=1 (/system/etc/init/hw/init.usb.configfs.rc:22) took 0ms and failed: symlink() failed: File exists
05-08 16:07:34.043 1 1 I init : Command 'write /config/usb_gadget/g1/UDC ${sys.usb.controller}' action=sys.usb.config=adb && sys.usb.configfs=1 && sys.usb.ffs.ready=1 (/system/etc/init/hw/init.usb.configfs.rc:23) took 0ms and failed: Unable to write to file '/config/usb_gadget/g1/UDC': Unable to write file contents: Device or resource busy
05-08 16:07:35.101 6849 6849 I : read descriptors
05-08 16:07:35.102 6849 6849 I : read strings
05-08 16:07:35.105 1 1 I init : processing action (sys.usb.config=adb && sys.usb.configfs=1 && sys.usb.ffs.ready=1) from (/system/etc/init/hw/init.usb.configfs.rc:20)
05-09 15:59:43.585 456 485 I RIL : ---> enter mainloop wait at port
05-09 15:59:43.585 456 485 D RIL-DEV : Get modem info
05-09 15:59:43.585 456 485 D RIL-DEV : [05-09_15:59:43:586] idVendor = 1d6b
05-09 15:59:43.585 456 485 D RIL-DEV :
05-09 15:59:43.585 456 485 D RIL-DEV : [05-09_15:59:43:586] idVendor = 1d6b
05-09 15:59:43.585 456 485 D RIL-DEV :
05-09 15:59:43.586 456 485 D RIL-DEV : [05-09_15:59:43:586] idVendor = 1d6b
05-09 15:59:43.586 456 485 D RIL-DEV :
05-09 15:59:43.586 456 485 D RIL-DEV : [05-09_15:59:43:586] idVendor = 0781
05-09 15:59:43.586 456 485 D RIL-DEV :
05-09 15:59:43.586 456 485 D RIL-DEV : [05-09_15:59:43:586] idVendor = 1d6b
05-09 15:59:43.586 456 485 D RIL-DEV :
05-09 15:59:43.586 456 485 E RIL-DEV : Cannot find Meig devices
05-09 15:59:43.586 456 485 I RIL : ---> can't find meig usb devices
05-08 16:07:36.157 6849 6849 I : read descriptors
05-08 16:07:36.157 6849 6849 I : read strings
05-08 16:07:37.205 6849 6849 I : read descriptors
05-08 16:07:37.205 6849 6849 I : read strings
05-08 16:07:37.207 1 1 I init : processing action (sys.usb.config=adb && sys.usb.configfs=1 && sys.usb.ffs.ready=1) from (/system/etc/init/hw/init.usb.configfs.rc:20)
05-08 16:07:37.209 1 1 I init : Command 'symlink /config/usb_gadget/g1/functions/ffs.adb /config/usb_gadget/g1/configs/b.1/f1' action=sys.usb.config=adb && sys.usb.configfs=1 && sys.usb.ffs.ready=1 (/system/etc/init/hw/init.usb.configfs.rc:22) took 0ms and failed: symlink() failed: File exists
05-08 16:07:37.212 1 1 I init : Command 'write /config/usb_gadget/g1/UDC ${sys.usb.controller}' action=sys.usb.config=adb && sys.usb.configfs=1 && sys.usb.ffs.ready=1 (/system/etc/init/hw/init.usb.configfs.rc:23) took 0ms and failed: Unable to write to file '/config/usb_gadget/g1/UDC': Unable to write file contents: Device or resource busy
05-09 15:59:45.586 456 485 I RIL : ---> enter mainloop wait at port
05-09 15:59:45.587 456 485 D RIL-DEV : Get modem info
05-09 15:59:45.587 456 485 D RIL-DEV : [05-09_15:59:45:587] idVendor = 1d6b
05-09 15:59:45.587 456 485 D RIL-DEV :
05-09 15:59:45.587 456 485 D RIL-DEV : [05-09_15:59:45:587] idVendor = 1d6b
05-09 15:59:45.587 456 485 D RIL-DEV :
05-09 15:59:45.587 456 485 D RIL-DEV : [05-09_15:59:45:588] idVendor = 1d6b
05-09 15:59:45.587 456 485 D RIL-DEV :
05-09 15:59:45.587 456 485 D RIL-DEV : [05-09_15:59:45:588] idVendor = 0781
05-09 15:59:45.587 456 485 D RIL-DEV :
05-09 15:59:45.587 456 485 D RIL-DEV : [05-09_15:59:45:588] idVendor = 1d6b
05-09 15:59:45.587 456 485 D RIL-DEV :
05-09 15:59:45.588 456 485 E RIL-DEV : Cannot find Meig devices
05-09 15:59:45.588 456 485 I RIL : ---> can't find meig usb devices
05-08 16:07:38.268 6849 6849 I : read descriptors
05-08 16:07:38.268 6849 6849 I : read strings
05-08 16:07:38.269 1 1 I init : processing action (sys.usb.config=adb && sys.usb.configfs=1 && sys.usb.ffs.ready=1) from (/system/etc/init/hw/init.usb.configfs.rc:20)
05-08 16:07:38.271 1 1 I init : Command 'symlink /config/usb_gadget/g1/functions/ffs.adb /config/usb_gadget/g1/configs/b.1/f1' action=sys.usb.config=adb && sys.usb.configfs=1 && sys.usb.ffs.ready=1 (/system/etc/init/hw/init.usb.configfs.rc:22) took 0ms and failed: symlink() failed: File exists
05-08 16:07:38.271 1 1 I init : Command 'write /config/usb_gadget/g1/UDC ${sys.usb.controller}' action=sys.usb.config=adb && sys.usb.configfs=1 && sys.usb.ffs.ready=1 (/system/etc/init/hw/init.usb.configfs.rc:23) took 0ms and failed: Unable to write to file '/config/usb_gadget/g1/UDC': Unable to write file contents: Device or resource busy
05-08 16:07:39.318 6849 6849 I : read descriptors
05-08 16:07:39.318 6849 6849 I : read strings
05-08 16:07:39.321 1 1 I init : processing action (sys.usb.config=adb && sys.usb.configfs=1 && sys.usb.ffs.ready=1) from (/system/etc/init/hw/init.usb.configfs.rc:20)
05-08 16:07:39.324 1 1 I init : Command 'symlink /config/usb_gadget/g1/functions/ffs.adb /config/usb_gadget/g1/configs/b.1/f1' action=sys.usb.config=adb && sys.usb.configfs=1 && sys.usb.ffs.ready=1 (/system/etc/init/hw/init.usb.configfs.rc:22) took 0ms and failed: symlink() failed: File exists
05-08 16:07:39.325 1 1 I init : Command 'write /config/usb_gadget/g1/UDC ${sys.usb.controller}' action=sys.usb.config=adb && sys.usb.configfs=1 && sys.usb.ffs.ready=1 (/system/etc/init/hw/init.usb.configfs.rc:23) took 0ms and failed: Unable to write to file '/config/usb_gadget/g1/UDC': Unable to write file contents: Device or resource busy
05-08 15:59:47.588 456 485 I RIL : ---> enter mainloop wait at port
05-08 15:59:47.588 456 485 D RIL-DEV : Get modem info
05-08 15:59:47.588 456 485 D RIL-DEV : [05-08_15:59:47:589] idVendor = 1d6b
05-08 15:59:47.588 456 485 D RIL-DEV :
05-08 15:59:47.589 456 485 D RIL-DEV : [05-08_15:59:47:589] idVendor = 1d6b
05-08 15:59:47.589 456 485 D RIL-DEV :
05-08 15:59:47.589 456 485 D RIL-DEV : [05-08_15:59:47:590] idVendor = 1d6b
05-08 15:59:47.589 456 485 D RIL-DEV :
05-08 15:59:47.589 456 485 D RIL-DEV : [05-08_15:59:47:590] idVendor = 0781
05-08 15:59:47.589 456 485 D RIL-DEV :
05-08 15:59:47.589 456 485 D RIL-DEV : [05-08_15:59:47:590] idVendor = 1d6b
05-08 15:59:47.589 456 485 D RIL-DEV :
05-08 15:59:47.590 456 485 E RIL-DEV : Cannot find Meig devices
05-08 15:59:47.590 456 485 I RIL : ---> can't find meig usb devices
05-08 16:07:40.381 6849 6849 I : read descriptors
05-08 16:07:40.381 6849 6849 I : read strings
05-08 16:07:40.383 1 1 I init : processing action (sys.usb.config=adb && sys.usb.configfs=1 && sys.usb.ffs.ready=1) from (/system/etc/init/hw/init.usb.configfs.rc:20)
05-08 16:07:40.902 431 431 W healthd : battery l=46 v=7490 t=33.5 h=1 st=3 c=-768000 fc=9700000 cc=5 chg=
05-08 16:07:41.443 6849 6849 I : read descriptors
05-08 16:07:41.443 6849 6849 I : read strings
05-08 15:59:49.590 456 485 I RIL : ---> enter mainloop wait at port
05-08 15:59:49.590 456 485 D RIL-DEV : Get modem info
05-08 15:59:49.592 456 485 D RIL-DEV : [05-08_15:59:49:592] idVendor = 1d6b
05-08 15:59:49.592 456 485 D RIL-DEV :
05-08 15:59:49.592 456 485 D RIL-DEV : [05-08_15:59:49:592] idVendor = 1d6b
05-08 15:59:49.592 456 485 D RIL-DEV :
05-08 15:59:49.593 456 485 D RIL-DEV : [05-08_15:59:49:593] idVendor = 1d6b
05-08 15:59:49.593 456 485 D RIL-DEV :
05-08 15:59:49.593 456 485 D RIL-DEV : [05-08_15:59:49:593] idVendor = 0781
05-08 15:59:49.593 456 485 D RIL-DEV :
05-08 15:59:49.593 456 485 D RIL-DEV : [05-08_15:59:49:594] idVendor = 1d6b
05-08 15:59:49.593 456 485 D RIL-DEV :
05-08 15:59:49.594 456 485 E RIL-DEV : Cannot find Meig devices
05-08 15:59:49.594 456 485 I RIL : ---> can't find meig usb devices
05-08 16:07:42.513 6849 6849 I : read descriptors
05-08 16:07:42.514 6849 6849 I : read strings
05-08 16:07:42.516 1 1 I init : processing action (sys.usb.config=adb && sys.usb.configfs=1 && sys.usb.ffs.ready=1) from (/system/etc/init/hw/init.usb.configfs.rc:20)
05-08 16:07:42.518 1 1 I init : Command 'symlink /config/usb_gadget/g1/functions/ffs.adb /config/usb_gadget/g1/configs/b.1/f1' action=sys.usb.config=adb && sys.usb.configfs=1 && sys.usb.ffs.ready=1 (/system/etc/init/hw/init.usb.configfs.rc:22) took 0ms and failed: symlink() failed: File exists
05-08 16:07:42.518 1 1 I init : Command 'write /config/usb_gadget/g1/UDC ${sys.usb.controller}' action=sys.usb.config=adb && sys.usb.configfs=1 && sys.usb.ffs.ready=1 (/system/etc/init/hw/init.usb.configfs.rc:23) took 0ms and failed: Unable to write to file '/config/usb_gadget/g1/UDC': Unable to write file contents: Device or resource busy
05-08 16:07:43.580 6849 6849 I : read descriptors
05-08 16:07:43.580 6849 6849 I : read strings
05-08 16:07:43.582 1 1 I init : processing action (sys.usb.config=adb && sys.usb.configfs=1 && sys.usb.ffs.ready=1) from (/system/etc/init/hw/init.usb.configfs.rc:20)
05-08 16:07:43.586 1 1 I init : Command 'symlink /config/usb_gadget/g1/functions/ffs.adb /config/usb_gadget/g1/configs/b.1/f1' action=sys.usb.config=adb && sys.usb.configfs=1 && sys.usb.ffs.ready=1 (/system/etc/init/hw/init.usb.configfs.rc:22) took 0ms and failed: symlink() failed: File exists
05-08 16:07:43.588 1 1 I init : Command 'write /config/usb_gadget/g1/UDC ${sys.usb.controller}' action=sys.usb.config=adb && sys.usb.configfs=1 && sys.usb.ffs.ready=1 (/system/etc/init/hw/init.usb.configfs.rc:23) took 1ms and failed: Unable to write to file '/config/usb_gadget/g1/UDC': Unable to write file contents: Device or resource busy
05-08 15:59:51.594 456 485 I RIL : ---> enter mainloop wait at port
05-08 15:59:51.594 456 485 D RIL-DEV : Get modem info
05-08 15:59:51.595 456 485 D RIL-DEV : [05-08_15:59:51:595] idVendor = 1d6b
05-08 15:59:51.595 456 485 D RIL-DEV :
05-08 15:59:51.595 456 485 D RIL-DEV : [05-08_15:59:51:596] idVendor = 1d6b
05-08 15:59:51.595 456 485 D RIL-DEV :
05-08 15:59:51.596 456 485 D RIL-DEV : [05-08_15:59:51:596] idVendor = 1d6b
05-08 15:59:51.596 456 485 D RIL-DEV :
05-08 15:59:51.596 456 485 D RIL-DEV : [05-08_15:59:51:596] idVendor = 0781
05-08 15:59:51.596 456 485 D RIL-DEV :
05-08 15:59:51.596 456 485 D RIL-DEV : [05-08_15:59:51:597] idVendor = 1d6b
05-08 15:59:51.596 456 485 D RIL-DEV :
05-08 15:59:51.597 456 485 E RIL-DEV : Cannot find Meig devices
05-08 15:59:51.597 456 485 I RIL : ---> can't find meig usb devices
05-08 16:07:44.624 6849 6849 I : read descriptors
05-08 16:07:44.624 6849 6849 I : read strings
05-08 16:07:44.627 1 1 I init : processing action (sys.usb.config=adb && sys.usb.configfs=1 && sys.usb.ffs.ready=1) from (/system/etc/init/hw/init.usb.configfs.rc:20)
05-08 16:07:44.629 1 1 I init : Command 'symlink /config/usb_gadget/g1/functions/ffs.adb /config/usb_gadget/g1/configs/b.1/f1' action=sys.usb.config=adb && sys.usb.configfs=1 && sys.usb.ffs.ready=1 (/system/etc/init/hw/init.usb.configfs.rc:22) took 0ms and failed: symlink() failed: File exists
05-08 16:07:44.630 1 1 I init : Command 'write /config/usb_gadget/g1/UDC ${sys.usb.controller}' action=sys.usb.config=adb && sys.usb.configfs=1 && sys.usb.ffs.ready=1 (/system/etc/init/hw/init.usb.configfs.rc:23) took 0ms and failed: Unable to write to file '/config/usb_gadget/g1/UDC': Unable to write file contents: Device or resource busy
05-08 16:07:45.683 6849 6849 I : read descriptors
05-08 16:07:45.684 6849 6849 I : read strings
05-08 16:07:45.687 1 1 I init : processing action (sys.usb.config=adb && sys.usb.configfs=1 && sys.usb.ffs.ready=1) from (/system/etc/init/hw/init.usb.configfs.rc:20)
05-08 15:59:53.597 456 485 I RIL : ---> enter mainloop wait at port
05-08 15:59:53.597 456 485 D RIL-DEV : Get modem info
05-08 15:59:53.598 456 485 D RIL-DEV : [05-08_15:59:53:598] idVendor = 1d6b
05-08 15:59:53.598 456 485 D RIL-DEV :
05-08 15:59:53.598 456 485 D RIL-DEV : [05-08_15:59:53:599] idVendor = 1d6b
05-08 15:59:53.598 456 485 D RIL-DEV :
05-08 15:59:53.599 456 485 D RIL-DEV : [05-08_15:59:53:599] idVendor = 1d6b
05-08 15:59:53.599 456 485 D RIL-DEV :
05-08 15:59:53.599 456 485 D RIL-DEV : [05-08_15:59:53:600] idVendor = 0781
05-08 15:59:53.599 456 485 D RIL-DEV :
05-08 15:59:53.599 456 485 D RIL-DEV : [05-08_15:59:53:600] idVendor = 1d6b
05-08 15:59:53.599 456 485 D RIL-DEV :
05-08 15:59:53.600 456 485 E RIL-DEV : Cannot find Meig devices
05-08 15:59:53.600 456 485 I RIL : ---> can't find meig usb devices
05-08 16:07:46.723 6849 6849 I : read descriptors
05-08 16:07:46.723 6849 6849 I : read strings
05-08 16:07:47.770 6849 6849 I : read descriptors
05-08 16:07:47.770 6849 6849 I : read strings
05-08 16:07:47.773 1 1 I init : processing action (sys.usb.config=adb && sys.usb.configfs=1 && sys.usb.ffs.ready=1) from (/system/etc/init/hw/init.usb.configfs.rc:20)
05-08 16:07:47.776 1 1 I init : Command 'symlink /config/usb_gadget/g1/functions/ffs.adb /config/usb_gadget/g1/configs/b.1/f1' action=sys.usb.config=adb && sys.usb.configfs=1 && sys.usb.ffs.ready=1 (/system/etc/init/hw/init.usb.configfs.rc:22) took 0ms and failed: symlink() failed: File exists
05-08 16:07:47.776 1 1 I init : Command 'write /config/usb_gadget/g1/UDC ${sys.usb.controller}' action=sys.usb.config=adb && sys.usb.configfs=1 && sys.usb.ffs.ready=1 (/system/etc/init/hw/init.usb.configfs.rc:23) took 0ms and failed: Unable to write to file '/config/usb_gadget/g1/UDC': Unable to write file contents: Device or resource busy
05-08 15:59:55.600 456 485 I RIL : ---> enter mainloop wait at port
05-08 15:59:55.601 456 485 D RIL-DEV : Get modem info
05-08 15:59:55.601 456 485 D RIL-DEV : [05-08_15:59:55:601] idVendor = 1d6b
05-08 15:59:55.601 456 485 D RIL-DEV :
05-08 15:59:55.601 456 485 D RIL-DEV : [05-08_15:59:55:602] idVendor = 1d6b
05-08 15:59:55.601 456 485 D RIL-DEV :
05-08 15:59:55.602 456 485 D RIL-DEV : [05-08_15:59:55:602] idVendor = 1d6b
05-08 15:59:55.602 456 485 D RIL-DEV :
05-08 15:59:55.602 456 485 D RIL-DEV : [05-08_15:59:55:602] idVendor = 0781
05-08 15:59:55.602 456 485 D RIL-DEV :
05-08 15:59:55.602 456 485 D RIL-DEV : [05-08_15:59:55:603] idVendor = 1d6b
05-08 15:59:55.602 456 485 D RIL-DEV :
05-08 15:59:55.603 456 485 E RIL-DEV : Cannot find Meig devices
05-08 15:59:55.603 456 485 I RIL : ---> can't find meig usb devices
05-08 16:07:48.813 6849 6849 I : read descriptors
05-08 16:07:48.814 6849 6849 I : read strings
05-08 16:07:48.816 1 1 I init : processing action (sys.usb.config=adb && sys.usb.configfs=1 && sys.usb.ffs.ready=1) from (/system/etc/init/hw/init.usb.configfs.rc:20)
05-08 16:07:48.819 1 1 I init : Command 'symlink /config/usb_gadget/g1/functions/ffs.adb /config/usb_gadget/g1/configs/b.1/f1' action=sys.usb.config=adb && sys.usb.configfs=1 && sys.usb.ffs.ready=1 (/system/etc/init/hw/init.usb.configfs.rc:22) took 1ms and failed: symlink() failed: File exists
05-08 16:07:48.822 1 1 I init : Command 'write /config/usb_gadget/g1/UDC ${sys.usb.controller}' action=sys.usb.config=adb && sys.usb.configfs=1 && sys.usb.ffs.ready=1 (/system/etc/init/hw/init.usb.configfs.rc:23) took 2ms and failed: Unable to write to file '/config/usb_gadget/g1/UDC': Unable to write file contents: Device or resource busy
05-08 15:59:57.603 456 485 I RIL : ---> enter mainloop wait at port
05-08 15:59:57.603 456 485 D RIL-DEV : Get modem info
05-08 15:59:57.604 456 485 D RIL-DEV : [05-08_15:59:57:604] idVendor = 1d6b
05-08 15:59:57.604 456 485 D RIL-DEV :
05-08 15:59:57.604 456 485 D RIL-DEV : [05-08_15:59:57:605] idVendor = 1d6b
05-08 15:59:57.604 456 485 D RIL-DEV :
05-08 15:59:57.605 456 485 D RIL-DEV : [05-08_15:59:57:605] idVendor = 1d6b
05-08 15:59:57.605 456 485 D RIL-DEV :
05-08 15:59:57.605 456 485 D RIL-DEV : [05-08_15:59:57:605] idVendor = 0781
05-08 15:59:57.605 456 485 D RIL-DEV :
05-08 15:59:57.605 456 485 D RIL-DEV : [05-08_15:59:57:606] idVendor = 1d6b
05-08 15:59:57.605 456 485 D RIL-DEV :
05-08 15:59:57.606 456 485 E RIL-DEV : Cannot find Meig devices
05-08 15:59:57.606 456 485 I RIL : ---> can't find meig usb devices
05-08 16:07:49.860 6849 6849 I : read descriptors
05-08 16:07:49.860 6849 6849 I : read strings
05-08 16:07:49.864 1 1 I init : processing action (sys.usb.config=adb && sys.usb.configfs=1 && sys.usb.ffs.ready=1) from (/system/etc/init/hw/init.usb.configfs.rc:20)
05-08 16:07:49.866 1 1 I init : Command 'symlink /config/usb_gadget/g1/functions/ffs.adb /config/usb_gadget/g1/configs/b.1/f1' action=sys.usb.config=adb && sys.usb.configfs=1 && sys.usb.ffs.ready=1 (/system/etc/init/hw/init.usb.configfs.rc:22) took 0ms and failed: symlink() failed: File exists
05-08 16:07:49.866 1 1 I init : Command 'write /config/usb_gadget/g1/UDC ${sys.usb.controller}' action=sys.usb.config=adb && sys.usb.configfs=1 && sys.usb.ffs.ready=1 (/system/etc/init/hw/init.usb.configfs.rc:23) took 0ms and failed: Unable to write to file '/config/usb_gadget/g1/UDC': Unable to write file contents: Device or resource busy
05-08 16:07:50.920 6849 6849 I : read descriptors
05-08 16:07:50.920 6849 6849 I : read strings
05-08 16:07:50.924 1 1 I init : processing action (sys.usb.config=adb && sys.usb.configfs=1 && sys.usb.ffs.ready=1) from (/system/etc/init/hw/init.usb.configfs.rc:20)
05-08 15:59:59.606 456 485 I RIL : ---> enter mainloop wait at port
05-08 15:59:59.606 456 485 D RIL-DEV : Get modem info
05-08 15:59:59.607 456 485 D RIL-DEV : [05-08_15:59:59:607] idVendor = 1d6b
05-08 15:59:59.607 456 485 D RIL-DEV :
05-08 15:59:59.607 456 485 D RIL-DEV : [05-08_15:59:59:608] idVendor = 1d6b
05-08 15:59:59.607 456 485 D RIL-DEV :
05-08 15:59:59.608 456 485 D RIL-DEV : [05-08_15:59:59:608] idVendor = 1d6b
05-08 15:59:59.608 456 485 D RIL-DEV :
05-08 15:59:59.608 456 485 D RIL-DEV : [05-08_15:59:59:609] idVendor = 0781
05-08 15:59:59.608 456 485 D RIL-DEV :
05-08 15:59:59.608 456 485 D RIL-DEV : [05-08_15:59:59:609] idVendor = 1d6b
05-08 15:59:59.608 456 485 D RIL-DEV :
05-08 15:59:59.609 456 485 E RIL-DEV : Cannot find Meig devices
05-08 15:59:59.609 456 485 I RIL : ---> can't find meig usb devices
05-08 16:07:51.960 6849 6849 I : read descriptors
05-08 16:07:51.960 6849 6849 I : read strings
05-08 16:07:53.003 6849 6849 I : read descriptors
05-08 16:07:53.004 6849 6849 I : read strings
05-08 16:07:53.006 1 1 I init : processing action (sys.usb.config=adb && sys.usb.configfs=1 && sys.usb.ffs.ready=1) from (/system/etc/init/hw/init.usb.configfs.rc:20)
05-08 16:07:53.009 1 1 I init : Command 'symlink /config/usb_gadget/g1/functions/ffs.adb /config/usb_gadget/g1/configs/b.1/f1' action=sys.usb.config=adb && sys.usb.configfs=1 && sys.usb.ffs.ready=1 (/system/etc/init/hw/init.usb.configfs.rc:22) took 1ms and failed: symlink() failed: File exists
05-08 16:07:53.012 1 1 I init : Command 'write /config/usb_gadget/g1/UDC ${sys.usb.controller}' action=sys.usb.config=adb && sys.usb.configfs=1 && sys.usb.ffs.ready=1 (/system/etc/init/hw/init.usb.configfs.rc:23) took 1ms and failed: Unable to write to file '/config/usb_gadget/g1/UDC': Unable to write file contents: Device or resource busy
05-08 16:00:01.609 456 485 I RIL : ---> enter mainloop wait at port
05-08 16:00:01.610 456 485 D RIL-DEV : Get modem info
05-08 16:00:01.610 456 485 D RIL-DEV : [05-08_16:00:01:611] idVendor = 1d6b
05-08 16:00:01.610 456 485 D RIL-DEV :
05-08 16:00:01.611 456 485 D RIL-DEV : [05-08_16:00:01:611] idVendor = 1d6b
05-08 16:00:01.611 456 485 D RIL-DEV :
05-08 16:00:01.611 456 485 D RIL-DEV : [05-08_16:00:01:612] idVendor = 1d6b
05-08 16:00:01.611 456 485 D RIL-DEV :
05-08 16:00:01.611 456 485 D RIL-DEV : [05-08_16:00:01:612] idVendor = 0781
05-08 16:00:01.611 456 485 D RIL-DEV :
05-08 16:00:01.612 456 485 D RIL-DEV : [05-08_16:00:01:612] idVendor = 1d6b
05-08 16:00:01.612 456 485 D RIL-DEV :
05-08 16:00:01.612 456 485 E RIL-DEV : Cannot find Meig devices
05-08 16:00:01.612 456 485 I RIL : ---> can't find meig usb devices
05-08 16:07:54.060 6849 6849 I : read descriptors
05-08 16:07:54.060 6849 6849 I : read strings
05-08 16:07:54.062 1 1 I init : processing action (sys.usb.config=adb && sys.usb.configfs=1 && sys.usb.ffs.ready=1) from (/system/etc/init/hw/init.usb.configfs.rc:20)
05-08 16:07:54.066 1 1 I init : Command 'symlink /config/usb_gadget/g1/functions/ffs.adb /config/usb_gadget/g1/configs/b.1/f1' action=sys.usb.config=adb && sys.usb.configfs=1 && sys.usb.ffs.ready=1 (/system/etc/init/hw/init.usb.configfs.rc:22) took 0ms and failed: symlink() failed: File exists
05-08 16:07:54.068 1 1 I init : Command 'write /config/usb_gadget/g1/UDC ${sys.usb.controller}' action=sys.usb.config=adb && sys.usb.configfs=1 && sys.usb.ffs.ready=1 (/system/etc/init/hw/init.usb.configfs.rc:23) took 2ms and failed: Unable to write to file '/config/usb_gadget/g1/UDC': Unable to write file contents: Device or resource busy
05-08 16:07:55.103 6849 6849 I : read descriptors
05-08 16:07:55.103 6849 6849 I : read strings
05-08 16:07:55.106 1 1 I init : processing action (sys.usb.config=adb && sys.usb.configfs=1 && sys.usb.ffs.ready=1) from (/system/etc/init/hw/init.usb.configfs.rc:20)
05-08 16:07:55.109 1 1 I init : Command 'symlink /config/usb_gadget/g1/functions/ffs.adb /config/usb_gadget/g1/configs/b.1/f1' action=sys.usb.config=adb && sys.usb.configfs=1 && sys.usb.ffs.ready=1 (/system/etc/init/hw/init.usb.configfs.rc:22) took 0ms and failed: symlink() failed: File exists
05-08 16:07:55.110 1 1 I init : Command 'write /config/usb_gadget/g1/UDC ${sys.usb.controller}' action=sys.usb.config=adb && sys.usb.configfs=1 && sys.usb.ffs.ready=1 (/system/etc/init/hw/init.usb.configfs.rc:23) took 1ms and failed: Unable to write to file '/config/usb_gadget/g1/UDC': Unable to write file contents: Device or resource busy
05-08 16:00:03.613 456 485 I RIL : ---> enter mainloop wait at port
05-08 16:00:03.613 456 485 D RIL-DEV : Get modem info
05-08 16:00:03.614 456 485 D RIL-DEV : [05-08_16:00:03:614] idVendor = 1d6b
05-08 16:00:03.614 456 485 D RIL-DEV :
05-08 16:00:03.614 456 485 D RIL-DEV : [05-08_16:00:03:614] idVendor = 1d6b
05-08 16:00:03.614 456 485 D RIL-DEV :
05-08 16:00:03.614 456 485 D RIL-DEV : [05-08_16:00:03:615] idVendor = 1d6b
05-08 16:00:03.614 456 485 D RIL-DEV :
05-08 16:00:03.614 456 485 D RIL-DEV : [05-08_16:00:03:615] idVendor = 0781
05-08 16:00:03.614 456 485 D RIL-DEV :
05-08 16:00:03.615 456 485 D RIL-DEV : [05-08_16:00:03:615] idVendor = 1d6b
05-08 16:00:03.615 456 485 D RIL-DEV :
05-08 16:00:03.615 456 485 E RIL-DEV : Cannot find Meig devices
05-08 16:00:03.615 456 485 I RIL : ---> can't find meig usb devices
05-08 16:07:56.154 6849 6849 I : read descriptors
05-08 16:07:56.154 6849 6849 I : read strings
05-08 16:07:56.156 1 1 I init : processing action (sys.usb.config=adb && sys.usb.configfs=1 && sys.usb.ffs.ready=1) from (/system/etc/init/hw/init.usb.configfs.rc:20)
05-08 16:07:57.217 6849 6849 I : read descriptors
05-08 16:07:57.217 6849 6849 I : read strings
05-08 16:00:05.616 456 485 I RIL : ---> enter mainloop wait at port
05-08 16:00:05.616 456 485 D RIL-DEV : Get modem info
05-08 16:00:05.617 456 485 D RIL-DEV : [05-08_16:00:05:617] idVendor = 1d6b
05-08 16:00:05.617 456 485 D RIL-DEV :
05-08 16:00:05.617 456 485 D RIL-DEV : [05-08_16:00:05:618] idVendor = 1d6b
05-08 16:00:05.617 456 485 D RIL-DEV :
05-08 16:00:05.618 456 485 D RIL-DEV : [05-08_16:00:05:618] idVendor = 1d6b
05-08 16:00:05.618 456 485 D RIL-DEV :
05-08 16:00:05.618 456 485 D RIL-DEV : [05-08_16:00:05:618] idVendor = 0781
05-08 16:00:05.618 456 485 D RIL-DEV :
05-08 16:00:05.618 456 485 D RIL-DEV : [05-08_16:00:05:619] idVendor = 1d6b
05-08 16:00:05.618 456 485 D RIL-DEV :
05-08 16:00:05.619 456 485 E RIL-DEV : Cannot find Meig devices
05-08 16:00:05.619 456 485 I RIL : ---> can't find meig usb devices
05-08 16:07:58.260 6849 6849 I : read descriptors
05-08 16:07:58.260 6849 6849 I : read strings
05-08 16:07:58.262 1 1 I init : processing action (sys.usb.config=adb && sys.usb.configfs=1 && sys.usb.ffs.ready=1) from (/system/etc/init/hw/init.usb.configfs.rc:20)
05-08 16:07:58.264 1 1 I init : Command 'symlink /config/usb_gadget/g1/functions/ffs.adb /config/usb_gadget/g1/configs/b.1/f1' action=sys.usb.config=adb && sys.usb.configfs=1 && sys.usb.ffs.ready=1 (/system/etc/init/hw/init.usb.configfs.rc:22) took 0ms and failed: symlink() failed: File exists
05-08 16:07:58.265 1 1 I init : Command 'write /config/usb_gadget/g1/UDC ${sys.usb.controller}' action=sys.usb.config=adb && sys.usb.configfs=1 && sys.usb.ffs.ready=1 (/system/etc/init/hw/init.usb.configfs.rc:23) took 0ms and failed: Unable to write to file '/config/usb_gadget/g1/UDC': Unable to write file contents: Device or resource busy
05-08 16:07:59.320 6849 6849 I : read descriptors
05-08 16:07:59.320 6849 6849 I : read strings
05-08 16:07:59.322 1 1 I init : processing action (sys.usb.config=adb && sys.usb.configfs=1 && sys.usb.ffs.ready=1) from (/system/etc/init/hw/init.usb.configfs.rc:20)
05-08 16:07:59.329 1 1 I init : Command 'symlink /config/usb_gadget/g1/functions/ffs.adb /config/usb_gadget/g1/configs/b.1/f1' action=sys.usb.config=adb && sys.usb.configfs=1 && sys.usb.ffs.ready=1 (/system/etc/init/hw/init.usb.configfs.rc:22) took 0ms and failed: symlink() failed: File exists
05-08 16:07:59.330 1 1 I init : Command 'write /config/usb_gadget/g1/UDC ${sys.usb.controller}' action=sys.usb.config=adb && sys.usb.configfs=1 && sys.usb.ffs.ready=1 (/system/etc/init/hw/init.usb.configfs.rc:23) took 0ms and failed: Unable to write to file '/config/usb_gadget/g1/UDC': Unable to write file contents: Device or resource busy
05-08 16:00:07.619 456 485 I RIL : ---> enter mainloop wait at port
05-08 16:00:07.619 456 485 D RIL-DEV : Get modem info
05-08 16:00:07.620 456 485 D RIL-DEV : [05-08_16:00:07:620] idVendor = 1d6b
05-08 16:00:07.620 456 485 D RIL-DEV :
05-08 16:00:07.620 456 485 D RIL-DEV : [05-08_16:00:07:621] idVendor = 1d6b
05-08 16:00:07.620 456 485 D RIL-DEV :
05-08 16:00:07.621 456 485 D RIL-DEV : [05-08_16:00:07:621] idVendor = 1d6b
05-08 16:00:07.621 456 485 D RIL-DEV :
05-08 16:00:07.621 456 485 D RIL-DEV : [05-08_16:00:07:621] idVendor = 0781
05-08 16:00:07.621 456 485 D RIL-DEV :
05-08 16:00:07.621 456 485 D RIL-DEV : [05-08_16:00:07:622] idVendor = 1d6b
05-08 16:00:07.621 456 485 D RIL-DEV :
05-08 16:00:07.622 456 485 E RIL-DEV : Cannot find Meig devices
05-08 16:00:07.622 456 485 I RIL : ---> can't find meig usb devices
05-08 16:08:00.400 6849 6849 I : read descriptors
05-08 16:08:00.400 6849 6849 I : read strings
05-08 16:08:00.402 1 1 I init : processing action (sys.usb.config=adb && sys.usb.configfs=1 && sys.usb.ffs.ready=1) from (/system/etc/init/hw/init.usb.configfs.rc:20)
05-08 16:08:00.405 1 1 I init : Command 'symlink /config/usb_gadget/g1/functions/ffs.adb /config/usb_gadget/g1/configs/b.1/f1' action=sys.usb.config=adb && sys.usb.configfs=1 && sys.usb.ffs.ready=1 (/system/etc/init/hw/init.usb.configfs.rc:22) took 0ms and failed: symlink() failed: File exists
05-08 16:08:00.405 1 1 I init : Command 'write /config/usb_gadget/g1/UDC ${sys.usb.controller}' action=sys.usb.config=adb && sys.usb.configfs=1 && sys.usb.ffs.ready=1 (/system/etc/init/hw/init.usb.configfs.rc:23) took 0ms and failed: Unable to write to file '/config/usb_gadget/g1/UDC': Unable to write file contents: Device or resource busy
05-08 16:08:01.453 6849 6849 I : read descriptors
05-08 16:08:01.454 6849 6849 I : read strings
05-08 16:08:01.456 1 1 I init : processing action (sys.usb.config=adb && sys.usb.configfs=1 && sys.usb.ffs.ready=1) from (/system/etc/init/hw/init.usb.configfs.rc:20)
05-08 16:00:09.622 456 485 I RIL : ---> enter mainloop wait at port
05-08 16:00:09.622 456 485 D RIL-DEV : Get modem info
05-08 16:00:09.623 456 485 D RIL-DEV : [05-08_16:00:09:624] idVendor = 1d6b
05-08 16:00:09.623 456 485 D RIL-DEV :
05-08 16:00:09.623 456 485 D RIL-DEV : [05-08_16:00:09:624] idVendor = 1d6b
05-08 16:00:09.623 456 485 D RIL-DEV :
05-08 16:00:09.624 456 485 D RIL-DEV : [05-08_16:00:09:624] idVendor = 1d6b
05-08 16:00:09.624 456 485 D RIL-DEV :
05-08 16:00:09.624 456 485 D RIL-DEV : [05-08_16:00:09:625] idVendor = 0781
05-08 16:00:09.624 456 485 D RIL-DEV :
05-08 16:00:09.624 456 485 D RIL-DEV : [05-08_16:00:09:625] idVendor = 1d6b
05-08 16:00:09.624 456 485 D RIL-DEV :
05-08 16:00:09.625 456 485 E RIL-DEV : Cannot find Meig devices
05-08 16:00:09.625 456 485 I RIL : ---> can't find meig usb devices
05-08 16:08:02.493 6849 6849 I : read descriptors
05-08 16:08:02.494 6849 6849 I : read strings
05-08 16:08:03.547 6849 6849 I : read descriptors
05-08 16:08:03.547 6849 6849 I : read strings
05-08 16:08:03.549 1 1 I init : processing action (sys.usb.config=adb && sys.usb.configfs=1 && sys.usb.ffs.ready=1) from (/system/etc/init/hw/init.usb.configfs.rc:20)
05-08 16:08:03.552 1 1 I init : Command 'symlink /config/usb_gadget/g1/functions/ffs.adb /config/usb_gadget/g1/configs/b.1/f1' action=sys.usb.config=adb && sys.usb.configfs=1 && sys.usb.ffs.ready=1 (/system/etc/init/hw/init.usb.configfs.rc:22) took 0ms and failed: symlink() failed: File exists
05-08 16:08:03.553 1 1 I init : Command 'write /config/usb_gadget/g1/UDC ${sys.usb.controller}' action=sys.usb.config=adb && sys.usb.configfs=1 && sys.usb.ffs.ready=1 (/system/etc/init/hw/init.usb.configfs.rc:23) took 0ms and failed: Unable to write to file '/config/usb_gadget/g1/UDC': Unable to write file contents: Device or resource busy
05-08 16:00:11.625 456 485 I RIL : ---> enter mainloop wait at port
05-08 16:00:11.626 456 485 D RIL-DEV : Get modem info
05-08 16:00:11.626 456 485 D RIL-DEV : [05-08_16:00:11:626] idVendor = 1d6b
05-08 16:00:11.626 456 485 D RIL-DEV :
05-08 16:00:11.626 456 485 D RIL-DEV : [05-08_16:00:11:626] idVendor = 1d6b
05-08 16:00:11.626 456 485 D RIL-DEV :
05-08 16:00:11.626 456 485 D RIL-DEV : [05-08_16:00:11:627] idVendor = 1d6b
05-08 16:00:11.626 456 485 D RIL-DEV :
05-08 16:00:11.626 456 485 D RIL-DEV : [05-08_16:00:11:627] idVendor = 0781
05-08 16:00:11.626 456 485 D RIL-DEV :
05-08 16:00:11.626 456 485 D RIL-DEV : [05-08_16:00:11:627] idVendor = 1d6b
05-08 16:00:11.626 456 485 D RIL-DEV :
05-08 16:00:11.626 456 485 E RIL-DEV : Cannot find Meig devices
05-08 16:00:11.626 456 485 I RIL : ---> can't find meig usb devices
05-08 16:08:04.594 6849 6849 I : read descriptors
05-08 16:08:04.594 6849 6849 I : read strings
05-08 16:08:04.596 1 1 I init : processing action (sys.usb.config=adb && sys.usb.configfs=1 && sys.usb.ffs.ready=1) from (/system/etc/init/hw/init.usb.configfs.rc:20)
05-08 16:08:04.598 1 1 I init : Command 'symlink /config/usb_gadget/g1/functions/ffs.adb /config/usb_gadget/g1/configs/b.1/f1' action=sys.usb.config=adb && sys.usb.configfs=1 && sys.usb.ffs.ready=1 (/system/etc/init/hw/init.usb.configfs.rc:22) took 0ms and failed: symlink() failed: File exists
05-08 16:08:04.599 1 1 I init : Command 'write /config/usb_gadget/g1/UDC ${sys.usb.controller}' action=sys.usb.config=adb && sys.usb.configfs=1 && sys.usb.ffs.ready=1 (/system/etc/init/hw/init.usb.configfs.rc:23) took 0ms and failed: Unable to write to file '/config/usb_gadget/g1/UDC': Unable to write file contents: Device or resource busy
05-08 16:08:05.664 6849 6849 I : read descriptors
05-08 16:08:05.664 6849 6849 I : read strings
05-08 16:08:05.666 1 1 I init : processing action (sys.usb.config=adb && sys.usb.configfs=1 && sys.usb.ffs.ready=1) from (/system/etc/init/hw/init.usb.configfs.rc:20)
05-08 16:08:05.667 1 1 I init : Command 'symlink /config/usb_gadget/g1/functions/ffs.adb /config/usb_gadget/g1/configs/b.1/f1' action=sys.usb.config=adb && sys.usb.configfs=1 && sys.usb.ffs.ready=1 (/system/etc/init/hw/init.usb.configfs.rc:22) took 0ms and failed: symlink() failed: File exists
05-08 16:08:05.668 1 1 I init : Command 'write /config/usb_gadget/g1/UDC ${sys.usb.controller}' action=sys.usb.config=adb && sys.usb.configfs=1 && sys.usb.ffs.ready=1 (/system/etc/init/hw/init.usb.configfs.rc:23) took 0ms and failed: Unable to write to file '/config/usb_gadget/g1/UDC': Unable to write file contents: Device or resource busy
05-08 16:00:13.627 456 485 I RIL : ---> enter mainloop wait at port
05-08 16:00:13.627 456 485 D RIL-DEV : Get modem info
05-08 16:00:13.627 456 485 D RIL-DEV : [05-08_16:00:13:628] idVendor = 1d6b
05-08 16:00:13.627 456 485 D RIL-DEV :
05-08 16:00:13.628 456 485 D RIL-DEV : [05-08_16:00:13:628] idVendor = 1d6b
05-08 16:00:13.628 456 485 D RIL-DEV :
05-08 16:00:13.628 456 485 D RIL-DEV : [05-08_16:00:13:628] idVendor = 1d6b
05-08 16:00:13.628 456 485 D RIL-DEV :
05-08 16:00:13.628 456 485 D RIL-DEV : [05-08_16:00:13:628] idVendor = 0781
05-08 16:00:13.628 456 485 D RIL-DEV :
05-08 16:00:13.628 456 485 D RIL-DEV : [05-08_16:00:13:628] idVendor = 1d6b
05-08 16:00:13.628 456 485 D RIL-DEV :
05-08 16:00:13.628 456 485 E RIL-DEV : Cannot find Meig devices
05-08 16:00:13.628 456 485 I RIL : ---> can't find meig usb devices
05-08 16:08:06.730 6849 6849 I : read descriptors
05-08 16:08:06.730 6849 6849 I : read strings
05-08 16:08:06.732 1 1 I init : processing action (sys.usb.config=adb && sys.usb.configfs=1 && sys.usb.ffs.ready=1) from (/system/etc/init/hw/init.usb.configfs.rc:20)
05-08 16:08:07.767 6849 6849 I : read descriptors
05-08 16:08:07.767 6849 6849 I : read strings
05-08 16:00:15.628 456 485 I RIL : ---> enter mainloop wait at port
05-08 16:00:15.628 456 485 D RIL-DEV : Get modem info
05-08 16:00:15.629 456 485 D RIL-DEV : [05-08_16:00:15:630] idVendor = 1d6b
05-08 16:00:15.629 456 485 D RIL-DEV :
05-08 16:00:15.629 456 485 D RIL-DEV : [05-08_16:00:15:630] idVendor = 1d6b
05-08 16:00:15.629 456 485 D RIL-DEV :
05-08 16:00:15.629 456 485 D RIL-DEV : [05-08_16:00:15:630] idVendor = 1d6b
05-08 16:00:15.629 456 485 D RIL-DEV :
05-08 16:00:15.630 456 485 D RIL-DEV : [05-08_16:00:15:630] idVendor = 0781
05-08 16:00:15.630 456 485 D RIL-DEV :
05-08 16:00:15.630 456 485 D RIL-DEV : [05-08_16:00:15:630] idVendor = 1d6b
05-08 16:00:15.630 456 485 D RIL-DEV :
05-08 16:00:15.630 456 485 E RIL-DEV : Cannot find Meig devices
05-08 16:00:15.630 456 485 I RIL : ---> can't find meig usb devices
05-08 16:08:08.830 6849 6849 I : read descriptors
05-08 16:08:08.830 6849 6849 I : read strings
05-08 16:08:08.833 1 1 I init : processing action (sys.usb.config=adb && sys.usb.configfs=1 && sys.usb.ffs.ready=1) from (/system/etc/init/hw/init.usb.configfs.rc:20)
05-08 16:08:08.835 1 1 I init : Command 'symlink /config/usb_gadget/g1/functions/ffs.adb /config/usb_gadget/g1/configs/b.1/f1' action=sys.usb.config=adb && sys.usb.configfs=1 && sys.usb.ffs.ready=1 (/system/etc/init/hw/init.usb.configfs.rc:22) took 0ms and failed: symlink() failed: File exists
05-08 16:08:08.835 1 1 I init : Command 'write /config/usb_gadget/g1/UDC ${sys.usb.controller}' action=sys.usb.config=adb && sys.usb.configfs=1 && sys.usb.ffs.ready=1 (/system/etc/init/hw/init.usb.configfs.rc:23) took 0ms and failed: Unable to write to file '/config/usb_gadget/g1/UDC': Unable to write file contents: Device or resource busy
05-08 16:00:17.630 456 485 I RIL : ---> enter mainloop wait at port
05-08 16:00:17.631 456 485 D RIL-DEV : Get modem info
05-08 16:00:17.631 456 485 D RIL-DEV : [05-08_16:00:17:632] idVendor = 1d6b
05-08 16:00:17.631 456 485 D RIL-DEV :
05-08 16:00:17.632 456 485 D RIL-DEV : [05-08_16:00:17:632] idVendor = 1d6b
05-08 16:00:17.632 456 485 D RIL-DEV :
05-08 16:08:09.877 6849 6849 I : read descriptors
05-08 16:08:09.877 6849 6849 I : read strings
05-08 16:08:09.879 1 1 I init : processing action (sys.usb.config=adb && sys.usb.configfs=1 && sys.usb.ffs.ready=1) from (/system/etc/init/hw/init.usb.configfs.rc:20)
05-08 16:00:17.632 456 485 D RIL-DEV : [05-08_16:00:17:633] idVendor = 1d6b
05-08 16:00:17.632 456 485 D RIL-DEV :
05-08 16:00:17.632 456 485 D RIL-DEV : [05-08_16:00:17:633] idVendor = 0781
05-08 16:00:17.632 456 485 D RIL-DEV :
05-08 16:00:17.633 456 485 D RIL-DEV : [05-08_16:00:17:633] idVendor = 1d6b
05-08 16:00:17.633 456 485 D RIL-DEV :
05-08 16:00:17.633 456 485 E RIL-DEV : Cannot find Meig devices
05-08 16:00:17.633 456 485 I RIL : ---> can't find meig usb devices
05-08 16:08:09.882 1 1 I init : Command 'symlink /config/usb_gadget/g1/functions/ffs.adb /config/usb_gadget/g1/configs/b.1/f1' action=sys.usb.config=adb && sys.usb.configfs=1 && sys.usb.ffs.ready=1 (/system/etc/init/hw/init.usb.configfs.rc:22) took 0ms and failed: symlink() failed: File exists
05-08 16:08:09.882 1 1 I init : Command 'write /config/usb_gadget/g1/UDC ${sys.usb.controller}' action=sys.usb.config=adb && sys.usb.configfs=1 && sys.usb.ffs.ready=1 (/system/etc/init/hw/init.usb.configfs.rc:23) took 0ms and failed: Unable to write to file '/config/usb_gadget/g1/UDC': Unable to write file contents: Device or resource busy
05-08 16:08:10.924 6849 6849 I : read descriptors
05-08 16:08:10.924 6849 6849 I : read strings
05-08 16:08:10.925 1 1 I init : processing action (sys.usb.config=adb && sys.usb.configfs=1 && sys.usb.ffs.ready=1) from (/system/etc/init/hw/init.usb.configfs.rc:20)
05-08 16:08:10.927 1 1 I init : Command 'symlink /config/usb_gadget/g1/functions/ffs.adb /config/usb_gadget/g1/configs/b.1/f1' action=sys.usb.config=adb && sys.usb.configfs=1 && sys.usb.ffs.ready=1 (/system/etc/init/hw/init.usb.configfs.rc:22) took 0ms and failed: symlink() failed: File exists
05-08 16:08:10.928 1 1 I init : Command 'write /config/usb_gadget/g1/UDC ${sys.usb.controller}' action=sys.usb.config=adb && sys.usb.configfs=1 && sys.usb.ffs.ready=1 (/system/etc/init/hw/init.usb.configfs.rc:23) took 0ms and failed: Unable to write to file '/config/usb_gadget/g1/UDC': Unable to write file contents: Device or resource busy
05-08 16:00:19.634 456 485 I RIL : ---> enter mainloop wait at port
05-08 16:00:19.634 456 485 D RIL-DEV : Get modem info
05-08 16:00:19.634 456 485 D RIL-DEV : [05-08_16:00:19:635] idVendor = 1d6b
05-08 16:00:19.634 456 485 D RIL-DEV :
05-08 16:00:19.635 456 485 D RIL-DEV : [05-08_16:00:19:635] idVendor = 1d6b
05-08 16:00:19.635 456 485 D RIL-DEV :
05-08 16:00:19.635 456 485 D RIL-DEV : [05-08_16:00:19:636] idVendor = 1d6b
05-08 16:00:19.635 456 485 D RIL-DEV :
05-08 16:00:19.635 456 485 D RIL-DEV : [05-08_16:00:19:636] idVendor = 0781
05-08 16:00:19.635 456 485 D RIL-DEV :
05-08 16:00:19.636 456 485 D RIL-DEV : [05-08_16:00:19:636] idVendor = 1d6b
05-08 16:00:19.636 456 485 D RIL-DEV :
05-08 16:00:19.636 456 485 E RIL-DEV : Cannot find Meig devices
05-08 16:00:19.636 456 485 I RIL : ---> can't find meig usb devices
05-08 16:08:11.990 6849 6849 I : read descriptors
05-08 16:08:11.990 6849 6849 I : read strings
05-08 16:08:11.992 1 1 I init : processing action (sys.usb.config=adb && sys.usb.configfs=1 && sys.usb.ffs.ready=1) from (/system/etc/init/hw/init.usb.configfs.rc:20)
05-08 16:08:13.067 6849 6849 I : read descriptors
05-08 16:08:13.067 6849 6849 I : read strings
05-08 16:00:21.636 456 485 I RIL : ---> enter mainloop wait at port
05-08 16:00:21.637 456 485 D RIL-DEV : Get modem info
05-08 16:00:21.637 456 485 D RIL-DEV : [05-08_16:00:21:638] idVendor = 1d6b
05-08 16:00:21.637 456 485 D RIL-DEV :
05-08 16:00:21.638 456 485 D RIL-DEV : [05-08_16:00:21:638] idVendor = 1d6b
05-08 16:00:21.638 456 485 D RIL-DEV :
05-08 16:00:21.638 456 485 D RIL-DEV : [05-08_16:00:21:639] idVendor = 1d6b
05-08 16:00:21.638 456 485 D RIL-DEV :
05-08 16:00:21.639 456 485 D RIL-DEV : [05-08_16:00:21:639] idVendor = 0781
05-08 16:00:21.639 456 485 D RIL-DEV :
05-08 16:00:21.639 456 485 D RIL-DEV : [05-08_16:00:21:639] idVendor = 1d6b
05-08 16:00:21.639 456 485 D RIL-DEV :
05-08 16:00:21.639 456 485 E RIL-DEV : Cannot find Meig devices
05-08 16:00:21.639 456 485 I RIL : ---> can't find meig usb devices
05-08 16:08:14.110 6849 6849 I : read descriptors
05-08 16:08:14.110 6849 6849 I : read strings
05-08 16:08:14.112 1 1 I init : processing action (sys.usb.config=adb && sys.usb.configfs=1 && sys.usb.ffs.ready=1) from (/system/etc/init/hw/init.usb.configfs.rc:20)
