05-08 16:04:54.656 1 1 I init : Command 'write /config/usb_gadget/g1/UDC ${sys.usb.controller}' action=sys.usb.config=adb && sys.usb.configfs=1 && sys.usb.ffs.ready=1 (/system/etc/init/hw/init.usb.configfs.rc:23) took 0ms and failed: Unable to write to file '/config/usb_gadget/g1/UDC': Unable to write file contents: Device or resource busy
05-08 15:57:03.349 456 485 I RIL : ---> enter mainloop wait at port
05-08 15:57:03.349 456 485 D RIL-DEV : Get modem info
05-08 15:57:03.350 456 485 D RIL-DEV : [05-08_15:57:03:350] idVendor = 1d6b
05-08 15:57:03.350 456 485 D RIL-DEV :
05-08 15:57:03.350 456 485 D RIL-DEV : [05-08_15:57:03:351] idVendor = 1d6b
05-08 15:57:03.350 456 485 D RIL-DEV :
05-08 15:57:03.350 456 485 D RIL-DEV : [05-08_15:57:03:351] idVendor = 1d6b
05-08 15:57:03.350 456 485 D RIL-DEV :
05-08 15:57:03.351 456 485 D RIL-DEV : [05-08_15:57:03:351] idVendor = 0781
05-08 15:57:03.351 456 485 D RIL-DEV :
05-08 15:57:03.351 456 485 D RIL-DEV : [05-08_15:57:03:352] idVendor = 1d6b
05-08 15:57:03.351 456 485 D RIL-DEV :
05-08 15:57:03.352 456 485 E RIL-DEV : Cannot find Meig devices
05-08 15:57:03.352 456 485 I RIL : ---> can't find meig usb devices
05-08 16:04:55.725 6849 6849 I : read descriptors
05-08 16:04:55.725 6849 6849 I : read strings
05-08 16:04:55.727 1 1 I init : processing action (sys.usb.config=adb && sys.usb.configfs=1 && sys.usb.ffs.ready=1) from (/system/etc/init/hw/init.usb.configfs.rc:20)
05-08 16:04:55.729 1 1 I init : Command 'symlink /config/usb_gadget/g1/functions/ffs.adb /config/usb_gadget/g1/configs/b.1/f1' action=sys.usb.config=adb && sys.usb.configfs=1 && sys.usb.ffs.ready=1 (/system/etc/init/hw/init.usb.configfs.rc:22) took 0ms and failed: symlink() failed: File exists
05-08 16:04:55.729 1 1 I init : Command 'write /config/usb_gadget/g1/UDC ${sys.usb.controller}' action=sys.usb.config=adb && sys.usb.configfs=1 && sys.usb.ffs.ready=1 (/system/etc/init/hw/init.usb.configfs.rc:23) took 0ms and failed: Unable to write to file '/config/usb_gadget/g1/UDC': Unable to write file contents: Device or resource busy
05-08 16:04:56.761 6849 6849 I : read descriptors
05-08 16:04:56.761 6849 6849 I : read strings
05-08 16:04:56.763 1 1 I init : processing action (sys.usb.config=adb && sys.usb.configfs=1 && sys.usb.ffs.ready=1) from (/system/etc/init/hw/init.usb.configfs.rc:20)
05-08 15:57:05.352 456 485 I RIL : ---> enter mainloop wait at port
05-08 15:57:05.352 456 485 D RIL-DEV : Get modem info
05-08 15:57:05.353 456 485 D RIL-DEV : [05-08_15:57:05:353] idVendor = 1d6b
05-08 15:57:05.353 456 485 D RIL-DEV :
05-08 15:57:05.353 456 485 D RIL-DEV : [05-08_15:57:05:354] idVendor = 1d6b
05-08 15:57:05.353 456 485 D RIL-DEV :
05-08 15:57:05.354 456 485 D RIL-DEV : [05-08_15:57:05:354] idVendor = 1d6b
05-08 15:57:05.354 456 485 D RIL-DEV :
05-08 15:57:05.354 456 485 D RIL-DEV : [05-08_15:57:05:354] idVendor = 0781
05-08 15:57:05.354 456 485 D RIL-DEV :
05-08 15:57:05.354 456 485 D RIL-DEV : [05-08_15:57:05:355] idVendor = 1d6b
05-08 15:57:05.354 456 485 D RIL-DEV :
05-08 15:57:05.355 456 485 E RIL-DEV : Cannot find Meig devices
05-08 15:57:05.355 456 485 I RIL : ---> can't find meig usb devices
05-08 16:04:57.808 6849 6849 I : read descriptors
05-08 16:04:57.808 6849 6849 I : read strings
05-08 16:04:58.855 6849 6849 I : read descriptors
05-08 16:04:58.855 6849 6849 I : read strings
05-08 16:04:58.857 1 1 I init : processing action (sys.usb.config=adb && sys.usb.configfs=1 && sys.usb.ffs.ready=1) from (/system/etc/init/hw/init.usb.configfs.rc:20)
05-08 16:04:58.860 1 1 I init : Command 'symlink /config/usb_gadget/g1/functions/ffs.adb /config/usb_gadget/g1/configs/b.1/f1' action=sys.usb.config=adb && sys.usb.configfs=1 && sys.usb.ffs.ready=1 (/system/etc/init/hw/init.usb.configfs.rc:22) took 0ms and failed: symlink() failed: File exists
05-08 16:04:58.861 1 1 I init : Command 'write /config/usb_gadget/g1/UDC ${sys.usb.controller}' action=sys.usb.config=adb && sys.usb.configfs=1 && sys.usb.ffs.ready=1 (/system/etc/init/hw/init.usb.configfs.rc:23) took 0ms and failed: Unable to write to file '/config/usb_gadget/g1/UDC': Unable to write file contents: Device or resource busy
05-08 15:57:07.355 456 485 I RIL : ---> enter mainloop wait at port
05-08 15:57:07.355 456 485 D RIL-DEV : Get modem info
05-08 15:57:07.356 456 485 D RIL-DEV : [05-08_15:57:07:357] idVendor = 1d6b
05-08 15:57:07.356 456 485 D RIL-DEV :
05-08 15:57:07.356 456 485 D RIL-DEV : [05-08_15:57:07:357] idVendor = 1d6b
05-08 15:57:07.356 456 485 D RIL-DEV :
05-08 15:57:07.357 456 485 D RIL-DEV : [05-08_15:57:07:357] idVendor = 1d6b
05-08 15:57:07.357 456 485 D RIL-DEV :
05-08 15:57:07.357 456 485 D RIL-DEV : [05-08_15:57:07:358] idVendor = 0781
05-08 15:57:07.357 456 485 D RIL-DEV :
05-08 15:57:07.357 456 485 D RIL-DEV : [05-08_15:57:07:358] idVendor = 1d6b
05-08 15:57:07.357 456 485 D RIL-DEV :
05-08 15:57:07.358 456 485 E RIL-DEV : Cannot find Meig devices
05-08 15:57:07.358 456 485 I RIL : ---> can't find meig usb devices
05-08 16:04:59.911 6849 6849 I : read descriptors
05-08 16:04:59.911 6849 6849 I : read strings
05-08 16:04:59.914 1 1 I init : processing action (sys.usb.config=adb && sys.usb.configfs=1 && sys.usb.ffs.ready=1) from (/system/etc/init/hw/init.usb.configfs.rc:20)
05-08 16:04:59.916 1 1 I init : Command 'symlink /config/usb_gadget/g1/functions/ffs.adb /config/usb_gadget/g1/configs/b.1/f1' action=sys.usb.config=adb && sys.usb.configfs=1 && sys.usb.ffs.ready=1 (/system/etc/init/hw/init.usb.configfs.rc:22) took 0ms and failed: symlink() failed: File exists
05-08 16:04:59.917 1 1 I init : Command 'write /config/usb_gadget/g1/UDC ${sys.usb.controller}' action=sys.usb.config=adb && sys.usb.configfs=1 && sys.usb.ffs.ready=1 (/system/etc/init/hw/init.usb.configfs.rc:23) took 0ms and failed: Unable to write to file '/config/usb_gadget/g1/UDC': Unable to write file contents: Device or resource busy
05-08 16:05:00.975 6849 6849 I : read descriptors
05-08 16:05:00.975 6849 6849 I : read strings
05-08 16:05:00.978 1 1 I init : processing action (sys.usb.config=adb && sys.usb.configfs=1 && sys.usb.ffs.ready=1) from (/system/etc/init/hw/init.usb.configfs.rc:20)
05-08 16:05:00.981 1 1 I init : Command 'symlink /config/usb_gadget/g1/functions/ffs.adb /config/usb_gadget/g1/configs/b.1/f1' action=sys.usb.config=adb && sys.usb.configfs=1 && sys.usb.ffs.ready=1 (/system/etc/init/hw/init.usb.configfs.rc:22) took 0ms and failed: symlink() failed: File exists
05-08 16:05:00.982 1 1 I init : Command 'write /config/usb_gadget/g1/UDC ${sys.usb.controller}' action=sys.usb.config=adb && sys.usb.configfs=1 && sys.usb.ffs.ready=1 (/system/etc/init/hw/init.usb.configfs.rc:23) took 0ms and failed: Unable to write to file '/config/usb_gadget/g1/UDC': Unable to write file contents: Device or resource busy
05-08 15:57:09.358 456 485 I RIL : ---> enter mainloop wait at port
05-08 15:57:09.358 456 485 D RIL-DEV : Get modem info
05-08 15:57:09.359 456 485 D RIL-DEV : [05-08_15:57:09:360] idVendor = 1d6b
05-08 15:57:09.359 456 485 D RIL-DEV :
05-08 15:57:09.360 456 485 D RIL-DEV : [05-08_15:57:09:360] idVendor = 1d6b
05-08 15:57:09.360 456 485 D RIL-DEV :
05-08 15:57:09.360 456 485 D RIL-DEV : [05-08_15:57:09:361] idVendor = 1d6b
05-08 15:57:09.360 456 485 D RIL-DEV :
05-08 15:57:09.360 456 485 D RIL-DEV : [05-08_15:57:09:361] idVendor = 0781
05-08 15:57:09.360 456 485 D RIL-DEV :
05-08 15:57:09.361 456 485 D RIL-DEV : [05-08_15:57:09:361] idVendor = 1d6b
05-08 15:57:09.361 456 485 D RIL-DEV :
05-08 15:57:09.361 456 485 E RIL-DEV : Cannot find Meig devices
05-08 15:57:09.361 456 485 I RIL : ---> can't find meig usb devices
05-08 16:05:02.021 6849 6849 I : read descriptors
05-08 16:05:02.021 6849 6849 I : read strings
05-08 16:05:02.025 1 1 I init : processing action (sys.usb.config=adb && sys.usb.configfs=1 && sys.usb.ffs.ready=1) from (/system/etc/init/hw/init.usb.configfs.rc:20)
05-08 16:05:03.088 6849 6849 I : read descriptors
05-08 16:05:03.088 6849 6849 I : read strings
05-08 15:57:11.362 456 485 I RIL : ---> enter mainloop wait at port
05-08 15:57:11.362 456 485 D RIL-DEV : Get modem info
05-08 15:57:11.363 456 485 D RIL-DEV : [05-08_15:57:11:363] idVendor = 1d6b
05-08 15:57:11.363 456 485 D RIL-DEV :
05-08 15:57:11.363 456 485 D RIL-DEV : [05-08_15:57:11:363] idVendor = 1d6b
05-08 15:57:11.363 456 485 D RIL-DEV :
05-08 15:57:11.363 456 485 D RIL-DEV : [05-08_15:57:11:364] idVendor = 1d6b
05-08 15:57:11.363 456 485 D RIL-DEV :
05-08 15:57:11.364 456 485 D RIL-DEV : [05-08_15:57:11:364] idVendor = 0781
05-08 15:57:11.364 456 485 D RIL-DEV :
05-08 15:57:11.364 456 485 D RIL-DEV : [05-08_15:57:11:364] idVendor = 1d6b
05-08 15:57:11.364 456 485 D RIL-DEV :
05-08 15:57:11.364 456 485 E RIL-DEV : Cannot find Meig devices
05-08 15:57:11.364 456 485 I RIL : ---> can't find meig usb devices
05-08 16:05:04.152 6849 6849 I : read descriptors
05-08 16:05:04.152 6849 6849 I : read strings
05-08 16:05:04.154 1 1 I init : processing action (sys.usb.config=adb && sys.usb.configfs=1 && sys.usb.ffs.ready=1) from (/system/etc/init/hw/init.usb.configfs.rc:20)
05-08 16:05:04.157 1 1 I init : Command 'symlink /config/usb_gadget/g1/functions/ffs.adb /config/usb_gadget/g1/configs/b.1/f1' action=sys.usb.config=adb && sys.usb.configfs=1 && sys.usb.ffs.ready=1 (/system/etc/init/hw/init.usb.configfs.rc:22) took 0ms and failed: symlink() failed: File exists
05-08 16:05:04.158 1 1 I init : Command 'write /config/usb_gadget/g1/UDC ${sys.usb.controller}' action=sys.usb.config=adb && sys.usb.configfs=1 && sys.usb.ffs.ready=1 (/system/etc/init/hw/init.usb.configfs.rc:23) took 0ms and failed: Unable to write to file '/config/usb_gadget/g1/UDC': Unable to write file contents: Device or resource busy
05-08 16:05:05.224 6849 6849 I : read descriptors
05-08 16:05:05.224 6849 6849 I : read strings
05-08 16:05:05.226 1 1 I init : processing action (sys.usb.config=adb && sys.usb.configfs=1 && sys.usb.ffs.ready=1) from (/system/etc/init/hw/init.usb.configfs.rc:20)
05-08 16:05:05.228 1 1 I init : Command 'symlink /config/usb_gadget/g1/functions/ffs.adb /config/usb_gadget/g1/configs/b.1/f1' action=sys.usb.config=adb && sys.usb.configfs=1 && sys.usb.ffs.ready=1 (/system/etc/init/hw/init.usb.configfs.rc:22) took 0ms and failed: symlink() failed: File exists
05-08 16:05:05.229 1 1 I init : Command 'write /config/usb_gadget/g1/UDC ${sys.usb.controller}' action=sys.usb.config=adb && sys.usb.configfs=1 && sys.usb.ffs.ready=1 (/system/etc/init/hw/init.usb.configfs.rc:23) took 0ms and failed: Unable to write to file '/config/usb_gadget/g1/UDC': Unable to write file contents: Device or resource busy
05-08 15:57:13.365 456 485 I RIL : ---> enter mainloop wait at port
05-08 15:57:13.365 456 485 D RIL-DEV : Get modem info
05-08 15:57:13.366 456 485 D RIL-DEV : [05-08_15:57:13:366] idVendor = 1d6b
05-08 15:57:13.366 456 485 D RIL-DEV :
05-08 15:57:13.366 456 485 D RIL-DEV : [05-08_15:57:13:367] idVendor = 1d6b
05-08 15:57:13.366 456 485 D RIL-DEV :
05-08 15:57:13.367 456 485 D RIL-DEV : [05-08_15:57:13:367] idVendor = 1d6b
05-08 15:57:13.367 456 485 D RIL-DEV :
05-08 15:57:13.367 456 485 D RIL-DEV : [05-08_15:57:13:367] idVendor = 0781
05-08 15:57:13.367 456 485 D RIL-DEV :
05-08 15:57:13.367 456 485 D RIL-DEV : [05-08_15:57:13:368] idVendor = 1d6b
05-08 15:57:13.367 456 485 D RIL-DEV :
05-08 15:57:13.367 456 485 E RIL-DEV : Cannot find Meig devices
05-08 15:57:13.368 456 485 I RIL : ---> can't find meig usb devices
05-08 16:05:06.271 6849 6849 I : read descriptors
05-08 16:05:06.271 6849 6849 I : read strings
05-08 16:05:06.273 1 1 I init : processing action (sys.usb.config=adb && sys.usb.configfs=1 && sys.usb.ffs.ready=1) from (/system/etc/init/hw/init.usb.configfs.rc:20)
05-08 16:05:06.277 1 1 I init : Command 'symlink /config/usb_gadget/g1/functions/ffs.adb /config/usb_gadget/g1/configs/b.1/f1' action=sys.usb.config=adb && sys.usb.configfs=1 && sys.usb.ffs.ready=1 (/system/etc/init/hw/init.usb.configfs.rc:22) took 1ms and failed: symlink() failed: File exists
05-08 16:05:06.279 1 1 I init : Command 'write /config/usb_gadget/g1/UDC ${sys.usb.controller}' action=sys.usb.config=adb && sys.usb.configfs=1 && sys.usb.ffs.ready=1 (/system/etc/init/hw/init.usb.configfs.rc:23) took 2ms and failed: Unable to write to file '/config/usb_gadget/g1/UDC': Unable to write file contents: Device or resource busy
05-08 16:05:07.340 6849 6849 I : read descriptors
05-08 16:05:07.340 6849 6849 I : read strings
05-08 16:05:07.343 1 1 I init : processing action (sys.usb.config=adb && sys.usb.configfs=1 && sys.usb.ffs.ready=1) from (/system/etc/init/hw/init.usb.configfs.rc:20)
05-08 15:57:15.368 456 485 I RIL : ---> enter mainloop wait at port
05-08 15:57:15.368 456 485 D RIL-DEV : Get modem info
05-08 15:57:15.369 456 485 D RIL-DEV : [05-08_15:57:15:369] idVendor = 1d6b
05-08 15:57:15.369 456 485 D RIL-DEV :
05-08 15:57:15.369 456 485 D RIL-DEV : [05-08_15:57:15:369] idVendor = 1d6b
05-08 15:57:15.369 456 485 D RIL-DEV :
05-08 15:57:15.370 456 485 D RIL-DEV : [05-08_15:57:15:370] idVendor = 1d6b
05-08 15:57:15.370 456 485 D RIL-DEV :
05-08 15:57:15.370 456 485 D RIL-DEV : [05-08_15:57:15:370] idVendor = 0781
05-08 15:57:15.370 456 485 D RIL-DEV :
05-08 15:57:15.370 456 485 D RIL-DEV : [05-08_15:57:15:371] idVendor = 1d6b
05-08 15:57:15.370 456 485 D RIL-DEV :
05-08 15:57:15.370 456 485 E RIL-DEV : Cannot find Meig devices
05-08 15:57:15.371 456 485 I RIL : ---> can't find meig usb devices
05-08 16:05:08.388 6849 6849 I : read descriptors
05-08 16:05:08.388 6849 6849 I : read strings
05-08 16:05:09.445 6849 6849 I : read descriptors
05-08 16:05:09.445 6849 6849 I : read strings
05-08 16:05:09.447 1 1 I init : processing action (sys.usb.config=adb && sys.usb.configfs=1 && sys.usb.ffs.ready=1) from (/system/etc/init/hw/init.usb.configfs.rc:20)
05-08 16:05:09.450 1 1 I init : Command 'symlink /config/usb_gadget/g1/functions/ffs.adb /config/usb_gadget/g1/configs/b.1/f1' action=sys.usb.config=adb && sys.usb.configfs=1 && sys.usb.ffs.ready=1 (/system/etc/init/hw/init.usb.configfs.rc:22) took 0ms and failed: symlink() failed: File exists
05-08 16:05:09.453 1 1 I init : Command 'write /config/usb_gadget/g1/UDC ${sys.usb.controller}' action=sys.usb.config=adb && sys.usb.configfs=1 && sys.usb.ffs.ready=1 (/system/etc/init/hw/init.usb.configfs.rc:23) took 2ms and failed: Unable to write to file '/config/usb_gadget/g1/UDC': Unable to write file contents: Device or resource busy
05-08 15:57:17.371 456 485 I RIL : ---> enter mainloop wait at port
05-08 15:57:17.371 456 485 D RIL-DEV : Get modem info
05-08 15:57:17.372 456 485 D RIL-DEV : [05-08_15:57:17:372] idVendor = 1d6b
05-08 15:57:17.372 456 485 D RIL-DEV :
05-08 15:57:17.372 456 485 D RIL-DEV : [05-08_15:57:17:372] idVendor = 1d6b
05-08 15:57:17.372 456 485 D RIL-DEV :
05-08 15:57:17.373 456 485 D RIL-DEV : [05-08_15:57:17:373] idVendor = 1d6b
05-08 15:57:17.373 456 485 D RIL-DEV :
05-08 15:57:17.373 456 485 D RIL-DEV : [05-08_15:57:17:373] idVendor = 0781
05-08 15:57:17.373 456 485 D RIL-DEV :
05-08 15:57:17.373 456 485 D RIL-DEV : [05-08_15:57:17:374] idVendor = 1d6b
05-08 15:57:17.373 456 485 D RIL-DEV :
05-08 15:57:17.373 456 485 E RIL-DEV : Cannot find Meig devices
05-08 15:57:17.374 456 485 I RIL : ---> can't find meig usb devices
05-08 16:05:10.491 6849 6849 I : read descriptors
05-08 16:05:10.491 6849 6849 I : read strings
05-08 16:05:10.494 1 1 I init : processing action (sys.usb.config=adb && sys.usb.configfs=1 && sys.usb.ffs.ready=1) from (/system/etc/init/hw/init.usb.configfs.rc:20)
05-08 16:05:10.497 1 1 I init : Command 'symlink /config/usb_gadget/g1/functions/ffs.adb /config/usb_gadget/g1/configs/b.1/f1' action=sys.usb.config=adb && sys.usb.configfs=1 && sys.usb.ffs.ready=1 (/system/etc/init/hw/init.usb.configfs.rc:22) took 0ms and failed: symlink() failed: File exists
05-08 16:05:10.499 1 1 I init : Command 'write /config/usb_gadget/g1/UDC ${sys.usb.controller}' action=sys.usb.config=adb && sys.usb.configfs=1 && sys.usb.ffs.ready=1 (/system/etc/init/hw/init.usb.configfs.rc:23) took 2ms and failed: Unable to write to file '/config/usb_gadget/g1/UDC': Unable to write file contents: Device or resource busy
05-08 16:05:11.535 6849 6849 I : read descriptors
05-08 16:05:11.535 6849 6849 I : read strings
05-08 16:05:11.538 1 1 I init : processing action (sys.usb.config=adb && sys.usb.configfs=1 && sys.usb.ffs.ready=1) from (/system/etc/init/hw/init.usb.configfs.rc:20)
05-08 16:05:11.541 1 1 I init : Command 'symlink /config/usb_gadget/g1/functions/ffs.adb /config/usb_gadget/g1/configs/b.1/f1' action=sys.usb.config=adb && sys.usb.configfs=1 && sys.usb.ffs.ready=1 (/system/etc/init/hw/init.usb.configfs.rc:22) took 0ms and failed: symlink() failed: File exists
05-08 16:05:11.542 1 1 I init : Command 'write /config/usb_gadget/g1/UDC ${sys.usb.controller}' action=sys.usb.config=adb && sys.usb.configfs=1 && sys.usb.ffs.ready=1 (/system/etc/init/hw/init.usb.configfs.rc:23) took 0ms and failed: Unable to write to file '/config/usb_gadget/g1/UDC': Unable to write file contents: Device or resource busy
05-08 15:57:19.374 456 485 I RIL : ---> enter mainloop wait at port
05-08 15:57:19.374 456 485 D RIL-DEV : Get modem info
05-08 15:57:19.375 456 485 D RIL-DEV : [05-08_15:57:19:375] idVendor = 1d6b
05-08 15:57:19.375 456 485 D RIL-DEV :
05-08 15:57:19.375 456 485 D RIL-DEV : [05-08_15:57:19:376] idVendor = 1d6b
05-08 15:57:19.375 456 485 D RIL-DEV :
05-08 15:57:19.376 456 485 D RIL-DEV : [05-08_15:57:19:376] idVendor = 1d6b
05-08 15:57:19.376 456 485 D RIL-DEV :
05-08 15:57:19.376 456 485 D RIL-DEV : [05-08_15:57:19:376] idVendor = 0781
05-08 15:57:19.376 456 485 D RIL-DEV :
05-08 15:57:19.376 456 485 D RIL-DEV : [05-08_15:57:19:377] idVendor = 1d6b
05-08 15:57:19.376 456 485 D RIL-DEV :
05-08 15:57:19.377 456 485 E RIL-DEV : Cannot find Meig devices
05-08 15:57:19.377 456 485 I RIL : ---> can't find meig usb devices
05-08 16:05:12.595 6849 6849 I : read descriptors
05-08 16:05:12.595 6849 6849 I : read strings
05-08 16:05:12.597 1 1 I init : processing action (sys.usb.config=adb && sys.usb.configfs=1 && sys.usb.ffs.ready=1) from (/system/etc/init/hw/init.usb.configfs.rc:20)
05-08 15:57:21.377 456 485 I RIL : ---> enter mainloop wait at port
05-08 15:57:21.377 456 485 D RIL-DEV : Get modem info
05-08 15:57:21.378 456 485 D RIL-DEV : [05-08_15:57:21:378] idVendor = 1d6b
05-08 15:57:21.378 456 485 D RIL-DEV :
05-08 15:57:21.378 456 485 D RIL-DEV : [05-08_15:57:21:379] idVendor = 1d6b
05-08 15:57:21.378 456 485 D RIL-DEV :
05-08 15:57:21.379 456 485 D RIL-DEV : [05-08_15:57:21:379] idVendor = 1d6b
05-08 15:57:21.379 456 485 D RIL-DEV :
05-08 15:57:21.379 456 485 D RIL-DEV : [05-08_15:57:21:379] idVendor = 0781
05-08 15:57:21.379 456 485 D RIL-DEV :
05-08 15:57:21.379 456 485 D RIL-DEV : [05-08_15:57:21:380] idVendor = 1d6b
05-08 15:57:21.379 456 485 D RIL-DEV :
05-08 15:57:21.380 456 485 E RIL-DEV : Cannot find Meig devices
05-08 15:57:21.380 456 485 I RIL : ---> can't find meig usb devices
05-08 16:05:13.648 6849 6849 I : read descriptors
05-08 16:05:13.648 6849 6849 I : read strings
05-08 16:05:14.722 6849 6849 I : read descriptors
05-08 16:05:14.722 6849 6849 I : read strings
05-08 16:05:14.725 1 1 I init : processing action (sys.usb.config=adb && sys.usb.configfs=1 && sys.usb.ffs.ready=1) from (/system/etc/init/hw/init.usb.configfs.rc:20)
05-08 16:05:14.727 1 1 I init : Command 'symlink /config/usb_gadget/g1/functions/ffs.adb /config/usb_gadget/g1/configs/b.1/f1' action=sys.usb.config=adb && sys.usb.configfs=1 && sys.usb.ffs.ready=1 (/system/etc/init/hw/init.usb.configfs.rc:22) took 0ms and failed: symlink() failed: File exists
05-08 16:05:14.727 1 1 I init : Command 'write /config/usb_gadget/g1/UDC ${sys.usb.controller}' action=sys.usb.config=adb && sys.usb.configfs=1 && sys.usb.ffs.ready=1 (/system/etc/init/hw/init.usb.configfs.rc:23) took 0ms and failed: Unable to write to file '/config/usb_gadget/g1/UDC': Unable to write file contents: Device or resource busy
05-08 15:57:23.380 456 485 I RIL : ---> enter mainloop wait at port
05-08 15:57:23.380 456 485 D RIL-DEV : Get modem info
05-08 15:57:23.381 456 485 D RIL-DEV : [05-08_15:57:23:382] idVendor = 1d6b
05-08 15:57:23.381 456 485 D RIL-DEV :
05-08 15:57:23.381 456 485 D RIL-DEV : [05-08_15:57:23:382] idVendor = 1d6b
05-08 15:57:23.381 456 485 D RIL-DEV :
05-08 15:57:23.382 456 485 D RIL-DEV : [05-08_15:57:23:382] idVendor = 1d6b
05-08 15:57:23.382 456 485 D RIL-DEV :
05-08 15:57:23.382 456 485 D RIL-DEV : [05-08_15:57:23:383] idVendor = 0781
05-08 15:57:23.382 456 485 D RIL-DEV :
05-08 15:57:23.382 456 485 D RIL-DEV : [05-08_15:57:23:383] idVendor = 1d6b
05-08 15:57:23.382 456 485 D RIL-DEV :
05-08 15:57:23.383 456 485 E RIL-DEV : Cannot find Meig devices
05-08 15:57:23.383 456 485 I RIL : ---> can't find meig usb devices
05-08 16:05:15.761 6849 6849 I : read descriptors
05-08 16:05:15.761 6849 6849 I : read strings
05-08 16:05:15.764 1 1 I init : processing action (sys.usb.config=adb && sys.usb.configfs=1 && sys.usb.ffs.ready=1) from (/system/etc/init/hw/init.usb.configfs.rc:20)
05-08 16:05:15.767 1 1 I init : Command 'symlink /config/usb_gadget/g1/functions/ffs.adb /config/usb_gadget/g1/configs/b.1/f1' action=sys.usb.config=adb && sys.usb.configfs=1 && sys.usb.ffs.ready=1 (/system/etc/init/hw/init.usb.configfs.rc:22) took 1ms and failed: symlink() failed: File exists
05-08 16:05:15.768 1 1 I init : Command 'write /config/usb_gadget/g1/UDC ${sys.usb.controller}' action=sys.usb.config=adb && sys.usb.configfs=1 && sys.usb.ffs.ready=1 (/system/etc/init/hw/init.usb.configfs.rc:23) took 0ms and failed: Unable to write to file '/config/usb_gadget/g1/UDC': Unable to write file contents: Device or resource busy
05-08 16:05:16.825 6849 6849 I : read descriptors
05-08 16:05:16.825 6849 6849 I : read strings
05-08 16:05:16.827 1 1 I init : processing action (sys.usb.config=adb && sys.usb.configfs=1 && sys.usb.ffs.ready=1) from (/system/etc/init/hw/init.usb.configfs.rc:20)
05-08 16:05:16.831 1 1 I init : Command 'symlink /config/usb_gadget/g1/functions/ffs.adb /config/usb_gadget/g1/configs/b.1/f1' action=sys.usb.config=adb && sys.usb.configfs=1 && sys.usb.ffs.ready=1 (/system/etc/init/hw/init.usb.configfs.rc:22) took 1ms and failed: symlink() failed: File exists
05-08 16:05:16.832 1 1 I init : Command 'write /config/usb_gadget/g1/UDC ${sys.usb.controller}' action=sys.usb.config=adb && sys.usb.configfs=1 && sys.usb.ffs.ready=1 (/system/etc/init/hw/init.usb.configfs.rc:23) took 1ms and failed: Unable to write to file '/config/usb_gadget/g1/UDC': Unable to write file contents: Device or resource busy
05-08 15:57:25.383 456 485 I RIL : ---> enter mainloop wait at port
05-08 15:57:25.384 456 485 D RIL-DEV : Get modem info
05-08 15:57:25.384 456 485 D RIL-DEV : [05-08_15:57:25:385] idVendor = 1d6b
05-08 15:57:25.384 456 485 D RIL-DEV :
05-08 15:57:25.384 456 485 D RIL-DEV : [05-08_15:57:25:385] idVendor = 1d6b
05-08 15:57:25.384 456 485 D RIL-DEV :
05-08 15:57:25.385 456 485 D RIL-DEV : [05-08_15:57:25:385] idVendor = 1d6b
05-08 15:57:25.385 456 485 D RIL-DEV :
05-08 15:57:25.385 456 485 D RIL-DEV : [05-08_15:57:25:386] idVendor = 0781
05-08 15:57:25.385 456 485 D RIL-DEV :
05-08 15:57:25.385 456 485 D RIL-DEV : [05-08_15:57:25:386] idVendor = 1d6b
05-08 15:57:25.385 456 485 D RIL-DEV :
05-08 15:57:25.386 456 485 E RIL-DEV : Cannot find Meig devices
05-08 15:57:25.386 456 485 I RIL : ---> can't find meig usb devices
05-08 16:05:17.874 6849 6849 I : read descriptors
05-08 16:05:17.875 6849 6849 I : read strings
05-08 16:05:17.878 1 1 I init : processing action (sys.usb.config=adb && sys.usb.configfs=1 && sys.usb.ffs.ready=1) from (/system/etc/init/hw/init.usb.configfs.rc:20)
05-08 16:05:18.918 6849 6849 I : read descriptors
05-08 16:05:18.918 6849 6849 I : read strings
05-08 15:57:27.387 456 485 I RIL : ---> enter mainloop wait at port
05-08 15:57:27.387 456 485 D RIL-DEV : Get modem info
05-08 15:57:27.387 456 485 D RIL-DEV : [05-08_15:57:27:388] idVendor = 1d6b
05-08 15:57:27.387 456 485 D RIL-DEV :
05-08 15:57:27.388 456 485 D RIL-DEV : [05-08_15:57:27:388] idVendor = 1d6b
05-08 15:57:27.388 456 485 D RIL-DEV :
05-08 15:57:27.388 456 485 D RIL-DEV : [05-08_15:57:27:389] idVendor = 1d6b
05-08 15:57:27.388 456 485 D RIL-DEV :
05-08 15:57:27.388 456 485 D RIL-DEV : [05-08_15:57:27:389] idVendor = 0781
05-08 15:57:27.388 456 485 D RIL-DEV :
05-08 15:57:27.389 456 485 D RIL-DEV : [05-08_15:57:27:389] idVendor = 1d6b
05-08 15:57:27.389 456 485 D RIL-DEV :
05-08 15:57:27.389 456 485 E RIL-DEV : Cannot find Meig devices
05-08 15:57:27.389 456 485 I RIL : ---> can't find meig usb devices
05-08 16:05:19.961 6849 6849 I : read descriptors
05-08 16:05:19.961 6849 6849 I : read strings
05-08 16:05:19.964 1 1 I init : processing action (sys.usb.config=adb && sys.usb.configfs=1 && sys.usb.ffs.ready=1) from (/system/etc/init/hw/init.usb.configfs.rc:20)
05-08 16:05:19.966 1 1 I init : Command 'symlink /config/usb_gadget/g1/functions/ffs.adb /config/usb_gadget/g1/configs/b.1/f1' action=sys.usb.config=adb && sys.usb.configfs=1 && sys.usb.ffs.ready=1 (/system/etc/init/hw/init.usb.configfs.rc:22) took 0ms and failed: symlink() failed: File exists
05-08 16:05:19.967 1 1 I init : Command 'write /config/usb_gadget/g1/UDC ${sys.usb.controller}' action=sys.usb.config=adb && sys.usb.configfs=1 && sys.usb.ffs.ready=1 (/system/etc/init/hw/init.usb.configfs.rc:23) took 0ms and failed: Unable to write to file '/config/usb_gadget/g1/UDC': Unable to write file contents: Device or resource busy
05-08 16:05:21.001 6849 6849 I : read descriptors
05-08 16:05:21.001 6849 6849 I : read strings
05-08 16:05:21.005 1 1 I init : processing action (sys.usb.config=adb && sys.usb.configfs=1 && sys.usb.ffs.ready=1) from (/system/etc/init/hw/init.usb.configfs.rc:20)
05-08 16:05:21.007 1 1 I init : Command 'symlink /config/usb_gadget/g1/functions/ffs.adb /config/usb_gadget/g1/configs/b.1/f1' action=sys.usb.config=adb && sys.usb.configfs=1 && sys.usb.ffs.ready=1 (/system/etc/init/hw/init.usb.configfs.rc:22) took 0ms and failed: symlink() failed: File exists
05-08 16:05:21.008 1 1 I init : Command 'write /config/usb_gadget/g1/UDC ${sys.usb.controller}' action=sys.usb.config=adb && sys.usb.configfs=1 && sys.usb.ffs.ready=1 (/system/etc/init/hw/init.usb.configfs.rc:23) took 0ms and failed: Unable to write to file '/config/usb_gadget/g1/UDC': Unable to write file contents: Device or resource busy
05-08 15:57:29.390 456 485 I RIL : ---> enter mainloop wait at port
05-08 15:57:29.390 456 485 D RIL-DEV : Get modem info
05-08 15:57:29.391 456 485 D RIL-DEV : [05-08_15:57:29:391] idVendor = 1d6b
05-08 15:57:29.391 456 485 D RIL-DEV :
05-08 15:57:29.391 456 485 D RIL-DEV : [05-08_15:57:29:391] idVendor = 1d6b
05-08 15:57:29.391 456 485 D RIL-DEV :
05-08 15:57:29.391 456 485 D RIL-DEV : [05-08_15:57:29:392] idVendor = 1d6b
05-08 15:57:29.391 456 485 D RIL-DEV :
05-08 15:57:29.392 456 485 D RIL-DEV : [05-08_15:57:29:392] idVendor = 0781
05-08 15:57:29.392 456 485 D RIL-DEV :
05-08 15:57:29.392 456 485 D RIL-DEV : [05-08_15:57:29:392] idVendor = 1d6b
05-08 15:57:29.392 456 485 D RIL-DEV :
05-08 15:57:29.392 456 485 E RIL-DEV : Cannot find Meig devices
05-08 15:57:29.392 456 485 I RIL : ---> can't find meig usb devices
05-08 16:05:22.061 6849 6849 I : read descriptors
05-08 16:05:22.061 6849 6849 I : read strings
05-08 16:05:22.065 1 1 I init : processing action (sys.usb.config=adb && sys.usb.configfs=1 && sys.usb.ffs.ready=1) from (/system/etc/init/hw/init.usb.configfs.rc:20)
05-08 16:05:22.067 1 1 I init : Command 'symlink /config/usb_gadget/g1/functions/ffs.adb /config/usb_gadget/g1/configs/b.1/f1' action=sys.usb.config=adb && sys.usb.configfs=1 && sys.usb.ffs.ready=1 (/system/etc/init/hw/init.usb.configfs.rc:22) took 0ms and failed: symlink() failed: File exists
05-08 16:05:22.067 1 1 I init : Command 'write /config/usb_gadget/g1/UDC ${sys.usb.controller}' action=sys.usb.config=adb && sys.usb.configfs=1 && sys.usb.ffs.ready=1 (/system/etc/init/hw/init.usb.configfs.rc:23) took 0ms and failed: Unable to write to file '/config/usb_gadget/g1/UDC': Unable to write file contents: Device or resource busy
05-08 16:05:23.101 6849 6849 I : read descriptors
05-08 16:05:23.101 6849 6849 I : read strings
05-08 16:05:23.104 1 1 I init : processing action (sys.usb.config=adb && sys.usb.configfs=1 && sys.usb.ffs.ready=1) from (/system/etc/init/hw/init.usb.configfs.rc:20)
05-08 15:57:31.393 456 485 I RIL : ---> enter mainloop wait at port
05-08 15:57:31.393 456 485 D RIL-DEV : Get modem info
05-08 15:57:31.394 456 485 D RIL-DEV : [05-08_15:57:31:394] idVendor = 1d6b
05-08 15:57:31.394 456 485 D RIL-DEV :
05-08 15:57:31.394 456 485 D RIL-DEV : [05-08_15:57:31:394] idVendor = 1d6b
05-08 15:57:31.394 456 485 D RIL-DEV :
05-08 15:57:31.394 456 485 D RIL-DEV : [05-08_15:57:31:395] idVendor = 1d6b
05-08 15:57:31.394 456 485 D RIL-DEV :
05-08 15:57:31.395 456 485 D RIL-DEV : [05-08_15:57:31:395] idVendor = 0781
05-08 15:57:31.395 456 485 D RIL-DEV :
05-08 15:57:31.395 456 485 D RIL-DEV : [05-08_15:57:31:395] idVendor = 1d6b
05-08 15:57:31.395 456 485 D RIL-DEV :
05-08 15:57:31.395 456 485 E RIL-DEV : Cannot find Meig devices
05-08 15:57:31.395 456 485 I RIL : ---> can't find meig usb devices
05-08 16:05:24.138 6849 6849 I : read descriptors
05-08 16:05:24.138 6849 6849 I : read strings
05-08 16:05:25.201 6849 6849 I : read descriptors
05-08 16:05:25.202 6849 6849 I : read strings
05-08 16:05:25.204 1 1 I init : processing action (sys.usb.config=adb && sys.usb.configfs=1 && sys.usb.ffs.ready=1) from (/system/etc/init/hw/init.usb.configfs.rc:20)
05-08 16:05:25.208 1 1 I init : Command 'symlink /config/usb_gadget/g1/functions/ffs.adb /config/usb_gadget/g1/configs/b.1/f1' action=sys.usb.config=adb && sys.usb.configfs=1 && sys.usb.ffs.ready=1 (/system/etc/init/hw/init.usb.configfs.rc:22) took 1ms and failed: symlink() failed: File exists
05-08 16:05:25.209 1 1 I init : Command 'write /config/usb_gadget/g1/UDC ${sys.usb.controller}' action=sys.usb.config=adb && sys.usb.configfs=1 && sys.usb.ffs.ready=1 (/system/etc/init/hw/init.usb.configfs.rc:23) took 0ms and failed: Unable to write to file '/config/usb_gadget/g1/UDC': Unable to write file contents: Device or resource busy
05-08 15:57:33.395 456 485 I RIL : ---> enter mainloop wait at port
05-08 15:57:33.396 456 485 D RIL-DEV : Get modem info
05-08 15:57:33.396 456 485 D RIL-DEV : [05-08_15:57:33:397] idVendor = 1d6b
05-08 15:57:33.396 456 485 D RIL-DEV :
05-08 15:57:33.397 456 485 D RIL-DEV : [05-08_15:57:33:397] idVendor = 1d6b
05-08 15:57:33.397 456 485 D RIL-DEV :
05-08 15:57:33.397 456 485 D RIL-DEV : [05-08_15:57:33:398] idVendor = 1d6b
05-08 15:57:33.397 456 485 D RIL-DEV :
05-08 15:57:33.397 456 485 D RIL-DEV : [05-08_15:57:33:398] idVendor = 0781
05-08 15:57:33.397 456 485 D RIL-DEV :
05-08 15:57:33.398 456 485 D RIL-DEV : [05-08_15:57:33:398] idVendor = 1d6b
05-08 15:57:33.398 456 485 D RIL-DEV :
05-08 15:57:33.398 456 485 E RIL-DEV : Cannot find Meig devices
05-08 15:57:33.398 456 485 I RIL : ---> can't find meig usb devices
05-08 16:05:26.255 6849 6849 I : read descriptors
05-08 16:05:26.255 6849 6849 I : read strings
05-08 16:05:26.258 1 1 I init : processing action (sys.usb.config=adb && sys.usb.configfs=1 && sys.usb.ffs.ready=1) from (/system/etc/init/hw/init.usb.configfs.rc:20)
05-08 16:05:26.262 1 1 I init : Command 'symlink /config/usb_gadget/g1/functions/ffs.adb /config/usb_gadget/g1/configs/b.1/f1' action=sys.usb.config=adb && sys.usb.configfs=1 && sys.usb.ffs.ready=1 (/system/etc/init/hw/init.usb.configfs.rc:22) took 0ms and failed: symlink() failed: File exists
05-08 16:05:26.263 1 1 I init : Command 'write /config/usb_gadget/g1/UDC ${sys.usb.controller}' action=sys.usb.config=adb && sys.usb.configfs=1 && sys.usb.ffs.ready=1 (/system/etc/init/hw/init.usb.configfs.rc:23) took 0ms and failed: Unable to write to file '/config/usb_gadget/g1/UDC': Unable to write file contents: Device or resource busy
05-08 16:05:27.305 6849 6849 I : read descriptors
05-08 16:05:27.305 6849 6849 I : read strings
05-08 16:05:27.307 1 1 I init : processing action (sys.usb.config=adb && sys.usb.configfs=1 && sys.usb.ffs.ready=1) from (/system/etc/init/hw/init.usb.configfs.rc:20)
05-08 16:05:27.310 1 1 I init : Command 'symlink /config/usb_gadget/g1/functions/ffs.adb /config/usb_gadget/g1/configs/b.1/f1' action=sys.usb.config=adb && sys.usb.configfs=1 && sys.usb.ffs.ready=1 (/system/etc/init/hw/init.usb.configfs.rc:22) took 1ms and failed: symlink() failed: File exists
05-08 16:05:27.313 1 1 I init : Command 'write /config/usb_gadget/g1/UDC ${sys.usb.controller}' action=sys.usb.config=adb && sys.usb.configfs=1 && sys.usb.ffs.ready=1 (/system/etc/init/hw/init.usb.configfs.rc:23) took 0ms and failed: Unable to write to file '/config/usb_gadget/g1/UDC': Unable to write file contents: Device or resource busy
05-08 15:57:35.399 456 485 I RIL : ---> enter mainloop wait at port
05-08 15:57:35.399 456 485 D RIL-DEV : Get modem info
05-08 15:57:35.400 456 485 D RIL-DEV : [05-08_15:57:35:400] idVendor = 1d6b
05-08 15:57:35.400 456 485 D RIL-DEV :
05-08 15:57:35.400 456 485 D RIL-DEV : [05-08_15:57:35:400] idVendor = 1d6b
05-08 15:57:35.400 456 485 D RIL-DEV :
05-08 15:57:35.400 456 485 D RIL-DEV : [05-08_15:57:35:401] idVendor = 1d6b
05-08 15:57:35.400 456 485 D RIL-DEV :
05-08 15:57:35.400 456 485 D RIL-DEV : [05-08_15:57:35:401] idVendor = 0781
05-08 15:57:35.400 456 485 D RIL-DEV :
05-08 15:57:35.401 456 485 D RIL-DEV : [05-08_15:57:35:401] idVendor = 1d6b
05-08 15:57:35.401 456 485 D RIL-DEV :
05-08 15:57:35.401 456 485 E RIL-DEV : Cannot find Meig devices
05-08 15:57:35.401 456 485 I RIL : ---> can't find meig usb devices
05-08 16:05:28.348 6849 6849 I : read descriptors
05-08 16:05:28.348 6849 6849 I : read strings
05-08 16:05:28.350 1 1 I init : processing action (sys.usb.config=adb && sys.usb.configfs=1 && sys.usb.ffs.ready=1) from (/system/etc/init/hw/init.usb.configfs.rc:20)
05-08 16:05:29.391 6849 6849 I : read descriptors
05-08 16:05:29.391 6849 6849 I : read strings
05-08 15:57:37.402 456 485 I RIL : ---> enter mainloop wait at port
05-08 15:57:37.402 456 485 D RIL-DEV : Get modem info
05-08 15:57:37.403 456 485 D RIL-DEV : [05-08_15:57:37:403] idVendor = 1d6b
05-08 15:57:37.403 456 485 D RIL-DEV :
05-08 15:57:37.403 456 485 D RIL-DEV : [05-08_15:57:37:403] idVendor = 1d6b
05-08 15:57:37.403 456 485 D RIL-DEV :
05-08 15:57:37.403 456 485 D RIL-DEV : [05-08_15:57:37:404] idVendor = 1d6b
05-08 15:57:37.403 456 485 D RIL-DEV :
05-08 15:57:37.404 456 485 D RIL-DEV : [05-08_15:57:37:404] idVendor = 0781
05-08 15:57:37.404 456 485 D RIL-DEV :
05-08 15:57:37.404 456 485 D RIL-DEV : [05-08_15:57:37:404] idVendor = 1d6b
05-08 15:57:37.404 456 485 D RIL-DEV :
05-08 15:57:37.404 456 485 E RIL-DEV : Cannot find Meig devices
05-08 15:57:37.405 456 485 I RIL : ---> can't find meig usb devices
05-08 15:57:37.718 975 975 D TelephonyNetworkFactory[0]: onNeedNetworkFor NetworkRequest [ REQUEST id=129, [ Capabilities: INTERNET&NOT_RESTRICTED&TRUSTED&NOT_VCN_MANAGED Uid: 10024 RequestorUid: 10024 RequestorPkg: com.android.statementservice] ] shouldApply false
05-08 16:05:30.465 6849 6849 I : read descriptors
05-08 16:05:30.465 6849 6849 I : read strings
05-08 16:05:30.469 1 1 I init : processing action (sys.usb.config=adb && sys.usb.configfs=1 && sys.usb.ffs.ready=1) from (/system/etc/init/hw/init.usb.configfs.rc:20)
05-08 16:05:30.470 1 1 I init : Command 'symlink /config/usb_gadget/g1/functions/ffs.adb /config/usb_gadget/g1/configs/b.1/f1' action=sys.usb.config=adb && sys.usb.configfs=1 && sys.usb.ffs.ready=1 (/system/etc/init/hw/init.usb.configfs.rc:22) took 0ms and failed: symlink() failed: File exists
05-08 16:05:30.471 1 1 I init : Command 'write /config/usb_gadget/g1/UDC ${sys.usb.controller}' action=sys.usb.config=adb && sys.usb.configfs=1 && sys.usb.ffs.ready=1 (/system/etc/init/hw/init.usb.configfs.rc:23) took 0ms and failed: Unable to write to file '/config/usb_gadget/g1/UDC': Unable to write file contents: Device or resource busy
05-08 16:05:31.525 6849 6849 I : read descriptors
05-08 16:05:31.525 6849 6849 I : read strings
05-08 16:05:31.526 1 1 I init : processing action (sys.usb.config=adb && sys.usb.configfs=1 && sys.usb.ffs.ready=1) from (/system/etc/init/hw/init.usb.configfs.rc:20)
05-08 16:05:31.529 1 1 I init : Command 'symlink /config/usb_gadget/g1/functions/ffs.adb /config/usb_gadget/g1/configs/b.1/f1' action=sys.usb.config=adb && sys.usb.configfs=1 && sys.usb.ffs.ready=1 (/system/etc/init/hw/init.usb.configfs.rc:22) took 0ms and failed: symlink() failed: File exists
05-08 16:05:31.530 1 1 I init : Command 'write /config/usb_gadget/g1/UDC ${sys.usb.controller}' action=sys.usb.config=adb && sys.usb.configfs=1 && sys.usb.ffs.ready=1 (/system/etc/init/hw/init.usb.configfs.rc:23) took 0ms and failed: Unable to write to file '/config/usb_gadget/g1/UDC': Unable to write file contents: Device or resource busy
05-08 15:57:39.405 456 485 I RIL : ---> enter mainloop wait at port
05-08 15:57:39.405 456 485 D RIL-DEV : Get modem info
05-08 15:57:39.406 456 485 D RIL-DEV : [05-08_15:57:39:407] idVendor = 1d6b
05-08 15:57:39.406 456 485 D RIL-DEV :
05-08 15:57:39.406 456 485 D RIL-DEV : [05-08_15:57:39:407] idVendor = 1d6b
05-08 15:57:39.406 456 485 D RIL-DEV :
05-08 15:57:39.407 456 485 D RIL-DEV : [05-08_15:57:39:407] idVendor = 1d6b
05-08 15:57:39.407 456 485 D RIL-DEV :
05-08 15:57:39.407 456 485 D RIL-DEV : [05-08_15:57:39:407] idVendor = 0781
05-08 15:57:39.407 456 485 D RIL-DEV :
05-08 15:57:39.407 456 485 D RIL-DEV : [05-08_15:57:39:408] idVendor = 1d6b
05-08 15:57:39.407 456 485 D RIL-DEV :
05-08 15:57:39.408 456 485 E RIL-DEV : Cannot find Meig devices
05-08 15:57:39.408 456 485 I RIL : ---> can't find meig usb devices
05-08 16:05:32.575 6849 6849 I : read descriptors
05-08 16:05:32.575 6849 6849 I : read strings
05-08 16:05:32.577 1 1 I init : processing action (sys.usb.config=adb && sys.usb.configfs=1 && sys.usb.ffs.ready=1) from (/system/etc/init/hw/init.usb.configfs.rc:20)
05-08 16:05:32.580 1 1 I init : Command 'symlink /config/usb_gadget/g1/functions/ffs.adb /config/usb_gadget/g1/configs/b.1/f1' action=sys.usb.config=adb && sys.usb.configfs=1 && sys.usb.ffs.ready=1 (/system/etc/init/hw/init.usb.configfs.rc:22) took 1ms and failed: symlink() failed: File exists
05-08 16:05:32.582 1 1 I init : Command 'write /config/usb_gadget/g1/UDC ${sys.usb.controller}' action=sys.usb.config=adb && sys.usb.configfs=1 && sys.usb.ffs.ready=1 (/system/etc/init/hw/init.usb.configfs.rc:23) took 1ms and failed: Unable to write to file '/config/usb_gadget/g1/UDC': Unable to write file contents: Device or resource busy
05-08 16:05:33.625 6849 6849 I : read descriptors
05-08 16:05:33.625 6849 6849 I : read strings
05-08 16:05:33.628 1 1 I init : processing action (sys.usb.config=adb && sys.usb.configfs=1 && sys.usb.ffs.ready=1) from (/system/etc/init/hw/init.usb.configfs.rc:20)
05-08 15:57:41.408 456 485 I RIL : ---> enter mainloop wait at port
05-08 15:57:41.408 456 485 D RIL-DEV : Get modem info
05-08 15:57:41.408 456 485 D RIL-DEV : [05-08_15:57:41:409] idVendor = 1d6b
05-08 15:57:41.408 456 485 D RIL-DEV :
05-08 15:57:41.408 456 485 D RIL-DEV : [05-08_15:57:41:409] idVendor = 1d6b
05-08 15:57:41.408 456 485 D RIL-DEV :
05-08 15:57:41.409 456 485 D RIL-DEV : [05-08_15:57:41:409] idVendor = 1d6b
05-08 15:57:41.409 456 485 D RIL-DEV :
05-08 15:57:41.409 456 485 D RIL-DEV : [05-08_15:57:41:409] idVendor = 0781
05-08 15:57:41.409 456 485 D RIL-DEV :
05-08 15:57:41.409 456 485 D RIL-DEV : [05-08_15:57:41:409] idVendor = 1d6b
05-08 15:57:41.409 456 485 D RIL-DEV :
05-08 15:57:41.409 456 485 E RIL-DEV : Cannot find Meig devices
05-08 15:57:41.409 456 485 I RIL : ---> can't find meig usb devices
05-08 16:05:34.681 6849 6849 I : read descriptors
05-08 16:05:34.681 6849 6849 I : read strings
05-08 15:57:43.410 456 485 I RIL : ---> enter mainloop wait at port
05-08 15:57:43.410 456 485 D RIL-DEV : Get modem info
05-08 15:57:43.411 456 485 D RIL-DEV : [05-08_15:57:43:411] idVendor = 1d6b
05-08 15:57:43.411 456 485 D RIL-DEV :
05-08 15:57:43.411 456 485 D RIL-DEV : [05-08_15:57:43:412] idVendor = 1d6b
05-08 15:57:43.411 456 485 D RIL-DEV :
05-08 15:57:43.412 456 485 D RIL-DEV : [05-08_15:57:43:412] idVendor = 1d6b
05-08 15:57:43.412 456 485 D RIL-DEV :
05-08 15:57:43.412 456 485 D RIL-DEV : [05-08_15:57:43:412] idVendor = 0781
05-08 15:57:43.412 456 485 D RIL-DEV :
05-08 15:57:43.412 456 485 D RIL-DEV : [05-08_15:57:43:412] idVendor = 1d6b
05-08 15:57:43.412 456 485 D RIL-DEV :
05-08 15:57:43.413 456 485 E RIL-DEV : Cannot find Meig devices
05-08 15:57:43.413 456 485 I RIL : ---> can't find meig usb devices
05-08 16:05:35.738 6849 6849 I : read descriptors
05-08 16:05:35.738 6849 6849 I : read strings
05-08 16:05:35.740 1 1 I init : processing action (sys.usb.config=adb && sys.usb.configfs=1 && sys.usb.ffs.ready=1) from (/system/etc/init/hw/init.usb.configfs.rc:20)
05-08 16:05:35.743 1 1 I init : Command 'symlink /config/usb_gadget/g1/functions/ffs.adb /config/usb_gadget/g1/configs/b.1/f1' action=sys.usb.config=adb && sys.usb.configfs=1 && sys.usb.ffs.ready=1 (/system/etc/init/hw/init.usb.configfs.rc:22) took 0ms and failed: symlink() failed: File exists
05-08 16:05:35.744 1 1 I init : Command 'write /config/usb_gadget/g1/UDC ${sys.usb.controller}' action=sys.usb.config=adb && sys.usb.configfs=1 && sys.usb.ffs.ready=1 (/system/etc/init/hw/init.usb.configfs.rc:23) took 0ms and failed: Unable to write to file '/config/usb_gadget/g1/UDC': Unable to write file contents: Device or resource busy
05-08 16:05:36.791 6849 6849 I : read descriptors
05-08 16:05:36.792 6849 6849 I : read strings
05-08 16:05:36.796 1 1 I init : processing action (sys.usb.config=adb && sys.usb.configfs=1 && sys.usb.ffs.ready=1) from (/system/etc/init/hw/init.usb.configfs.rc:20)
05-08 16:05:36.798 1 1 I init : Command 'symlink /config/usb_gadget/g1/functions/ffs.adb /config/usb_gadget/g1/configs/b.1/f1' action=sys.usb.config=adb && sys.usb.configfs=1 && sys.usb.ffs.ready=1 (/system/etc/init/hw/init.usb.configfs.rc:22) took 0ms and failed: symlink() failed: File exists
05-08 16:05:36.798 1 1 I init : Command 'write /config/usb_gadget/g1/UDC ${sys.usb.controller}' action=sys.usb.config=adb && sys.usb.configfs=1 && sys.usb.ffs.ready=1 (/system/etc/init/hw/init.usb.configfs.rc:23) took 0ms and failed: Unable to write to file '/config/usb_gadget/g1/UDC': Unable to write file contents: Device or resource busy
05-08 15:57:45.414 456 485 I RIL : ---> enter mainloop wait at port
05-08 15:57:45.414 456 485 D RIL-DEV : Get modem info
05-08 15:57:45.414 456 485 D RIL-DEV : [05-08_15:57:45:415] idVendor = 1d6b
05-08 15:57:45.414 456 485 D RIL-DEV :
05-08 15:57:45.415 456 485 D RIL-DEV : [05-08_15:57:45:415] idVendor = 1d6b
05-08 15:57:45.415 456 485 D RIL-DEV :
05-08 15:57:45.415 456 485 D RIL-DEV : [05-08_15:57:45:416] idVendor = 1d6b
05-08 15:57:45.415 456 485 D RIL-DEV :
05-08 15:57:45.415 456 485 D RIL-DEV : [05-08_15:57:45:416] idVendor = 0781
05-08 15:57:45.415 456 485 D RIL-DEV :
05-08 15:57:45.416 456 485 D RIL-DEV : [05-08_15:57:45:416] idVendor = 1d6b
05-08 15:57:45.416 456 485 D RIL-DEV :
05-08 15:57:45.416 456 485 E RIL-DEV : Cannot find Meig devices
05-08 15:57:45.416 456 485 I RIL : ---> can't find meig usb devices
05-08 16:05:37.838 6849 6849 I : read descriptors
05-08 16:05:37.838 6849 6849 I : read strings
05-08 16:05:37.841 1 1 I init : processing action (sys.usb.config=adb && sys.usb.configfs=1 && sys.usb.ffs.ready=1) from (/system/etc/init/hw/init.usb.configfs.rc:20)
05-08 16:05:37.843 1 1 I init : Command 'symlink /config/usb_gadget/g1/functions/ffs.adb /config/usb_gadget/g1/configs/b.1/f1' action=sys.usb.config=adb && sys.usb.configfs=1 && sys.usb.ffs.ready=1 (/system/etc/init/hw/init.usb.configfs.rc:22) took 0ms and failed: symlink() failed: File exists
05-08 16:05:37.843 1 1 I init : Command 'write /config/usb_gadget/g1/UDC ${sys.usb.controller}' action=sys.usb.config=adb && sys.usb.configfs=1 && sys.usb.ffs.ready=1 (/system/etc/init/hw/init.usb.configfs.rc:23) took 0ms and failed: Unable to write to file '/config/usb_gadget/g1/UDC': Unable to write file contents: Device or resource busy
05-08 16:05:38.875 6849 6849 I : read descriptors
05-08 16:05:38.875 6849 6849 I : read strings
05-08 16:05:38.878 1 1 I init : processing action (sys.usb.config=adb && sys.usb.configfs=1 && sys.usb.ffs.ready=1) from (/system/etc/init/hw/init.usb.configfs.rc:20)
05-08 15:57:47.417 456 485 I RIL : ---> enter mainloop wait at port
05-08 15:57:47.417 456 485 D RIL-DEV : Get modem info
05-08 15:57:47.418 456 485 D RIL-DEV : [05-08_15:57:47:418] idVendor = 1d6b
05-08 15:57:47.418 456 485 D RIL-DEV :
05-08 15:57:47.418 456 485 D RIL-DEV : [05-08_15:57:47:418] idVendor = 1d6b
05-08 15:57:47.418 456 485 D RIL-DEV :
05-08 15:57:47.418 456 485 D RIL-DEV : [05-08_15:57:47:419] idVendor = 1d6b
05-08 15:57:47.418 456 485 D RIL-DEV :
05-08 15:57:47.419 456 485 D RIL-DEV : [05-08_15:57:47:419] idVendor = 0781
05-08 15:57:47.419 456 485 D RIL-DEV :
05-08 15:57:47.419 456 485 D RIL-DEV : [05-08_15:57:47:419] idVendor = 1d6b
05-08 15:57:47.419 456 485 D RIL-DEV :
05-08 15:57:47.419 456 485 E RIL-DEV : Cannot find Meig devices
05-08 15:57:47.420 456 485 I RIL : ---> can't find meig usb devices
05-08 16:05:39.941 6849 6849 I : read descriptors
05-08 16:05:39.941 6849 6849 I : read strings
05-08 16:05:40.998 6849 6849 I : read descriptors
05-08 16:05:40.998 6849 6849 I : read strings
05-08 16:05:41.000 1 1 I init : processing action (sys.usb.config=adb && sys.usb.configfs=1 && sys.usb.ffs.ready=1) from (/system/etc/init/hw/init.usb.configfs.rc:20)
05-08 16:05:41.004 1 1 I init : Command 'symlink /config/usb_gadget/g1/functions/ffs.adb /config/usb_gadget/g1/configs/b.1/f1' action=sys.usb.config=adb && sys.usb.configfs=1 && sys.usb.ffs.ready=1 (/system/etc/init/hw/init.usb.configfs.rc:22) took 1ms and failed: symlink() failed: File exists
05-08 16:05:41.005 1 1 I init : Command 'write /config/usb_gadget/g1/UDC ${sys.usb.controller}' action=sys.usb.config=adb && sys.usb.configfs=1 && sys.usb.ffs.ready=1 (/system/etc/init/hw/init.usb.configfs.rc:23) took 1ms and failed: Unable to write to file '/config/usb_gadget/g1/UDC': Unable to write file contents: Device or resource busy
05-08 15:57:49.420 456 485 I RIL : ---> enter mainloop wait at port
05-08 15:57:49.420 456 485 D RIL-DEV : Get modem info
05-08 15:57:49.421 456 485 D RIL-DEV : [05-08_15:57:49:421] idVendor = 1d6b
05-08 15:57:49.421 456 485 D RIL-DEV :
05-08 15:57:49.421 456 485 D RIL-DEV : [05-08_15:57:49:421] idVendor = 1d6b
05-08 15:57:49.421 456 485 D RIL-DEV :
05-08 15:57:49.421 456 485 D RIL-DEV : [05-08_15:57:49:422] idVendor = 1d6b
05-08 15:57:49.421 456 485 D RIL-DEV :
05-08 15:57:49.422 456 485 D RIL-DEV : [05-08_15:57:49:422] idVendor = 0781
05-08 15:57:49.422 456 485 D RIL-DEV :
05-08 15:57:49.422 456 485 D RIL-DEV : [05-08_15:57:49:422] idVendor = 1d6b
05-08 15:57:49.422 456 485 D RIL-DEV :
05-08 15:57:49.422 456 485 E RIL-DEV : Cannot find Meig devices
05-08 15:57:49.423 456 485 I RIL : ---> can't find meig usb devices
05-08 16:05:42.041 6849 6849 I : read descriptors
05-08 16:05:42.042 6849 6849 I : read strings
05-08 16:05:42.045 1 1 I init : processing action (sys.usb.config=adb && sys.usb.configfs=1 && sys.usb.ffs.ready=1) from (/system/etc/init/hw/init.usb.configfs.rc:20)
05-08 16:05:42.047 1 1 I init : Command 'symlink /config/usb_gadget/g1/functions/ffs.adb /config/usb_gadget/g1/configs/b.1/f1' action=sys.usb.config=adb && sys.usb.configfs=1 && sys.usb.ffs.ready=1 (/system/etc/init/hw/init.usb.configfs.rc:22) took 0ms and failed: symlink() failed: File exists
05-08 16:05:42.047 1 1 I init : Command 'write /config/usb_gadget/g1/UDC ${sys.usb.controller}' action=sys.usb.config=adb && sys.usb.configfs=1 && sys.usb.ffs.ready=1 (/system/etc/init/hw/init.usb.configfs.rc:23) took 0ms and failed: Unable to write to file '/config/usb_gadget/g1/UDC': Unable to write file contents: Device or resource busy
05-08 16:05:43.078 6849 6849 I : read descriptors
05-08 16:05:43.078 6849 6849 I : read strings
05-08 16:05:43.082 1 1 I init : processing action (sys.usb.config=adb && sys.usb.configfs=1 && sys.usb.ffs.ready=1) from (/system/etc/init/hw/init.usb.configfs.rc:20)
05-08 16:05:43.083 1 1 I init : Command 'symlink /config/usb_gadget/g1/functions/ffs.adb /config/usb_gadget/g1/configs/b.1/f1' action=sys.usb.config=adb && sys.usb.configfs=1 && sys.usb.ffs.ready=1 (/system/etc/init/hw/init.usb.configfs.rc:22) took 0ms and failed: symlink() failed: File exists
05-08 16:05:43.083 1 1 I init : Command 'write /config/usb_gadget/g1/UDC ${sys.usb.controller}' action=sys.usb.config=adb && sys.usb.configfs=1 && sys.usb.ffs.ready=1 (/system/etc/init/hw/init.usb.configfs.rc:23) took 0ms and failed: Unable to write to file '/config/usb_gadget/g1/UDC': Unable to write file contents: Device or resource busy
05-08 15:57:51.423 456 485 I RIL : ---> enter mainloop wait at port
05-08 15:57:51.423 456 485 D RIL-DEV : Get modem info
05-08 15:57:51.424 456 485 D RIL-DEV : [05-08_15:57:51:424] idVendor = 1d6b
05-08 15:57:51.424 456 485 D RIL-DEV :
05-08 15:57:51.424 456 485 D RIL-DEV : [05-08_15:57:51:425] idVendor = 1d6b
05-08 15:57:51.424 456 485 D RIL-DEV :
05-08 15:57:51.425 456 485 D RIL-DEV : [05-08_15:57:51:425] idVendor = 1d6b
05-08 15:57:51.425 456 485 D RIL-DEV :
05-08 15:57:51.425 456 485 D RIL-DEV : [05-08_15:57:51:425] idVendor = 0781
05-08 15:57:51.425 456 485 D RIL-DEV :
05-08 15:57:51.425 456 485 D RIL-DEV : [05-08_15:57:51:426] idVendor = 1d6b
05-08 15:57:51.425 456 485 D RIL-DEV :
05-08 15:57:51.426 456 485 E RIL-DEV : Cannot find Meig devices
05-08 15:57:51.426 456 485 I RIL : ---> can't find meig usb devices
05-08 16:05:44.135 6849 6849 I : read descriptors
05-08 16:05:44.135 6849 6849 I : read strings
