05-08 16:10:43.864 1 1 I init : Command 'write /config/usb_gadget/g1/UDC ${sys.usb.controller}' action=sys.usb.config=adb && sys.usb.configfs=1 && sys.usb.ffs.ready=1 (/system/etc/init/hw/init.usb.configfs.rc:23) took 0ms and failed: Unable to write to file '/config/usb_gadget/g1/UDC': Unable to write file contents: Device or resource busy
05-08 16:02:51.842 456 485 I RIL : ---> enter mainloop wait at port
05-08 16:02:51.842 456 485 D RIL-DEV : Get modem info
05-08 16:02:51.843 456 485 D RIL-DEV : [05-08_16:02:51:843] idVendor = 1d6b
05-08 16:02:51.843 456 485 D RIL-DEV :
05-08 16:02:51.843 456 485 D RIL-DEV : [05-08_16:02:51:844] idVendor = 1d6b
05-08 16:02:51.843 456 485 D RIL-DEV :
05-08 16:02:51.844 456 485 D RIL-DEV : [05-08_16:02:51:844] idVendor = 1d6b
05-08 16:02:51.844 456 485 D RIL-DEV :
05-08 16:02:51.844 456 485 D RIL-DEV : [05-08_16:02:51:844] idVendor = 0781
05-08 16:02:51.844 456 485 D RIL-DEV :
05-08 16:02:51.844 456 485 D RIL-DEV : [05-08_16:02:51:844] idVendor = 1d6b
05-08 16:02:51.844 456 485 D RIL-DEV :
05-08 16:02:51.844 456 485 E RIL-DEV : Cannot find Meig devices
05-08 16:02:51.844 456 485 I RIL : ---> can't find meig usb devices
05-08 16:10:44.907 6849 6849 I : read descriptors
05-08 16:10:44.907 6849 6849 I : read strings
05-08 16:10:44.909 1 1 I init : processing action (sys.usb.config=adb && sys.usb.configfs=1 && sys.usb.ffs.ready=1) from (/system/etc/init/hw/init.usb.configfs.rc:20)
05-08 16:10:45.986 6849 6849 I : read descriptors
05-08 16:10:45.987 6849 6849 I : read strings
05-08 16:02:53.845 456 485 I RIL : ---> enter mainloop wait at port
05-08 16:02:53.845 456 485 D RIL-DEV : Get modem info
05-08 16:02:53.845 456 485 D RIL-DEV : [05-08_16:02:53:846] idVendor = 1d6b
05-08 16:02:53.845 456 485 D RIL-DEV :
05-08 16:02:53.846 456 485 D RIL-DEV : [05-08_16:02:53:846] idVendor = 1d6b
05-08 16:02:53.846 456 485 D RIL-DEV :
05-08 16:02:53.846 456 485 D RIL-DEV : [05-08_16:02:53:846] idVendor = 1d6b
05-08 16:02:53.846 456 485 D RIL-DEV :
05-08 16:02:53.846 456 485 D RIL-DEV : [05-08_16:02:53:846] idVendor = 0781
05-08 16:02:53.846 456 485 D RIL-DEV :
05-08 16:02:53.846 456 485 D RIL-DEV : [05-08_16:02:53:847] idVendor = 1d6b
05-08 16:02:53.846 456 485 D RIL-DEV :
05-08 16:02:53.846 456 485 E RIL-DEV : Cannot find Meig devices
05-08 16:02:53.846 456 485 I RIL : ---> can't find meig usb devices
05-08 16:10:47.036 6849 6849 I : read descriptors
05-08 16:10:47.037 6849 6849 I : read strings
05-08 16:10:47.038 1 1 I init : processing action (sys.usb.config=adb && sys.usb.configfs=1 && sys.usb.ffs.ready=1) from (/system/etc/init/hw/init.usb.configfs.rc:20)
05-08 16:10:47.039 1 1 I init : Command 'symlink /config/usb_gadget/g1/functions/ffs.adb /config/usb_gadget/g1/configs/b.1/f1' action=sys.usb.config=adb && sys.usb.configfs=1 && sys.usb.ffs.ready=1 (/system/etc/init/hw/init.usb.configfs.rc:22) took 0ms and failed: symlink() failed: File exists
05-08 16:10:47.039 1 1 I init : Command 'write /config/usb_gadget/g1/UDC ${sys.usb.controller}' action=sys.usb.config=adb && sys.usb.configfs=1 && sys.usb.ffs.ready=1 (/system/etc/init/hw/init.usb.configfs.rc:23) took 0ms and failed: Unable to write to file '/config/usb_gadget/g1/UDC': Unable to write file contents: Device or resource busy
05-08 16:10:48.080 6849 6849 I : read descriptors
05-08 16:10:48.080 6849 6849 I : read strings
05-08 16:10:48.082 1 1 I init : processing action (sys.usb.config=adb && sys.usb.configfs=1 && sys.usb.ffs.ready=1) from (/system/etc/init/hw/init.usb.configfs.rc:20)
05-08 16:10:48.084 1 1 I init : Command 'symlink /config/usb_gadget/g1/functions/ffs.adb /config/usb_gadget/g1/configs/b.1/f1' action=sys.usb.config=adb && sys.usb.configfs=1 && sys.usb.ffs.ready=1 (/system/etc/init/hw/init.usb.configfs.rc:22) took 0ms and failed: symlink() failed: File exists
05-08 16:10:48.085 1 1 I init : Command 'write /config/usb_gadget/g1/UDC ${sys.usb.controller}' action=sys.usb.config=adb && sys.usb.configfs=1 && sys.usb.ffs.ready=1 (/system/etc/init/hw/init.usb.configfs.rc:23) took 0ms and failed: Unable to write to file '/config/usb_gadget/g1/UDC': Unable to write file contents: Device or resource busy
05-08 16:02:55.847 456 485 I RIL : ---> enter mainloop wait at port
05-08 16:02:55.847 456 485 D RIL-DEV : Get modem info
05-08 16:02:55.847 456 485 D RIL-DEV : [05-08_16:02:55:847] idVendor = 1d6b
05-08 16:02:55.847 456 485 D RIL-DEV :
05-08 16:02:55.847 456 485 D RIL-DEV : [05-08_16:02:55:847] idVendor = 1d6b
05-08 16:02:55.847 456 485 D RIL-DEV :
05-08 16:02:55.847 456 485 D RIL-DEV : [05-08_16:02:55:848] idVendor = 1d6b
05-08 16:02:55.847 456 485 D RIL-DEV :
05-08 16:02:55.847 456 485 D RIL-DEV : [05-08_16:02:55:848] idVendor = 0781
05-08 16:02:55.847 456 485 D RIL-DEV :
05-08 16:02:55.847 456 485 D RIL-DEV : [05-08_16:02:55:848] idVendor = 1d6b
05-08 16:02:55.847 456 485 D RIL-DEV :
05-08 16:02:55.848 456 485 E RIL-DEV : Cannot find Meig devices
05-08 16:02:55.848 456 485 I RIL : ---> can't find meig usb devices
05-08 16:10:49.137 6849 6849 I : read descriptors
05-08 16:10:49.137 6849 6849 I : read strings
05-08 16:10:49.138 1 1 I init : processing action (sys.usb.config=adb && sys.usb.configfs=1 && sys.usb.ffs.ready=1) from (/system/etc/init/hw/init.usb.configfs.rc:20)
05-08 16:10:49.141 1 1 I init : Command 'symlink /config/usb_gadget/g1/functions/ffs.adb /config/usb_gadget/g1/configs/b.1/f1' action=sys.usb.config=adb && sys.usb.configfs=1 && sys.usb.ffs.ready=1 (/system/etc/init/hw/init.usb.configfs.rc:22) took 1ms and failed: symlink() failed: File exists
05-08 16:10:49.141 1 1 I init : Command 'write /config/usb_gadget/g1/UDC ${sys.usb.controller}' action=sys.usb.config=adb && sys.usb.configfs=1 && sys.usb.ffs.ready=1 (/system/etc/init/hw/init.usb.configfs.rc:23) took 0ms and failed: Unable to write to file '/config/usb_gadget/g1/UDC': Unable to write file contents: Device or resource busy
05-08 16:02:57.848 456 485 I RIL : ---> enter mainloop wait at port
05-08 16:02:57.848 456 485 D RIL-DEV : Get modem info
05-08 16:02:57.849 456 485 D RIL-DEV : [05-08_16:02:57:849] idVendor = 1d6b
05-08 16:02:57.849 456 485 D RIL-DEV :
05-08 16:02:57.849 456 485 D RIL-DEV : [05-08_16:02:57:849] idVendor = 1d6b
05-08 16:02:57.849 456 485 D RIL-DEV :
05-08 16:02:57.849 456 485 D RIL-DEV : [05-08_16:02:57:850] idVendor = 1d6b
05-08 16:02:57.849 456 485 D RIL-DEV :
05-08 16:02:57.849 456 485 D RIL-DEV : [05-08_16:02:57:850] idVendor = 0781
05-08 16:02:57.849 456 485 D RIL-DEV :
05-08 16:02:57.850 456 485 D RIL-DEV : [05-08_16:02:57:850] idVendor = 1d6b
05-08 16:02:57.850 456 485 D RIL-DEV :
05-08 16:02:57.850 456 485 E RIL-DEV : Cannot find Meig devices
05-08 16:02:57.850 456 485 I RIL : ---> can't find meig usb devices
05-08 16:10:50.180 6849 6849 I : read descriptors
05-08 16:10:50.180 6849 6849 I : read strings
05-08 16:10:50.182 1 1 I init : processing action (sys.usb.config=adb && sys.usb.configfs=1 && sys.usb.ffs.ready=1) from (/system/etc/init/hw/init.usb.configfs.rc:20)
05-08 16:10:51.254 6849 6849 I : read descriptors
05-08 16:10:51.254 6849 6849 I : read strings
05-08 16:02:59.851 456 485 I RIL : ---> enter mainloop wait at port
05-08 16:02:59.851 456 485 D RIL-DEV : Get modem info
05-08 16:02:59.851 456 485 D RIL-DEV : [05-08_16:02:59:852] idVendor = 1d6b
05-08 16:02:59.851 456 485 D RIL-DEV :
05-08 16:02:59.852 456 485 D RIL-DEV : [05-08_16:02:59:852] idVendor = 1d6b
05-08 16:02:59.852 456 485 D RIL-DEV :
05-08 16:02:59.852 456 485 D RIL-DEV : [05-08_16:02:59:852] idVendor = 1d6b
05-08 16:02:59.852 456 485 D RIL-DEV :
05-08 16:02:59.852 456 485 D RIL-DEV : [05-08_16:02:59:853] idVendor = 0781
05-08 16:02:59.852 456 485 D RIL-DEV :
05-08 16:02:59.852 456 485 D RIL-DEV : [05-08_16:02:59:853] idVendor = 1d6b
05-08 16:02:59.852 456 485 D RIL-DEV :
05-08 16:02:59.853 456 485 E RIL-DEV : Cannot find Meig devices
05-08 16:02:59.853 456 485 I RIL : ---> can't find meig usb devices
05-08 16:10:52.310 6849 6849 I : read descriptors
05-08 16:10:52.310 6849 6849 I : read strings
05-08 16:10:52.312 1 1 I init : processing action (sys.usb.config=adb && sys.usb.configfs=1 && sys.usb.ffs.ready=1) from (/system/etc/init/hw/init.usb.configfs.rc:20)
05-08 16:10:52.315 1 1 I init : Command 'symlink /config/usb_gadget/g1/functions/ffs.adb /config/usb_gadget/g1/configs/b.1/f1' action=sys.usb.config=adb && sys.usb.configfs=1 && sys.usb.ffs.ready=1 (/system/etc/init/hw/init.usb.configfs.rc:22) took 0ms and failed: symlink() failed: File exists
05-08 16:10:52.316 1 1 I init : Command 'write /config/usb_gadget/g1/UDC ${sys.usb.controller}' action=sys.usb.config=adb && sys.usb.configfs=1 && sys.usb.ffs.ready=1 (/system/etc/init/hw/init.usb.configfs.rc:23) took 0ms and failed: Unable to write to file '/config/usb_gadget/g1/UDC': Unable to write file contents: Device or resource busy
05-08 16:10:53.357 6849 6849 I : read descriptors
05-08 16:10:53.357 6849 6849 I : read strings
05-08 16:10:53.358 1 1 I init : processing action (sys.usb.config=adb && sys.usb.configfs=1 && sys.usb.ffs.ready=1) from (/system/etc/init/hw/init.usb.configfs.rc:20)
05-08 16:10:53.361 1 1 I init : Command 'symlink /config/usb_gadget/g1/functions/ffs.adb /config/usb_gadget/g1/configs/b.1/f1' action=sys.usb.config=adb && sys.usb.configfs=1 && sys.usb.ffs.ready=1 (/system/etc/init/hw/init.usb.configfs.rc:22) took 0ms and failed: symlink() failed: File exists
05-08 16:10:53.362 1 1 I init : Command 'write /config/usb_gadget/g1/UDC ${sys.usb.controller}' action=sys.usb.config=adb && sys.usb.configfs=1 && sys.usb.ffs.ready=1 (/system/etc/init/hw/init.usb.configfs.rc:23) took 0ms and failed: Unable to write to file '/config/usb_gadget/g1/UDC': Unable to write file contents: Device or resource busy
05-08 16:03:01.853 456 485 I RIL : ---> enter mainloop wait at port
05-08 16:03:01.853 456 485 D RIL-DEV : Get modem info
05-08 16:03:01.854 456 485 D RIL-DEV : [05-08_16:03:01:854] idVendor = 1d6b
05-08 16:03:01.854 456 485 D RIL-DEV :
05-08 16:03:01.854 456 485 D RIL-DEV : [05-08_16:03:01:854] idVendor = 1d6b
05-08 16:03:01.854 456 485 D RIL-DEV :
05-08 16:03:01.854 456 485 D RIL-DEV : [05-08_16:03:01:855] idVendor = 1d6b
05-08 16:03:01.854 456 485 D RIL-DEV :
05-08 16:03:01.854 456 485 D RIL-DEV : [05-08_16:03:01:855] idVendor = 0781
05-08 16:03:01.854 456 485 D RIL-DEV :
05-08 16:03:01.854 456 485 D RIL-DEV : [05-08_16:03:01:855] idVendor = 1d6b
05-08 16:03:01.854 456 485 D RIL-DEV :
05-08 16:03:01.855 456 485 E RIL-DEV : Cannot find Meig devices
05-08 16:03:01.855 456 485 I RIL : ---> can't find meig usb devices
05-08 16:10:54.427 6849 6849 I : read descriptors
05-08 16:10:54.427 6849 6849 I : read strings
05-08 16:10:54.428 1 1 I init : processing action (sys.usb.config=adb && sys.usb.configfs=1 && sys.usb.ffs.ready=1) from (/system/etc/init/hw/init.usb.configfs.rc:20)
05-08 16:10:54.431 1 1 I init : Command 'symlink /config/usb_gadget/g1/functions/ffs.adb /config/usb_gadget/g1/configs/b.1/f1' action=sys.usb.config=adb && sys.usb.configfs=1 && sys.usb.ffs.ready=1 (/system/etc/init/hw/init.usb.configfs.rc:22) took 0ms and failed: symlink() failed: File exists
05-08 16:10:54.432 1 1 I init : Command 'write /config/usb_gadget/g1/UDC ${sys.usb.controller}' action=sys.usb.config=adb && sys.usb.configfs=1 && sys.usb.ffs.ready=1 (/system/etc/init/hw/init.usb.configfs.rc:23) took 0ms and failed: Unable to write to file '/config/usb_gadget/g1/UDC': Unable to write file contents: Device or resource busy
05-08 16:10:55.473 6849 6849 I : read descriptors
05-08 16:10:55.474 6849 6849 I : read strings
05-08 16:10:55.475 1 1 I init : processing action (sys.usb.config=adb && sys.usb.configfs=1 && sys.usb.ffs.ready=1) from (/system/etc/init/hw/init.usb.configfs.rc:20)
05-08 16:03:03.855 456 485 I RIL : ---> enter mainloop wait at port
05-08 16:03:03.855 456 485 D RIL-DEV : Get modem info
05-08 16:03:03.856 456 485 D RIL-DEV : [05-08_16:03:03:856] idVendor = 1d6b
05-08 16:03:03.856 456 485 D RIL-DEV :
05-08 16:03:03.856 456 485 D RIL-DEV : [05-08_16:03:03:856] idVendor = 1d6b
05-08 16:03:03.856 456 485 D RIL-DEV :
05-08 16:03:03.856 456 485 D RIL-DEV : [05-08_16:03:03:857] idVendor = 1d6b
05-08 16:03:03.856 456 485 D RIL-DEV :
05-08 16:03:03.857 456 485 D RIL-DEV : [05-08_16:03:03:857] idVendor = 0781
05-08 16:03:03.857 456 485 D RIL-DEV :
05-08 16:03:03.857 456 485 D RIL-DEV : [05-08_16:03:03:857] idVendor = 1d6b
05-08 16:03:03.857 456 485 D RIL-DEV :
05-08 16:03:03.857 456 485 E RIL-DEV : Cannot find Meig devices
05-08 16:03:03.857 456 485 I RIL : ---> can't find meig usb devices
05-08 16:10:56.533 6849 6849 I : read descriptors
05-08 16:10:56.533 6849 6849 I : read strings
05-08 16:10:57.570 6849 6849 I : read descriptors
05-08 16:10:57.570 6849 6849 I : read strings
05-08 16:10:57.572 1 1 I init : processing action (sys.usb.config=adb && sys.usb.configfs=1 && sys.usb.ffs.ready=1) from (/system/etc/init/hw/init.usb.configfs.rc:20)
05-08 16:10:57.576 1 1 I init : Command 'symlink /config/usb_gadget/g1/functions/ffs.adb /config/usb_gadget/g1/configs/b.1/f1' action=sys.usb.config=adb && sys.usb.configfs=1 && sys.usb.ffs.ready=1 (/system/etc/init/hw/init.usb.configfs.rc:22) took 1ms and failed: symlink() failed: File exists
05-08 16:10:57.579 1 1 I init : Command 'write /config/usb_gadget/g1/UDC ${sys.usb.controller}' action=sys.usb.config=adb && sys.usb.configfs=1 && sys.usb.ffs.ready=1 (/system/etc/init/hw/init.usb.configfs.rc:23) took 1ms and failed: Unable to write to file '/config/usb_gadget/g1/UDC': Unable to write file contents: Device or resource busy
05-08 16:03:05.857 456 485 I RIL : ---> enter mainloop wait at port
05-08 16:03:05.858 456 485 D RIL-DEV : Get modem info
05-08 16:03:05.858 456 485 D RIL-DEV : [05-08_16:03:05:859] idVendor = 1d6b
05-08 16:03:05.858 456 485 D RIL-DEV :
05-08 16:03:05.859 456 485 D RIL-DEV : [05-08_16:03:05:859] idVendor = 1d6b
05-08 16:03:05.859 456 485 D RIL-DEV :
05-08 16:03:05.859 456 485 D RIL-DEV : [05-08_16:03:05:859] idVendor = 1d6b
05-08 16:03:05.859 456 485 D RIL-DEV :
05-08 16:03:05.859 456 485 D RIL-DEV : [05-08_16:03:05:860] idVendor = 0781
05-08 16:03:05.859 456 485 D RIL-DEV :
05-08 16:03:05.859 456 485 D RIL-DEV : [05-08_16:03:05:860] idVendor = 1d6b
05-08 16:03:05.859 456 485 D RIL-DEV :
05-08 16:03:05.860 456 485 E RIL-DEV : Cannot find Meig devices
05-08 16:03:05.860 456 485 I RIL : ---> can't find meig usb devices
05-08 16:10:58.613 6849 6849 I : read descriptors
05-08 16:10:58.613 6849 6849 I : read strings
05-08 16:10:58.616 1 1 I init : processing action (sys.usb.config=adb && sys.usb.configfs=1 && sys.usb.ffs.ready=1) from (/system/etc/init/hw/init.usb.configfs.rc:20)
05-08 16:10:58.618 1 1 I init : Command 'symlink /config/usb_gadget/g1/functions/ffs.adb /config/usb_gadget/g1/configs/b.1/f1' action=sys.usb.config=adb && sys.usb.configfs=1 && sys.usb.ffs.ready=1 (/system/etc/init/hw/init.usb.configfs.rc:22) took 0ms and failed: symlink() failed: File exists
05-08 16:10:58.619 1 1 I init : Command 'write /config/usb_gadget/g1/UDC ${sys.usb.controller}' action=sys.usb.config=adb && sys.usb.configfs=1 && sys.usb.ffs.ready=1 (/system/etc/init/hw/init.usb.configfs.rc:23) took 0ms and failed: Unable to write to file '/config/usb_gadget/g1/UDC': Unable to write file contents: Device or resource busy
05-08 16:10:59.657 6849 6849 I : read descriptors
05-08 16:10:59.657 6849 6849 I : read strings
05-08 16:10:59.659 1 1 I init : processing action (sys.usb.config=adb && sys.usb.configfs=1 && sys.usb.ffs.ready=1) from (/system/etc/init/hw/init.usb.configfs.rc:20)
05-08 16:10:59.662 1 1 I init : Command 'symlink /config/usb_gadget/g1/functions/ffs.adb /config/usb_gadget/g1/configs/b.1/f1' action=sys.usb.config=adb && sys.usb.configfs=1 && sys.usb.ffs.ready=1 (/system/etc/init/hw/init.usb.configfs.rc:22) took 1ms and failed: symlink() failed: File exists
05-08 16:10:59.665 1 1 I init : Command 'write /config/usb_gadget/g1/UDC ${sys.usb.controller}' action=sys.usb.config=adb && sys.usb.configfs=1 && sys.usb.ffs.ready=1 (/system/etc/init/hw/init.usb.configfs.rc:23) took 0ms and failed: Unable to write to file '/config/usb_gadget/g1/UDC': Unable to write file contents: Device or resource busy
05-08 16:03:07.860 456 485 I RIL : ---> enter mainloop wait at port
05-08 16:03:07.861 456 485 D RIL-DEV : Get modem info
05-08 16:03:07.861 456 485 D RIL-DEV : [05-08_16:03:07:862] idVendor = 1d6b
05-08 16:03:07.861 456 485 D RIL-DEV :
05-08 16:03:07.862 456 485 D RIL-DEV : [05-08_16:03:07:862] idVendor = 1d6b
05-08 16:03:07.862 456 485 D RIL-DEV :
05-08 16:03:07.862 456 485 D RIL-DEV : [05-08_16:03:07:863] idVendor = 1d6b
05-08 16:03:07.862 456 485 D RIL-DEV :
05-08 16:03:07.862 456 485 D RIL-DEV : [05-08_16:03:07:863] idVendor = 0781
05-08 16:03:07.862 456 485 D RIL-DEV :
05-08 16:03:07.863 456 485 D RIL-DEV : [05-08_16:03:07:863] idVendor = 1d6b
05-08 16:03:07.863 456 485 D RIL-DEV :
05-08 16:03:07.863 456 485 E RIL-DEV : Cannot find Meig devices
05-08 16:03:07.863 456 485 I RIL : ---> can't find meig usb devices
05-08 16:11:00.714 6849 6849 I : read descriptors
05-08 16:11:00.714 6849 6849 I : read strings
05-08 16:11:00.716 1 1 I init : processing action (sys.usb.config=adb && sys.usb.configfs=1 && sys.usb.ffs.ready=1) from (/system/etc/init/hw/init.usb.configfs.rc:20)
05-08 16:11:01.760 6849 6849 I : read descriptors
05-08 16:11:01.760 6849 6849 I : read strings
05-08 16:03:09.863 456 485 I RIL : ---> enter mainloop wait at port
05-08 16:03:09.863 456 485 D RIL-DEV : Get modem info
05-08 16:03:09.864 456 485 D RIL-DEV : [05-08_16:03:09:864] idVendor = 1d6b
05-08 16:03:09.864 456 485 D RIL-DEV :
05-08 16:03:09.864 456 485 D RIL-DEV : [05-08_16:03:09:865] idVendor = 1d6b
05-08 16:03:09.864 456 485 D RIL-DEV :
05-08 16:03:09.865 456 485 D RIL-DEV : [05-08_16:03:09:865] idVendor = 1d6b
05-08 16:03:09.865 456 485 D RIL-DEV :
05-08 16:03:09.865 456 485 D RIL-DEV : [05-08_16:03:09:865] idVendor = 0781
05-08 16:03:09.865 456 485 D RIL-DEV :
05-08 16:03:09.865 456 485 D RIL-DEV : [05-08_16:03:09:866] idVendor = 1d6b
05-08 16:03:09.865 456 485 D RIL-DEV :
05-08 16:03:09.866 456 485 E RIL-DEV : Cannot find Meig devices
05-08 16:03:09.866 456 485 I RIL : ---> can't find meig usb devices
05-08 16:11:02.800 6849 6849 I : read descriptors
05-08 16:11:02.800 6849 6849 I : read strings
05-08 16:11:02.802 1 1 I init : processing action (sys.usb.config=adb && sys.usb.configfs=1 && sys.usb.ffs.ready=1) from (/system/etc/init/hw/init.usb.configfs.rc:20)
05-08 16:11:02.806 1 1 I init : Command 'symlink /config/usb_gadget/g1/functions/ffs.adb /config/usb_gadget/g1/configs/b.1/f1' action=sys.usb.config=adb && sys.usb.configfs=1 && sys.usb.ffs.ready=1 (/system/etc/init/hw/init.usb.configfs.rc:22) took 1ms and failed: symlink() failed: File exists
05-08 16:11:02.808 1 1 I init : Command 'write /config/usb_gadget/g1/UDC ${sys.usb.controller}' action=sys.usb.config=adb && sys.usb.configfs=1 && sys.usb.ffs.ready=1 (/system/etc/init/hw/init.usb.configfs.rc:23) took 2ms and failed: Unable to write to file '/config/usb_gadget/g1/UDC': Unable to write file contents: Device or resource busy
05-08 16:11:03.863 6849 6849 I : read descriptors
05-08 16:11:03.863 6849 6849 I : read strings
05-08 16:11:03.865 1 1 I init : processing action (sys.usb.config=adb && sys.usb.configfs=1 && sys.usb.ffs.ready=1) from (/system/etc/init/hw/init.usb.configfs.rc:20)
05-08 16:11:03.868 1 1 I init : Command 'symlink /config/usb_gadget/g1/functions/ffs.adb /config/usb_gadget/g1/configs/b.1/f1' action=sys.usb.config=adb && sys.usb.configfs=1 && sys.usb.ffs.ready=1 (/system/etc/init/hw/init.usb.configfs.rc:22) took 0ms and failed: symlink() failed: File exists
05-08 16:11:03.869 1 1 I init : Command 'write /config/usb_gadget/g1/UDC ${sys.usb.controller}' action=sys.usb.config=adb && sys.usb.configfs=1 && sys.usb.ffs.ready=1 (/system/etc/init/hw/init.usb.configfs.rc:23) took 0ms and failed: Unable to write to file '/config/usb_gadget/g1/UDC': Unable to write file contents: Device or resource busy
05-08 16:03:11.866 456 485 I RIL : ---> enter mainloop wait at port
05-08 16:03:11.866 456 485 D RIL-DEV : Get modem info
05-08 16:03:11.866 456 485 D RIL-DEV : [05-08_16:03:11:867] idVendor = 1d6b
05-08 16:03:11.866 456 485 D RIL-DEV :
05-08 16:03:11.866 456 485 D RIL-DEV : [05-08_16:03:11:867] idVendor = 1d6b
05-08 16:03:11.866 456 485 D RIL-DEV :
05-08 16:03:11.867 456 485 D RIL-DEV : [05-08_16:03:11:867] idVendor = 1d6b
05-08 16:03:11.867 456 485 D RIL-DEV :
05-08 16:03:11.867 456 485 D RIL-DEV : [05-08_16:03:11:867] idVendor = 0781
05-08 16:03:11.867 456 485 D RIL-DEV :
05-08 16:03:11.867 456 485 D RIL-DEV : [05-08_16:03:11:867] idVendor = 1d6b
05-08 16:03:11.867 456 485 D RIL-DEV :
05-08 16:03:11.867 456 485 E RIL-DEV : Cannot find Meig devices
05-08 16:03:11.867 456 485 I RIL : ---> can't find meig usb devices
05-08 16:11:04.903 6849 6849 I : read descriptors
05-08 16:11:04.903 6849 6849 I : read strings
05-08 16:11:04.905 1 1 I init : processing action (sys.usb.config=adb && sys.usb.configfs=1 && sys.usb.ffs.ready=1) from (/system/etc/init/hw/init.usb.configfs.rc:20)
05-08 16:11:04.908 1 1 I init : Command 'symlink /config/usb_gadget/g1/functions/ffs.adb /config/usb_gadget/g1/configs/b.1/f1' action=sys.usb.config=adb && sys.usb.configfs=1 && sys.usb.ffs.ready=1 (/system/etc/init/hw/init.usb.configfs.rc:22) took 0ms and failed: symlink() failed: File exists
05-08 16:11:04.909 1 1 I init : Command 'write /config/usb_gadget/g1/UDC ${sys.usb.controller}' action=sys.usb.config=adb && sys.usb.configfs=1 && sys.usb.ffs.ready=1 (/system/etc/init/hw/init.usb.configfs.rc:23) took 0ms and failed: Unable to write to file '/config/usb_gadget/g1/UDC': Unable to write file contents: Device or resource busy
05-08 16:11:05.950 6849 6849 I : read descriptors
05-08 16:11:05.950 6849 6849 I : read strings
05-08 16:11:05.951 1 1 I init : processing action (sys.usb.config=adb && sys.usb.configfs=1 && sys.usb.ffs.ready=1) from (/system/etc/init/hw/init.usb.configfs.rc:20)
05-08 16:03:13.867 456 485 I RIL : ---> enter mainloop wait at port
05-08 16:03:13.867 456 485 D RIL-DEV : Get modem info
05-08 16:03:13.869 456 485 D RIL-DEV : [05-08_16:03:13:869] idVendor = 1d6b
05-08 16:03:13.869 456 485 D RIL-DEV :
05-08 16:03:13.869 456 485 D RIL-DEV : [05-08_16:03:13:869] idVendor = 1d6b
05-08 16:03:13.869 456 485 D RIL-DEV :
05-08 16:03:13.870 456 485 D RIL-DEV : [05-08_16:03:13:870] idVendor = 1d6b
05-08 16:03:13.870 456 485 D RIL-DEV :
05-08 16:03:13.870 456 485 D RIL-DEV : [05-08_16:03:13:870] idVendor = 0781
05-08 16:03:13.870 456 485 D RIL-DEV :
05-08 16:03:13.870 456 485 D RIL-DEV : [05-08_16:03:13:871] idVendor = 1d6b
05-08 16:03:13.870 456 485 D RIL-DEV :
05-08 16:03:13.871 456 485 E RIL-DEV : Cannot find Meig devices
05-08 16:03:13.871 456 485 I RIL : ---> can't find meig usb devices
05-08 16:11:07.010 6849 6849 I : read descriptors
05-08 16:11:07.010 6849 6849 I : read strings
05-08 16:11:08.050 6849 6849 I : read descriptors
05-08 16:11:08.050 6849 6849 I : read strings
05-08 16:11:08.052 1 1 I init : processing action (sys.usb.config=adb && sys.usb.configfs=1 && sys.usb.ffs.ready=1) from (/system/etc/init/hw/init.usb.configfs.rc:20)
05-08 16:11:08.055 1 1 I init : Command 'symlink /config/usb_gadget/g1/functions/ffs.adb /config/usb_gadget/g1/configs/b.1/f1' action=sys.usb.config=adb && sys.usb.configfs=1 && sys.usb.ffs.ready=1 (/system/etc/init/hw/init.usb.configfs.rc:22) took 0ms and failed: symlink() failed: File exists
05-08 16:11:08.059 1 1 I init : Command 'write /config/usb_gadget/g1/UDC ${sys.usb.controller}' action=sys.usb.config=adb && sys.usb.configfs=1 && sys.usb.ffs.ready=1 (/system/etc/init/hw/init.usb.configfs.rc:23) took 4ms and failed: Unable to write to file '/config/usb_gadget/g1/UDC': Unable to write file contents: Device or resource busy
05-08 16:03:15.871 456 485 I RIL : ---> enter mainloop wait at port
05-08 16:03:15.871 456 485 D RIL-DEV : Get modem info
05-08 16:03:15.872 456 485 D RIL-DEV : [05-08_16:03:15:872] idVendor = 1d6b
05-08 16:03:15.872 456 485 D RIL-DEV :
05-08 16:03:15.872 456 485 D RIL-DEV : [05-08_16:03:15:872] idVendor = 1d6b
05-08 16:03:15.872 456 485 D RIL-DEV :
05-08 16:03:15.872 456 485 D RIL-DEV : [05-08_16:03:15:873] idVendor = 1d6b
05-08 16:03:15.872 456 485 D RIL-DEV :
05-08 16:03:15.872 456 485 D RIL-DEV : [05-08_16:03:15:873] idVendor = 0781
05-08 16:03:15.872 456 485 D RIL-DEV :
05-08 16:03:15.873 456 485 D RIL-DEV : [05-08_16:03:15:873] idVendor = 1d6b
05-08 16:03:15.873 456 485 D RIL-DEV :
05-08 16:03:15.873 456 485 E RIL-DEV : Cannot find Meig devices
05-08 16:03:15.873 456 485 I RIL : ---> can't find meig usb devices
05-08 16:11:09.117 6849 6849 I : read descriptors
05-08 16:11:09.117 6849 6849 I : read strings
05-08 16:11:09.119 1 1 I init : processing action (sys.usb.config=adb && sys.usb.configfs=1 && sys.usb.ffs.ready=1) from (/system/etc/init/hw/init.usb.configfs.rc:20)
05-08 16:11:09.121 1 1 I init : Command 'symlink /config/usb_gadget/g1/functions/ffs.adb /config/usb_gadget/g1/configs/b.1/f1' action=sys.usb.config=adb && sys.usb.configfs=1 && sys.usb.ffs.ready=1 (/system/etc/init/hw/init.usb.configfs.rc:22) took 0ms and failed: symlink() failed: File exists
05-08 16:11:09.122 1 1 I init : Command 'write /config/usb_gadget/g1/UDC ${sys.usb.controller}' action=sys.usb.config=adb && sys.usb.configfs=1 && sys.usb.ffs.ready=1 (/system/etc/init/hw/init.usb.configfs.rc:23) took 0ms and failed: Unable to write to file '/config/usb_gadget/g1/UDC': Unable to write file contents: Device or resource busy
05-08 16:03:17.873 456 485 I RIL : ---> enter mainloop wait at port
05-08 16:03:17.874 456 485 D RIL-DEV : Get modem info
05-08 16:03:17.874 456 485 D RIL-DEV : [05-08_16:03:17:875] idVendor = 1d6b
05-08 16:03:17.874 456 485 D RIL-DEV :
05-08 16:03:17.874 456 485 D RIL-DEV : [05-08_16:03:17:875] idVendor = 1d6b
05-08 16:03:17.874 456 485 D RIL-DEV :
05-08 16:03:17.884 456 485 D RIL-DEV : [05-08_16:03:17:885] idVendor = 1d6b
05-08 16:03:17.884 456 485 D RIL-DEV :
05-08 16:03:17.885 456 485 D RIL-DEV : [05-08_16:03:17:885] idVendor = 0781
05-08 16:03:17.885 456 485 D RIL-DEV :
05-08 16:03:17.885 456 485 D RIL-DEV : [05-08_16:03:17:885] idVendor = 1d6b
05-08 16:03:17.885 456 485 D RIL-DEV :
05-08 16:03:17.885 456 485 E RIL-DEV : Cannot find Meig devices
05-08 16:03:17.885 456 485 I RIL : ---> can't find meig usb devices
05-08 16:11:10.180 6849 6849 I : read descriptors
05-08 16:11:10.180 6849 6849 I : read strings
05-08 16:11:10.181 1 1 I init : processing action (sys.usb.config=adb && sys.usb.configfs=1 && sys.usb.ffs.ready=1) from (/system/etc/init/hw/init.usb.configfs.rc:20)
05-08 16:11:10.183 1 1 I init : Command 'symlink /config/usb_gadget/g1/functions/ffs.adb /config/usb_gadget/g1/configs/b.1/f1' action=sys.usb.config=adb && sys.usb.configfs=1 && sys.usb.ffs.ready=1 (/system/etc/init/hw/init.usb.configfs.rc:22) took 0ms and failed: symlink() failed: File exists
05-08 16:11:10.184 1 1 I init : Command 'write /config/usb_gadget/g1/UDC ${sys.usb.controller}' action=sys.usb.config=adb && sys.usb.configfs=1 && sys.usb.ffs.ready=1 (/system/etc/init/hw/init.usb.configfs.rc:23) took 0ms and failed: Unable to write to file '/config/usb_gadget/g1/UDC': Unable to write file contents: Device or resource busy
05-08 16:11:10.823 431 431 W healthd : battery l=45 v=7470 t=33.5 h=1 st=3 c=-512000 fc=9700000 cc=5 chg=
05-08 16:11:11.220 6849 6849 I : read descriptors
05-08 16:11:11.220 6849 6849 I : read strings
05-08 16:11:11.221 1 1 I init : processing action (sys.usb.config=adb && sys.usb.configfs=1 && sys.usb.ffs.ready=1) from (/system/etc/init/hw/init.usb.configfs.rc:20)
05-08 16:03:19.885 456 485 I RIL : ---> enter mainloop wait at port
05-08 16:03:19.886 456 485 D RIL-DEV : Get modem info
05-08 16:03:19.886 456 485 D RIL-DEV : [05-08_16:03:19:886] idVendor = 1d6b
05-08 16:03:19.886 456 485 D RIL-DEV :
05-08 16:03:19.886 456 485 D RIL-DEV : [05-08_16:03:19:887] idVendor = 1d6b
05-08 16:03:19.886 456 485 D RIL-DEV :
05-08 16:03:19.887 456 485 D RIL-DEV : [05-08_16:03:19:887] idVendor = 1d6b
05-08 16:03:19.887 456 485 D RIL-DEV :
05-08 16:03:19.887 456 485 D RIL-DEV : [05-08_16:03:19:887] idVendor = 0781
05-08 16:03:19.887 456 485 D RIL-DEV :
05-08 16:03:19.887 456 485 D RIL-DEV : [05-08_16:03:19:887] idVendor = 1d6b
05-08 16:03:19.887 456 485 D RIL-DEV :
05-08 16:03:19.887 456 485 E RIL-DEV : Cannot find Meig devices
05-08 16:03:19.887 456 485 I RIL : ---> can't find meig usb devices
05-08 16:11:12.270 6849 6849 I : read descriptors
05-08 16:11:12.270 6849 6849 I : read strings
05-08 16:11:13.330 6849 6849 I : read descriptors
05-08 16:11:13.330 6849 6849 I : read strings
05-08 16:11:13.334 1 1 I init : processing action (sys.usb.config=adb && sys.usb.configfs=1 && sys.usb.ffs.ready=1) from (/system/etc/init/hw/init.usb.configfs.rc:20)
05-08 16:11:13.335 1 1 I init : Command 'symlink /config/usb_gadget/g1/functions/ffs.adb /config/usb_gadget/g1/configs/b.1/f1' action=sys.usb.config=adb && sys.usb.configfs=1 && sys.usb.ffs.ready=1 (/system/etc/init/hw/init.usb.configfs.rc:22) took 0ms and failed: symlink() failed: File exists
05-08 16:11:13.336 1 1 I init : Command 'write /config/usb_gadget/g1/UDC ${sys.usb.controller}' action=sys.usb.config=adb && sys.usb.configfs=1 && sys.usb.ffs.ready=1 (/system/etc/init/hw/init.usb.configfs.rc:23) took 0ms and failed: Unable to write to file '/config/usb_gadget/g1/UDC': Unable to write file contents: Device or resource busy
05-08 16:03:21.888 456 485 I RIL : ---> enter mainloop wait at port
05-08 16:03:21.888 456 485 D RIL-DEV : Get modem info
05-08 16:03:21.888 456 485 D RIL-DEV : [05-08_16:03:21:889] idVendor = 1d6b
05-08 16:03:21.888 456 485 D RIL-DEV :
05-08 16:03:21.889 456 485 D RIL-DEV : [05-08_16:03:21:889] idVendor = 1d6b
05-08 16:03:21.889 456 485 D RIL-DEV :
05-08 16:03:21.889 456 485 D RIL-DEV : [05-08_16:03:21:890] idVendor = 1d6b
05-08 16:03:21.889 456 485 D RIL-DEV :
05-08 16:03:21.889 456 485 D RIL-DEV : [05-08_16:03:21:890] idVendor = 0781
05-08 16:03:21.889 456 485 D RIL-DEV :
05-08 16:03:21.890 456 485 D RIL-DEV : [05-08_16:03:21:890] idVendor = 1d6b
05-08 16:03:21.890 456 485 D RIL-DEV :
05-08 16:03:21.890 456 485 E RIL-DEV : Cannot find Meig devices
05-08 16:03:21.890 456 485 I RIL : ---> can't find meig usb devices
05-08 16:11:14.377 6849 6849 I : read descriptors
05-08 16:11:14.377 6849 6849 I : read strings
05-08 16:11:14.380 1 1 I init : processing action (sys.usb.config=adb && sys.usb.configfs=1 && sys.usb.ffs.ready=1) from (/system/etc/init/hw/init.usb.configfs.rc:20)
05-08 16:11:14.382 1 1 I init : Command 'symlink /config/usb_gadget/g1/functions/ffs.adb /config/usb_gadget/g1/configs/b.1/f1' action=sys.usb.config=adb && sys.usb.configfs=1 && sys.usb.ffs.ready=1 (/system/etc/init/hw/init.usb.configfs.rc:22) took 0ms and failed: symlink() failed: File exists
05-08 16:11:14.382 1 1 I init : Command 'write /config/usb_gadget/g1/UDC ${sys.usb.controller}' action=sys.usb.config=adb && sys.usb.configfs=1 && sys.usb.ffs.ready=1 (/system/etc/init/hw/init.usb.configfs.rc:23) took 0ms and failed: Unable to write to file '/config/usb_gadget/g1/UDC': Unable to write file contents: Device or resource busy
05-08 16:11:15.433 6849 6849 I : read descriptors
05-08 16:11:15.433 6849 6849 I : read strings
05-08 16:11:15.437 1 1 I init : processing action (sys.usb.config=adb && sys.usb.configfs=1 && sys.usb.ffs.ready=1) from (/system/etc/init/hw/init.usb.configfs.rc:20)
05-08 16:11:15.438 1 1 I init : Command 'symlink /config/usb_gadget/g1/functions/ffs.adb /config/usb_gadget/g1/configs/b.1/f1' action=sys.usb.config=adb && sys.usb.configfs=1 && sys.usb.ffs.ready=1 (/system/etc/init/hw/init.usb.configfs.rc:22) took 0ms and failed: symlink() failed: File exists
05-08 16:11:15.438 1 1 I init : Command 'write /config/usb_gadget/g1/UDC ${sys.usb.controller}' action=sys.usb.config=adb && sys.usb.configfs=1 && sys.usb.ffs.ready=1 (/system/etc/init/hw/init.usb.configfs.rc:23) took 0ms and failed: Unable to write to file '/config/usb_gadget/g1/UDC': Unable to write file contents: Device or resource busy
05-08 16:03:23.890 456 485 I RIL : ---> enter mainloop wait at port
05-08 16:03:23.890 456 485 D RIL-DEV : Get modem info
05-08 16:03:23.891 456 485 D RIL-DEV : [05-08_16:03:23:891] idVendor = 1d6b
05-08 16:03:23.891 456 485 D RIL-DEV :
05-08 16:03:23.891 456 485 D RIL-DEV : [05-08_16:03:23:892] idVendor = 1d6b
05-08 16:03:23.891 456 485 D RIL-DEV :
05-08 16:03:23.892 456 485 D RIL-DEV : [05-08_16:03:23:892] idVendor = 1d6b
05-08 16:03:23.892 456 485 D RIL-DEV :
05-08 16:03:23.892 456 485 D RIL-DEV : [05-08_16:03:23:892] idVendor = 0781
05-08 16:03:23.892 456 485 D RIL-DEV :
05-08 16:03:23.892 456 485 D RIL-DEV : [05-08_16:03:23:893] idVendor = 1d6b
05-08 16:03:23.892 456 485 D RIL-DEV :
05-08 16:03:23.893 456 485 E RIL-DEV : Cannot find Meig devices
05-08 16:03:23.893 456 485 I RIL : ---> can't find meig usb devices
05-08 16:11:16.473 6849 6849 I : read descriptors
05-08 16:11:16.473 6849 6849 I : read strings
05-08 16:11:16.475 1 1 I init : processing action (sys.usb.config=adb && sys.usb.configfs=1 && sys.usb.ffs.ready=1) from (/system/etc/init/hw/init.usb.configfs.rc:20)
05-08 16:11:17.516 6849 6849 I : read descriptors
05-08 16:11:17.516 6849 6849 I : read strings
05-08 16:03:25.893 456 485 I RIL : ---> enter mainloop wait at port
05-08 16:03:25.893 456 485 D RIL-DEV : Get modem info
05-08 16:03:25.894 456 485 D RIL-DEV : [05-08_16:03:25:894] idVendor = 1d6b
05-08 16:03:25.894 456 485 D RIL-DEV :
05-08 16:03:25.894 456 485 D RIL-DEV : [05-08_16:03:25:894] idVendor = 1d6b
05-08 16:03:25.894 456 485 D RIL-DEV :
05-08 16:03:25.894 456 485 D RIL-DEV : [05-08_16:03:25:895] idVendor = 1d6b
05-08 16:03:25.894 456 485 D RIL-DEV :
05-08 16:03:25.895 456 485 D RIL-DEV : [05-08_16:03:25:895] idVendor = 0781
05-08 16:03:25.895 456 485 D RIL-DEV :
05-08 16:03:25.895 456 485 D RIL-DEV : [05-08_16:03:25:895] idVendor = 1d6b
05-08 16:03:25.895 456 485 D RIL-DEV :
05-08 16:03:25.895 456 485 E RIL-DEV : Cannot find Meig devices
05-08 16:03:25.895 456 485 I RIL : ---> can't find meig usb devices
05-08 16:11:18.576 6849 6849 I : read descriptors
05-08 16:11:18.577 6849 6849 I : read strings
05-08 16:11:18.578 1 1 I init : processing action (sys.usb.config=adb && sys.usb.configfs=1 && sys.usb.ffs.ready=1) from (/system/etc/init/hw/init.usb.configfs.rc:20)
05-08 16:11:18.581 1 1 I init : Command 'symlink /config/usb_gadget/g1/functions/ffs.adb /config/usb_gadget/g1/configs/b.1/f1' action=sys.usb.config=adb && sys.usb.configfs=1 && sys.usb.ffs.ready=1 (/system/etc/init/hw/init.usb.configfs.rc:22) took 0ms and failed: symlink() failed: File exists
05-08 16:11:18.582 1 1 I init : Command 'write /config/usb_gadget/g1/UDC ${sys.usb.controller}' action=sys.usb.config=adb && sys.usb.configfs=1 && sys.usb.ffs.ready=1 (/system/etc/init/hw/init.usb.configfs.rc:23) took 0ms and failed: Unable to write to file '/config/usb_gadget/g1/UDC': Unable to write file contents: Device or resource busy
05-08 16:11:19.620 6849 6849 I : read descriptors
05-08 16:11:19.620 6849 6849 I : read strings
05-08 16:11:19.622 1 1 I init : processing action (sys.usb.config=adb && sys.usb.configfs=1 && sys.usb.ffs.ready=1) from (/system/etc/init/hw/init.usb.configfs.rc:20)
05-08 16:11:19.625 1 1 I init : Command 'symlink /config/usb_gadget/g1/functions/ffs.adb /config/usb_gadget/g1/configs/b.1/f1' action=sys.usb.config=adb && sys.usb.configfs=1 && sys.usb.ffs.ready=1 (/system/etc/init/hw/init.usb.configfs.rc:22) took 0ms and failed: symlink() failed: File exists
05-08 16:11:19.626 1 1 I init : Command 'write /config/usb_gadget/g1/UDC ${sys.usb.controller}' action=sys.usb.config=adb && sys.usb.configfs=1 && sys.usb.ffs.ready=1 (/system/etc/init/hw/init.usb.configfs.rc:23) took 0ms and failed: Unable to write to file '/config/usb_gadget/g1/UDC': Unable to write file contents: Device or resource busy
05-08 16:03:27.896 456 485 I RIL : ---> enter mainloop wait at port
05-08 16:03:27.896 456 485 D RIL-DEV : Get modem info
05-08 16:03:27.896 456 485 D RIL-DEV : [05-08_16:03:27:897] idVendor = 1d6b
05-08 16:03:27.896 456 485 D RIL-DEV :
05-08 16:03:27.897 456 485 D RIL-DEV : [05-08_16:03:27:897] idVendor = 1d6b
05-08 16:03:27.897 456 485 D RIL-DEV :
05-08 16:03:27.897 456 485 D RIL-DEV : [05-08_16:03:27:898] idVendor = 1d6b
05-08 16:03:27.897 456 485 D RIL-DEV :
05-08 16:03:27.897 456 485 D RIL-DEV : [05-08_16:03:27:898] idVendor = 0781
05-08 16:03:27.897 456 485 D RIL-DEV :
05-08 16:03:27.898 456 485 D RIL-DEV : [05-08_16:03:27:898] idVendor = 1d6b
05-08 16:03:27.898 456 485 D RIL-DEV :
05-08 16:03:27.898 456 485 E RIL-DEV : Cannot find Meig devices
05-08 16:03:27.898 456 485 I RIL : ---> can't find meig usb devices
05-08 16:11:20.677 6849 6849 I : read descriptors
05-08 16:11:20.677 6849 6849 I : read strings
05-08 16:11:20.680 1 1 I init : processing action (sys.usb.config=adb && sys.usb.configfs=1 && sys.usb.ffs.ready=1) from (/system/etc/init/hw/init.usb.configfs.rc:20)
05-08 16:11:20.681 1 1 I init : Command 'symlink /config/usb_gadget/g1/functions/ffs.adb /config/usb_gadget/g1/configs/b.1/f1' action=sys.usb.config=adb && sys.usb.configfs=1 && sys.usb.ffs.ready=1 (/system/etc/init/hw/init.usb.configfs.rc:22) took 0ms and failed: symlink() failed: File exists
05-08 16:11:20.681 1 1 I init : Command 'write /config/usb_gadget/g1/UDC ${sys.usb.controller}' action=sys.usb.config=adb && sys.usb.configfs=1 && sys.usb.ffs.ready=1 (/system/etc/init/hw/init.usb.configfs.rc:23) took 0ms and failed: Unable to write to file '/config/usb_gadget/g1/UDC': Unable to write file contents: Device or resource busy
05-08 16:11:21.743 6849 6849 I : read descriptors
05-08 16:11:21.743 6849 6849 I : read strings
05-08 16:11:21.745 1 1 I init : processing action (sys.usb.config=adb && sys.usb.configfs=1 && sys.usb.ffs.ready=1) from (/system/etc/init/hw/init.usb.configfs.rc:20)
05-08 16:03:29.898 456 485 I RIL : ---> enter mainloop wait at port
05-08 16:03:29.899 456 485 D RIL-DEV : Get modem info
05-08 16:03:29.899 456 485 D RIL-DEV : [05-08_16:03:29:900] idVendor = 1d6b
05-08 16:03:29.899 456 485 D RIL-DEV :
05-08 16:03:29.899 456 485 D RIL-DEV : [05-08_16:03:29:900] idVendor = 1d6b
05-08 16:03:29.899 456 485 D RIL-DEV :
05-08 16:03:29.900 456 485 D RIL-DEV : [05-08_16:03:29:900] idVendor = 1d6b
05-08 16:03:29.900 456 485 D RIL-DEV :
05-08 16:03:29.900 456 485 D RIL-DEV : [05-08_16:03:29:901] idVendor = 0781
05-08 16:03:29.900 456 485 D RIL-DEV :
05-08 16:03:29.901 456 485 D RIL-DEV : [05-08_16:03:29:901] idVendor = 1d6b
05-08 16:03:29.901 456 485 D RIL-DEV :
05-08 16:03:29.901 456 485 E RIL-DEV : Cannot find Meig devices
05-08 16:03:29.901 456 485 I RIL : ---> can't find meig usb devices
05-08 16:11:22.793 6849 6849 I : read descriptors
05-08 16:11:22.794 6849 6849 I : read strings
05-08 16:11:23.860 6849 6849 I : read descriptors
05-08 16:11:23.860 6849 6849 I : read strings
05-08 16:11:23.864 1 1 I init : processing action (sys.usb.config=adb && sys.usb.configfs=1 && sys.usb.ffs.ready=1) from (/system/etc/init/hw/init.usb.configfs.rc:20)
05-08 16:11:23.865 1 1 I init : Command 'symlink /config/usb_gadget/g1/functions/ffs.adb /config/usb_gadget/g1/configs/b.1/f1' action=sys.usb.config=adb && sys.usb.configfs=1 && sys.usb.ffs.ready=1 (/system/etc/init/hw/init.usb.configfs.rc:22) took 0ms and failed: symlink() failed: File exists
05-08 16:11:23.866 1 1 I init : Command 'write /config/usb_gadget/g1/UDC ${sys.usb.controller}' action=sys.usb.config=adb && sys.usb.configfs=1 && sys.usb.ffs.ready=1 (/system/etc/init/hw/init.usb.configfs.rc:23) took 0ms and failed: Unable to write to file '/config/usb_gadget/g1/UDC': Unable to write file contents: Device or resource busy
05-08 16:03:31.902 456 485 I RIL : ---> enter mainloop wait at port
05-08 16:03:31.902 456 485 D RIL-DEV : Get modem info
05-08 16:03:31.902 456 485 D RIL-DEV : [05-08_16:03:31:903] idVendor = 1d6b
05-08 16:03:31.902 456 485 D RIL-DEV :
05-08 16:03:31.903 456 485 D RIL-DEV : [05-08_16:03:31:903] idVendor = 1d6b
05-08 16:03:31.903 456 485 D RIL-DEV :
05-08 16:03:31.903 456 485 D RIL-DEV : [05-08_16:03:31:904] idVendor = 1d6b
05-08 16:03:31.903 456 485 D RIL-DEV :
05-08 16:03:31.904 456 485 D RIL-DEV : [05-08_16:03:31:904] idVendor = 0781
05-08 16:03:31.904 456 485 D RIL-DEV :
05-08 16:03:31.904 456 485 D RIL-DEV : [05-08_16:03:31:904] idVendor = 1d6b
05-08 16:03:31.904 456 485 D RIL-DEV :
05-08 16:03:31.904 456 485 E RIL-DEV : Cannot find Meig devices
05-08 16:03:31.904 456 485 I RIL : ---> can't find meig usb devices
05-08 16:11:24.910 6849 6849 I : read descriptors
05-08 16:11:24.910 6849 6849 I : read strings
05-08 16:11:24.914 1 1 I init : processing action (sys.usb.config=adb && sys.usb.configfs=1 && sys.usb.ffs.ready=1) from (/system/etc/init/hw/init.usb.configfs.rc:20)
05-08 16:11:24.915 1 1 I init : Command 'symlink /config/usb_gadget/g1/functions/ffs.adb /config/usb_gadget/g1/configs/b.1/f1' action=sys.usb.config=adb && sys.usb.configfs=1 && sys.usb.ffs.ready=1 (/system/etc/init/hw/init.usb.configfs.rc:22) took 0ms and failed: symlink() failed: File exists
05-08 16:11:24.915 1 1 I init : Command 'write /config/usb_gadget/g1/UDC ${sys.usb.controller}' action=sys.usb.config=adb && sys.usb.configfs=1 && sys.usb.ffs.ready=1 (/system/etc/init/hw/init.usb.configfs.rc:23) took 0ms and failed: Unable to write to file '/config/usb_gadget/g1/UDC': Unable to write file contents: Device or resource busy
05-08 16:11:25.973 6849 6849 I : read descriptors
05-08 16:11:25.973 6849 6849 I : read strings
05-08 16:11:25.977 1 1 I init : processing action (sys.usb.config=adb && sys.usb.configfs=1 && sys.usb.ffs.ready=1) from (/system/etc/init/hw/init.usb.configfs.rc:20)
05-08 16:11:25.978 1 1 I init : Command 'symlink /config/usb_gadget/g1/functions/ffs.adb /config/usb_gadget/g1/configs/b.1/f1' action=sys.usb.config=adb && sys.usb.configfs=1 && sys.usb.ffs.ready=1 (/system/etc/init/hw/init.usb.configfs.rc:22) took 0ms and failed: symlink() failed: File exists
05-08 16:11:25.979 1 1 I init : Command 'write /config/usb_gadget/g1/UDC ${sys.usb.controller}' action=sys.usb.config=adb && sys.usb.configfs=1 && sys.usb.ffs.ready=1 (/system/etc/init/hw/init.usb.configfs.rc:23) took 0ms and failed: Unable to write to file '/config/usb_gadget/g1/UDC': Unable to write file contents: Device or resource busy
05-08 16:03:33.905 456 485 I RIL : ---> enter mainloop wait at port
05-08 16:03:33.905 456 485 D RIL-DEV : Get modem info
05-08 16:03:33.905 456 485 D RIL-DEV : [05-08_16:03:33:906] idVendor = 1d6b
05-08 16:03:33.905 456 485 D RIL-DEV :
05-08 16:03:33.906 456 485 D RIL-DEV : [05-08_16:03:33:906] idVendor = 1d6b
05-08 16:03:33.906 456 485 D RIL-DEV :
05-08 16:03:33.906 456 485 D RIL-DEV : [05-08_16:03:33:906] idVendor = 1d6b
05-08 16:03:33.906 456 485 D RIL-DEV :
05-08 16:03:33.906 456 485 D RIL-DEV : [05-08_16:03:33:907] idVendor = 0781
05-08 16:03:33.906 456 485 D RIL-DEV :
05-08 16:03:33.906 456 485 D RIL-DEV : [05-08_16:03:33:907] idVendor = 1d6b
05-08 16:03:33.906 456 485 D RIL-DEV :
05-08 16:03:33.907 456 485 E RIL-DEV : Cannot find Meig devices
05-08 16:03:33.907 456 485 I RIL : ---> can't find meig usb devices
05-08 16:11:27.010 6849 6849 I : read descriptors
05-08 16:11:27.010 6849 6849 I : read strings
05-08 16:11:27.012 1 1 I init : processing action (sys.usb.config=adb && sys.usb.configfs=1 && sys.usb.ffs.ready=1) from (/system/etc/init/hw/init.usb.configfs.rc:20)
05-08 16:11:28.053 6849 6849 I : read descriptors
05-08 16:11:28.053 6849 6849 I : read strings
05-08 16:03:35.907 456 485 I RIL : ---> enter mainloop wait at port
05-08 16:03:35.907 456 485 D RIL-DEV : Get modem info
05-08 16:03:35.908 456 485 D RIL-DEV : [05-08_16:03:35:908] idVendor = 1d6b
05-08 16:03:35.908 456 485 D RIL-DEV :
05-08 16:03:35.908 456 485 D RIL-DEV : [05-08_16:03:35:909] idVendor = 1d6b
05-08 16:03:35.908 456 485 D RIL-DEV :
05-08 16:03:35.908 456 485 D RIL-DEV : [05-08_16:03:35:909] idVendor = 1d6b
05-08 16:03:35.908 456 485 D RIL-DEV :
05-08 16:03:35.909 456 485 D RIL-DEV : [05-08_16:03:35:909] idVendor = 0781
05-08 16:03:35.909 456 485 D RIL-DEV :
05-08 16:03:35.909 456 485 D RIL-DEV : [05-08_16:03:35:909] idVendor = 1d6b
05-08 16:03:35.909 456 485 D RIL-DEV :
05-08 16:03:35.909 456 485 E RIL-DEV : Cannot find Meig devices
05-08 16:03:35.909 456 485 I RIL : ---> can't find meig usb devices
05-08 16:11:29.123 6849 6849 I : read descriptors
05-08 16:11:29.123 6849 6849 I : read strings
05-08 16:11:29.125 1 1 I init : processing action (sys.usb.config=adb && sys.usb.configfs=1 && sys.usb.ffs.ready=1) from (/system/etc/init/hw/init.usb.configfs.rc:20)
05-08 16:11:29.126 1 1 I init : Command 'symlink /config/usb_gadget/g1/functions/ffs.adb /config/usb_gadget/g1/configs/b.1/f1' action=sys.usb.config=adb && sys.usb.configfs=1 && sys.usb.ffs.ready=1 (/system/etc/init/hw/init.usb.configfs.rc:22) took 0ms and failed: symlink() failed: File exists
05-08 16:11:29.127 1 1 I init : Command 'write /config/usb_gadget/g1/UDC ${sys.usb.controller}' action=sys.usb.config=adb && sys.usb.configfs=1 && sys.usb.ffs.ready=1 (/system/etc/init/hw/init.usb.configfs.rc:23) took 0ms and failed: Unable to write to file '/config/usb_gadget/g1/UDC': Unable to write file contents: Device or resource busy
05-08 16:03:37.910 456 485 I RIL : ---> enter mainloop wait at port
05-08 16:03:37.910 456 485 D RIL-DEV : Get modem info
05-08 16:03:37.910 456 485 D RIL-DEV : [05-08_16:03:37:911] idVendor = 1d6b
05-08 16:03:37.910 456 485 D RIL-DEV :
05-08 16:03:37.911 456 485 D RIL-DEV : [05-08_16:03:37:911] idVendor = 1d6b
05-08 16:03:37.911 456 485 D RIL-DEV :
05-08 16:03:37.911 456 485 D RIL-DEV : [05-08_16:03:37:912] idVendor = 1d6b
05-08 16:03:37.911 456 485 D RIL-DEV :
05-08 16:03:37.911 456 485 D RIL-DEV : [05-08_16:03:37:912] idVendor = 0781
05-08 16:03:37.911 456 485 D RIL-DEV :
05-08 16:03:37.912 456 485 D RIL-DEV : [05-08_16:03:37:912] idVendor = 1d6b
05-08 16:03:37.912 456 485 D RIL-DEV :
05-08 16:03:37.912 456 485 E RIL-DEV : Cannot find Meig devices
05-08 16:03:37.912 456 485 I RIL : ---> can't find meig usb devices
05-08 16:11:30.167 6849 6849 I : read descriptors
05-08 16:11:30.167 6849 6849 I : read strings
05-08 16:11:30.168 1 1 I init : processing action (sys.usb.config=adb && sys.usb.configfs=1 && sys.usb.ffs.ready=1) from (/system/etc/init/hw/init.usb.configfs.rc:20)
05-08 16:11:30.171 1 1 I init : Command 'symlink /config/usb_gadget/g1/functions/ffs.adb /config/usb_gadget/g1/configs/b.1/f1' action=sys.usb.config=adb && sys.usb.configfs=1 && sys.usb.ffs.ready=1 (/system/etc/init/hw/init.usb.configfs.rc:22) took 0ms and failed: symlink() failed: File exists
05-08 16:11:30.172 1 1 I init : Command 'write /config/usb_gadget/g1/UDC ${sys.usb.controller}' action=sys.usb.config=adb && sys.usb.configfs=1 && sys.usb.ffs.ready=1 (/system/etc/init/hw/init.usb.configfs.rc:23) took 0ms and failed: Unable to write to file '/config/usb_gadget/g1/UDC': Unable to write file contents: Device or resource busy
05-08 16:11:31.223 6849 6849 I : read descriptors
05-08 16:11:31.223 6849 6849 I : read strings
05-08 16:11:31.227 1 1 I init : processing action (sys.usb.config=adb && sys.usb.configfs=1 && sys.usb.ffs.ready=1) from (/system/etc/init/hw/init.usb.configfs.rc:20)
05-08 16:11:31.229 1 1 I init : Command 'symlink /config/usb_gadget/g1/functions/ffs.adb /config/usb_gadget/g1/configs/b.1/f1' action=sys.usb.config=adb && sys.usb.configfs=1 && sys.usb.ffs.ready=1 (/system/etc/init/hw/init.usb.configfs.rc:22) took 0ms and failed: symlink() failed: File exists
05-08 16:11:31.230 1 1 I init : Command 'write /config/usb_gadget/g1/UDC ${sys.usb.controller}' action=sys.usb.config=adb && sys.usb.configfs=1 && sys.usb.ffs.ready=1 (/system/etc/init/hw/init.usb.configfs.rc:23) took 0ms and failed: Unable to write to file '/config/usb_gadget/g1/UDC': Unable to write file contents: Device or resource busy
05-08 16:03:39.912 456 485 I RIL : ---> enter mainloop wait at port
05-08 16:03:39.913 456 485 D RIL-DEV : Get modem info
05-08 16:03:39.914 456 485 D RIL-DEV : [05-08_16:03:39:914] idVendor = 1d6b
05-08 16:03:39.914 456 485 D RIL-DEV :
05-08 16:03:39.914 456 485 D RIL-DEV : [05-08_16:03:39:915] idVendor = 1d6b
05-08 16:03:39.914 456 485 D RIL-DEV :
05-08 16:03:39.915 456 485 D RIL-DEV : [05-08_16:03:39:915] idVendor = 1d6b
05-08 16:03:39.915 456 485 D RIL-DEV :
05-08 16:03:39.915 456 485 D RIL-DEV : [05-08_16:03:39:916] idVendor = 0781
05-08 16:03:39.915 456 485 D RIL-DEV :
05-08 16:03:39.916 456 485 D RIL-DEV : [05-08_16:03:39:916] idVendor = 1d6b
05-08 16:03:39.916 456 485 D RIL-DEV :
05-08 16:03:39.916 456 485 E RIL-DEV : Cannot find Meig devices
05-08 16:03:39.916 456 485 I RIL : ---> can't find meig usb devices
05-08 16:11:32.263 6849 6849 I : read descriptors
05-08 16:11:32.264 6849 6849 I : read strings
05-08 16:11:32.267 1 1 I init : processing action (sys.usb.config=adb && sys.usb.configfs=1 && sys.usb.ffs.ready=1) from (/system/etc/init/hw/init.usb.configfs.rc:20)
05-08 16:11:33.310 6849 6849 I : read descriptors
05-08 16:11:33.310 6849 6849 I : read strings
05-08 16:03:41.917 456 485 I RIL : ---> enter mainloop wait at port
05-08 16:03:41.917 456 485 D RIL-DEV : Get modem info
05-08 16:03:41.918 456 485 D RIL-DEV : [05-08_16:03:41:918] idVendor = 1d6b
05-08 16:03:41.918 456 485 D RIL-DEV :
05-08 16:03:41.918 456 485 D RIL-DEV : [05-08_16:03:41:918] idVendor = 1d6b
05-08 16:03:41.918 456 485 D RIL-DEV :
05-08 16:03:41.918 456 485 D RIL-DEV : [05-08_16:03:41:919] idVendor = 1d6b
05-08 16:03:41.918 456 485 D RIL-DEV :
05-08 16:03:41.919 456 485 D RIL-DEV : [05-08_16:03:41:919] idVendor = 0781
05-08 16:03:41.919 456 485 D RIL-DEV :
05-08 16:03:41.919 456 485 D RIL-DEV : [05-08_16:03:41:919] idVendor = 1d6b
05-08 16:03:41.919 456 485 D RIL-DEV :
05-08 16:03:41.919 456 485 E RIL-DEV : Cannot find Meig devices
05-08 16:03:41.919 456 485 I RIL : ---> can't find meig usb devices
05-08 16:11:34.363 6849 6849 I : read descriptors
05-08 16:11:34.364 6849 6849 I : read strings
