05-08 16:09:03.595 1 1 I init : Command 'write /config/usb_gadget/g1/UDC ${sys.usb.controller}' action=sys.usb.config=adb && sys.usb.configfs=1 && sys.usb.ffs.ready=1 (/system/etc/init/hw/init.usb.configfs.rc:23) took 0ms and failed: Unable to write to file '/config/usb_gadget/g1/UDC': Unable to write file contents: Device or resource busy
05-08 16:01:11.704 456 485 I RIL : ---> enter mainloop wait at port
05-08 16:01:11.704 456 485 D RIL-DEV : Get modem info
05-08 16:01:11.705 456 485 D RIL-DEV : [05-08_16:01:11:705] idVendor = 1d6b
05-08 16:01:11.705 456 485 D RIL-DEV :
05-08 16:01:11.705 456 485 D RIL-DEV : [05-08_16:01:11:705] idVendor = 1d6b
05-08 16:01:11.705 456 485 D RIL-DEV :
05-08 16:01:11.705 456 485 D RIL-DEV : [05-08_16:01:11:706] idVendor = 1d6b
05-08 16:01:11.705 456 485 D RIL-DEV :
05-08 16:01:11.705 456 485 D RIL-DEV : [05-08_16:01:11:706] idVendor = 0781
05-08 16:01:11.705 456 485 D RIL-DEV :
05-08 16:01:11.706 456 485 D RIL-DEV : [05-08_16:01:11:706] idVendor = 1d6b
05-08 16:01:11.706 456 485 D RIL-DEV :
05-08 16:01:11.706 456 485 E RIL-DEV : Cannot find Meig devices
05-08 16:01:11.706 456 485 I RIL : ---> can't find meig usb devices
05-08 16:09:04.658 6849 6849 I : read descriptors
05-08 16:09:04.658 6849 6849 I : read strings
05-08 16:09:04.660 1 1 I init : processing action (sys.usb.config=adb && sys.usb.configfs=1 && sys.usb.ffs.ready=1) from (/system/etc/init/hw/init.usb.configfs.rc:20)
05-08 16:09:05.720 6849 6849 I : read descriptors
05-08 16:09:05.720 6849 6849 I : read strings
05-08 16:01:13.707 456 485 I RIL : ---> enter mainloop wait at port
05-08 16:01:13.707 456 485 D RIL-DEV : Get modem info
05-08 16:01:13.707 456 485 D RIL-DEV : [05-08_16:01:13:708] idVendor = 1d6b
05-08 16:01:13.707 456 485 D RIL-DEV :
05-08 16:01:13.708 456 485 D RIL-DEV : [05-08_16:01:13:708] idVendor = 1d6b
05-08 16:01:13.708 456 485 D RIL-DEV :
05-08 16:01:13.708 456 485 D RIL-DEV : [05-08_16:01:13:709] idVendor = 1d6b
05-08 16:01:13.708 456 485 D RIL-DEV :
05-08 16:01:13.709 456 485 D RIL-DEV : [05-08_16:01:13:709] idVendor = 0781
05-08 16:01:13.709 456 485 D RIL-DEV :
05-08 16:01:13.709 456 485 D RIL-DEV : [05-08_16:01:13:709] idVendor = 1d6b
05-08 16:01:13.709 456 485 D RIL-DEV :
05-08 16:01:13.709 456 485 E RIL-DEV : Cannot find Meig devices
05-08 16:01:13.710 456 485 I RIL : ---> can't find meig usb devices
05-08 16:09:06.773 6849 6849 I : read descriptors
05-08 16:09:06.773 6849 6849 I : read strings
05-08 16:09:06.774 1 1 I init : processing action (sys.usb.config=adb && sys.usb.configfs=1 && sys.usb.ffs.ready=1) from (/system/etc/init/hw/init.usb.configfs.rc:20)
05-08 16:09:06.776 1 1 I init : Command 'symlink /config/usb_gadget/g1/functions/ffs.adb /config/usb_gadget/g1/configs/b.1/f1' action=sys.usb.config=adb && sys.usb.configfs=1 && sys.usb.ffs.ready=1 (/system/etc/init/hw/init.usb.configfs.rc:22) took 0ms and failed: symlink() failed: File exists
05-08 16:09:06.776 1 1 I init : Command 'write /config/usb_gadget/g1/UDC ${sys.usb.controller}' action=sys.usb.config=adb && sys.usb.configfs=1 && sys.usb.ffs.ready=1 (/system/etc/init/hw/init.usb.configfs.rc:23) took 0ms and failed: Unable to write to file '/config/usb_gadget/g1/UDC': Unable to write file contents: Device or resource busy
05-08 16:09:07.820 6849 6849 I : read descriptors
05-08 16:09:07.820 6849 6849 I : read strings
05-08 16:09:07.827 1 1 I init : processing action (sys.usb.config=adb && sys.usb.configfs=1 && sys.usb.ffs.ready=1) from (/system/etc/init/hw/init.usb.configfs.rc:20)
05-08 16:09:07.831 1 1 I init : Command 'symlink /config/usb_gadget/g1/functions/ffs.adb /config/usb_gadget/g1/configs/b.1/f1' action=sys.usb.config=adb && sys.usb.configfs=1 && sys.usb.ffs.ready=1 (/system/etc/init/hw/init.usb.configfs.rc:22) took 0ms and failed: symlink() failed: File exists
05-08 16:09:07.831 1 1 I init : Command 'write /config/usb_gadget/g1/UDC ${sys.usb.controller}' action=sys.usb.config=adb && sys.usb.configfs=1 && sys.usb.ffs.ready=1 (/system/etc/init/hw/init.usb.configfs.rc:23) took 0ms and failed: Unable to write to file '/config/usb_gadget/g1/UDC': Unable to write file contents: Device or resource busy
05-08 16:01:15.710 456 485 I RIL : ---> enter mainloop wait at port
05-08 16:01:15.710 456 485 D RIL-DEV : Get modem info
05-08 16:01:15.711 456 485 D RIL-DEV : [05-08_16:01:15:711] idVendor = 1d6b
05-08 16:01:15.711 456 485 D RIL-DEV :
05-08 16:01:15.711 456 485 D RIL-DEV : [05-08_16:01:15:711] idVendor = 1d6b
05-08 16:01:15.711 456 485 D RIL-DEV :
05-08 16:01:15.711 456 485 D RIL-DEV : [05-08_16:01:15:712] idVendor = 1d6b
05-08 16:01:15.711 456 485 D RIL-DEV :
05-08 16:01:15.712 456 485 D RIL-DEV : [05-08_16:01:15:712] idVendor = 0781
05-08 16:01:15.712 456 485 D RIL-DEV :
05-08 16:01:15.712 456 485 D RIL-DEV : [05-08_16:01:15:712] idVendor = 1d6b
05-08 16:01:15.712 456 485 D RIL-DEV :
05-08 16:01:15.712 456 485 E RIL-DEV : Cannot find Meig devices
05-08 16:01:15.713 456 485 I RIL : ---> can't find meig usb devices
05-08 16:09:08.900 6849 6849 I : read descriptors
05-08 16:09:08.900 6849 6849 I : read strings
05-08 16:09:08.902 1 1 I init : processing action (sys.usb.config=adb && sys.usb.configfs=1 && sys.usb.ffs.ready=1) from (/system/etc/init/hw/init.usb.configfs.rc:20)
05-08 16:09:08.906 1 1 I init : Command 'symlink /config/usb_gadget/g1/functions/ffs.adb /config/usb_gadget/g1/configs/b.1/f1' action=sys.usb.config=adb && sys.usb.configfs=1 && sys.usb.ffs.ready=1 (/system/etc/init/hw/init.usb.configfs.rc:22) took 2ms and failed: symlink() failed: File exists
05-08 16:09:08.906 1 1 I init : Command 'write /config/usb_gadget/g1/UDC ${sys.usb.controller}' action=sys.usb.config=adb && sys.usb.configfs=1 && sys.usb.ffs.ready=1 (/system/etc/init/hw/init.usb.configfs.rc:23) took 0ms and failed: Unable to write to file '/config/usb_gadget/g1/UDC': Unable to write file contents: Device or resource busy
05-08 16:01:17.713 456 485 I RIL : ---> enter mainloop wait at port
05-08 16:01:17.713 456 485 D RIL-DEV : Get modem info
05-08 16:01:17.714 456 485 D RIL-DEV : [05-08_16:01:17:714] idVendor = 1d6b
05-08 16:01:17.714 456 485 D RIL-DEV :
05-08 16:01:17.714 456 485 D RIL-DEV : [05-08_16:01:17:714] idVendor = 1d6b
05-08 16:01:17.714 456 485 D RIL-DEV :
05-08 16:01:17.715 456 485 D RIL-DEV : [05-08_16:01:17:715] idVendor = 1d6b
05-08 16:01:17.715 456 485 D RIL-DEV :
05-08 16:01:17.715 456 485 D RIL-DEV : [05-08_16:01:17:715] idVendor = 0781
05-08 16:01:17.715 456 485 D RIL-DEV :
05-08 16:01:17.715 456 485 D RIL-DEV : [05-08_16:01:17:716] idVendor = 1d6b
05-08 16:01:17.715 456 485 D RIL-DEV :
05-08 16:01:17.715 456 485 E RIL-DEV : Cannot find Meig devices
05-08 16:01:17.716 456 485 I RIL : ---> can't find meig usb devices
05-08 16:09:09.970 6849 6849 I : read descriptors
05-08 16:09:09.970 6849 6849 I : read strings
05-08 16:09:09.972 1 1 I init : processing action (sys.usb.config=adb && sys.usb.configfs=1 && sys.usb.ffs.ready=1) from (/system/etc/init/hw/init.usb.configfs.rc:20)
05-08 16:09:11.010 6849 6849 I : read descriptors
05-08 16:09:11.010 6849 6849 I : read strings
05-08 16:01:19.716 456 485 I RIL : ---> enter mainloop wait at port
05-08 16:01:19.716 456 485 D RIL-DEV : Get modem info
05-08 16:01:19.717 456 485 D RIL-DEV : [05-08_16:01:19:717] idVendor = 1d6b
05-08 16:01:19.717 456 485 D RIL-DEV :
05-08 16:01:19.717 456 485 D RIL-DEV : [05-08_16:01:19:717] idVendor = 1d6b
05-08 16:01:19.717 456 485 D RIL-DEV :
05-08 16:01:19.717 456 485 D RIL-DEV : [05-08_16:01:19:718] idVendor = 1d6b
05-08 16:01:19.717 456 485 D RIL-DEV :
05-08 16:01:19.718 456 485 D RIL-DEV : [05-08_16:01:19:718] idVendor = 0781
05-08 16:01:19.718 456 485 D RIL-DEV :
05-08 16:01:19.718 456 485 D RIL-DEV : [05-08_16:01:19:718] idVendor = 1d6b
05-08 16:01:19.718 456 485 D RIL-DEV :
05-08 16:01:19.718 456 485 E RIL-DEV : Cannot find Meig devices
05-08 16:01:19.718 456 485 I RIL : ---> can't find meig usb devices
05-08 16:09:12.069 6849 6849 I : read descriptors
05-08 16:09:12.069 6849 6849 I : read strings
05-08 16:09:12.072 1 1 I init : processing action (sys.usb.config=adb && sys.usb.configfs=1 && sys.usb.ffs.ready=1) from (/system/etc/init/hw/init.usb.configfs.rc:20)
05-08 16:09:12.074 1 1 I init : Command 'symlink /config/usb_gadget/g1/functions/ffs.adb /config/usb_gadget/g1/configs/b.1/f1' action=sys.usb.config=adb && sys.usb.configfs=1 && sys.usb.ffs.ready=1 (/system/etc/init/hw/init.usb.configfs.rc:22) took 0ms and failed: symlink() failed: File exists
05-08 16:09:12.075 1 1 I init : Command 'write /config/usb_gadget/g1/UDC ${sys.usb.controller}' action=sys.usb.config=adb && sys.usb.configfs=1 && sys.usb.ffs.ready=1 (/system/etc/init/hw/init.usb.configfs.rc:23) took 0ms and failed: Unable to write to file '/config/usb_gadget/g1/UDC': Unable to write file contents: Device or resource busy
05-08 16:09:13.116 6849 6849 I : read descriptors
05-08 16:09:13.116 6849 6849 I : read strings
05-08 16:09:13.118 1 1 I init : processing action (sys.usb.config=adb && sys.usb.configfs=1 && sys.usb.ffs.ready=1) from (/system/etc/init/hw/init.usb.configfs.rc:20)
05-08 16:09:13.120 1 1 I init : Command 'symlink /config/usb_gadget/g1/functions/ffs.adb /config/usb_gadget/g1/configs/b.1/f1' action=sys.usb.config=adb && sys.usb.configfs=1 && sys.usb.ffs.ready=1 (/system/etc/init/hw/init.usb.configfs.rc:22) took 0ms and failed: symlink() failed: File exists
05-08 16:09:13.122 1 1 I init : Command 'write /config/usb_gadget/g1/UDC ${sys.usb.controller}' action=sys.usb.config=adb && sys.usb.configfs=1 && sys.usb.ffs.ready=1 (/system/etc/init/hw/init.usb.configfs.rc:23) took 1ms and failed: Unable to write to file '/config/usb_gadget/g1/UDC': Unable to write file contents: Device or resource busy
05-08 16:01:21.719 456 485 I RIL : ---> enter mainloop wait at port
05-08 16:01:21.719 456 485 D RIL-DEV : Get modem info
05-08 16:01:21.719 456 485 D RIL-DEV : [05-08_16:01:21:720] idVendor = 1d6b
05-08 16:01:21.719 456 485 D RIL-DEV :
05-08 16:01:21.720 456 485 D RIL-DEV : [05-08_16:01:21:720] idVendor = 1d6b
05-08 16:01:21.720 456 485 D RIL-DEV :
05-08 16:01:21.720 456 485 D RIL-DEV : [05-08_16:01:21:721] idVendor = 1d6b
05-08 16:01:21.720 456 485 D RIL-DEV :
05-08 16:01:21.720 456 485 D RIL-DEV : [05-08_16:01:21:721] idVendor = 0781
05-08 16:01:21.720 456 485 D RIL-DEV :
05-08 16:01:21.720 456 485 D RIL-DEV : [05-08_16:01:21:721] idVendor = 1d6b
05-08 16:01:21.720 456 485 D RIL-DEV :
05-08 16:01:21.721 456 485 E RIL-DEV : Cannot find Meig devices
05-08 16:01:21.721 456 485 I RIL : ---> can't find meig usb devices
05-08 16:09:14.180 6849 6849 I : read descriptors
05-08 16:09:14.180 6849 6849 I : read strings
05-08 16:09:14.182 1 1 I init : processing action (sys.usb.config=adb && sys.usb.configfs=1 && sys.usb.ffs.ready=1) from (/system/etc/init/hw/init.usb.configfs.rc:20)
05-08 16:09:14.185 1 1 I init : Command 'symlink /config/usb_gadget/g1/functions/ffs.adb /config/usb_gadget/g1/configs/b.1/f1' action=sys.usb.config=adb && sys.usb.configfs=1 && sys.usb.ffs.ready=1 (/system/etc/init/hw/init.usb.configfs.rc:22) took 0ms and failed: symlink() failed: File exists
05-08 16:09:14.185 1 1 I init : Command 'write /config/usb_gadget/g1/UDC ${sys.usb.controller}' action=sys.usb.config=adb && sys.usb.configfs=1 && sys.usb.ffs.ready=1 (/system/etc/init/hw/init.usb.configfs.rc:23) took 0ms and failed: Unable to write to file '/config/usb_gadget/g1/UDC': Unable to write file contents: Device or resource busy
05-08 16:09:15.233 6849 6849 I : read descriptors
05-08 16:09:15.234 6849 6849 I : read strings
05-08 16:09:15.236 1 1 I init : processing action (sys.usb.config=adb && sys.usb.configfs=1 && sys.usb.ffs.ready=1) from (/system/etc/init/hw/init.usb.configfs.rc:20)
05-08 16:01:23.721 456 485 I RIL : ---> enter mainloop wait at port
05-08 16:01:23.722 456 485 D RIL-DEV : Get modem info
05-08 16:01:23.722 456 485 D RIL-DEV : [05-08_16:01:23:723] idVendor = 1d6b
05-08 16:01:23.722 456 485 D RIL-DEV :
05-08 16:01:23.722 456 485 D RIL-DEV : [05-08_16:01:23:723] idVendor = 1d6b
05-08 16:01:23.722 456 485 D RIL-DEV :
05-08 16:01:23.723 456 485 D RIL-DEV : [05-08_16:01:23:723] idVendor = 1d6b
05-08 16:01:23.723 456 485 D RIL-DEV :
05-08 16:01:23.723 456 485 D RIL-DEV : [05-08_16:01:23:724] idVendor = 0781
05-08 16:01:23.723 456 485 D RIL-DEV :
05-08 16:01:23.723 456 485 D RIL-DEV : [05-08_16:01:23:724] idVendor = 1d6b
05-08 16:01:23.723 456 485 D RIL-DEV :
05-08 16:01:23.724 456 485 E RIL-DEV : Cannot find Meig devices
05-08 16:01:23.724 456 485 I RIL : ---> can't find meig usb devices
05-08 16:09:16.287 6849 6849 I : read descriptors
05-08 16:09:16.287 6849 6849 I : read strings
05-08 16:09:17.353 6849 6849 I : read descriptors
05-08 16:09:17.353 6849 6849 I : read strings
05-08 16:09:17.356 1 1 I init : processing action (sys.usb.config=adb && sys.usb.configfs=1 && sys.usb.ffs.ready=1) from (/system/etc/init/hw/init.usb.configfs.rc:20)
05-08 16:09:17.358 1 1 I init : Command 'symlink /config/usb_gadget/g1/functions/ffs.adb /config/usb_gadget/g1/configs/b.1/f1' action=sys.usb.config=adb && sys.usb.configfs=1 && sys.usb.ffs.ready=1 (/system/etc/init/hw/init.usb.configfs.rc:22) took 0ms and failed: symlink() failed: File exists
05-08 16:09:17.359 1 1 I init : Command 'write /config/usb_gadget/g1/UDC ${sys.usb.controller}' action=sys.usb.config=adb && sys.usb.configfs=1 && sys.usb.ffs.ready=1 (/system/etc/init/hw/init.usb.configfs.rc:23) took 0ms and failed: Unable to write to file '/config/usb_gadget/g1/UDC': Unable to write file contents: Device or resource busy
05-08 16:01:25.724 456 485 I RIL : ---> enter mainloop wait at port
05-08 16:01:25.724 456 485 D RIL-DEV : Get modem info
05-08 16:01:25.725 456 485 D RIL-DEV : [05-08_16:01:25:726] idVendor = 1d6b
05-08 16:01:25.725 456 485 D RIL-DEV :
05-08 16:01:25.725 456 485 D RIL-DEV : [05-08_16:01:25:726] idVendor = 1d6b
05-08 16:01:25.725 456 485 D RIL-DEV :
05-08 16:01:25.726 456 485 D RIL-DEV : [05-08_16:01:25:726] idVendor = 1d6b
05-08 16:01:25.726 456 485 D RIL-DEV :
05-08 16:01:25.726 456 485 D RIL-DEV : [05-08_16:01:25:727] idVendor = 0781
05-08 16:01:25.726 456 485 D RIL-DEV :
05-08 16:01:25.726 456 485 D RIL-DEV : [05-08_16:01:25:727] idVendor = 1d6b
05-08 16:01:25.726 456 485 D RIL-DEV :
05-08 16:01:25.727 456 485 E RIL-DEV : Cannot find Meig devices
05-08 16:01:25.727 456 485 I RIL : ---> can't find meig usb devices
05-08 16:09:18.404 6849 6849 I : read descriptors
05-08 16:09:18.404 6849 6849 I : read strings
05-08 16:09:18.406 1 1 I init : processing action (sys.usb.config=adb && sys.usb.configfs=1 && sys.usb.ffs.ready=1) from (/system/etc/init/hw/init.usb.configfs.rc:20)
05-08 16:09:18.408 1 1 I init : Command 'symlink /config/usb_gadget/g1/functions/ffs.adb /config/usb_gadget/g1/configs/b.1/f1' action=sys.usb.config=adb && sys.usb.configfs=1 && sys.usb.ffs.ready=1 (/system/etc/init/hw/init.usb.configfs.rc:22) took 0ms and failed: symlink() failed: File exists
05-08 16:09:18.409 1 1 I init : Command 'write /config/usb_gadget/g1/UDC ${sys.usb.controller}' action=sys.usb.config=adb && sys.usb.configfs=1 && sys.usb.ffs.ready=1 (/system/etc/init/hw/init.usb.configfs.rc:23) took 0ms and failed: Unable to write to file '/config/usb_gadget/g1/UDC': Unable to write file contents: Device or resource busy
05-08 16:09:19.443 6849 6849 I : read descriptors
05-08 16:09:19.444 6849 6849 I : read strings
05-08 16:09:19.447 1 1 I init : processing action (sys.usb.config=adb && sys.usb.configfs=1 && sys.usb.ffs.ready=1) from (/system/etc/init/hw/init.usb.configfs.rc:20)
05-08 16:09:19.448 1 1 I init : Command 'symlink /config/usb_gadget/g1/functions/ffs.adb /config/usb_gadget/g1/configs/b.1/f1' action=sys.usb.config=adb && sys.usb.configfs=1 && sys.usb.ffs.ready=1 (/system/etc/init/hw/init.usb.configfs.rc:22) took 0ms and failed: symlink() failed: File exists
05-08 16:09:19.449 1 1 I init : Command 'write /config/usb_gadget/g1/UDC ${sys.usb.controller}' action=sys.usb.config=adb && sys.usb.configfs=1 && sys.usb.ffs.ready=1 (/system/etc/init/hw/init.usb.configfs.rc:23) took 0ms and failed: Unable to write to file '/config/usb_gadget/g1/UDC': Unable to write file contents: Device or resource busy
05-08 16:01:27.727 456 485 I RIL : ---> enter mainloop wait at port
05-08 16:01:27.727 456 485 D RIL-DEV : Get modem info
05-08 16:01:27.728 456 485 D RIL-DEV : [05-08_16:01:27:729] idVendor = 1d6b
05-08 16:01:27.728 456 485 D RIL-DEV :
05-08 16:01:27.728 456 485 D RIL-DEV : [05-08_16:01:27:729] idVendor = 1d6b
05-08 16:01:27.728 456 485 D RIL-DEV :
05-08 16:01:27.729 456 485 D RIL-DEV : [05-08_16:01:27:729] idVendor = 1d6b
05-08 16:01:27.729 456 485 D RIL-DEV :
05-08 16:01:27.729 456 485 D RIL-DEV : [05-08_16:01:27:730] idVendor = 0781
05-08 16:01:27.729 456 485 D RIL-DEV :
05-08 16:01:27.729 456 485 D RIL-DEV : [05-08_16:01:27:730] idVendor = 1d6b
05-08 16:01:27.729 456 485 D RIL-DEV :
05-08 16:01:27.730 456 485 E RIL-DEV : Cannot find Meig devices
05-08 16:01:27.730 456 485 I RIL : ---> can't find meig usb devices
05-08 16:09:20.497 6849 6849 I : read descriptors
05-08 16:09:20.497 6849 6849 I : read strings
05-08 16:09:20.499 1 1 I init : processing action (sys.usb.config=adb && sys.usb.configfs=1 && sys.usb.ffs.ready=1) from (/system/etc/init/hw/init.usb.configfs.rc:20)
05-08 16:09:21.553 6849 6849 I : read descriptors
05-08 16:09:21.554 6849 6849 I : read strings
05-08 16:01:29.730 456 485 I RIL : ---> enter mainloop wait at port
05-08 16:01:29.730 456 485 D RIL-DEV : Get modem info
05-08 16:01:29.731 456 485 D RIL-DEV : [05-08_16:01:29:731] idVendor = 1d6b
05-08 16:01:29.731 456 485 D RIL-DEV :
05-08 16:01:29.731 456 485 D RIL-DEV : [05-08_16:01:29:732] idVendor = 1d6b
05-08 16:01:29.731 456 485 D RIL-DEV :
05-08 16:01:29.732 456 485 D RIL-DEV : [05-08_16:01:29:732] idVendor = 1d6b
05-08 16:01:29.732 456 485 D RIL-DEV :
05-08 16:01:29.732 456 485 D RIL-DEV : [05-08_16:01:29:733] idVendor = 0781
05-08 16:01:29.732 456 485 D RIL-DEV :
05-08 16:01:29.732 456 485 D RIL-DEV : [05-08_16:01:29:733] idVendor = 1d6b
05-08 16:01:29.732 456 485 D RIL-DEV :
05-08 16:01:29.733 456 485 E RIL-DEV : Cannot find Meig devices
05-08 16:01:29.733 456 485 I RIL : ---> can't find meig usb devices
05-08 16:09:22.600 6849 6849 I : read descriptors
05-08 16:09:22.600 6849 6849 I : read strings
05-08 16:09:22.604 1 1 I init : processing action (sys.usb.config=adb && sys.usb.configfs=1 && sys.usb.ffs.ready=1) from (/system/etc/init/hw/init.usb.configfs.rc:20)
05-08 16:09:22.605 1 1 I init : Command 'symlink /config/usb_gadget/g1/functions/ffs.adb /config/usb_gadget/g1/configs/b.1/f1' action=sys.usb.config=adb && sys.usb.configfs=1 && sys.usb.ffs.ready=1 (/system/etc/init/hw/init.usb.configfs.rc:22) took 0ms and failed: symlink() failed: File exists
05-08 16:09:22.606 1 1 I init : Command 'write /config/usb_gadget/g1/UDC ${sys.usb.controller}' action=sys.usb.config=adb && sys.usb.configfs=1 && sys.usb.ffs.ready=1 (/system/etc/init/hw/init.usb.configfs.rc:23) took 0ms and failed: Unable to write to file '/config/usb_gadget/g1/UDC': Unable to write file contents: Device or resource busy
05-08 16:09:23.640 6849 6849 I : read descriptors
05-08 16:09:23.640 6849 6849 I : read strings
05-08 16:09:23.643 1 1 I init : processing action (sys.usb.config=adb && sys.usb.configfs=1 && sys.usb.ffs.ready=1) from (/system/etc/init/hw/init.usb.configfs.rc:20)
05-08 16:09:23.645 1 1 I init : Command 'symlink /config/usb_gadget/g1/functions/ffs.adb /config/usb_gadget/g1/configs/b.1/f1' action=sys.usb.config=adb && sys.usb.configfs=1 && sys.usb.ffs.ready=1 (/system/etc/init/hw/init.usb.configfs.rc:22) took 0ms and failed: symlink() failed: File exists
05-08 16:09:23.646 1 1 I init : Command 'write /config/usb_gadget/g1/UDC ${sys.usb.controller}' action=sys.usb.config=adb && sys.usb.configfs=1 && sys.usb.ffs.ready=1 (/system/etc/init/hw/init.usb.configfs.rc:23) took 0ms and failed: Unable to write to file '/config/usb_gadget/g1/UDC': Unable to write file contents: Device or resource busy
05-08 16:01:31.733 456 485 I RIL : ---> enter mainloop wait at port
05-08 16:01:31.733 456 485 D RIL-DEV : Get modem info
05-08 16:01:31.734 456 485 D RIL-DEV : [05-08_16:01:31:734] idVendor = 1d6b
05-08 16:01:31.734 456 485 D RIL-DEV :
05-08 16:01:31.734 456 485 D RIL-DEV : [05-08_16:01:31:735] idVendor = 1d6b
05-08 16:01:31.734 456 485 D RIL-DEV :
05-08 16:01:31.735 456 485 D RIL-DEV : [05-08_16:01:31:735] idVendor = 1d6b
05-08 16:01:31.735 456 485 D RIL-DEV :
05-08 16:01:31.735 456 485 D RIL-DEV : [05-08_16:01:31:736] idVendor = 0781
05-08 16:01:31.735 456 485 D RIL-DEV :
05-08 16:01:31.735 456 485 D RIL-DEV : [05-08_16:01:31:736] idVendor = 1d6b
05-08 16:01:31.735 456 485 D RIL-DEV :
05-08 16:01:31.736 456 485 E RIL-DEV : Cannot find Meig devices
05-08 16:01:31.736 456 485 I RIL : ---> can't find meig usb devices
05-08 16:09:24.707 6849 6849 I : read descriptors
05-08 16:09:24.707 6849 6849 I : read strings
05-08 16:09:24.710 1 1 I init : processing action (sys.usb.config=adb && sys.usb.configfs=1 && sys.usb.ffs.ready=1) from (/system/etc/init/hw/init.usb.configfs.rc:20)
05-08 16:09:24.711 1 1 I init : Command 'symlink /config/usb_gadget/g1/functions/ffs.adb /config/usb_gadget/g1/configs/b.1/f1' action=sys.usb.config=adb && sys.usb.configfs=1 && sys.usb.ffs.ready=1 (/system/etc/init/hw/init.usb.configfs.rc:22) took 0ms and failed: symlink() failed: File exists
05-08 16:09:24.712 1 1 I init : Command 'write /config/usb_gadget/g1/UDC ${sys.usb.controller}' action=sys.usb.config=adb && sys.usb.configfs=1 && sys.usb.ffs.ready=1 (/system/etc/init/hw/init.usb.configfs.rc:23) took 0ms and failed: Unable to write to file '/config/usb_gadget/g1/UDC': Unable to write file contents: Device or resource busy
05-08 16:09:25.767 6849 6849 I : read descriptors
05-08 16:09:25.767 6849 6849 I : read strings
05-08 16:09:25.769 1 1 I init : processing action (sys.usb.config=adb && sys.usb.configfs=1 && sys.usb.ffs.ready=1) from (/system/etc/init/hw/init.usb.configfs.rc:20)
05-08 16:01:33.736 456 485 I RIL : ---> enter mainloop wait at port
05-08 16:01:33.736 456 485 D RIL-DEV : Get modem info
05-08 16:01:33.737 456 485 D RIL-DEV : [05-08_16:01:33:737] idVendor = 1d6b
05-08 16:01:33.737 456 485 D RIL-DEV :
05-08 16:01:33.737 456 485 D RIL-DEV : [05-08_16:01:33:737] idVendor = 1d6b
05-08 16:01:33.737 456 485 D RIL-DEV :
05-08 16:01:33.737 456 485 D RIL-DEV : [05-08_16:01:33:738] idVendor = 1d6b
05-08 16:01:33.737 456 485 D RIL-DEV :
05-08 16:01:33.738 456 485 D RIL-DEV : [05-08_16:01:33:738] idVendor = 0781
05-08 16:01:33.738 456 485 D RIL-DEV :
05-08 16:01:33.738 456 485 D RIL-DEV : [05-08_16:01:33:738] idVendor = 1d6b
05-08 16:01:33.738 456 485 D RIL-DEV :
05-08 16:01:33.738 456 485 E RIL-DEV : Cannot find Meig devices
05-08 16:01:33.738 456 485 I RIL : ---> can't find meig usb devices
05-08 16:09:26.837 6849 6849 I : read descriptors
05-08 16:09:26.837 6849 6849 I : read strings
05-08 16:09:27.884 6849 6849 I : read descriptors
05-08 16:09:27.884 6849 6849 I : read strings
05-08 16:09:27.886 1 1 I init : processing action (sys.usb.config=adb && sys.usb.configfs=1 && sys.usb.ffs.ready=1) from (/system/etc/init/hw/init.usb.configfs.rc:20)
05-08 16:09:27.891 1 1 I init : Command 'symlink /config/usb_gadget/g1/functions/ffs.adb /config/usb_gadget/g1/configs/b.1/f1' action=sys.usb.config=adb && sys.usb.configfs=1 && sys.usb.ffs.ready=1 (/system/etc/init/hw/init.usb.configfs.rc:22) took 0ms and failed: symlink() failed: File exists
05-08 16:09:27.892 1 1 I init : Command 'write /config/usb_gadget/g1/UDC ${sys.usb.controller}' action=sys.usb.config=adb && sys.usb.configfs=1 && sys.usb.ffs.ready=1 (/system/etc/init/hw/init.usb.configfs.rc:23) took 0ms and failed: Unable to write to file '/config/usb_gadget/g1/UDC': Unable to write file contents: Device or resource busy
05-08 16:01:35.739 456 485 I RIL : ---> enter mainloop wait at port
05-08 16:01:35.739 456 485 D RIL-DEV : Get modem info
05-08 16:01:35.740 456 485 D RIL-DEV : [05-08_16:01:35:740] idVendor = 1d6b
05-08 16:01:35.740 456 485 D RIL-DEV :
05-08 16:01:35.740 456 485 D RIL-DEV : [05-08_16:01:35:740] idVendor = 1d6b
05-08 16:01:35.740 456 485 D RIL-DEV :
05-08 16:01:35.740 456 485 D RIL-DEV : [05-08_16:01:35:741] idVendor = 1d6b
05-08 16:01:35.740 456 485 D RIL-DEV :
05-08 16:01:35.741 456 485 D RIL-DEV : [05-08_16:01:35:741] idVendor = 0781
05-08 16:01:35.741 456 485 D RIL-DEV :
05-08 16:01:35.741 456 485 D RIL-DEV : [05-08_16:01:35:741] idVendor = 1d6b
05-08 16:01:35.741 456 485 D RIL-DEV :
05-08 16:01:35.741 456 485 E RIL-DEV : Cannot find Meig devices
05-08 16:01:35.741 456 485 I RIL : ---> can't find meig usb devices
05-08 16:09:28.957 6849 6849 I : read descriptors
05-08 16:09:28.957 6849 6849 I : read strings
05-08 16:09:28.959 1 1 I init : processing action (sys.usb.config=adb && sys.usb.configfs=1 && sys.usb.ffs.ready=1) from (/system/etc/init/hw/init.usb.configfs.rc:20)
05-08 16:09:28.961 1 1 I init : Command 'symlink /config/usb_gadget/g1/functions/ffs.adb /config/usb_gadget/g1/configs/b.1/f1' action=sys.usb.config=adb && sys.usb.configfs=1 && sys.usb.ffs.ready=1 (/system/etc/init/hw/init.usb.configfs.rc:22) took 0ms and failed: symlink() failed: File exists
05-08 16:09:28.963 1 1 I init : Command 'write /config/usb_gadget/g1/UDC ${sys.usb.controller}' action=sys.usb.config=adb && sys.usb.configfs=1 && sys.usb.ffs.ready=1 (/system/etc/init/hw/init.usb.configfs.rc:23) took 0ms and failed: Unable to write to file '/config/usb_gadget/g1/UDC': Unable to write file contents: Device or resource busy
05-08 16:01:37.742 456 485 I RIL : ---> enter mainloop wait at port
05-08 16:01:37.742 456 485 D RIL-DEV : Get modem info
05-08 16:01:37.743 456 485 D RIL-DEV : [05-08_16:01:37:743] idVendor = 1d6b
05-08 16:01:37.743 456 485 D RIL-DEV :
05-08 16:01:37.743 456 485 D RIL-DEV : [05-08_16:01:37:743] idVendor = 1d6b
05-08 16:01:37.743 456 485 D RIL-DEV :
05-08 16:01:37.743 456 485 D RIL-DEV : [05-08_16:01:37:744] idVendor = 1d6b
05-08 16:01:37.743 456 485 D RIL-DEV :
05-08 16:01:37.744 456 485 D RIL-DEV : [05-08_16:01:37:744] idVendor = 0781
05-08 16:01:37.744 456 485 D RIL-DEV :
05-08 16:01:37.744 456 485 D RIL-DEV : [05-08_16:01:37:744] idVendor = 1d6b
05-08 16:01:37.744 456 485 D RIL-DEV :
05-08 16:01:37.744 456 485 E RIL-DEV : Cannot find Meig devices
05-08 16:01:37.744 456 485 I RIL : ---> can't find meig usb devices
05-08 16:09:30.020 6849 6849 I : read descriptors
05-08 16:09:30.020 6849 6849 I : read strings
05-08 16:09:30.023 1 1 I init : processing action (sys.usb.config=adb && sys.usb.configfs=1 && sys.usb.ffs.ready=1) from (/system/etc/init/hw/init.usb.configfs.rc:20)
05-08 16:09:30.026 1 1 I init : Command 'symlink /config/usb_gadget/g1/functions/ffs.adb /config/usb_gadget/g1/configs/b.1/f1' action=sys.usb.config=adb && sys.usb.configfs=1 && sys.usb.ffs.ready=1 (/system/etc/init/hw/init.usb.configfs.rc:22) took 0ms and failed: symlink() failed: File exists
05-08 16:09:30.027 1 1 I init : Command 'write /config/usb_gadget/g1/UDC ${sys.usb.controller}' action=sys.usb.config=adb && sys.usb.configfs=1 && sys.usb.ffs.ready=1 (/system/etc/init/hw/init.usb.configfs.rc:23) took 1ms and failed: Unable to write to file '/config/usb_gadget/g1/UDC': Unable to write file contents: Device or resource busy
05-08 16:09:31.063 6849 6849 I : read descriptors
05-08 16:09:31.063 6849 6849 I : read strings
05-08 16:09:31.064 1 1 I init : processing action (sys.usb.config=adb && sys.usb.configfs=1 && sys.usb.ffs.ready=1) from (/system/etc/init/hw/init.usb.configfs.rc:20)
05-08 16:01:39.744 456 485 I RIL : ---> enter mainloop wait at port
05-08 16:01:39.745 456 485 D RIL-DEV : Get modem info
05-08 16:01:39.745 456 485 D RIL-DEV : [05-08_16:01:39:746] idVendor = 1d6b
05-08 16:01:39.745 456 485 D RIL-DEV :
05-08 16:01:39.745 456 485 D RIL-DEV : [05-08_16:01:39:746] idVendor = 1d6b
05-08 16:01:39.745 456 485 D RIL-DEV :
05-08 16:01:39.746 456 485 D RIL-DEV : [05-08_16:01:39:746] idVendor = 1d6b
05-08 16:01:39.746 456 485 D RIL-DEV :
05-08 16:01:39.746 456 485 D RIL-DEV : [05-08_16:01:39:746] idVendor = 0781
05-08 16:01:39.746 456 485 D RIL-DEV :
05-08 16:01:39.746 456 485 D RIL-DEV : [05-08_16:01:39:747] idVendor = 1d6b
05-08 16:01:39.746 456 485 D RIL-DEV :
05-08 16:01:39.746 456 485 E RIL-DEV : Cannot find Meig devices
05-08 16:01:39.746 456 485 I RIL : ---> can't find meig usb devices
05-08 16:09:32.103 6849 6849 I : read descriptors
05-08 16:09:32.103 6849 6849 I : read strings
05-08 16:09:33.140 6849 6849 I : read descriptors
05-08 16:09:33.140 6849 6849 I : read strings
05-08 16:09:33.141 1 1 I init : processing action (sys.usb.config=adb && sys.usb.configfs=1 && sys.usb.ffs.ready=1) from (/system/etc/init/hw/init.usb.configfs.rc:20)
05-08 16:09:33.142 1 1 I init : Command 'symlink /config/usb_gadget/g1/functions/ffs.adb /config/usb_gadget/g1/configs/b.1/f1' action=sys.usb.config=adb && sys.usb.configfs=1 && sys.usb.ffs.ready=1 (/system/etc/init/hw/init.usb.configfs.rc:22) took 0ms and failed: symlink() failed: File exists
05-08 16:09:33.142 1 1 I init : Command 'write /config/usb_gadget/g1/UDC ${sys.usb.controller}' action=sys.usb.config=adb && sys.usb.configfs=1 && sys.usb.ffs.ready=1 (/system/etc/init/hw/init.usb.configfs.rc:23) took 0ms and failed: Unable to write to file '/config/usb_gadget/g1/UDC': Unable to write file contents: Device or resource busy
05-08 16:01:41.747 456 485 I RIL : ---> enter mainloop wait at port
05-08 16:01:41.747 456 485 D RIL-DEV : Get modem info
05-08 16:01:41.748 456 485 D RIL-DEV : [05-08_16:01:41:748] idVendor = 1d6b
05-08 16:01:41.748 456 485 D RIL-DEV :
05-08 16:01:41.748 456 485 D RIL-DEV : [05-08_16:01:41:748] idVendor = 1d6b
05-08 16:01:41.748 456 485 D RIL-DEV :
05-08 16:01:41.748 456 485 D RIL-DEV : [05-08_16:01:41:749] idVendor = 1d6b
05-08 16:01:41.748 456 485 D RIL-DEV :
05-08 16:01:41.749 456 485 D RIL-DEV : [05-08_16:01:41:749] idVendor = 0781
05-08 16:01:41.749 456 485 D RIL-DEV :
05-08 16:01:41.749 456 485 D RIL-DEV : [05-08_16:01:41:749] idVendor = 1d6b
05-08 16:01:41.749 456 485 D RIL-DEV :
05-08 16:01:41.749 456 485 E RIL-DEV : Cannot find Meig devices
05-08 16:01:41.749 456 485 I RIL : ---> can't find meig usb devices
05-08 16:09:34.213 6849 6849 I : read descriptors
05-08 16:09:34.213 6849 6849 I : read strings
05-08 16:09:34.215 1 1 I init : processing action (sys.usb.config=adb && sys.usb.configfs=1 && sys.usb.ffs.ready=1) from (/system/etc/init/hw/init.usb.configfs.rc:20)
05-08 16:09:34.217 1 1 I init : Command 'symlink /config/usb_gadget/g1/functions/ffs.adb /config/usb_gadget/g1/configs/b.1/f1' action=sys.usb.config=adb && sys.usb.configfs=1 && sys.usb.ffs.ready=1 (/system/etc/init/hw/init.usb.configfs.rc:22) took 0ms and failed: symlink() failed: File exists
05-08 16:09:34.218 1 1 I init : Command 'write /config/usb_gadget/g1/UDC ${sys.usb.controller}' action=sys.usb.config=adb && sys.usb.configfs=1 && sys.usb.ffs.ready=1 (/system/etc/init/hw/init.usb.configfs.rc:23) took 0ms and failed: Unable to write to file '/config/usb_gadget/g1/UDC': Unable to write file contents: Device or resource busy
05-08 16:09:35.277 6849 6849 I : read descriptors
05-08 16:09:35.277 6849 6849 I : read strings
05-08 16:09:35.280 1 1 I init : processing action (sys.usb.config=adb && sys.usb.configfs=1 && sys.usb.ffs.ready=1) from (/system/etc/init/hw/init.usb.configfs.rc:20)
05-08 16:09:35.283 1 1 I init : Command 'symlink /config/usb_gadget/g1/functions/ffs.adb /config/usb_gadget/g1/configs/b.1/f1' action=sys.usb.config=adb && sys.usb.configfs=1 && sys.usb.ffs.ready=1 (/system/etc/init/hw/init.usb.configfs.rc:22) took 0ms and failed: symlink() failed: File exists
05-08 16:09:35.283 1 1 I init : Command 'write /config/usb_gadget/g1/UDC ${sys.usb.controller}' action=sys.usb.config=adb && sys.usb.configfs=1 && sys.usb.ffs.ready=1 (/system/etc/init/hw/init.usb.configfs.rc:23) took 0ms and failed: Unable to write to file '/config/usb_gadget/g1/UDC': Unable to write file contents: Device or resource busy
05-08 16:01:43.749 456 485 I RIL : ---> enter mainloop wait at port
05-08 16:01:43.750 456 485 D RIL-DEV : Get modem info
05-08 16:01:43.750 456 485 D RIL-DEV : [05-08_16:01:43:751] idVendor = 1d6b
05-08 16:01:43.750 456 485 D RIL-DEV :
05-08 16:01:43.750 456 485 D RIL-DEV : [05-08_16:01:43:751] idVendor = 1d6b
05-08 16:01:43.750 456 485 D RIL-DEV :
05-08 16:01:43.751 456 485 D RIL-DEV : [05-08_16:01:43:751] idVendor = 1d6b
05-08 16:01:43.751 456 485 D RIL-DEV :
05-08 16:01:43.751 456 485 D RIL-DEV : [05-08_16:01:43:752] idVendor = 0781
05-08 16:01:43.751 456 485 D RIL-DEV :
05-08 16:01:43.751 456 485 D RIL-DEV : [05-08_16:01:43:752] idVendor = 1d6b
05-08 16:01:43.751 456 485 D RIL-DEV :
05-08 16:01:43.752 456 485 E RIL-DEV : Cannot find Meig devices
05-08 16:01:43.752 456 485 I RIL : ---> can't find meig usb devices
05-08 16:09:36.357 6849 6849 I : read descriptors
05-08 16:09:36.357 6849 6849 I : read strings
05-08 16:09:36.359 1 1 I init : processing action (sys.usb.config=adb && sys.usb.configfs=1 && sys.usb.ffs.ready=1) from (/system/etc/init/hw/init.usb.configfs.rc:20)
05-08 16:09:37.404 6849 6849 I : read descriptors
05-08 16:09:37.404 6849 6849 I : read strings
05-08 16:01:45.752 456 485 I RIL : ---> enter mainloop wait at port
05-08 16:01:45.752 456 485 D RIL-DEV : Get modem info
05-08 16:01:45.753 456 485 D RIL-DEV : [05-08_16:01:45:753] idVendor = 1d6b
05-08 16:01:45.753 456 485 D RIL-DEV :
05-08 16:01:45.753 456 485 D RIL-DEV : [05-08_16:01:45:754] idVendor = 1d6b
05-08 16:01:45.753 456 485 D RIL-DEV :
05-08 16:01:45.754 456 485 D RIL-DEV : [05-08_16:01:45:754] idVendor = 1d6b
05-08 16:01:45.754 456 485 D RIL-DEV :
05-08 16:01:45.754 456 485 D RIL-DEV : [05-08_16:01:45:754] idVendor = 0781
05-08 16:01:45.754 456 485 D RIL-DEV :
05-08 16:01:45.754 456 485 D RIL-DEV : [05-08_16:01:45:755] idVendor = 1d6b
05-08 16:01:45.754 456 485 D RIL-DEV :
05-08 16:01:45.755 456 485 E RIL-DEV : Cannot find Meig devices
05-08 16:01:45.755 456 485 I RIL : ---> can't find meig usb devices
05-08 16:09:38.447 6849 6849 I : read descriptors
05-08 16:09:38.447 6849 6849 I : read strings
05-08 16:09:38.449 1 1 I init : processing action (sys.usb.config=adb && sys.usb.configfs=1 && sys.usb.ffs.ready=1) from (/system/etc/init/hw/init.usb.configfs.rc:20)
05-08 16:09:38.451 1 1 I init : Command 'symlink /config/usb_gadget/g1/functions/ffs.adb /config/usb_gadget/g1/configs/b.1/f1' action=sys.usb.config=adb && sys.usb.configfs=1 && sys.usb.ffs.ready=1 (/system/etc/init/hw/init.usb.configfs.rc:22) took 0ms and failed: symlink() failed: File exists
05-08 16:09:38.452 1 1 I init : Command 'write /config/usb_gadget/g1/UDC ${sys.usb.controller}' action=sys.usb.config=adb && sys.usb.configfs=1 && sys.usb.ffs.ready=1 (/system/etc/init/hw/init.usb.configfs.rc:23) took 0ms and failed: Unable to write to file '/config/usb_gadget/g1/UDC': Unable to write file contents: Device or resource busy
05-08 16:09:39.520 6849 6849 I : read descriptors
05-08 16:09:39.520 6849 6849 I : read strings
05-08 16:09:39.524 1 1 I init : processing action (sys.usb.config=adb && sys.usb.configfs=1 && sys.usb.ffs.ready=1) from (/system/etc/init/hw/init.usb.configfs.rc:20)
05-08 16:09:39.526 1 1 I init : Command 'symlink /config/usb_gadget/g1/functions/ffs.adb /config/usb_gadget/g1/configs/b.1/f1' action=sys.usb.config=adb && sys.usb.configfs=1 && sys.usb.ffs.ready=1 (/system/etc/init/hw/init.usb.configfs.rc:22) took 0ms and failed: symlink() failed: File exists
05-08 16:09:39.527 1 1 I init : Command 'write /config/usb_gadget/g1/UDC ${sys.usb.controller}' action=sys.usb.config=adb && sys.usb.configfs=1 && sys.usb.ffs.ready=1 (/system/etc/init/hw/init.usb.configfs.rc:23) took 0ms and failed: Unable to write to file '/config/usb_gadget/g1/UDC': Unable to write file contents: Device or resource busy
05-08 16:01:47.755 456 485 I RIL : ---> enter mainloop wait at port
05-08 16:01:47.755 456 485 D RIL-DEV : Get modem info
05-08 16:01:47.756 456 485 D RIL-DEV : [05-08_16:01:47:757] idVendor = 1d6b
05-08 16:01:47.756 456 485 D RIL-DEV :
05-08 16:01:47.756 456 485 D RIL-DEV : [05-08_16:01:47:757] idVendor = 1d6b
05-08 16:01:47.756 456 485 D RIL-DEV :
05-08 16:01:47.757 456 485 D RIL-DEV : [05-08_16:01:47:757] idVendor = 1d6b
05-08 16:01:47.757 456 485 D RIL-DEV :
05-08 16:01:47.757 456 485 D RIL-DEV : [05-08_16:01:47:758] idVendor = 0781
05-08 16:01:47.757 456 485 D RIL-DEV :
05-08 16:01:47.757 456 485 D RIL-DEV : [05-08_16:01:47:758] idVendor = 1d6b
05-08 16:01:47.757 456 485 D RIL-DEV :
05-08 16:01:47.758 456 485 E RIL-DEV : Cannot find Meig devices
05-08 16:01:47.758 456 485 I RIL : ---> can't find meig usb devices
05-08 16:09:40.570 6849 6849 I : read descriptors
05-08 16:09:40.570 6849 6849 I : read strings
05-08 16:09:40.572 1 1 I init : processing action (sys.usb.config=adb && sys.usb.configfs=1 && sys.usb.ffs.ready=1) from (/system/etc/init/hw/init.usb.configfs.rc:20)
05-08 16:09:40.575 1 1 I init : Command 'symlink /config/usb_gadget/g1/functions/ffs.adb /config/usb_gadget/g1/configs/b.1/f1' action=sys.usb.config=adb && sys.usb.configfs=1 && sys.usb.ffs.ready=1 (/system/etc/init/hw/init.usb.configfs.rc:22) took 0ms and failed: symlink() failed: File exists
05-08 16:09:40.580 1 1 I init : Command 'write /config/usb_gadget/g1/UDC ${sys.usb.controller}' action=sys.usb.config=adb && sys.usb.configfs=1 && sys.usb.ffs.ready=1 (/system/etc/init/hw/init.usb.configfs.rc:23) took 3ms and failed: Unable to write to file '/config/usb_gadget/g1/UDC': Unable to write file contents: Device or resource busy
05-08 16:09:41.623 6849 6849 I : read descriptors
05-08 16:09:41.624 6849 6849 I : read strings
05-08 16:09:41.627 1 1 I init : processing action (sys.usb.config=adb && sys.usb.configfs=1 && sys.usb.ffs.ready=1) from (/system/etc/init/hw/init.usb.configfs.rc:20)
05-08 16:01:49.758 456 485 I RIL : ---> enter mainloop wait at port
05-08 16:01:49.758 456 485 D RIL-DEV : Get modem info
05-08 16:01:49.759 456 485 D RIL-DEV : [05-08_16:01:49:759] idVendor = 1d6b
05-08 16:01:49.759 456 485 D RIL-DEV :
05-08 16:01:49.759 456 485 D RIL-DEV : [05-08_16:01:49:760] idVendor = 1d6b
05-08 16:01:49.759 456 485 D RIL-DEV :
05-08 16:01:49.760 456 485 D RIL-DEV : [05-08_16:01:49:760] idVendor = 1d6b
05-08 16:01:49.760 456 485 D RIL-DEV :
05-08 16:01:49.760 456 485 D RIL-DEV : [05-08_16:01:49:760] idVendor = 0781
05-08 16:01:49.760 456 485 D RIL-DEV :
05-08 16:01:49.760 456 485 D RIL-DEV : [05-08_16:01:49:761] idVendor = 1d6b
05-08 16:01:49.760 456 485 D RIL-DEV :
05-08 16:01:49.761 456 485 E RIL-DEV : Cannot find Meig devices
05-08 16:01:49.761 456 485 I RIL : ---> can't find meig usb devices
05-08 16:09:42.680 6849 6849 I : read descriptors
05-08 16:09:42.680 6849 6849 I : read strings
05-08 16:09:43.753 6849 6849 I : read descriptors
05-08 16:09:43.754 6849 6849 I : read strings
05-08 16:09:43.757 1 1 I init : processing action (sys.usb.config=adb && sys.usb.configfs=1 && sys.usb.ffs.ready=1) from (/system/etc/init/hw/init.usb.configfs.rc:20)
05-08 16:09:43.759 1 1 I init : Command 'symlink /config/usb_gadget/g1/functions/ffs.adb /config/usb_gadget/g1/configs/b.1/f1' action=sys.usb.config=adb && sys.usb.configfs=1 && sys.usb.ffs.ready=1 (/system/etc/init/hw/init.usb.configfs.rc:22) took 0ms and failed: symlink() failed: File exists
05-08 16:09:43.759 1 1 I init : Command 'write /config/usb_gadget/g1/UDC ${sys.usb.controller}' action=sys.usb.config=adb && sys.usb.configfs=1 && sys.usb.ffs.ready=1 (/system/etc/init/hw/init.usb.configfs.rc:23) took 0ms and failed: Unable to write to file '/config/usb_gadget/g1/UDC': Unable to write file contents: Device or resource busy
05-08 16:01:51.761 456 485 I RIL : ---> enter mainloop wait at port
05-08 16:01:51.761 456 485 D RIL-DEV : Get modem info
05-08 16:01:51.762 456 485 D RIL-DEV : [05-08_16:01:51:762] idVendor = 1d6b
05-08 16:01:51.762 456 485 D RIL-DEV :
05-08 16:01:51.762 456 485 D RIL-DEV : [05-08_16:01:51:763] idVendor = 1d6b
05-08 16:01:51.762 456 485 D RIL-DEV :
05-08 16:01:51.763 456 485 D RIL-DEV : [05-08_16:01:51:763] idVendor = 1d6b
05-08 16:01:51.763 456 485 D RIL-DEV :
05-08 16:01:51.763 456 485 D RIL-DEV : [05-08_16:01:51:763] idVendor = 0781
05-08 16:01:51.763 456 485 D RIL-DEV :
05-08 16:01:51.763 456 485 D RIL-DEV : [05-08_16:01:51:764] idVendor = 1d6b
05-08 16:01:51.763 456 485 D RIL-DEV :
05-08 16:01:51.764 456 485 E RIL-DEV : Cannot find Meig devices
05-08 16:01:51.764 456 485 I RIL : ---> can't find meig usb devices
05-08 16:09:44.813 6849 6849 I : read descriptors
05-08 16:09:44.814 6849 6849 I : read strings
05-08 16:09:44.816 1 1 I init : processing action (sys.usb.config=adb && sys.usb.configfs=1 && sys.usb.ffs.ready=1) from (/system/etc/init/hw/init.usb.configfs.rc:20)
05-08 16:09:44.819 1 1 I init : Command 'symlink /config/usb_gadget/g1/functions/ffs.adb /config/usb_gadget/g1/configs/b.1/f1' action=sys.usb.config=adb && sys.usb.configfs=1 && sys.usb.ffs.ready=1 (/system/etc/init/hw/init.usb.configfs.rc:22) took 0ms and failed: symlink() failed: File exists
05-08 16:09:44.819 1 1 I init : Command 'write /config/usb_gadget/g1/UDC ${sys.usb.controller}' action=sys.usb.config=adb && sys.usb.configfs=1 && sys.usb.ffs.ready=1 (/system/etc/init/hw/init.usb.configfs.rc:23) took 0ms and failed: Unable to write to file '/config/usb_gadget/g1/UDC': Unable to write file contents: Device or resource busy
05-08 16:09:45.874 6849 6849 I : read descriptors
05-08 16:09:45.874 6849 6849 I : read strings
05-08 16:09:45.877 1 1 I init : processing action (sys.usb.config=adb && sys.usb.configfs=1 && sys.usb.ffs.ready=1) from (/system/etc/init/hw/init.usb.configfs.rc:20)
05-08 16:09:45.878 1 1 I init : Command 'symlink /config/usb_gadget/g1/functions/ffs.adb /config/usb_gadget/g1/configs/b.1/f1' action=sys.usb.config=adb && sys.usb.configfs=1 && sys.usb.ffs.ready=1 (/system/etc/init/hw/init.usb.configfs.rc:22) took 0ms and failed: symlink() failed: File exists
05-08 16:09:45.879 1 1 I init : Command 'write /config/usb_gadget/g1/UDC ${sys.usb.controller}' action=sys.usb.config=adb && sys.usb.configfs=1 && sys.usb.ffs.ready=1 (/system/etc/init/hw/init.usb.configfs.rc:23) took 0ms and failed: Unable to write to file '/config/usb_gadget/g1/UDC': Unable to write file contents: Device or resource busy
05-08 16:01:53.764 456 485 I RIL : ---> enter mainloop wait at port
05-08 16:01:53.764 456 485 D RIL-DEV : Get modem info
05-08 16:01:53.765 456 485 D RIL-DEV : [05-08_16:01:53:765] idVendor = 1d6b
05-08 16:01:53.765 456 485 D RIL-DEV :
05-08 16:01:53.765 456 485 D RIL-DEV : [05-08_16:01:53:766] idVendor = 1d6b
05-08 16:01:53.765 456 485 D RIL-DEV :
05-08 16:01:53.766 456 485 D RIL-DEV : [05-08_16:01:53:766] idVendor = 1d6b
05-08 16:01:53.766 456 485 D RIL-DEV :
05-08 16:01:53.766 456 485 D RIL-DEV : [05-08_16:01:53:766] idVendor = 0781
05-08 16:01:53.766 456 485 D RIL-DEV :
05-08 16:01:53.766 456 485 D RIL-DEV : [05-08_16:01:53:767] idVendor = 1d6b
05-08 16:01:53.766 456 485 D RIL-DEV :
05-08 16:01:53.767 456 485 E RIL-DEV : Cannot find Meig devices
05-08 16:01:53.767 456 485 I RIL : ---> can't find meig usb devices
05-08 16:09:46.913 6849 6849 I : read descriptors
05-08 16:09:46.913 6849 6849 I : read strings
05-08 16:09:46.916 1 1 I init : processing action (sys.usb.config=adb && sys.usb.configfs=1 && sys.usb.ffs.ready=1) from (/system/etc/init/hw/init.usb.configfs.rc:20)
05-08 16:09:47.950 6849 6849 I : read descriptors
05-08 16:09:47.950 6849 6849 I : read strings
05-08 16:01:55.767 456 485 I RIL : ---> enter mainloop wait at port
05-08 16:01:55.767 456 485 D RIL-DEV : Get modem info
05-08 16:01:55.768 456 485 D RIL-DEV : [05-08_16:01:55:768] idVendor = 1d6b
05-08 16:01:55.768 456 485 D RIL-DEV :
05-08 16:01:55.768 456 485 D RIL-DEV : [05-08_16:01:55:769] idVendor = 1d6b
05-08 16:01:55.768 456 485 D RIL-DEV :
05-08 16:01:55.769 456 485 D RIL-DEV : [05-08_16:01:55:769] idVendor = 1d6b
05-08 16:01:55.769 456 485 D RIL-DEV :
05-08 16:01:55.769 456 485 D RIL-DEV : [05-08_16:01:55:769] idVendor = 0781
05-08 16:01:55.769 456 485 D RIL-DEV :
05-08 16:01:55.769 456 485 D RIL-DEV : [05-08_16:01:55:770] idVendor = 1d6b
05-08 16:01:55.769 456 485 D RIL-DEV :
05-08 16:01:55.769 456 485 E RIL-DEV : Cannot find Meig devices
05-08 16:01:55.770 456 485 I RIL : ---> can't find meig usb devices
05-08 16:09:49.024 6849 6849 I : read descriptors
05-08 16:09:49.024 6849 6849 I : read strings
05-08 16:09:49.026 1 1 I init : processing action (sys.usb.config=adb && sys.usb.configfs=1 && sys.usb.ffs.ready=1) from (/system/etc/init/hw/init.usb.configfs.rc:20)
05-08 16:09:49.029 1 1 I init : Command 'symlink /config/usb_gadget/g1/functions/ffs.adb /config/usb_gadget/g1/configs/b.1/f1' action=sys.usb.config=adb && sys.usb.configfs=1 && sys.usb.ffs.ready=1 (/system/etc/init/hw/init.usb.configfs.rc:22) took 0ms and failed: symlink() failed: File exists
05-08 16:09:49.030 1 1 I init : Command 'write /config/usb_gadget/g1/UDC ${sys.usb.controller}' action=sys.usb.config=adb && sys.usb.configfs=1 && sys.usb.ffs.ready=1 (/system/etc/init/hw/init.usb.configfs.rc:23) took 0ms and failed: Unable to write to file '/config/usb_gadget/g1/UDC': Unable to write file contents: Device or resource busy
05-08 16:01:57.770 456 485 I RIL : ---> enter mainloop wait at port
05-08 16:01:57.770 456 485 D RIL-DEV : Get modem info
05-08 16:01:57.771 456 485 D RIL-DEV : [05-08_16:01:57:771] idVendor = 1d6b
05-08 16:01:57.771 456 485 D RIL-DEV :
05-08 16:01:57.771 456 485 D RIL-DEV : [05-08_16:01:57:771] idVendor = 1d6b
05-08 16:01:57.771 456 485 D RIL-DEV :
05-08 16:01:57.771 456 485 D RIL-DEV : [05-08_16:01:57:772] idVendor = 1d6b
05-08 16:01:57.771 456 485 D RIL-DEV :
05-08 16:01:57.771 456 485 D RIL-DEV : [05-08_16:01:57:772] idVendor = 0781
05-08 16:01:57.771 456 485 D RIL-DEV :
05-08 16:01:57.772 456 485 D RIL-DEV : [05-08_16:01:57:772] idVendor = 1d6b
05-08 16:01:57.772 456 485 D RIL-DEV :
05-08 16:01:57.772 456 485 E RIL-DEV : Cannot find Meig devices
05-08 16:01:57.772 456 485 I RIL : ---> can't find meig usb devices
05-08 16:09:50.064 6849 6849 I : read descriptors
05-08 16:09:50.064 6849 6849 I : read strings
05-08 16:09:50.067 1 1 I init : processing action (sys.usb.config=adb && sys.usb.configfs=1 && sys.usb.ffs.ready=1) from (/system/etc/init/hw/init.usb.configfs.rc:20)
05-08 16:09:50.069 1 1 I init : Command 'symlink /config/usb_gadget/g1/functions/ffs.adb /config/usb_gadget/g1/configs/b.1/f1' action=sys.usb.config=adb && sys.usb.configfs=1 && sys.usb.ffs.ready=1 (/system/etc/init/hw/init.usb.configfs.rc:22) took 0ms and failed: symlink() failed: File exists
05-08 16:09:50.070 1 1 I init : Command 'write /config/usb_gadget/g1/UDC ${sys.usb.controller}' action=sys.usb.config=adb && sys.usb.configfs=1 && sys.usb.ffs.ready=1 (/system/etc/init/hw/init.usb.configfs.rc:23) took 0ms and failed: Unable to write to file '/config/usb_gadget/g1/UDC': Unable to write file contents: Device or resource busy
05-08 16:09:51.110 6849 6849 I : read descriptors
05-08 16:09:51.110 6849 6849 I : read strings
05-08 16:09:51.113 1 1 I init : processing action (sys.usb.config=adb && sys.usb.configfs=1 && sys.usb.ffs.ready=1) from (/system/etc/init/hw/init.usb.configfs.rc:20)
05-08 16:09:51.116 1 1 I init : Command 'symlink /config/usb_gadget/g1/functions/ffs.adb /config/usb_gadget/g1/configs/b.1/f1' action=sys.usb.config=adb && sys.usb.configfs=1 && sys.usb.ffs.ready=1 (/system/etc/init/hw/init.usb.configfs.rc:22) took 0ms and failed: symlink() failed: File exists
05-08 16:09:51.116 1 1 I init : Command 'write /config/usb_gadget/g1/UDC ${sys.usb.controller}' action=sys.usb.config=adb && sys.usb.configfs=1 && sys.usb.ffs.ready=1 (/system/etc/init/hw/init.usb.configfs.rc:23) took 0ms and failed: Unable to write to file '/config/usb_gadget/g1/UDC': Unable to write file contents: Device or resource busy
05-08 16:01:59.772 456 485 I RIL : ---> enter mainloop wait at port
05-08 16:01:59.772 456 485 D RIL-DEV : Get modem info
05-08 16:01:59.772 456 485 D RIL-DEV : [05-08_16:01:59:773] idVendor = 1d6b
05-08 16:01:59.772 456 485 D RIL-DEV :
05-08 16:01:59.773 456 485 D RIL-DEV : [05-08_16:01:59:773] idVendor = 1d6b
05-08 16:01:59.773 456 485 D RIL-DEV :
05-08 16:01:59.773 456 485 D RIL-DEV : [05-08_16:01:59:773] idVendor = 1d6b
05-08 16:01:59.773 456 485 D RIL-DEV :
05-08 16:01:59.773 456 485 D RIL-DEV : [05-08_16:01:59:773] idVendor = 0781
05-08 16:01:59.773 456 485 D RIL-DEV :
05-08 16:01:59.773 456 485 D RIL-DEV : [05-08_16:01:59:773] idVendor = 1d6b
05-08 16:01:59.773 456 485 D RIL-DEV :
05-08 16:01:59.773 456 485 E RIL-DEV : Cannot find Meig devices
05-08 16:01:59.773 456 485 I RIL : ---> can't find meig usb devices
05-08 16:09:52.150 6849 6849 I : read descriptors
05-08 16:09:52.150 6849 6849 I : read strings
05-08 16:09:52.152 1 1 I init : processing action (sys.usb.config=adb && sys.usb.configfs=1 && sys.usb.ffs.ready=1) from (/system/etc/init/hw/init.usb.configfs.rc:20)
05-08 16:09:53.217 6849 6849 I : read descriptors
05-08 16:09:53.217 6849 6849 I : read strings
05-08 16:02:01.773 456 485 I RIL : ---> enter mainloop wait at port
05-08 16:02:01.773 456 485 D RIL-DEV : Get modem info
05-08 16:02:01.773 456 485 D RIL-DEV : [05-08_16:02:01:774] idVendor = 1d6b
05-08 16:02:01.773 456 485 D RIL-DEV :
05-08 16:02:01.774 456 485 D RIL-DEV : [05-08_16:02:01:774] idVendor = 1d6b
05-08 16:02:01.774 456 485 D RIL-DEV :
05-08 16:02:01.774 456 485 D RIL-DEV : [05-08_16:02:01:774] idVendor = 1d6b
05-08 16:02:01.774 456 485 D RIL-DEV :
05-08 16:02:01.774 456 485 D RIL-DEV : [05-08_16:02:01:774] idVendor = 0781
05-08 16:02:01.774 456 485 D RIL-DEV :
05-08 16:02:01.774 456 485 D RIL-DEV : [05-08_16:02:01:774] idVendor = 1d6b
05-08 16:02:01.774 456 485 D RIL-DEV :
05-08 16:02:01.774 456 485 E RIL-DEV : Cannot find Meig devices
05-08 16:02:01.774 456 485 I RIL : ---> can't find meig usb devices
05-08 16:09:54.307 6849 6849 I : read descriptors
05-08 16:09:54.307 6849 6849 I : read strings
