05-08 16:11:34.366 1 1 I init : processing action (sys.usb.config=adb && sys.usb.configfs=1 && sys.usb.ffs.ready=1) from (/system/etc/init/hw/init.usb.configfs.rc:20)
05-08 16:11:34.371 1 1 I init : Command 'symlink /config/usb_gadget/g1/functions/ffs.adb /config/usb_gadget/g1/configs/b.1/f1' action=sys.usb.config=adb && sys.usb.configfs=1 && sys.usb.ffs.ready=1 (/system/etc/init/hw/init.usb.configfs.rc:22) took 0ms and failed: symlink() failed: File exists
05-08 16:11:34.372 1 1 I init : Command 'write /config/usb_gadget/g1/UDC ${sys.usb.controller}' action=sys.usb.config=adb && sys.usb.configfs=1 && sys.usb.ffs.ready=1 (/system/etc/init/hw/init.usb.configfs.rc:23) took 1ms and failed: Unable to write to file '/config/usb_gadget/g1/UDC': Unable to write file contents: Device or resource busy
05-08 16:11:35.407 6849 6849 I : read descriptors
05-08 16:11:35.407 6849 6849 I : read strings
05-08 16:11:35.409 1 1 I init : processing action (sys.usb.config=adb && sys.usb.configfs=1 && sys.usb.ffs.ready=1) from (/system/etc/init/hw/init.usb.configfs.rc:20)
05-08 16:11:35.412 1 1 I init : Command 'symlink /config/usb_gadget/g1/functions/ffs.adb /config/usb_gadget/g1/configs/b.1/f1' action=sys.usb.config=adb && sys.usb.configfs=1 && sys.usb.ffs.ready=1 (/system/etc/init/hw/init.usb.configfs.rc:22) took 0ms and failed: symlink() failed: File exists
05-08 16:11:35.416 1 1 I init : Command 'write /config/usb_gadget/g1/UDC ${sys.usb.controller}' action=sys.usb.config=adb && sys.usb.configfs=1 && sys.usb.ffs.ready=1 (/system/etc/init/hw/init.usb.configfs.rc:23) took 3ms and failed: Unable to write to file '/config/usb_gadget/g1/UDC': Unable to write file contents: Device or resource busy
05-08 16:03:43.920 456 485 I RIL : ---> enter mainloop wait at port
05-08 16:03:43.920 456 485 D RIL-DEV : Get modem info
05-08 16:03:43.921 456 485 D RIL-DEV : [05-08_16:03:43:921] idVendor = 1d6b
05-08 16:03:43.921 456 485 D RIL-DEV :
05-08 16:03:43.921 456 485 D RIL-DEV : [05-08_16:03:43:921] idVendor = 1d6b
05-08 16:03:43.921 456 485 D RIL-DEV :
05-08 16:03:43.922 456 485 D RIL-DEV : [05-08_16:03:43:922] idVendor = 1d6b
05-08 16:03:43.922 456 485 D RIL-DEV :
05-08 16:03:43.922 456 485 D RIL-DEV : [05-08_16:03:43:922] idVendor = 0781
05-08 16:03:43.922 456 485 D RIL-DEV :
05-08 16:03:43.922 456 485 D RIL-DEV : [05-08_16:03:43:923] idVendor = 1d6b
05-08 16:03:43.922 456 485 D RIL-DEV :
05-08 16:03:43.923 456 485 E RIL-DEV : Cannot find Meig devices
05-08 16:03:43.923 456 485 I RIL : ---> can't find meig usb devices
05-08 16:11:36.450 6849 6849 I : read descriptors
05-08 16:11:36.450 6849 6849 I : read strings
05-08 16:11:36.452 1 1 I init : processing action (sys.usb.config=adb && sys.usb.configfs=1 && sys.usb.ffs.ready=1) from (/system/etc/init/hw/init.usb.configfs.rc:20)
05-08 16:11:36.456 1 1 I init : Command 'symlink /config/usb_gadget/g1/functions/ffs.adb /config/usb_gadget/g1/configs/b.1/f1' action=sys.usb.config=adb && sys.usb.configfs=1 && sys.usb.ffs.ready=1 (/system/etc/init/hw/init.usb.configfs.rc:22) took 1ms and failed: symlink() failed: File exists
05-08 16:11:36.459 1 1 I init : Command 'write /config/usb_gadget/g1/UDC ${sys.usb.controller}' action=sys.usb.config=adb && sys.usb.configfs=1 && sys.usb.ffs.ready=1 (/system/etc/init/hw/init.usb.configfs.rc:23) took 1ms and failed: Unable to write to file '/config/usb_gadget/g1/UDC': Unable to write file contents: Device or resource busy
05-08 16:11:37.493 6849 6849 I : read descriptors
05-08 16:11:37.494 6849 6849 I : read strings
05-08 16:11:37.498 1 1 I init : processing action (sys.usb.config=adb && sys.usb.configfs=1 && sys.usb.ffs.ready=1) from (/system/etc/init/hw/init.usb.configfs.rc:20)
05-08 16:03:45.923 456 485 I RIL : ---> enter mainloop wait at port
05-08 16:03:45.923 456 485 D RIL-DEV : Get modem info
05-08 16:03:45.924 456 485 D RIL-DEV : [05-08_16:03:45:924] idVendor = 1d6b
05-08 16:03:45.924 456 485 D RIL-DEV :
05-08 16:03:45.924 456 485 D RIL-DEV : [05-08_16:03:45:925] idVendor = 1d6b
05-08 16:03:45.924 456 485 D RIL-DEV :
05-08 16:03:45.925 456 485 D RIL-DEV : [05-08_16:03:45:925] idVendor = 1d6b
05-08 16:03:45.925 456 485 D RIL-DEV :
05-08 16:03:45.925 456 485 D RIL-DEV : [05-08_16:03:45:926] idVendor = 0781
05-08 16:03:45.925 456 485 D RIL-DEV :
05-08 16:03:45.925 456 485 D RIL-DEV : [05-08_16:03:45:926] idVendor = 1d6b
05-08 16:03:45.925 456 485 D RIL-DEV :
05-08 16:03:45.926 456 485 E RIL-DEV : Cannot find Meig devices
05-08 16:03:45.926 456 485 I RIL : ---> can't find meig usb devices
05-08 16:11:38.540 6849 6849 I : read descriptors
05-08 16:11:38.540 6849 6849 I : read strings
05-08 16:11:39.580 6849 6849 I : read descriptors
05-08 16:11:39.580 6849 6849 I : read strings
05-08 16:11:39.581 1 1 I init : processing action (sys.usb.config=adb && sys.usb.configfs=1 && sys.usb.ffs.ready=1) from (/system/etc/init/hw/init.usb.configfs.rc:20)
05-08 16:11:39.583 1 1 I init : Command 'symlink /config/usb_gadget/g1/functions/ffs.adb /config/usb_gadget/g1/configs/b.1/f1' action=sys.usb.config=adb && sys.usb.configfs=1 && sys.usb.ffs.ready=1 (/system/etc/init/hw/init.usb.configfs.rc:22) took 0ms and failed: symlink() failed: File exists
05-08 16:11:39.583 1 1 I init : Command 'write /config/usb_gadget/g1/UDC ${sys.usb.controller}' action=sys.usb.config=adb && sys.usb.configfs=1 && sys.usb.ffs.ready=1 (/system/etc/init/hw/init.usb.configfs.rc:23) took 0ms and failed: Unable to write to file '/config/usb_gadget/g1/UDC': Unable to write file contents: Device or resource busy
05-08 16:03:47.926 456 485 I RIL : ---> enter mainloop wait at port
05-08 16:03:47.926 456 485 D RIL-DEV : Get modem info
05-08 16:03:47.928 456 485 D RIL-DEV : [05-08_16:03:47:928] idVendor = 1d6b
05-08 16:03:47.928 456 485 D RIL-DEV :
05-08 16:03:47.928 456 485 D RIL-DEV : [05-08_16:03:47:929] idVendor = 1d6b
05-08 16:03:47.928 456 485 D RIL-DEV :
05-08 16:03:47.929 456 485 D RIL-DEV : [05-08_16:03:47:930] idVendor = 1d6b
05-08 16:03:47.929 456 485 D RIL-DEV :
05-08 16:03:47.929 456 485 D RIL-DEV : [05-08_16:03:47:930] idVendor = 0781
05-08 16:03:47.929 456 485 D RIL-DEV :
05-08 16:03:47.930 456 485 D RIL-DEV : [05-08_16:03:47:930] idVendor = 1d6b
05-08 16:03:47.930 456 485 D RIL-DEV :
05-08 16:03:47.931 456 485 E RIL-DEV : Cannot find Meig devices
05-08 16:03:47.931 456 485 I RIL : ---> can't find meig usb devices
05-08 16:11:40.620 6849 6849 I : read descriptors
05-08 16:11:40.620 6849 6849 I : read strings
05-08 16:11:40.620 1 1 I init : processing action (sys.usb.config=adb && sys.usb.configfs=1 && sys.usb.ffs.ready=1) from (/system/etc/init/hw/init.usb.configfs.rc:20)
05-08 16:11:40.622 1 1 I init : Command 'symlink /config/usb_gadget/g1/functions/ffs.adb /config/usb_gadget/g1/configs/b.1/f1' action=sys.usb.config=adb && sys.usb.configfs=1 && sys.usb.ffs.ready=1 (/system/etc/init/hw/init.usb.configfs.rc:22) took 1ms and failed: symlink() failed: File exists
05-08 16:11:40.624 1 1 I init : Command 'write /config/usb_gadget/g1/UDC ${sys.usb.controller}' action=sys.usb.config=adb && sys.usb.configfs=1 && sys.usb.ffs.ready=1 (/system/etc/init/hw/init.usb.configfs.rc:23) took 1ms and failed: Unable to write to file '/config/usb_gadget/g1/UDC': Unable to write file contents: Device or resource busy
05-08 16:11:41.667 6849 6849 I : read descriptors
05-08 16:11:41.667 6849 6849 I : read strings
05-08 16:11:41.669 1 1 I init : processing action (sys.usb.config=adb && sys.usb.configfs=1 && sys.usb.ffs.ready=1) from (/system/etc/init/hw/init.usb.configfs.rc:20)
05-08 16:11:41.671 1 1 I init : Command 'symlink /config/usb_gadget/g1/functions/ffs.adb /config/usb_gadget/g1/configs/b.1/f1' action=sys.usb.config=adb && sys.usb.configfs=1 && sys.usb.ffs.ready=1 (/system/etc/init/hw/init.usb.configfs.rc:22) took 0ms and failed: symlink() failed: File exists
05-08 16:11:41.671 1 1 I init : Command 'write /config/usb_gadget/g1/UDC ${sys.usb.controller}' action=sys.usb.config=adb && sys.usb.configfs=1 && sys.usb.ffs.ready=1 (/system/etc/init/hw/init.usb.configfs.rc:23) took 0ms and failed: Unable to write to file '/config/usb_gadget/g1/UDC': Unable to write file contents: Device or resource busy
05-08 16:03:49.931 456 485 I RIL : ---> enter mainloop wait at port
05-08 16:03:49.931 456 485 D RIL-DEV : Get modem info
05-08 16:03:49.932 456 485 D RIL-DEV : [05-08_16:03:49:933] idVendor = 1d6b
05-08 16:03:49.932 456 485 D RIL-DEV :
05-08 16:03:49.932 456 485 D RIL-DEV : [05-08_16:03:49:933] idVendor = 1d6b
05-08 16:03:49.932 456 485 D RIL-DEV :
05-08 16:03:49.933 456 485 D RIL-DEV : [05-08_16:03:49:933] idVendor = 1d6b
05-08 16:03:49.933 456 485 D RIL-DEV :
05-08 16:03:49.933 456 485 D RIL-DEV : [05-08_16:03:49:934] idVendor = 0781
05-08 16:03:49.933 456 485 D RIL-DEV :
05-08 16:03:49.934 456 485 D RIL-DEV : [05-08_16:03:49:934] idVendor = 1d6b
05-08 16:03:49.934 456 485 D RIL-DEV :
05-08 16:03:49.934 456 485 E RIL-DEV : Cannot find Meig devices
05-08 16:03:49.934 456 485 I RIL : ---> can't find meig usb devices
05-08 16:11:42.713 6849 6849 I : read descriptors
05-08 16:11:42.714 6849 6849 I : read strings
05-08 16:11:42.716 1 1 I init : processing action (sys.usb.config=adb && sys.usb.configfs=1 && sys.usb.ffs.ready=1) from (/system/etc/init/hw/init.usb.configfs.rc:20)
05-08 16:11:43.770 6849 6849 I : read descriptors
05-08 16:11:43.770 6849 6849 I : read strings
05-08 16:03:51.935 456 485 I RIL : ---> enter mainloop wait at port
05-08 16:03:51.935 456 485 D RIL-DEV : Get modem info
05-08 16:03:51.935 456 485 D RIL-DEV : [05-08_16:03:51:936] idVendor = 1d6b
05-08 16:03:51.935 456 485 D RIL-DEV :
05-08 16:03:51.936 456 485 D RIL-DEV : [05-08_16:03:51:936] idVendor = 1d6b
05-08 16:03:51.936 456 485 D RIL-DEV :
05-08 16:03:51.936 456 485 D RIL-DEV : [05-08_16:03:51:936] idVendor = 1d6b
05-08 16:03:51.936 456 485 D RIL-DEV :
05-08 16:03:51.936 456 485 D RIL-DEV : [05-08_16:03:51:937] idVendor = 0781
05-08 16:03:51.936 456 485 D RIL-DEV :
05-08 16:03:51.936 456 485 D RIL-DEV : [05-08_16:03:51:937] idVendor = 1d6b
05-08 16:03:51.936 456 485 D RIL-DEV :
05-08 16:03:51.937 456 485 E RIL-DEV : Cannot find Meig devices
05-08 16:03:51.937 456 485 I RIL : ---> can't find meig usb devices
05-08 16:11:44.840 6849 6849 I : read descriptors
05-08 16:11:44.840 6849 6849 I : read strings
05-08 16:11:44.842 1 1 I init : processing action (sys.usb.config=adb && sys.usb.configfs=1 && sys.usb.ffs.ready=1) from (/system/etc/init/hw/init.usb.configfs.rc:20)
05-08 16:11:44.845 1 1 I init : Command 'symlink /config/usb_gadget/g1/functions/ffs.adb /config/usb_gadget/g1/configs/b.1/f1' action=sys.usb.config=adb && sys.usb.configfs=1 && sys.usb.ffs.ready=1 (/system/etc/init/hw/init.usb.configfs.rc:22) took 0ms and failed: symlink() failed: File exists
05-08 16:11:44.848 1 1 I init : Command 'write /config/usb_gadget/g1/UDC ${sys.usb.controller}' action=sys.usb.config=adb && sys.usb.configfs=1 && sys.usb.ffs.ready=1 (/system/etc/init/hw/init.usb.configfs.rc:23) took 0ms and failed: Unable to write to file '/config/usb_gadget/g1/UDC': Unable to write file contents: Device or resource busy
05-08 16:11:45.897 6849 6849 I : read descriptors
05-08 16:11:45.897 6849 6849 I : read strings
05-08 16:11:45.898 1 1 I init : processing action (sys.usb.config=adb && sys.usb.configfs=1 && sys.usb.ffs.ready=1) from (/system/etc/init/hw/init.usb.configfs.rc:20)
05-08 16:11:45.901 1 1 I init : Command 'symlink /config/usb_gadget/g1/functions/ffs.adb /config/usb_gadget/g1/configs/b.1/f1' action=sys.usb.config=adb && sys.usb.configfs=1 && sys.usb.ffs.ready=1 (/system/etc/init/hw/init.usb.configfs.rc:22) took 0ms and failed: symlink() failed: File exists
05-08 16:11:45.902 1 1 I init : Command 'write /config/usb_gadget/g1/UDC ${sys.usb.controller}' action=sys.usb.config=adb && sys.usb.configfs=1 && sys.usb.ffs.ready=1 (/system/etc/init/hw/init.usb.configfs.rc:23) took 0ms and failed: Unable to write to file '/config/usb_gadget/g1/UDC': Unable to write file contents: Device or resource busy
05-08 16:03:53.937 456 485 I RIL : ---> enter mainloop wait at port
05-08 16:03:53.937 456 485 D RIL-DEV : Get modem info
05-08 16:03:53.938 456 485 D RIL-DEV : [05-08_16:03:53:938] idVendor = 1d6b
05-08 16:03:53.938 456 485 D RIL-DEV :
05-08 16:03:53.938 456 485 D RIL-DEV : [05-08_16:03:53:939] idVendor = 1d6b
05-08 16:03:53.938 456 485 D RIL-DEV :
05-08 16:03:53.939 456 485 D RIL-DEV : [05-08_16:03:53:939] idVendor = 1d6b
05-08 16:03:53.939 456 485 D RIL-DEV :
05-08 16:03:53.939 456 485 D RIL-DEV : [05-08_16:03:53:939] idVendor = 0781
05-08 16:03:53.939 456 485 D RIL-DEV :
05-08 16:03:53.939 456 485 D RIL-DEV : [05-08_16:03:53:940] idVendor = 1d6b
05-08 16:03:53.939 456 485 D RIL-DEV :
05-08 16:03:53.940 456 485 E RIL-DEV : Cannot find Meig devices
05-08 16:03:53.940 456 485 I RIL : ---> can't find meig usb devices
05-08 16:11:46.950 6849 6849 I : read descriptors
05-08 16:11:46.950 6849 6849 I : read strings
05-08 16:11:46.952 1 1 I init : processing action (sys.usb.config=adb && sys.usb.configfs=1 && sys.usb.ffs.ready=1) from (/system/etc/init/hw/init.usb.configfs.rc:20)
05-08 16:11:46.955 1 1 I init : Command 'symlink /config/usb_gadget/g1/functions/ffs.adb /config/usb_gadget/g1/configs/b.1/f1' action=sys.usb.config=adb && sys.usb.configfs=1 && sys.usb.ffs.ready=1 (/system/etc/init/hw/init.usb.configfs.rc:22) took 0ms and failed: symlink() failed: File exists
05-08 16:11:46.956 1 1 I init : Command 'write /config/usb_gadget/g1/UDC ${sys.usb.controller}' action=sys.usb.config=adb && sys.usb.configfs=1 && sys.usb.ffs.ready=1 (/system/etc/init/hw/init.usb.configfs.rc:23) took 0ms and failed: Unable to write to file '/config/usb_gadget/g1/UDC': Unable to write file contents: Device or resource busy
05-08 16:11:48.007 6849 6849 I : read descriptors
05-08 16:11:48.007 6849 6849 I : read strings
05-08 16:11:48.011 1 1 I init : processing action (sys.usb.config=adb && sys.usb.configfs=1 && sys.usb.ffs.ready=1) from (/system/etc/init/hw/init.usb.configfs.rc:20)
05-08 16:03:55.940 456 485 I RIL : ---> enter mainloop wait at port
05-08 16:03:55.940 456 485 D RIL-DEV : Get modem info
05-08 16:03:55.941 456 485 D RIL-DEV : [05-08_16:03:55:941] idVendor = 1d6b
05-08 16:03:55.941 456 485 D RIL-DEV :
05-08 16:03:55.941 456 485 D RIL-DEV : [05-08_16:03:55:942] idVendor = 1d6b
05-08 16:03:55.941 456 485 D RIL-DEV :
05-08 16:03:55.942 456 485 D RIL-DEV : [05-08_16:03:55:942] idVendor = 1d6b
05-08 16:03:55.942 456 485 D RIL-DEV :
05-08 16:03:55.942 456 485 D RIL-DEV : [05-08_16:03:55:942] idVendor = 0781
05-08 16:03:55.942 456 485 D RIL-DEV :
05-08 16:03:55.942 456 485 D RIL-DEV : [05-08_16:03:55:943] idVendor = 1d6b
05-08 16:03:55.942 456 485 D RIL-DEV :
05-08 16:03:55.943 456 485 E RIL-DEV : Cannot find Meig devices
05-08 16:03:55.943 456 485 I RIL : ---> can't find meig usb devices
05-08 16:11:49.070 6849 6849 I : read descriptors
05-08 16:11:49.070 6849 6849 I : read strings
05-08 16:11:50.130 6849 6849 I : read descriptors
05-08 16:11:50.130 6849 6849 I : read strings
05-08 16:11:50.134 1 1 I init : processing action (sys.usb.config=adb && sys.usb.configfs=1 && sys.usb.ffs.ready=1) from (/system/etc/init/hw/init.usb.configfs.rc:20)
05-08 16:11:50.136 1 1 I init : Command 'symlink /config/usb_gadget/g1/functions/ffs.adb /config/usb_gadget/g1/configs/b.1/f1' action=sys.usb.config=adb && sys.usb.configfs=1 && sys.usb.ffs.ready=1 (/system/etc/init/hw/init.usb.configfs.rc:22) took 0ms and failed: symlink() failed: File exists
05-08 16:11:50.136 1 1 I init : Command 'write /config/usb_gadget/g1/UDC ${sys.usb.controller}' action=sys.usb.config=adb && sys.usb.configfs=1 && sys.usb.ffs.ready=1 (/system/etc/init/hw/init.usb.configfs.rc:23) took 0ms and failed: Unable to write to file '/config/usb_gadget/g1/UDC': Unable to write file contents: Device or resource busy
05-08 16:03:57.943 456 485 I RIL : ---> enter mainloop wait at port
05-08 16:03:57.943 456 485 D RIL-DEV : Get modem info
05-08 16:03:57.944 456 485 D RIL-DEV : [05-08_16:03:57:944] idVendor = 1d6b
05-08 16:03:57.944 456 485 D RIL-DEV :
05-08 16:03:57.944 456 485 D RIL-DEV : [05-08_16:03:57:944] idVendor = 1d6b
05-08 16:03:57.944 456 485 D RIL-DEV :
05-08 16:03:57.944 456 485 D RIL-DEV : [05-08_16:03:57:945] idVendor = 1d6b
05-08 16:03:57.944 456 485 D RIL-DEV :
05-08 16:03:57.945 456 485 D RIL-DEV : [05-08_16:03:57:945] idVendor = 0781
05-08 16:03:57.945 456 485 D RIL-DEV :
05-08 16:03:57.945 456 485 D RIL-DEV : [05-08_16:03:57:945] idVendor = 1d6b
05-08 16:03:57.945 456 485 D RIL-DEV :
05-08 16:03:57.945 456 485 E RIL-DEV : Cannot find Meig devices
05-08 16:03:57.945 456 485 I RIL : ---> can't find meig usb devices
05-08 16:11:51.177 6849 6849 I : read descriptors
05-08 16:11:51.177 6849 6849 I : read strings
05-08 16:11:51.179 1 1 I init : processing action (sys.usb.config=adb && sys.usb.configfs=1 && sys.usb.ffs.ready=1) from (/system/etc/init/hw/init.usb.configfs.rc:20)
05-08 16:11:51.182 1 1 I init : Command 'symlink /config/usb_gadget/g1/functions/ffs.adb /config/usb_gadget/g1/configs/b.1/f1' action=sys.usb.config=adb && sys.usb.configfs=1 && sys.usb.ffs.ready=1 (/system/etc/init/hw/init.usb.configfs.rc:22) took 0ms and failed: symlink() failed: File exists
05-08 16:11:51.185 1 1 I init : Command 'write /config/usb_gadget/g1/UDC ${sys.usb.controller}' action=sys.usb.config=adb && sys.usb.configfs=1 && sys.usb.ffs.ready=1 (/system/etc/init/hw/init.usb.configfs.rc:23) took 2ms and failed: Unable to write to file '/config/usb_gadget/g1/UDC': Unable to write file contents: Device or resource busy
05-08 16:03:59.946 456 485 I RIL : ---> enter mainloop wait at port
05-08 16:03:59.946 456 485 D RIL-DEV : Get modem info
05-08 16:03:59.946 456 485 D RIL-DEV : [05-08_16:03:59:946] idVendor = 1d6b
05-08 16:03:59.946 456 485 D RIL-DEV :
05-08 16:03:59.946 456 485 D RIL-DEV : [05-08_16:03:59:946] idVendor = 1d6b
05-08 16:03:59.946 456 485 D RIL-DEV :
05-08 16:03:59.946 456 485 D RIL-DEV : [05-08_16:03:59:947] idVendor = 1d6b
05-08 16:03:59.946 456 485 D RIL-DEV :
05-08 16:03:59.946 456 485 D RIL-DEV : [05-08_16:03:59:947] idVendor = 0781
05-08 16:03:59.946 456 485 D RIL-DEV :
05-08 16:03:59.946 456 485 D RIL-DEV : [05-08_16:03:59:947] idVendor = 1d6b
05-08 16:03:59.946 456 485 D RIL-DEV :
05-08 16:03:59.946 456 485 E RIL-DEV : Cannot find Meig devices
05-08 16:03:59.946 456 485 I RIL : ---> can't find meig usb devices
05-08 16:11:52.230 6849 6849 I : read descriptors
05-08 16:11:52.230 6849 6849 I : read strings
05-08 16:11:52.232 1 1 I init : processing action (sys.usb.config=adb && sys.usb.configfs=1 && sys.usb.ffs.ready=1) from (/system/etc/init/hw/init.usb.configfs.rc:20)
05-08 16:11:52.234 1 1 I init : Command 'symlink /config/usb_gadget/g1/functions/ffs.adb /config/usb_gadget/g1/configs/b.1/f1' action=sys.usb.config=adb && sys.usb.configfs=1 && sys.usb.ffs.ready=1 (/system/etc/init/hw/init.usb.configfs.rc:22) took 0ms and failed: symlink() failed: File exists
05-08 16:11:52.235 1 1 I init : Command 'write /config/usb_gadget/g1/UDC ${sys.usb.controller}' action=sys.usb.config=adb && sys.usb.configfs=1 && sys.usb.ffs.ready=1 (/system/etc/init/hw/init.usb.configfs.rc:23) took 0ms and failed: Unable to write to file '/config/usb_gadget/g1/UDC': Unable to write file contents: Device or resource busy
05-08 16:11:53.273 6849 6849 I : read descriptors
05-08 16:11:53.274 6849 6849 I : read strings
05-08 16:11:53.275 1 1 I init : processing action (sys.usb.config=adb && sys.usb.configfs=1 && sys.usb.ffs.ready=1) from (/system/etc/init/hw/init.usb.configfs.rc:20)
05-08 16:04:01.947 456 485 I RIL : ---> enter mainloop wait at port
05-08 16:04:01.947 456 485 D RIL-DEV : Get modem info
05-08 16:04:01.947 456 485 D RIL-DEV : [05-08_16:04:01:947] idVendor = 1d6b
05-08 16:04:01.947 456 485 D RIL-DEV :
05-08 16:04:01.947 456 485 D RIL-DEV : [05-08_16:04:01:947] idVendor = 1d6b
05-08 16:04:01.947 456 485 D RIL-DEV :
05-08 16:04:01.947 456 485 D RIL-DEV : [05-08_16:04:01:948] idVendor = 1d6b
05-08 16:04:01.947 456 485 D RIL-DEV :
05-08 16:04:01.947 456 485 D RIL-DEV : [05-08_16:04:01:948] idVendor = 0781
05-08 16:04:01.947 456 485 D RIL-DEV :
05-08 16:04:01.947 456 485 D RIL-DEV : [05-08_16:04:01:948] idVendor = 1d6b
05-08 16:04:01.947 456 485 D RIL-DEV :
05-08 16:04:01.947 456 485 E RIL-DEV : Cannot find Meig devices
05-08 16:04:01.947 456 485 I RIL : ---> can't find meig usb devices
05-08 16:11:54.336 6849 6849 I : read descriptors
05-08 16:11:54.337 6849 6849 I : read strings
05-08 16:11:55.390 6849 6849 I : read descriptors
05-08 16:11:55.390 6849 6849 I : read strings
05-08 16:11:55.393 1 1 I init : processing action (sys.usb.config=adb && sys.usb.configfs=1 && sys.usb.ffs.ready=1) from (/system/etc/init/hw/init.usb.configfs.rc:20)
05-08 16:11:55.395 1 1 I init : Command 'symlink /config/usb_gadget/g1/functions/ffs.adb /config/usb_gadget/g1/configs/b.1/f1' action=sys.usb.config=adb && sys.usb.configfs=1 && sys.usb.ffs.ready=1 (/system/etc/init/hw/init.usb.configfs.rc:22) took 0ms and failed: symlink() failed: File exists
05-08 16:11:55.395 1 1 I init : Command 'write /config/usb_gadget/g1/UDC ${sys.usb.controller}' action=sys.usb.config=adb && sys.usb.configfs=1 && sys.usb.ffs.ready=1 (/system/etc/init/hw/init.usb.configfs.rc:23) took 0ms and failed: Unable to write to file '/config/usb_gadget/g1/UDC': Unable to write file contents: Device or resource busy
05-08 16:04:03.947 456 485 I RIL : ---> enter mainloop wait at port
05-08 16:04:03.948 456 485 D RIL-DEV : Get modem info
05-08 16:04:03.948 456 485 D RIL-DEV : [05-08_16:04:03:948] idVendor = 1d6b
05-08 16:04:03.948 456 485 D RIL-DEV :
05-08 16:04:03.948 456 485 D RIL-DEV : [05-08_16:04:03:949] idVendor = 1d6b
05-08 16:04:03.948 456 485 D RIL-DEV :
05-08 16:04:03.948 456 485 D RIL-DEV : [05-08_16:04:03:949] idVendor = 1d6b
05-08 16:04:03.948 456 485 D RIL-DEV :
05-08 16:04:03.949 456 485 D RIL-DEV : [05-08_16:04:03:949] idVendor = 0781
05-08 16:04:03.949 456 485 D RIL-DEV :
05-08 16:04:03.949 456 485 D RIL-DEV : [05-08_16:04:03:949] idVendor = 1d6b
05-08 16:04:03.949 456 485 D RIL-DEV :
05-08 16:04:03.949 456 485 E RIL-DEV : Cannot find Meig devices
05-08 16:04:03.949 456 485 I RIL : ---> can't find meig usb devices
05-08 16:11:56.440 6849 6849 I : read descriptors
05-08 16:11:56.440 6849 6849 I : read strings
05-08 16:11:56.441 1 1 I init : processing action (sys.usb.config=adb && sys.usb.configfs=1 && sys.usb.ffs.ready=1) from (/system/etc/init/hw/init.usb.configfs.rc:20)
05-08 16:11:56.442 1 1 I init : Command 'symlink /config/usb_gadget/g1/functions/ffs.adb /config/usb_gadget/g1/configs/b.1/f1' action=sys.usb.config=adb && sys.usb.configfs=1 && sys.usb.ffs.ready=1 (/system/etc/init/hw/init.usb.configfs.rc:22) took 0ms and failed: symlink() failed: File exists
05-08 16:11:56.443 1 1 I init : Command 'write /config/usb_gadget/g1/UDC ${sys.usb.controller}' action=sys.usb.config=adb && sys.usb.configfs=1 && sys.usb.ffs.ready=1 (/system/etc/init/hw/init.usb.configfs.rc:23) took 0ms and failed: Unable to write to file '/config/usb_gadget/g1/UDC': Unable to write file contents: Device or resource busy
05-08 16:11:57.490 6849 6849 I : read descriptors
05-08 16:11:57.490 6849 6849 I : read strings
05-08 16:11:57.493 1 1 I init : processing action (sys.usb.config=adb && sys.usb.configfs=1 && sys.usb.ffs.ready=1) from (/system/etc/init/hw/init.usb.configfs.rc:20)
05-08 16:11:57.494 1 1 I init : Command 'symlink /config/usb_gadget/g1/functions/ffs.adb /config/usb_gadget/g1/configs/b.1/f1' action=sys.usb.config=adb && sys.usb.configfs=1 && sys.usb.ffs.ready=1 (/system/etc/init/hw/init.usb.configfs.rc:22) took 0ms and failed: symlink() failed: File exists
05-08 16:11:57.494 1 1 I init : Command 'write /config/usb_gadget/g1/UDC ${sys.usb.controller}' action=sys.usb.config=adb && sys.usb.configfs=1 && sys.usb.ffs.ready=1 (/system/etc/init/hw/init.usb.configfs.rc:23) took 0ms and failed: Unable to write to file '/config/usb_gadget/g1/UDC': Unable to write file contents: Device or resource busy
05-08 16:04:05.949 456 485 I RIL : ---> enter mainloop wait at port
05-08 16:04:05.949 456 485 D RIL-DEV : Get modem info
05-08 16:04:05.950 456 485 D RIL-DEV : [05-08_16:04:05:950] idVendor = 1d6b
05-08 16:04:05.950 456 485 D RIL-DEV :
05-08 16:04:05.950 456 485 D RIL-DEV : [05-08_16:04:05:951] idVendor = 1d6b
05-08 16:04:05.950 456 485 D RIL-DEV :
05-08 16:04:05.951 456 485 D RIL-DEV : [05-08_16:04:05:951] idVendor = 1d6b
05-08 16:04:05.951 456 485 D RIL-DEV :
05-08 16:04:05.951 456 485 D RIL-DEV : [05-08_16:04:05:951] idVendor = 0781
05-08 16:04:05.951 456 485 D RIL-DEV :
05-08 16:04:05.951 456 485 D RIL-DEV : [05-08_16:04:05:952] idVendor = 1d6b
05-08 16:04:05.951 456 485 D RIL-DEV :
05-08 16:04:05.952 456 485 E RIL-DEV : Cannot find Meig devices
05-08 16:04:05.952 456 485 I RIL : ---> can't find meig usb devices
05-08 16:11:58.547 6849 6849 I : read descriptors
05-08 16:11:58.547 6849 6849 I : read strings
05-08 16:11:58.549 1 1 I init : processing action (sys.usb.config=adb && sys.usb.configfs=1 && sys.usb.ffs.ready=1) from (/system/etc/init/hw/init.usb.configfs.rc:20)
05-08 16:11:59.603 6849 6849 I : read descriptors
05-08 16:11:59.603 6849 6849 I : read strings
05-08 16:04:07.952 456 485 I RIL : ---> enter mainloop wait at port
05-08 16:04:07.952 456 485 D RIL-DEV : Get modem info
05-08 16:04:07.953 456 485 D RIL-DEV : [05-08_16:04:07:953] idVendor = 1d6b
05-08 16:04:07.953 456 485 D RIL-DEV :
05-08 16:04:07.953 456 485 D RIL-DEV : [05-08_16:04:07:954] idVendor = 1d6b
05-08 16:04:07.953 456 485 D RIL-DEV :
05-08 16:04:07.954 456 485 D RIL-DEV : [05-08_16:04:07:954] idVendor = 1d6b
05-08 16:04:07.954 456 485 D RIL-DEV :
05-08 16:04:07.954 456 485 D RIL-DEV : [05-08_16:04:07:954] idVendor = 0781
05-08 16:04:07.954 456 485 D RIL-DEV :
05-08 16:04:07.954 456 485 D RIL-DEV : [05-08_16:04:07:955] idVendor = 1d6b
05-08 16:04:07.954 456 485 D RIL-DEV :
05-08 16:04:07.955 456 485 E RIL-DEV : Cannot find Meig devices
05-08 16:04:07.955 456 485 I RIL : ---> can't find meig usb devices
05-08 16:12:00.653 6849 6849 I : read descriptors
05-08 16:12:00.653 6849 6849 I : read strings
05-08 16:12:00.655 1 1 I init : processing action (sys.usb.config=adb && sys.usb.configfs=1 && sys.usb.ffs.ready=1) from (/system/etc/init/hw/init.usb.configfs.rc:20)
05-08 16:12:00.657 1 1 I init : Command 'symlink /config/usb_gadget/g1/functions/ffs.adb /config/usb_gadget/g1/configs/b.1/f1' action=sys.usb.config=adb && sys.usb.configfs=1 && sys.usb.ffs.ready=1 (/system/etc/init/hw/init.usb.configfs.rc:22) took 0ms and failed: symlink() failed: File exists
05-08 16:12:00.658 1 1 I init : Command 'write /config/usb_gadget/g1/UDC ${sys.usb.controller}' action=sys.usb.config=adb && sys.usb.configfs=1 && sys.usb.ffs.ready=1 (/system/etc/init/hw/init.usb.configfs.rc:23) took 0ms and failed: Unable to write to file '/config/usb_gadget/g1/UDC': Unable to write file contents: Device or resource busy
05-08 16:12:01.697 6849 6849 I : read descriptors
05-08 16:12:01.697 6849 6849 I : read strings
05-08 16:12:01.698 1 1 I init : processing action (sys.usb.config=adb && sys.usb.configfs=1 && sys.usb.ffs.ready=1) from (/system/etc/init/hw/init.usb.configfs.rc:20)
05-08 16:12:01.701 1 1 I init : Command 'symlink /config/usb_gadget/g1/functions/ffs.adb /config/usb_gadget/g1/configs/b.1/f1' action=sys.usb.config=adb && sys.usb.configfs=1 && sys.usb.ffs.ready=1 (/system/etc/init/hw/init.usb.configfs.rc:22) took 0ms and failed: symlink() failed: File exists
05-08 16:12:01.701 1 1 I init : Command 'write /config/usb_gadget/g1/UDC ${sys.usb.controller}' action=sys.usb.config=adb && sys.usb.configfs=1 && sys.usb.ffs.ready=1 (/system/etc/init/hw/init.usb.configfs.rc:23) took 0ms and failed: Unable to write to file '/config/usb_gadget/g1/UDC': Unable to write file contents: Device or resource busy
05-08 16:04:09.955 456 485 I RIL : ---> enter mainloop wait at port
05-08 16:04:09.955 456 485 D RIL-DEV : Get modem info
05-08 16:04:09.956 456 485 D RIL-DEV : [05-08_16:04:09:956] idVendor = 1d6b
05-08 16:04:09.956 456 485 D RIL-DEV :
05-08 16:04:09.956 456 485 D RIL-DEV : [05-08_16:04:09:956] idVendor = 1d6b
05-08 16:04:09.956 456 485 D RIL-DEV :
05-08 16:04:09.956 456 485 D RIL-DEV : [05-08_16:04:09:957] idVendor = 1d6b
05-08 16:04:09.956 456 485 D RIL-DEV :
05-08 16:04:09.956 456 485 D RIL-DEV : [05-08_16:04:09:957] idVendor = 0781
05-08 16:04:09.956 456 485 D RIL-DEV :
05-08 16:04:09.956 456 485 D RIL-DEV : [05-08_16:04:09:957] idVendor = 1d6b
05-08 16:04:09.956 456 485 D RIL-DEV :
05-08 16:04:09.957 456 485 E RIL-DEV : Cannot find Meig devices
05-08 16:04:09.957 456 485 I RIL : ---> can't find meig usb devices
05-08 16:12:02.743 6849 6849 I : read descriptors
05-08 16:12:02.743 6849 6849 I : read strings
05-08 16:12:02.745 1 1 I init : processing action (sys.usb.config=adb && sys.usb.configfs=1 && sys.usb.ffs.ready=1) from (/system/etc/init/hw/init.usb.configfs.rc:20)
05-08 16:12:02.747 1 1 I init : Command 'symlink /config/usb_gadget/g1/functions/ffs.adb /config/usb_gadget/g1/configs/b.1/f1' action=sys.usb.config=adb && sys.usb.configfs=1 && sys.usb.ffs.ready=1 (/system/etc/init/hw/init.usb.configfs.rc:22) took 0ms and failed: symlink() failed: File exists
05-08 16:12:02.748 1 1 I init : Command 'write /config/usb_gadget/g1/UDC ${sys.usb.controller}' action=sys.usb.config=adb && sys.usb.configfs=1 && sys.usb.ffs.ready=1 (/system/etc/init/hw/init.usb.configfs.rc:23) took 0ms and failed: Unable to write to file '/config/usb_gadget/g1/UDC': Unable to write file contents: Device or resource busy
05-08 16:12:03.790 6849 6849 I : read descriptors
05-08 16:12:03.790 6849 6849 I : read strings
05-08 16:12:03.792 1 1 I init : processing action (sys.usb.config=adb && sys.usb.configfs=1 && sys.usb.ffs.ready=1) from (/system/etc/init/hw/init.usb.configfs.rc:20)
05-08 16:04:11.957 456 485 I RIL : ---> enter mainloop wait at port
05-08 16:04:11.958 456 485 D RIL-DEV : Get modem info
05-08 16:04:11.958 456 485 D RIL-DEV : [05-08_16:04:11:959] idVendor = 1d6b
05-08 16:04:11.958 456 485 D RIL-DEV :
05-08 16:04:11.959 456 485 D RIL-DEV : [05-08_16:04:11:959] idVendor = 1d6b
05-08 16:04:11.959 456 485 D RIL-DEV :
05-08 16:04:11.959 456 485 D RIL-DEV : [05-08_16:04:11:959] idVendor = 1d6b
05-08 16:04:11.959 456 485 D RIL-DEV :
05-08 16:04:11.959 456 485 D RIL-DEV : [05-08_16:04:11:960] idVendor = 0781
05-08 16:04:11.959 456 485 D RIL-DEV :
05-08 16:04:11.959 456 485 D RIL-DEV : [05-08_16:04:11:960] idVendor = 1d6b
05-08 16:04:11.959 456 485 D RIL-DEV :
05-08 16:04:11.960 456 485 E RIL-DEV : Cannot find Meig devices
05-08 16:04:11.961 456 485 I RIL : ---> can't find meig usb devices
05-08 16:12:04.861 6849 6849 I : read descriptors
05-08 16:12:04.862 6849 6849 I : read strings
05-08 16:12:05.923 6849 6849 I : read descriptors
05-08 16:12:05.923 6849 6849 I : read strings
05-08 16:12:05.925 1 1 I init : processing action (sys.usb.config=adb && sys.usb.configfs=1 && sys.usb.ffs.ready=1) from (/system/etc/init/hw/init.usb.configfs.rc:20)
05-08 16:12:05.927 1 1 I init : Command 'symlink /config/usb_gadget/g1/functions/ffs.adb /config/usb_gadget/g1/configs/b.1/f1' action=sys.usb.config=adb && sys.usb.configfs=1 && sys.usb.ffs.ready=1 (/system/etc/init/hw/init.usb.configfs.rc:22) took 0ms and failed: symlink() failed: File exists
05-08 16:12:05.927 1 1 I init : Command 'write /config/usb_gadget/g1/UDC ${sys.usb.controller}' action=sys.usb.config=adb && sys.usb.configfs=1 && sys.usb.ffs.ready=1 (/system/etc/init/hw/init.usb.configfs.rc:23) took 0ms and failed: Unable to write to file '/config/usb_gadget/g1/UDC': Unable to write file contents: Device or resource busy
05-08 16:04:13.961 456 485 I RIL : ---> enter mainloop wait at port
05-08 16:04:13.961 456 485 D RIL-DEV : Get modem info
05-08 16:04:13.962 456 485 D RIL-DEV : [05-08_16:04:13:962] idVendor = 1d6b
05-08 16:04:13.962 456 485 D RIL-DEV :
05-08 16:04:13.962 456 485 D RIL-DEV : [05-08_16:04:13:962] idVendor = 1d6b
05-08 16:04:13.962 456 485 D RIL-DEV :
05-08 16:04:13.962 456 485 D RIL-DEV : [05-08_16:04:13:963] idVendor = 1d6b
05-08 16:04:13.962 456 485 D RIL-DEV :
05-08 16:04:13.962 456 485 D RIL-DEV : [05-08_16:04:13:963] idVendor = 0781
05-08 16:04:13.962 456 485 D RIL-DEV :
05-08 16:04:13.963 456 485 D RIL-DEV : [05-08_16:04:13:963] idVendor = 1d6b
05-08 16:04:13.963 456 485 D RIL-DEV :
05-08 16:04:13.963 456 485 E RIL-DEV : Cannot find Meig devices
05-08 16:04:13.963 456 485 I RIL : ---> can't find meig usb devices
05-08 16:12:06.980 6849 6849 I : read descriptors
05-08 16:12:06.980 6849 6849 I : read strings
05-08 16:12:06.981 1 1 I init : processing action (sys.usb.config=adb && sys.usb.configfs=1 && sys.usb.ffs.ready=1) from (/system/etc/init/hw/init.usb.configfs.rc:20)
05-08 16:12:06.983 1 1 I init : Command 'symlink /config/usb_gadget/g1/functions/ffs.adb /config/usb_gadget/g1/configs/b.1/f1' action=sys.usb.config=adb && sys.usb.configfs=1 && sys.usb.ffs.ready=1 (/system/etc/init/hw/init.usb.configfs.rc:22) took 0ms and failed: symlink() failed: File exists
05-08 16:12:06.983 1 1 I init : Command 'write /config/usb_gadget/g1/UDC ${sys.usb.controller}' action=sys.usb.config=adb && sys.usb.configfs=1 && sys.usb.ffs.ready=1 (/system/etc/init/hw/init.usb.configfs.rc:23) took 0ms and failed: Unable to write to file '/config/usb_gadget/g1/UDC': Unable to write file contents: Device or resource busy
05-08 16:12:08.023 6849 6849 I : read descriptors
05-08 16:12:08.023 6849 6849 I : read strings
05-08 16:12:08.025 1 1 I init : processing action (sys.usb.config=adb && sys.usb.configfs=1 && sys.usb.ffs.ready=1) from (/system/etc/init/hw/init.usb.configfs.rc:20)
05-08 16:12:08.027 1 1 I init : Command 'symlink /config/usb_gadget/g1/functions/ffs.adb /config/usb_gadget/g1/configs/b.1/f1' action=sys.usb.config=adb && sys.usb.configfs=1 && sys.usb.ffs.ready=1 (/system/etc/init/hw/init.usb.configfs.rc:22) took 0ms and failed: symlink() failed: File exists
05-08 16:12:08.028 1 1 I init : Command 'write /config/usb_gadget/g1/UDC ${sys.usb.controller}' action=sys.usb.config=adb && sys.usb.configfs=1 && sys.usb.ffs.ready=1 (/system/etc/init/hw/init.usb.configfs.rc:23) took 0ms and failed: Unable to write to file '/config/usb_gadget/g1/UDC': Unable to write file contents: Device or resource busy
05-08 16:04:15.963 456 485 I RIL : ---> enter mainloop wait at port
05-08 16:04:15.964 456 485 D RIL-DEV : Get modem info
05-08 16:04:15.964 456 485 D RIL-DEV : [05-08_16:04:15:964] idVendor = 1d6b
05-08 16:04:15.964 456 485 D RIL-DEV :
05-08 16:04:15.964 456 485 D RIL-DEV : [05-08_16:04:15:965] idVendor = 1d6b
05-08 16:04:15.964 456 485 D RIL-DEV :
05-08 16:04:15.965 456 485 D RIL-DEV : [05-08_16:04:15:965] idVendor = 1d6b
05-08 16:04:15.965 456 485 D RIL-DEV :
05-08 16:04:15.965 456 485 D RIL-DEV : [05-08_16:04:15:965] idVendor = 0781
05-08 16:04:15.965 456 485 D RIL-DEV :
05-08 16:04:15.965 456 485 D RIL-DEV : [05-08_16:04:15:966] idVendor = 1d6b
05-08 16:04:15.965 456 485 D RIL-DEV :
05-08 16:04:15.966 456 485 E RIL-DEV : Cannot find Meig devices
05-08 16:04:15.966 456 485 I RIL : ---> can't find meig usb devices
05-08 16:12:09.100 6849 6849 I : read descriptors
05-08 16:12:09.100 6849 6849 I : read strings
05-08 16:12:09.102 1 1 I init : processing action (sys.usb.config=adb && sys.usb.configfs=1 && sys.usb.ffs.ready=1) from (/system/etc/init/hw/init.usb.configfs.rc:20)
05-08 16:12:10.143 6849 6849 I : read descriptors
05-08 16:12:10.143 6849 6849 I : read strings
05-08 16:04:17.966 456 485 I RIL : ---> enter mainloop wait at port
05-08 16:04:17.966 456 485 D RIL-DEV : Get modem info
05-08 16:04:17.966 456 485 D RIL-DEV : [05-08_16:04:17:967] idVendor = 1d6b
05-08 16:04:17.966 456 485 D RIL-DEV :
05-08 16:04:17.967 456 485 D RIL-DEV : [05-08_16:04:17:967] idVendor = 1d6b
05-08 16:04:17.967 456 485 D RIL-DEV :
05-08 16:04:17.967 456 485 D RIL-DEV : [05-08_16:04:17:967] idVendor = 1d6b
05-08 16:04:17.967 456 485 D RIL-DEV :
05-08 16:04:17.967 456 485 D RIL-DEV : [05-08_16:04:17:967] idVendor = 0781
05-08 16:04:17.967 456 485 D RIL-DEV :
05-08 16:04:17.967 456 485 D RIL-DEV : [05-08_16:04:17:968] idVendor = 1d6b
05-08 16:04:17.967 456 485 D RIL-DEV :
05-08 16:04:17.967 456 485 E RIL-DEV : Cannot find Meig devices
05-08 16:04:17.967 456 485 I RIL : ---> can't find meig usb devices
05-08 16:12:11.223 6849 6849 I : read descriptors
05-08 16:12:11.223 6849 6849 I : read strings
05-08 16:12:11.226 1 1 I init : processing action (sys.usb.config=adb && sys.usb.configfs=1 && sys.usb.ffs.ready=1) from (/system/etc/init/hw/init.usb.configfs.rc:20)
05-08 16:12:11.228 1 1 I init : Command 'symlink /config/usb_gadget/g1/functions/ffs.adb /config/usb_gadget/g1/configs/b.1/f1' action=sys.usb.config=adb && sys.usb.configfs=1 && sys.usb.ffs.ready=1 (/system/etc/init/hw/init.usb.configfs.rc:22) took 0ms and failed: symlink() failed: File exists
05-08 16:12:11.230 1 1 I init : Command 'write /config/usb_gadget/g1/UDC ${sys.usb.controller}' action=sys.usb.config=adb && sys.usb.configfs=1 && sys.usb.ffs.ready=1 (/system/etc/init/hw/init.usb.configfs.rc:23) took 0ms and failed: Unable to write to file '/config/usb_gadget/g1/UDC': Unable to write file contents: Device or resource busy
05-08 16:04:19.968 456 485 I RIL : ---> enter mainloop wait at port
05-08 16:04:19.968 456 485 D RIL-DEV : Get modem info
05-08 16:04:19.968 456 485 D RIL-DEV : [05-08_16:04:19:969] idVendor = 1d6b
05-08 16:04:19.968 456 485 D RIL-DEV :
05-08 16:04:19.968 456 485 D RIL-DEV : [05-08_16:04:19:969] idVendor = 1d6b
05-08 16:04:19.968 456 485 D RIL-DEV :
05-08 16:04:19.969 456 485 D RIL-DEV : [05-08_16:04:19:969] idVendor = 1d6b
05-08 16:04:19.969 456 485 D RIL-DEV :
05-08 16:04:19.969 456 485 D RIL-DEV : [05-08_16:04:19:969] idVendor = 0781
05-08 16:04:19.969 456 485 D RIL-DEV :
05-08 16:04:19.969 456 485 D RIL-DEV : [05-08_16:04:19:970] idVendor = 1d6b
05-08 16:04:19.969 456 485 D RIL-DEV :
05-08 16:04:19.969 456 485 E RIL-DEV : Cannot find Meig devices
05-08 16:04:19.970 456 485 I RIL : ---> can't find meig usb devices
05-08 16:12:12.276 6849 6849 I : read descriptors
05-08 16:12:12.277 6849 6849 I : read strings
05-08 16:12:12.279 1 1 I init : processing action (sys.usb.config=adb && sys.usb.configfs=1 && sys.usb.ffs.ready=1) from (/system/etc/init/hw/init.usb.configfs.rc:20)
05-08 16:12:12.280 1 1 I init : Command 'symlink /config/usb_gadget/g1/functions/ffs.adb /config/usb_gadget/g1/configs/b.1/f1' action=sys.usb.config=adb && sys.usb.configfs=1 && sys.usb.ffs.ready=1 (/system/etc/init/hw/init.usb.configfs.rc:22) took 0ms and failed: symlink() failed: File exists
05-08 16:12:12.280 1 1 I init : Command 'write /config/usb_gadget/g1/UDC ${sys.usb.controller}' action=sys.usb.config=adb && sys.usb.configfs=1 && sys.usb.ffs.ready=1 (/system/etc/init/hw/init.usb.configfs.rc:23) took 0ms and failed: Unable to write to file '/config/usb_gadget/g1/UDC': Unable to write file contents: Device or resource busy
05-08 16:12:13.327 6849 6849 I : read descriptors
05-08 16:12:13.327 6849 6849 I : read strings
05-08 16:12:13.328 1 1 I init : processing action (sys.usb.config=adb && sys.usb.configfs=1 && sys.usb.ffs.ready=1) from (/system/etc/init/hw/init.usb.configfs.rc:20)
05-08 16:12:13.331 1 1 I init : Command 'symlink /config/usb_gadget/g1/functions/ffs.adb /config/usb_gadget/g1/configs/b.1/f1' action=sys.usb.config=adb && sys.usb.configfs=1 && sys.usb.ffs.ready=1 (/system/etc/init/hw/init.usb.configfs.rc:22) took 0ms and failed: symlink() failed: File exists
05-08 16:12:13.332 1 1 I init : Command 'write /config/usb_gadget/g1/UDC ${sys.usb.controller}' action=sys.usb.config=adb && sys.usb.configfs=1 && sys.usb.ffs.ready=1 (/system/etc/init/hw/init.usb.configfs.rc:23) took 0ms and failed: Unable to write to file '/config/usb_gadget/g1/UDC': Unable to write file contents: Device or resource busy
05-08 16:04:21.970 456 485 I RIL : ---> enter mainloop wait at port
05-08 16:04:21.970 456 485 D RIL-DEV : Get modem info
05-08 16:04:21.971 456 485 D RIL-DEV : [05-08_16:04:21:971] idVendor = 1d6b
05-08 16:04:21.971 456 485 D RIL-DEV :
05-08 16:04:21.971 456 485 D RIL-DEV : [05-08_16:04:21:971] idVendor = 1d6b
05-08 16:04:21.971 456 485 D RIL-DEV :
05-08 16:04:21.971 456 485 D RIL-DEV : [05-08_16:04:21:972] idVendor = 1d6b
05-08 16:04:21.971 456 485 D RIL-DEV :
05-08 16:04:21.972 456 485 D RIL-DEV : [05-08_16:04:21:972] idVendor = 0781
05-08 16:04:21.972 456 485 D RIL-DEV :
05-08 16:04:21.972 456 485 D RIL-DEV : [05-08_16:04:21:972] idVendor = 1d6b
05-08 16:04:21.972 456 485 D RIL-DEV :
05-08 16:04:21.972 456 485 E RIL-DEV : Cannot find Meig devices
05-08 16:04:21.972 456 485 I RIL : ---> can't find meig usb devices
05-08 16:12:14.383 6849 6849 I : read descriptors
05-08 16:12:14.383 6849 6849 I : read strings
05-08 16:12:14.384 1 1 I init : processing action (sys.usb.config=adb && sys.usb.configfs=1 && sys.usb.ffs.ready=1) from (/system/etc/init/hw/init.usb.configfs.rc:20)
05-08 16:12:15.440 6849 6849 I : read descriptors
05-08 16:12:15.440 6849 6849 I : read strings
05-08 16:04:23.973 456 485 I RIL : ---> enter mainloop wait at port
05-08 16:04:23.973 456 485 D RIL-DEV : Get modem info
05-08 16:04:23.973 456 485 D RIL-DEV : [05-08_16:04:23:974] idVendor = 1d6b
05-08 16:04:23.973 456 485 D RIL-DEV :
05-08 16:04:23.974 456 485 D RIL-DEV : [05-08_16:04:23:974] idVendor = 1d6b
05-08 16:04:23.974 456 485 D RIL-DEV :
05-08 16:04:23.974 456 485 D RIL-DEV : [05-08_16:04:23:974] idVendor = 1d6b
05-08 16:04:23.974 456 485 D RIL-DEV :
05-08 16:04:23.974 456 485 D RIL-DEV : [05-08_16:04:23:975] idVendor = 0781
05-08 16:04:23.974 456 485 D RIL-DEV :
05-08 16:04:23.974 456 485 D RIL-DEV : [05-08_16:04:23:975] idVendor = 1d6b
05-08 16:04:23.974 456 485 D RIL-DEV :
05-08 16:04:23.975 456 485 E RIL-DEV : Cannot find Meig devices
05-08 16:04:23.975 456 485 I RIL : ---> can't find meig usb devices
05-08 16:12:16.507 6849 6849 I : read descriptors
05-08 16:12:16.507 6849 6849 I : read strings
05-08 16:12:16.510 1 1 I init : processing action (sys.usb.config=adb && sys.usb.configfs=1 && sys.usb.ffs.ready=1) from (/system/etc/init/hw/init.usb.configfs.rc:20)
05-08 16:12:16.513 1 1 I init : Command 'symlink /config/usb_gadget/g1/functions/ffs.adb /config/usb_gadget/g1/configs/b.1/f1' action=sys.usb.config=adb && sys.usb.configfs=1 && sys.usb.ffs.ready=1 (/system/etc/init/hw/init.usb.configfs.rc:22) took 2ms and failed: symlink() failed: File exists
05-08 16:12:16.514 1 1 I init : Command 'write /config/usb_gadget/g1/UDC ${sys.usb.controller}' action=sys.usb.config=adb && sys.usb.configfs=1 && sys.usb.ffs.ready=1 (/system/etc/init/hw/init.usb.configfs.rc:23) took 0ms and failed: Unable to write to file '/config/usb_gadget/g1/UDC': Unable to write file contents: Device or resource busy
05-08 16:12:17.570 6849 6849 I : read descriptors
05-08 16:12:17.570 6849 6849 I : read strings
05-08 16:12:17.572 1 1 I init : processing action (sys.usb.config=adb && sys.usb.configfs=1 && sys.usb.ffs.ready=1) from (/system/etc/init/hw/init.usb.configfs.rc:20)
05-08 16:12:17.577 1 1 I init : Command 'symlink /config/usb_gadget/g1/functions/ffs.adb /config/usb_gadget/g1/configs/b.1/f1' action=sys.usb.config=adb && sys.usb.configfs=1 && sys.usb.ffs.ready=1 (/system/etc/init/hw/init.usb.configfs.rc:22) took 2ms and failed: symlink() failed: File exists
05-08 16:12:17.578 1 1 I init : Command 'write /config/usb_gadget/g1/UDC ${sys.usb.controller}' action=sys.usb.config=adb && sys.usb.configfs=1 && sys.usb.ffs.ready=1 (/system/etc/init/hw/init.usb.configfs.rc:23) took 0ms and failed: Unable to write to file '/config/usb_gadget/g1/UDC': Unable to write file contents: Device or resource busy
05-08 16:04:25.975 456 485 I RIL : ---> enter mainloop wait at port
05-08 16:04:25.975 456 485 D RIL-DEV : Get modem info
05-08 16:04:25.976 456 485 D RIL-DEV : [05-08_16:04:25:976] idVendor = 1d6b
05-08 16:04:25.976 456 485 D RIL-DEV :
05-08 16:04:25.976 456 485 D RIL-DEV : [05-08_16:04:25:976] idVendor = 1d6b
05-08 16:04:25.976 456 485 D RIL-DEV :
05-08 16:04:25.976 456 485 D RIL-DEV : [05-08_16:04:25:977] idVendor = 1d6b
05-08 16:04:25.976 456 485 D RIL-DEV :
05-08 16:04:25.976 456 485 D RIL-DEV : [05-08_16:04:25:977] idVendor = 0781
05-08 16:04:25.976 456 485 D RIL-DEV :
05-08 16:04:25.978 456 485 D RIL-DEV : [05-08_16:04:25:978] idVendor = 1d6b
05-08 16:04:25.978 456 485 D RIL-DEV :
05-08 16:04:25.978 456 485 E RIL-DEV : Cannot find Meig devices
05-08 16:04:25.978 456 485 I RIL : ---> can't find meig usb devices
05-08 16:12:18.633 6849 6849 I : read descriptors
05-08 16:12:18.633 6849 6849 I : read strings
05-08 16:12:18.635 1 1 I init : processing action (sys.usb.config=adb && sys.usb.configfs=1 && sys.usb.ffs.ready=1) from (/system/etc/init/hw/init.usb.configfs.rc:20)
05-08 16:12:18.640 1 1 I init : Command 'symlink /config/usb_gadget/g1/functions/ffs.adb /config/usb_gadget/g1/configs/b.1/f1' action=sys.usb.config=adb && sys.usb.configfs=1 && sys.usb.ffs.ready=1 (/system/etc/init/hw/init.usb.configfs.rc:22) took 0ms and failed: symlink() failed: File exists
05-08 16:12:18.641 1 1 I init : Command 'write /config/usb_gadget/g1/UDC ${sys.usb.controller}' action=sys.usb.config=adb && sys.usb.configfs=1 && sys.usb.ffs.ready=1 (/system/etc/init/hw/init.usb.configfs.rc:23) took 0ms and failed: Unable to write to file '/config/usb_gadget/g1/UDC': Unable to write file contents: Device or resource busy
05-08 16:12:19.703 6849 6849 I : read descriptors
05-08 16:12:19.703 6849 6849 I : read strings
05-08 16:12:19.706 1 1 I init : processing action (sys.usb.config=adb && sys.usb.configfs=1 && sys.usb.ffs.ready=1) from (/system/etc/init/hw/init.usb.configfs.rc:20)
05-08 16:04:27.979 456 485 I RIL : ---> enter mainloop wait at port
05-08 16:04:27.979 456 485 D RIL-DEV : Get modem info
05-08 16:04:27.979 456 485 D RIL-DEV : [05-08_16:04:27:980] idVendor = 1d6b
05-08 16:04:27.979 456 485 D RIL-DEV :
05-08 16:04:27.980 456 485 D RIL-DEV : [05-08_16:04:27:980] idVendor = 1d6b
05-08 16:04:27.980 456 485 D RIL-DEV :
05-08 16:04:27.980 456 485 D RIL-DEV : [05-08_16:04:27:981] idVendor = 1d6b
05-08 16:04:27.980 456 485 D RIL-DEV :
05-08 16:04:27.980 456 485 D RIL-DEV : [05-08_16:04:27:981] idVendor = 0781
05-08 16:04:27.980 456 485 D RIL-DEV :
05-08 16:04:27.981 456 485 D RIL-DEV : [05-08_16:04:27:981] idVendor = 1d6b
05-08 16:04:27.981 456 485 D RIL-DEV :
05-08 16:04:27.981 456 485 E RIL-DEV : Cannot find Meig devices
05-08 16:04:27.981 456 485 I RIL : ---> can't find meig usb devices
05-08 16:12:20.770 6849 6849 I : read descriptors
05-08 16:12:20.770 6849 6849 I : read strings
05-08 16:12:21.830 6849 6849 I : read descriptors
05-08 16:12:21.830 6849 6849 I : read strings
05-08 16:12:21.833 1 1 I init : processing action (sys.usb.config=adb && sys.usb.configfs=1 && sys.usb.ffs.ready=1) from (/system/etc/init/hw/init.usb.configfs.rc:20)
05-08 16:12:21.837 1 1 I init : Command 'symlink /config/usb_gadget/g1/functions/ffs.adb /config/usb_gadget/g1/configs/b.1/f1' action=sys.usb.config=adb && sys.usb.configfs=1 && sys.usb.ffs.ready=1 (/system/etc/init/hw/init.usb.configfs.rc:22) took 1ms and failed: symlink() failed: File exists
05-08 16:12:21.838 1 1 I init : Command 'write /config/usb_gadget/g1/UDC ${sys.usb.controller}' action=sys.usb.config=adb && sys.usb.configfs=1 && sys.usb.ffs.ready=1 (/system/etc/init/hw/init.usb.configfs.rc:23) took 0ms and failed: Unable to write to file '/config/usb_gadget/g1/UDC': Unable to write file contents: Device or resource busy
05-08 16:04:29.982 456 485 I RIL : ---> enter mainloop wait at port
05-08 16:04:29.982 456 485 D RIL-DEV : Get modem info
05-08 16:04:29.983 456 485 D RIL-DEV : [05-08_16:04:29:983] idVendor = 1d6b
05-08 16:04:29.983 456 485 D RIL-DEV :
05-08 16:04:29.983 456 485 D RIL-DEV : [05-08_16:04:29:983] idVendor = 1d6b
05-08 16:04:29.983 456 485 D RIL-DEV :
05-08 16:04:29.983 456 485 D RIL-DEV : [05-08_16:04:29:984] idVendor = 1d6b
05-08 16:04:29.983 456 485 D RIL-DEV :
05-08 16:04:29.984 456 485 D RIL-DEV : [05-08_16:04:29:984] idVendor = 0781
05-08 16:04:29.984 456 485 D RIL-DEV :
05-08 16:04:29.984 456 485 D RIL-DEV : [05-08_16:04:29:984] idVendor = 1d6b
05-08 16:04:29.984 456 485 D RIL-DEV :
05-08 16:04:29.984 456 485 E RIL-DEV : Cannot find Meig devices
05-08 16:04:29.984 456 485 I RIL : ---> can't find meig usb devices
05-08 16:12:22.904 6849 6849 I : read descriptors
05-08 16:12:22.904 6849 6849 I : read strings
05-08 16:12:22.906 1 1 I init : processing action (sys.usb.config=adb && sys.usb.configfs=1 && sys.usb.ffs.ready=1) from (/system/etc/init/hw/init.usb.configfs.rc:20)
05-08 16:12:22.907 1 1 I init : Command 'symlink /config/usb_gadget/g1/functions/ffs.adb /config/usb_gadget/g1/configs/b.1/f1' action=sys.usb.config=adb && sys.usb.configfs=1 && sys.usb.ffs.ready=1 (/system/etc/init/hw/init.usb.configfs.rc:22) took 0ms and failed: symlink() failed: File exists
05-08 16:12:22.908 1 1 I init : Command 'write /config/usb_gadget/g1/UDC ${sys.usb.controller}' action=sys.usb.config=adb && sys.usb.configfs=1 && sys.usb.ffs.ready=1 (/system/etc/init/hw/init.usb.configfs.rc:23) took 0ms and failed: Unable to write to file '/config/usb_gadget/g1/UDC': Unable to write file contents: Device or resource busy
05-08 16:12:23.943 6849 6849 I : read descriptors
05-08 16:12:23.943 6849 6849 I : read strings
05-08 16:12:23.943 1 1 I init : processing action (sys.usb.config=adb && sys.usb.configfs=1 && sys.usb.ffs.ready=1) from (/system/etc/init/hw/init.usb.configfs.rc:20)
05-08 16:12:23.943 1 1 I init : Command 'symlink /config/usb_gadget/g1/functions/ffs.adb /config/usb_gadget/g1/configs/b.1/f1' action=sys.usb.config=adb && sys.usb.configfs=1 && sys.usb.ffs.ready=1 (/system/etc/init/hw/init.usb.configfs.rc:22) took 0ms and failed: symlink() failed: File exists
