05-08 16:01:13.653 1 1 I init : processing action (sys.usb.config=adb && sys.usb.configfs=1 && sys.usb.ffs.ready=1) from (/system/etc/init/hw/init.usb.configfs.rc:20)
05-08 16:01:13.655 1 1 I init : Command 'symlink /config/usb_gadget/g1/functions/ffs.adb /config/usb_gadget/g1/configs/b.1/f1' action=sys.usb.config=adb && sys.usb.configfs=1 && sys.usb.ffs.ready=1 (/system/etc/init/hw/init.usb.configfs.rc:22) took 0ms and failed: symlink() failed: File exists
05-08 16:01:13.655 1 1 I init : Command 'write /config/usb_gadget/g1/UDC ${sys.usb.controller}' action=sys.usb.config=adb && sys.usb.configfs=1 && sys.usb.ffs.ready=1 (/system/etc/init/hw/init.usb.configfs.rc:23) took 0ms and failed: Unable to write to file '/config/usb_gadget/g1/UDC': Unable to write file contents: Device or resource busy
05-08 16:01:14.604 460 460 I gsensor_mxc6655 5-0015: set sensor poll time to 200ms
05-08 16:01:14.646 431 431 W healthd : battery l=48 v=7590 t=34.0 h=1 st=3 c=-256000 fc=9700000 cc=5 chg=
05-08 16:01:14.699 6849 6849 I : read descriptors
05-08 16:01:14.699 6849 6849 I : read strings
05-08 16:01:14.700 1 1 I init : processing action (sys.usb.config=adb && sys.usb.configfs=1 && sys.usb.ffs.ready=1) from (/system/etc/init/hw/init.usb.configfs.rc:20)
05-08 16:01:14.983 343 343 I rockchip-vop2 fdd90000.vop: [drm:vop2_crtc_atomic_disable] Crtc atomic disable vp2
05-08 16:01:14.995 343 343 E rockchip-vop2 fdd90000.vop: [drm:vop2_crtc_atomic_disable] *ERROR* unexpected power on pd7
05-08 16:01:15.421 3080 3080 I PM : suspend entry (deep)
05-08 16:01:15.445 3080 3080 I Filesystems sync: 0.023 seconds
05-08 16:01:15.445 3080 3080 I : Freezing user space processes ... (elapsed 0.008 seconds) done.
05-08 16:01:15.454 3080 3080 I : OOM killer disabled.
05-08 16:01:15.454 3080 3080 I : Freezing remaining freezable tasks ... (elapsed 0.089 seconds) done.
05-08 16:01:15.543 3080 3080 I printk : Suspending console(s) (use no_console_suspend to debug)
05-08 16:01:15.865 3080 3080 I : Disabling non-boot CPUs ...
05-08 16:01:15.866 3080 3080 I psci : CPU1 killed (polled 0 ms)
05-08 16:01:15.868 3080 3080 I psci : CPU2 killed (polled 0 ms)
05-08 16:01:15.870 3080 3080 I psci : CPU3 killed (polled 0 ms)
05-08 16:01:15.872 3080 3080 I psci : CPU4 killed (polled 0 ms)
05-08 16:01:15.874 3080 3080 I psci : CPU5 killed (polled 0 ms)
05-08 16:01:15.876 3080 3080 I psci : CPU6 killed (polled 0 ms)
05-08 16:01:15.879 3080 3080 I psci : CPU7 killed (polled 0 ms)
05-08 16:01:16.092 0 0 W [ C0] PM: pm_system_irq_wakeup: 121 triggered husb311
05-08 16:01:16.092 3080 3080 I : Enabling non-boot CPUs ...
05-08 16:01:16.093 0 0 I : Detected VIPT I-cache on CPU1
05-08 16:01:16.093 0 0 I GICv3 : CPU1: found redistributor 100 region 0:0x00000000fe6a0000
05-08 16:01:16.093 0 0 I CPU1 : Booted secondary processor 0x0000000100 [0x412fd050]
05-08 16:01:16.094 3080 3080 I : CPU1 is up
05-08 16:01:16.095 0 0 I : Detected VIPT I-cache on CPU2
05-08 16:01:16.095 0 0 I GICv3 : CPU2: found redistributor 200 region 0:0x00000000fe6c0000
05-08 16:01:16.095 0 0 I CPU2 : Booted secondary processor 0x0000000200 [0x412fd050]
05-08 16:01:16.096 3080 3080 I : CPU2 is up
05-08 16:01:16.096 0 0 I : Detected VIPT I-cache on CPU3
05-08 16:01:16.096 0 0 I GICv3 : CPU3: found redistributor 300 region 0:0x00000000fe6e0000
05-08 16:01:16.097 0 0 I CPU3 : Booted secondary processor 0x0000000300 [0x412fd050]
05-08 16:01:16.097 3080 3080 I : CPU3 is up
05-08 16:01:16.098 0 0 I : Detected PIPT I-cache on CPU4
05-08 16:01:16.098 0 0 I GICv3 : CPU4: found redistributor 400 region 0:0x00000000fe700000
05-08 16:01:16.098 0 0 I CPU4 : Booted secondary processor 0x0000000400 [0x414fd0b0]
05-08 16:01:16.099 3080 3080 I : CPU4 is up
05-08 16:01:16.100 0 0 I : Detected PIPT I-cache on CPU5
05-08 16:01:16.100 0 0 I GICv3 : CPU5: found redistributor 500 region 0:0x00000000fe720000
05-08 16:01:16.100 0 0 I CPU5 : Booted secondary processor 0x0000000500 [0x414fd0b0]
05-08 16:01:16.101 3080 3080 I : CPU5 is up
05-08 16:01:16.102 0 0 I : Detected PIPT I-cache on CPU6
05-08 16:01:16.102 0 0 I GICv3 : CPU6: found redistributor 600 region 0:0x00000000fe740000
05-08 16:01:16.102 0 0 I CPU6 : Booted secondary processor 0x0000000600 [0x414fd0b0]
05-08 16:01:16.103 3080 3080 I : CPU6 is up
05-08 16:01:16.104 0 0 I : Detected PIPT I-cache on CPU7
05-08 16:01:16.104 0 0 I GICv3 : CPU7: found redistributor 700 region 0:0x00000000fe760000
05-08 16:01:16.104 0 0 I CPU7 : Booted secondary processor 0x0000000700 [0x414fd0b0]
05-08 16:01:16.105 3080 3080 I : CPU7 is up
05-08 16:01:16.111 3080 3080 I rk_gmac-dwmac fe1c0000.ethernet: init for RGMII
05-08 16:01:16.111 8721 8721 I usb1 : root hub lost power or was reset
05-08 16:01:16.119 8079 8079 I usb3 : root hub lost power or was reset
05-08 16:01:16.119 8079 8079 I usb4 : root hub lost power or was reset
05-08 16:01:16.120 3080 3080 E PM : dpm_run_callback(): wacom_i2c_resume+0x0/0xdc returns -6
05-08 16:01:16.120 3080 3080 E PM : Device 4-0009 failed to resume: error -6
05-08 16:01:16.182 3080 3080 I usb2 : root hub lost power or was reset
05-08 16:01:16.598 8726 8726 I usb 4-1 : reset SuperSpeed Gen 1 USB device number 2 using xhci-hcd
05-08 16:01:16.622 3080 3080 I : OOM killer enabled.
05-08 16:01:16.622 3080 3080 I : Restarting tasks ... done.
05-08 16:01:16.631 3080 3080 I : Resume caused by IRQ 121, husb311
05-08 16:01:16.631 3080 3080 I PM : suspend exit
05-08 16:01:16.635 6843 6843 I : mmc_host mmc0: Bus speed (slot 0) = 400000Hz (slot req 400000Hz, actual 400000HZ div = 0)
05-08 16:01:16.732 3080 3080 I PM : suspend entry (deep)
05-08 16:01:16.821 6843 6843 I : mmc_host mmc0: Bus speed (slot 0) = 49500000Hz (slot req 50000000Hz, actual 49500000HZ div = 0)
05-08 16:01:16.915 6849 6849 I : read descriptors
05-08 16:01:16.915 6849 6849 I : read strings
05-08 16:01:16.917 1 1 I init : processing action (sys.usb.config=adb && sys.usb.configfs=1 && sys.usb.ffs.ready=1) from (/system/etc/init/hw/init.usb.configfs.rc:20)
05-08 16:01:16.920 1 1 I init : Command 'symlink /config/usb_gadget/g1/functions/ffs.adb /config/usb_gadget/g1/configs/b.1/f1' action=sys.usb.config=adb && sys.usb.configfs=1 && sys.usb.ffs.ready=1 (/system/etc/init/hw/init.usb.configfs.rc:22) took 0ms and failed: symlink() failed: File exists
05-08 16:01:16.920 1 1 I init : Command 'write /config/usb_gadget/g1/UDC ${sys.usb.controller}' action=sys.usb.config=adb && sys.usb.configfs=1 && sys.usb.ffs.ready=1 (/system/etc/init/hw/init.usb.configfs.rc:23) took 0ms and failed: Unable to write to file '/config/usb_gadget/g1/UDC': Unable to write file contents: Device or resource busy
05-08 16:01:17.190 3080 3080 I Filesystems sync: 0.458 seconds
05-08 16:01:17.190 3080 3080 I : Freezing user space processes ... (elapsed 0.008 seconds) done.
05-08 16:01:17.199 3080 3080 I : OOM killer disabled.
05-08 16:01:17.199 3080 3080 I : Freezing remaining freezable tasks ... (elapsed 0.047 seconds) done.
05-08 16:01:17.247 3080 3080 I printk : Suspending console(s) (use no_console_suspend to debug)
05-08 16:01:17.321 3080 3080 E regulator-dummy: Underflow of regulator enable count
05-08 16:01:17.321 3080 3080 E wacom_i2c 4-0009: disable regulator failed -22
05-08 16:01:17.321 3080 3080 E PM : dpm_run_callback(): platform_pm_suspend+0x0/0x5c returns -16
05-08 16:01:17.321 3080 3080 E PM : Device alarmtimer.7.auto failed to suspend: error -16
05-08 16:01:17.539 3080 3080 E PM : Some devices failed to suspend, or early wake event detected
05-08 16:01:17.746 3080 3080 I : OOM killer enabled.
05-08 16:01:17.746 3080 3080 I : Restarting tasks ... done.
05-08 16:01:17.756 3080 3080 I Abort : Device alarmtimer.7.auto failed to suspend: error -16
05-08 16:01:17.756 3080 3080 I PM : suspend exit
05-08 16:01:17.762 8709 8709 I : mmc_host mmc0: Bus speed (slot 0) = 400000Hz (slot req 400000Hz, actual 400000HZ div = 0)
05-08 16:01:17.949 8709 8709 I : mmc_host mmc0: Bus speed (slot 0) = 49500000Hz (slot req 50000000Hz, actual 49500000HZ div = 0)
05-08 16:01:18.522 6849 6849 I : read descriptors
05-08 16:01:18.523 6849 6849 I : read strings
05-08 16:01:18.525 1 1 I init : processing action (sys.usb.config=adb && sys.usb.configfs=1 && sys.usb.ffs.ready=1) from (/system/etc/init/hw/init.usb.configfs.rc:20)
05-08 16:01:18.529 1 1 I init : Command 'symlink /config/usb_gadget/g1/functions/ffs.adb /config/usb_gadget/g1/configs/b.1/f1' action=sys.usb.config=adb && sys.usb.configfs=1 && sys.usb.ffs.ready=1 (/system/etc/init/hw/init.usb.configfs.rc:22) took 1ms and failed: symlink() failed: File exists
05-08 16:01:18.530 1 1 I init : Command 'write /config/usb_gadget/g1/UDC ${sys.usb.controller}' action=sys.usb.config=adb && sys.usb.configfs=1 && sys.usb.ffs.ready=1 (/system/etc/init/hw/init.usb.configfs.rc:23) took 0ms and failed: Unable to write to file '/config/usb_gadget/g1/UDC': Unable to write file contents: Device or resource busy
05-08 16:01:19.566 6849 6849 I : read descriptors
05-08 16:01:19.566 6849 6849 I : read strings
05-08 16:01:19.568 1 1 I init : processing action (sys.usb.config=adb && sys.usb.configfs=1 && sys.usb.ffs.ready=1) from (/system/etc/init/hw/init.usb.configfs.rc:20)
05-08 16:01:19.572 1 1 I init : Command 'symlink /config/usb_gadget/g1/functions/ffs.adb /config/usb_gadget/g1/configs/b.1/f1' action=sys.usb.config=adb && sys.usb.configfs=1 && sys.usb.ffs.ready=1 (/system/etc/init/hw/init.usb.configfs.rc:22) took 2ms and failed: symlink() failed: File exists
05-08 16:01:19.573 1 1 I init : Command 'write /config/usb_gadget/g1/UDC ${sys.usb.controller}' action=sys.usb.config=adb && sys.usb.configfs=1 && sys.usb.ffs.ready=1 (/system/etc/init/hw/init.usb.configfs.rc:23) took 0ms and failed: Unable to write to file '/config/usb_gadget/g1/UDC': Unable to write file contents: Device or resource busy
05-08 16:01:19.703 3080 3080 I PM : suspend entry (deep)
05-08 16:01:19.758 3080 3080 I Filesystems sync: 0.055 seconds
05-08 16:01:19.758 3080 3080 I : Freezing user space processes ... (elapsed 0.009 seconds) done.
05-08 16:01:19.768 3080 3080 I : OOM killer disabled.
05-08 16:01:19.768 3080 3080 I : Freezing remaining freezable tasks ... (elapsed 0.054 seconds) done.
05-08 16:01:19.822 3080 3080 I printk : Suspending console(s) (use no_console_suspend to debug)
05-08 16:01:20.131 3080 3080 I : Disabling non-boot CPUs ...
05-08 16:01:20.132 3080 3080 I psci : CPU1 killed (polled 0 ms)
05-08 16:01:20.134 3080 3080 I psci : CPU2 killed (polled 0 ms)
05-08 16:01:20.135 3080 3080 I psci : CPU3 killed (polled 0 ms)
05-08 16:01:20.136 3080 3080 I psci : CPU4 killed (polled 0 ms)
05-08 16:01:20.138 3080 3080 I psci : CPU5 killed (polled 0 ms)
05-08 16:01:20.139 3080 3080 I psci : CPU6 killed (polled 0 ms)
05-08 16:01:20.141 3080 3080 I psci : CPU7 killed (polled 0 ms)
05-08 16:01:20.353 0 0 W [ C0] PM: pm_system_irq_wakeup: 121 triggered husb311
05-08 16:01:20.353 3080 3080 I : Enabling non-boot CPUs ...
05-08 16:01:20.354 0 0 I : Detected VIPT I-cache on CPU1
05-08 16:01:20.355 0 0 I GICv3 : CPU1: found redistributor 100 region 0:0x00000000fe6a0000
05-08 16:01:20.355 0 0 I CPU1 : Booted secondary processor 0x0000000100 [0x412fd050]
05-08 16:01:20.355 3080 3080 I : CPU1 is up
05-08 16:01:20.356 0 0 I : Detected VIPT I-cache on CPU2
05-08 16:01:20.356 0 0 I GICv3 : CPU2: found redistributor 200 region 0:0x00000000fe6c0000
05-08 16:01:20.356 0 0 I CPU2 : Booted secondary processor 0x0000000200 [0x412fd050]
05-08 16:01:20.357 3080 3080 I : CPU2 is up
05-08 16:01:20.358 0 0 I : Detected VIPT I-cache on CPU3
05-08 16:01:20.358 0 0 I GICv3 : CPU3: found redistributor 300 region 0:0x00000000fe6e0000
05-08 16:01:20.358 0 0 I CPU3 : Booted secondary processor 0x0000000300 [0x412fd050]
05-08 16:01:20.359 3080 3080 I : CPU3 is up
05-08 16:01:20.360 0 0 I : Detected PIPT I-cache on CPU4
05-08 16:01:20.360 0 0 I GICv3 : CPU4: found redistributor 400 region 0:0x00000000fe700000
05-08 16:01:20.360 0 0 I CPU4 : Booted secondary processor 0x0000000400 [0x414fd0b0]
05-08 16:01:20.361 3080 3080 I : CPU4 is up
05-08 16:01:20.362 0 0 I : Detected PIPT I-cache on CPU5
05-08 16:01:20.362 0 0 I GICv3 : CPU5: found redistributor 500 region 0:0x00000000fe720000
05-08 16:01:20.362 0 0 I CPU5 : Booted secondary processor 0x0000000500 [0x414fd0b0]
05-08 16:01:20.362 3080 3080 I : CPU5 is up
05-08 16:01:20.363 0 0 I : Detected PIPT I-cache on CPU6
05-08 16:01:20.363 0 0 I GICv3 : CPU6: found redistributor 600 region 0:0x00000000fe740000
05-08 16:01:20.363 0 0 I CPU6 : Booted secondary processor 0x0000000600 [0x414fd0b0]
05-08 16:01:20.365 3080 3080 I : CPU6 is up
05-08 16:01:20.365 0 0 I : Detected PIPT I-cache on CPU7
05-08 16:01:20.365 0 0 I GICv3 : CPU7: found redistributor 700 region 0:0x00000000fe760000
05-08 16:01:20.366 0 0 I CPU7 : Booted secondary processor 0x0000000700 [0x414fd0b0]
05-08 16:01:20.367 3080 3080 I : CPU7 is up
05-08 16:01:20.372 3080 3080 I rk_gmac-dwmac fe1c0000.ethernet: init for RGMII
05-08 16:01:20.372 8724 8724 I usb1 : root hub lost power or was reset
05-08 16:01:20.380 8079 8079 I usb3 : root hub lost power or was reset
05-08 16:01:20.380 8079 8079 I usb4 : root hub lost power or was reset
05-08 16:01:20.382 3080 3080 E PM : dpm_run_callback(): wacom_i2c_resume+0x0/0xdc returns -6
05-08 16:01:20.382 3080 3080 E PM : Device 4-0009 failed to resume: error -6
05-08 16:01:20.444 3080 3080 I usb2 : root hub lost power or was reset
05-08 16:01:20.860 8715 8715 I usb 4-1 : reset SuperSpeed Gen 1 USB device number 2 using xhci-hcd
05-08 16:01:20.884 3080 3080 I : OOM killer enabled.
05-08 16:01:20.884 3080 3080 I : Restarting tasks ... done.
05-08 16:01:20.896 3080 3080 I : Resume caused by IRQ 121, husb311
05-08 16:01:20.896 3080 3080 I PM : suspend exit
05-08 16:01:20.914 6842 6842 I : mmc_host mmc0: Bus speed (slot 0) = 400000Hz (slot req 400000Hz, actual 400000HZ div = 0)
05-08 16:01:21.099 6842 6842 I : mmc_host mmc0: Bus speed (slot 0) = 49500000Hz (slot req 50000000Hz, actual 49500000HZ div = 0)
05-08 16:01:21.122 3080 3080 I PM : suspend entry (deep)
05-08 16:01:21.224 3080 3080 I Filesystems sync: 0.101 seconds
05-08 16:01:21.224 3080 3080 I : Freezing user space processes ... (elapsed 0.006 seconds) done.
05-08 16:01:21.231 3080 3080 I : OOM killer disabled.
05-08 16:01:21.231 3080 3080 I : Freezing remaining freezable tasks ... (elapsed 0.070 seconds) done.
05-08 16:01:21.302 3080 3080 I printk : Suspending console(s) (use no_console_suspend to debug)
05-08 16:01:21.375 3080 3080 E regulator-dummy: Underflow of regulator enable count
05-08 16:01:21.375 3080 3080 E wacom_i2c 4-0009: disable regulator failed -22
05-08 16:01:21.618 8731 8731 I PM : PM: Pending Wakeup Sources: event2
05-08 16:01:21.618 3080 3080 E PM : Some devices failed to suspend, or early wake event detected
05-08 16:01:21.619 3080 3080 I rk_gmac-dwmac fe1c0000.ethernet: init for RGMII
05-08 16:01:21.628 8730 8730 I usb3 : root hub lost power or was reset
05-08 16:01:21.628 8730 8730 I usb4 : root hub lost power or was reset
05-08 16:01:22.027 8721 8721 I usb 4-1 : reset SuperSpeed Gen 1 USB device number 2 using xhci-hcd
05-08 16:01:22.050 3080 3080 I : OOM killer enabled.
05-08 16:01:22.050 3080 3080 I : Restarting tasks ... done.
05-08 16:01:22.061 3080 3080 I Abort : Pending Wakeup Sources: event2
05-08 16:01:22.061 3080 3080 I PM : suspend exit
05-08 16:01:22.063 7226 7226 I : mmc_host mmc0: Bus speed (slot 0) = 400000Hz (slot req 400000Hz, actual 400000HZ div = 0)
05-08 16:01:22.070 437 437 I light_ltrx1303 5-0053: set sensor poll time to 200ms
05-08 16:01:22.513 431 431 W healthd : battery l=48 v=7650 t=33.5 h=1 st=3 c=0 fc=9700000 cc=5 chg=
05-08 16:01:22.514 437 437 I light_ltrx1303 5-0053: sensor on: starting poll sensor data 196ms
05-08 16:01:22.516 437 437 I gsensor_mxc6655 5-0015: set sensor poll time to 200ms
05-08 16:01:22.519 437 437 I gsensor_mxc6655 5-0015: sensor on: starting poll sensor data 196ms
05-08 16:01:22.545 343 343 W : <<-GTP-ERROR->> I2C Read: 0x8047, 1 bytes failed, errcode: -6! Process reset.
05-08 16:01:22.575 437 437 I gsensor_mxc6655 5-0015: set sensor poll time to 66ms
05-08 16:01:22.648 343 343 W : <<-GTP-ERROR->> GTP i2c test failed time 1.
05-08 16:01:22.677 7226 7226 I : mmc_host mmc0: Bus speed (slot 0) = 49500000Hz (slot req 50000000Hz, actual 49500000HZ div = 0)
05-08 16:01:22.945 343 343 I rockchip-vop2 fdd90000.vop: [drm:vop2_crtc_atomic_enable] Update mode to 1536x2048p55, type: 16(if:60) for vp2 dclk: 192000000
05-08 16:01:22.946 343 343 I rockchip-vop2 fdd90000.vop: [drm:vop2_crtc_atomic_enable] dclk_out2 div: 2 dclk_core2 div: 1
05-08 16:01:22.946 343 343 I rockchip-vop2 fdd90000.vop: [drm:vop2_crtc_atomic_enable] set dclk_vop2 to 96000000, get 96000000
05-08 16:01:23.035 6849 6849 I : read descriptors
05-08 16:01:23.035 6849 6849 I : read strings
05-08 16:01:23.037 1 1 I init : processing action (sys.usb.config=adb && sys.usb.configfs=1 && sys.usb.ffs.ready=1) from (/system/etc/init/hw/init.usb.configfs.rc:20)
05-08 16:01:23.039 1 1 I init : Command 'symlink /config/usb_gadget/g1/functions/ffs.adb /config/usb_gadget/g1/configs/b.1/f1' action=sys.usb.config=adb && sys.usb.configfs=1 && sys.usb.ffs.ready=1 (/system/etc/init/hw/init.usb.configfs.rc:22) took 0ms and failed: symlink() failed: File exists
05-08 16:01:23.039 1 1 I init : Command 'write /config/usb_gadget/g1/UDC ${sys.usb.controller}' action=sys.usb.config=adb && sys.usb.configfs=1 && sys.usb.ffs.ready=1 (/system/etc/init/hw/init.usb.configfs.rc:23) took 0ms and failed: Unable to write to file '/config/usb_gadget/g1/UDC': Unable to write file contents: Device or resource busy
05-08 16:01:23.451 343 343 I dw-mipi-dsi2 fde20000.dsi: [drm:dw_mipi_dsi2_encoder_enable] final DSI-Link bandwidth: 639999 x 8 Kbps
05-08 16:01:24.071 6849 6849 I : read descriptors
05-08 16:01:24.071 6849 6849 I : read strings
05-08 16:01:24.073 1 1 I init : processing action (sys.usb.config=adb && sys.usb.configfs=1 && sys.usb.ffs.ready=1) from (/system/etc/init/hw/init.usb.configfs.rc:20)
05-08 16:01:24.075 1 1 I init : Command 'symlink /config/usb_gadget/g1/functions/ffs.adb /config/usb_gadget/g1/configs/b.1/f1' action=sys.usb.config=adb && sys.usb.configfs=1 && sys.usb.ffs.ready=1 (/system/etc/init/hw/init.usb.configfs.rc:22) took 0ms and failed: symlink() failed: File exists
05-08 16:01:24.076 1 1 I init : Command 'write /config/usb_gadget/g1/UDC ${sys.usb.controller}' action=sys.usb.config=adb && sys.usb.configfs=1 && sys.usb.ffs.ready=1 (/system/etc/init/hw/init.usb.configfs.rc:23) took 1ms and failed: Unable to write to file '/config/usb_gadget/g1/UDC': Unable to write file contents: Device or resource busy
05-08 16:01:24.269 2527 2527 W : abc audioDBG [es8323_mute] start mute:0
05-08 16:01:24.279 2527 2527 I [Awinic] [3-0058]aw_acf_get_prof_desc_form_name: get prof desc down
05-08 16:01:24.293 2527 2527 I [Awinic] [3-005b]aw_acf_get_prof_desc_form_name: get prof desc down
05-08 16:01:25.115 6849 6849 I : read descriptors
05-08 16:01:25.115 6849 6849 I : read strings
05-08 16:01:25.117 1 1 I init : processing action (sys.usb.config=adb && sys.usb.configfs=1 && sys.usb.ffs.ready=1) from (/system/etc/init/hw/init.usb.configfs.rc:20)
05-08 16:01:25.121 1 1 I init : Command 'symlink /config/usb_gadget/g1/functions/ffs.adb /config/usb_gadget/g1/configs/b.1/f1' action=sys.usb.config=adb && sys.usb.configfs=1 && sys.usb.ffs.ready=1 (/system/etc/init/hw/init.usb.configfs.rc:22) took 1ms and failed: symlink() failed: File exists
05-08 16:01:25.122 1 1 I init : Command 'write /config/usb_gadget/g1/UDC ${sys.usb.controller}' action=sys.usb.config=adb && sys.usb.configfs=1 && sys.usb.ffs.ready=1 (/system/etc/init/hw/init.usb.configfs.rc:23) took 1ms and failed: Unable to write to file '/config/usb_gadget/g1/UDC': Unable to write file contents: Device or resource busy
05-08 16:01:25.621 422 422 W : abc audioDBG [es8323_mute] start mute:1
05-08 16:01:25.621 422 422 I [Awinic] [3-0058]aw_acf_get_prof_desc_form_name: get prof desc down
05-08 16:01:25.622 422 422 I [Awinic] [3-005b]aw_acf_get_prof_desc_form_name: get prof desc down
05-08 16:01:26.194 6849 6849 I : read descriptors
05-08 16:01:26.194 6849 6849 I : read strings
05-08 16:01:26.195 1 1 I init : processing action (sys.usb.config=adb && sys.usb.configfs=1 && sys.usb.ffs.ready=1) from (/system/etc/init/hw/init.usb.configfs.rc:20)
05-08 16:01:27.241 6849 6849 I : read descriptors
05-08 16:01:27.241 6849 6849 I : read strings
05-08 16:01:28.048 611 611 E rkcif-mipi-lvds2: get_remote_sensor: remote pad is null
05-08 16:01:28.048 611 611 E rkcif-mipi-lvds2: rkcif_update_sensor_info: stream[0] get remote sensor_sd failed!
05-08 16:01:28.048 611 611 E stream_cif_mipi_id0: update sensor info failed -19
05-08 16:01:28.048 611 611 E rkcif-mipi-lvds2: get_remote_sensor: remote pad is null
05-08 16:01:28.048 611 611 E rkcif-mipi-lvds2: rkcif_update_sensor_info: stream[1] get remote sensor_sd failed!
05-08 16:01:28.048 611 611 E stream_cif_mipi_id1: update sensor info failed -19
05-08 16:01:28.048 611 611 E rkcif-mipi-lvds2: get_remote_sensor: remote pad is null
05-08 16:01:28.048 611 611 E rkcif-mipi-lvds2: rkcif_update_sensor_info: stream[2] get remote sensor_sd failed!
05-08 16:01:28.048 611 611 E stream_cif_mipi_id2: update sensor info failed -19
05-08 16:01:28.298 6849 6849 I : read descriptors
05-08 16:01:28.298 6849 6849 I : read strings
05-08 16:01:28.299 1 1 I init : processing action (sys.usb.config=adb && sys.usb.configfs=1 && sys.usb.ffs.ready=1) from (/system/etc/init/hw/init.usb.configfs.rc:20)
05-08 16:01:28.303 1 1 I init : Command 'symlink /config/usb_gadget/g1/functions/ffs.adb /config/usb_gadget/g1/configs/b.1/f1' action=sys.usb.config=adb && sys.usb.configfs=1 && sys.usb.ffs.ready=1 (/system/etc/init/hw/init.usb.configfs.rc:22) took 0ms and failed: symlink() failed: File exists
05-08 16:01:28.303 1 1 I init : Command 'write /config/usb_gadget/g1/UDC ${sys.usb.controller}' action=sys.usb.config=adb && sys.usb.configfs=1 && sys.usb.ffs.ready=1 (/system/etc/init/hw/init.usb.configfs.rc:23) took 0ms and failed: Unable to write to file '/config/usb_gadget/g1/UDC': Unable to write file contents: Device or resource busy
05-08 16:01:29.355 6849 6849 I : read descriptors
05-08 16:01:29.355 6849 6849 I : read strings
05-08 16:01:29.357 1 1 I init : processing action (sys.usb.config=adb && sys.usb.configfs=1 && sys.usb.ffs.ready=1) from (/system/etc/init/hw/init.usb.configfs.rc:20)
05-08 16:01:29.359 1 1 I init : Command 'symlink /config/usb_gadget/g1/functions/ffs.adb /config/usb_gadget/g1/configs/b.1/f1' action=sys.usb.config=adb && sys.usb.configfs=1 && sys.usb.ffs.ready=1 (/system/etc/init/hw/init.usb.configfs.rc:22) took 0ms and failed: symlink() failed: File exists
05-08 16:01:29.360 1 1 I init : Command 'write /config/usb_gadget/g1/UDC ${sys.usb.controller}' action=sys.usb.config=adb && sys.usb.configfs=1 && sys.usb.ffs.ready=1 (/system/etc/init/hw/init.usb.configfs.rc:23) took 0ms and failed: Unable to write to file '/config/usb_gadget/g1/UDC': Unable to write file contents: Device or resource busy
05-08 16:01:30.401 6849 6849 I : read descriptors
05-08 16:01:30.401 6849 6849 I : read strings
05-08 16:01:30.404 1 1 I init : processing action (sys.usb.config=adb && sys.usb.configfs=1 && sys.usb.ffs.ready=1) from (/system/etc/init/hw/init.usb.configfs.rc:20)
05-08 16:01:30.406 1 1 I init : Command 'symlink /config/usb_gadget/g1/functions/ffs.adb /config/usb_gadget/g1/configs/b.1/f1' action=sys.usb.config=adb && sys.usb.configfs=1 && sys.usb.ffs.ready=1 (/system/etc/init/hw/init.usb.configfs.rc:22) took 0ms and failed: symlink() failed: File exists
05-08 16:01:30.407 1 1 I init : Command 'write /config/usb_gadget/g1/UDC ${sys.usb.controller}' action=sys.usb.config=adb && sys.usb.configfs=1 && sys.usb.ffs.ready=1 (/system/etc/init/hw/init.usb.configfs.rc:23) took 0ms and failed: Unable to write to file '/config/usb_gadget/g1/UDC': Unable to write file contents: Device or resource busy
05-08 16:01:31.455 6849 6849 I : read descriptors
05-08 16:01:31.455 6849 6849 I : read strings
05-08 16:01:31.456 1 1 I init : processing action (sys.usb.config=adb && sys.usb.configfs=1 && sys.usb.ffs.ready=1) from (/system/etc/init/hw/init.usb.configfs.rc:20)
05-08 16:01:32.494 6849 6849 I : read descriptors
05-08 16:01:32.494 6849 6849 I : read strings
05-08 16:01:33.568 6849 6849 I : read descriptors
05-08 16:01:33.568 6849 6849 I : read strings
05-08 16:01:33.568 1 1 I init : processing action (sys.usb.config=adb && sys.usb.configfs=1 && sys.usb.ffs.ready=1) from (/system/etc/init/hw/init.usb.configfs.rc:20)
05-08 16:01:33.569 1 1 I init : Command 'symlink /config/usb_gadget/g1/functions/ffs.adb /config/usb_gadget/g1/configs/b.1/f1' action=sys.usb.config=adb && sys.usb.configfs=1 && sys.usb.ffs.ready=1 (/system/etc/init/hw/init.usb.configfs.rc:22) took 0ms and failed: symlink() failed: File exists
05-08 16:01:33.570 1 1 I init : Command 'write /config/usb_gadget/g1/UDC ${sys.usb.controller}' action=sys.usb.config=adb && sys.usb.configfs=1 && sys.usb.ffs.ready=1 (/system/etc/init/hw/init.usb.configfs.rc:23) took 0ms and failed: Unable to write to file '/config/usb_gadget/g1/UDC': Unable to write file contents: Device or resource busy
05-08 16:01:33.788 611 611 E rkcif-mipi-lvds2: get_remote_sensor: remote pad is null
05-08 16:01:33.788 611 611 E rkcif-mipi-lvds2: rkcif_update_sensor_info: stream[0] get remote sensor_sd failed!
05-08 16:01:33.788 611 611 E stream_cif_mipi_id0: update sensor info failed -19
05-08 16:01:33.788 611 611 E rkcif-mipi-lvds2: get_remote_sensor: remote pad is null
05-08 16:01:33.788 611 611 E rkcif-mipi-lvds2: rkcif_update_sensor_info: stream[1] get remote sensor_sd failed!
05-08 16:01:33.788 611 611 E stream_cif_mipi_id1: update sensor info failed -19
05-08 16:01:33.788 611 611 E rkcif-mipi-lvds2: get_remote_sensor: remote pad is null
05-08 16:01:33.788 611 611 E rkcif-mipi-lvds2: rkcif_update_sensor_info: stream[2] get remote sensor_sd failed!
05-08 16:01:33.788 611 611 E stream_cif_mipi_id2: update sensor info failed -19
05-08 16:01:34.618 6849 6849 I : read descriptors
05-08 16:01:34.618 6849 6849 I : read strings
05-08 16:01:34.620 1 1 I init : processing action (sys.usb.config=adb && sys.usb.configfs=1 && sys.usb.ffs.ready=1) from (/system/etc/init/hw/init.usb.configfs.rc:20)
05-08 16:01:34.622 1 1 I init : Command 'symlink /config/usb_gadget/g1/functions/ffs.adb /config/usb_gadget/g1/configs/b.1/f1' action=sys.usb.config=adb && sys.usb.configfs=1 && sys.usb.ffs.ready=1 (/system/etc/init/hw/init.usb.configfs.rc:22) took 0ms and failed: symlink() failed: File exists
05-08 16:01:34.622 1 1 I init : Command 'write /config/usb_gadget/g1/UDC ${sys.usb.controller}' action=sys.usb.config=adb && sys.usb.configfs=1 && sys.usb.ffs.ready=1 (/system/etc/init/hw/init.usb.configfs.rc:23) took 0ms and failed: Unable to write to file '/config/usb_gadget/g1/UDC': Unable to write file contents: Device or resource busy --------- beginning of crash
05-08 15:53:42.724 7559 7559 E AndroidRuntime: FATAL EXCEPTION: main
05-08 15:53:42.724 7559 7559 E AndroidRuntime: Process: com.ebensz.enote.memo, PID: 7559
05-08 15:53:42.724 7559 7559 E AndroidRuntime: java.lang.RuntimeException: setParameters failed
05-08 15:53:42.724 7559 7559 E AndroidRuntime: at android.hardware.Camera.native_setParameters(Native Method)
05-08 15:53:42.724 7559 7559 E AndroidRuntime: at android.hardware.Camera.setParameters(Camera.java:2068)
05-08 15:53:42.724 7559 7559 E AndroidRuntime: at com.ebensz.enote.memo.editer.edit.strategy.camera.CameraProxy.setParameters(:2)
05-08 15:53:42.724 7559 7559 E AndroidRuntime: at com.ebensz.enote.memo.editer.edit.strategy.camera.CameraManager$CameraLoader.b(:8)
05-08 15:53:42.724 7559 7559 E AndroidRuntime: at com.ebensz.enote.memo.editer.edit.strategy.camera.CameraManager$CameraLoader.onPostExecute(:1)
05-08 15:53:42.724 7559 7559 E AndroidRuntime: at android.os.AsyncTask.finish(AsyncTask.java:771)
05-08 15:53:42.724 7559 7559 E AndroidRuntime: at android.os.AsyncTask.access$900(AsyncTask.java:199)
05-08 15:53:42.724 7559 7559 E AndroidRuntime: at android.os.AsyncTask$InternalHandler.handleMessage(AsyncTask.java:788)
05-08 15:53:42.724 7559 7559 E AndroidRuntime: at android.os.Handler.dispatchMessage(Handler.java:106)
05-08 15:53:42.724 7559 7559 E AndroidRuntime: at android.os.Looper.loopOnce(Looper.java:201)
05-08 15:53:42.724 7559 7559 E AndroidRuntime: at android.os.Looper.loop(Looper.java:288)
05-08 15:53:42.724 7559 7559 E AndroidRuntime: at android.app.ActivityThread.main(ActivityThread.java:7870)
05-08 15:53:42.724 7559 7559 E AndroidRuntime: at java.lang.reflect.Method.invoke(Native Method)
05-08 15:53:42.724 7559 7559 E AndroidRuntime: at com.android.internal.os.RuntimeInit$MethodAndArgsCaller.run(RuntimeInit.java:548)
05-08 15:53:42.724 7559 7559 E AndroidRuntime: at com.android.internal.os.ZygoteInit.main(ZygoteInit.java:1003)
05-08 16:01:35.097 6826 6826 W binder_cleanup_transaction: 40 callbacks suppressed
05-08 16:01:35.097 6826 6826 I binder : undelivered transaction 933456, process died.
05-08 16:01:35.097 6826 6826 I binder : undelivered transaction 933504, process died.
05-08 16:01:35.097 6826 6826 I binder : undelivered transaction 933492, process died.
05-08 16:01:35.097 6826 6826 I binder : undelivered transaction 933484, process died.
05-08 16:01:35.097 6826 6826 I binder : undelivered transaction 933503, process died.
05-08 16:01:35.097 6826 6826 I binder : undelivered transaction 933529, process died.
05-08 16:01:35.658 6849 6849 I : read descriptors
05-08 16:01:35.658 6849 6849 I : read strings
05-08 16:01:35.660 1 1 I init : processing action (sys.usb.config=adb && sys.usb.configfs=1 && sys.usb.ffs.ready=1) from (/system/etc/init/hw/init.usb.configfs.rc:20)
05-08 16:01:35.663 1 1 I init : Command 'symlink /config/usb_gadget/g1/functions/ffs.adb /config/usb_gadget/g1/configs/b.1/f1' action=sys.usb.config=adb && sys.usb.configfs=1 && sys.usb.ffs.ready=1 (/system/etc/init/hw/init.usb.configfs.rc:22) took 0ms and failed: symlink() failed: File exists
05-08 16:01:35.665 1 1 I init : Command 'write /config/usb_gadget/g1/UDC ${sys.usb.controller}' action=sys.usb.config=adb && sys.usb.configfs=1 && sys.usb.ffs.ready=1 (/system/etc/init/hw/init.usb.configfs.rc:23) took 1ms and failed: Unable to write to file '/config/usb_gadget/g1/UDC': Unable to write file contents: Device or resource busy
05-08 16:01:36.731 6849 6849 I : read descriptors
05-08 16:01:36.731 6849 6849 I : read strings
05-08 16:01:36.732 1 1 I init : processing action (sys.usb.config=adb && sys.usb.configfs=1 && sys.usb.ffs.ready=1) from (/system/etc/init/hw/init.usb.configfs.rc:20)
05-08 16:01:36.951 425 425 E rkcif-mipi-lvds2: get_remote_sensor: remote pad is null
05-08 16:01:36.951 425 425 E rkcif-mipi-lvds2: rkcif_update_sensor_info: stream[0] get remote sensor_sd failed!
05-08 16:01:36.951 425 425 E stream_cif_mipi_id0: update sensor info failed -19
05-08 16:01:36.951 425 425 E rkcif-mipi-lvds2: get_remote_sensor: remote pad is null
05-08 16:01:36.951 425 425 E rkcif-mipi-lvds2: rkcif_update_sensor_info: stream[1] get remote sensor_sd failed!
05-08 16:01:36.951 425 425 E stream_cif_mipi_id1: update sensor info failed -19
05-08 16:01:36.951 425 425 E rkcif-mipi-lvds2: get_remote_sensor: remote pad is null
05-08 16:01:36.951 425 425 E rkcif-mipi-lvds2: rkcif_update_sensor_info: stream[2] get remote sensor_sd failed!
05-08 16:01:36.951 425 425 E stream_cif_mipi_id2: update sensor info failed -19
05-08 16:01:37.785 6849 6849 I : read descriptors
05-08 16:01:37.785 6849 6849 I : read strings
05-08 16:01:38.848 6849 6849 I : read descriptors
05-08 16:01:38.848 6849 6849 I : read strings
05-08 16:01:38.850 1 1 I init : processing action (sys.usb.config=adb && sys.usb.configfs=1 && sys.usb.ffs.ready=1) from (/system/etc/init/hw/init.usb.configfs.rc:20)
05-08 16:01:38.853 1 1 I init : Command 'symlink /config/usb_gadget/g1/functions/ffs.adb /config/usb_gadget/g1/configs/b.1/f1' action=sys.usb.config=adb && sys.usb.configfs=1 && sys.usb.ffs.ready=1 (/system/etc/init/hw/init.usb.configfs.rc:22) took 0ms and failed: symlink() failed: File exists
05-08 16:01:38.855 1 1 I init : Command 'write /config/usb_gadget/g1/UDC ${sys.usb.controller}' action=sys.usb.config=adb && sys.usb.configfs=1 && sys.usb.ffs.ready=1 (/system/etc/init/hw/init.usb.configfs.rc:23) took 0ms and failed: Unable to write to file '/config/usb_gadget/g1/UDC': Unable to write file contents: Device or resource busy
05-08 16:01:39.914 6849 6849 I : read descriptors
05-08 16:01:39.914 6849 6849 I : read strings
05-08 16:01:39.915 1 1 I init : processing action (sys.usb.config=adb && sys.usb.configfs=1 && sys.usb.ffs.ready=1) from (/system/etc/init/hw/init.usb.configfs.rc:20)
05-08 16:01:39.917 1 1 I init : Command 'symlink /config/usb_gadget/g1/functions/ffs.adb /config/usb_gadget/g1/configs/b.1/f1' action=sys.usb.config=adb && sys.usb.configfs=1 && sys.usb.ffs.ready=1 (/system/etc/init/hw/init.usb.configfs.rc:22) took 0ms and failed: symlink() failed: File exists
05-08 16:01:39.917 1 1 I init : Command 'write /config/usb_gadget/g1/UDC ${sys.usb.controller}' action=sys.usb.config=adb && sys.usb.configfs=1 && sys.usb.ffs.ready=1 (/system/etc/init/hw/init.usb.configfs.rc:23) took 0ms and failed: Unable to write to file '/config/usb_gadget/g1/UDC': Unable to write file contents: Device or resource busy
05-08 16:01:40.984 6849 6849 I : read descriptors
05-08 16:01:40.984 6849 6849 I : read strings
05-08 16:01:40.985 1 1 I init : processing action (sys.usb.config=adb && sys.usb.configfs=1 && sys.usb.ffs.ready=1) from (/system/etc/init/hw/init.usb.configfs.rc:20)
05-08 16:01:40.987 1 1 I init : Command 'symlink /config/usb_gadget/g1/functions/ffs.adb /config/usb_gadget/g1/configs/b.1/f1' action=sys.usb.config=adb && sys.usb.configfs=1 && sys.usb.ffs.ready=1 (/system/etc/init/hw/init.usb.configfs.rc:22) took 0ms and failed: symlink() failed: File exists
05-08 16:01:40.988 1 1 I init : Command 'write /config/usb_gadget/g1/UDC ${sys.usb.controller}' action=sys.usb.config=adb && sys.usb.configfs=1 && sys.usb.ffs.ready=1 (/system/etc/init/hw/init.usb.configfs.rc:23) took 0ms and failed: Unable to write to file '/config/usb_gadget/g1/UDC': Unable to write file contents: Device or resource busy
05-08 16:01:42.048 6849 6849 I : read descriptors
05-08 16:01:42.048 6849 6849 I : read strings
05-08 16:01:42.048 1 1 I init : processing action (sys.usb.config=adb && sys.usb.configfs=1 && sys.usb.ffs.ready=1) from (/system/etc/init/hw/init.usb.configfs.rc:20)
05-08 16:01:43.095 6849 6849 I : read descriptors
05-08 16:01:43.095 6849 6849 I : read strings
05-08 16:01:44.144 6849 6849 I : read descriptors
05-08 16:01:44.144 6849 6849 I : read strings
05-08 16:01:44.146 1 1 I init : processing action (sys.usb.config=adb && sys.usb.configfs=1 && sys.usb.ffs.ready=1) from (/system/etc/init/hw/init.usb.configfs.rc:20)
05-08 16:01:44.147 1 1 I init : Command 'symlink /config/usb_gadget/g1/functions/ffs.adb /config/usb_gadget/g1/configs/b.1/f1' action=sys.usb.config=adb && sys.usb.configfs=1 && sys.usb.ffs.ready=1 (/system/etc/init/hw/init.usb.configfs.rc:22) took 0ms and failed: symlink() failed: File exists
05-08 16:01:44.148 1 1 I init : Command 'write /config/usb_gadget/g1/UDC ${sys.usb.controller}' action=sys.usb.config=adb && sys.usb.configfs=1 && sys.usb.ffs.ready=1 (/system/etc/init/hw/init.usb.configfs.rc:23) took 0ms and failed: Unable to write to file '/config/usb_gadget/g1/UDC': Unable to write file contents: Device or resource busy
05-08 16:01:45.211 6849 6849 I : read descriptors
05-08 16:01:45.212 6849 6849 I : read strings
05-08 16:01:45.215 1 1 I init : processing action (sys.usb.config=adb && sys.usb.configfs=1 && sys.usb.ffs.ready=1) from (/system/etc/init/hw/init.usb.configfs.rc:20)
05-08 16:01:45.217 1 1 I init : Command 'symlink /config/usb_gadget/g1/functions/ffs.adb /config/usb_gadget/g1/configs/b.1/f1' action=sys.usb.config=adb && sys.usb.configfs=1 && sys.usb.ffs.ready=1 (/system/etc/init/hw/init.usb.configfs.rc:22) took 0ms and failed: symlink() failed: File exists
05-08 16:01:45.217 1 1 I init : Command 'write /config/usb_gadget/g1/UDC ${sys.usb.controller}' action=sys.usb.config=adb && sys.usb.configfs=1 && sys.usb.ffs.ready=1 (/system/etc/init/hw/init.usb.configfs.rc:23) took 0ms and failed: Unable to write to file '/config/usb_gadget/g1/UDC': Unable to write file contents: Device or resource busy
05-08 16:01:46.275 6849 6849 I : read descriptors
05-08 16:01:46.275 6849 6849 I : read strings
05-08 16:01:46.278 1 1 I init : processing action (sys.usb.config=adb && sys.usb.configfs=1 && sys.usb.ffs.ready=1) from (/system/etc/init/hw/init.usb.configfs.rc:20)
05-08 16:01:46.281 1 1 I init : Command 'symlink /config/usb_gadget/g1/functions/ffs.adb /config/usb_gadget/g1/configs/b.1/f1' action=sys.usb.config=adb && sys.usb.configfs=1 && sys.usb.ffs.ready=1 (/system/etc/init/hw/init.usb.configfs.rc:22) took 0ms and failed: symlink() failed: File exists
05-08 16:01:46.281 1 1 I init : Command 'write /config/usb_gadget/g1/UDC ${sys.usb.controller}' action=sys.usb.config=adb && sys.usb.configfs=1 && sys.usb.ffs.ready=1 (/system/etc/init/hw/init.usb.configfs.rc:23) took 0ms and failed: Unable to write to file '/config/usb_gadget/g1/UDC': Unable to write file contents: Device or resource busy
05-08 16:01:47.362 6849 6849 I : read descriptors
05-08 16:01:47.362 6849 6849 I : read strings
05-08 16:01:47.364 1 1 I init : processing action (sys.usb.config=adb && sys.usb.configfs=1 && sys.usb.ffs.ready=1) from (/system/etc/init/hw/init.usb.configfs.rc:20)
05-08 16:01:48.404 6849 6849 I : read descriptors
05-08 16:01:48.404 6849 6849 I : read strings
05-08 16:01:49.474 6849 6849 I : read descriptors
05-08 16:01:49.474 6849 6849 I : read strings
05-08 16:01:49.474 1 1 I init : processing action (sys.usb.config=adb && sys.usb.configfs=1 && sys.usb.ffs.ready=1) from (/system/etc/init/hw/init.usb.configfs.rc:20)
05-08 16:01:49.475 1 1 I init : Command 'symlink /config/usb_gadget/g1/functions/ffs.adb /config/usb_gadget/g1/configs/b.1/f1' action=sys.usb.config=adb && sys.usb.configfs=1 && sys.usb.ffs.ready=1 (/system/etc/init/hw/init.usb.configfs.rc:22) took 0ms and failed: symlink() failed: File exists
05-08 16:01:49.476 1 1 I init : Command 'write /config/usb_gadget/g1/UDC ${sys.usb.controller}' action=sys.usb.config=adb && sys.usb.configfs=1 && sys.usb.ffs.ready=1 (/system/etc/init/hw/init.usb.configfs.rc:23) took 0ms and failed: Unable to write to file '/config/usb_gadget/g1/UDC': Unable to write file contents: Device or resource busy
05-08 16:01:50.514 6849 6849 I : read descriptors
05-08 16:01:50.514 6849 6849 I : read strings
05-08 16:01:50.516 1 1 I init : processing action (sys.usb.config=adb && sys.usb.configfs=1 && sys.usb.ffs.ready=1) from (/system/etc/init/hw/init.usb.configfs.rc:20)
05-08 16:01:50.517 1 1 I init : Command 'symlink /config/usb_gadget/g1/functions/ffs.adb /config/usb_gadget/g1/configs/b.1/f1' action=sys.usb.config=adb && sys.usb.configfs=1 && sys.usb.ffs.ready=1 (/system/etc/init/hw/init.usb.configfs.rc:22) took 0ms and failed: symlink() failed: File exists
05-08 16:01:50.517 1 1 I init : Command 'write /config/usb_gadget/g1/UDC ${sys.usb.controller}' action=sys.usb.config=adb && sys.usb.configfs=1 && sys.usb.ffs.ready=1 (/system/etc/init/hw/init.usb.configfs.rc:23) took 0ms and failed: Unable to write to file '/config/usb_gadget/g1/UDC': Unable to write file contents: Device or resource busy
05-08 16:01:51.591 6849 6849 I : read descriptors
05-08 16:01:51.592 6849 6849 I : read strings
05-08 16:01:51.593 1 1 I init : processing action (sys.usb.config=adb && sys.usb.configfs=1 && sys.usb.ffs.ready=1) from (/system/etc/init/hw/init.usb.configfs.rc:20)
05-08 16:01:51.596 1 1 I init : Command 'symlink /config/usb_gadget/g1/functions/ffs.adb /config/usb_gadget/g1/configs/b.1/f1' action=sys.usb.config=adb && sys.usb.configfs=1 && sys.usb.ffs.ready=1 (/system/etc/init/hw/init.usb.configfs.rc:22) took 0ms and failed: symlink() failed: File exists
05-08 16:01:51.597 1 1 I init : Command 'write /config/usb_gadget/g1/UDC ${sys.usb.controller}' action=sys.usb.config=adb && sys.usb.configfs=1 && sys.usb.ffs.ready=1 (/system/etc/init/hw/init.usb.configfs.rc:23) took 0ms and failed: Unable to write to file '/config/usb_gadget/g1/UDC': Unable to write file contents: Device or resource busy
05-08 16:01:52.634 6849 6849 I : read descriptors
05-08 16:01:52.635 6849 6849 I : read strings
05-08 16:01:52.636 1 1 I init : processing action (sys.usb.config=adb && sys.usb.configfs=1 && sys.usb.ffs.ready=1) from (/system/etc/init/hw/init.usb.configfs.rc:20)
05-08 16:01:53.691 6849 6849 I : read descriptors
05-08 16:01:53.691 6849 6849 I : read strings
05-08 16:01:54.735 6849 6849 I : read descriptors
05-08 16:01:54.735 6849 6849 I : read strings
05-08 16:01:54.736 1 1 I init : processing action (sys.usb.config=adb && sys.usb.configfs=1 && sys.usb.ffs.ready=1) from (/system/etc/init/hw/init.usb.configfs.rc:20)
05-08 16:01:54.738 1 1 I init : Command 'symlink /config/usb_gadget/g1/functions/ffs.adb /config/usb_gadget/g1/configs/b.1/f1' action=sys.usb.config=adb && sys.usb.configfs=1 && sys.usb.ffs.ready=1 (/system/etc/init/hw/init.usb.configfs.rc:22) took 0ms and failed: symlink() failed: File exists
05-08 16:01:54.739 1 1 I init : Command 'write /config/usb_gadget/g1/UDC ${sys.usb.controller}' action=sys.usb.config=adb && sys.usb.configfs=1 && sys.usb.ffs.ready=1 (/system/etc/init/hw/init.usb.configfs.rc:23) took 0ms and failed: Unable to write to file '/config/usb_gadget/g1/UDC': Unable to write file contents: Device or resource busy
05-08 16:01:55.771 6849 6849 I : read descriptors
05-08 16:01:55.771 6849 6849 I : read strings
05-08 16:01:55.773 1 1 I init : processing action (sys.usb.config=adb && sys.usb.configfs=1 && sys.usb.ffs.ready=1) from (/system/etc/init/hw/init.usb.configfs.rc:20)
05-08 16:01:55.775 1 1 I init : Command 'symlink /config/usb_gadget/g1/functions/ffs.adb /config/usb_gadget/g1/configs/b.1/f1' action=sys.usb.config=adb && sys.usb.configfs=1 && sys.usb.ffs.ready=1 (/system/etc/init/hw/init.usb.configfs.rc:22) took 0ms and failed: symlink() failed: File exists
05-08 16:01:55.775 1 1 I init : Command 'write /config/usb_gadget/g1/UDC ${sys.usb.controller}' action=sys.usb.config=adb && sys.usb.configfs=1 && sys.usb.ffs.ready=1 (/system/etc/init/hw/init.usb.configfs.rc:23) took 0ms and failed: Unable to write to file '/config/usb_gadget/g1/UDC': Unable to write file contents: Device or resource busy
05-08 16:01:56.811 6849 6849 I : read descriptors
05-08 16:01:56.811 6849 6849 I : read strings
05-08 16:01:56.811 1 1 I init : processing action (sys.usb.config=adb && sys.usb.configfs=1 && sys.usb.ffs.ready=1) from (/system/etc/init/hw/init.usb.configfs.rc:20)
05-08 16:01:56.812 1 1 I init : Command 'symlink /config/usb_gadget/g1/functions/ffs.adb /config/usb_gadget/g1/configs/b.1/f1' action=sys.usb.config=adb && sys.usb.configfs=1 && sys.usb.ffs.ready=1 (/system/etc/init/hw/init.usb.configfs.rc:22) took 0ms and failed: symlink() failed: File exists
05-08 16:01:56.813 1 1 I init : Command 'write /config/usb_gadget/g1/UDC ${sys.usb.controller}' action=sys.usb.config=adb && sys.usb.configfs=1 && sys.usb.ffs.ready=1 (/system/etc/init/hw/init.usb.configfs.rc:23) took 0ms and failed: Unable to write to file '/config/usb_gadget/g1/UDC': Unable to write file contents: Device or resource busy
05-08 16:01:57.861 6849 6849 I : read descriptors
05-08 16:01:57.861 6849 6849 I : read strings
05-08 16:01:57.862 1 1 I init : processing action (sys.usb.config=adb && sys.usb.configfs=1 && sys.usb.ffs.ready=1) from (/system/etc/init/hw/init.usb.configfs.rc:20)
05-08 16:01:58.911 6849 6849 I : read descriptors
05-08 16:01:58.911 6849 6849 I : read strings
05-08 16:01:59.977 6849 6849 I : read descriptors
05-08 16:01:59.977 6849 6849 I : read strings
05-08 16:01:59.978 1 1 I init : processing action (sys.usb.config=adb && sys.usb.configfs=1 && sys.usb.ffs.ready=1) from (/system/etc/init/hw/init.usb.configfs.rc:20)
05-08 16:01:59.979 1 1 I init : Command 'symlink /config/usb_gadget/g1/functions/ffs.adb /config/usb_gadget/g1/configs/b.1/f1' action=sys.usb.config=adb && sys.usb.configfs=1 && sys.usb.ffs.ready=1 (/system/etc/init/hw/init.usb.configfs.rc:22) took 0ms and failed: symlink() failed: File exists
05-08 16:01:59.980 1 1 I init : Command 'write /config/usb_gadget/g1/UDC ${sys.usb.controller}' action=sys.usb.config=adb && sys.usb.configfs=1 && sys.usb.ffs.ready=1 (/system/etc/init/hw/init.usb.configfs.rc:23) took 0ms and failed: Unable to write to file '/config/usb_gadget/g1/UDC': Unable to write file contents: Device or resource busy
05-08 16:02:01.011 6849 6849 I : read descriptors
05-08 16:02:01.011 6849 6849 I : read strings
05-08 16:02:01.011 1 1 I init : processing action (sys.usb.config=adb && sys.usb.configfs=1 && sys.usb.ffs.ready=1) from (/system/etc/init/hw/init.usb.configfs.rc:20)
05-08 16:02:01.012 1 1 I init : Command 'symlink /config/usb_gadget/g1/functions/ffs.adb /config/usb_gadget/g1/configs/b.1/f1' action=sys.usb.config=adb && sys.usb.configfs=1 && sys.usb.ffs.ready=1 (/system/etc/init/hw/init.usb.configfs.rc:22) took 0ms and failed: symlink() failed: File exists
05-08 16:02:01.012 1 1 I init : Command 'write /config/usb_gadget/g1/UDC ${sys.usb.controller}' action=sys.usb.config=adb && sys.usb.configfs=1 && sys.usb.ffs.ready=1 (/system/etc/init/hw/init.usb.configfs.rc:23) took 0ms and failed: Unable to write to file '/config/usb_gadget/g1/UDC': Unable to write file contents: Device or resource busy
05-08 16:02:02.057 6849 6849 I : read descriptors
05-08 16:02:02.057 6849 6849 I : read strings
05-08 16:02:02.058 1 1 I init : processing action (sys.usb.config=adb && sys.usb.configfs=1 && sys.usb.ffs.ready=1) from (/system/etc/init/hw/init.usb.configfs.rc:20)
05-08 16:02:02.059 1 1 I init : Command 'symlink /config/usb_gadget/g1/functions/ffs.adb /config/usb_gadget/g1/configs/b.1/f1' action=sys.usb.config=adb && sys.usb.configfs=1 && sys.usb.ffs.ready=1 (/system/etc/init/hw/init.usb.configfs.rc:22) took 0ms and failed: symlink() failed: File exists
05-08 16:02:02.059 1 1 I init : Command 'write /config/usb_gadget/g1/UDC ${sys.usb.controller}' action=sys.usb.config=adb && sys.usb.configfs=1 && sys.usb.ffs.ready=1 (/system/etc/init/hw/init.usb.configfs.rc:23) took 0ms and failed: Unable to write to file '/config/usb_gadget/g1/UDC': Unable to write file contents: Device or resource busy
05-08 16:02:02.189 2527 2527 W : abc audioDBG [es8323_mute] start mute:0
05-08 16:02:02.199 2527 2527 I [Awinic] [3-0058]aw_acf_get_prof_desc_form_name: get prof desc down
05-08 16:02:02.213 2527 2527 I [Awinic] [3-005b]aw_acf_get_prof_desc_form_name: get prof desc down
05-08 16:02:03.104 6849 6849 I : read descriptors
05-08 16:02:03.104 6849 6849 I : read strings
05-08 16:02:03.105 1 1 I init : processing action (sys.usb.config=adb && sys.usb.configfs=1 && sys.usb.ffs.ready=1) from (/system/etc/init/hw/init.usb.configfs.rc:20)
05-08 16:02:04.162 6849 6849 I : read descriptors
05-08 16:02:04.162 6849 6849 I : read strings
05-08 16:02:05.178 422 422 W : abc audioDBG [es8323_mute] start mute:1
05-08 16:02:05.178 422 422 I [Awinic] [3-0058]aw_acf_get_prof_desc_form_name: get prof desc down
05-08 16:02:05.179 422 422 I [Awinic] [3-005b]aw_acf_get_prof_desc_form_name: get prof desc down
05-08 16:02:05.228 6849 6849 I : read descriptors
05-08 16:02:05.228 6849 6849 I : read strings
05-08 16:02:05.230 1 1 I init : processing action (sys.usb.config=adb && sys.usb.configfs=1 && sys.usb.ffs.ready=1) from (/system/etc/init/hw/init.usb.configfs.rc:20)
05-08 16:02:05.231 1 1 I init : Command 'symlink /config/usb_gadget/g1/functions/ffs.adb /config/usb_gadget/g1/configs/b.1/f1' action=sys.usb.config=adb && sys.usb.configfs=1 && sys.usb.ffs.ready=1 (/system/etc/init/hw/init.usb.configfs.rc:22) took 0ms and failed: symlink() failed: File exists
05-08 16:02:05.231 1 1 I init : Command 'write /config/usb_gadget/g1/UDC ${sys.usb.controller}' action=sys.usb.config=adb && sys.usb.configfs=1 && sys.usb.ffs.ready=1 (/system/etc/init/hw/init.usb.configfs.rc:23) took 0ms and failed: Unable to write to file '/config/usb_gadget/g1/UDC': Unable to write file contents: Device or resource busy
05-08 16:02:06.315 6849 6849 I : read descriptors
05-08 16:02:06.315 6849 6849 I : read strings
05-08 16:02:06.316 1 1 I init : processing action (sys.usb.config=adb && sys.usb.configfs=1 && sys.usb.ffs.ready=1) from (/system/etc/init/hw/init.usb.configfs.rc:20)
05-08 16:02:06.318 1 1 I init : Command 'symlink /config/usb_gadget/g1/functions/ffs.adb /config/usb_gadget/g1/configs/b.1/f1' action=sys.usb.config=adb && sys.usb.configfs=1 && sys.usb.ffs.ready=1 (/system/etc/init/hw/init.usb.configfs.rc:22) took 0ms and failed: symlink() failed: File exists
05-08 16:02:06.319 1 1 I init : Command 'write /config/usb_gadget/g1/UDC ${sys.usb.controller}' action=sys.usb.config=adb && sys.usb.configfs=1 && sys.usb.ffs.ready=1 (/system/etc/init/hw/init.usb.configfs.rc:23) took 0ms and failed: Unable to write to file '/config/usb_gadget/g1/UDC': Unable to write file contents: Device or resource busy
05-08 16:02:07.367 6849 6849 I : read descriptors
05-08 16:02:07.368 6849 6849 I : read strings
05-08 16:02:07.370 1 1 I init : processing action (sys.usb.config=adb && sys.usb.configfs=1 && sys.usb.ffs.ready=1) from (/system/etc/init/hw/init.usb.configfs.rc:20)
05-08 16:02:07.373 1 1 I init : Command 'symlink /config/usb_gadget/g1/functions/ffs.adb /config/usb_gadget/g1/configs/b.1/f1' action=sys.usb.config=adb && sys.usb.configfs=1 && sys.usb.ffs.ready=1 (/system/etc/init/hw/init.usb.configfs.rc:22) took 0ms and failed: symlink() failed: File exists
