05-08 16:06:08.971 975 975 D SST : [0] setRadioPower power false forEmergencyCall false forceApply false reason 0
05-08 16:06:08.972 975 975 D SST : [0] setPowerStateToDesired: mDeviceShuttingDown=false, mDesiredPowerState=false, getRadioState=2, mRadioDisabledByCarrier=false, IMS reg state=false, pending radio off=false
05-08 16:06:08.972 975 975 D NewNitzStateMachineImpl: handleAirplaneModeChanged(true): mLatestNitzSignal was already null. Nothing to do.
05-08 16:06:08.974 975 8531 D SubscriptionController: [getAvailableSubInfoList]- no info return
05-08 16:06:08.986 975 8531 D SubscriptionController: [getAvailableSubInfoList]- no info return
05-08 16:14:02.083 6849 6849 I : read descriptors
05-08 16:14:02.084 6849 6849 I : read strings
05-08 16:14:02.086 1 1 I init : processing action (sys.usb.config=adb && sys.usb.configfs=1 && sys.usb.ffs.ready=1) from (/system/etc/init/hw/init.usb.configfs.rc:20)
05-08 16:14:02.088 1 1 I init : Command 'symlink /config/usb_gadget/g1/functions/ffs.adb /config/usb_gadget/g1/configs/b.1/f1' action=sys.usb.config=adb && sys.usb.configfs=1 && sys.usb.ffs.ready=1 (/system/etc/init/hw/init.usb.configfs.rc:22) took 0ms and failed: symlink() failed: File exists
05-08 16:14:02.089 1 1 I init : Command 'write /config/usb_gadget/g1/UDC ${sys.usb.controller}' action=sys.usb.config=adb && sys.usb.configfs=1 && sys.usb.ffs.ready=1 (/system/etc/init/hw/init.usb.configfs.rc:23) took 0ms and failed: Unable to write to file '/config/usb_gadget/g1/UDC': Unable to write file contents: Device or resource busy
05-08 16:06:10.122 456 485 I RIL : ---> enter mainloop wait at port
05-08 16:06:10.122 456 485 D RIL-DEV : Get modem info
05-08 16:06:10.123 456 485 D RIL-DEV : [05-08_16:06:10:123] idVendor = 1d6b
05-08 16:06:10.123 456 485 D RIL-DEV :
05-08 16:06:10.123 456 485 D RIL-DEV : [05-08_16:06:10:123] idVendor = 1d6b
05-08 16:06:10.123 456 485 D RIL-DEV :
05-08 16:06:10.123 456 485 D RIL-DEV : [05-08_16:06:10:124] idVendor = 1d6b
05-08 16:06:10.123 456 485 D RIL-DEV :
05-08 16:06:10.124 456 485 D RIL-DEV : [05-08_16:06:10:124] idVendor = 0781
05-08 16:06:10.124 456 485 D RIL-DEV :
05-08 16:06:10.124 456 485 D RIL-DEV : [05-08_16:06:10:124] idVendor = 1d6b
05-08 16:06:10.124 456 485 D RIL-DEV :
05-08 16:06:10.124 456 485 E RIL-DEV : Cannot find Meig devices
05-08 16:06:10.124 456 485 I RIL : ---> can't find meig usb devices
05-08 16:06:10.337 975 975 D AirplaneModeStats: Airplane mode change. Value: false
05-08 16:06:10.337 975 975 D AirplaneModeStats: Airplane mode: false, short=true, carrierId=-1
05-08 16:06:10.360 975 1182 D SubscriptionController: [getAvailableSubInfoList]- no info return
05-08 16:06:10.364 975 8531 D SubscriptionController: [getAvailableSubInfoList]- no info return
05-08 16:06:10.366 975 8531 D SubscriptionController: [getAvailableSubInfoList]- no info return
05-08 16:06:10.368 975 975 D SST : [0] setRadioPower power true forEmergencyCall false forceApply false reason 0
05-08 16:06:10.368 975 975 D SST : [0] setPowerStateToDesired: mDeviceShuttingDown=false, mDesiredPowerState=true, getRadioState=2, mRadioDisabledByCarrier=false, IMS reg state=false, pending radio off=false
05-08 16:06:10.368 975 975 D NewNitzStateMachineImpl: handleAirplaneModeChanged(false): mLatestNitzSignal was already null. Nothing to do.
05-08 16:06:10.368 975 8531 D SubscriptionController: [getAvailableSubInfoList]- no info return
05-08 16:14:03.160 6849 6849 I : read descriptors
05-08 16:14:03.161 6849 6849 I : read strings
05-08 16:14:03.163 1 1 I init : processing action (sys.usb.config=adb && sys.usb.configfs=1 && sys.usb.ffs.ready=1) from (/system/etc/init/hw/init.usb.configfs.rc:20)
05-08 16:14:03.171 1 1 I init : Command 'symlink /config/usb_gadget/g1/functions/ffs.adb /config/usb_gadget/g1/configs/b.1/f1' action=sys.usb.config=adb && sys.usb.configfs=1 && sys.usb.ffs.ready=1 (/system/etc/init/hw/init.usb.configfs.rc:22) took 0ms and failed: symlink() failed: File exists
05-08 16:14:03.172 1 1 I init : Command 'write /config/usb_gadget/g1/UDC ${sys.usb.controller}' action=sys.usb.config=adb && sys.usb.configfs=1 && sys.usb.ffs.ready=1 (/system/etc/init/hw/init.usb.configfs.rc:23) took 0ms and failed: Unable to write to file '/config/usb_gadget/g1/UDC': Unable to write file contents: Device or resource busy
05-08 16:14:04.233 6849 6849 I : read descriptors
05-08 16:14:04.233 6849 6849 I : read strings
05-08 16:14:04.235 1 1 I init : processing action (sys.usb.config=adb && sys.usb.configfs=1 && sys.usb.ffs.ready=1) from (/system/etc/init/hw/init.usb.configfs.rc:20)
05-08 16:14:04.238 1 1 I init : Command 'symlink /config/usb_gadget/g1/functions/ffs.adb /config/usb_gadget/g1/configs/b.1/f1' action=sys.usb.config=adb && sys.usb.configfs=1 && sys.usb.ffs.ready=1 (/system/etc/init/hw/init.usb.configfs.rc:22) took 0ms and failed: symlink() failed: File exists
05-08 16:14:04.239 1 1 I init : Command 'write /config/usb_gadget/g1/UDC ${sys.usb.controller}' action=sys.usb.config=adb && sys.usb.configfs=1 && sys.usb.ffs.ready=1 (/system/etc/init/hw/init.usb.configfs.rc:23) took 0ms and failed: Unable to write to file '/config/usb_gadget/g1/UDC': Unable to write file contents: Device or resource busy
05-08 16:06:12.125 456 485 I RIL : ---> enter mainloop wait at port
05-08 16:06:12.125 456 485 D RIL-DEV : Get modem info
05-08 16:06:12.125 456 485 D RIL-DEV : [05-08_16:06:12:126] idVendor = 1d6b
05-08 16:06:12.125 456 485 D RIL-DEV :
05-08 16:06:12.125 456 485 D RIL-DEV : [05-08_16:06:12:126] idVendor = 1d6b
05-08 16:06:12.125 456 485 D RIL-DEV :
05-08 16:06:12.125 456 485 D RIL-DEV : [05-08_16:06:12:126] idVendor = 1d6b
05-08 16:06:12.125 456 485 D RIL-DEV :
05-08 16:06:12.126 456 485 D RIL-DEV : [05-08_16:06:12:126] idVendor = 0781
05-08 16:06:12.126 456 485 D RIL-DEV :
05-08 16:06:12.126 456 485 D RIL-DEV : [05-08_16:06:12:126] idVendor = 1d6b
05-08 16:06:12.126 456 485 D RIL-DEV :
05-08 16:06:12.126 456 485 E RIL-DEV : Cannot find Meig devices
05-08 16:06:12.126 456 485 I RIL : ---> can't find meig usb devices
05-08 16:14:05.273 6849 6849 I : read descriptors
05-08 16:14:05.273 6849 6849 I : read strings
05-08 16:14:05.276 1 1 I init : processing action (sys.usb.config=adb && sys.usb.configfs=1 && sys.usb.ffs.ready=1) from (/system/etc/init/hw/init.usb.configfs.rc:20)
05-08 16:14:06.340 6849 6849 I : read descriptors
05-08 16:14:06.340 6849 6849 I : read strings
05-08 16:06:14.126 456 485 I RIL : ---> enter mainloop wait at port
05-08 16:06:14.127 456 485 D RIL-DEV : Get modem info
05-08 16:06:14.127 456 485 D RIL-DEV : [05-08_16:06:14:127] idVendor = 1d6b
05-08 16:06:14.127 456 485 D RIL-DEV :
05-08 16:06:14.127 456 485 D RIL-DEV : [05-08_16:06:14:128] idVendor = 1d6b
05-08 16:06:14.127 456 485 D RIL-DEV :
05-08 16:06:14.127 456 485 D RIL-DEV : [05-08_16:06:14:128] idVendor = 1d6b
05-08 16:06:14.127 456 485 D RIL-DEV :
05-08 16:06:14.127 456 485 D RIL-DEV : [05-08_16:06:14:128] idVendor = 0781
05-08 16:06:14.127 456 485 D RIL-DEV :
05-08 16:06:14.128 456 485 D RIL-DEV : [05-08_16:06:14:128] idVendor = 1d6b
05-08 16:06:14.128 456 485 D RIL-DEV :
05-08 16:06:14.128 456 485 E RIL-DEV : Cannot find Meig devices
05-08 16:06:14.128 456 485 I RIL : ---> can't find meig usb devices
05-08 16:14:07.384 6849 6849 I : read descriptors
05-08 16:14:07.384 6849 6849 I : read strings
05-08 16:14:07.386 1 1 I init : processing action (sys.usb.config=adb && sys.usb.configfs=1 && sys.usb.ffs.ready=1) from (/system/etc/init/hw/init.usb.configfs.rc:20)
05-08 16:14:07.389 1 1 I init : Command 'symlink /config/usb_gadget/g1/functions/ffs.adb /config/usb_gadget/g1/configs/b.1/f1' action=sys.usb.config=adb && sys.usb.configfs=1 && sys.usb.ffs.ready=1 (/system/etc/init/hw/init.usb.configfs.rc:22) took 0ms and failed: symlink() failed: File exists
05-08 16:14:07.389 1 1 I init : Command 'write /config/usb_gadget/g1/UDC ${sys.usb.controller}' action=sys.usb.config=adb && sys.usb.configfs=1 && sys.usb.ffs.ready=1 (/system/etc/init/hw/init.usb.configfs.rc:23) took 0ms and failed: Unable to write to file '/config/usb_gadget/g1/UDC': Unable to write file contents: Device or resource busy
05-08 16:06:16.128 456 485 I RIL : ---> enter mainloop wait at port
05-08 16:06:16.128 456 485 D RIL-DEV : Get modem info
05-08 16:06:16.129 456 485 D RIL-DEV : [05-08_16:06:16:130] idVendor = 1d6b
05-08 16:06:16.129 456 485 D RIL-DEV :
05-08 16:06:16.129 456 485 D RIL-DEV : [05-08_16:06:16:130] idVendor = 1d6b
05-08 16:06:16.129 456 485 D RIL-DEV :
05-08 16:06:16.130 456 485 D RIL-DEV : [05-08_16:06:16:130] idVendor = 1d6b
05-08 16:06:16.130 456 485 D RIL-DEV :
05-08 16:06:16.130 456 485 D RIL-DEV : [05-08_16:06:16:130] idVendor = 0781
05-08 16:06:16.130 456 485 D RIL-DEV :
05-08 16:06:16.130 456 485 D RIL-DEV : [05-08_16:06:16:131] idVendor = 1d6b
05-08 16:06:16.130 456 485 D RIL-DEV :
05-08 16:06:16.131 456 485 E RIL-DEV : Cannot find Meig devices
05-08 16:06:16.131 456 485 I RIL : ---> can't find meig usb devices
05-08 16:14:08.440 6849 6849 I : read descriptors
05-08 16:14:08.440 6849 6849 I : read strings
05-08 16:14:08.442 1 1 I init : processing action (sys.usb.config=adb && sys.usb.configfs=1 && sys.usb.ffs.ready=1) from (/system/etc/init/hw/init.usb.configfs.rc:20)
05-08 16:14:08.445 1 1 I init : Command 'symlink /config/usb_gadget/g1/functions/ffs.adb /config/usb_gadget/g1/configs/b.1/f1' action=sys.usb.config=adb && sys.usb.configfs=1 && sys.usb.ffs.ready=1 (/system/etc/init/hw/init.usb.configfs.rc:22) took 0ms and failed: symlink() failed: File exists
05-08 16:14:08.446 1 1 I init : Command 'write /config/usb_gadget/g1/UDC ${sys.usb.controller}' action=sys.usb.config=adb && sys.usb.configfs=1 && sys.usb.ffs.ready=1 (/system/etc/init/hw/init.usb.configfs.rc:23) took 0ms and failed: Unable to write to file '/config/usb_gadget/g1/UDC': Unable to write file contents: Device or resource busy
05-08 16:14:09.480 6849 6849 I : read descriptors
05-08 16:14:09.480 6849 6849 I : read strings
05-08 16:14:09.482 1 1 I init : processing action (sys.usb.config=adb && sys.usb.configfs=1 && sys.usb.ffs.ready=1) from (/system/etc/init/hw/init.usb.configfs.rc:20)
05-08 16:14:09.483 1 1 I init : Command 'symlink /config/usb_gadget/g1/functions/ffs.adb /config/usb_gadget/g1/configs/b.1/f1' action=sys.usb.config=adb && sys.usb.configfs=1 && sys.usb.ffs.ready=1 (/system/etc/init/hw/init.usb.configfs.rc:22) took 0ms and failed: symlink() failed: File exists
05-08 16:14:09.484 1 1 I init : Command 'write /config/usb_gadget/g1/UDC ${sys.usb.controller}' action=sys.usb.config=adb && sys.usb.configfs=1 && sys.usb.ffs.ready=1 (/system/etc/init/hw/init.usb.configfs.rc:23) took 0ms and failed: Unable to write to file '/config/usb_gadget/g1/UDC': Unable to write file contents: Device or resource busy
05-08 16:06:18.131 456 485 I RIL : ---> enter mainloop wait at port
05-08 16:06:18.131 456 485 D RIL-DEV : Get modem info
05-08 16:06:18.132 456 485 D RIL-DEV : [05-08_16:06:18:132] idVendor = 1d6b
05-08 16:06:18.132 456 485 D RIL-DEV :
05-08 16:06:18.132 456 485 D RIL-DEV : [05-08_16:06:18:133] idVendor = 1d6b
05-08 16:06:18.132 456 485 D RIL-DEV :
05-08 16:06:18.133 456 485 D RIL-DEV : [05-08_16:06:18:133] idVendor = 1d6b
05-08 16:06:18.133 456 485 D RIL-DEV :
05-08 16:06:18.133 456 485 D RIL-DEV : [05-08_16:06:18:133] idVendor = 0781
05-08 16:06:18.133 456 485 D RIL-DEV :
05-08 16:06:18.133 456 485 D RIL-DEV : [05-08_16:06:18:134] idVendor = 1d6b
05-08 16:06:18.133 456 485 D RIL-DEV :
05-08 16:06:18.134 456 485 E RIL-DEV : Cannot find Meig devices
05-08 16:06:18.134 456 485 I RIL : ---> can't find meig usb devices
05-08 16:14:10.530 6849 6849 I : read descriptors
05-08 16:14:10.530 6849 6849 I : read strings
05-08 16:14:10.532 1 1 I init : processing action (sys.usb.config=adb && sys.usb.configfs=1 && sys.usb.ffs.ready=1) from (/system/etc/init/hw/init.usb.configfs.rc:20)
05-08 16:14:11.583 6849 6849 I : read descriptors
05-08 16:14:11.584 6849 6849 I : read strings
05-08 16:06:20.134 456 485 I RIL : ---> enter mainloop wait at port
05-08 16:06:20.134 456 485 D RIL-DEV : Get modem info
05-08 16:06:20.135 456 485 D RIL-DEV : [05-08_16:06:20:136] idVendor = 1d6b
05-08 16:06:20.135 456 485 D RIL-DEV :
05-08 16:06:20.135 456 485 D RIL-DEV : [05-08_16:06:20:136] idVendor = 1d6b
05-08 16:06:20.135 456 485 D RIL-DEV :
05-08 16:06:20.136 456 485 D RIL-DEV : [05-08_16:06:20:136] idVendor = 1d6b
05-08 16:06:20.136 456 485 D RIL-DEV :
05-08 16:06:20.136 456 485 D RIL-DEV : [05-08_16:06:20:137] idVendor = 0781
05-08 16:06:20.136 456 485 D RIL-DEV :
05-08 16:06:20.136 456 485 D RIL-DEV : [05-08_16:06:20:137] idVendor = 1d6b
05-08 16:06:20.136 456 485 D RIL-DEV :
05-08 16:06:20.137 456 485 E RIL-DEV : Cannot find Meig devices
05-08 16:06:20.137 456 485 I RIL : ---> can't find meig usb devices
05-08 16:14:12.647 6849 6849 I : read descriptors
05-08 16:14:12.647 6849 6849 I : read strings
05-08 16:14:12.649 1 1 I init : processing action (sys.usb.config=adb && sys.usb.configfs=1 && sys.usb.ffs.ready=1) from (/system/etc/init/hw/init.usb.configfs.rc:20)
05-08 16:14:12.652 1 1 I init : Command 'symlink /config/usb_gadget/g1/functions/ffs.adb /config/usb_gadget/g1/configs/b.1/f1' action=sys.usb.config=adb && sys.usb.configfs=1 && sys.usb.ffs.ready=1 (/system/etc/init/hw/init.usb.configfs.rc:22) took 0ms and failed: symlink() failed: File exists
05-08 16:14:12.656 1 1 I init : Command 'write /config/usb_gadget/g1/UDC ${sys.usb.controller}' action=sys.usb.config=adb && sys.usb.configfs=1 && sys.usb.ffs.ready=1 (/system/etc/init/hw/init.usb.configfs.rc:23) took 3ms and failed: Unable to write to file '/config/usb_gadget/g1/UDC': Unable to write file contents: Device or resource busy
05-08 16:14:13.690 6849 6849 I : read descriptors
05-08 16:14:13.690 6849 6849 I : read strings
05-08 16:14:13.692 1 1 I init : processing action (sys.usb.config=adb && sys.usb.configfs=1 && sys.usb.ffs.ready=1) from (/system/etc/init/hw/init.usb.configfs.rc:20)
05-08 16:14:13.695 1 1 I init : Command 'symlink /config/usb_gadget/g1/functions/ffs.adb /config/usb_gadget/g1/configs/b.1/f1' action=sys.usb.config=adb && sys.usb.configfs=1 && sys.usb.ffs.ready=1 (/system/etc/init/hw/init.usb.configfs.rc:22) took 0ms and failed: symlink() failed: File exists
05-08 16:14:13.699 1 1 I init : Command 'write /config/usb_gadget/g1/UDC ${sys.usb.controller}' action=sys.usb.config=adb && sys.usb.configfs=1 && sys.usb.ffs.ready=1 (/system/etc/init/hw/init.usb.configfs.rc:23) took 3ms and failed: Unable to write to file '/config/usb_gadget/g1/UDC': Unable to write file contents: Device or resource busy
05-08 16:06:22.137 456 485 I RIL : ---> enter mainloop wait at port
05-08 16:06:22.137 456 485 D RIL-DEV : Get modem info
05-08 16:06:22.138 456 485 D RIL-DEV : [05-08_16:06:22:139] idVendor = 1d6b
05-08 16:06:22.138 456 485 D RIL-DEV :
05-08 16:06:22.138 456 485 D RIL-DEV : [05-08_16:06:22:139] idVendor = 1d6b
05-08 16:06:22.138 456 485 D RIL-DEV :
05-08 16:06:22.139 456 485 D RIL-DEV : [05-08_16:06:22:139] idVendor = 1d6b
05-08 16:06:22.139 456 485 D RIL-DEV :
05-08 16:06:22.139 456 485 D RIL-DEV : [05-08_16:06:22:140] idVendor = 0781
05-08 16:06:22.139 456 485 D RIL-DEV :
05-08 16:06:22.139 456 485 D RIL-DEV : [05-08_16:06:22:140] idVendor = 1d6b
05-08 16:06:22.139 456 485 D RIL-DEV :
05-08 16:06:22.140 456 485 E RIL-DEV : Cannot find Meig devices
05-08 16:06:22.140 456 485 I RIL : ---> can't find meig usb devices
05-08 16:14:14.743 6849 6849 I : read descriptors
05-08 16:14:14.743 6849 6849 I : read strings
05-08 16:14:14.745 1 1 I init : processing action (sys.usb.config=adb && sys.usb.configfs=1 && sys.usb.ffs.ready=1) from (/system/etc/init/hw/init.usb.configfs.rc:20)
05-08 16:14:14.748 1 1 I init : Command 'symlink /config/usb_gadget/g1/functions/ffs.adb /config/usb_gadget/g1/configs/b.1/f1' action=sys.usb.config=adb && sys.usb.configfs=1 && sys.usb.ffs.ready=1 (/system/etc/init/hw/init.usb.configfs.rc:22) took 0ms and failed: symlink() failed: File exists
05-08 16:14:14.752 1 1 I init : Command 'write /config/usb_gadget/g1/UDC ${sys.usb.controller}' action=sys.usb.config=adb && sys.usb.configfs=1 && sys.usb.ffs.ready=1 (/system/etc/init/hw/init.usb.configfs.rc:23) took 3ms and failed: Unable to write to file '/config/usb_gadget/g1/UDC': Unable to write file contents: Device or resource busy
05-08 16:14:15.787 6849 6849 I : read descriptors
05-08 16:14:15.787 6849 6849 I : read strings
05-08 16:14:15.789 1 1 I init : processing action (sys.usb.config=adb && sys.usb.configfs=1 && sys.usb.ffs.ready=1) from (/system/etc/init/hw/init.usb.configfs.rc:20)
05-08 16:06:23.774 975 975 D TelephonyNetworkFactory[0]: onReleaseNetworkFor NetworkRequest [ REQUEST id=137, [ Capabilities: INTERNET&NOT_RESTRICTED&TRUSTED&NOT_VCN_MANAGED Uid: 1000 RequestorUid: 1000 RequestorPkg: com.android.settings] ] applied false
05-08 16:06:23.774 975 975 D TelephonyNetworkFactory[0]: onReleaseNetworkFor NetworkRequest [ REQUEST id=134, [ Capabilities: INTERNET&NOT_RESTRICTED&TRUSTED&NOT_VCN_MANAGED Uid: 1000 RequestorUid: 1000 RequestorPkg: com.android.settings] ] applied false
05-08 16:06:24.140 456 485 I RIL : ---> enter mainloop wait at port
05-08 16:06:24.140 456 485 D RIL-DEV : Get modem info
05-08 16:06:24.141 456 485 D RIL-DEV : [05-08_16:06:24:141] idVendor = 1d6b
05-08 16:06:24.141 456 485 D RIL-DEV :
05-08 16:06:24.141 456 485 D RIL-DEV : [05-08_16:06:24:141] idVendor = 1d6b
05-08 16:06:24.141 456 485 D RIL-DEV :
05-08 16:06:24.141 456 485 D RIL-DEV : [05-08_16:06:24:142] idVendor = 1d6b
05-08 16:06:24.141 456 485 D RIL-DEV :
05-08 16:06:24.142 456 485 D RIL-DEV : [05-08_16:06:24:142] idVendor = 0781
05-08 16:06:24.142 456 485 D RIL-DEV :
05-08 16:06:24.142 456 485 D RIL-DEV : [05-08_16:06:24:142] idVendor = 1d6b
05-08 16:06:24.142 456 485 D RIL-DEV :
05-08 16:06:24.142 456 485 E RIL-DEV : Cannot find Meig devices
05-08 16:06:24.142 456 485 I RIL : ---> can't find meig usb devices
05-08 16:06:24.502 975 975 D TelephonyNetworkFactory[0]: onReleaseNetworkFor NetworkRequest [ REQUEST id=131, [ Capabilities: INTERNET&NOT_RESTRICTED&TRUSTED&NOT_VCN_MANAGED Uid: 1000 RequestorUid: 1000 RequestorPkg: com.android.settings] ] applied false
05-08 16:14:16.857 6849 6849 I : read descriptors
05-08 16:14:16.857 6849 6849 I : read strings
05-08 16:14:17.930 6849 6849 I : read descriptors
05-08 16:14:17.930 6849 6849 I : read strings
05-08 16:14:17.933 1 1 I init : processing action (sys.usb.config=adb && sys.usb.configfs=1 && sys.usb.ffs.ready=1) from (/system/etc/init/hw/init.usb.configfs.rc:20)
05-08 16:14:17.935 1 1 I init : Command 'symlink /config/usb_gadget/g1/functions/ffs.adb /config/usb_gadget/g1/configs/b.1/f1' action=sys.usb.config=adb && sys.usb.configfs=1 && sys.usb.ffs.ready=1 (/system/etc/init/hw/init.usb.configfs.rc:22) took 0ms and failed: symlink() failed: File exists
05-08 16:14:17.937 1 1 I init : Command 'write /config/usb_gadget/g1/UDC ${sys.usb.controller}' action=sys.usb.config=adb && sys.usb.configfs=1 && sys.usb.ffs.ready=1 (/system/etc/init/hw/init.usb.configfs.rc:23) took 1ms and failed: Unable to write to file '/config/usb_gadget/g1/UDC': Unable to write file contents: Device or resource busy
05-08 16:06:26.142 456 485 I RIL : ---> enter mainloop wait at port
05-08 16:06:26.143 456 485 D RIL-DEV : Get modem info
05-08 16:06:26.143 456 485 D RIL-DEV : [05-08_16:06:26:144] idVendor = 1d6b
05-08 16:06:26.143 456 485 D RIL-DEV :
05-08 16:06:26.144 456 485 D RIL-DEV : [05-08_16:06:26:144] idVendor = 1d6b
05-08 16:06:26.144 456 485 D RIL-DEV :
05-08 16:06:26.144 456 485 D RIL-DEV : [05-08_16:06:26:145] idVendor = 1d6b
05-08 16:06:26.144 456 485 D RIL-DEV :
05-08 16:06:26.144 456 485 D RIL-DEV : [05-08_16:06:26:145] idVendor = 0781
05-08 16:06:26.144 456 485 D RIL-DEV :
05-08 16:06:26.145 456 485 D RIL-DEV : [05-08_16:06:26:145] idVendor = 1d6b
05-08 16:06:26.145 456 485 D RIL-DEV :
05-08 16:06:26.145 456 485 E RIL-DEV : Cannot find Meig devices
05-08 16:06:26.145 456 485 I RIL : ---> can't find meig usb devices
05-08 16:14:18.967 6849 6849 I : read descriptors
05-08 16:14:18.967 6849 6849 I : read strings
05-08 16:14:18.971 1 1 I init : processing action (sys.usb.config=adb && sys.usb.configfs=1 && sys.usb.ffs.ready=1) from (/system/etc/init/hw/init.usb.configfs.rc:20)
05-08 16:14:18.972 1 1 I init : Command 'symlink /config/usb_gadget/g1/functions/ffs.adb /config/usb_gadget/g1/configs/b.1/f1' action=sys.usb.config=adb && sys.usb.configfs=1 && sys.usb.ffs.ready=1 (/system/etc/init/hw/init.usb.configfs.rc:22) took 0ms and failed: symlink() failed: File exists
05-08 16:14:18.973 1 1 I init : Command 'write /config/usb_gadget/g1/UDC ${sys.usb.controller}' action=sys.usb.config=adb && sys.usb.configfs=1 && sys.usb.ffs.ready=1 (/system/etc/init/hw/init.usb.configfs.rc:23) took 0ms and failed: Unable to write to file '/config/usb_gadget/g1/UDC': Unable to write file contents: Device or resource busy
05-08 16:14:20.013 6849 6849 I : read descriptors
05-08 16:14:20.013 6849 6849 I : read strings
05-08 16:14:20.017 1 1 I init : processing action (sys.usb.config=adb && sys.usb.configfs=1 && sys.usb.ffs.ready=1) from (/system/etc/init/hw/init.usb.configfs.rc:20)
05-08 16:14:20.019 1 1 I init : Command 'symlink /config/usb_gadget/g1/functions/ffs.adb /config/usb_gadget/g1/configs/b.1/f1' action=sys.usb.config=adb && sys.usb.configfs=1 && sys.usb.ffs.ready=1 (/system/etc/init/hw/init.usb.configfs.rc:22) took 0ms and failed: symlink() failed: File exists
05-08 16:14:20.019 1 1 I init : Command 'write /config/usb_gadget/g1/UDC ${sys.usb.controller}' action=sys.usb.config=adb && sys.usb.configfs=1 && sys.usb.ffs.ready=1 (/system/etc/init/hw/init.usb.configfs.rc:23) took 0ms and failed: Unable to write to file '/config/usb_gadget/g1/UDC': Unable to write file contents: Device or resource busy
05-08 16:06:28.145 456 485 I RIL : ---> enter mainloop wait at port
05-08 16:06:28.146 456 485 D RIL-DEV : Get modem info
05-08 16:06:28.146 456 485 D RIL-DEV : [05-08_16:06:28:147] idVendor = 1d6b
05-08 16:06:28.146 456 485 D RIL-DEV :
05-08 16:06:28.146 456 485 D RIL-DEV : [05-08_16:06:28:147] idVendor = 1d6b
05-08 16:06:28.146 456 485 D RIL-DEV :
05-08 16:06:28.147 456 485 D RIL-DEV : [05-08_16:06:28:147] idVendor = 1d6b
05-08 16:06:28.147 456 485 D RIL-DEV :
05-08 16:06:28.147 456 485 D RIL-DEV : [05-08_16:06:28:147] idVendor = 0781
05-08 16:06:28.147 456 485 D RIL-DEV :
05-08 16:06:28.147 456 485 D RIL-DEV : [05-08_16:06:28:148] idVendor = 1d6b
05-08 16:06:28.147 456 485 D RIL-DEV :
05-08 16:06:28.148 456 485 E RIL-DEV : Cannot find Meig devices
05-08 16:06:28.148 456 485 I RIL : ---> can't find meig usb devices
05-08 16:14:21.070 6849 6849 I : read descriptors
05-08 16:14:21.070 6849 6849 I : read strings
05-08 16:14:21.077 1 1 I init : processing action (sys.usb.config=adb && sys.usb.configfs=1 && sys.usb.ffs.ready=1) from (/system/etc/init/hw/init.usb.configfs.rc:20)
05-08 16:14:22.110 6849 6849 I : read descriptors
05-08 16:14:22.110 6849 6849 I : read strings
05-08 16:06:30.148 456 485 I RIL : ---> enter mainloop wait at port
05-08 16:06:30.148 456 485 D RIL-DEV : Get modem info
05-08 16:06:30.149 456 485 D RIL-DEV : [05-08_16:06:30:149] idVendor = 1d6b
05-08 16:06:30.149 456 485 D RIL-DEV :
05-08 16:06:30.149 456 485 D RIL-DEV : [05-08_16:06:30:150] idVendor = 1d6b
05-08 16:06:30.149 456 485 D RIL-DEV :
05-08 16:06:30.150 456 485 D RIL-DEV : [05-08_16:06:30:150] idVendor = 1d6b
05-08 16:06:30.150 456 485 D RIL-DEV :
05-08 16:06:30.150 456 485 D RIL-DEV : [05-08_16:06:30:150] idVendor = 0781
05-08 16:06:30.150 456 485 D RIL-DEV :
05-08 16:06:30.150 456 485 D RIL-DEV : [05-08_16:06:30:150] idVendor = 1d6b
05-08 16:06:30.150 456 485 D RIL-DEV :
05-08 16:06:30.150 456 485 E RIL-DEV : Cannot find Meig devices
05-08 16:06:30.151 456 485 I RIL : ---> can't find meig usb devices
05-08 16:14:23.167 6849 6849 I : read descriptors
05-08 16:14:23.167 6849 6849 I : read strings
05-08 16:14:23.168 1 1 I init : processing action (sys.usb.config=adb && sys.usb.configfs=1 && sys.usb.ffs.ready=1) from (/system/etc/init/hw/init.usb.configfs.rc:20)
05-08 16:14:23.171 1 1 I init : Command 'symlink /config/usb_gadget/g1/functions/ffs.adb /config/usb_gadget/g1/configs/b.1/f1' action=sys.usb.config=adb && sys.usb.configfs=1 && sys.usb.ffs.ready=1 (/system/etc/init/hw/init.usb.configfs.rc:22) took 0ms and failed: symlink() failed: File exists
05-08 16:14:23.172 1 1 I init : Command 'write /config/usb_gadget/g1/UDC ${sys.usb.controller}' action=sys.usb.config=adb && sys.usb.configfs=1 && sys.usb.ffs.ready=1 (/system/etc/init/hw/init.usb.configfs.rc:23) took 0ms and failed: Unable to write to file '/config/usb_gadget/g1/UDC': Unable to write file contents: Device or resource busy
05-08 16:14:24.237 6849 6849 I : read descriptors
05-08 16:14:24.237 6849 6849 I : read strings
05-08 16:14:24.239 1 1 I init : processing action (sys.usb.config=adb && sys.usb.configfs=1 && sys.usb.ffs.ready=1) from (/system/etc/init/hw/init.usb.configfs.rc:20)
05-08 16:14:24.242 1 1 I init : Command 'symlink /config/usb_gadget/g1/functions/ffs.adb /config/usb_gadget/g1/configs/b.1/f1' action=sys.usb.config=adb && sys.usb.configfs=1 && sys.usb.ffs.ready=1 (/system/etc/init/hw/init.usb.configfs.rc:22) took 0ms and failed: symlink() failed: File exists
05-08 16:14:24.243 1 1 I init : Command 'write /config/usb_gadget/g1/UDC ${sys.usb.controller}' action=sys.usb.config=adb && sys.usb.configfs=1 && sys.usb.ffs.ready=1 (/system/etc/init/hw/init.usb.configfs.rc:23) took 0ms and failed: Unable to write to file '/config/usb_gadget/g1/UDC': Unable to write file contents: Device or resource busy
05-08 16:06:32.151 456 485 I RIL : ---> enter mainloop wait at port
05-08 16:06:32.151 456 485 D RIL-DEV : Get modem info
05-08 16:06:32.152 456 485 D RIL-DEV : [05-08_16:06:32:152] idVendor = 1d6b
05-08 16:06:32.152 456 485 D RIL-DEV :
05-08 16:06:32.152 456 485 D RIL-DEV : [05-08_16:06:32:153] idVendor = 1d6b
05-08 16:06:32.152 456 485 D RIL-DEV :
05-08 16:06:32.153 456 485 D RIL-DEV : [05-08_16:06:32:153] idVendor = 1d6b
05-08 16:06:32.153 456 485 D RIL-DEV :
05-08 16:06:32.153 456 485 D RIL-DEV : [05-08_16:06:32:153] idVendor = 0781
05-08 16:06:32.153 456 485 D RIL-DEV :
05-08 16:06:32.153 456 485 D RIL-DEV : [05-08_16:06:32:154] idVendor = 1d6b
05-08 16:06:32.153 456 485 D RIL-DEV :
05-08 16:06:32.153 456 485 E RIL-DEV : Cannot find Meig devices
05-08 16:06:32.154 456 485 I RIL : ---> can't find meig usb devices
05-08 16:14:25.303 6849 6849 I : read descriptors
05-08 16:14:25.303 6849 6849 I : read strings
05-08 16:14:25.304 1 1 I init : processing action (sys.usb.config=adb && sys.usb.configfs=1 && sys.usb.ffs.ready=1) from (/system/etc/init/hw/init.usb.configfs.rc:20)
05-08 16:14:25.305 1 1 I init : Command 'symlink /config/usb_gadget/g1/functions/ffs.adb /config/usb_gadget/g1/configs/b.1/f1' action=sys.usb.config=adb && sys.usb.configfs=1 && sys.usb.ffs.ready=1 (/system/etc/init/hw/init.usb.configfs.rc:22) took 0ms and failed: symlink() failed: File exists
05-08 16:14:25.305 1 1 I init : Command 'write /config/usb_gadget/g1/UDC ${sys.usb.controller}' action=sys.usb.config=adb && sys.usb.configfs=1 && sys.usb.ffs.ready=1 (/system/etc/init/hw/init.usb.configfs.rc:23) took 0ms and failed: Unable to write to file '/config/usb_gadget/g1/UDC': Unable to write file contents: Device or resource busy
05-08 16:14:26.354 6849 6849 I : read descriptors
05-08 16:14:26.354 6849 6849 I : read strings
05-08 16:14:26.356 1 1 I init : processing action (sys.usb.config=adb && sys.usb.configfs=1 && sys.usb.ffs.ready=1) from (/system/etc/init/hw/init.usb.configfs.rc:20)
05-08 16:06:34.154 456 485 I RIL : ---> enter mainloop wait at port
05-08 16:06:34.154 456 485 D RIL-DEV : Get modem info
05-08 16:06:34.154 456 485 D RIL-DEV : [05-08_16:06:34:155] idVendor = 1d6b
05-08 16:06:34.154 456 485 D RIL-DEV :
05-08 16:06:34.155 456 485 D RIL-DEV : [05-08_16:06:34:155] idVendor = 1d6b
05-08 16:06:34.155 456 485 D RIL-DEV :
05-08 16:06:34.155 456 485 D RIL-DEV : [05-08_16:06:34:156] idVendor = 1d6b
05-08 16:06:34.155 456 485 D RIL-DEV :
05-08 16:06:34.155 456 485 D RIL-DEV : [05-08_16:06:34:156] idVendor = 0781
05-08 16:06:34.155 456 485 D RIL-DEV :
05-08 16:06:34.156 456 485 D RIL-DEV : [05-08_16:06:34:156] idVendor = 1d6b
05-08 16:06:34.156 456 485 D RIL-DEV :
05-08 16:06:34.156 456 485 E RIL-DEV : Cannot find Meig devices
05-08 16:06:34.156 456 485 I RIL : ---> can't find meig usb devices
05-08 16:14:27.413 6849 6849 I : read descriptors
05-08 16:14:27.413 6849 6849 I : read strings
05-08 16:06:36.156 456 485 I RIL : ---> enter mainloop wait at port
05-08 16:06:36.157 456 485 D RIL-DEV : Get modem info
05-08 16:06:36.157 456 485 D RIL-DEV : [05-08_16:06:36:158] idVendor = 1d6b
05-08 16:06:36.157 456 485 D RIL-DEV :
05-08 16:06:36.157 456 485 D RIL-DEV : [05-08_16:06:36:158] idVendor = 1d6b
05-08 16:06:36.157 456 485 D RIL-DEV :
05-08 16:06:36.158 456 485 D RIL-DEV : [05-08_16:06:36:158] idVendor = 1d6b
05-08 16:06:36.158 456 485 D RIL-DEV :
05-08 16:06:36.158 456 485 D RIL-DEV : [05-08_16:06:36:159] idVendor = 0781
05-08 16:06:36.158 456 485 D RIL-DEV :
05-08 16:06:36.158 456 485 D RIL-DEV : [05-08_16:06:36:159] idVendor = 1d6b
05-08 16:06:36.158 456 485 D RIL-DEV :
05-08 16:06:36.159 456 485 E RIL-DEV : Cannot find Meig devices
05-08 16:06:36.159 456 485 I RIL : ---> can't find meig usb devices
05-08 16:14:28.463 6849 6849 I : read descriptors
05-08 16:14:28.463 6849 6849 I : read strings
05-08 16:14:28.465 1 1 I init : processing action (sys.usb.config=adb && sys.usb.configfs=1 && sys.usb.ffs.ready=1) from (/system/etc/init/hw/init.usb.configfs.rc:20)
05-08 16:14:28.468 1 1 I init : Command 'symlink /config/usb_gadget/g1/functions/ffs.adb /config/usb_gadget/g1/configs/b.1/f1' action=sys.usb.config=adb && sys.usb.configfs=1 && sys.usb.ffs.ready=1 (/system/etc/init/hw/init.usb.configfs.rc:22) took 0ms and failed: symlink() failed: File exists
05-08 16:14:28.469 1 1 I init : Command 'write /config/usb_gadget/g1/UDC ${sys.usb.controller}' action=sys.usb.config=adb && sys.usb.configfs=1 && sys.usb.ffs.ready=1 (/system/etc/init/hw/init.usb.configfs.rc:23) took 0ms and failed: Unable to write to file '/config/usb_gadget/g1/UDC': Unable to write file contents: Device or resource busy
05-08 16:14:29.523 6849 6849 I : read descriptors
05-08 16:14:29.523 6849 6849 I : read strings
05-08 16:14:29.525 1 1 I init : processing action (sys.usb.config=adb && sys.usb.configfs=1 && sys.usb.ffs.ready=1) from (/system/etc/init/hw/init.usb.configfs.rc:20)
05-08 16:14:29.528 1 1 I init : Command 'symlink /config/usb_gadget/g1/functions/ffs.adb /config/usb_gadget/g1/configs/b.1/f1' action=sys.usb.config=adb && sys.usb.configfs=1 && sys.usb.ffs.ready=1 (/system/etc/init/hw/init.usb.configfs.rc:22) took 0ms and failed: symlink() failed: File exists
05-08 16:14:29.528 1 1 I init : Command 'write /config/usb_gadget/g1/UDC ${sys.usb.controller}' action=sys.usb.config=adb && sys.usb.configfs=1 && sys.usb.ffs.ready=1 (/system/etc/init/hw/init.usb.configfs.rc:23) took 0ms and failed: Unable to write to file '/config/usb_gadget/g1/UDC': Unable to write file contents: Device or resource busy
05-08 16:06:38.159 456 485 I RIL : ---> enter mainloop wait at port
05-08 16:06:38.159 456 485 D RIL-DEV : Get modem info
05-08 16:06:38.159 456 485 D RIL-DEV : [05-08_16:06:38:160] idVendor = 1d6b
05-08 16:06:38.159 456 485 D RIL-DEV :
05-08 16:06:38.160 456 485 D RIL-DEV : [05-08_16:06:38:160] idVendor = 1d6b
05-08 16:06:38.160 456 485 D RIL-DEV :
05-08 16:06:38.160 456 485 D RIL-DEV : [05-08_16:06:38:160] idVendor = 1d6b
05-08 16:06:38.160 456 485 D RIL-DEV :
05-08 16:06:38.160 456 485 D RIL-DEV : [05-08_16:06:38:160] idVendor = 0781
05-08 16:06:38.160 456 485 D RIL-DEV :
05-08 16:06:38.160 456 485 D RIL-DEV : [05-08_16:06:38:160] idVendor = 1d6b
05-08 16:06:38.160 456 485 D RIL-DEV :
05-08 16:06:38.160 456 485 E RIL-DEV : Cannot find Meig devices
05-08 16:06:38.160 456 485 I RIL : ---> can't find meig usb devices
05-08 16:14:30.573 6849 6849 I : read descriptors
05-08 16:14:30.574 6849 6849 I : read strings
05-08 16:14:30.578 1 1 I init : processing action (sys.usb.config=adb && sys.usb.configfs=1 && sys.usb.ffs.ready=1) from (/system/etc/init/hw/init.usb.configfs.rc:20)
05-08 16:14:30.580 1 1 I init : Command 'symlink /config/usb_gadget/g1/functions/ffs.adb /config/usb_gadget/g1/configs/b.1/f1' action=sys.usb.config=adb && sys.usb.configfs=1 && sys.usb.ffs.ready=1 (/system/etc/init/hw/init.usb.configfs.rc:22) took 0ms and failed: symlink() failed: File exists
05-08 16:14:30.581 1 1 I init : Command 'write /config/usb_gadget/g1/UDC ${sys.usb.controller}' action=sys.usb.config=adb && sys.usb.configfs=1 && sys.usb.ffs.ready=1 (/system/etc/init/hw/init.usb.configfs.rc:23) took 0ms and failed: Unable to write to file '/config/usb_gadget/g1/UDC': Unable to write file contents: Device or resource busy
05-08 16:14:31.640 6849 6849 I : read descriptors
05-08 16:14:31.640 6849 6849 I : read strings
05-08 16:14:31.642 1 1 I init : processing action (sys.usb.config=adb && sys.usb.configfs=1 && sys.usb.ffs.ready=1) from (/system/etc/init/hw/init.usb.configfs.rc:20)
05-08 16:06:40.160 456 485 I RIL : ---> enter mainloop wait at port
05-08 16:06:40.160 456 485 D RIL-DEV : Get modem info
05-08 16:06:40.161 456 485 D RIL-DEV : [05-08_16:06:40:161] idVendor = 1d6b
05-08 16:06:40.161 456 485 D RIL-DEV :
05-08 16:06:40.161 456 485 D RIL-DEV : [05-08_16:06:40:161] idVendor = 1d6b
05-08 16:06:40.161 456 485 D RIL-DEV :
05-08 16:06:40.161 456 485 D RIL-DEV : [05-08_16:06:40:162] idVendor = 1d6b
05-08 16:06:40.161 456 485 D RIL-DEV :
05-08 16:06:40.161 456 485 D RIL-DEV : [05-08_16:06:40:162] idVendor = 0781
05-08 16:06:40.161 456 485 D RIL-DEV :
05-08 16:06:40.162 456 485 D RIL-DEV : [05-08_16:06:40:162] idVendor = 1d6b
05-08 16:06:40.162 456 485 D RIL-DEV :
05-08 16:06:40.162 456 485 E RIL-DEV : Cannot find Meig devices
05-08 16:06:40.162 456 485 I RIL : ---> can't find meig usb devices
05-08 16:14:32.690 6849 6849 I : read descriptors
05-08 16:14:32.690 6849 6849 I : read strings
05-08 16:14:33.743 6849 6849 I : read descriptors
05-08 16:14:33.743 6849 6849 I : read strings
05-08 16:14:33.745 1 1 I init : processing action (sys.usb.config=adb && sys.usb.configfs=1 && sys.usb.ffs.ready=1) from (/system/etc/init/hw/init.usb.configfs.rc:20)
05-08 16:14:33.746 1 1 I init : Command 'symlink /config/usb_gadget/g1/functions/ffs.adb /config/usb_gadget/g1/configs/b.1/f1' action=sys.usb.config=adb && sys.usb.configfs=1 && sys.usb.ffs.ready=1 (/system/etc/init/hw/init.usb.configfs.rc:22) took 0ms and failed: symlink() failed: File exists
05-08 16:14:33.747 1 1 I init : Command 'write /config/usb_gadget/g1/UDC ${sys.usb.controller}' action=sys.usb.config=adb && sys.usb.configfs=1 && sys.usb.ffs.ready=1 (/system/etc/init/hw/init.usb.configfs.rc:23) took 0ms and failed: Unable to write to file '/config/usb_gadget/g1/UDC': Unable to write file contents: Device or resource busy
05-08 16:06:42.162 456 485 I RIL : ---> enter mainloop wait at port
05-08 16:06:42.163 456 485 D RIL-DEV : Get modem info
05-08 16:06:42.163 456 485 D RIL-DEV : [05-08_16:06:42:164] idVendor = 1d6b
05-08 16:06:42.163 456 485 D RIL-DEV :
05-08 16:06:42.164 456 485 D RIL-DEV : [05-08_16:06:42:164] idVendor = 1d6b
05-08 16:06:42.164 456 485 D RIL-DEV :
05-08 16:06:42.168 456 485 D RIL-DEV : [05-08_16:06:42:169] idVendor = 1d6b
05-08 16:06:42.168 456 485 D RIL-DEV :
05-08 16:06:42.169 456 485 D RIL-DEV : [05-08_16:06:42:169] idVendor = 0781
05-08 16:06:42.169 456 485 D RIL-DEV :
05-08 16:06:42.169 456 485 D RIL-DEV : [05-08_16:06:42:169] idVendor = 1d6b
05-08 16:06:42.169 456 485 D RIL-DEV :
05-08 16:06:42.169 456 485 E RIL-DEV : Cannot find Meig devices
05-08 16:06:42.169 456 485 I RIL : ---> can't find meig usb devices
05-08 16:14:34.804 6849 6849 I : read descriptors
05-08 16:14:34.804 6849 6849 I : read strings
05-08 16:14:34.806 1 1 I init : processing action (sys.usb.config=adb && sys.usb.configfs=1 && sys.usb.ffs.ready=1) from (/system/etc/init/hw/init.usb.configfs.rc:20)
05-08 16:14:34.808 1 1 I init : Command 'symlink /config/usb_gadget/g1/functions/ffs.adb /config/usb_gadget/g1/configs/b.1/f1' action=sys.usb.config=adb && sys.usb.configfs=1 && sys.usb.ffs.ready=1 (/system/etc/init/hw/init.usb.configfs.rc:22) took 0ms and failed: symlink() failed: File exists
05-08 16:14:34.809 1 1 I init : Command 'write /config/usb_gadget/g1/UDC ${sys.usb.controller}' action=sys.usb.config=adb && sys.usb.configfs=1 && sys.usb.ffs.ready=1 (/system/etc/init/hw/init.usb.configfs.rc:23) took 0ms and failed: Unable to write to file '/config/usb_gadget/g1/UDC': Unable to write file contents: Device or resource busy
05-08 16:14:35.622 431 431 W healthd : battery l=44 v=7450 t=33.0 h=1 st=3 c=-512000 fc=9700000 cc=5 chg=
05-08 16:14:35.853 6849 6849 I : read descriptors
05-08 16:14:35.853 6849 6849 I : read strings
05-08 16:14:35.855 1 1 I init : processing action (sys.usb.config=adb && sys.usb.configfs=1 && sys.usb.ffs.ready=1) from (/system/etc/init/hw/init.usb.configfs.rc:20)
05-08 16:14:35.857 1 1 I init : Command 'symlink /config/usb_gadget/g1/functions/ffs.adb /config/usb_gadget/g1/configs/b.1/f1' action=sys.usb.config=adb && sys.usb.configfs=1 && sys.usb.ffs.ready=1 (/system/etc/init/hw/init.usb.configfs.rc:22) took 0ms and failed: symlink() failed: File exists
05-08 16:14:35.858 1 1 I init : Command 'write /config/usb_gadget/g1/UDC ${sys.usb.controller}' action=sys.usb.config=adb && sys.usb.configfs=1 && sys.usb.ffs.ready=1 (/system/etc/init/hw/init.usb.configfs.rc:23) took 0ms and failed: Unable to write to file '/config/usb_gadget/g1/UDC': Unable to write file contents: Device or resource busy
05-08 16:06:44.170 456 485 I RIL : ---> enter mainloop wait at port
05-08 16:06:44.170 456 485 D RIL-DEV : Get modem info
05-08 16:06:44.171 456 485 D RIL-DEV : [05-08_16:06:44:171] idVendor = 1d6b
05-08 16:06:44.171 456 485 D RIL-DEV :
05-08 16:06:44.171 456 485 D RIL-DEV : [05-08_16:06:44:172] idVendor = 1d6b
05-08 16:06:44.171 456 485 D RIL-DEV :
05-08 16:06:44.172 456 485 D RIL-DEV : [05-08_16:06:44:172] idVendor = 1d6b
05-08 16:06:44.172 456 485 D RIL-DEV :
05-08 16:06:44.172 456 485 D RIL-DEV : [05-08_16:06:44:172] idVendor = 0781
05-08 16:06:44.172 456 485 D RIL-DEV :
05-08 16:06:44.172 456 485 D RIL-DEV : [05-08_16:06:44:173] idVendor = 1d6b
05-08 16:06:44.172 456 485 D RIL-DEV :
05-08 16:06:44.172 456 485 E RIL-DEV : Cannot find Meig devices
05-08 16:06:44.173 456 485 I RIL : ---> can't find meig usb devices
05-08 16:14:36.900 6849 6849 I : read descriptors
05-08 16:14:36.900 6849 6849 I : read strings
05-08 16:14:36.901 1 1 I init : processing action (sys.usb.config=adb && sys.usb.configfs=1 && sys.usb.ffs.ready=1) from (/system/etc/init/hw/init.usb.configfs.rc:20)
05-08 16:14:37.956 6849 6849 I : read descriptors
05-08 16:14:37.956 6849 6849 I : read strings
05-08 16:06:46.173 456 485 I RIL : ---> enter mainloop wait at port
05-08 16:06:46.173 456 485 D RIL-DEV : Get modem info
05-08 16:06:46.173 456 485 D RIL-DEV : [05-08_16:06:46:174] idVendor = 1d6b
05-08 16:06:46.173 456 485 D RIL-DEV :
05-08 16:06:46.173 456 485 D RIL-DEV : [05-08_16:06:46:174] idVendor = 1d6b
05-08 16:06:46.173 456 485 D RIL-DEV :
05-08 16:06:46.174 456 485 D RIL-DEV : [05-08_16:06:46:174] idVendor = 1d6b
05-08 16:06:46.174 456 485 D RIL-DEV :
05-08 16:06:46.174 456 485 D RIL-DEV : [05-08_16:06:46:174] idVendor = 0781
05-08 16:06:46.174 456 485 D RIL-DEV :
05-08 16:06:46.174 456 485 D RIL-DEV : [05-08_16:06:46:174] idVendor = 1d6b
05-08 16:06:46.174 456 485 D RIL-DEV :
05-08 16:06:46.174 456 485 E RIL-DEV : Cannot find Meig devices
05-08 16:06:46.174 456 485 I RIL : ---> can't find meig usb devices
05-08 16:14:39.000 6849 6849 I : read descriptors
05-08 16:14:39.000 6849 6849 I : read strings
05-08 16:14:39.002 1 1 I init : processing action (sys.usb.config=adb && sys.usb.configfs=1 && sys.usb.ffs.ready=1) from (/system/etc/init/hw/init.usb.configfs.rc:20)
05-08 16:14:39.005 1 1 I init : Command 'symlink /config/usb_gadget/g1/functions/ffs.adb /config/usb_gadget/g1/configs/b.1/f1' action=sys.usb.config=adb && sys.usb.configfs=1 && sys.usb.ffs.ready=1 (/system/etc/init/hw/init.usb.configfs.rc:22) took 0ms and failed: symlink() failed: File exists
05-08 16:14:39.006 1 1 I init : Command 'write /config/usb_gadget/g1/UDC ${sys.usb.controller}' action=sys.usb.config=adb && sys.usb.configfs=1 && sys.usb.ffs.ready=1 (/system/etc/init/hw/init.usb.configfs.rc:23) took 0ms and failed: Unable to write to file '/config/usb_gadget/g1/UDC': Unable to write file contents: Device or resource busy
05-08 16:14:40.064 6849 6849 I : read descriptors
05-08 16:14:40.064 6849 6849 I : read strings
05-08 16:14:40.066 1 1 I init : processing action (sys.usb.config=adb && sys.usb.configfs=1 && sys.usb.ffs.ready=1) from (/system/etc/init/hw/init.usb.configfs.rc:20)
05-08 16:14:40.071 1 1 I init : Command 'symlink /config/usb_gadget/g1/functions/ffs.adb /config/usb_gadget/g1/configs/b.1/f1' action=sys.usb.config=adb && sys.usb.configfs=1 && sys.usb.ffs.ready=1 (/system/etc/init/hw/init.usb.configfs.rc:22) took 2ms and failed: symlink() failed: File exists
05-08 16:14:40.072 1 1 I init : Command 'write /config/usb_gadget/g1/UDC ${sys.usb.controller}' action=sys.usb.config=adb && sys.usb.configfs=1 && sys.usb.ffs.ready=1 (/system/etc/init/hw/init.usb.configfs.rc:23) took 0ms and failed: Unable to write to file '/config/usb_gadget/g1/UDC': Unable to write file contents: Device or resource busy
05-08 16:06:48.174 456 485 I RIL : ---> enter mainloop wait at port
05-08 16:06:48.175 456 485 D RIL-DEV : Get modem info
05-08 16:06:48.175 456 485 D RIL-DEV : [05-08_16:06:48:176] idVendor = 1d6b
05-08 16:06:48.175 456 485 D RIL-DEV :
05-08 16:06:48.176 456 485 D RIL-DEV : [05-08_16:06:48:176] idVendor = 1d6b
05-08 16:06:48.176 456 485 D RIL-DEV :
05-08 16:06:48.176 456 485 D RIL-DEV : [05-08_16:06:48:177] idVendor = 1d6b
05-08 16:06:48.176 456 485 D RIL-DEV :
05-08 16:06:48.176 456 485 D RIL-DEV : [05-08_16:06:48:177] idVendor = 0781
05-08 16:06:48.176 456 485 D RIL-DEV :
05-08 16:06:48.177 456 485 D RIL-DEV : [05-08_16:06:48:177] idVendor = 1d6b
05-08 16:06:48.177 456 485 D RIL-DEV :
05-08 16:06:48.177 456 485 E RIL-DEV : Cannot find Meig devices
05-08 16:06:48.177 456 485 I RIL : ---> can't find meig usb devices
05-08 16:14:41.123 6849 6849 I : read descriptors
05-08 16:14:41.123 6849 6849 I : read strings
05-08 16:14:41.124 1 1 I init : processing action (sys.usb.config=adb && sys.usb.configfs=1 && sys.usb.ffs.ready=1) from (/system/etc/init/hw/init.usb.configfs.rc:20)
05-08 16:14:41.126 1 1 I init : Command 'symlink /config/usb_gadget/g1/functions/ffs.adb /config/usb_gadget/g1/configs/b.1/f1' action=sys.usb.config=adb && sys.usb.configfs=1 && sys.usb.ffs.ready=1 (/system/etc/init/hw/init.usb.configfs.rc:22) took 0ms and failed: symlink() failed: File exists
05-08 16:14:41.127 1 1 I init : Command 'write /config/usb_gadget/g1/UDC ${sys.usb.controller}' action=sys.usb.config=adb && sys.usb.configfs=1 && sys.usb.ffs.ready=1 (/system/etc/init/hw/init.usb.configfs.rc:23) took 0ms and failed: Unable to write to file '/config/usb_gadget/g1/UDC': Unable to write file contents: Device or resource busy
05-08 16:14:42.170 6849 6849 I : read descriptors
05-08 16:14:42.171 6849 6849 I : read strings
05-08 16:14:42.173 1 1 I init : processing action (sys.usb.config=adb && sys.usb.configfs=1 && sys.usb.ffs.ready=1) from (/system/etc/init/hw/init.usb.configfs.rc:20)
05-08 16:06:50.177 456 485 I RIL : ---> enter mainloop wait at port
05-08 16:06:50.178 456 485 D RIL-DEV : Get modem info
05-08 16:06:50.178 456 485 D RIL-DEV : [05-08_16:06:50:179] idVendor = 1d6b
05-08 16:06:50.178 456 485 D RIL-DEV :
05-08 16:06:50.178 456 485 D RIL-DEV : [05-08_16:06:50:179] idVendor = 1d6b
05-08 16:06:50.178 456 485 D RIL-DEV :
05-08 16:06:50.179 456 485 D RIL-DEV : [05-08_16:06:50:179] idVendor = 1d6b
05-08 16:06:50.179 456 485 D RIL-DEV :
05-08 16:06:50.179 456 485 D RIL-DEV : [05-08_16:06:50:180] idVendor = 0781
05-08 16:06:50.179 456 485 D RIL-DEV :
05-08 16:06:50.179 456 485 D RIL-DEV : [05-08_16:06:50:180] idVendor = 1d6b
05-08 16:06:50.179 456 485 D RIL-DEV :
05-08 16:06:50.180 456 485 E RIL-DEV : Cannot find Meig devices
05-08 16:06:50.180 456 485 I RIL : ---> can't find meig usb devices
05-08 16:14:43.220 6849 6849 I : read descriptors
05-08 16:14:43.220 6849 6849 I : read strings
05-08 16:14:44.277 6849 6849 I : read descriptors
05-08 16:14:44.277 6849 6849 I : read strings
05-08 16:14:44.278 1 1 I init : processing action (sys.usb.config=adb && sys.usb.configfs=1 && sys.usb.ffs.ready=1) from (/system/etc/init/hw/init.usb.configfs.rc:20)
05-08 16:14:44.284 1 1 I init : Command 'symlink /config/usb_gadget/g1/functions/ffs.adb /config/usb_gadget/g1/configs/b.1/f1' action=sys.usb.config=adb && sys.usb.configfs=1 && sys.usb.ffs.ready=1 (/system/etc/init/hw/init.usb.configfs.rc:22) took 0ms and failed: symlink() failed: File exists
05-08 16:14:44.284 1 1 I init : Command 'write /config/usb_gadget/g1/UDC ${sys.usb.controller}' action=sys.usb.config=adb && sys.usb.configfs=1 && sys.usb.ffs.ready=1 (/system/etc/init/hw/init.usb.configfs.rc:23) took 0ms and failed: Unable to write to file '/config/usb_gadget/g1/UDC': Unable to write file contents: Device or resource busy
05-08 16:06:52.180 456 485 I RIL : ---> enter mainloop wait at port
05-08 16:06:52.180 456 485 D RIL-DEV : Get modem info
05-08 16:06:52.181 456 485 D RIL-DEV : [05-08_16:06:52:181] idVendor = 1d6b
05-08 16:06:52.181 456 485 D RIL-DEV :
05-08 16:06:52.181 456 485 D RIL-DEV : [05-08_16:06:52:181] idVendor = 1d6b
05-08 16:06:52.181 456 485 D RIL-DEV :
05-08 16:06:52.181 456 485 D RIL-DEV : [05-08_16:06:52:182] idVendor = 1d6b
05-08 16:06:52.181 456 485 D RIL-DEV :
05-08 16:06:52.182 456 485 D RIL-DEV : [05-08_16:06:52:182] idVendor = 0781
05-08 16:06:52.182 456 485 D RIL-DEV :
05-08 16:06:52.182 456 485 D RIL-DEV : [05-08_16:06:52:183] idVendor = 1d6b
05-08 16:06:52.182 456 485 D RIL-DEV :
05-08 16:06:52.183 456 485 E RIL-DEV : Cannot find Meig devices
05-08 16:06:52.183 456 485 I RIL : ---> can't find meig usb devices
05-08 16:14:45.323 6849 6849 I : read descriptors
05-08 16:14:45.324 6849 6849 I : read strings
05-08 16:14:45.327 1 1 I init : processing action (sys.usb.config=adb && sys.usb.configfs=1 && sys.usb.ffs.ready=1) from (/system/etc/init/hw/init.usb.configfs.rc:20)
05-08 16:14:45.328 1 1 I init : Command 'symlink /config/usb_gadget/g1/functions/ffs.adb /config/usb_gadget/g1/configs/b.1/f1' action=sys.usb.config=adb && sys.usb.configfs=1 && sys.usb.ffs.ready=1 (/system/etc/init/hw/init.usb.configfs.rc:22) took 0ms and failed: symlink() failed: File exists
05-08 16:14:45.329 1 1 I init : Command 'write /config/usb_gadget/g1/UDC ${sys.usb.controller}' action=sys.usb.config=adb && sys.usb.configfs=1 && sys.usb.ffs.ready=1 (/system/etc/init/hw/init.usb.configfs.rc:23) took 0ms and failed: Unable to write to file '/config/usb_gadget/g1/UDC': Unable to write file contents: Device or resource busy
05-08 16:14:46.366 6849 6849 I : read descriptors
05-08 16:14:46.366 6849 6849 I : read strings
05-08 16:14:46.368 1 1 I init : processing action (sys.usb.config=adb && sys.usb.configfs=1 && sys.usb.ffs.ready=1) from (/system/etc/init/hw/init.usb.configfs.rc:20)
05-08 16:14:46.371 1 1 I init : Command 'symlink /config/usb_gadget/g1/functions/ffs.adb /config/usb_gadget/g1/configs/b.1/f1' action=sys.usb.config=adb && sys.usb.configfs=1 && sys.usb.ffs.ready=1 (/system/etc/init/hw/init.usb.configfs.rc:22) took 0ms and failed: symlink() failed: File exists
05-08 16:14:46.371 1 1 I init : Command 'write /config/usb_gadget/g1/UDC ${sys.usb.controller}' action=sys.usb.config=adb && sys.usb.configfs=1 && sys.usb.ffs.ready=1 (/system/etc/init/hw/init.usb.configfs.rc:23) took 0ms and failed: Unable to write to file '/config/usb_gadget/g1/UDC': Unable to write file contents: Device or resource busy
05-08 16:06:54.183 456 485 I RIL : ---> enter mainloop wait at port
05-08 16:06:54.183 456 485 D RIL-DEV : Get modem info
05-08 16:06:54.183 456 485 D RIL-DEV : [05-08_16:06:54:184] idVendor = 1d6b
05-08 16:06:54.183 456 485 D RIL-DEV :
05-08 16:06:54.183 456 485 D RIL-DEV : [05-08_16:06:54:184] idVendor = 1d6b
05-08 16:06:54.183 456 485 D RIL-DEV :
05-08 16:06:54.184 456 485 D RIL-DEV : [05-08_16:06:54:184] idVendor = 1d6b
05-08 16:06:54.184 456 485 D RIL-DEV :
05-08 16:06:54.184 456 485 D RIL-DEV : [05-08_16:06:54:184] idVendor = 0781
05-08 16:06:54.184 456 485 D RIL-DEV :
05-08 16:06:54.184 456 485 D RIL-DEV : [05-08_16:06:54:184] idVendor = 1d6b
05-08 16:06:54.184 456 485 D RIL-DEV :
05-08 16:06:54.184 456 485 E RIL-DEV : Cannot find Meig devices
05-08 16:06:54.184 456 485 I RIL : ---> can't find meig usb devices
05-08 16:14:47.413 6849 6849 I : read descriptors
05-08 16:14:47.413 6849 6849 I : read strings
05-08 16:14:47.416 1 1 I init : processing action (sys.usb.config=adb && sys.usb.configfs=1 && sys.usb.ffs.ready=1) from (/system/etc/init/hw/init.usb.configfs.rc:20)
05-08 16:06:56.184 456 485 I RIL : ---> enter mainloop wait at port
05-08 16:06:56.184 456 485 D RIL-DEV : Get modem info
05-08 16:06:56.184 456 485 D RIL-DEV : [05-08_16:06:56:185] idVendor = 1d6b
05-08 16:06:56.184 456 485 D RIL-DEV :
05-08 16:06:56.185 456 485 D RIL-DEV : [05-08_16:06:56:185] idVendor = 1d6b
05-08 16:06:56.185 456 485 D RIL-DEV :
05-08 16:06:56.185 456 485 D RIL-DEV : [05-08_16:06:56:185] idVendor = 1d6b
05-08 16:06:56.185 456 485 D RIL-DEV :
05-08 16:06:56.185 456 485 D RIL-DEV : [05-08_16:06:56:185] idVendor = 0781
05-08 16:06:56.185 456 485 D RIL-DEV :
05-08 16:06:56.185 456 485 D RIL-DEV : [05-08_16:06:56:185] idVendor = 1d6b
05-08 16:06:56.185 456 485 D RIL-DEV :
05-08 16:06:56.185 456 485 E RIL-DEV : Cannot find Meig devices
05-08 16:06:56.185 456 485 I RIL : ---> can't find meig usb devices
05-08 16:14:48.477 6849 6849 I : read descriptors
05-08 16:14:48.477 6849 6849 I : read strings
