05-08 16:14:49.553 6849 6849 I : read descriptors
05-08 16:14:49.554 6849 6849 I : read strings
05-08 16:14:49.556 1 1 I init : processing action (sys.usb.config=adb && sys.usb.configfs=1 && sys.usb.ffs.ready=1) from (/system/etc/init/hw/init.usb.configfs.rc:20)
05-08 16:14:49.559 1 1 I init : Command 'symlink /config/usb_gadget/g1/functions/ffs.adb /config/usb_gadget/g1/configs/b.1/f1' action=sys.usb.config=adb && sys.usb.configfs=1 && sys.usb.ffs.ready=1 (/system/etc/init/hw/init.usb.configfs.rc:22) took 1ms and failed: symlink() failed: File exists
05-08 16:14:49.561 1 1 I init : Command 'write /config/usb_gadget/g1/UDC ${sys.usb.controller}' action=sys.usb.config=adb && sys.usb.configfs=1 && sys.usb.ffs.ready=1 (/system/etc/init/hw/init.usb.configfs.rc:23) took 1ms and failed: Unable to write to file '/config/usb_gadget/g1/UDC': Unable to write file contents: Device or resource busy
05-08 16:06:58.185 456 485 I RIL : ---> enter mainloop wait at port
05-08 16:06:58.185 456 485 D RIL-DEV : Get modem info
05-08 16:06:58.186 456 485 D RIL-DEV : [05-08_16:06:58:186] idVendor = 1d6b
05-08 16:06:58.186 456 485 D RIL-DEV :
05-08 16:06:58.186 456 485 D RIL-DEV : [05-08_16:06:58:186] idVendor = 1d6b
05-08 16:06:58.186 456 485 D RIL-DEV :
05-08 16:06:58.186 456 485 D RIL-DEV : [05-08_16:06:58:187] idVendor = 1d6b
05-08 16:06:58.186 456 485 D RIL-DEV :
05-08 16:06:58.186 456 485 D RIL-DEV : [05-08_16:06:58:187] idVendor = 0781
05-08 16:06:58.186 456 485 D RIL-DEV :
05-08 16:06:58.187 456 485 D RIL-DEV : [05-08_16:06:58:187] idVendor = 1d6b
05-08 16:06:58.187 456 485 D RIL-DEV :
05-08 16:06:58.187 456 485 E RIL-DEV : Cannot find Meig devices
05-08 16:06:58.187 456 485 I RIL : ---> can't find meig usb devices
05-08 16:14:50.610 6849 6849 I : read descriptors
05-08 16:14:50.610 6849 6849 I : read strings
05-08 16:14:50.611 1 1 I init : processing action (sys.usb.config=adb && sys.usb.configfs=1 && sys.usb.ffs.ready=1) from (/system/etc/init/hw/init.usb.configfs.rc:20)
05-08 16:14:50.613 1 1 I init : Command 'symlink /config/usb_gadget/g1/functions/ffs.adb /config/usb_gadget/g1/configs/b.1/f1' action=sys.usb.config=adb && sys.usb.configfs=1 && sys.usb.ffs.ready=1 (/system/etc/init/hw/init.usb.configfs.rc:22) took 1ms and failed: symlink() failed: File exists
05-08 16:14:50.614 1 1 I init : Command 'write /config/usb_gadget/g1/UDC ${sys.usb.controller}' action=sys.usb.config=adb && sys.usb.configfs=1 && sys.usb.ffs.ready=1 (/system/etc/init/hw/init.usb.configfs.rc:23) took 0ms and failed: Unable to write to file '/config/usb_gadget/g1/UDC': Unable to write file contents: Device or resource busy
05-08 16:14:51.667 6849 6849 I : read descriptors
05-08 16:14:51.667 6849 6849 I : read strings
05-08 16:14:51.669 1 1 I init : processing action (sys.usb.config=adb && sys.usb.configfs=1 && sys.usb.ffs.ready=1) from (/system/etc/init/hw/init.usb.configfs.rc:20)
05-08 16:14:51.671 1 1 I init : Command 'symlink /config/usb_gadget/g1/functions/ffs.adb /config/usb_gadget/g1/configs/b.1/f1' action=sys.usb.config=adb && sys.usb.configfs=1 && sys.usb.ffs.ready=1 (/system/etc/init/hw/init.usb.configfs.rc:22) took 0ms and failed: symlink() failed: File exists
05-08 16:14:51.672 1 1 I init : Command 'write /config/usb_gadget/g1/UDC ${sys.usb.controller}' action=sys.usb.config=adb && sys.usb.configfs=1 && sys.usb.ffs.ready=1 (/system/etc/init/hw/init.usb.configfs.rc:23) took 0ms and failed: Unable to write to file '/config/usb_gadget/g1/UDC': Unable to write file contents: Device or resource busy
05-08 16:07:00.187 456 485 I RIL : ---> enter mainloop wait at port
05-08 16:07:00.188 456 485 D RIL-DEV : Get modem info
05-08 16:07:00.188 456 485 D RIL-DEV : [05-08_16:07:00:188] idVendor = 1d6b
05-08 16:07:00.188 456 485 D RIL-DEV :
05-08 16:07:00.188 456 485 D RIL-DEV : [05-08_16:07:00:189] idVendor = 1d6b
05-08 16:07:00.188 456 485 D RIL-DEV :
05-08 16:07:00.189 456 485 D RIL-DEV : [05-08_16:07:00:189] idVendor = 1d6b
05-08 16:07:00.189 456 485 D RIL-DEV :
05-08 16:07:00.189 456 485 D RIL-DEV : [05-08_16:07:00:189] idVendor = 0781
05-08 16:07:00.189 456 485 D RIL-DEV :
05-08 16:07:00.189 456 485 D RIL-DEV : [05-08_16:07:00:189] idVendor = 1d6b
05-08 16:07:00.189 456 485 D RIL-DEV :
05-08 16:07:00.189 456 485 E RIL-DEV : Cannot find Meig devices
05-08 16:07:00.189 456 485 I RIL : ---> can't find meig usb devices
05-08 16:14:52.726 6849 6849 I : read descriptors
05-08 16:14:52.727 6849 6849 I : read strings
05-08 16:14:52.728 1 1 I init : processing action (sys.usb.config=adb && sys.usb.configfs=1 && sys.usb.ffs.ready=1) from (/system/etc/init/hw/init.usb.configfs.rc:20)
05-08 16:14:53.780 6849 6849 I : read descriptors
05-08 16:14:53.780 6849 6849 I : read strings
05-08 16:07:02.190 456 485 I RIL : ---> enter mainloop wait at port
05-08 16:07:02.190 456 485 D RIL-DEV : Get modem info
05-08 16:07:02.190 456 485 D RIL-DEV : [05-08_16:07:02:191] idVendor = 1d6b
05-08 16:07:02.190 456 485 D RIL-DEV :
05-08 16:07:02.190 456 485 D RIL-DEV : [05-08_16:07:02:191] idVendor = 1d6b
05-08 16:07:02.190 456 485 D RIL-DEV :
05-08 16:07:02.191 456 485 D RIL-DEV : [05-08_16:07:02:191] idVendor = 1d6b
05-08 16:07:02.191 456 485 D RIL-DEV :
05-08 16:07:02.191 456 485 D RIL-DEV : [05-08_16:07:02:192] idVendor = 0781
05-08 16:07:02.191 456 485 D RIL-DEV :
05-08 16:07:02.191 456 485 D RIL-DEV : [05-08_16:07:02:192] idVendor = 1d6b
05-08 16:07:02.191 456 485 D RIL-DEV :
05-08 16:07:02.192 456 485 E RIL-DEV : Cannot find Meig devices
05-08 16:07:02.192 456 485 I RIL : ---> can't find meig usb devices
05-08 16:14:54.827 6849 6849 I : read descriptors
05-08 16:14:54.827 6849 6849 I : read strings
05-08 16:14:54.828 1 1 I init : processing action (sys.usb.config=adb && sys.usb.configfs=1 && sys.usb.ffs.ready=1) from (/system/etc/init/hw/init.usb.configfs.rc:20)
05-08 16:14:54.831 1 1 I init : Command 'symlink /config/usb_gadget/g1/functions/ffs.adb /config/usb_gadget/g1/configs/b.1/f1' action=sys.usb.config=adb && sys.usb.configfs=1 && sys.usb.ffs.ready=1 (/system/etc/init/hw/init.usb.configfs.rc:22) took 0ms and failed: symlink() failed: File exists
05-08 16:14:54.832 1 1 I init : Command 'write /config/usb_gadget/g1/UDC ${sys.usb.controller}' action=sys.usb.config=adb && sys.usb.configfs=1 && sys.usb.ffs.ready=1 (/system/etc/init/hw/init.usb.configfs.rc:23) took 0ms and failed: Unable to write to file '/config/usb_gadget/g1/UDC': Unable to write file contents: Device or resource busy
05-08 16:14:55.870 6849 6849 I : read descriptors
05-08 16:14:55.870 6849 6849 I : read strings
05-08 16:14:55.872 1 1 I init : processing action (sys.usb.config=adb && sys.usb.configfs=1 && sys.usb.ffs.ready=1) from (/system/etc/init/hw/init.usb.configfs.rc:20)
05-08 16:14:55.875 1 1 I init : Command 'symlink /config/usb_gadget/g1/functions/ffs.adb /config/usb_gadget/g1/configs/b.1/f1' action=sys.usb.config=adb && sys.usb.configfs=1 && sys.usb.ffs.ready=1 (/system/etc/init/hw/init.usb.configfs.rc:22) took 0ms and failed: symlink() failed: File exists
05-08 16:14:55.876 1 1 I init : Command 'write /config/usb_gadget/g1/UDC ${sys.usb.controller}' action=sys.usb.config=adb && sys.usb.configfs=1 && sys.usb.ffs.ready=1 (/system/etc/init/hw/init.usb.configfs.rc:23) took 0ms and failed: Unable to write to file '/config/usb_gadget/g1/UDC': Unable to write file contents: Device or resource busy
05-08 16:07:04.192 456 485 I RIL : ---> enter mainloop wait at port
05-08 16:07:04.192 456 485 D RIL-DEV : Get modem info
05-08 16:07:04.193 456 485 D RIL-DEV : [05-08_16:07:04:193] idVendor = 1d6b
05-08 16:07:04.193 456 485 D RIL-DEV :
05-08 16:07:04.193 456 485 D RIL-DEV : [05-08_16:07:04:194] idVendor = 1d6b
05-08 16:07:04.193 456 485 D RIL-DEV :
05-08 16:07:04.194 456 485 D RIL-DEV : [05-08_16:07:04:194] idVendor = 1d6b
05-08 16:07:04.194 456 485 D RIL-DEV :
05-08 16:07:04.194 456 485 D RIL-DEV : [05-08_16:07:04:194] idVendor = 0781
05-08 16:07:04.194 456 485 D RIL-DEV :
05-08 16:07:04.194 456 485 D RIL-DEV : [05-08_16:07:04:194] idVendor = 1d6b
05-08 16:07:04.194 456 485 D RIL-DEV :
05-08 16:07:04.194 456 485 E RIL-DEV : Cannot find Meig devices
05-08 16:07:04.194 456 485 I RIL : ---> can't find meig usb devices
05-08 16:14:56.923 6849 6849 I : read descriptors
05-08 16:14:56.924 6849 6849 I : read strings
05-08 16:14:56.926 1 1 I init : processing action (sys.usb.config=adb && sys.usb.configfs=1 && sys.usb.ffs.ready=1) from (/system/etc/init/hw/init.usb.configfs.rc:20)
05-08 16:14:56.929 1 1 I init : Command 'symlink /config/usb_gadget/g1/functions/ffs.adb /config/usb_gadget/g1/configs/b.1/f1' action=sys.usb.config=adb && sys.usb.configfs=1 && sys.usb.ffs.ready=1 (/system/etc/init/hw/init.usb.configfs.rc:22) took 1ms and failed: symlink() failed: File exists
05-08 16:14:56.931 1 1 I init : Command 'write /config/usb_gadget/g1/UDC ${sys.usb.controller}' action=sys.usb.config=adb && sys.usb.configfs=1 && sys.usb.ffs.ready=1 (/system/etc/init/hw/init.usb.configfs.rc:23) took 2ms and failed: Unable to write to file '/config/usb_gadget/g1/UDC': Unable to write file contents: Device or resource busy
05-08 16:14:57.987 6849 6849 I : read descriptors
05-08 16:14:57.987 6849 6849 I : read strings
05-08 16:14:57.989 1 1 I init : processing action (sys.usb.config=adb && sys.usb.configfs=1 && sys.usb.ffs.ready=1) from (/system/etc/init/hw/init.usb.configfs.rc:20)
05-08 16:07:06.195 456 485 I RIL : ---> enter mainloop wait at port
05-08 16:07:06.195 456 485 D RIL-DEV : Get modem info
05-08 16:07:06.196 456 485 D RIL-DEV : [05-08_16:07:06:196] idVendor = 1d6b
05-08 16:07:06.196 456 485 D RIL-DEV :
05-08 16:07:06.196 456 485 D RIL-DEV : [05-08_16:07:06:197] idVendor = 1d6b
05-08 16:07:06.196 456 485 D RIL-DEV :
05-08 16:07:06.197 456 485 D RIL-DEV : [05-08_16:07:06:197] idVendor = 1d6b
05-08 16:07:06.197 456 485 D RIL-DEV :
05-08 16:07:06.197 456 485 D RIL-DEV : [05-08_16:07:06:197] idVendor = 0781
05-08 16:07:06.197 456 485 D RIL-DEV :
05-08 16:07:06.197 456 485 D RIL-DEV : [05-08_16:07:06:197] idVendor = 1d6b
05-08 16:07:06.197 456 485 D RIL-DEV :
05-08 16:07:06.197 456 485 E RIL-DEV : Cannot find Meig devices
05-08 16:07:06.198 456 485 I RIL : ---> can't find meig usb devices
05-08 16:14:59.034 6849 6849 I : read descriptors
05-08 16:14:59.034 6849 6849 I : read strings
05-08 16:15:00.087 6849 6849 I : read descriptors
05-08 16:15:00.087 6849 6849 I : read strings
05-08 16:15:00.091 1 1 I init : processing action (sys.usb.config=adb && sys.usb.configfs=1 && sys.usb.ffs.ready=1) from (/system/etc/init/hw/init.usb.configfs.rc:20)
05-08 16:15:00.093 1 1 I init : Command 'symlink /config/usb_gadget/g1/functions/ffs.adb /config/usb_gadget/g1/configs/b.1/f1' action=sys.usb.config=adb && sys.usb.configfs=1 && sys.usb.ffs.ready=1 (/system/etc/init/hw/init.usb.configfs.rc:22) took 0ms and failed: symlink() failed: File exists
05-08 16:15:00.094 1 1 I init : Command 'write /config/usb_gadget/g1/UDC ${sys.usb.controller}' action=sys.usb.config=adb && sys.usb.configfs=1 && sys.usb.ffs.ready=1 (/system/etc/init/hw/init.usb.configfs.rc:23) took 0ms and failed: Unable to write to file '/config/usb_gadget/g1/UDC': Unable to write file contents: Device or resource busy
05-08 16:07:08.198 456 485 I RIL : ---> enter mainloop wait at port
05-08 16:07:08.198 456 485 D RIL-DEV : Get modem info
05-08 16:07:08.199 456 485 D RIL-DEV : [05-08_16:07:08:199] idVendor = 1d6b
05-08 16:07:08.199 456 485 D RIL-DEV :
05-08 16:07:08.199 456 485 D RIL-DEV : [05-08_16:07:08:200] idVendor = 1d6b
05-08 16:07:08.199 456 485 D RIL-DEV :
05-08 16:07:08.200 456 485 D RIL-DEV : [05-08_16:07:08:200] idVendor = 1d6b
05-08 16:07:08.200 456 485 D RIL-DEV :
05-08 16:07:08.200 456 485 D RIL-DEV : [05-08_16:07:08:200] idVendor = 0781
05-08 16:07:08.200 456 485 D RIL-DEV :
05-08 16:07:08.200 456 485 D RIL-DEV : [05-08_16:07:08:201] idVendor = 1d6b
05-08 16:07:08.200 456 485 D RIL-DEV :
05-08 16:07:08.200 456 485 E RIL-DEV : Cannot find Meig devices
05-08 16:07:08.201 456 485 I RIL : ---> can't find meig usb devices
05-08 16:15:01.143 6849 6849 I : read descriptors
05-08 16:15:01.143 6849 6849 I : read strings
05-08 16:15:01.147 1 1 I init : processing action (sys.usb.config=adb && sys.usb.configfs=1 && sys.usb.ffs.ready=1) from (/system/etc/init/hw/init.usb.configfs.rc:20)
05-08 16:15:01.149 1 1 I init : Command 'symlink /config/usb_gadget/g1/functions/ffs.adb /config/usb_gadget/g1/configs/b.1/f1' action=sys.usb.config=adb && sys.usb.configfs=1 && sys.usb.ffs.ready=1 (/system/etc/init/hw/init.usb.configfs.rc:22) took 0ms and failed: symlink() failed: File exists
05-08 16:15:01.150 1 1 I init : Command 'write /config/usb_gadget/g1/UDC ${sys.usb.controller}' action=sys.usb.config=adb && sys.usb.configfs=1 && sys.usb.ffs.ready=1 (/system/etc/init/hw/init.usb.configfs.rc:23) took 0ms and failed: Unable to write to file '/config/usb_gadget/g1/UDC': Unable to write file contents: Device or resource busy
05-08 16:15:02.183 6849 6849 I : read descriptors
05-08 16:15:02.183 6849 6849 I : read strings
05-08 16:15:02.187 1 1 I init : processing action (sys.usb.config=adb && sys.usb.configfs=1 && sys.usb.ffs.ready=1) from (/system/etc/init/hw/init.usb.configfs.rc:20)
05-08 16:15:02.190 1 1 I init : Command 'symlink /config/usb_gadget/g1/functions/ffs.adb /config/usb_gadget/g1/configs/b.1/f1' action=sys.usb.config=adb && sys.usb.configfs=1 && sys.usb.ffs.ready=1 (/system/etc/init/hw/init.usb.configfs.rc:22) took 0ms and failed: symlink() failed: File exists
05-08 16:15:02.191 1 1 I init : Command 'write /config/usb_gadget/g1/UDC ${sys.usb.controller}' action=sys.usb.config=adb && sys.usb.configfs=1 && sys.usb.ffs.ready=1 (/system/etc/init/hw/init.usb.configfs.rc:23) took 0ms and failed: Unable to write to file '/config/usb_gadget/g1/UDC': Unable to write file contents: Device or resource busy
05-08 16:07:10.201 456 485 I RIL : ---> enter mainloop wait at port
05-08 16:07:10.201 456 485 D RIL-DEV : Get modem info
05-08 16:07:10.202 456 485 D RIL-DEV : [05-08_16:07:10:202] idVendor = 1d6b
05-08 16:07:10.202 456 485 D RIL-DEV :
05-08 16:07:10.202 456 485 D RIL-DEV : [05-08_16:07:10:203] idVendor = 1d6b
05-08 16:07:10.202 456 485 D RIL-DEV :
05-08 16:07:10.203 456 485 D RIL-DEV : [05-08_16:07:10:203] idVendor = 1d6b
05-08 16:07:10.203 456 485 D RIL-DEV :
05-08 16:07:10.203 456 485 D RIL-DEV : [05-08_16:07:10:203] idVendor = 0781
05-08 16:07:10.203 456 485 D RIL-DEV :
05-08 16:07:10.203 456 485 D RIL-DEV : [05-08_16:07:10:203] idVendor = 1d6b
05-08 16:07:10.203 456 485 D RIL-DEV :
05-08 16:07:10.203 456 485 E RIL-DEV : Cannot find Meig devices
05-08 16:07:10.203 456 485 I RIL : ---> can't find meig usb devices
05-08 16:15:03.233 6849 6849 I : read descriptors
05-08 16:15:03.234 6849 6849 I : read strings
05-08 16:15:03.237 1 1 I init : processing action (sys.usb.config=adb && sys.usb.configfs=1 && sys.usb.ffs.ready=1) from (/system/etc/init/hw/init.usb.configfs.rc:20)
05-08 16:15:04.283 6849 6849 I : read descriptors
05-08 16:15:04.285 6849 6849 I : read strings
05-08 16:07:12.204 456 485 I RIL : ---> enter mainloop wait at port
05-08 16:07:12.204 456 485 D RIL-DEV : Get modem info
05-08 16:07:12.205 456 485 D RIL-DEV : [05-08_16:07:12:205] idVendor = 1d6b
05-08 16:07:12.205 456 485 D RIL-DEV :
05-08 16:07:12.205 456 485 D RIL-DEV : [05-08_16:07:12:206] idVendor = 1d6b
05-08 16:07:12.205 456 485 D RIL-DEV :
05-08 16:07:12.206 456 485 D RIL-DEV : [05-08_16:07:12:206] idVendor = 1d6b
05-08 16:07:12.206 456 485 D RIL-DEV :
05-08 16:07:12.206 456 485 D RIL-DEV : [05-08_16:07:12:206] idVendor = 0781
05-08 16:07:12.206 456 485 D RIL-DEV :
05-08 16:07:12.206 456 485 D RIL-DEV : [05-08_16:07:12:207] idVendor = 1d6b
05-08 16:07:12.206 456 485 D RIL-DEV :
05-08 16:07:12.206 456 485 E RIL-DEV : Cannot find Meig devices
05-08 16:07:12.207 456 485 I RIL : ---> can't find meig usb devices
05-08 16:15:05.337 6849 6849 I : read descriptors
05-08 16:15:05.337 6849 6849 I : read strings
05-08 16:15:05.339 1 1 I init : processing action (sys.usb.config=adb && sys.usb.configfs=1 && sys.usb.ffs.ready=1) from (/system/etc/init/hw/init.usb.configfs.rc:20)
05-08 16:15:05.342 1 1 I init : Command 'symlink /config/usb_gadget/g1/functions/ffs.adb /config/usb_gadget/g1/configs/b.1/f1' action=sys.usb.config=adb && sys.usb.configfs=1 && sys.usb.ffs.ready=1 (/system/etc/init/hw/init.usb.configfs.rc:22) took 0ms and failed: symlink() failed: File exists
05-08 16:15:05.343 1 1 I init : Command 'write /config/usb_gadget/g1/UDC ${sys.usb.controller}' action=sys.usb.config=adb && sys.usb.configfs=1 && sys.usb.ffs.ready=1 (/system/etc/init/hw/init.usb.configfs.rc:23) took 0ms and failed: Unable to write to file '/config/usb_gadget/g1/UDC': Unable to write file contents: Device or resource busy
05-08 16:15:06.420 6849 6849 I : read descriptors
05-08 16:15:06.420 6849 6849 I : read strings
05-08 16:15:06.423 1 1 I init : processing action (sys.usb.config=adb && sys.usb.configfs=1 && sys.usb.ffs.ready=1) from (/system/etc/init/hw/init.usb.configfs.rc:20)
05-08 16:15:06.426 1 1 I init : Command 'symlink /config/usb_gadget/g1/functions/ffs.adb /config/usb_gadget/g1/configs/b.1/f1' action=sys.usb.config=adb && sys.usb.configfs=1 && sys.usb.ffs.ready=1 (/system/etc/init/hw/init.usb.configfs.rc:22) took 0ms and failed: symlink() failed: File exists
05-08 16:15:06.427 1 1 I init : Command 'write /config/usb_gadget/g1/UDC ${sys.usb.controller}' action=sys.usb.config=adb && sys.usb.configfs=1 && sys.usb.ffs.ready=1 (/system/etc/init/hw/init.usb.configfs.rc:23) took 0ms and failed: Unable to write to file '/config/usb_gadget/g1/UDC': Unable to write file contents: Device or resource busy
05-08 16:07:14.207 456 485 I RIL : ---> enter mainloop wait at port
05-08 16:07:14.207 456 485 D RIL-DEV : Get modem info
05-08 16:07:14.207 456 485 D RIL-DEV : [05-08_16:07:14:208] idVendor = 1d6b
05-08 16:07:14.207 456 485 D RIL-DEV :
05-08 16:07:14.208 456 485 D RIL-DEV : [05-08_16:07:14:208] idVendor = 1d6b
05-08 16:07:14.208 456 485 D RIL-DEV :
05-08 16:07:14.208 456 485 D RIL-DEV : [05-08_16:07:14:208] idVendor = 1d6b
05-08 16:07:14.208 456 485 D RIL-DEV :
05-08 16:07:14.208 456 485 D RIL-DEV : [05-08_16:07:14:208] idVendor = 0781
05-08 16:07:14.208 456 485 D RIL-DEV :
05-08 16:07:14.208 456 485 D RIL-DEV : [05-08_16:07:14:209] idVendor = 1d6b
05-08 16:07:14.208 456 485 D RIL-DEV :
05-08 16:07:14.208 456 485 E RIL-DEV : Cannot find Meig devices
05-08 16:07:14.208 456 485 I RIL : ---> can't find meig usb devices
05-08 16:15:07.484 6849 6849 I : read descriptors
05-08 16:15:07.484 6849 6849 I : read strings
05-08 16:15:07.486 1 1 I init : processing action (sys.usb.config=adb && sys.usb.configfs=1 && sys.usb.ffs.ready=1) from (/system/etc/init/hw/init.usb.configfs.rc:20)
05-08 16:15:07.489 1 1 I init : Command 'symlink /config/usb_gadget/g1/functions/ffs.adb /config/usb_gadget/g1/configs/b.1/f1' action=sys.usb.config=adb && sys.usb.configfs=1 && sys.usb.ffs.ready=1 (/system/etc/init/hw/init.usb.configfs.rc:22) took 0ms and failed: symlink() failed: File exists
05-08 16:15:07.491 1 1 I init : Command 'write /config/usb_gadget/g1/UDC ${sys.usb.controller}' action=sys.usb.config=adb && sys.usb.configfs=1 && sys.usb.ffs.ready=1 (/system/etc/init/hw/init.usb.configfs.rc:23) took 1ms and failed: Unable to write to file '/config/usb_gadget/g1/UDC': Unable to write file contents: Device or resource busy
05-08 16:07:16.209 456 485 I RIL : ---> enter mainloop wait at port
05-08 16:07:16.209 456 485 D RIL-DEV : Get modem info
05-08 16:07:16.210 456 485 D RIL-DEV : [05-08_16:07:16:210] idVendor = 1d6b
05-08 16:07:16.210 456 485 D RIL-DEV :
05-08 16:07:16.210 456 485 D RIL-DEV : [05-08_16:07:16:210] idVendor = 1d6b
05-08 16:07:16.210 456 485 D RIL-DEV :
05-08 16:07:16.210 456 485 D RIL-DEV : [05-08_16:07:16:211] idVendor = 1d6b
05-08 16:07:16.210 456 485 D RIL-DEV :
05-08 16:07:16.211 456 485 D RIL-DEV : [05-08_16:07:16:211] idVendor = 0781
05-08 16:07:16.211 456 485 D RIL-DEV :
05-08 16:07:16.211 456 485 D RIL-DEV : [05-08_16:07:16:211] idVendor = 1d6b
05-08 16:07:16.211 456 485 D RIL-DEV :
05-08 16:07:16.211 456 485 E RIL-DEV : Cannot find Meig devices
05-08 16:07:16.211 456 485 I RIL : ---> can't find meig usb devices
05-08 16:15:08.533 6849 6849 I : read descriptors
05-08 16:15:08.533 6849 6849 I : read strings
05-08 16:15:08.535 1 1 I init : processing action (sys.usb.config=adb && sys.usb.configfs=1 && sys.usb.ffs.ready=1) from (/system/etc/init/hw/init.usb.configfs.rc:20)
05-08 16:15:09.583 6849 6849 I : read descriptors
05-08 16:15:09.583 6849 6849 I : read strings
05-08 16:07:18.212 456 485 I RIL : ---> enter mainloop wait at port
05-08 16:07:18.212 456 485 D RIL-DEV : Get modem info
05-08 16:07:18.213 456 485 D RIL-DEV : [05-08_16:07:18:213] idVendor = 1d6b
05-08 16:07:18.213 456 485 D RIL-DEV :
05-08 16:07:18.213 456 485 D RIL-DEV : [05-08_16:07:18:213] idVendor = 1d6b
05-08 16:07:18.213 456 485 D RIL-DEV :
05-08 16:07:18.213 456 485 D RIL-DEV : [05-08_16:07:18:214] idVendor = 1d6b
05-08 16:07:18.213 456 485 D RIL-DEV :
05-08 16:07:18.214 456 485 D RIL-DEV : [05-08_16:07:18:214] idVendor = 0781
05-08 16:07:18.214 456 485 D RIL-DEV :
05-08 16:07:18.214 456 485 D RIL-DEV : [05-08_16:07:18:214] idVendor = 1d6b
05-08 16:07:18.214 456 485 D RIL-DEV :
05-08 16:07:18.214 456 485 E RIL-DEV : Cannot find Meig devices
05-08 16:07:18.214 456 485 I RIL : ---> can't find meig usb devices
05-08 16:15:10.627 6849 6849 I : read descriptors
05-08 16:15:10.627 6849 6849 I : read strings
05-08 16:15:10.630 1 1 I init : processing action (sys.usb.config=adb && sys.usb.configfs=1 && sys.usb.ffs.ready=1) from (/system/etc/init/hw/init.usb.configfs.rc:20)
05-08 16:15:10.633 1 1 I init : Command 'symlink /config/usb_gadget/g1/functions/ffs.adb /config/usb_gadget/g1/configs/b.1/f1' action=sys.usb.config=adb && sys.usb.configfs=1 && sys.usb.ffs.ready=1 (/system/etc/init/hw/init.usb.configfs.rc:22) took 0ms and failed: symlink() failed: File exists
05-08 16:15:10.633 1 1 I init : Command 'write /config/usb_gadget/g1/UDC ${sys.usb.controller}' action=sys.usb.config=adb && sys.usb.configfs=1 && sys.usb.ffs.ready=1 (/system/etc/init/hw/init.usb.configfs.rc:23) took 0ms and failed: Unable to write to file '/config/usb_gadget/g1/UDC': Unable to write file contents: Device or resource busy
05-08 16:15:11.673 6849 6849 I : read descriptors
05-08 16:15:11.674 6849 6849 I : read strings
05-08 16:15:11.677 1 1 I init : processing action (sys.usb.config=adb && sys.usb.configfs=1 && sys.usb.ffs.ready=1) from (/system/etc/init/hw/init.usb.configfs.rc:20)
05-08 16:15:11.679 1 1 I init : Command 'symlink /config/usb_gadget/g1/functions/ffs.adb /config/usb_gadget/g1/configs/b.1/f1' action=sys.usb.config=adb && sys.usb.configfs=1 && sys.usb.ffs.ready=1 (/system/etc/init/hw/init.usb.configfs.rc:22) took 0ms and failed: symlink() failed: File exists
05-08 16:15:11.680 1 1 I init : Command 'write /config/usb_gadget/g1/UDC ${sys.usb.controller}' action=sys.usb.config=adb && sys.usb.configfs=1 && sys.usb.ffs.ready=1 (/system/etc/init/hw/init.usb.configfs.rc:23) took 0ms and failed: Unable to write to file '/config/usb_gadget/g1/UDC': Unable to write file contents: Device or resource busy
05-08 16:07:20.215 456 485 I RIL : ---> enter mainloop wait at port
05-08 16:07:20.215 456 485 D RIL-DEV : Get modem info
05-08 16:07:20.216 456 485 D RIL-DEV : [05-08_16:07:20:216] idVendor = 1d6b
05-08 16:07:20.216 456 485 D RIL-DEV :
05-08 16:07:20.216 456 485 D RIL-DEV : [05-08_16:07:20:216] idVendor = 1d6b
05-08 16:07:20.216 456 485 D RIL-DEV :
05-08 16:07:20.216 456 485 D RIL-DEV : [05-08_16:07:20:217] idVendor = 1d6b
05-08 16:07:20.216 456 485 D RIL-DEV :
05-08 16:07:20.217 456 485 D RIL-DEV : [05-08_16:07:20:217] idVendor = 0781
05-08 16:07:20.217 456 485 D RIL-DEV :
05-08 16:07:20.217 456 485 D RIL-DEV : [05-08_16:07:20:217] idVendor = 1d6b
05-08 16:07:20.217 456 485 D RIL-DEV :
05-08 16:07:20.217 456 485 E RIL-DEV : Cannot find Meig devices
05-08 16:07:20.217 456 485 I RIL : ---> can't find meig usb devices
05-08 16:15:12.720 6849 6849 I : read descriptors
05-08 16:15:12.720 6849 6849 I : read strings
05-08 16:15:12.724 1 1 I init : processing action (sys.usb.config=adb && sys.usb.configfs=1 && sys.usb.ffs.ready=1) from (/system/etc/init/hw/init.usb.configfs.rc:20)
05-08 16:15:12.726 1 1 I init : Command 'symlink /config/usb_gadget/g1/functions/ffs.adb /config/usb_gadget/g1/configs/b.1/f1' action=sys.usb.config=adb && sys.usb.configfs=1 && sys.usb.ffs.ready=1 (/system/etc/init/hw/init.usb.configfs.rc:22) took 0ms and failed: symlink() failed: File exists
05-08 16:15:12.727 1 1 I init : Command 'write /config/usb_gadget/g1/UDC ${sys.usb.controller}' action=sys.usb.config=adb && sys.usb.configfs=1 && sys.usb.ffs.ready=1 (/system/etc/init/hw/init.usb.configfs.rc:23) took 0ms and failed: Unable to write to file '/config/usb_gadget/g1/UDC': Unable to write file contents: Device or resource busy
05-08 16:15:13.773 6849 6849 I : read descriptors
05-08 16:15:13.773 6849 6849 I : read strings
05-08 16:15:13.777 1 1 I init : processing action (sys.usb.config=adb && sys.usb.configfs=1 && sys.usb.ffs.ready=1) from (/system/etc/init/hw/init.usb.configfs.rc:20)
05-08 16:07:22.218 456 485 I RIL : ---> enter mainloop wait at port
05-08 16:07:22.218 456 485 D RIL-DEV : Get modem info
05-08 16:07:22.219 456 485 D RIL-DEV : [05-08_16:07:22:219] idVendor = 1d6b
05-08 16:07:22.219 456 485 D RIL-DEV :
05-08 16:07:22.219 456 485 D RIL-DEV : [05-08_16:07:22:219] idVendor = 1d6b
05-08 16:07:22.219 456 485 D RIL-DEV :
05-08 16:07:22.219 456 485 D RIL-DEV : [05-08_16:07:22:220] idVendor = 1d6b
05-08 16:07:22.219 456 485 D RIL-DEV :
05-08 16:07:22.220 456 485 D RIL-DEV : [05-08_16:07:22:220] idVendor = 0781
05-08 16:07:22.220 456 485 D RIL-DEV :
05-08 16:07:22.220 456 485 D RIL-DEV : [05-08_16:07:22:220] idVendor = 1d6b
05-08 16:07:22.220 456 485 D RIL-DEV :
05-08 16:07:22.220 456 485 E RIL-DEV : Cannot find Meig devices
05-08 16:07:22.220 456 485 I RIL : ---> can't find meig usb devices
05-08 16:15:14.813 6849 6849 I : read descriptors
05-08 16:15:14.813 6849 6849 I : read strings
05-08 16:15:15.867 6849 6849 I : read descriptors
05-08 16:15:15.867 6849 6849 I : read strings
05-08 16:15:15.869 1 1 I init : processing action (sys.usb.config=adb && sys.usb.configfs=1 && sys.usb.ffs.ready=1) from (/system/etc/init/hw/init.usb.configfs.rc:20)
05-08 16:15:15.871 1 1 I init : Command 'symlink /config/usb_gadget/g1/functions/ffs.adb /config/usb_gadget/g1/configs/b.1/f1' action=sys.usb.config=adb && sys.usb.configfs=1 && sys.usb.ffs.ready=1 (/system/etc/init/hw/init.usb.configfs.rc:22) took 0ms and failed: symlink() failed: File exists
05-08 16:15:15.871 1 1 I init : Command 'write /config/usb_gadget/g1/UDC ${sys.usb.controller}' action=sys.usb.config=adb && sys.usb.configfs=1 && sys.usb.ffs.ready=1 (/system/etc/init/hw/init.usb.configfs.rc:23) took 0ms and failed: Unable to write to file '/config/usb_gadget/g1/UDC': Unable to write file contents: Device or resource busy
05-08 16:07:24.221 456 485 I RIL : ---> enter mainloop wait at port
05-08 16:07:24.221 456 485 D RIL-DEV : Get modem info
05-08 16:07:24.222 456 485 D RIL-DEV : [05-08_16:07:24:222] idVendor = 1d6b
05-08 16:07:24.222 456 485 D RIL-DEV :
05-08 16:07:24.222 456 485 D RIL-DEV : [05-08_16:07:24:222] idVendor = 1d6b
05-08 16:07:24.222 456 485 D RIL-DEV :
05-08 16:07:24.222 456 485 D RIL-DEV : [05-08_16:07:24:223] idVendor = 1d6b
05-08 16:07:24.222 456 485 D RIL-DEV :
05-08 16:07:24.222 456 485 D RIL-DEV : [05-08_16:07:24:223] idVendor = 0781
05-08 16:07:24.222 456 485 D RIL-DEV :
05-08 16:07:24.223 456 485 D RIL-DEV : [05-08_16:07:24:223] idVendor = 1d6b
05-08 16:07:24.223 456 485 D RIL-DEV :
05-08 16:07:24.223 456 485 E RIL-DEV : Cannot find Meig devices
05-08 16:07:24.223 456 485 I RIL : ---> can't find meig usb devices
05-08 16:15:16.920 6849 6849 I : read descriptors
05-08 16:15:16.920 6849 6849 I : read strings
05-08 16:15:16.921 1 1 I init : processing action (sys.usb.config=adb && sys.usb.configfs=1 && sys.usb.ffs.ready=1) from (/system/etc/init/hw/init.usb.configfs.rc:20)
05-08 16:15:16.922 1 1 I init : Command 'symlink /config/usb_gadget/g1/functions/ffs.adb /config/usb_gadget/g1/configs/b.1/f1' action=sys.usb.config=adb && sys.usb.configfs=1 && sys.usb.ffs.ready=1 (/system/etc/init/hw/init.usb.configfs.rc:22) took 0ms and failed: symlink() failed: File exists
05-08 16:15:16.923 1 1 I init : Command 'write /config/usb_gadget/g1/UDC ${sys.usb.controller}' action=sys.usb.config=adb && sys.usb.configfs=1 && sys.usb.ffs.ready=1 (/system/etc/init/hw/init.usb.configfs.rc:23) took 0ms and failed: Unable to write to file '/config/usb_gadget/g1/UDC': Unable to write file contents: Device or resource busy
05-08 16:15:17.970 6849 6849 I : read descriptors
05-08 16:15:17.970 6849 6849 I : read strings
05-08 16:15:17.972 1 1 I init : processing action (sys.usb.config=adb && sys.usb.configfs=1 && sys.usb.ffs.ready=1) from (/system/etc/init/hw/init.usb.configfs.rc:20)
05-08 16:15:17.974 1 1 I init : Command 'symlink /config/usb_gadget/g1/functions/ffs.adb /config/usb_gadget/g1/configs/b.1/f1' action=sys.usb.config=adb && sys.usb.configfs=1 && sys.usb.ffs.ready=1 (/system/etc/init/hw/init.usb.configfs.rc:22) took 0ms and failed: symlink() failed: File exists
05-08 16:15:17.974 1 1 I init : Command 'write /config/usb_gadget/g1/UDC ${sys.usb.controller}' action=sys.usb.config=adb && sys.usb.configfs=1 && sys.usb.ffs.ready=1 (/system/etc/init/hw/init.usb.configfs.rc:23) took 0ms and failed: Unable to write to file '/config/usb_gadget/g1/UDC': Unable to write file contents: Device or resource busy
05-08 16:07:26.223 456 485 I RIL : ---> enter mainloop wait at port
05-08 16:07:26.224 456 485 D RIL-DEV : Get modem info
05-08 16:07:26.224 456 485 D RIL-DEV : [05-08_16:07:26:225] idVendor = 1d6b
05-08 16:07:26.224 456 485 D RIL-DEV :
05-08 16:07:26.225 456 485 D RIL-DEV : [05-08_16:07:26:225] idVendor = 1d6b
05-08 16:07:26.225 456 485 D RIL-DEV :
05-08 16:07:26.225 456 485 D RIL-DEV : [05-08_16:07:26:226] idVendor = 1d6b
05-08 16:07:26.225 456 485 D RIL-DEV :
05-08 16:07:26.225 456 485 D RIL-DEV : [05-08_16:07:26:226] idVendor = 0781
05-08 16:07:26.225 456 485 D RIL-DEV :
05-08 16:07:26.226 456 485 D RIL-DEV : [05-08_16:07:26:226] idVendor = 1d6b
05-08 16:07:26.226 456 485 D RIL-DEV :
05-08 16:07:26.226 456 485 E RIL-DEV : Cannot find Meig devices
05-08 16:07:26.226 456 485 I RIL : ---> can't find meig usb devices
05-08 16:15:19.016 6849 6849 I : read descriptors
05-08 16:15:19.016 6849 6849 I : read strings
05-08 16:15:19.018 1 1 I init : processing action (sys.usb.config=adb && sys.usb.configfs=1 && sys.usb.ffs.ready=1) from (/system/etc/init/hw/init.usb.configfs.rc:20)
05-08 16:15:20.063 6849 6849 I : read descriptors
05-08 16:15:20.063 6849 6849 I : read strings
05-08 16:07:28.226 456 485 I RIL : ---> enter mainloop wait at port
05-08 16:07:28.227 456 485 D RIL-DEV : Get modem info
05-08 16:07:28.227 456 485 D RIL-DEV : [05-08_16:07:28:228] idVendor = 1d6b
05-08 16:07:28.227 456 485 D RIL-DEV :
05-08 16:07:28.227 456 485 D RIL-DEV : [05-08_16:07:28:228] idVendor = 1d6b
05-08 16:07:28.227 456 485 D RIL-DEV :
05-08 16:07:28.228 456 485 D RIL-DEV : [05-08_16:07:28:228] idVendor = 1d6b
05-08 16:07:28.228 456 485 D RIL-DEV :
05-08 16:07:28.228 456 485 D RIL-DEV : [05-08_16:07:28:229] idVendor = 0781
05-08 16:07:28.228 456 485 D RIL-DEV :
05-08 16:07:28.228 456 485 D RIL-DEV : [05-08_16:07:28:229] idVendor = 1d6b
05-08 16:07:28.228 456 485 D RIL-DEV :
05-08 16:07:28.229 456 485 E RIL-DEV : Cannot find Meig devices
05-08 16:07:28.229 456 485 I RIL : ---> can't find meig usb devices
05-08 16:15:21.103 6849 6849 I : read descriptors
05-08 16:15:21.103 6849 6849 I : read strings
05-08 16:15:21.105 1 1 I init : processing action (sys.usb.config=adb && sys.usb.configfs=1 && sys.usb.ffs.ready=1) from (/system/etc/init/hw/init.usb.configfs.rc:20)
05-08 16:15:21.107 1 1 I init : Command 'symlink /config/usb_gadget/g1/functions/ffs.adb /config/usb_gadget/g1/configs/b.1/f1' action=sys.usb.config=adb && sys.usb.configfs=1 && sys.usb.ffs.ready=1 (/system/etc/init/hw/init.usb.configfs.rc:22) took 0ms and failed: symlink() failed: File exists
05-08 16:15:21.109 1 1 I init : Command 'write /config/usb_gadget/g1/UDC ${sys.usb.controller}' action=sys.usb.config=adb && sys.usb.configfs=1 && sys.usb.ffs.ready=1 (/system/etc/init/hw/init.usb.configfs.rc:23) took 0ms and failed: Unable to write to file '/config/usb_gadget/g1/UDC': Unable to write file contents: Device or resource busy
05-08 16:15:22.167 6849 6849 I : read descriptors
05-08 16:15:22.167 6849 6849 I : read strings
05-08 16:15:22.170 1 1 I init : processing action (sys.usb.config=adb && sys.usb.configfs=1 && sys.usb.ffs.ready=1) from (/system/etc/init/hw/init.usb.configfs.rc:20)
05-08 16:15:22.171 1 1 I init : Command 'symlink /config/usb_gadget/g1/functions/ffs.adb /config/usb_gadget/g1/configs/b.1/f1' action=sys.usb.config=adb && sys.usb.configfs=1 && sys.usb.ffs.ready=1 (/system/etc/init/hw/init.usb.configfs.rc:22) took 0ms and failed: symlink() failed: File exists
05-08 16:15:22.171 1 1 I init : Command 'write /config/usb_gadget/g1/UDC ${sys.usb.controller}' action=sys.usb.config=adb && sys.usb.configfs=1 && sys.usb.ffs.ready=1 (/system/etc/init/hw/init.usb.configfs.rc:23) took 0ms and failed: Unable to write to file '/config/usb_gadget/g1/UDC': Unable to write file contents: Device or resource busy
05-08 16:07:30.229 456 485 I RIL : ---> enter mainloop wait at port
05-08 16:07:30.229 456 485 D RIL-DEV : Get modem info
05-08 16:07:30.230 456 485 D RIL-DEV : [05-08_16:07:30:230] idVendor = 1d6b
05-08 16:07:30.230 456 485 D RIL-DEV :
05-08 16:07:30.230 456 485 D RIL-DEV : [05-08_16:07:30:230] idVendor = 1d6b
05-08 16:07:30.230 456 485 D RIL-DEV :
05-08 16:07:30.230 456 485 D RIL-DEV : [05-08_16:07:30:231] idVendor = 1d6b
05-08 16:07:30.230 456 485 D RIL-DEV :
05-08 16:07:30.231 456 485 D RIL-DEV : [05-08_16:07:30:231] idVendor = 0781
05-08 16:07:30.231 456 485 D RIL-DEV :
05-08 16:07:30.231 456 485 D RIL-DEV : [05-08_16:07:30:231] idVendor = 1d6b
05-08 16:07:30.231 456 485 D RIL-DEV :
05-08 16:07:30.231 456 485 E RIL-DEV : Cannot find Meig devices
05-08 16:07:30.231 456 485 I RIL : ---> can't find meig usb devices
05-08 16:15:23.223 6849 6849 I : read descriptors
05-08 16:15:23.223 6849 6849 I : read strings
05-08 16:15:23.224 1 1 I init : processing action (sys.usb.config=adb && sys.usb.configfs=1 && sys.usb.ffs.ready=1) from (/system/etc/init/hw/init.usb.configfs.rc:20)
05-08 16:15:23.225 1 1 I init : Command 'symlink /config/usb_gadget/g1/functions/ffs.adb /config/usb_gadget/g1/configs/b.1/f1' action=sys.usb.config=adb && sys.usb.configfs=1 && sys.usb.ffs.ready=1 (/system/etc/init/hw/init.usb.configfs.rc:22) took 0ms and failed: symlink() failed: File exists
05-08 16:15:23.226 1 1 I init : Command 'write /config/usb_gadget/g1/UDC ${sys.usb.controller}' action=sys.usb.config=adb && sys.usb.configfs=1 && sys.usb.ffs.ready=1 (/system/etc/init/hw/init.usb.configfs.rc:23) took 0ms and failed: Unable to write to file '/config/usb_gadget/g1/UDC': Unable to write file contents: Device or resource busy
05-08 16:15:24.263 6849 6849 I : read descriptors
05-08 16:15:24.263 6849 6849 I : read strings
05-08 16:15:24.266 1 1 I init : processing action (sys.usb.config=adb && sys.usb.configfs=1 && sys.usb.ffs.ready=1) from (/system/etc/init/hw/init.usb.configfs.rc:20)
05-08 16:07:32.232 456 485 I RIL : ---> enter mainloop wait at port
05-08 16:07:32.232 456 485 D RIL-DEV : Get modem info
05-08 16:07:32.233 456 485 D RIL-DEV : [05-08_16:07:32:233] idVendor = 1d6b
05-08 16:07:32.233 456 485 D RIL-DEV :
05-08 16:07:32.233 456 485 D RIL-DEV : [05-08_16:07:32:233] idVendor = 1d6b
05-08 16:07:32.233 456 485 D RIL-DEV :
05-08 16:07:32.233 456 485 D RIL-DEV : [05-08_16:07:32:234] idVendor = 1d6b
05-08 16:07:32.233 456 485 D RIL-DEV :
05-08 16:07:32.234 456 485 D RIL-DEV : [05-08_16:07:32:234] idVendor = 0781
05-08 16:07:32.234 456 485 D RIL-DEV :
05-08 16:07:32.234 456 485 D RIL-DEV : [05-08_16:07:32:234] idVendor = 1d6b
05-08 16:07:32.234 456 485 D RIL-DEV :
05-08 16:07:32.234 456 485 E RIL-DEV : Cannot find Meig devices
05-08 16:07:32.234 456 485 I RIL : ---> can't find meig usb devices
05-08 16:15:25.337 6849 6849 I : read descriptors
05-08 16:15:25.337 6849 6849 I : read strings
05-08 16:15:26.400 6849 6849 I : read descriptors
05-08 16:15:26.400 6849 6849 I : read strings
05-08 16:15:26.401 1 1 I init : processing action (sys.usb.config=adb && sys.usb.configfs=1 && sys.usb.ffs.ready=1) from (/system/etc/init/hw/init.usb.configfs.rc:20)
05-08 16:15:26.402 1 1 I init : Command 'symlink /config/usb_gadget/g1/functions/ffs.adb /config/usb_gadget/g1/configs/b.1/f1' action=sys.usb.config=adb && sys.usb.configfs=1 && sys.usb.ffs.ready=1 (/system/etc/init/hw/init.usb.configfs.rc:22) took 0ms and failed: symlink() failed: File exists
05-08 16:15:26.403 1 1 I init : Command 'write /config/usb_gadget/g1/UDC ${sys.usb.controller}' action=sys.usb.config=adb && sys.usb.configfs=1 && sys.usb.ffs.ready=1 (/system/etc/init/hw/init.usb.configfs.rc:23) took 0ms and failed: Unable to write to file '/config/usb_gadget/g1/UDC': Unable to write file contents: Device or resource busy
05-08 16:07:34.235 456 485 I RIL : ---> enter mainloop wait at port
05-08 16:07:34.235 456 485 D RIL-DEV : Get modem info
05-08 16:07:34.236 456 485 D RIL-DEV : [05-08_16:07:34:236] idVendor = 1d6b
05-08 16:07:34.236 456 485 D RIL-DEV :
05-08 16:07:34.236 456 485 D RIL-DEV : [05-08_16:07:34:236] idVendor = 1d6b
05-08 16:07:34.236 456 485 D RIL-DEV :
05-08 16:07:34.236 456 485 D RIL-DEV : [05-08_16:07:34:237] idVendor = 1d6b
05-08 16:07:34.236 456 485 D RIL-DEV :
05-08 16:07:34.236 456 485 D RIL-DEV : [05-08_16:07:34:237] idVendor = 0781
05-08 16:07:34.236 456 485 D RIL-DEV :
05-08 16:07:34.237 456 485 D RIL-DEV : [05-08_16:07:34:237] idVendor = 1d6b
05-08 16:07:34.237 456 485 D RIL-DEV :
05-08 16:07:34.237 456 485 E RIL-DEV : Cannot find Meig devices
05-08 16:07:34.237 456 485 I RIL : ---> can't find meig usb devices
05-08 16:15:27.454 6849 6849 I : read descriptors
05-08 16:15:27.454 6849 6849 I : read strings
05-08 16:15:27.456 1 1 I init : processing action (sys.usb.config=adb && sys.usb.configfs=1 && sys.usb.ffs.ready=1) from (/system/etc/init/hw/init.usb.configfs.rc:20)
05-08 16:15:27.459 1 1 I init : Command 'symlink /config/usb_gadget/g1/functions/ffs.adb /config/usb_gadget/g1/configs/b.1/f1' action=sys.usb.config=adb && sys.usb.configfs=1 && sys.usb.ffs.ready=1 (/system/etc/init/hw/init.usb.configfs.rc:22) took 0ms and failed: symlink() failed: File exists
05-08 16:15:27.462 1 1 I init : Command 'write /config/usb_gadget/g1/UDC ${sys.usb.controller}' action=sys.usb.config=adb && sys.usb.configfs=1 && sys.usb.ffs.ready=1 (/system/etc/init/hw/init.usb.configfs.rc:23) took 2ms and failed: Unable to write to file '/config/usb_gadget/g1/UDC': Unable to write file contents: Device or resource busy
05-08 16:07:36.238 456 485 I RIL : ---> enter mainloop wait at port
05-08 16:07:36.238 456 485 D RIL-DEV : Get modem info
05-08 16:07:36.238 456 485 D RIL-DEV : [05-08_16:07:36:239] idVendor = 1d6b
05-08 16:07:36.238 456 485 D RIL-DEV :
05-08 16:07:36.239 456 485 D RIL-DEV : [05-08_16:07:36:239] idVendor = 1d6b
05-08 16:07:36.239 456 485 D RIL-DEV :
05-08 16:07:36.239 456 485 D RIL-DEV : [05-08_16:07:36:240] idVendor = 1d6b
05-08 16:07:36.239 456 485 D RIL-DEV :
05-08 16:07:36.239 456 485 D RIL-DEV : [05-08_16:07:36:240] idVendor = 0781
05-08 16:07:36.239 456 485 D RIL-DEV :
05-08 16:07:36.240 456 485 D RIL-DEV : [05-08_16:07:36:240] idVendor = 1d6b
05-08 16:07:36.240 456 485 D RIL-DEV :
05-08 16:07:36.240 456 485 E RIL-DEV : Cannot find Meig devices
05-08 16:07:36.240 456 485 I RIL : ---> can't find meig usb devices
05-08 16:15:28.497 6849 6849 I : read descriptors
05-08 16:15:28.497 6849 6849 I : read strings
05-08 16:15:28.500 1 1 I init : processing action (sys.usb.config=adb && sys.usb.configfs=1 && sys.usb.ffs.ready=1) from (/system/etc/init/hw/init.usb.configfs.rc:20)
05-08 16:15:28.502 1 1 I init : Command 'symlink /config/usb_gadget/g1/functions/ffs.adb /config/usb_gadget/g1/configs/b.1/f1' action=sys.usb.config=adb && sys.usb.configfs=1 && sys.usb.ffs.ready=1 (/system/etc/init/hw/init.usb.configfs.rc:22) took 0ms and failed: symlink() failed: File exists
05-08 16:15:28.502 1 1 I init : Command 'write /config/usb_gadget/g1/UDC ${sys.usb.controller}' action=sys.usb.config=adb && sys.usb.configfs=1 && sys.usb.ffs.ready=1 (/system/etc/init/hw/init.usb.configfs.rc:23) took 0ms and failed: Unable to write to file '/config/usb_gadget/g1/UDC': Unable to write file contents: Device or resource busy
05-08 16:15:29.537 6849 6849 I : read descriptors
05-08 16:15:29.537 6849 6849 I : read strings
05-08 16:15:29.539 1 1 I init : processing action (sys.usb.config=adb && sys.usb.configfs=1 && sys.usb.ffs.ready=1) from (/system/etc/init/hw/init.usb.configfs.rc:20)
05-08 16:07:38.241 456 485 I RIL : ---> enter mainloop wait at port
05-08 16:07:38.241 456 485 D RIL-DEV : Get modem info
05-08 16:07:38.242 456 485 D RIL-DEV : [05-08_16:07:38:242] idVendor = 1d6b
05-08 16:07:38.242 456 485 D RIL-DEV :
05-08 16:07:38.242 456 485 D RIL-DEV : [05-08_16:07:38:242] idVendor = 1d6b
05-08 16:07:38.242 456 485 D RIL-DEV :
05-08 16:07:38.242 456 485 D RIL-DEV : [05-08_16:07:38:243] idVendor = 1d6b
05-08 16:07:38.242 456 485 D RIL-DEV :
05-08 16:07:38.243 456 485 D RIL-DEV : [05-08_16:07:38:243] idVendor = 0781
05-08 16:07:38.243 456 485 D RIL-DEV :
05-08 16:07:38.243 456 485 D RIL-DEV : [05-08_16:07:38:243] idVendor = 1d6b
05-08 16:07:38.243 456 485 D RIL-DEV :
05-08 16:07:38.243 456 485 E RIL-DEV : Cannot find Meig devices
05-08 16:07:38.243 456 485 I RIL : ---> can't find meig usb devices
05-08 16:15:30.600 6849 6849 I : read descriptors
05-08 16:15:30.600 6849 6849 I : read strings
05-08 16:15:31.640 6849 6849 I : read descriptors
05-08 16:15:31.640 6849 6849 I : read strings
05-08 16:15:31.642 1 1 I init : processing action (sys.usb.config=adb && sys.usb.configfs=1 && sys.usb.ffs.ready=1) from (/system/etc/init/hw/init.usb.configfs.rc:20)
05-08 16:15:31.645 1 1 I init : Command 'symlink /config/usb_gadget/g1/functions/ffs.adb /config/usb_gadget/g1/configs/b.1/f1' action=sys.usb.config=adb && sys.usb.configfs=1 && sys.usb.ffs.ready=1 (/system/etc/init/hw/init.usb.configfs.rc:22) took 0ms and failed: symlink() failed: File exists
05-08 16:15:31.647 1 1 I init : Command 'write /config/usb_gadget/g1/UDC ${sys.usb.controller}' action=sys.usb.config=adb && sys.usb.configfs=1 && sys.usb.ffs.ready=1 (/system/etc/init/hw/init.usb.configfs.rc:23) took 0ms and failed: Unable to write to file '/config/usb_gadget/g1/UDC': Unable to write file contents: Device or resource busy
05-08 16:07:40.244 456 485 I RIL : ---> enter mainloop wait at port
05-08 16:07:40.244 456 485 D RIL-DEV : Get modem info
05-08 16:07:40.245 456 485 D RIL-DEV : [05-08_16:07:40:245] idVendor = 1d6b
05-08 16:07:40.245 456 485 D RIL-DEV :
05-08 16:07:40.245 456 485 D RIL-DEV : [05-08_16:07:40:246] idVendor = 1d6b
05-08 16:07:40.245 456 485 D RIL-DEV :
05-08 16:07:40.246 456 485 D RIL-DEV : [05-08_16:07:40:246] idVendor = 1d6b
05-08 16:07:40.246 456 485 D RIL-DEV :
05-08 16:07:40.246 456 485 D RIL-DEV : [05-08_16:07:40:246] idVendor = 0781
05-08 16:07:40.246 456 485 D RIL-DEV :
05-08 16:07:40.246 456 485 D RIL-DEV : [05-08_16:07:40:246] idVendor = 1d6b
05-08 16:07:40.246 456 485 D RIL-DEV :
05-08 16:07:40.246 456 485 E RIL-DEV : Cannot find Meig devices
05-08 16:07:40.246 456 485 I RIL : ---> can't find meig usb devices
05-08 16:15:32.687 6849 6849 I : read descriptors
05-08 16:15:32.687 6849 6849 I : read strings
05-08 16:15:32.689 1 1 I init : processing action (sys.usb.config=adb && sys.usb.configfs=1 && sys.usb.ffs.ready=1) from (/system/etc/init/hw/init.usb.configfs.rc:20)
05-08 16:15:32.692 1 1 I init : Command 'symlink /config/usb_gadget/g1/functions/ffs.adb /config/usb_gadget/g1/configs/b.1/f1' action=sys.usb.config=adb && sys.usb.configfs=1 && sys.usb.ffs.ready=1 (/system/etc/init/hw/init.usb.configfs.rc:22) took 0ms and failed: symlink() failed: File exists
05-08 16:15:32.693 1 1 I init : Command 'write /config/usb_gadget/g1/UDC ${sys.usb.controller}' action=sys.usb.config=adb && sys.usb.configfs=1 && sys.usb.ffs.ready=1 (/system/etc/init/hw/init.usb.configfs.rc:23) took 0ms and failed: Unable to write to file '/config/usb_gadget/g1/UDC': Unable to write file contents: Device or resource busy
05-08 16:15:33.743 6849 6849 I : read descriptors
05-08 16:15:33.744 6849 6849 I : read strings
05-08 16:15:33.746 1 1 I init : processing action (sys.usb.config=adb && sys.usb.configfs=1 && sys.usb.ffs.ready=1) from (/system/etc/init/hw/init.usb.configfs.rc:20)
05-08 16:15:33.749 1 1 I init : Command 'symlink /config/usb_gadget/g1/functions/ffs.adb /config/usb_gadget/g1/configs/b.1/f1' action=sys.usb.config=adb && sys.usb.configfs=1 && sys.usb.ffs.ready=1 (/system/etc/init/hw/init.usb.configfs.rc:22) took 1ms and failed: symlink() failed: File exists
05-08 16:15:33.751 1 1 I init : Command 'write /config/usb_gadget/g1/UDC ${sys.usb.controller}' action=sys.usb.config=adb && sys.usb.configfs=1 && sys.usb.ffs.ready=1 (/system/etc/init/hw/init.usb.configfs.rc:23) took 1ms and failed: Unable to write to file '/config/usb_gadget/g1/UDC': Unable to write file contents: Device or resource busy
05-08 16:07:42.247 456 485 I RIL : ---> enter mainloop wait at port
05-08 16:07:42.247 456 485 D RIL-DEV : Get modem info
05-08 16:07:42.248 456 485 D RIL-DEV : [05-08_16:07:42:248] idVendor = 1d6b
05-08 16:07:42.248 456 485 D RIL-DEV :
05-08 16:07:42.248 456 485 D RIL-DEV : [05-08_16:07:42:249] idVendor = 1d6b
05-08 16:07:42.248 456 485 D RIL-DEV :
05-08 16:07:42.249 456 485 D RIL-DEV : [05-08_16:07:42:249] idVendor = 1d6b
05-08 16:07:42.249 456 485 D RIL-DEV :
05-08 16:07:42.249 456 485 D RIL-DEV : [05-08_16:07:42:249] idVendor = 0781
05-08 16:07:42.249 456 485 D RIL-DEV :
05-08 16:07:42.249 456 485 D RIL-DEV : [05-08_16:07:42:250] idVendor = 1d6b
05-08 16:07:42.249 456 485 D RIL-DEV :
05-08 16:07:42.250 456 485 E RIL-DEV : Cannot find Meig devices
05-08 16:07:42.250 456 485 I RIL : ---> can't find meig usb devices
05-08 16:15:34.790 6849 6849 I : read descriptors
05-08 16:15:34.790 6849 6849 I : read strings
05-08 16:15:34.792 1 1 I init : processing action (sys.usb.config=adb && sys.usb.configfs=1 && sys.usb.ffs.ready=1) from (/system/etc/init/hw/init.usb.configfs.rc:20)
05-08 16:15:35.847 6849 6849 I : read descriptors
05-08 16:15:35.847 6849 6849 I : read strings
05-08 16:07:44.250 456 485 I RIL : ---> enter mainloop wait at port
05-08 16:07:44.250 456 485 D RIL-DEV : Get modem info
05-08 16:07:44.251 456 485 D RIL-DEV : [05-08_16:07:44:251] idVendor = 1d6b
05-08 16:07:44.251 456 485 D RIL-DEV :
05-08 16:07:44.251 456 485 D RIL-DEV : [05-08_16:07:44:252] idVendor = 1d6b
05-08 16:07:44.251 456 485 D RIL-DEV :
05-08 16:07:44.252 456 485 D RIL-DEV : [05-08_16:07:44:252] idVendor = 1d6b
05-08 16:07:44.252 456 485 D RIL-DEV :
05-08 16:07:44.252 456 485 D RIL-DEV : [05-08_16:07:44:253] idVendor = 0781
05-08 16:07:44.252 456 485 D RIL-DEV :
05-08 16:07:44.252 456 485 D RIL-DEV : [05-08_16:07:44:253] idVendor = 1d6b
05-08 16:07:44.252 456 485 D RIL-DEV :
05-08 16:07:44.253 456 485 E RIL-DEV : Cannot find Meig devices
05-08 16:07:44.253 456 485 I RIL : ---> can't find meig usb devices
05-08 16:15:36.893 6849 6849 I : read descriptors
05-08 16:15:36.894 6849 6849 I : read strings
05-08 16:15:36.896 1 1 I init : processing action (sys.usb.config=adb && sys.usb.configfs=1 && sys.usb.ffs.ready=1) from (/system/etc/init/hw/init.usb.configfs.rc:20)
05-08 16:15:36.899 1 1 I init : Command 'symlink /config/usb_gadget/g1/functions/ffs.adb /config/usb_gadget/g1/configs/b.1/f1' action=sys.usb.config=adb && sys.usb.configfs=1 && sys.usb.ffs.ready=1 (/system/etc/init/hw/init.usb.configfs.rc:22) took 1ms and failed: symlink() failed: File exists
05-08 16:15:36.901 1 1 I init : Command 'write /config/usb_gadget/g1/UDC ${sys.usb.controller}' action=sys.usb.config=adb && sys.usb.configfs=1 && sys.usb.ffs.ready=1 (/system/etc/init/hw/init.usb.configfs.rc:23) took 1ms and failed: Unable to write to file '/config/usb_gadget/g1/UDC': Unable to write file contents: Device or resource busy
05-08 16:15:37.957 6849 6849 I : read descriptors
05-08 16:15:37.957 6849 6849 I : read strings
05-08 16:15:37.959 1 1 I init : processing action (sys.usb.config=adb && sys.usb.configfs=1 && sys.usb.ffs.ready=1) from (/system/etc/init/hw/init.usb.configfs.rc:20)
05-08 16:15:37.961 1 1 I init : Command 'symlink /config/usb_gadget/g1/functions/ffs.adb /config/usb_gadget/g1/configs/b.1/f1' action=sys.usb.config=adb && sys.usb.configfs=1 && sys.usb.ffs.ready=1 (/system/etc/init/hw/init.usb.configfs.rc:22) took 0ms and failed: symlink() failed: File exists
05-08 16:15:37.964 1 1 I init : Command 'write /config/usb_gadget/g1/UDC ${sys.usb.controller}' action=sys.usb.config=adb && sys.usb.configfs=1 && sys.usb.ffs.ready=1 (/system/etc/init/hw/init.usb.configfs.rc:23) took 2ms and failed: Unable to write to file '/config/usb_gadget/g1/UDC': Unable to write file contents: Device or resource busy
05-08 16:07:46.253 456 485 I RIL : ---> enter mainloop wait at port
05-08 16:07:46.253 456 485 D RIL-DEV : Get modem info
05-08 16:07:46.253 456 485 D RIL-DEV : [05-08_16:07:46:254] idVendor = 1d6b
05-08 16:07:46.253 456 485 D RIL-DEV :
05-08 16:07:46.253 456 485 D RIL-DEV : [05-08_16:07:46:254] idVendor = 1d6b
05-08 16:07:46.253 456 485 D RIL-DEV :
05-08 16:07:46.253 456 485 D RIL-DEV : [05-08_16:07:46:254] idVendor = 1d6b
05-08 16:07:46.253 456 485 D RIL-DEV :
05-08 16:07:46.254 456 485 D RIL-DEV : [05-08_16:07:46:254] idVendor = 0781
05-08 16:07:46.254 456 485 D RIL-DEV :
05-08 16:07:46.254 456 485 D RIL-DEV : [05-08_16:07:46:254] idVendor = 1d6b
05-08 16:07:46.254 456 485 D RIL-DEV :
05-08 16:07:46.254 456 485 E RIL-DEV : Cannot find Meig devices
