05-08 16:10:59.551 1472 1472 W ContextImpl: Calling a method in the system process without a qualified user: android.app.ContextImpl.sendBroadcast:1181 android.content.ContextWrapper.sendBroadcast:479 com.eben.eguard.service.EGuardService$1.handleMessage:73 android.os.Handler.dispatchMessage:106 android.os.Looper.loopOnce:201
05-08 16:10:59.556 615 642 I DropBoxManagerService: add tag=system_server_wtf isTagEnabled=true flags=0x2
05-08 16:19:00.117 6849 6849 I : read descriptors
05-08 16:19:00.118 6849 6849 I : read strings
05-08 16:11:00.003 1267 1267 W ContextImpl: Calling a method in the system process without a qualified user: android.app.ContextImpl.sendBroadcast:1181 android.content.ContextWrapper.sendBroadcast:479 cn.eben.newweather.DateWeatherService.a:19 cn.eben.newweather.DateWeatherService.a:0 cn.eben.newweather.DateWeatherService$1.handleMessage:7
05-08 16:11:00.336 615 657 I PowerManagerService: Powering off display group due to timeout (groupId= 0, uid= 1000)...
05-08 16:11:00.336 615 657 I PowerManagerService: Going to sleep due to timeout (uid 1000)...
05-08 16:11:00.477 615 657 V DisplayPowerController[0]: Brightness [0.6929134] reason changing to: 'automatic', previous reason: 'automatic [ dim ]'.
05-08 16:11:00.896 456 485 I RIL : ---> enter mainloop wait at port
05-08 16:11:00.897 456 485 D RIL-DEV : Get modem info
05-08 16:11:00.902 456 485 D RIL-DEV : [05-08_16:11:00:902] idVendor = 1d6b
05-08 16:11:00.902 456 485 D RIL-DEV :
05-08 16:11:00.903 456 485 D RIL-DEV : [05-08_16:11:00:903] idVendor = 1d6b
05-08 16:11:00.903 456 485 D RIL-DEV :
05-08 16:11:00.904 456 485 D RIL-DEV : [05-08_16:11:00:904] idVendor = 1d6b
05-08 16:11:00.904 456 485 D RIL-DEV :
05-08 16:11:00.904 456 485 D RIL-DEV : [05-08_16:11:00:904] idVendor = 0781
05-08 16:11:00.904 456 485 D RIL-DEV :
05-08 16:11:00.904 456 485 D RIL-DEV : [05-08_16:11:00:904] idVendor = 1d6b
05-08 16:11:00.904 456 485 D RIL-DEV :
05-08 16:11:00.904 456 485 E RIL-DEV : Cannot find Meig devices
05-08 16:11:00.904 456 485 I RIL : ---> can't find meig usb devices
05-08 16:19:01.172 437 437 I gsensor_mxc6655 5-0015: set sensor poll time to 200ms
05-08 16:11:00.905 615 657 I DisplayPowerController[0]: Blocking screen off
05-08 16:11:00.905 615 657 I DisplayPowerController[0]: Unblocked screen off after 0 ms
05-08 16:19:01.208 6849 6849 I : read descriptors
05-08 16:19:01.208 6849 6849 I : read strings
05-08 16:19:01.210 1 1 I init : processing action (sys.usb.config=adb && sys.usb.configfs=1 && sys.usb.ffs.ready=1) from (/system/etc/init/hw/init.usb.configfs.rc:20)
05-08 16:19:01.214 431 431 W healthd : battery l=44 v=7528 t=32.5 h=1 st=3 c=-256000 fc=9700000 cc=6 chg=
05-08 16:19:01.240 1 1 I init : Command 'symlink /config/usb_gadget/g1/functions/ffs.adb /config/usb_gadget/g1/configs/b.1/f1' action=sys.usb.config=adb && sys.usb.configfs=1 && sys.usb.ffs.ready=1 (/system/etc/init/hw/init.usb.configfs.rc:22) took 0ms and failed: symlink() failed: File exists
05-08 16:19:01.241 1 1 I init : Command 'write /config/usb_gadget/g1/UDC ${sys.usb.controller}' action=sys.usb.config=adb && sys.usb.configfs=1 && sys.usb.ffs.ready=1 (/system/etc/init/hw/init.usb.configfs.rc:23) took 0ms and failed: Unable to write to file '/config/usb_gadget/g1/UDC': Unable to write file contents: Device or resource busy
05-08 16:11:00.951 615 657 V DisplayPowerController[0]: Brightness [0.003937008] reason changing to: 'screen_off', previous reason: 'automatic'.
05-08 16:11:00.956 615 636 I DisplayDeviceRepository: Display device changed state: "内置屏幕", OFF
05-08 16:11:00.969 975 975 D RILJ : [0218]> SEND_DEVICE_STATE 2:true [PHONE0]
05-08 16:11:00.970 456 456 D RILC : sendDeviceState: calling screen state 0
05-08 16:11:00.970 456 456 D RIL : onRequest number : 61
05-08 16:11:00.970 456 456 D RIL : onRequest: SCREEN_STATE
05-08 16:11:00.970 456 456 D RIL : onRequest in unavalable state
05-08 16:11:00.970 975 975 D RILJ : [0219]> SET_UNSOLICITED_RESPONSE_FILTER 32 [PHONE0]
05-08 16:11:00.970 975 1118 D RILJ : [0218]< SEND_DEVICE_STATE error 1 [PHONE0]
05-08 16:11:00.970 975 1118 D RilRequest: [0218]< SEND_DEVICE_STATE error: com.android.internal.telephony.CommandException: RADIO_NOT_AVAILABLE ret= result=null
05-08 16:11:00.971 975 975 E RILJ : setSignalStrengthReportingCriteria ignored on IRadio version less than 1.2 [PHONE0]
05-08 16:11:00.971 975 975 E RILJ : setSignalStrengthReportingCriteria ignored on IRadio version less than 1.2 [PHONE0]
05-08 16:11:00.971 975 975 E RILJ : setSignalStrengthReportingCriteria ignored on IRadio version less than 1.2 [PHONE0]
05-08 16:11:00.971 975 1118 D RILJ : [0219]< SET_UNSOLICITED_RESPONSE_FILTER error 6 [PHONE0]
05-08 16:11:00.971 975 975 D NetworkTypeController: [0] LegacyState: process EVENT_PHYSICAL_CHANNEL_CONFIG_NOTIF_CHANGED
05-08 16:11:00.971 975 1118 D RilRequest: [0219]< SET_UNSOLICITED_RESPONSE_FILTER error: com.android.internal.telephony.CommandException: REQUEST_NOT_SUPPORTED ret= result=null
05-08 16:11:00.971 975 975 D NetworkTypeController: [0] Remove all timers
05-08 16:11:00.971 975 975 D NetworkTypeController: [0] DefaultState: process EVENT_PHYSICAL_CHANNEL_CONFIG_NOTIF_CHANGED
05-08 16:11:00.971 975 975 D NetworkTypeController: [0] mIsPhysicalChannelConfigOn changed to: false
05-08 16:11:00.971 975 975 D NetworkTypeController: [0] Remove all timers
05-08 16:11:01.001 1267 1267 W ContextImpl: Calling a method in the system process without a qualified user: android.app.ContextImpl.sendBroadcast:1181 android.content.ContextWrapper.sendBroadcast:479 cn.eben.newweather.DateWeatherService.a:19 cn.eben.newweather.DateWeatherService.a:0 cn.eben.newweather.DateWeatherService$1.handleMessage:7
05-08 16:19:01.527 343 343 I rockchip-vop2 fdd90000.vop: [drm:vop2_crtc_atomic_disable] Crtc atomic disable vp2
05-08 16:11:01.276 615 657 I PowerManagerService: Sleeping display group (groupId=0, uid=1000)...
05-08 16:11:01.277 615 657 I PowerManagerService: Sleeping (uid 1000)...
05-08 16:11:01.323 975 975 D DCT-C-0 : screen off
05-08 16:11:01.323 975 975 D DCT-C-0 : stopNetStatPoll
05-08 16:11:01.351 615 5662 W ActivityManager: Ignoring request to force stop protected package u0
05-08 16:19:01.839 3080 3080 I PM : suspend entry (deep)
05-08 16:11:02.818 1267 1267 W ContextImpl: Calling a method in the system process without a qualified user: android.app.ContextImpl.sendBroadcast:1181 android.content.ContextWrapper.sendBroadcast:479 cn.eben.newweather.DateWeatherService.a:19 cn.eben.newweather.DateWeatherService.a:0 cn.eben.newweather.DateWeatherService$1.handleMessage:7
05-08 16:19:01.856 3080 3080 I Filesystems sync: 0.016 seconds
05-08 16:19:01.856 3080 3080 I : Freezing user space processes ... (elapsed 0.011 seconds) done.
05-08 16:19:01.868 3080 3080 I : OOM killer disabled.
05-08 16:19:01.868 3080 3080 I : Freezing remaining freezable tasks ... (elapsed 0.132 seconds) done.
05-08 16:19:02.000 3080 3080 I printk : Suspending console(s) (use no_console_suspend to debug)
05-08 16:19:02.077 3080 3080 E regulator-dummy: Underflow of regulator enable count
05-08 16:19:02.077 3080 3080 E wacom_i2c 4-0009: disable regulator failed -22
05-08 16:19:02.320 3080 3080 I : Disabling non-boot CPUs ...
05-08 16:19:02.321 3080 3080 I psci : CPU1 killed (polled 0 ms)
05-08 16:19:02.322 3080 3080 I psci : CPU2 killed (polled 0 ms)
05-08 16:19:02.324 3080 3080 I psci : CPU3 killed (polled 0 ms)
05-08 16:19:02.326 3080 3080 I psci : CPU4 killed (polled 0 ms)
05-08 16:19:02.329 3080 3080 I psci : CPU5 killed (polled 0 ms)
05-08 16:19:02.331 3080 3080 I psci : CPU6 killed (polled 0 ms)
05-08 16:19:02.333 3080 3080 I psci : CPU7 killed (polled 0 ms)
05-08 16:19:02.545 0 0 W [ C0] PM: pm_system_irq_wakeup: 121 triggered husb311
05-08 16:19:02.546 3080 3080 I : Enabling non-boot CPUs ...
05-08 16:19:02.547 0 0 I : Detected VIPT I-cache on CPU1
05-08 16:19:02.547 0 0 I GICv3 : CPU1: found redistributor 100 region 0:0x00000000fe6a0000
05-08 16:19:02.547 0 0 I CPU1 : Booted secondary processor 0x0000000100 [0x412fd050]
05-08 16:19:02.548 3080 3080 I : CPU1 is up
05-08 16:19:02.549 0 0 I : Detected VIPT I-cache on CPU2
05-08 16:19:02.549 0 0 I GICv3 : CPU2: found redistributor 200 region 0:0x00000000fe6c0000
05-08 16:19:02.549 0 0 I CPU2 : Booted secondary processor 0x0000000200 [0x412fd050]
05-08 16:19:02.549 3080 3080 I : CPU2 is up
05-08 16:19:02.550 0 0 I : Detected VIPT I-cache on CPU3
05-08 16:19:02.550 0 0 I GICv3 : CPU3: found redistributor 300 region 0:0x00000000fe6e0000
05-08 16:19:02.550 0 0 I CPU3 : Booted secondary processor 0x0000000300 [0x412fd050]
05-08 16:19:02.551 3080 3080 I : CPU3 is up
05-08 16:19:02.552 0 0 I : Detected PIPT I-cache on CPU4
05-08 16:19:02.552 0 0 I GICv3 : CPU4: found redistributor 400 region 0:0x00000000fe700000
05-08 16:19:02.552 0 0 I CPU4 : Booted secondary processor 0x0000000400 [0x414fd0b0]
05-08 16:19:02.553 3080 3080 I : CPU4 is up
05-08 16:19:02.554 0 0 I : Detected PIPT I-cache on CPU5
05-08 16:19:02.554 0 0 I GICv3 : CPU5: found redistributor 500 region 0:0x00000000fe720000
05-08 16:19:02.554 0 0 I CPU5 : Booted secondary processor 0x0000000500 [0x414fd0b0]
05-08 16:19:02.555 3080 3080 I : CPU5 is up
05-08 16:19:02.556 0 0 I : Detected PIPT I-cache on CPU6
05-08 16:19:02.556 0 0 I GICv3 : CPU6: found redistributor 600 region 0:0x00000000fe740000
05-08 16:19:02.556 0 0 I CPU6 : Booted secondary processor 0x0000000600 [0x414fd0b0]
05-08 16:19:02.557 3080 3080 I : CPU6 is up
05-08 16:19:02.558 0 0 I : Detected PIPT I-cache on CPU7
05-08 16:19:02.558 0 0 I GICv3 : CPU7: found redistributor 700 region 0:0x00000000fe760000
05-08 16:19:02.558 0 0 I CPU7 : Booted secondary processor 0x0000000700 [0x414fd0b0]
05-08 16:19:02.559 3080 3080 I : CPU7 is up
05-08 16:19:02.566 3080 3080 I rk_gmac-dwmac fe1c0000.ethernet: init for RGMII
05-08 16:19:02.567 11600 11600 I usb1 : root hub lost power or was reset
05-08 16:19:02.574 11604 11604 I usb3 : root hub lost power or was reset
05-08 16:19:02.574 11604 11604 I usb4 : root hub lost power or was reset
05-08 16:19:02.576 3080 3080 E PM : dpm_run_callback(): wacom_i2c_resume+0x0/0xdc returns -6
05-08 16:19:02.576 3080 3080 E PM : Device 4-0009 failed to resume: error -6
05-08 16:19:02.639 3080 3080 I usb2 : root hub lost power or was reset
05-08 16:19:03.052 11599 11599 I usb 4-1 : reset SuperSpeed Gen 1 USB device number 2 using xhci-hcd
05-08 16:19:03.074 3080 3080 I : OOM killer enabled.
05-08 16:19:03.074 3080 3080 I : Restarting tasks ...
05-08 16:19:03.089 8497 8497 I : mmc_host mmc0: Bus speed (slot 0) = 400000Hz (slot req 400000Hz, actual 400000HZ div = 0)
05-08 16:19:03.090 3080 3080 W : done.
05-08 16:19:03.091 3080 3080 I : Resume caused by IRQ 121, husb311
05-08 16:19:03.091 3080 3080 I PM : suspend exit
05-08 16:19:03.192 3080 3080 I PM : suspend entry (deep)
05-08 16:11:03.002 1267 1267 W ContextImpl: Calling a method in the system process without a qualified user: android.app.ContextImpl.sendBroadcast:1181 android.content.ContextWrapper.sendBroadcast:479 cn.eben.newweather.DateWeatherService.a:19 cn.eben.newweather.DateWeatherService.a:0 cn.eben.newweather.DateWeatherService$1.handleMessage:7
05-08 16:19:03.271 8497 8497 I : mmc_host mmc0: Bus speed (slot 0) = 49500000Hz (slot req 50000000Hz, actual 49500000HZ div = 0)
05-08 16:11:03.117 456 485 I RIL : ---> enter mainloop wait at port
05-08 16:11:03.117 456 485 D RIL-DEV : Get modem info
05-08 16:11:03.118 456 485 D RIL-DEV : [05-08_16:11:03:118] idVendor = 1d6b
05-08 16:11:03.118 456 485 D RIL-DEV :
05-08 16:11:03.118 456 485 D RIL-DEV : [05-08_16:11:03:118] idVendor = 1d6b
05-08 16:11:03.118 456 485 D RIL-DEV :
05-08 16:11:03.118 456 485 D RIL-DEV : [05-08_16:11:03:119] idVendor = 1d6b
05-08 16:11:03.118 456 485 D RIL-DEV :
05-08 16:11:03.119 456 485 D RIL-DEV : [05-08_16:11:03:119] idVendor = 0781
05-08 16:11:03.119 456 485 D RIL-DEV :
05-08 16:11:03.119 456 485 D RIL-DEV : [05-08_16:11:03:119] idVendor = 1d6b
05-08 16:11:03.119 456 485 D RIL-DEV :
05-08 16:11:03.119 456 485 E RIL-DEV : Cannot find Meig devices
05-08 16:11:03.119 456 485 I RIL : ---> can't find meig usb devices
05-08 16:19:03.490 6849 6849 I : read descriptors
05-08 16:19:03.490 6849 6849 I : read strings
05-08 16:19:03.492 1 1 I init : processing action (sys.usb.config=adb && sys.usb.configfs=1 && sys.usb.ffs.ready=1) from (/system/etc/init/hw/init.usb.configfs.rc:20)
05-08 16:19:03.495 1 1 I init : Command 'symlink /config/usb_gadget/g1/functions/ffs.adb /config/usb_gadget/g1/configs/b.1/f1' action=sys.usb.config=adb && sys.usb.configfs=1 && sys.usb.ffs.ready=1 (/system/etc/init/hw/init.usb.configfs.rc:22) took 0ms and failed: symlink() failed: File exists
05-08 16:19:03.497 1 1 I init : Command 'write /config/usb_gadget/g1/UDC ${sys.usb.controller}' action=sys.usb.config=adb && sys.usb.configfs=1 && sys.usb.ffs.ready=1 (/system/etc/init/hw/init.usb.configfs.rc:23) took 1ms and failed: Unable to write to file '/config/usb_gadget/g1/UDC': Unable to write file contents: Device or resource busy
05-08 16:19:03.994 3080 3080 I Filesystems sync: 0.802 seconds
05-08 16:19:03.994 3080 3080 I : Freezing user space processes ... (elapsed 0.010 seconds) done.
05-08 16:19:04.005 3080 3080 I : OOM killer disabled.
05-08 16:19:04.005 3080 3080 I : Freezing remaining freezable tasks ... (elapsed 0.118 seconds) done.
05-08 16:19:04.124 3080 3080 I printk : Suspending console(s) (use no_console_suspend to debug)
05-08 16:19:04.199 3080 3080 E regulator-dummy: Underflow of regulator enable count
05-08 16:19:04.199 3080 3080 E wacom_i2c 4-0009: disable regulator failed -22
05-08 16:19:04.424 3080 3080 I : Disabling non-boot CPUs ...
05-08 16:19:04.425 3080 3080 I psci : CPU1 killed (polled 0 ms)
05-08 16:19:04.427 3080 3080 I psci : CPU2 killed (polled 0 ms)
05-08 16:19:04.428 3080 3080 I psci : CPU3 killed (polled 0 ms)
05-08 16:19:04.429 3080 3080 I psci : CPU4 killed (polled 0 ms)
05-08 16:19:04.432 3080 3080 I psci : CPU5 killed (polled 0 ms)
05-08 16:19:04.434 3080 3080 I psci : CPU6 killed (polled 0 ms)
05-08 16:19:04.435 3080 3080 I psci : CPU7 killed (polled 0 ms)
05-08 16:19:04.648 0 0 W [ C0] PM: pm_system_irq_wakeup: 121 triggered husb311
05-08 16:19:04.648 3080 3080 I : Enabling non-boot CPUs ...
05-08 16:19:04.649 0 0 I : Detected VIPT I-cache on CPU1
05-08 16:19:04.649 0 0 I GICv3 : CPU1: found redistributor 100 region 0:0x00000000fe6a0000
05-08 16:19:04.649 0 0 I CPU1 : Booted secondary processor 0x0000000100 [0x412fd050]
05-08 16:19:04.650 3080 3080 I : CPU1 is up
05-08 16:19:04.651 0 0 I : Detected VIPT I-cache on CPU2
05-08 16:19:04.651 0 0 I GICv3 : CPU2: found redistributor 200 region 0:0x00000000fe6c0000
05-08 16:19:04.651 0 0 I CPU2 : Booted secondary processor 0x0000000200 [0x412fd050]
05-08 16:19:04.652 3080 3080 I : CPU2 is up
05-08 16:19:04.652 0 0 I : Detected VIPT I-cache on CPU3
05-08 16:19:04.652 0 0 I GICv3 : CPU3: found redistributor 300 region 0:0x00000000fe6e0000
05-08 16:19:04.652 0 0 I CPU3 : Booted secondary processor 0x0000000300 [0x412fd050]
05-08 16:11:04.920 1267 1267 W ContextImpl: Calling a method in the system process without a qualified user: android.app.ContextImpl.sendBroadcast:1181 android.content.ContextWrapper.sendBroadcast:479 cn.eben.newweather.DateWeatherService.a:19 cn.eben.newweather.DateWeatherService.a:0 cn.eben.newweather.DateWeatherService$1.handleMessage:7
05-08 16:19:04.653 3080 3080 I : CPU3 is up
05-08 16:19:04.654 0 0 I : Detected PIPT I-cache on CPU4
05-08 16:19:04.654 0 0 I GICv3 : CPU4: found redistributor 400 region 0:0x00000000fe700000
05-08 16:19:04.654 0 0 I CPU4 : Booted secondary processor 0x0000000400 [0x414fd0b0]
05-08 16:19:04.655 3080 3080 I : CPU4 is up
05-08 16:19:04.656 0 0 I : Detected PIPT I-cache on CPU5
05-08 16:19:04.656 0 0 I GICv3 : CPU5: found redistributor 500 region 0:0x00000000fe720000
05-08 16:19:04.656 0 0 I CPU5 : Booted secondary processor 0x0000000500 [0x414fd0b0]
05-08 16:19:04.657 3080 3080 I : CPU5 is up
05-08 16:19:04.658 0 0 I : Detected PIPT I-cache on CPU6
05-08 16:19:04.658 0 0 I GICv3 : CPU6: found redistributor 600 region 0:0x00000000fe740000
05-08 16:19:04.658 0 0 I CPU6 : Booted secondary processor 0x0000000600 [0x414fd0b0]
05-08 16:19:04.659 3080 3080 I : CPU6 is up
05-08 16:19:04.660 0 0 I : Detected PIPT I-cache on CPU7
05-08 16:19:04.660 0 0 I GICv3 : CPU7: found redistributor 700 region 0:0x00000000fe760000
05-08 16:19:04.660 0 0 I CPU7 : Booted secondary processor 0x0000000700 [0x414fd0b0]
05-08 16:19:04.662 3080 3080 I : CPU7 is up
05-08 16:19:04.668 3080 3080 I rk_gmac-dwmac fe1c0000.ethernet: init for RGMII
05-08 16:19:04.668 11598 11598 I usb1 : root hub lost power or was reset
05-08 16:19:04.676 11615 11615 I usb3 : root hub lost power or was reset
05-08 16:19:04.676 11615 11615 I usb4 : root hub lost power or was reset
05-08 16:19:04.677 3080 3080 E PM : dpm_run_callback(): wacom_i2c_resume+0x0/0xdc returns -6
05-08 16:19:04.677 3080 3080 E PM : Device 4-0009 failed to resume: error -6
05-08 16:19:04.738 3080 3080 I usb2 : root hub lost power or was reset
05-08 16:19:05.155 11605 11605 I usb 4-1 : reset SuperSpeed Gen 1 USB device number 2 using xhci-hcd
05-08 16:19:05.177 3080 3080 I : OOM killer enabled.
05-08 16:19:05.177 3080 3080 I : Restarting tasks ... done.
05-08 16:19:05.190 3080 3080 I : Resume caused by IRQ 121, husb311
05-08 16:19:05.190 3080 3080 I PM : suspend exit
05-08 16:19:05.191 10351 10351 I : mmc_host mmc0: Bus speed (slot 0) = 400000Hz (slot req 400000Hz, actual 400000HZ div = 0)
05-08 16:11:05.002 1267 1267 W ContextImpl: Calling a method in the system process without a qualified user: android.app.ContextImpl.sendBroadcast:1181 android.content.ContextWrapper.sendBroadcast:479 cn.eben.newweather.DateWeatherService.a:19 cn.eben.newweather.DateWeatherService.a:0 cn.eben.newweather.DateWeatherService$1.handleMessage:7
05-08 16:19:05.291 3080 3080 I PM : suspend entry (deep)
05-08 16:19:05.372 10351 10351 I : mmc_host mmc0: Bus speed (slot 0) = 49500000Hz (slot req 50000000Hz, actual 49500000HZ div = 0)
05-08 16:19:05.398 3080 3080 I Filesystems sync: 0.107 seconds
05-08 16:19:05.399 3080 3080 I : Freezing user space processes ... (elapsed 0.010 seconds) done.
05-08 16:11:06.411 456 485 I RIL : ---> enter mainloop wait at port
05-08 16:11:06.411 456 485 D RIL-DEV : Get modem info
05-08 16:11:06.412 456 485 D RIL-DEV : [05-08_16:11:06:412] idVendor = 1d6b
05-08 16:11:06.412 456 485 D RIL-DEV :
05-08 16:11:06.415 615 615 W Looper : Slow delivery took 595ms main h=android.os.Handler c=com.android.internal.os.BinderCallsStats$1@4d58094 m=0
05-08 16:11:06.417 1267 1267 W ContextImpl: Calling a method in the system process without a qualified user: android.app.ContextImpl.sendBroadcast:1181 android.content.ContextWrapper.sendBroadcast:479 cn.eben.newweather.DateWeatherService.a:19 cn.eben.newweather.DateWeatherService.a:0 cn.eben.newweather.DateWeatherService$1.handleMessage:7
05-08 16:11:06.421 456 485 D RIL-DEV : [05-08_16:11:06:413] idVendor = 1d6b
05-08 16:11:06.421 456 485 D RIL-DEV :
05-08 16:11:06.421 456 485 D RIL-DEV : [05-08_16:11:06:422] idVendor = 1d6b
05-08 16:11:06.421 456 485 D RIL-DEV :
05-08 16:11:06.421 456 485 D RIL-DEV : [05-08_16:11:06:422] idVendor = 0781
05-08 16:11:06.421 456 485 D RIL-DEV :
05-08 16:11:06.422 456 485 D RIL-DEV : [05-08_16:11:06:422] idVendor = 1d6b
05-08 16:11:06.422 456 485 D RIL-DEV :
05-08 16:11:06.422 456 485 E RIL-DEV : Cannot find Meig devices
05-08 16:11:06.422 456 485 I RIL : ---> can't find meig usb devices
05-08 16:19:05.409 3080 3080 I : OOM killer disabled.
05-08 16:19:05.409 3080 3080 I : Freezing remaining freezable tasks ... (elapsed 0.183 seconds) done.
05-08 16:19:05.593 3080 3080 I printk : Suspending console(s) (use no_console_suspend to debug)
05-08 16:19:05.667 3080 3080 E regulator-dummy: Underflow of regulator enable count
05-08 16:19:05.667 3080 3080 E wacom_i2c 4-0009: disable regulator failed -22
05-08 16:19:05.891 3080 3080 I : Disabling non-boot CPUs ...
05-08 16:19:05.892 3080 3080 I psci : CPU1 killed (polled 0 ms)
05-08 16:19:05.893 3080 3080 I psci : CPU2 killed (polled 0 ms)
05-08 16:19:05.895 3080 3080 I psci : CPU3 killed (polled 0 ms)
05-08 16:19:05.897 3080 3080 I psci : CPU4 killed (polled 0 ms)
05-08 16:19:05.899 3080 3080 I psci : CPU5 killed (polled 0 ms)
05-08 16:19:05.901 3080 3080 I psci : CPU6 killed (polled 0 ms)
05-08 16:19:05.902 3080 3080 I psci : CPU7 killed (polled 0 ms)
05-08 16:19:06.140 0 0 W [ C0] PM: pm_system_irq_wakeup: 121 triggered husb311
05-08 16:19:06.141 3080 3080 I : Enabling non-boot CPUs ...
05-08 16:19:06.142 0 0 I : Detected VIPT I-cache on CPU1
05-08 16:19:06.142 0 0 I GICv3 : CPU1: found redistributor 100 region 0:0x00000000fe6a0000
05-08 16:19:06.142 0 0 I CPU1 : Booted secondary processor 0x0000000100 [0x412fd050]
05-08 16:19:06.143 3080 3080 I : CPU1 is up
05-08 16:19:06.144 0 0 I : Detected VIPT I-cache on CPU2
05-08 16:19:06.144 0 0 I GICv3 : CPU2: found redistributor 200 region 0:0x00000000fe6c0000
05-08 16:19:06.144 0 0 I CPU2 : Booted secondary processor 0x0000000200 [0x412fd050]
05-08 16:19:06.144 3080 3080 I : CPU2 is up
05-08 16:19:06.145 0 0 I : Detected VIPT I-cache on CPU3
05-08 16:19:06.145 0 0 I GICv3 : CPU3: found redistributor 300 region 0:0x00000000fe6e0000
05-08 16:19:06.145 0 0 I CPU3 : Booted secondary processor 0x0000000300 [0x412fd050]
05-08 16:19:06.146 3080 3080 I : CPU3 is up
05-08 16:19:06.147 0 0 I : Detected PIPT I-cache on CPU4
05-08 16:19:06.147 0 0 I GICv3 : CPU4: found redistributor 400 region 0:0x00000000fe700000
05-08 16:19:06.147 0 0 I CPU4 : Booted secondary processor 0x0000000400 [0x414fd0b0]
05-08 16:19:06.148 3080 3080 I : CPU4 is up
05-08 16:19:06.149 0 0 I : Detected PIPT I-cache on CPU5
05-08 16:19:06.149 0 0 I GICv3 : CPU5: found redistributor 500 region 0:0x00000000fe720000
05-08 16:19:06.149 0 0 I CPU5 : Booted secondary processor 0x0000000500 [0x414fd0b0]
05-08 16:19:06.150 3080 3080 I : CPU5 is up
05-08 16:19:06.151 0 0 I : Detected PIPT I-cache on CPU6
05-08 16:19:06.151 0 0 I GICv3 : CPU6: found redistributor 600 region 0:0x00000000fe740000
05-08 16:19:06.151 0 0 I CPU6 : Booted secondary processor 0x0000000600 [0x414fd0b0]
05-08 16:19:06.152 3080 3080 I : CPU6 is up
05-08 16:19:06.153 0 0 I : Detected PIPT I-cache on CPU7
05-08 16:19:06.153 0 0 I GICv3 : CPU7: found redistributor 700 region 0:0x00000000fe760000
05-08 16:19:06.153 0 0 I CPU7 : Booted secondary processor 0x0000000700 [0x414fd0b0]
05-08 16:19:06.154 3080 3080 I : CPU7 is up
05-08 16:19:06.161 3080 3080 I rk_gmac-dwmac fe1c0000.ethernet: init for RGMII
05-08 16:19:06.161 11602 11602 I usb1 : root hub lost power or was reset
05-08 16:19:06.168 11611 11611 I usb3 : root hub lost power or was reset
05-08 16:19:06.168 11611 11611 I usb4 : root hub lost power or was reset
05-08 16:19:06.170 3080 3080 E PM : dpm_run_callback(): wacom_i2c_resume+0x0/0xdc returns -6
05-08 16:19:06.170 3080 3080 E PM : Device 4-0009 failed to resume: error -6
05-08 16:19:06.233 3080 3080 I usb2 : root hub lost power or was reset
05-08 16:19:06.649 11606 11606 I usb 4-1 : reset SuperSpeed Gen 1 USB device number 2 using xhci-hcd
05-08 16:19:06.670 3080 3080 I : OOM killer enabled.
05-08 16:19:06.670 3080 3080 I : Restarting tasks ... done.
05-08 16:19:06.691 8497 8497 I : mmc_host mmc0: Bus speed (slot 0) = 400000Hz (slot req 400000Hz, actual 400000HZ div = 0)
05-08 16:19:06.691 3080 3080 I : Resume caused by IRQ 121, husb311
05-08 16:19:06.691 3080 3080 I PM : suspend exit
05-08 16:19:06.793 3080 3080 I PM : suspend entry (deep)
05-08 16:19:06.870 8497 8497 I : mmc_host mmc0: Bus speed (slot 0) = 49500000Hz (slot req 50000000Hz, actual 49500000HZ div = 0)
05-08 16:19:06.905 3080 3080 I Filesystems sync: 0.112 seconds
05-08 16:19:06.905 3080 3080 I : Freezing user space processes ... (elapsed 0.010 seconds) done.
05-08 16:19:06.916 3080 3080 I : OOM killer disabled.
05-08 16:19:06.916 3080 3080 I : Freezing remaining freezable tasks ... (elapsed 0.174 seconds) done.
05-08 16:19:07.091 3080 3080 I printk : Suspending console(s) (use no_console_suspend to debug)
05-08 16:11:07.907 1267 1267 W ContextImpl: Calling a method in the system process without a qualified user: android.app.ContextImpl.sendBroadcast:1181 android.content.ContextWrapper.sendBroadcast:479 cn.eben.newweather.DateWeatherService.a:19 cn.eben.newweather.DateWeatherService.a:0 cn.eben.newweather.DateWeatherService$1.handleMessage:7
05-08 16:19:07.171 3080 3080 E regulator-dummy: Underflow of regulator enable count
05-08 16:19:07.171 3080 3080 E wacom_i2c 4-0009: disable regulator failed -22
05-08 16:19:07.409 3080 3080 I : Disabling non-boot CPUs ...
05-08 16:19:07.410 3080 3080 I psci : CPU1 killed (polled 0 ms)
05-08 16:19:07.411 3080 3080 I psci : CPU2 killed (polled 0 ms)
05-08 16:19:07.413 3080 3080 I psci : CPU3 killed (polled 0 ms)
05-08 16:19:07.415 3080 3080 I psci : CPU4 killed (polled 0 ms)
05-08 16:19:07.416 3080 3080 I psci : CPU5 killed (polled 0 ms)
05-08 16:19:07.418 3080 3080 I psci : CPU6 killed (polled 0 ms)
05-08 16:19:07.421 3080 3080 I psci : CPU7 killed (polled 0 ms)
05-08 16:19:07.633 0 0 W [ C0] PM: pm_system_irq_wakeup: 121 triggered husb311
05-08 16:19:07.633 3080 3080 I : Enabling non-boot CPUs ...
05-08 16:19:07.634 0 0 I : Detected VIPT I-cache on CPU1
05-08 16:19:07.634 0 0 I GICv3 : CPU1: found redistributor 100 region 0:0x00000000fe6a0000
05-08 16:19:07.634 0 0 I CPU1 : Booted secondary processor 0x0000000100 [0x412fd050]
05-08 16:19:07.635 3080 3080 I : CPU1 is up
05-08 16:19:07.636 0 0 I : Detected VIPT I-cache on CPU2
05-08 16:19:07.636 0 0 I GICv3 : CPU2: found redistributor 200 region 0:0x00000000fe6c0000
05-08 16:19:07.636 0 0 I CPU2 : Booted secondary processor 0x0000000200 [0x412fd050]
05-08 16:19:07.637 3080 3080 I : CPU2 is up
05-08 16:19:07.637 0 0 I : Detected VIPT I-cache on CPU3
05-08 16:19:07.637 0 0 I GICv3 : CPU3: found redistributor 300 region 0:0x00000000fe6e0000
05-08 16:19:07.638 0 0 I CPU3 : Booted secondary processor 0x0000000300 [0x412fd050]
05-08 16:19:07.638 3080 3080 I : CPU3 is up
05-08 16:19:07.639 0 0 I : Detected PIPT I-cache on CPU4
05-08 16:19:07.639 0 0 I GICv3 : CPU4: found redistributor 400 region 0:0x00000000fe700000
05-08 16:19:07.639 0 0 I CPU4 : Booted secondary processor 0x0000000400 [0x414fd0b0]
05-08 16:19:07.640 3080 3080 I : CPU4 is up
05-08 16:19:07.641 0 0 I : Detected PIPT I-cache on CPU5
05-08 16:19:07.641 0 0 I GICv3 : CPU5: found redistributor 500 region 0:0x00000000fe720000
05-08 16:19:07.641 0 0 I CPU5 : Booted secondary processor 0x0000000500 [0x414fd0b0]
05-08 16:19:07.642 3080 3080 I : CPU5 is up
05-08 16:19:07.643 0 0 I : Detected PIPT I-cache on CPU6
05-08 16:19:07.643 0 0 I GICv3 : CPU6: found redistributor 600 region 0:0x00000000fe740000
05-08 16:19:07.643 0 0 I CPU6 : Booted secondary processor 0x0000000600 [0x414fd0b0]
05-08 16:19:07.644 3080 3080 I : CPU6 is up
05-08 16:19:07.645 0 0 I : Detected PIPT I-cache on CPU7
05-08 16:19:07.645 0 0 I GICv3 : CPU7: found redistributor 700 region 0:0x00000000fe760000
05-08 16:19:07.645 0 0 I CPU7 : Booted secondary processor 0x0000000700 [0x414fd0b0]
05-08 16:19:07.647 3080 3080 I : CPU7 is up
05-08 16:19:07.654 3080 3080 I rk_gmac-dwmac fe1c0000.ethernet: init for RGMII
05-08 16:19:07.654 11604 11604 I usb1 : root hub lost power or was reset
05-08 16:19:07.662 11613 11613 I usb3 : root hub lost power or was reset
05-08 16:19:07.662 11613 11613 I usb4 : root hub lost power or was reset
05-08 16:19:07.664 3080 3080 E PM : dpm_run_callback(): wacom_i2c_resume+0x0/0xdc returns -6
05-08 16:19:07.664 3080 3080 E PM : Device 4-0009 failed to resume: error -6
05-08 16:19:07.728 3080 3080 I usb2 : root hub lost power or was reset
05-08 16:19:08.141 11610 11610 I usb 4-1 : reset SuperSpeed Gen 1 USB device number 2 using xhci-hcd
05-08 16:19:08.162 3080 3080 I : OOM killer enabled.
05-08 16:19:08.162 3080 3080 I : Restarting tasks ... done.
05-08 16:19:08.177 10351 10351 I : mmc_host mmc0: Bus speed (slot 0) = 400000Hz (slot req 400000Hz, actual 400000HZ div = 0)
05-08 16:19:08.179 3080 3080 I : Resume caused by IRQ 121, husb311
05-08 16:19:08.179 3080 3080 I PM : suspend exit
05-08 16:11:08.001 1267 1267 W ContextImpl: Calling a method in the system process without a qualified user: android.app.ContextImpl.sendBroadcast:1181 android.content.ContextWrapper.sendBroadcast:479 cn.eben.newweather.DateWeatherService.a:19 cn.eben.newweather.DateWeatherService.a:0 cn.eben.newweather.DateWeatherService$1.handleMessage:7
05-08 16:19:08.268 6849 6849 I : read descriptors
05-08 16:19:08.269 6849 6849 I : read strings
05-08 16:19:08.271 1 1 I init : processing action (sys.usb.config=adb && sys.usb.configfs=1 && sys.usb.ffs.ready=1) from (/system/etc/init/hw/init.usb.configfs.rc:20)
05-08 16:19:08.274 1 1 I init : Command 'symlink /config/usb_gadget/g1/functions/ffs.adb /config/usb_gadget/g1/configs/b.1/f1' action=sys.usb.config=adb && sys.usb.configfs=1 && sys.usb.ffs.ready=1 (/system/etc/init/hw/init.usb.configfs.rc:22) took 0ms and failed: symlink() failed: File exists
05-08 16:19:08.274 1 1 I init : Command 'write /config/usb_gadget/g1/UDC ${sys.usb.controller}' action=sys.usb.config=adb && sys.usb.configfs=1 && sys.usb.ffs.ready=1 (/system/etc/init/hw/init.usb.configfs.rc:23) took 0ms and failed: Unable to write to file '/config/usb_gadget/g1/UDC': Unable to write file contents: Device or resource busy
05-08 16:19:08.279 3080 3080 I PM : suspend entry (deep)
05-08 16:19:08.355 10351 10351 I : mmc_host mmc0: Bus speed (slot 0) = 49500000Hz (slot req 50000000Hz, actual 49500000HZ div = 0)
05-08 16:19:08.390 3080 3080 I Filesystems sync: 0.111 seconds
05-08 16:19:08.391 3080 3080 I : Freezing user space processes ... (elapsed 0.011 seconds) done.
05-08 16:19:08.402 3080 3080 I : OOM killer disabled.
05-08 16:19:08.402 3080 3080 I : Freezing remaining freezable tasks ... (elapsed 0.178 seconds) done.
05-08 16:19:08.581 3080 3080 I printk : Suspending console(s) (use no_console_suspend to debug)
05-08 16:11:08.843 456 485 I RIL : ---> enter mainloop wait at port
05-08 16:19:08.664 3080 3080 E regulator-dummy: Underflow of regulator enable count
05-08 16:11:08.843 456 485 D RIL-DEV : Get modem info
05-08 16:11:08.844 456 485 D RIL-DEV : [05-08_16:11:08:844] idVendor = 1d6b
05-08 16:11:08.844 456 485 D RIL-DEV :
05-08 16:11:08.844 456 485 D RIL-DEV : [05-08_16:11:08:845] idVendor = 1d6b
05-08 16:11:08.844 456 485 D RIL-DEV :
05-08 16:19:08.664 3080 3080 E wacom_i2c 4-0009: disable regulator failed -22
05-08 16:11:08.845 456 485 D RIL-DEV : [05-08_16:11:08:845] idVendor = 1d6b
05-08 16:11:08.845 456 485 D RIL-DEV :
05-08 16:11:08.845 456 485 D RIL-DEV : [05-08_16:11:08:845] idVendor = 0781
05-08 16:11:08.845 456 485 D RIL-DEV :
05-08 16:11:08.848 456 485 D RIL-DEV : [05-08_16:11:08:846] idVendor = 1d6b
05-08 16:11:08.848 456 485 D RIL-DEV :
05-08 16:11:08.848 456 485 E RIL-DEV : Cannot find Meig devices
05-08 16:11:08.848 456 485 I RIL : ---> can't find meig usb devices
05-08 16:19:08.665 3080 3080 E PM : dpm_run_callback(): platform_pm_suspend+0x0/0x5c returns -16
05-08 16:19:08.665 3080 3080 E PM : Device alarmtimer.7.auto failed to suspend: error -16
05-08 16:19:08.895 3080 3080 E PM : Some devices failed to suspend, or early wake event detected
05-08 16:19:09.104 3080 3080 I : OOM killer enabled.
05-08 16:19:09.104 3080 3080 I : Restarting tasks ... done.
05-08 16:19:09.116 3080 3080 I Abort : Device alarmtimer.7.auto failed to suspend: error -16
05-08 16:19:09.116 3080 3080 I PM : suspend exit
05-08 16:19:09.119 11537 11537 I : mmc_host mmc0: Bus speed (slot 0) = 400000Hz (slot req 400000Hz, actual 400000HZ div = 0)
05-08 16:11:09.002 1267 1267 W ContextImpl: Calling a method in the system process without a qualified user: android.app.ContextImpl.sendBroadcast:1181 android.content.ContextWrapper.sendBroadcast:479 cn.eben.newweather.DateWeatherService.a:19 cn.eben.newweather.DateWeatherService.a:0 cn.eben.newweather.DateWeatherService$1.handleMessage:7
05-08 16:19:09.308 11537 11537 I : mmc_host mmc0: Bus speed (slot 0) = 49500000Hz (slot req 50000000Hz, actual 49500000HZ div = 0)
05-08 16:11:09.221 615 615 W Looper : Drained
05-08 16:19:10.022 6849 6849 I : read descriptors
05-08 16:19:10.022 6849 6849 I : read strings
05-08 16:19:10.024 1 1 I init : processing action (sys.usb.config=adb && sys.usb.configfs=1 && sys.usb.ffs.ready=1) from (/system/etc/init/hw/init.usb.configfs.rc:20)
05-08 16:19:10.027 1 1 I init : Command 'symlink /config/usb_gadget/g1/functions/ffs.adb /config/usb_gadget/g1/configs/b.1/f1' action=sys.usb.config=adb && sys.usb.configfs=1 && sys.usb.ffs.ready=1 (/system/etc/init/hw/init.usb.configfs.rc:22) took 0ms and failed: symlink() failed: File exists
05-08 16:19:10.029 1 1 I init : Command 'write /config/usb_gadget/g1/UDC ${sys.usb.controller}' action=sys.usb.config=adb && sys.usb.configfs=1 && sys.usb.ffs.ready=1 (/system/etc/init/hw/init.usb.configfs.rc:23) took 0ms and failed: Unable to write to file '/config/usb_gadget/g1/UDC': Unable to write file contents: Device or resource busy
05-08 16:11:10.003 1267 1267 W ContextImpl: Calling a method in the system process without a qualified user: android.app.ContextImpl.sendBroadcast:1181 android.content.ContextWrapper.sendBroadcast:479 cn.eben.newweather.DateWeatherService.a:19 cn.eben.newweather.DateWeatherService.a:0 cn.eben.newweather.DateWeatherService$1.handleMessage:7
05-08 16:19:10.868 3080 3080 I PM : suspend entry (deep)
05-08 16:19:10.925 3080 3080 I Filesystems sync: 0.057 seconds
05-08 16:11:11.801 1267 1267 W ContextImpl: Calling a method in the system process without a qualified user: android.app.ContextImpl.sendBroadcast:1181 android.content.ContextWrapper.sendBroadcast:479 cn.eben.newweather.DateWeatherService.a:19 cn.eben.newweather.DateWeatherService.a:0 cn.eben.newweather.DateWeatherService$1.handleMessage:7
05-08 16:19:10.925 3080 3080 I : Freezing user space processes ... (elapsed 0.011 seconds) done.
05-08 16:19:10.936 3080 3080 I : OOM killer disabled.
05-08 16:19:10.937 3080 3080 I : Freezing remaining freezable tasks ... (elapsed 0.036 seconds) done.
05-08 16:19:10.973 3080 3080 I printk : Suspending console(s) (use no_console_suspend to debug)
05-08 16:19:11.301 3080 3080 I : Disabling non-boot CPUs ...
05-08 16:11:11.806 456 485 I RIL : ---> enter mainloop wait at port
05-08 16:19:11.302 3080 3080 I psci : CPU1 killed (polled 0 ms)
05-08 16:11:11.806 456 485 D RIL-DEV : Get modem info
05-08 16:19:11.304 3080 3080 I psci : CPU2 killed (polled 0 ms)
05-08 16:19:11.305 3080 3080 I psci : CPU3 killed (polled 0 ms)
05-08 16:19:11.307 3080 3080 I psci : CPU4 killed (polled 4 ms)
05-08 16:11:11.807 456 485 D RIL-DEV : [05-08_16:11:11:807] idVendor = 1d6b
05-08 16:11:11.807 456 485 D RIL-DEV :
05-08 16:11:11.807 456 485 D RIL-DEV : [05-08_16:11:11:807] idVendor = 1d6b
05-08 16:11:11.807 456 485 D RIL-DEV :
05-08 16:19:11.310 3080 3080 I psci : CPU5 killed (polled 0 ms)
05-08 16:19:11.312 3080 3080 I psci : CPU6 killed (polled 0 ms)
05-08 16:19:11.313 3080 3080 I psci : CPU7 killed (polled 0 ms)
05-08 16:19:11.526 0 0 W [ C0] PM: pm_system_irq_wakeup: 121 triggered husb311
05-08 16:11:11.807 456 485 D RIL-DEV : [05-08_16:11:11:808] idVendor = 1d6b
05-08 16:11:11.807 456 485 D RIL-DEV :
05-08 16:11:11.808 456 485 D RIL-DEV : [05-08_16:11:11:808] idVendor = 0781
05-08 16:11:11.808 456 485 D RIL-DEV :
05-08 16:11:11.808 456 485 D RIL-DEV : [05-08_16:11:11:808] idVendor = 1d6b
05-08 16:11:11.808 456 485 D RIL-DEV :
05-08 16:11:11.808 456 485 E RIL-DEV : Cannot find Meig devices
05-08 16:11:11.808 456 485 I RIL : ---> can't find meig usb devices
05-08 16:19:11.526 3080 3080 I : Enabling non-boot CPUs ...
05-08 16:19:11.527 0 0 I : Detected VIPT I-cache on CPU1
05-08 16:19:11.527 0 0 I GICv3 : CPU1: found redistributor 100 region 0:0x00000000fe6a0000
05-08 16:19:11.528 0 0 I CPU1 : Booted secondary processor 0x0000000100 [0x412fd050]
05-08 16:19:11.528 3080 3080 I : CPU1 is up
05-08 16:19:11.529 0 0 I : Detected VIPT I-cache on CPU2
05-08 16:19:11.529 0 0 I GICv3 : CPU2: found redistributor 200 region 0:0x00000000fe6c0000
05-08 16:19:11.529 0 0 I CPU2 : Booted secondary processor 0x0000000200 [0x412fd050]
05-08 16:19:11.530 3080 3080 I : CPU2 is up
05-08 16:19:11.531 0 0 I : Detected VIPT I-cache on CPU3
05-08 16:19:11.531 0 0 I GICv3 : CPU3: found redistributor 300 region 0:0x00000000fe6e0000
05-08 16:19:11.531 0 0 I CPU3 : Booted secondary processor 0x0000000300 [0x412fd050]
05-08 16:19:11.531 3080 3080 I : CPU3 is up
05-08 16:19:11.532 0 0 I : Detected PIPT I-cache on CPU4
05-08 16:19:11.532 0 0 I GICv3 : CPU4: found redistributor 400 region 0:0x00000000fe700000
05-08 16:19:11.532 0 0 I CPU4 : Booted secondary processor 0x0000000400 [0x414fd0b0]
05-08 16:19:11.533 3080 3080 I : CPU4 is up
05-08 16:19:11.534 0 0 I : Detected PIPT I-cache on CPU5
05-08 16:19:11.534 0 0 I GICv3 : CPU5: found redistributor 500 region 0:0x00000000fe720000
05-08 16:19:11.534 0 0 I CPU5 : Booted secondary processor 0x0000000500 [0x414fd0b0]
05-08 16:19:11.535 3080 3080 I : CPU5 is up
05-08 16:19:11.536 0 0 I : Detected PIPT I-cache on CPU6
05-08 16:19:11.536 0 0 I GICv3 : CPU6: found redistributor 600 region 0:0x00000000fe740000
05-08 16:19:11.536 0 0 I CPU6 : Booted secondary processor 0x0000000600 [0x414fd0b0]
05-08 16:19:11.538 3080 3080 I : CPU6 is up
05-08 16:19:11.539 0 0 I : Detected PIPT I-cache on CPU7
05-08 16:19:11.539 0 0 I GICv3 : CPU7: found redistributor 700 region 0:0x00000000fe760000
05-08 16:19:11.539 0 0 I CPU7 : Booted secondary processor 0x0000000700 [0x414fd0b0]
05-08 16:19:11.540 3080 3080 I : CPU7 is up
05-08 16:19:11.546 3080 3080 I rk_gmac-dwmac fe1c0000.ethernet: init for RGMII
05-08 16:19:11.546 11604 11604 I usb1 : root hub lost power or was reset
05-08 16:19:11.554 11610 11610 I usb3 : root hub lost power or was reset
05-08 16:19:11.554 11610 11610 I usb4 : root hub lost power or was reset
05-08 16:19:11.555 3080 3080 E PM : dpm_run_callback(): wacom_i2c_resume+0x0/0xdc returns -6
05-08 16:19:11.555 3080 3080 E PM : Device 4-0009 failed to resume: error -6
05-08 16:19:11.617 3080 3080 I usb2 : root hub lost power or was reset
05-08 16:19:12.033 11612 11612 I usb 4-1 : reset SuperSpeed Gen 1 USB device number 2 using xhci-hcd
05-08 16:19:12.057 3080 3080 I : OOM killer enabled.
05-08 16:19:12.057 3080 3080 I : Restarting tasks ...
05-08 16:19:13.161 431 431 W healthd : battery l=43 v=7600 t=32.5 h=1 st=3 c=0 fc=9700000 cc=6 chg=
05-08 16:19:13.162 3080 3080 W : done.
05-08 16:19:13.162 10970 10970 I : mmc_host mmc0: Bus speed (slot 0) = 400000Hz (slot req 400000Hz, actual 400000HZ div = 0)
05-08 16:19:13.164 3080 3080 I : Resume caused by IRQ 121, husb311
05-08 16:19:13.164 3080 3080 I PM : suspend exit
05-08 16:19:13.276 3080 3080 I PM : suspend entry (deep)
05-08 16:19:13.319 6849 6849 I : read descriptors
05-08 16:19:13.319 6849 6849 I : read strings
05-08 16:19:13.322 1 1 I init : processing action (sys.usb.config=adb && sys.usb.configfs=1 && sys.usb.ffs.ready=1) from (/system/etc/init/hw/init.usb.configfs.rc:20)
05-08 16:19:13.324 1 1 I init : Command 'symlink /config/usb_gadget/g1/functions/ffs.adb /config/usb_gadget/g1/configs/b.1/f1' action=sys.usb.config=adb && sys.usb.configfs=1 && sys.usb.ffs.ready=1 (/system/etc/init/hw/init.usb.configfs.rc:22) took 0ms and failed: symlink() failed: File exists
05-08 16:19:13.325 1 1 I init : Command 'write /config/usb_gadget/g1/UDC ${sys.usb.controller}' action=sys.usb.config=adb && sys.usb.configfs=1 && sys.usb.ffs.ready=1 (/system/etc/init/hw/init.usb.configfs.rc:23) took 0ms and failed: Unable to write to file '/config/usb_gadget/g1/UDC': Unable to write file contents: Device or resource busy
05-08 16:11:12.001 1267 1267 W ContextImpl: Calling a method in the system process without a qualified user: android.app.ContextImpl.sendBroadcast:1181 android.content.ContextWrapper.sendBroadcast:479 cn.eben.newweather.DateWeatherService.a:19 cn.eben.newweather.DateWeatherService.a:0 cn.eben.newweather.DateWeatherService$1.handleMessage:7
05-08 16:19:13.350 10970 10970 I : mmc_host mmc0: Bus speed (slot 0) = 49500000Hz (slot req 50000000Hz, actual 49500000HZ div = 0)
05-08 16:19:13.383 3080 3080 I Filesystems sync: 0.107 seconds
05-08 16:19:13.383 3080 3080 I : Freezing user space processes ... (elapsed 0.010 seconds) done.
05-08 16:19:13.394 3080 3080 I : OOM killer disabled.
05-08 16:19:13.394 3080 3080 I : Freezing remaining freezable tasks ... (elapsed 0.182 seconds) done.
05-08 16:19:13.576 3080 3080 I printk : Suspending console(s) (use no_console_suspend to debug)
05-08 16:19:13.658 3080 3080 E regulator-dummy: Underflow of regulator enable count
05-08 16:19:13.658 3080 3080 E wacom_i2c 4-0009: disable regulator failed -22
05-08 16:19:13.904 3080 3080 I : Disabling non-boot CPUs ...
05-08 16:19:13.905 3080 3080 I psci : CPU1 killed (polled 0 ms)
05-08 16:19:13.907 3080 3080 I psci : CPU2 killed (polled 0 ms)
05-08 16:19:13.908 3080 3080 I psci : CPU3 killed (polled 0 ms)
05-08 16:19:13.910 3080 3080 I psci : CPU4 killed (polled 0 ms)
05-08 16:19:13.912 3080 3080 I psci : CPU5 killed (polled 4 ms)
05-08 16:19:13.914 3080 3080 I psci : CPU6 killed (polled 0 ms)
05-08 16:19:13.916 3080 3080 I psci : CPU7 killed (polled 0 ms)
05-08 16:19:14.155 0 0 W [ C0] PM: pm_system_irq_wakeup: 121 triggered husb311
05-08 16:19:14.155 3080 3080 I : Enabling non-boot CPUs ...
05-08 16:19:14.156 0 0 I : Detected VIPT I-cache on CPU1
05-08 16:19:14.156 0 0 I GICv3 : CPU1: found redistributor 100 region 0:0x00000000fe6a0000
05-08 16:19:14.156 0 0 I CPU1 : Booted secondary processor 0x0000000100 [0x412fd050]
05-08 16:19:14.157 3080 3080 I : CPU1 is up
05-08 16:19:14.158 0 0 I : Detected VIPT I-cache on CPU2
05-08 16:19:14.158 0 0 I GICv3 : CPU2: found redistributor 200 region 0:0x00000000fe6c0000
05-08 16:19:14.158 0 0 I CPU2 : Booted secondary processor 0x0000000200 [0x412fd050]
05-08 16:19:14.159 3080 3080 I : CPU2 is up
05-08 16:19:14.160 0 0 I : Detected VIPT I-cache on CPU3
05-08 16:19:14.160 0 0 I GICv3 : CPU3: found redistributor 300 region 0:0x00000000fe6e0000
05-08 16:19:14.160 0 0 I CPU3 : Booted secondary processor 0x0000000300 [0x412fd050]
05-08 16:19:14.160 3080 3080 I : CPU3 is up
05-08 16:19:14.161 0 0 I : Detected PIPT I-cache on CPU4
05-08 16:19:14.161 0 0 I GICv3 : CPU4: found redistributor 400 region 0:0x00000000fe700000
05-08 16:19:14.161 0 0 I CPU4 : Booted secondary processor 0x0000000400 [0x414fd0b0]
05-08 16:19:14.162 3080 3080 I : CPU4 is up
05-08 16:19:14.163 0 0 I : Detected PIPT I-cache on CPU5
05-08 16:19:14.163 0 0 I GICv3 : CPU5: found redistributor 500 region 0:0x00000000fe720000
05-08 16:19:14.163 0 0 I CPU5 : Booted secondary processor 0x0000000500 [0x414fd0b0]
05-08 16:19:14.164 3080 3080 I : CPU5 is up
05-08 16:19:14.165 0 0 I : Detected PIPT I-cache on CPU6
05-08 16:19:14.165 0 0 I GICv3 : CPU6: found redistributor 600 region 0:0x00000000fe740000
05-08 16:11:13.341 1267 1267 W ContextImpl: Calling a method in the system process without a qualified user: android.app.ContextImpl.sendBroadcast:1181 android.content.ContextWrapper.sendBroadcast:479 cn.eben.newweather.DateWeatherService.a:19 cn.eben.newweather.DateWeatherService.a:0 cn.eben.newweather.DateWeatherService$1.handleMessage:7
05-08 16:19:14.165 0 0 I CPU6 : Booted secondary processor 0x0000000600 [0x414fd0b0]
05-08 16:19:14.166 3080 3080 I : CPU6 is up
05-08 16:19:14.167 0 0 I : Detected PIPT I-cache on CPU7
05-08 16:19:14.167 0 0 I GICv3 : CPU7: found redistributor 700 region 0:0x00000000fe760000
05-08 16:19:14.167 0 0 I CPU7 : Booted secondary processor 0x0000000700 [0x414fd0b0]
05-08 16:19:14.169 3080 3080 I : CPU7 is up
05-08 16:19:14.174 3080 3080 I rk_gmac-dwmac fe1c0000.ethernet: init for RGMII
05-08 16:19:14.174 8074 8074 I usb1 : root hub lost power or was reset
05-08 16:19:14.182 11609 11609 I usb3 : root hub lost power or was reset
05-08 16:19:14.182 11609 11609 I usb4 : root hub lost power or was reset
05-08 16:19:14.183 3080 3080 E PM : dpm_run_callback(): wacom_i2c_resume+0x0/0xdc returns -6
05-08 16:19:14.183 3080 3080 E PM : Device 4-0009 failed to resume: error -6
05-08 16:19:14.245 3080 3080 I usb2 : root hub lost power or was reset
05-08 16:19:14.661 11664 11664 I usb 4-1 : reset SuperSpeed Gen 1 USB device number 2 using xhci-hcd
05-08 16:19:14.681 3080 3080 I : OOM killer enabled.
05-08 16:19:14.681 3080 3080 I : Restarting tasks ...
05-08 16:19:14.699 8497 8497 I : mmc_host mmc0: Bus speed (slot 0) = 400000Hz (slot req 400000Hz, actual 400000HZ div = 0)
05-08 16:19:14.702 3080 3080 W : done.
05-08 16:19:14.705 3080 3080 I : Resume caused by IRQ 121, husb311
05-08 16:19:14.705 3080 3080 I PM : suspend exit
05-08 16:19:14.807 3080 3080 I PM : suspend entry (deep)
05-08 16:19:14.882 8497 8497 I : mmc_host mmc0: Bus speed (slot 0) = 49500000Hz (slot req 50000000Hz, actual 49500000HZ div = 0)
05-08 16:19:14.918 3080 3080 I Filesystems sync: 0.110 seconds
05-08 16:11:14.831 456 485 I RIL : ---> enter mainloop wait at port
05-08 16:11:14.831 456 485 D RIL-DEV : Get modem info
05-08 16:11:14.832 456 485 D RIL-DEV : [05-08_16:11:14:833] idVendor = 1d6b
05-08 16:11:14.832 456 485 D RIL-DEV :
05-08 16:11:14.833 456 485 D RIL-DEV : [05-08_16:11:14:833] idVendor = 1d6b
05-08 16:11:14.833 456 485 D RIL-DEV :
05-08 16:11:14.833 456 485 D RIL-DEV : [05-08_16:11:14:834] idVendor = 1d6b
05-08 16:11:14.833 456 485 D RIL-DEV :
05-08 16:11:14.833 456 485 D RIL-DEV : [05-08_16:11:14:834] idVendor = 0781
05-08 16:11:14.833 456 485 D RIL-DEV :
05-08 16:11:14.834 456 485 D RIL-DEV : [05-08_16:11:14:834] idVendor = 1d6b
05-08 16:11:14.834 456 485 D RIL-DEV :
05-08 16:11:14.834 456 485 E RIL-DEV : Cannot find Meig devices
05-08 16:11:14.834 456 485 I RIL : ---> can't find meig usb devices
05-08 16:11:14.837 1267 1267 W ContextImpl: Calling a method in the system process without a qualified user: android.app.ContextImpl.sendBroadcast:1181 android.content.ContextWrapper.sendBroadcast:479 cn.eben.newweather.DateWeatherService.a:19 cn.eben.newweather.DateWeatherService.a:0 cn.eben.newweather.DateWeatherService$1.handleMessage:7
05-08 16:19:14.918 3080 3080 I : Freezing user space processes ... (elapsed 0.011 seconds) done.
05-08 16:19:14.929 3080 3080 I : OOM killer disabled.
05-08 16:19:14.929 3080 3080 I : Freezing remaining freezable tasks ... (elapsed 0.170 seconds) done.
05-08 16:19:15.100 3080 3080 I printk : Suspending console(s) (use no_console_suspend to debug)
05-08 16:19:15.179 3080 3080 E regulator-dummy: Underflow of regulator enable count
05-08 16:19:15.179 3080 3080 E wacom_i2c 4-0009: disable regulator failed -22
05-08 16:19:15.424 3080 3080 I : Disabling non-boot CPUs ...
05-08 16:19:15.425 3080 3080 I psci : CPU1 killed (polled 0 ms)
05-08 16:19:15.426 3080 3080 I psci : CPU2 killed (polled 0 ms)
05-08 16:19:15.427 3080 3080 I psci : CPU3 killed (polled 0 ms)
05-08 16:19:15.430 3080 3080 I psci : CPU4 killed (polled 0 ms)
05-08 16:19:15.431 3080 3080 I psci : CPU5 killed (polled 0 ms)
05-08 16:19:15.434 3080 3080 I psci : CPU6 killed (polled 0 ms)
05-08 16:19:15.436 3080 3080 I psci : CPU7 killed (polled 0 ms)
05-08 16:19:15.648 0 0 W [ C0] PM: pm_system_irq_wakeup: 121 triggered husb311
05-08 16:19:15.648 3080 3080 I : Enabling non-boot CPUs ...
05-08 16:19:15.649 0 0 I : Detected VIPT I-cache on CPU1
05-08 16:19:15.649 0 0 I GICv3 : CPU1: found redistributor 100 region 0:0x00000000fe6a0000
05-08 16:19:15.650 0 0 I CPU1 : Booted secondary processor 0x0000000100 [0x412fd050]
05-08 16:19:15.650 3080 3080 I : CPU1 is up
05-08 16:19:15.651 0 0 I : Detected VIPT I-cache on CPU2
05-08 16:19:15.651 0 0 I GICv3 : CPU2: found redistributor 200 region 0:0x00000000fe6c0000
05-08 16:19:15.651 0 0 I CPU2 : Booted secondary processor 0x0000000200 [0x412fd050]
05-08 16:19:15.652 3080 3080 I : CPU2 is up
05-08 16:19:15.653 0 0 I : Detected VIPT I-cache on CPU3
05-08 16:19:15.653 0 0 I GICv3 : CPU3: found redistributor 300 region 0:0x00000000fe6e0000
05-08 16:19:15.653 0 0 I CPU3 : Booted secondary processor 0x0000000300 [0x412fd050]
05-08 16:19:15.653 3080 3080 I : CPU3 is up
05-08 16:19:15.654 0 0 I : Detected PIPT I-cache on CPU4
05-08 16:19:15.654 0 0 I GICv3 : CPU4: found redistributor 400 region 0:0x00000000fe700000
05-08 16:19:15.654 0 0 I CPU4 : Booted secondary processor 0x0000000400 [0x414fd0b0]
05-08 16:19:15.656 3080 3080 I : CPU4 is up
05-08 16:19:15.657 0 0 I : Detected PIPT I-cache on CPU5
05-08 16:19:15.657 0 0 I GICv3 : CPU5: found redistributor 500 region 0:0x00000000fe720000
05-08 16:19:15.657 0 0 I CPU5 : Booted secondary processor 0x0000000500 [0x414fd0b0]
05-08 16:19:15.658 3080 3080 I : CPU5 is up
05-08 16:19:15.658 0 0 I : Detected PIPT I-cache on CPU6
05-08 16:19:15.658 0 0 I GICv3 : CPU6: found redistributor 600 region 0:0x00000000fe740000
05-08 16:19:15.659 0 0 I CPU6 : Booted secondary processor 0x0000000600 [0x414fd0b0]
05-08 16:19:15.660 3080 3080 I : CPU6 is up
05-08 16:19:15.661 0 0 I : Detected PIPT I-cache on CPU7
05-08 16:19:15.661 0 0 I GICv3 : CPU7: found redistributor 700 region 0:0x00000000fe760000
05-08 16:19:15.661 0 0 I CPU7 : Booted secondary processor 0x0000000700 [0x414fd0b0]
05-08 16:19:15.662 3080 3080 I : CPU7 is up
05-08 16:19:15.668 3080 3080 I rk_gmac-dwmac fe1c0000.ethernet: init for RGMII
05-08 16:19:15.668 11609 11609 I usb1 : root hub lost power or was reset
05-08 16:19:15.676 11599 11599 I usb3 : root hub lost power or was reset
05-08 16:19:15.676 11599 11599 I usb4 : root hub lost power or was reset
05-08 16:19:15.677 3080 3080 E PM : dpm_run_callback(): wacom_i2c_resume+0x0/0xdc returns -6
05-08 16:19:15.677 3080 3080 E PM : Device 4-0009 failed to resume: error -6
05-08 16:19:15.740 3080 3080 I usb2 : root hub lost power or was reset
05-08 16:19:16.156 11603 11603 I usb 4-1 : reset SuperSpeed Gen 1 USB device number 2 using xhci-hcd
05-08 16:19:16.177 3080 3080 I : OOM killer enabled.
