05-09 11:56:51.007 776 776 I sysui_lockscreen_gesture: [1,712,5595]
05-09 11:56:51.012 621 1048 I sysui_multi_action: [757,128,758,2,793,1740002,794,2097,795,1740002,796,26,798,0,806,android,857,DEVELOPER_IMPORTANT,858,4,947,0,1395,8,1500,2096,1688,1]
05-09 11:56:51.012 621 1048 I notification_visibility: [-1|android|26|null|1000,0,1740002,1740002,0,0]
05-09 11:56:51.013 621 1048 I sysui_multi_action: [757,128,758,2,793,9442600,794,2095,795,9442600,796,1001,798,2,806,com.ebensz.filemanager,857,MtpSyncService,858,2,947,0,1395,8,1500,2095,1688,1]
05-09 11:56:51.013 621 1048 I notification_visibility: [0|com.ebensz.filemanager|1001|null|10040,0,9442600,9442600,0,2]
05-09 11:56:51.014 621 1048 I sysui_multi_action: [757,128,758,2,793,9852756,794,2095,795,9852756,796,1,798,3,806,com.ebensz.enote.notepad,857,recording_channel_01,858,2,947,0,1395,8,1500,2094,1688,4,1689,2,1690,1]
05-09 11:56:51.014 621 1048 I notification_visibility: [0|com.ebensz.enote.notepad|1|null|10038,0,9852756,9852756,0,3]
05-09 11:56:51.014 621 1048 I sysui_multi_action: [757,128,758,2,793,9078531,794,20,795,2550576,796,5,798,5,806,com.ebensz.enote.memo,857,com.ebensz.enote.memo,858,2,947,0,1395,8,1500,2550576,1688,4,1689,2,1690,1]
05-09 11:56:51.015 621 1048 I notification_visibility: [0|com.ebensz.enote.memo|5|null|10027,0,9078531,2550576,0,5]
05-09 11:56:51.015 621 1048 I sysui_multi_action: [757,128,758,2,793,2668718,794,2092,795,2668718,796,49,797,auto_saver,798,1,806,com.android.systemui,857,HNT,858,3,947,0,1395,8,1500,2091,1688,1,1745,2098068913]
05-09 11:56:51.015 621 1048 I notification_visibility: [-1|com.android.systemui|49|auto_saver|10088,0,2668718,2668718,0,1]
05-09 11:56:51.016 621 1048 I sysui_multi_action: [757,128,758,2,793,64319393,794,2088,795,64319393,796,55,798,4,806,android,857,DEVELOPER,858,2,947,0,1395,8,1500,2086,1688,1]
05-09 11:56:51.016 621 1048 I notification_visibility: [-1|android|55|null|1000,0,64319393,64319393,0,4]
05-09 11:56:51.017 621 1048 I sysui_multi_action: [757,128,758,2,793,9989478,794,22,795,9452908,796,1009,798,6,806,cn.eben.sync,857,CloudService,858,2,947,0,1395,8,1500,9452908,1688,1]
05-09 11:56:51.017 621 1048 I notification_visibility: [0|cn.eben.sync|1009|null|10064,0,9989478,9452908,0,6]
05-09 11:56:51.018 621 5122 I sysui_multi_action: [757,127,758,2]
05-09 11:56:51.018 621 5122 I notification_panel_hidden:
05-09 11:57:05.058 621 662 I sysui_multi_action: [757,1696,758,6,759,2]
05-09 11:57:07.058 621 662 I power_sleep_requested: 0
05-09 11:57:07.077 621 646 I am_pss : [7336,1000,android:ui,9166848,6144000,0,110145536,0,19,13]
05-09 11:57:07.122 621 662 I sysui_multi_action: [757,1696,758,6,759,0]
05-10 02:35:58.977 442 442 I gsensor_mxc6655 5-0015: set sensor poll time to 200ms
05-10 02:35:59.311 353 353 I rockchip-vop2 fdd90000.vop: [drm:vop2_crtc_atomic_disable] Crtc atomic disable vp2
05-09 11:57:07.897 621 621 I sysui_multi_action: [757,198,758,2,759,3,1359,838,1695,2]
05-09 11:57:07.898 621 621 I power_screen_state: [0,3,0,0,838]
05-09 11:57:07.898 621 621 I screen_toggled: 0
05-09 11:57:07.898 621 621 I sysui_multi_action: [757,804,799,screen_timeout,801,300,802,1]
05-09 11:57:07.899 621 621 I sysui_multi_action: [757,1594,758,4,759,-2147483648,1359,18408]
05-09 11:57:07.899 621 621 I power_screen_broadcast_send: 1
05-09 11:57:07.920 621 621 I battery_saving_stats: [0,1,0,18963,0,0,1598892,0,-1]
05-09 11:57:07.921 621 5122 I sysui_multi_action: [757,127,758,1]
05-09 11:57:07.921 621 5122 I sysui_multi_action: [757,804,799,note_load,801,8,802,1]
05-09 11:57:07.921 621 5122 I notification_panel_revealed: 8
05-09 11:57:07.927 776 776 I sysui_multi_action: [757,196,758,1,759,1]
05-09 11:57:07.927 776 776 I sysui_status_bar_state: [1,1,0,0,1,0]
05-09 11:57:07.929 621 5122 I sysui_multi_action: [757,127,758,2]
05-09 11:57:07.929 621 5122 I notification_panel_hidden:
05-09 11:57:07.969 621 621 I power_screen_broadcast_done: [0,70,1]
05-10 02:36:41.872 437 437 W healthd : battery l=85 v=8344 t=28.0 h=1 st=2 c=128000 fc=9700000 cc=6 chg=u
05-10 02:37:41.872 437 437 W healthd : battery l=85 v=8350 t=28.0 h=1 st=2 c=128000 fc=9700000 cc=6 chg=u
05-09 11:59:20.656 621 697 I am_freeze: [4865,com.android.permissioncontroller]
05-10 02:38:41.872 437 437 W healthd : battery l=85 v=8354 t=28.0 h=1 st=2 c=128000 fc=9700000 cc=6 chg=u
05-09 12:00:27.170 621 697 I am_freeze: [10032,com.android.systemui:screenshot]
05-09 12:00:27.172 621 697 I am_freeze: [6546,com.ebensz.enote.entry]
05-10 02:39:36.776 437 437 W healthd : battery l=86 v=8356 t=28.0 h=1 st=2 c=0 fc=9700000 cc=6 chg=u
05-09 12:00:45.350 621 4157 I battery_level: [86,8356,280]
05-10 02:39:41.872 437 437 W healthd : battery l=86 v=8356 t=28.0 h=1 st=2 c=128000 fc=9700000 cc=6 chg=u
05-10 02:40:41.873 437 437 W healthd : battery l=86 v=8358 t=28.0 h=1 st=2 c=0 fc=9700000 cc=6 chg=u
05-10 02:41:41.872 437 437 W healthd : battery l=86 v=8362 t=28.0 h=1 st=2 c=128000 fc=9700000 cc=6 chg=u
05-09 12:03:09.926 621 707 I sysui_multi_action: [757,804,799,power_consecutive_short_tap_count,801,1,802,1]
05-09 12:03:09.927 621 707 I sysui_multi_action: [757,804,799,power_double_tap_interval,801,381075,802,1]
05-09 12:03:09.927 621 707 I intercept_power: [ACTION_DOWN,0,0]
05-09 12:03:09.967 621 662 I sysui_multi_action: [757,1696,758,6,759,3]
05-09 12:03:09.970 621 621 I screen_toggled: 1
05-09 12:03:09.970 621 621 I power_screen_broadcast_send: 1
05-10 02:42:01.429 442 442 I gsensor_mxc6655 5-0015: set sensor poll time to 200ms
05-10 02:42:01.430 442 442 I gsensor_mxc6655 5-0015: sensor on: starting poll sensor data 196ms
05-09 12:03:09.997 621 646 I am_pss : [4826,1000,com.android.settings,129444864,121905152,0,286732288,0,15,26]
05-09 12:03:10.001 621 1048 I sysui_multi_action: [757,127,758,1]
05-09 12:03:10.001 621 1048 I sysui_multi_action: [757,804,799,note_load,801,8,802,1]
05-09 12:03:10.001 621 1048 I notification_panel_revealed: 8
05-09 12:03:10.010 621 4709 I sysui_multi_action: [757,128,758,1,793,2118999,794,0,795,2118999,796,26,798,0,806,android,857,DEVELOPER_IMPORTANT,858,4,947,0,1395,8,1500,381093,1688,1]
05-09 12:03:10.010 621 4709 I sysui_multi_action: [757,1501,758,1,793,2119000,794,1,795,2119000,796,26,806,android,857,DEVELOPER_IMPORTANT,858,4,947,0,1500,0,1688,1]
05-09 12:03:10.010 621 4709 I sysui_multi_action: [757,804,799,note_interruptive,801,0,802,1]
05-09 12:03:10.010 621 646 I am_pss : [6546,10046,com.ebensz.enote.entry,159177728,154673152,0,271245312,0,16,7]
05-09 12:03:10.010 621 4709 I sysui_multi_action: [757,804,799,note_freshness,801,2118999,802,1]
05-09 12:03:10.010 621 4709 I notification_visibility: [-1|android|26|null|1000,1,2118999,2118999,0,0]
05-09 12:03:10.011 621 4709 I sysui_multi_action: [757,128,758,1,793,9821599,794,0,795,9821599,796,1001,798,2,806,com.ebensz.filemanager,857,MtpSyncService,858,2,947,0,1395,8,1500,381094,1688,1]
05-09 12:03:10.011 621 4709 I sysui_multi_action: [757,1501,758,1,793,9821599,794,0,795,9821599,796,1001,806,com.ebensz.filemanager,857,MtpSyncService,858,2,947,0,1500,0,1688,1]
05-09 12:03:10.011 621 4709 I sysui_multi_action: [757,804,799,note_interruptive,801,0,802,1]
05-09 12:03:10.011 621 4709 I sysui_multi_action: [757,804,799,note_freshness,801,9821599,802,1]
05-09 12:03:10.011 621 4709 I notification_visibility: [0|com.ebensz.filemanager|1001|null|10040,1,9821599,9821599,0,2]
05-09 12:03:10.012 621 4709 I sysui_multi_action: [757,128,758,1,793,10231754,794,0,795,10231754,796,1,798,3,806,com.ebensz.enote.notepad,857,recording_channel_01,858,2,947,0,1395,8,1500,381092,1688,4,1689,2,1690,1]
05-09 12:03:10.013 621 4709 I sysui_multi_action: [757,1501,758,1,793,10231754,794,0,795,10231754,796,1,806,com.ebensz.enote.notepad,857,recording_channel_01,858,2,947,0,1500,0,1688,4,1689,2,1690,1]
05-09 12:03:10.013 621 4709 I sysui_multi_action: [757,804,799,note_interruptive,801,0,802,1]
05-09 12:03:10.013 621 4709 I sysui_multi_action: [757,804,799,note_freshness,801,10231754,802,1]
05-09 12:03:10.013 621 4709 I notification_visibility: [0|com.ebensz.enote.notepad|1|null|10038,1,10231754,10231754,0,3]
05-09 12:03:10.013 621 4709 I sysui_multi_action: [757,128,758,1,793,3047716,794,0,795,3047716,796,49,797,auto_saver,798,1,806,com.android.systemui,857,HNT,858,3,947,0,1395,8,1500,381089,1688,1,1745,2098068913]
05-09 12:03:10.014 621 4709 I sysui_multi_action: [757,1501,758,1,793,3047716,794,0,795,3047716,796,49,797,auto_saver,806,com.android.systemui,857,HNT,858,3,947,0,1500,0,1688,1,1745,2098068913]
05-09 12:03:10.014 621 4709 I sysui_multi_action: [757,804,799,note_interruptive,801,0,802,1]
05-09 12:03:10.014 621 4709 I sysui_multi_action: [757,804,799,note_freshness,801,3047716,802,1]
05-09 12:03:10.014 621 4709 I notification_visibility: [-1|com.android.systemui|49|auto_saver|10088,1,3047716,3047716,0,1]
05-09 12:03:10.014 621 4709 I sysui_multi_action: [757,128,758,1,793,64698391,794,0,795,64698391,796,55,798,4,806,android,857,DEVELOPER,858,2,947,0,1395,8,1500,381084,1688,1]
05-09 12:03:10.014 621 4709 I sysui_multi_action: [757,1501,758,1,793,64698391,794,0,795,64698391,796,55,806,android,857,DEVELOPER,858,2,947,0,1500,0,1688,1]
05-09 12:03:10.015 621 4709 I sysui_multi_action: [757,804,799,note_interruptive,801,0,802,1]
05-09 12:03:10.015 621 4709 I sysui_multi_action: [757,804,799,note_freshness,801,64698391,802,1]
05-09 12:03:10.015 621 4709 I notification_visibility: [-1|android|55|null|1000,1,64698391,64698391,0,4]
05-09 12:03:10.017 621 646 I am_pss : [4731,10065,com.ebensz.office.entry,32955392,29167616,0,148582400,0,16,6]
05-09 12:03:10.025 621 646 I am_pss : [5845,10083,com.sohu.inputmethod.sogou,91048960,75878400,0,183930880,0,19,7]
05-09 12:03:10.028 621 646 I am_pss : [10032,10088,com.android.systemui:screenshot,36918272,26537984,0,180273152,0,19,3]
05-10 02:42:01.468 353 353 I rockchip-vop2 fdd90000.vop: [drm:vop2_crtc_atomic_enable] Update mode to 1536x2048p55, type: 16(if:60) for vp2 dclk: 192000000
05-10 02:42:01.469 353 353 I rockchip-vop2 fdd90000.vop: [drm:vop2_crtc_atomic_enable] dclk_out2 div: 2 dclk_core2 div: 1
05-10 02:42:01.469 353 353 I rockchip-vop2 fdd90000.vop: [drm:vop2_crtc_atomic_enable] set dclk_vop2 to 96000000, get 96000000
05-09 12:03:10.036 621 621 I battery_saving_stats: [0,0,0,362116,0,-1,54637436,0,-72]
05-09 12:03:10.073 621 621 I power_screen_broadcast_done: [1,103,1]
05-10 02:42:01.521 442 442 I gsensor_mxc6655 5-0015: set sensor poll time to 66ms
05-09 12:03:10.110 621 707 I intercept_power: [ACTION_UP,0,0]
05-10 02:42:01.974 353 353 I dw-mipi-dsi2 fde20000.dsi: [drm:dw_mipi_dsi2_encoder_enable] final DSI-Link bandwidth: 639999 x 8 Kbps
05-09 12:03:10.548 621 662 I sysui_latency: [5,616]
05-09 12:03:10.561 621 621 I sysui_multi_action: [757,198,758,1,759,1,1359,624,1694,1]
05-09 12:03:10.562 621 621 I power_screen_state: [1,0,0,0,624]
05-10 02:42:03.034 2556 2556 W : abc audioDBG [es8323_mute] start mute:0
05-10 02:42:03.044 2556 2556 I [Awinic] [3-0058]aw_acf_get_prof_desc_form_name: get prof desc down
05-09 12:03:11.615 776 776 I sysui_multi_action: [757,197,758,1,759,1]
05-09 12:03:11.615 776 776 I sysui_status_bar_state: [1,1,0,1,1,0]
05-10 02:42:03.059 2556 2556 I [Awinic] [3-005b]aw_acf_get_prof_desc_form_name: get prof desc down
05-10 02:42:04.216 555 555 W : abc audioDBG [es8323_mute] start mute:1
05-10 02:42:04.216 555 555 I [Awinic] [3-0058]aw_acf_get_prof_desc_form_name: get prof desc down
05-10 02:42:04.216 555 555 I [Awinic] [3-005b]aw_acf_get_prof_desc_form_name: get prof desc down
05-09 12:03:13.314 621 706 I input_interaction: Interaction with: 397ea25 InputMethod (server), PointerEventDispatcher0 (server),
05-10 02:42:04.775 2556 2556 W : abc audioDBG [es8323_mute] start mute:0
05-10 02:42:04.785 2556 2556 I [Awinic] [3-0058]aw_acf_get_prof_desc_form_name: get prof desc down
05-10 02:42:04.802 2556 2556 I [Awinic] [3-005b]aw_acf_get_prof_desc_form_name: get prof desc down
05-09 12:03:14.831 776 776 I sysui_latency: [3,81]
05-09 12:03:14.832 776 776 I sysui_multi_action: [757,197,758,10]
05-09 12:03:14.833 776 776 I sysui_multi_action: [757,197,758,5,759,1]
05-09 12:03:14.840 621 1055 I sysui_multi_action: [757,128,758,2,793,2123830,794,4831,795,2123830,796,26,798,0,806,android,857,DEVELOPER_IMPORTANT,858,4,947,0,1395,8,1500,4830,1688,1]
05-09 12:03:14.841 621 1055 I notification_visibility: [-1|android|26|null|1000,0,2123830,2123830,0,0]
05-09 12:03:14.841 621 1055 I sysui_multi_action: [757,128,758,2,793,9826429,794,4830,795,9826429,796,1001,798,2,806,com.ebensz.filemanager,857,MtpSyncService,858,2,947,0,1395,8,1500,4830,1688,1]
05-09 12:03:14.841 621 1055 I notification_visibility: [0|com.ebensz.filemanager|1001|null|10040,0,9826429,9826429,0,2]
05-09 12:03:14.842 621 1055 I sysui_multi_action: [757,128,758,2,793,10236584,794,4830,795,10236584,796,1,798,3,806,com.ebensz.enote.notepad,857,recording_channel_01,858,2,947,0,1395,8,1500,4830,1688,4,1689,2,1690,1]
05-09 12:03:14.842 621 1055 I notification_visibility: [0|com.ebensz.enote.notepad|1|null|10038,0,10236584,10236584,0,3]
05-09 12:03:14.843 621 1055 I sysui_multi_action: [757,128,758,2,793,3052545,794,4829,795,3052545,796,49,797,auto_saver,798,1,806,com.android.systemui,857,HNT,858,3,947,0,1395,8,1500,4829,1688,1,1745,2098068913]
05-09 12:03:14.843 621 1055 I notification_visibility: [-1|com.android.systemui|49|auto_saver|10088,0,3052545,3052545,0,1]
05-09 12:03:14.843 621 1055 I sysui_multi_action: [757,128,758,2,793,64703220,794,4829,795,64703220,796,55,798,4,806,android,857,DEVELOPER,858,2,947,0,1395,8,1500,4829,1688,1]
05-09 12:03:14.843 621 1055 I notification_visibility: [-1|android|55|null|1000,0,64703220,64703220,0,4]
05-09 12:03:14.844 621 1048 I sysui_multi_action: [757,128,758,4,793,3052547,794,4831,795,3052547,796,49,797,auto_saver,798,1,806,com.android.systemui,857,HNT,858,3,947,0,1395,8,1500,4831,1688,1,1745,2098068913]
05-09 12:03:14.844 621 7814 I sysui_multi_action: [757,127,758,2]
05-09 12:03:14.844 621 7814 I notification_panel_hidden:
05-09 12:03:14.844 621 1048 I notification_clicked: [-1|com.android.systemui|49|auto_saver|10088,3052546,3052546,4830,1,8]
05-09 12:03:14.845 621 621 I sysui_multi_action: [757,804,799,note_click_longevity,801,50,802,1]
05-09 12:03:14.976 621 621 I sysui_multi_action: [757,128,758,5,759,8,793,3052679,794,4963,795,3052679,796,49,797,auto_saver,806,com.android.systemui,857,HNT,858,3,947,0,1500,4963,1688,1,1745,2098068913]
05-09 12:03:14.976 621 621 I notification_canceled: [-1|com.android.systemui|49|auto_saver|10088,8,3052679,3052679,4963,-1,-1,NULL]
05-09 12:03:14.981 621 4709 I uc_unlock_user: 0
05-09 12:03:14.981 621 4709 I uc_finish_user_unlocking: 0
05-09 12:03:14.983 776 776 I sysui_multi_action: [757,196,758,1,759,1]
05-09 12:03:14.984 776 776 I sysui_status_bar_state: [1,1,0,0,1,0]
05-09 12:03:14.988 621 1048 I sysui_multi_action: [757,127,758,1]
05-09 12:03:14.988 621 1048 I sysui_multi_action: [757,804,799,note_load,801,8,802,1]
05-09 12:03:14.988 621 1048 I notification_panel_revealed: 8
05-09 12:03:14.992 621 1048 I sysui_multi_action: [757,128,758,1,793,2123982,794,0,795,2123982,796,26,798,0,806,android,857,DEVELOPER_IMPORTANT,858,4,947,0,1395,8,1500,4982,1688,1]
05-09 12:03:14.992 621 1048 I sysui_multi_action: [757,1501,758,1,793,2123982,794,0,795,2123982,796,26,806,android,857,DEVELOPER_IMPORTANT,858,4,947,0,1500,0,1688,1]
05-09 12:03:14.993 621 1048 I sysui_multi_action: [757,804,799,note_interruptive,801,0,802,1]
05-09 12:03:14.993 621 1048 I sysui_multi_action: [757,804,799,note_freshness,801,2123982,802,1]
05-09 12:03:14.993 621 1048 I notification_visibility: [-1|android|26|null|1000,1,2123982,2123982,0,0]
05-09 12:03:14.993 621 1048 I sysui_multi_action: [757,128,758,1,793,9826581,794,0,795,9826581,796,1001,798,2,806,com.ebensz.filemanager,857,MtpSyncService,858,2,947,0,1395,8,1500,4982,1688,1]
05-09 12:03:14.994 621 1048 I sysui_multi_action: [757,1501,758,1,793,9826581,794,0,795,9826581,796,1001,806,com.ebensz.filemanager,857,MtpSyncService,858,2,947,0,1500,0,1688,1]
05-09 12:03:14.994 621 1048 I sysui_multi_action: [757,804,799,note_interruptive,801,0,802,1]
05-09 12:03:14.994 621 1048 I sysui_multi_action: [757,804,799,note_freshness,801,9826581,802,1]
05-09 12:03:14.994 621 1048 I notification_visibility: [0|com.ebensz.filemanager|1001|null|10040,1,9826581,9826581,0,2]
05-09 12:03:14.995 621 1048 I sysui_multi_action: [757,128,758,1,793,10236737,794,0,795,10236737,796,1,798,3,806,com.ebensz.enote.notepad,857,recording_channel_01,858,2,947,0,1395,8,1500,4983,1688,4,1689,2,1690,1]
05-09 12:03:14.995 621 1048 I sysui_multi_action: [757,1501,758,1,793,10236737,794,0,795,10236737,796,1,806,com.ebensz.enote.notepad,857,recording_channel_01,858,2,947,0,1500,0,1688,4,1689,2,1690,1]
05-09 12:03:14.995 621 1048 I sysui_multi_action: [757,804,799,note_interruptive,801,0,802,1]
05-09 12:03:14.996 621 1048 I sysui_multi_action: [757,804,799,note_freshness,801,10236737,802,1]
05-09 12:03:14.996 621 1048 I notification_visibility: [0|com.ebensz.enote.notepad|1|null|10038,1,10236737,10236737,0,3]
05-09 12:03:14.996 621 1048 I sysui_multi_action: [757,128,758,1,793,64703373,794,0,795,64703373,796,55,798,4,806,android,857,DEVELOPER,858,2,947,0,1395,8,1500,4982,1688,1]
05-09 12:03:14.997 621 1048 I sysui_multi_action: [757,1501,758,1,793,64703374,794,1,795,64703374,796,55,806,android,857,DEVELOPER,858,2,947,0,1500,0,1688,1]
05-09 12:03:14.997 621 1048 I sysui_multi_action: [757,804,799,note_interruptive,801,0,802,1]
05-09 12:03:14.997 621 1048 I sysui_multi_action: [757,804,799,note_freshness,801,64703373,802,1]
05-09 12:03:14.997 621 1048 I notification_visibility: [-1|android|55|null|1000,1,64703373,64703373,0,4]
05-09 12:03:15.020 776 776 I sysui_latency: [4,270]
05-09 12:03:15.338 621 1055 I wm_set_keyguard_shown: [1,0,1,keyguardGoingAway]
05-09 12:03:15.340 621 1055 I wm_set_resumed_activity: [0,com.ebensz.enote.memo/.editer.MemoEditorActivity,resumeTopActivity]
05-09 12:03:15.344 621 1055 I wm_resume_activity: [0,187545140,251,com.ebensz.enote.memo/.editer.MemoEditorActivity]
05-09 12:03:15.366 1053 1053 I wm_on_restart_called: [38094970,com.android.launcher3.uioverrides.QuickstepLauncher,performRestartActivity]
05-09 12:03:15.368 4711 4711 I wm_on_restart_called: [187545140,com.ebensz.enote.memo.editer.MemoEditorActivity,performRestartActivity]
05-09 12:03:15.368 4711 4711 I wm_on_start_called: [187545140,com.ebensz.enote.memo.editer.MemoEditorActivity,handleStartActivity]
05-09 12:03:15.369 1053 1053 I wm_on_start_called: [38094970,com.android.launcher3.uioverrides.QuickstepLauncher,handleStartActivity]
05-09 12:03:15.426 776 776 I sysui_multi_action: [757,1697,758,15,759,0,1741,5]
05-09 12:03:15.494 621 5122 I sysui_multi_action: [757,128,758,1,793,9463010,794,0,795,2935055,796,5,798,4,806,com.ebensz.enote.memo,857,com.ebensz.enote.memo,858,2,947,0,1395,7,1500,2935055,1688,4,1689,2,1690,1]
05-09 12:03:15.494 621 5122 I sysui_multi_action: [757,804,799,note_freshness,801,2935055,802,1]
05-09 12:03:15.495 621 5122 I notification_visibility: [0|com.ebensz.enote.memo|5|null|10027,1,9463010,2935055,0,4]
05-09 12:03:15.591 4711 4711 I wm_on_resume_called: [187545140,com.ebensz.enote.memo.editer.MemoEditorActivity,RESUME_ACTIVITY]
05-09 12:03:15.591 4711 4711 I wm_on_top_resumed_gained_called: [187545140,com.ebensz.enote.memo.editer.MemoEditorActivity,topWhenResuming]
05-09 12:03:15.709 776 776 I sysui_latency: [11,877]
05-09 12:03:15.778 776 776 I sysui_multi_action: [757,111,758,2]
05-09 12:03:15.803 776 776 I sysui_multi_action: [757,196,758,2,759,1]
05-09 12:03:15.804 776 776 I sysui_status_bar_state: [0,0,0,0,1,0]
05-10 02:42:07.253 555 555 W : abc audioDBG [es8323_mute] start mute:1
05-10 02:42:07.253 555 555 I [Awinic] [3-0058]aw_acf_get_prof_desc_form_name: get prof desc down
05-10 02:42:07.254 555 555 I [Awinic] [3-005b]aw_acf_get_prof_desc_form_name: get prof desc down
05-09 12:03:15.832 621 641 I user_activity_timeout_override: -1
05-09 12:03:15.834 621 642 I input_focus: [Focus request d68cdff com.ebensz.enote.memo/com.ebensz.enote.memo.editer.MemoEditorActivity,reason=UpdateInputWindows]
05-09 12:03:15.864 621 5122 I sysui_multi_action: [757,128,758,2,793,2124854,794,872,795,2124854,796,26,798,0,806,android,857,DEVELOPER_IMPORTANT,858,4,947,0,1395,7,1500,872,1688,1]
05-09 12:03:15.865 621 5122 I notification_visibility: [-1|android|26|null|1000,0,2124854,2124854,0,0]
05-09 12:03:15.865 621 5122 I sysui_multi_action: [757,128,758,2,793,9827453,794,872,795,9827453,796,1001,798,1,806,com.ebensz.filemanager,857,MtpSyncService,858,2,947,0,1395,7,1500,872,1688,1]
05-09 12:03:15.865 621 5122 I notification_visibility: [0|com.ebensz.filemanager|1001|null|10040,0,9827453,9827453,0,1]
05-09 12:03:15.865 621 5122 I sysui_multi_action: [757,128,758,2,793,10237607,794,870,795,10237607,796,1,798,2,806,com.ebensz.enote.notepad,857,recording_channel_01,858,2,947,0,1395,7,1500,870,1688,4,1689,2,1690,1]
05-09 12:03:15.865 621 5122 I notification_visibility: [0|com.ebensz.enote.notepad|1|null|10038,0,10237607,10237607,0,2]
05-09 12:03:15.865 621 5122 I sysui_multi_action: [757,128,758,2,793,9463382,794,372,795,2935427,796,5,798,4,806,com.ebensz.enote.memo,857,com.ebensz.enote.memo,858,2,947,0,1395,7,1500,2935427,1688,4,1689,2,1690,1]
05-09 12:03:15.865 621 5122 I notification_visibility: [0|com.ebensz.enote.memo|5|null|10027,0,9463382,2935427,0,4]
05-09 12:03:15.866 621 5122 I sysui_multi_action: [757,128,758,2,793,64704243,794,870,795,64704243,796,55,798,3,806,android,857,DEVELOPER,858,2,947,0,1395,7,1500,869,1688,1]
05-09 12:03:15.866 621 5122 I notification_visibility: [-1|android|55|null|1000,0,64704243,64704243,0,3]
05-09 12:03:15.866 621 5122 I sysui_multi_action: [757,127,758,2]
05-09 12:03:15.866 621 5122 I notification_panel_hidden:
05-09 12:03:15.869 621 706 I input_focus: [Focus leaving 9a0b5e0 NotificationShade (server),reason=setFocusedWindow]
05-09 12:03:15.869 621 706 I input_focus: [Focus entering d68cdff com.ebensz.enote.memo/com.ebensz.enote.memo.editer.MemoEditorActivity (server),reason=setFocusedWindow]
05-09 12:03:16.140 621 706 I input_interaction: Interaction with: 9a0b5e0 NotificationShade (server), PointerEventDispatcher0 (server),
05-09 12:03:16.263 621 1048 I wm_set_keyguard_shown: [0,0,1,setKeyguardShown]
05-10 02:42:07.706 2556 2556 W : abc audioDBG [es8323_mute] start mute:0
05-10 02:42:07.716 2556 2556 I [Awinic] [3-0058]aw_acf_get_prof_desc_form_name: get prof desc down
05-10 02:42:07.730 2556 2556 I [Awinic] [3-005b]aw_acf_get_prof_desc_form_name: get prof desc down
05-10 02:42:09.027 555 555 W : abc audioDBG [es8323_mute] start mute:1
05-10 02:42:09.027 555 555 I [Awinic] [3-0058]aw_acf_get_prof_desc_form_name: get prof desc down
05-10 02:42:09.028 555 555 I [Awinic] [3-005b]aw_acf_get_prof_desc_form_name: get prof desc down
05-09 12:03:21.022 621 706 I input_interaction: Interaction with: 15a3794 NavigationBar0 (server), PointerEventDispatcher0 (server),
05-09 12:03:21.027 776 776 I sysui_multi_action: [757,931,758,4,759,4,932,0,933,0]
05-09 12:03:21.032 621 706 I input_interaction: Interaction with: d68cdff com.ebensz.enote.memo/com.ebensz.enote.memo.editer.MemoEditorActivity (server), PointerEventDispatcher0 (server),
05-09 12:03:21.036 621 706 I input_interaction: Interaction with: 15a3794 NavigationBar0 (server), PointerEventDispatcher0 (server),
05-10 02:42:12.482 2556 2556 W : abc audioDBG [es8323_mute] start mute:0
05-10 02:42:12.492 2556 2556 I [Awinic] [3-0058]aw_acf_get_prof_desc_form_name: get prof desc down
05-10 02:42:12.506 2556 2556 I [Awinic] [3-005b]aw_acf_get_prof_desc_form_name: get prof desc down
05-09 12:03:21.146 776 776 I sysui_multi_action: [757,931,758,4,759,4,932,0,933,1]
05-09 12:03:21.148 621 1048 I sysui_multi_action: [757,803,799,key_back_press,802,1]
05-09 12:03:21.154 621 1048 I wm_finish_activity: [0,187545140,251,com.ebensz.enote.memo/.editer.MemoEditorActivity,app-request]
05-09 12:03:21.155 621 1048 I wm_task_moved: [1,1,16]
05-09 12:03:21.159 621 1048 I wm_task_moved: [202,1,2147483647]
05-09 12:03:21.159 621 1048 I wm_task_to_front: [0,202]
05-09 12:03:21.159 621 1048 I wm_focused_root_task: [0,0,1,-1,finish-top adjustFocusToNextFocusableTask]
05-09 12:03:21.172 621 1048 I wm_pause_activity: [0,187545140,com.ebensz.enote.memo/.editer.MemoEditorActivity,userLeaving=false,finish]
05-09 12:03:21.181 621 642 I input_focus: [Focus request 469bc2e com.android.launcher3/com.android.launcher3.uioverrides.QuickstepLauncher,reason=UpdateInputWindows]
05-09 12:03:21.182 4711 4711 I wm_on_top_resumed_lost_called: [187545140,com.ebensz.enote.memo.editer.MemoEditorActivity,topStateChangedWhenResumed]
05-09 12:03:21.197 4711 4711 I wm_on_paused_called: [187545140,com.ebensz.enote.memo.editer.MemoEditorActivity,performPause]
05-09 12:03:21.198 621 1055 I wm_set_resumed_activity: [0,com.android.launcher3/.uioverrides.QuickstepLauncher,resumeTopActivity]
05-09 12:03:21.199 621 1055 I wm_resume_activity: [0,38094970,202,com.android.launcher3/.uioverrides.QuickstepLauncher]
05-09 12:03:21.204 1053 1053 I wm_on_resume_called: [38094970,com.android.launcher3.uioverrides.QuickstepLauncher,RESUME_ACTIVITY]
05-09 12:03:21.204 1053 1053 I wm_on_top_resumed_gained_called: [38094970,com.android.launcher3.uioverrides.QuickstepLauncher,topWhenResuming]
05-09 12:03:21.207 621 706 I input_focus: [Focus leaving d68cdff com.ebensz.enote.memo/com.ebensz.enote.memo.editer.MemoEditorActivity (server),reason=setFocusedWindow]
05-09 12:03:21.207 621 706 I input_focus: [Focus entering 469bc2e com.android.launcher3/com.android.launcher3.uioverrides.QuickstepLauncher (server),reason=setFocusedWindow]
05-09 12:03:21.215 621 641 I sysui_multi_action: [757,803,799,window_time_0,802,474]
05-09 12:03:21.247 621 1048 I wm_destroy_activity: [0,187545140,251,com.ebensz.enote.memo/.editer.MemoEditorActivity,finish-idle]
05-09 12:03:21.270 4711 4711 I wm_on_stop_called: [187545140,com.ebensz.enote.memo.editer.MemoEditorActivity,LIFECYCLER_STOP_ACTIVITY]
05-09 12:03:21.272 4711 4711 I wm_on_destroy_called: [187545140,com.ebensz.enote.memo.editer.MemoEditorActivity,performDestroy]
05-09 12:03:21.390 621 642 I wm_task_removed: [251,removeChild:removeChild last r=ActivityRecord{b2db634 u0 com.ebensz.enote.memo/.editer.MemoEditorActivity t-1 f}} in t=Task{329c5d #251 type=standard A=10027:com.android.camera.SecureCameraActivity U=0 visible=false visibleRequested=false mode=fullscreen translucent=true sz=0}]
05-09 12:03:21.390 621 642 I wm_task_removed: [251,removeChild]
05-10 02:42:13.638 555 555 W : abc audioDBG [es8323_mute] start mute:1
05-10 02:42:13.638 555 555 I [Awinic] [3-0058]aw_acf_get_prof_desc_form_name: get prof desc down
05-10 02:42:13.638 555 555 I [Awinic] [3-005b]aw_acf_get_prof_desc_form_name: get prof desc down
05-09 12:03:22.341 621 706 I input_interaction: Interaction with: 469bc2e com.android.launcher3/com.android.launcher3.uioverrides.QuickstepLauncher (server), 6ef0dbd com.android.systemui.ImageWallpaper (server), PointerEventDispatcher0 (server),
05-10 02:42:41.873 437 437 W healthd : battery l=86 v=8280 t=28.0 h=1 st=2 c=0 fc=9700000 cc=6 chg=u
05-09 12:04:25.635 621 1048 I wm_task_created: [252,-1]
05-10 02:43:17.078 2556 2556 W : abc audioDBG [es8323_mute] start mute:0
05-10 02:43:17.088 2556 2556 I [Awinic] [3-0058]aw_acf_get_prof_desc_form_name: get prof desc down
05-10 02:43:17.102 2556 2556 I [Awinic] [3-005b]aw_acf_get_prof_desc_form_name: get prof desc down
05-09 12:04:25.671 621 1048 I wm_task_moved: [252,1,16]
05-09 12:04:25.671 621 1048 I wm_task_to_front: [0,252]
05-09 12:04:25.672 621 1048 I wm_create_task: [0,252]
05-09 12:04:25.672 621 1048 I wm_create_activity: [0,45617446,252,com.ebensz.email/.activity.Welcome,android.intent.action.MAIN,NULL,NULL,270532608]
05-09 12:04:25.672 621 1048 I wm_task_moved: [252,1,16]
05-09 12:04:25.676 621 1048 I wm_pause_activity: [0,38094970,com.android.launcher3/.uioverrides.QuickstepLauncher,userLeaving=true,pauseBackTasks]
05-09 12:04:25.682 1053 1053 I wm_on_top_resumed_lost_called: [38094970,com.android.launcher3.uioverrides.QuickstepLauncher,topStateChangedWhenResumed]
05-09 12:04:25.684 1053 1053 I wm_on_paused_called: [38094970,com.android.launcher3.uioverrides.QuickstepLauncher,performPause]
05-09 12:04:25.685 621 1048 I wm_add_to_stopping: [0,38094970,com.android.launcher3/.uioverrides.QuickstepLauncher,makeInvisible]
05-09 12:04:25.688 621 641 I am_uid_running: 10072
05-09 12:04:25.693 621 641 I sysui_multi_action: [757,803,799,window_time_0,802,64]
05-09 12:04:25.701 621 648 I am_proc_start: [0,10239,10072,com.ebensz.email,pre-top-activity,{com.ebensz.email/com.ebensz.email.activity.Welcome}]
05-09 12:04:25.702 621 646 I am_pss : [9318,1000,com.ebensz.enote.widget,10501120,7544832,0,102944768,0,19,4]
05-09 12:04:25.708 621 646 I am_pss : [9041,10038,com.ebensz.enote.notepad:remote,18424832,12865536,0,117755904,0,19,5]
05-09 12:04:25.712 621 1048 I am_proc_bound: [0,10239,com.ebensz.email]
05-09 12:04:25.713 621 706 I input_focus: [Focus leaving 469bc2e com.android.launcher3/com.android.launcher3.uioverrides.QuickstepLauncher (server),reason=NO_WINDOW]
05-09 12:04:25.714 621 646 I am_pss : [8650,10040,com.ebensz.filemanager:remote,15709184,10854400,0,108826624,0,19,6]
05-09 12:04:25.718 621 1048 I wm_restart_activity: [0,45617446,252,com.ebensz.email/.activity.Welcome]
05-09 12:04:25.719 621 1048 I wm_set_resumed_activity: [0,com.ebensz.email/.activity.Welcome,minimalResumeActivityLocked]
05-09 12:04:25.721 621 641 I am_uid_active: 10072
05-09 12:04:25.750 621 1055 I wm_task_moved: [252,1,16]
05-09 12:04:25.750 621 1055 I wm_set_resumed_activity: [0,com.ebensz.email/.activity.Welcome,positionChildAt]
05-09 12:04:25.750 621 1055 I wm_create_activity: [0,130125043,252,com.ebensz.email/.privacypolicy.StatementActivity,NULL,NULL,NULL,33554432]
05-09 12:04:25.751 621 1055 I wm_pause_activity: [0,45617446,com.ebensz.email/.activity.Welcome,userLeaving=true,resumeTopActivity]
05-09 12:04:25.752 621 1055 I wm_finish_activity: [0,45617446,252,com.ebensz.email/.activity.Welcome,app-request]
05-09 12:04:25.752 10239 10239 I wm_on_create_called: [45617446,com.ebensz.email.activity.Welcome,performCreate]
05-09 12:04:25.755 621 1055 I wm_add_to_stopping: [0,45617446,com.ebensz.email/.activity.Welcome,completeFinishing]
05-09 12:04:25.755 621 1055 I wm_restart_activity: [0,130125043,252,com.ebensz.email/.privacypolicy.StatementActivity]
05-09 12:04:25.756 621 1055 I wm_set_resumed_activity: [0,com.ebensz.email/.privacypolicy.StatementActivity,minimalResumeActivityLocked]
05-09 12:04:25.757 621 641 I sysui_multi_action: [757,803,799,window_time_0,802,0]
05-09 12:04:25.763 10239 10239 I wm_on_create_called: [130125043,com.ebensz.email.privacypolicy.StatementActivity,performCreate]
05-09 12:04:25.764 10239 10239 I wm_on_start_called: [130125043,com.ebensz.email.privacypolicy.StatementActivity,handleStartActivity]
05-09 12:04:25.764 10239 10239 I wm_on_resume_called: [130125043,com.ebensz.email.privacypolicy.StatementActivity,RESUME_ACTIVITY]
05-09 12:04:25.786 10239 10239 I wm_on_top_resumed_gained_called: [130125043,com.ebensz.email.privacypolicy.StatementActivity,topStateChangedWhenResumed]
05-09 12:04:25.800 621 642 I input_focus: [Focus request 576ecba com.ebensz.email/com.ebensz.email.privacypolicy.StatementActivity,reason=UpdateInputWindows]
05-09 12:04:25.828 621 638 I sysui_multi_action: [319,102,321,100,322,201,325,12062,757,761,758,7,759,1,806,com.ebensz.email,871,com.ebensz.email.privacypolicy.StatementActivity,904,com.ebensz.email,905,0,945,94,1320,4,1321,1]
05-09 12:04:25.828 621 638 I wm_activity_launch_time: [0,130125043,com.ebensz.email/.privacypolicy.StatementActivity,201]
05-09 12:04:25.842 621 706 I input_focus: [Focus entering 576ecba com.ebensz.email/com.ebensz.email.privacypolicy.StatementActivity (server),reason=Window became focusable. Previous reason: NOT_VISIBLE]
05-09 12:04:26.264 621 641 I wm_destroy_activity: [0,45617446,252,com.ebensz.email/.activity.Welcome,finish-imm:idle]
05-09 12:04:26.265 621 641 I wm_stop_activity: [0,38094970,com.android.launcher3/.uioverrides.QuickstepLauncher]
05-09 12:04:26.270 10239 10239 I wm_on_destroy_called: [45617446,com.ebensz.email.activity.Welcome,performDestroy]
05-09 12:04:26.361 1053 1053 I wm_on_stop_called: [38094970,com.android.launcher3.uioverrides.QuickstepLauncher,STOP_ACTIVITY_ITEM]
05-10 02:43:18.235 555 555 W : abc audioDBG [es8323_mute] start mute:1
05-10 02:43:18.235 555 555 I [Awinic] [3-0058]aw_acf_get_prof_desc_form_name: get prof desc down
05-10 02:43:18.235 555 555 I [Awinic] [3-005b]aw_acf_get_prof_desc_form_name: get prof desc down
05-09 12:04:28.044 621 706 I input_interaction: Interaction with: 576ecba com.ebensz.email/com.ebensz.email.privacypolicy.StatementActivity (server), PointerEventDispatcher0 (server),
05-09 12:04:28.185 621 1048 I wm_task_moved: [252,1,16]
05-09 12:04:28.185 621 1048 I wm_set_resumed_activity: [0,com.ebensz.email/.privacypolicy.StatementActivity,positionChildAt]
05-09 12:04:28.185 621 1048 I wm_create_activity: [0,251024358,252,com.ebensz.email/.activity.Welcome,NULL,NULL,NULL,0]
05-09 12:04:28.186 621 1048 I wm_pause_activity: [0,130125043,com.ebensz.email/.privacypolicy.StatementActivity,userLeaving=true,resumeTopActivity]
05-09 12:04:28.192 621 4709 I wm_finish_activity: [0,130125043,252,com.ebensz.email/.privacypolicy.StatementActivity,app-request]
05-10 02:43:19.639 2556 2556 W : abc audioDBG [es8323_mute] start mute:0
05-10 02:43:19.649 2556 2556 I [Awinic] [3-0058]aw_acf_get_prof_desc_form_name: get prof desc down
05-09 12:04:28.217 10239 10239 I wm_on_top_resumed_lost_called: [130125043,com.ebensz.email.privacypolicy.StatementActivity,topStateChangedWhenResumed]
05-09 12:04:28.217 10239 10239 I wm_on_paused_called: [130125043,com.ebensz.email.privacypolicy.StatementActivity,performPause]
05-09 12:04:28.217 621 1048 I wm_add_to_stopping: [0,130125043,com.ebensz.email/.privacypolicy.StatementActivity,completeFinishing]
05-09 12:04:28.219 621 1048 I wm_restart_activity: [0,251024358,252,com.ebensz.email/.activity.Welcome]
05-09 12:04:28.220 621 1048 I wm_set_resumed_activity: [0,com.ebensz.email/.activity.Welcome,minimalResumeActivityLocked]
05-09 12:04:28.223 621 641 I sysui_multi_action: [757,803,799,window_time_0,802,3]
05-09 12:04:28.225 621 1048 I am_uid_running: 10062
05-10 02:43:19.663 2556 2556 I [Awinic] [3-005b]aw_acf_get_prof_desc_form_name: get prof desc down
05-09 12:04:28.235 621 706 I input_focus: [Focus leaving 576ecba com.ebensz.email/com.ebensz.email.privacypolicy.StatementActivity (server),reason=NO_WINDOW]
05-09 12:04:28.239 621 648 I am_proc_start: [0,10270,10062,com.android.exchange:remote,service,{com.android.exchange/com.android.exchange.ExchangeService}]
05-09 12:04:28.255 621 1055 I am_proc_bound: [0,10270,com.android.exchange:remote]
05-09 12:04:28.274 621 1055 I sysui_multi_action: [757,856,758,1,806,com.android.exchange,857,101,858,1]
05-09 12:04:28.280 621 1055 I am_uid_active: 10062
05-09 12:04:28.290 621 648 I am_proc_start: [0,10290,10072,com.ebensz.email:remote,service,{com.ebensz.email/com.ebensz.email.service.AccountService}]
05-09 12:04:28.297 621 1055 I wm_task_moved: [252,1,16]
05-09 12:04:28.298 621 1055 I wm_set_resumed_activity: [0,com.ebensz.email/.activity.Welcome,positionChildAt]
05-09 12:04:28.298 621 1055 I wm_create_activity: [0,169894911,252,com.ebensz.email/.activity.setup.AccountSetupBasics,NULL,NULL,NULL,33554432]
05-09 12:04:28.298 621 1055 I wm_pause_activity: [0,251024358,com.ebensz.email/.activity.Welcome,userLeaving=true,resumeTopActivity]
05-09 12:04:28.301 621 1055 I wm_finish_activity: [0,251024358,252,com.ebensz.email/.activity.Welcome,app-request]
05-09 12:04:28.301 10239 10239 I wm_on_create_called: [251024358,com.ebensz.email.activity.Welcome,performCreate]
05-09 12:04:28.306 621 1048 I wm_add_to_stopping: [0,251024358,com.ebensz.email/.activity.Welcome,completeFinishing]
05-09 12:04:28.307 621 1048 I wm_restart_activity: [0,169894911,252,com.ebensz.email/.activity.setup.AccountSetupBasics]
05-09 12:04:28.308 621 1048 I wm_set_resumed_activity: [0,com.ebensz.email/.activity.setup.AccountSetupBasics,minimalResumeActivityLocked]
05-09 12:04:28.309 621 1055 I am_proc_bound: [0,10290,com.ebensz.email:remote]
05-09 12:04:28.310 621 641 I sysui_multi_action: [757,803,799,window_time_0,802,0]
05-09 12:04:28.322 621 1055 I wm_task_moved: [252,1,16]
05-09 12:04:28.322 621 1055 I wm_set_resumed_activity: [0,com.ebensz.email/.activity.setup.AccountSetupBasics,positionChildAt]
05-09 12:04:28.322 621 1055 I wm_create_activity: [0,17197442,252,com.ebensz.email/.privacypolicy.PermissionsActivity,NULL,NULL,NULL,268435456]
05-09 12:04:28.322 621 1055 I wm_pause_activity: [0,169894911,com.ebensz.email/.activity.setup.AccountSetupBasics,userLeaving=true,resumeTopActivity]
05-09 12:04:28.324 621 1055 I wm_finish_activity: [0,169894911,252,com.ebensz.email/.activity.setup.AccountSetupBasics,app-request]
05-09 12:04:28.324 10239 10239 I wm_on_create_called: [169894911,com.ebensz.email.activity.setup.AccountSetupBasics,performCreate]
05-09 12:04:28.324 621 4709 I wm_add_to_stopping: [0,169894911,com.ebensz.email/.activity.setup.AccountSetupBasics,completeFinishing]
05-09 12:04:28.325 621 4709 I wm_restart_activity: [0,17197442,252,com.ebensz.email/.privacypolicy.PermissionsActivity]
05-09 12:04:28.325 621 4709 I wm_set_resumed_activity: [0,com.ebensz.email/.privacypolicy.PermissionsActivity,minimalResumeActivityLocked]
05-09 12:04:28.326 621 641 I sysui_multi_action: [757,803,799,window_time_0,802,0]
05-09 12:04:28.331 621 4709 I wm_task_moved: [252,1,16]
05-09 12:04:28.331 621 4709 I wm_set_resumed_activity: [0,com.ebensz.email/.privacypolicy.PermissionsActivity,positionChildAt]
05-09 12:04:28.332 621 4709 I wm_create_activity: [0,99391621,252,com.android.permissioncontroller/.permission.ui.GrantPermissionsActivity,android.content.pm.action.REQUEST_PERMISSIONS,NULL,NULL,8388608]
05-09 12:04:28.332 621 4709 I wm_pause_activity: [0,17197442,com.ebensz.email/.privacypolicy.PermissionsActivity,userLeaving=true,resumeTopActivity]
05-09 12:04:28.334 10239 10239 I wm_on_create_called: [17197442,com.ebensz.email.privacypolicy.PermissionsActivity,performCreate]
05-09 12:04:28.338 10239 10239 I wm_on_start_called: [17197442,com.ebensz.email.privacypolicy.PermissionsActivity,handleStartActivity]
05-09 12:04:28.338 10239 10239 I wm_on_resume_called: [17197442,com.ebensz.email.privacypolicy.PermissionsActivity,RESUME_ACTIVITY]
05-09 12:04:28.340 10239 10239 I wm_on_top_resumed_gained_called: [17197442,com.ebensz.email.privacypolicy.PermissionsActivity,topStateChangedWhenResumed]
05-09 12:04:28.340 10239 10239 I wm_on_top_resumed_lost_called: [17197442,com.ebensz.email.privacypolicy.PermissionsActivity,topStateChangedWhenResumed]
05-09 12:04:28.340 10239 10239 I wm_on_paused_called: [17197442,com.ebensz.email.privacypolicy.PermissionsActivity,performPause]
05-09 12:04:28.341 621 1048 I wm_restart_activity: [0,99391621,252,com.android.permissioncontroller/.permission.ui.GrantPermissionsActivity]
05-09 12:04:28.341 621 1048 I wm_set_resumed_activity: [0,com.android.permissioncontroller/.permission.ui.GrantPermissionsActivity,minimalResumeActivityLocked]
05-09 12:04:28.342 621 641 I am_uid_active: 10095
05-09 12:04:28.342 621 697 I am_unfreeze: [4865,com.android.permissioncontroller]
05-09 12:04:28.343 621 641 I sysui_multi_action: [757,803,799,window_time_0,802,0]
05-09 12:04:28.364 4865 4865 I wm_on_create_called: [99391621,com.android.permissioncontroller.permission.ui.GrantPermissionsActivity,performCreate]
05-09 12:04:28.364 4865 4865 I wm_on_start_called: [99391621,com.android.permissioncontroller.permission.ui.GrantPermissionsActivity,handleStartActivity]
05-09 12:04:28.365 4865 4865 I wm_on_resume_called: [99391621,com.android.permissioncontroller.permission.ui.GrantPermissionsActivity,RESUME_ACTIVITY]
05-09 12:04:28.367 4865 4865 I wm_on_top_resumed_gained_called: [99391621,com.android.permissioncontroller.permission.ui.GrantPermissionsActivity,topStateChangedWhenResumed]
05-09 12:04:28.376 621 4709 I wm_destroy_activity: [0,169894911,252,com.ebensz.email/.activity.setup.AccountSetupBasics,finish-imm:idle]
05-09 12:04:28.377 621 4709 I wm_destroy_activity: [0,251024358,252,com.ebensz.email/.activity.Welcome,finish-imm:idle]
05-09 12:04:28.377 10239 10239 I wm_on_destroy_called: [169894911,com.ebensz.email.activity.setup.AccountSetupBasics,performDestroy]
05-09 12:04:28.377 10239 10239 I wm_on_destroy_called: [251024358,com.ebensz.email.activity.Welcome,performDestroy]
05-09 12:04:28.385 621 642 I input_focus: [Focus request 7ace00 com.android.permissioncontroller/com.android.permissioncontroller.permission.ui.GrantPermissionsActivity,reason=UpdateInputWindows]
05-09 12:04:28.392 621 638 I wm_activity_launch_time: [0,99391621,com.android.permissioncontroller/.permission.ui.GrantPermissionsActivity,210]
05-09 12:04:28.407 621 5122 I am_kill : [0,8010,android.process.media,985,empty for 2197s]
05-09 12:04:28.410 621 706 I input_focus: [Focus entering 7ace00 com.android.permissioncontroller/com.android.permissioncontroller.permission.ui.GrantPermissionsActivity (server),reason=Window became focusable. Previous reason: NOT_VISIBLE]
05-09 12:04:28.430 621 636 I am_proc_died: [0,8010,android.process.media,985,19]
05-09 12:04:28.431 621 636 I am_uid_stopped: 10018
05-10 02:43:19.864 10212 10212 I binder : undelivered transaction 1533819, process died.
05-10 02:43:19.864 10212 10212 I binder : undelivered transaction 1531514, process died.
05-09 12:04:28.541 621 640 I commit_sys_config_file: [notification-policy,12056012]
05-09 12:04:28.600 621 641 I wm_destroy_activity: [0,130125043,252,com.ebensz.email/.privacypolicy.StatementActivity,finish-imm:idle]
05-09 12:04:28.617 10239 10239 I wm_on_stop_called: [130125043,com.ebensz.email.privacypolicy.StatementActivity,LIFECYCLER_STOP_ACTIVITY]
05-09 12:04:28.617 10239 10239 I wm_on_destroy_called: [130125043,com.ebensz.email.privacypolicy.StatementActivity,performDestroy]
05-10 02:43:20.794 555 555 W : abc audioDBG [es8323_mute] start mute:1
05-10 02:43:20.794 555 555 I [Awinic] [3-0058]aw_acf_get_prof_desc_form_name: get prof desc down
05-10 02:43:20.795 555 555 I [Awinic] [3-005b]aw_acf_get_prof_desc_form_name: get prof desc down
05-09 12:04:29.678 621 706 I input_interaction: Interaction with: 7ace00 com.android.permissioncontroller/com.android.permissioncontroller.permission.ui.GrantPermissionsActivity (server), PointerEventDispatcher0 (server),
05-09 12:04:29.913 621 5122 I sysui_multi_action: [757,1243,758,4,806,com.ebensz.email,1241,android.permission.READ_CALENDAR]
05-09 12:04:29.914 621 1048 I sysui_multi_action: [757,1243,758,4,806,com.ebensz.email,1241,android.permission.WRITE_CALENDAR]
05-10 02:43:21.360 2556 2556 W : abc audioDBG [es8323_mute] start mute:0
05-10 02:43:21.370 2556 2556 I [Awinic] [3-0058]aw_acf_get_prof_desc_form_name: get prof desc down
05-10 02:43:21.384 2556 2556 I [Awinic] [3-005b]aw_acf_get_prof_desc_form_name: get prof desc down
05-10 02:43:22.495 555 555 W : abc audioDBG [es8323_mute] start mute:1
05-10 02:43:22.495 555 555 I [Awinic] [3-0058]aw_acf_get_prof_desc_form_name: get prof desc down
05-10 02:43:22.496 555 555 I [Awinic] [3-005b]aw_acf_get_prof_desc_form_name: get prof desc down
05-09 12:04:31.397 621 5122 I sysui_multi_action: [757,1243,758,4,806,com.ebensz.email,1241,android.permission.WRITE_CONTACTS]
05-09 12:04:31.398 621 5122 I sysui_multi_action: [757,1243,758,4,806,com.ebensz.email,1241,android.permission.READ_CONTACTS]
05-10 02:43:22.844 2556 2556 W : abc audioDBG [es8323_mute] start mute:0
05-10 02:43:22.855 2556 2556 I [Awinic] [3-0058]aw_acf_get_prof_desc_form_name: get prof desc down
05-10 02:43:22.868 2556 2556 I [Awinic] [3-005b]aw_acf_get_prof_desc_form_name: get prof desc down
05-09 12:04:32.459 621 5122 I sysui_multi_action: [757,1243,758,4,806,com.ebensz.email,1241,android.permission.READ_PHONE_STATE]
05-09 12:04:33.320 621 7814 I sysui_multi_action: [757,1243,758,4,806,com.ebensz.email,1241,android.permission.SEND_SMS]
05-09 12:04:34.211 621 1048 I sysui_multi_action: [757,1243,758,4,806,com.ebensz.email,1241,android.permission.WRITE_EXTERNAL_STORAGE]
05-09 12:04:34.212 621 5122 I sysui_multi_action: [757,1243,758,4,806,com.ebensz.email,1241,android.permission.READ_EXTERNAL_STORAGE]
05-09 12:04:34.213 621 4709 I sysui_multi_action: [757,1243,758,4,806,com.ebensz.email,1241,android.permission.ACCESS_MEDIA_LOCATION]
05-09 12:04:34.213 4865 4865 I snet_event_log: [individual_permissions_requested,10072,com.ebensz.email:com.ebensz.email:;android.permission.WRITE_EXTERNAL_STORAGE|false|8960;android.permission.READ_EXTERNAL_STORAGE|false|8960;android.permission.ACCESS_MEDIA_LOCATION|false|896com.ebensz.email:;android.permission.READ_PHONE_STATE|false|768com.ebensz.email:;android.permission.GET_ACCOUNTS|false|768;android.permission.WRITE_CONTACTS|false|768;android.permission.READ_CONTACTS|false|768com.ebensz.email:;android.permission.READ_CALENDAR|false|768;android.permission.WRITE_CALENDAR|false|768com.ebensz.email:;android.permission.SEND_SMS|false|8960]
05-09 12:04:34.214 621 4709 I wm_finish_activity: [0,99391621,252,com.android.permissioncontroller/.permission.ui.GrantPermissionsActivity,app-request]
05-09 12:04:34.226 621 4709 I wm_pause_activity: [0,99391621,com.android.permissioncontroller/.permission.ui.GrantPermissionsActivity,userLeaving=false,finish]
05-09 12:04:34.240 621 706 I input_focus: [Focus leaving 7ace00 com.android.permissioncontroller/com.android.permissioncontroller.permission.ui.GrantPermissionsActivity (server),reason=NO_WINDOW]
05-09 12:04:34.260 4865 4865 I wm_on_top_resumed_lost_called: [99391621,com.android.permissioncontroller.permission.ui.GrantPermissionsActivity,topStateChangedWhenResumed]
05-09 12:04:34.262 4865 4865 I wm_on_paused_called: [99391621,com.android.permissioncontroller.permission.ui.GrantPermissionsActivity,performPause]
05-09 12:04:34.266 621 6404 I wm_set_resumed_activity: [0,com.ebensz.email/.privacypolicy.PermissionsActivity,resumeTopActivity]
05-09 12:04:34.267 621 6404 I wm_resume_activity: [0,17197442,252,com.ebensz.email/.privacypolicy.PermissionsActivity]
05-09 12:04:34.285 621 642 I input_focus: [Focus request 3d0a70b com.ebensz.email/com.ebensz.email.privacypolicy.PermissionsActivity,reason=UpdateInputWindows]
05-09 12:04:34.286 621 641 I sysui_multi_action: [757,803,799,window_time_0,802,6]
05-09 12:04:34.290 621 5122 I wm_task_moved: [252,1,16]
05-09 12:04:34.290 621 5122 I wm_set_resumed_activity: [0,com.ebensz.email/.privacypolicy.PermissionsActivity,positionChildAt]
05-09 12:04:34.290 621 5122 I wm_create_activity: [0,20804207,252,com.ebensz.email/.activity.setup.AccountSetupBasics,NULL,NULL,NULL,0]
05-09 12:04:34.291 621 5122 I wm_pause_activity: [0,17197442,com.ebensz.email/.privacypolicy.PermissionsActivity,userLeaving=true,resumeTopActivity]
05-09 12:04:34.295 621 5122 I wm_finish_activity: [0,17197442,252,com.ebensz.email/.privacypolicy.PermissionsActivity,app-request]
05-09 12:04:34.295 10239 10239 I wm_on_activity_result_called: [17197442,com.ebensz.email.privacypolicy.PermissionsActivity,ACTIVITY_RESULT]
05-09 12:04:34.298 621 1055 I wm_add_to_stopping: [0,17197442,com.ebensz.email/.privacypolicy.PermissionsActivity,completeFinishing]
05-09 12:04:34.299 621 1055 I wm_restart_activity: [0,20804207,252,com.ebensz.email/.activity.setup.AccountSetupBasics]
05-09 12:04:34.300 621 1055 I wm_set_resumed_activity: [0,com.ebensz.email/.activity.setup.AccountSetupBasics,minimalResumeActivityLocked]
05-09 12:04:34.301 621 641 I sysui_multi_action: [757,803,799,window_time_0,802,0]
05-09 12:04:34.312 621 706 I input_focus: [Focus entering 3d0a70b com.ebensz.email/com.ebensz.email.privacypolicy.PermissionsActivity (server),reason=setFocusedWindow]
05-09 12:04:34.330 621 706 I input_focus: [Focus leaving 3d0a70b com.ebensz.email/com.ebensz.email.privacypolicy.PermissionsActivity (server),reason=NO_WINDOW]
05-09 12:04:34.347 10239 10239 I wm_on_create_called: [20804207,com.ebensz.email.activity.setup.AccountSetupBasics,performCreate]
05-09 12:04:34.348 10239 10239 I wm_on_start_called: [20804207,com.ebensz.email.activity.setup.AccountSetupBasics,handleStartActivity]
05-09 12:04:34.349 10239 10239 I wm_on_resume_called: [20804207,com.ebensz.email.activity.setup.AccountSetupBasics,RESUME_ACTIVITY]
05-09 12:04:34.357 10239 10239 I wm_on_top_resumed_gained_called: [20804207,com.ebensz.email.activity.setup.AccountSetupBasics,topStateChangedWhenResumed]
05-09 12:04:34.373 621 642 I input_focus: [Focus request 1bce780 com.ebensz.email/com.ebensz.email.activity.setup.AccountSetupBasics,reason=UpdateInputWindows]
05-09 12:04:34.372 10239 10239 I auditd : type=1400 audit(0.0:1065): avc: denied { open } for comm="RenderThread" path="/dev/__properties__/u:object_r:vendor_default_prop:s0" dev="tmpfs" ino=281 scontext=u:r:platform_app:s0:c512,c768 tcontext=u:object_r:vendor_default_prop:s0 tclass=file permissive=1 app=com.ebensz.email
05-09 12:04:34.372 10239 10239 I auditd : type=1400 audit(0.0:1066): avc: denied { getattr } for comm="RenderThread" path="/dev/__properties__/u:object_r:vendor_default_prop:s0" dev="tmpfs" ino=281 scontext=u:r:platform_app:s0:c512,c768 tcontext=u:object_r:vendor_default_prop:s0 tclass=file permissive=1 app=com.ebensz.email
05-09 12:04:34.372 10239 10239 I auditd : type=1400 audit(0.0:1067): avc: denied { map } for comm="RenderThread" path="/dev/__properties__/u:object_r:vendor_default_prop:s0" dev="tmpfs" ino=281 scontext=u:r:platform_app:s0:c512,c768 tcontext=u:object_r:vendor_default_prop:s0 tclass=file permissive=1 app=com.ebensz.email
05-09 12:04:34.519 621 638 I wm_activity_launch_time: [0,20804207,com.ebensz.email/.activity.setup.AccountSetupBasics,233]
05-09 12:04:34.521 621 5122 I wm_destroy_activity: [0,99391621,252,com.android.permissioncontroller/.permission.ui.GrantPermissionsActivity,finish-idle]
