05-10 00:33:50.157 2556 2556 I [Awinic] [3-0058]aw_acf_get_prof_desc_form_name: get prof desc down
05-10 00:33:50.173 2556 2556 I [Awinic] [3-005b]aw_acf_get_prof_desc_form_name: get prof desc down
05-10 00:33:51.296 425 425 W : abc audioDBG [es8323_mute] start mute:1
05-10 00:33:51.296 425 425 I [Awinic] [3-0058]aw_acf_get_prof_desc_form_name: get prof desc down
05-10 00:33:51.297 425 425 I [Awinic] [3-005b]aw_acf_get_prof_desc_form_name: get prof desc down
05-10 00:33:52.051 2556 2556 W : abc audioDBG [es8323_mute] start mute:0
05-10 00:33:52.062 2556 2556 I [Awinic] [3-0058]aw_acf_get_prof_desc_form_name: get prof desc down
05-10 00:33:52.076 2556 2556 I [Awinic] [3-005b]aw_acf_get_prof_desc_form_name: get prof desc down
05-10 00:33:53.361 425 425 W : abc audioDBG [es8323_mute] start mute:1
05-10 00:33:53.361 425 425 I [Awinic] [3-0058]aw_acf_get_prof_desc_form_name: get prof desc down
05-10 00:33:53.361 425 425 I [Awinic] [3-005b]aw_acf_get_prof_desc_form_name: get prof desc down
05-10 00:33:53.434 2556 2556 W : abc audioDBG [es8323_mute] start mute:0
05-10 00:33:53.445 2556 2556 I [Awinic] [3-0058]aw_acf_get_prof_desc_form_name: get prof desc down
05-10 00:33:53.460 2556 2556 I [Awinic] [3-005b]aw_acf_get_prof_desc_form_name: get prof desc down
05-10 00:33:53.712 442 442 I gsensor_mxc6655 5-0015: set sensor poll time to 200ms
05-10 00:33:53.722 442 442 I gsensor_mxc6655 5-0015: set sensor poll time to 66ms
05-10 00:33:53.734 462 462 I gsensor_mxc6655 5-0015: set sensor poll time to 66ms
05-10 00:33:54.818 556 556 W : abc audioDBG [es8323_mute] start mute:1
05-10 00:33:54.818 556 556 I [Awinic] [3-0058]aw_acf_get_prof_desc_form_name: get prof desc down
05-10 00:33:54.819 556 556 I [Awinic] [3-005b]aw_acf_get_prof_desc_form_name: get prof desc down
05-10 00:33:56.929 2556 2556 W : abc audioDBG [es8323_mute] start mute:0
05-10 00:33:56.939 2556 2556 I [Awinic] [3-0058]aw_acf_get_prof_desc_form_name: get prof desc down
05-10 00:33:56.953 2556 2556 I [Awinic] [3-005b]aw_acf_get_prof_desc_form_name: get prof desc down
05-10 00:33:58.096 556 556 W : abc audioDBG [es8323_mute] start mute:1
05-10 00:33:58.096 556 556 I [Awinic] [3-0058]aw_acf_get_prof_desc_form_name: get prof desc down
05-10 00:33:58.097 556 556 I [Awinic] [3-005b]aw_acf_get_prof_desc_form_name: get prof desc down
05-10 00:34:00.403 2556 2556 W : abc audioDBG [es8323_mute] start mute:0
05-10 00:34:00.413 2556 2556 I [Awinic] [3-0058]aw_acf_get_prof_desc_form_name: get prof desc down
05-10 00:34:00.430 2556 2556 I [Awinic] [3-005b]aw_acf_get_prof_desc_form_name: get prof desc down
05-10 00:34:01.564 556 556 W : abc audioDBG [es8323_mute] start mute:1
05-10 00:34:01.564 556 556 I [Awinic] [3-0058]aw_acf_get_prof_desc_form_name: get prof desc down
05-10 00:34:01.565 556 556 I [Awinic] [3-005b]aw_acf_get_prof_desc_form_name: get prof desc down
05-10 00:34:02.519 2556 2556 W : abc audioDBG [es8323_mute] start mute:0
05-10 00:34:02.529 2556 2556 I [Awinic] [3-0058]aw_acf_get_prof_desc_form_name: get prof desc down
05-10 00:34:02.544 2556 2556 I [Awinic] [3-005b]aw_acf_get_prof_desc_form_name: get prof desc down
05-10 00:34:03.664 556 556 W : abc audioDBG [es8323_mute] start mute:1
05-10 00:34:03.664 556 556 I [Awinic] [3-0058]aw_acf_get_prof_desc_form_name: get prof desc down
05-10 00:34:03.664 556 556 I [Awinic] [3-005b]aw_acf_get_prof_desc_form_name: get prof desc down
05-10 00:34:10.747 462 462 I gsensor_mxc6655 5-0015: set sensor poll time to 200ms
05-10 00:34:10.778 327 327 W audit : audit_lost=514 audit_rate_limit=5 audit_backlog_limit=64
05-10 00:34:10.778 327 327 E audit : rate limit exceeded
05-10 00:34:10.789 437 437 W healthd : battery l=99 v=8394 t=27.5 h=1 st=3 c=-256000 fc=9700000 cc=6 chg=
05-10 00:34:11.019 353 353 I rockchip-vop2 fdd90000.vop: [drm:vop2_crtc_atomic_disable] Crtc atomic disable vp2
05-10 00:34:11.033 353 353 E rockchip-vop2 fdd90000.vop: [drm:vop2_crtc_atomic_disable] *ERROR* unexpected power on pd7
05-10 00:34:11.315 1286 1286 I PM : suspend entry (deep)
05-10 00:34:11.454 1286 1286 I Filesystems sync: 0.138 seconds
05-10 00:34:11.454 1286 1286 I : Freezing user space processes ... (elapsed 0.005 seconds) done.
05-10 00:34:11.460 1286 1286 I : OOM killer disabled.
05-10 00:34:11.460 1286 1286 I : Freezing remaining freezable tasks ... (elapsed 0.030 seconds) done.
05-10 00:34:11.490 1286 1286 I printk : Suspending console(s) (use no_console_suspend to debug)
05-10 00:34:11.578 1286 1286 E regulator-dummy: Underflow of regulator enable count
05-10 00:34:11.578 1286 1286 E wacom_i2c 4-0009: disable regulator failed -22
05-10 00:34:11.812 1286 1286 I : Disabling non-boot CPUs ...
05-10 00:34:11.813 1286 1286 I psci : CPU1 killed (polled 0 ms)
05-10 00:34:11.815 1286 1286 I psci : CPU2 killed (polled 0 ms)
05-10 00:34:11.817 1286 1286 I psci : CPU3 killed (polled 0 ms)
05-10 00:34:11.819 1286 1286 I psci : CPU4 killed (polled 0 ms)
05-10 00:34:11.822 1286 1286 I psci : CPU5 killed (polled 0 ms)
05-10 00:34:11.825 1286 1286 I psci : CPU6 killed (polled 0 ms)
05-10 00:34:11.827 1286 1286 I psci : CPU7 killed (polled 0 ms)
05-10 00:34:14.951 0 0 W [ C0] PM: pm_system_irq_wakeup: 106 triggered rk806
05-10 00:34:14.951 1286 1286 I : Enabling non-boot CPUs ...
05-10 00:34:14.952 0 0 I : Detected VIPT I-cache on CPU1
05-10 00:34:14.952 0 0 I GICv3 : CPU1: found redistributor 100 region 0:0x00000000fe6a0000
05-10 00:34:14.952 0 0 I CPU1 : Booted secondary processor 0x0000000100 [0x412fd050]
05-10 00:34:14.953 1286 1286 I : CPU1 is up
05-10 00:34:14.954 0 0 I : Detected VIPT I-cache on CPU2
05-10 00:34:14.954 0 0 I GICv3 : CPU2: found redistributor 200 region 0:0x00000000fe6c0000
05-10 00:34:14.954 0 0 I CPU2 : Booted secondary processor 0x0000000200 [0x412fd050]
05-10 00:34:14.954 1286 1286 I : CPU2 is up
05-10 00:34:14.955 0 0 I : Detected VIPT I-cache on CPU3
05-10 00:34:14.955 0 0 I GICv3 : CPU3: found redistributor 300 region 0:0x00000000fe6e0000
05-10 00:34:14.955 0 0 I CPU3 : Booted secondary processor 0x0000000300 [0x412fd050]
05-10 00:34:14.956 1286 1286 I : CPU3 is up
05-10 00:34:14.956 0 0 I : Detected PIPT I-cache on CPU4
05-10 00:34:14.956 0 0 I GICv3 : CPU4: found redistributor 400 region 0:0x00000000fe700000
05-10 00:34:14.957 0 0 I CPU4 : Booted secondary processor 0x0000000400 [0x414fd0b0]
05-10 00:34:14.957 1286 1286 I : CPU4 is up
05-10 00:34:14.958 0 0 I : Detected PIPT I-cache on CPU5
05-10 00:34:14.958 0 0 I GICv3 : CPU5: found redistributor 500 region 0:0x00000000fe720000
05-10 00:34:14.958 0 0 I CPU5 : Booted secondary processor 0x0000000500 [0x414fd0b0]
05-10 00:34:14.959 1286 1286 I : CPU5 is up
05-10 00:34:14.960 0 0 I : Detected PIPT I-cache on CPU6
05-10 00:34:14.960 0 0 I GICv3 : CPU6: found redistributor 600 region 0:0x00000000fe740000
05-10 00:34:14.960 0 0 I CPU6 : Booted secondary processor 0x0000000600 [0x414fd0b0]
05-10 00:34:14.961 1286 1286 I : CPU6 is up
05-10 00:34:14.962 0 0 I : Detected PIPT I-cache on CPU7
05-10 00:34:14.963 0 0 I GICv3 : CPU7: found redistributor 700 region 0:0x00000000fe760000
05-10 00:34:14.963 0 0 I CPU7 : Booted secondary processor 0x0000000700 [0x414fd0b0]
05-10 00:34:14.964 1286 1286 I : CPU7 is up
05-10 00:34:14.969 1286 1286 I rk_gmac-dwmac fe1c0000.ethernet: init for RGMII
05-10 00:34:14.969 1273 1273 I usb1 : root hub lost power or was reset
05-10 00:34:14.975 1286 1286 E PM : dpm_run_callback(): wacom_i2c_resume+0x0/0xdc returns -6
05-10 00:34:14.975 1286 1286 E PM : Device 4-0009 failed to resume: error -6
05-10 00:34:15.039 1286 1286 I usb2 : root hub lost power or was reset
05-10 00:34:15.134 1286 1286 I : OOM killer enabled.
05-10 00:34:15.134 1286 1286 I : Restarting tasks ... done.
05-10 00:34:15.146 1286 1286 I : Resume caused by IRQ 106, rk806
05-10 00:34:15.146 1286 1286 I PM : suspend exit
05-10 00:34:15.149 5379 5379 I : mmc_host mmc0: Bus speed (slot 0) = 400000Hz (slot req 400000Hz, actual 400000HZ div = 0)
05-10 00:34:15.179 462 462 I gsensor_mxc6655 5-0015: set sensor poll time to 200ms
05-10 00:34:15.180 462 462 I gsensor_mxc6655 5-0015: sensor on: starting poll sensor data 196ms
05-10 00:34:18.317 437 437 W healthd : battery l=99 v=8496 t=27.0 h=1 st=3 c=0 fc=9700000 cc=6 chg=
05-10 00:34:18.319 353 353 W : <<-GTP-ERROR->> I2C Read: 0x8047, 1 bytes failed, errcode: -6! Process reset.
05-10 00:34:18.352 462 462 I gsensor_mxc6655 5-0015: set sensor poll time to 66ms
05-10 00:34:18.418 353 353 W : <<-GTP-ERROR->> GTP i2c test failed time 1.
05-10 00:34:18.459 5379 5379 I : mmc_host mmc0: Bus speed (slot 0) = 49500000Hz (slot req 50000000Hz, actual 49500000HZ div = 0)
05-10 00:34:19.009 353 353 I rockchip-vop2 fdd90000.vop: [drm:vop2_crtc_atomic_enable] Update mode to 1536x2048p55, type: 16(if:60) for vp2 dclk: 192000000
05-10 00:34:19.011 353 353 I rockchip-vop2 fdd90000.vop: [drm:vop2_crtc_atomic_enable] dclk_out2 div: 2 dclk_core2 div: 1
05-10 00:34:19.011 353 353 I rockchip-vop2 fdd90000.vop: [drm:vop2_crtc_atomic_enable] set dclk_vop2 to 96000000, get 96000000
05-10 00:34:19.518 353 353 I dw-mipi-dsi2 fde20000.dsi: [drm:dw_mipi_dsi2_encoder_enable] final DSI-Link bandwidth: 639999 x 8 Kbps
05-10 00:34:30.717 2556 2556 W : abc audioDBG [es8323_mute] start mute:0
05-10 00:34:30.727 2556 2556 I [Awinic] [3-0058]aw_acf_get_prof_desc_form_name: get prof desc down
05-10 00:34:30.743 2556 2556 I [Awinic] [3-005b]aw_acf_get_prof_desc_form_name: get prof desc down
05-10 00:34:32.912 425 425 W : abc audioDBG [es8323_mute] start mute:1
05-10 00:34:32.912 425 425 I [Awinic] [3-0058]aw_acf_get_prof_desc_form_name: get prof desc down
05-10 00:34:32.912 425 425 I [Awinic] [3-005b]aw_acf_get_prof_desc_form_name: get prof desc down
05-10 00:34:52.552 2556 2556 W : abc audioDBG [es8323_mute] start mute:0
05-10 00:34:52.563 2556 2556 I [Awinic] [3-0058]aw_acf_get_prof_desc_form_name: get prof desc down
05-10 00:34:52.579 2556 2556 I [Awinic] [3-005b]aw_acf_get_prof_desc_form_name: get prof desc down
05-10 00:34:54.618 425 425 W : abc audioDBG [es8323_mute] start mute:1
05-10 00:34:54.618 425 425 I [Awinic] [3-0058]aw_acf_get_prof_desc_form_name: get prof desc down
05-10 00:34:54.618 425 425 I [Awinic] [3-005b]aw_acf_get_prof_desc_form_name: get prof desc down
05-10 00:34:54.666 2556 2556 W : abc audioDBG [es8323_mute] start mute:0
05-10 00:34:54.676 2556 2556 I [Awinic] [3-0058]aw_acf_get_prof_desc_form_name: get prof desc down
05-10 00:34:54.689 2556 2556 I [Awinic] [3-005b]aw_acf_get_prof_desc_form_name: get prof desc down
05-10 00:34:55.798 425 425 W : abc audioDBG [es8323_mute] start mute:1
05-10 00:34:55.798 425 425 I [Awinic] [3-0058]aw_acf_get_prof_desc_form_name: get prof desc down
05-10 00:34:55.799 425 425 I [Awinic] [3-005b]aw_acf_get_prof_desc_form_name: get prof desc down
05-10 00:34:57.241 2556 2556 W : abc audioDBG [es8323_mute] start mute:0
05-10 00:34:57.251 2556 2556 I [Awinic] [3-0058]aw_acf_get_prof_desc_form_name: get prof desc down
05-10 00:34:57.265 2556 2556 I [Awinic] [3-005b]aw_acf_get_prof_desc_form_name: get prof desc down
05-10 00:34:58.409 425 425 W : abc audioDBG [es8323_mute] start mute:1
05-10 00:34:58.409 425 425 I [Awinic] [3-0058]aw_acf_get_prof_desc_form_name: get prof desc down
05-10 00:34:58.410 425 425 I [Awinic] [3-005b]aw_acf_get_prof_desc_form_name: get prof desc down
05-10 00:34:58.785 2556 2556 W : abc audioDBG [es8323_mute] start mute:0
05-10 00:34:58.795 2556 2556 I [Awinic] [3-0058]aw_acf_get_prof_desc_form_name: get prof desc down
05-10 00:34:58.809 2556 2556 I [Awinic] [3-005b]aw_acf_get_prof_desc_form_name: get prof desc down
05-10 00:34:59.927 425 425 W : abc audioDBG [es8323_mute] start mute:1
05-10 00:34:59.927 425 425 I [Awinic] [3-0058]aw_acf_get_prof_desc_form_name: get prof desc down
05-10 00:34:59.928 425 425 I [Awinic] [3-005b]aw_acf_get_prof_desc_form_name: get prof desc down
05-10 00:35:00.065 2556 2556 W : abc audioDBG [es8323_mute] start mute:0
05-10 00:35:00.075 2556 2556 I [Awinic] [3-0058]aw_acf_get_prof_desc_form_name: get prof desc down
05-10 00:35:00.090 2556 2556 I [Awinic] [3-005b]aw_acf_get_prof_desc_form_name: get prof desc down
05-10 00:35:01.222 425 425 W : abc audioDBG [es8323_mute] start mute:1
05-10 00:35:01.222 425 425 I [Awinic] [3-0058]aw_acf_get_prof_desc_form_name: get prof desc down
05-10 00:35:01.223 425 425 I [Awinic] [3-005b]aw_acf_get_prof_desc_form_name: get prof desc down
05-10 00:35:04.551 2556 2556 W : abc audioDBG [es8323_mute] start mute:0
05-10 00:35:04.561 2556 2556 I [Awinic] [3-0058]aw_acf_get_prof_desc_form_name: get prof desc down
05-10 00:35:04.576 2556 2556 I [Awinic] [3-005b]aw_acf_get_prof_desc_form_name: get prof desc down
05-10 00:35:05.707 425 425 W : abc audioDBG [es8323_mute] start mute:1
05-10 00:35:05.707 425 425 I [Awinic] [3-0058]aw_acf_get_prof_desc_form_name: get prof desc down
05-10 00:35:05.708 425 425 I [Awinic] [3-005b]aw_acf_get_prof_desc_form_name: get prof desc down
05-10 00:35:06.137 2556 2556 W : abc audioDBG [es8323_mute] start mute:0
05-10 00:35:06.148 2556 2556 I [Awinic] [3-0058]aw_acf_get_prof_desc_form_name: get prof desc down
05-10 00:35:06.162 2556 2556 I [Awinic] [3-005b]aw_acf_get_prof_desc_form_name: get prof desc down
05-10 00:35:07.296 425 425 W : abc audioDBG [es8323_mute] start mute:1
05-10 00:35:07.296 425 425 I [Awinic] [3-0058]aw_acf_get_prof_desc_form_name: get prof desc down
05-10 00:35:07.296 425 425 I [Awinic] [3-005b]aw_acf_get_prof_desc_form_name: get prof desc down
05-10 00:35:10.247 2556 2556 W : abc audioDBG [es8323_mute] start mute:0
05-10 00:35:10.257 2556 2556 I [Awinic] [3-0058]aw_acf_get_prof_desc_form_name: get prof desc down
05-10 00:35:10.271 2556 2556 I [Awinic] [3-005b]aw_acf_get_prof_desc_form_name: get prof desc down
05-10 00:35:12.217 425 425 W : abc audioDBG [es8323_mute] start mute:1
05-10 00:35:12.217 425 425 I [Awinic] [3-0058]aw_acf_get_prof_desc_form_name: get prof desc down
05-10 00:35:12.218 425 425 I [Awinic] [3-005b]aw_acf_get_prof_desc_form_name: get prof desc down
05-10 00:35:12.267 2556 2556 W : abc audioDBG [es8323_mute] start mute:0
05-10 00:35:12.277 2556 2556 I [Awinic] [3-0058]aw_acf_get_prof_desc_form_name: get prof desc down
05-10 00:35:12.292 2556 2556 I [Awinic] [3-005b]aw_acf_get_prof_desc_form_name: get prof desc down
05-10 00:35:13.405 425 425 W : abc audioDBG [es8323_mute] start mute:1
05-10 00:35:13.405 425 425 I [Awinic] [3-0058]aw_acf_get_prof_desc_form_name: get prof desc down
05-10 00:35:13.405 425 425 I [Awinic] [3-005b]aw_acf_get_prof_desc_form_name: get prof desc down
05-10 00:35:17.230 2556 2556 W : abc audioDBG [es8323_mute] start mute:0
05-10 00:35:17.240 2556 2556 I [Awinic] [3-0058]aw_acf_get_prof_desc_form_name: get prof desc down
05-10 00:35:17.254 2556 2556 I [Awinic] [3-005b]aw_acf_get_prof_desc_form_name: get prof desc down
05-10 00:35:18.386 425 425 W : abc audioDBG [es8323_mute] start mute:1
05-10 00:35:18.386 425 425 I [Awinic] [3-0058]aw_acf_get_prof_desc_form_name: get prof desc down
05-10 00:35:18.387 425 425 I [Awinic] [3-005b]aw_acf_get_prof_desc_form_name: get prof desc down
05-10 00:35:19.405 2556 2556 W : abc audioDBG [es8323_mute] start mute:0
05-10 00:35:19.415 2556 2556 I [Awinic] [3-0058]aw_acf_get_prof_desc_form_name: get prof desc down
05-10 00:35:19.428 2556 2556 I [Awinic] [3-005b]aw_acf_get_prof_desc_form_name: get prof desc down
05-10 00:35:20.571 425 425 W : abc audioDBG [es8323_mute] start mute:1
05-10 00:35:20.571 425 425 I [Awinic] [3-0058]aw_acf_get_prof_desc_form_name: get prof desc down
05-10 00:35:20.572 425 425 I [Awinic] [3-005b]aw_acf_get_prof_desc_form_name: get prof desc down
05-10 00:35:21.304 2556 2556 W : abc audioDBG [es8323_mute] start mute:0
05-10 00:35:21.314 2556 2556 I [Awinic] [3-0058]aw_acf_get_prof_desc_form_name: get prof desc down
05-10 00:35:21.329 2556 2556 I [Awinic] [3-005b]aw_acf_get_prof_desc_form_name: get prof desc down
05-10 00:35:22.448 425 425 W : abc audioDBG [es8323_mute] start mute:1
05-10 00:35:22.448 425 425 I [Awinic] [3-0058]aw_acf_get_prof_desc_form_name: get prof desc down
05-10 00:35:22.449 425 425 I [Awinic] [3-005b]aw_acf_get_prof_desc_form_name: get prof desc down
05-10 00:35:33.832 437 437 W healthd : battery l=99 v=8390 t=27.5 h=1 st=3 c=-256000 fc=9700000 cc=6 chg=
05-10 00:37:04.992 327 327 W audit : audit_lost=519 audit_rate_limit=5 audit_backlog_limit=64
05-10 00:37:04.992 327 327 E audit : rate limit exceeded
05-10 00:37:47.960 437 437 W healthd : battery l=98 v=8382 t=27.5 h=1 st=3 c=-256000 fc=9700000 cc=6 chg=
05-10 00:40:04.339 2556 2556 W : abc audioDBG [es8323_mute] start mute:0
05-10 00:40:04.349 2556 2556 I [Awinic] [3-0058]aw_acf_get_prof_desc_form_name: get prof desc down
05-10 00:40:04.364 2556 2556 I [Awinic] [3-005b]aw_acf_get_prof_desc_form_name: get prof desc down
05-10 00:40:06.518 425 425 W : abc audioDBG [es8323_mute] start mute:1
05-10 00:40:06.518 425 425 I [Awinic] [3-0058]aw_acf_get_prof_desc_form_name: get prof desc down
05-10 00:40:06.518 425 425 I [Awinic] [3-005b]aw_acf_get_prof_desc_form_name: get prof desc down
05-10 00:40:15.893 2556 2556 W : abc audioDBG [es8323_mute] start mute:0
05-10 00:40:15.903 2556 2556 I [Awinic] [3-0058]aw_acf_get_prof_desc_form_name: get prof desc down
05-10 00:40:15.917 2556 2556 I [Awinic] [3-005b]aw_acf_get_prof_desc_form_name: get prof desc down
05-10 00:40:18.118 425 425 W : abc audioDBG [es8323_mute] start mute:1
05-10 00:40:18.118 425 425 I [Awinic] [3-0058]aw_acf_get_prof_desc_form_name: get prof desc down
05-10 00:40:18.119 425 425 I [Awinic] [3-005b]aw_acf_get_prof_desc_form_name: get prof desc down
05-10 00:40:25.823 437 437 W healthd : battery l=98 v=8378 t=27.5 h=1 st=3 c=-256000 fc=9700000 cc=6 chg=
05-10 00:40:44.331 2556 2556 W : abc audioDBG [es8323_mute] start mute:0
05-10 00:40:44.341 2556 2556 I [Awinic] [3-0058]aw_acf_get_prof_desc_form_name: get prof desc down
05-10 00:40:44.355 2556 2556 I [Awinic] [3-005b]aw_acf_get_prof_desc_form_name: get prof desc down
05-10 00:40:45.487 425 425 W : abc audioDBG [es8323_mute] start mute:1
05-10 00:40:45.487 425 425 I [Awinic] [3-0058]aw_acf_get_prof_desc_form_name: get prof desc down
05-10 00:40:45.487 425 425 I [Awinic] [3-005b]aw_acf_get_prof_desc_form_name: get prof desc down
05-10 00:40:49.445 2556 2556 W : abc audioDBG [es8323_mute] start mute:0
05-10 00:40:49.455 2556 2556 I [Awinic] [3-0058]aw_acf_get_prof_desc_form_name: get prof desc down
05-10 00:40:49.469 2556 2556 I [Awinic] [3-005b]aw_acf_get_prof_desc_form_name: get prof desc down
05-10 00:40:50.590 425 425 W : abc audioDBG [es8323_mute] start mute:1
05-10 00:40:50.590 425 425 I [Awinic] [3-0058]aw_acf_get_prof_desc_form_name: get prof desc down
05-10 00:40:50.591 425 425 I [Awinic] [3-005b]aw_acf_get_prof_desc_form_name: get prof desc down
05-10 00:41:35.145 2556 2556 W : abc audioDBG [es8323_mute] start mute:0
05-10 00:41:35.155 2556 2556 I [Awinic] [3-0058]aw_acf_get_prof_desc_form_name: get prof desc down
05-10 00:41:35.170 2556 2556 I [Awinic] [3-005b]aw_acf_get_prof_desc_form_name: get prof desc down
05-10 00:41:36.300 425 425 W : abc audioDBG [es8323_mute] start mute:1
05-10 00:41:36.300 425 425 I [Awinic] [3-0058]aw_acf_get_prof_desc_form_name: get prof desc down
05-10 00:41:36.301 425 425 I [Awinic] [3-005b]aw_acf_get_prof_desc_form_name: get prof desc down
05-10 00:42:48.030 327 327 W audit : audit_lost=524 audit_rate_limit=5 audit_backlog_limit=64
05-10 00:42:48.030 327 327 E audit : rate limit exceeded
05-10 00:44:32.433 437 437 W healthd : battery l=97 v=8370 t=28.0 h=1 st=3 c=-256000 fc=9700000 cc=6 chg=
05-10 00:45:33.834 437 437 W healthd : battery l=97 v=8320 t=28.0 h=1 st=3 c=-256000 fc=9700000 cc=6 chg=
05-10 00:50:56.434 437 437 W healthd : battery l=96 v=8322 t=28.0 h=1 st=3 c=-256000 fc=9700000 cc=6 chg=
05-10 00:55:33.832 437 437 W healthd : battery l=96 v=8304 t=28.0 h=1 st=3 c=-256000 fc=9700000 cc=6 chg=
05-10 00:56:34.358 437 437 W healthd : battery l=95 v=8300 t=28.0 h=1 st=3 c=-256000 fc=9700000 cc=6 chg=
05-10 01:01:32.075 2556 2556 W : abc audioDBG [es8323_mute] start mute:0
05-10 01:01:32.085 2556 2556 I [Awinic] [3-0058]aw_acf_get_prof_desc_form_name: get prof desc down
05-10 01:01:32.099 2556 2556 I [Awinic] [3-005b]aw_acf_get_prof_desc_form_name: get prof desc down
05-10 01:01:33.246 425 425 W : abc audioDBG [es8323_mute] start mute:1
05-10 01:01:33.246 425 425 I [Awinic] [3-0058]aw_acf_get_prof_desc_form_name: get prof desc down
05-10 01:01:33.246 425 425 I [Awinic] [3-005b]aw_acf_get_prof_desc_form_name: get prof desc down
05-10 01:01:34.430 327 327 W audit : audit_lost=529 audit_rate_limit=5 audit_backlog_limit=64
05-10 01:01:34.431 327 327 E audit : rate limit exceeded
05-10 01:01:34.769 2556 2556 W : abc audioDBG [es8323_mute] start mute:0
05-10 01:01:34.779 2556 2556 I [Awinic] [3-0058]aw_acf_get_prof_desc_form_name: get prof desc down
05-10 01:01:34.794 2556 2556 I [Awinic] [3-005b]aw_acf_get_prof_desc_form_name: get prof desc down
05-10 01:01:35.924 425 425 W : abc audioDBG [es8323_mute] start mute:1
05-10 01:01:35.924 425 425 I [Awinic] [3-0058]aw_acf_get_prof_desc_form_name: get prof desc down
05-10 01:01:35.924 425 425 I [Awinic] [3-005b]aw_acf_get_prof_desc_form_name: get prof desc down
05-10 01:01:37.434 2556 2556 W : abc audioDBG [es8323_mute] start mute:0
05-10 01:01:37.444 2556 2556 I [Awinic] [3-0058]aw_acf_get_prof_desc_form_name: get prof desc down
05-10 01:01:37.459 2556 2556 I [Awinic] [3-005b]aw_acf_get_prof_desc_form_name: get prof desc down
05-10 01:01:38.591 425 425 W : abc audioDBG [es8323_mute] start mute:1
05-10 01:01:38.591 425 425 I [Awinic] [3-0058]aw_acf_get_prof_desc_form_name: get prof desc down
05-10 01:01:38.591 425 425 I [Awinic] [3-005b]aw_acf_get_prof_desc_form_name: get prof desc down
05-10 01:01:39.441 2556 2556 W : abc audioDBG [es8323_mute] start mute:0
05-10 01:01:39.451 2556 2556 I [Awinic] [3-0058]aw_acf_get_prof_desc_form_name: get prof desc down
05-10 01:01:39.465 2556 2556 I [Awinic] [3-005b]aw_acf_get_prof_desc_form_name: get prof desc down
05-10 01:01:40.573 425 425 W : abc audioDBG [es8323_mute] start mute:1
05-10 01:01:40.573 425 425 I [Awinic] [3-0058]aw_acf_get_prof_desc_form_name: get prof desc down
05-10 01:01:40.574 425 425 I [Awinic] [3-005b]aw_acf_get_prof_desc_form_name: get prof desc down
05-10 01:02:02.033 437 437 W healthd : battery l=94 v=8320 t=28.5 h=1 st=3 c=-256000 fc=9700000 cc=6 chg=
05-10 01:05:25.858 437 437 W healthd : battery l=94 v=8306 t=28.5 h=1 st=3 c=-256000 fc=9700000 cc=6 chg=
05-10 01:05:33.832 437 437 W healthd : battery l=94 v=8308 t=28.5 h=1 st=3 c=-256000 fc=9700000 cc=6 chg=
05-10 01:07:02.104 327 327 W audit : audit_lost=534 audit_rate_limit=5 audit_backlog_limit=64
05-10 01:07:02.104 327 327 E audit : rate limit exceeded
05-10 01:08:20.912 437 437 W healthd : battery l=93 v=8264 t=28.5 h=1 st=3 c=-256000 fc=9700000 cc=6 chg=
05-10 01:12:25.874 437 437 W healthd : battery l=93 v=8290 t=28.5 h=1 st=3 c=-256000 fc=9700000 cc=6 chg=
05-10 01:12:38.823 2556 2556 W : abc audioDBG [es8323_mute] start mute:0
05-10 01:12:38.834 2556 2556 I [Awinic] [3-0058]aw_acf_get_prof_desc_form_name: get prof desc down
05-10 01:12:38.848 2556 2556 I [Awinic] [3-005b]aw_acf_get_prof_desc_form_name: get prof desc down
05-10 01:12:39.326 327 327 W audit : audit_lost=539 audit_rate_limit=5 audit_backlog_limit=64
05-10 01:12:39.326 327 327 E audit : rate limit exceeded
05-10 01:12:39.328 442 442 I gsensor_mxc6655 5-0015: set sensor poll time to 200ms
05-10 01:12:39.337 437 437 W healthd : battery l=93 v=8266 t=28.5 h=1 st=3 c=-512000 fc=9700000 cc=6 chg=
05-10 01:12:39.667 353 353 I rockchip-vop2 fdd90000.vop: [drm:vop2_crtc_atomic_disable] Crtc atomic disable vp2
05-10 01:12:39.681 353 353 E rockchip-vop2 fdd90000.vop: [drm:vop2_crtc_atomic_disable] *ERROR* unexpected power on pd7
05-10 01:12:40.218 425 425 W : abc audioDBG [es8323_mute] start mute:1
05-10 01:12:40.218 425 425 I [Awinic] [3-0058]aw_acf_get_prof_desc_form_name: get prof desc down
05-10 01:12:40.218 425 425 I [Awinic] [3-005b]aw_acf_get_prof_desc_form_name: get prof desc down
05-10 01:12:40.346 1286 1286 I PM : suspend entry (deep)
05-10 01:12:40.361 1286 1286 I Filesystems sync: 0.015 seconds
05-10 01:12:40.361 1286 1286 I : Freezing user space processes ... (elapsed 0.006 seconds) done.
05-10 01:12:40.368 1286 1286 I : OOM killer disabled.
05-10 01:12:40.368 1286 1286 I : Freezing remaining freezable tasks ... (elapsed 0.098 seconds) done.
05-10 01:12:40.467 1286 1286 I printk : Suspending console(s) (use no_console_suspend to debug)
05-10 01:12:40.549 1286 1286 E regulator-dummy: Underflow of regulator enable count
05-10 01:12:40.549 1286 1286 E wacom_i2c 4-0009: disable regulator failed -22
05-10 01:12:40.549 1286 1286 I PM : PM: Pending Wakeup Sources: event3
05-10 01:12:40.772 1286 1286 E PM : Some devices failed to suspend, or early wake event detected
05-10 01:12:40.887 1286 1286 I : OOM killer enabled.
05-10 01:12:40.887 1286 1286 I : Restarting tasks ... done.
05-10 01:12:40.897 1286 1286 I Abort : Pending Wakeup Sources: event3
05-10 01:12:40.897 1286 1286 I PM : suspend exit
05-10 01:12:40.901 6772 6772 I : mmc_host mmc0: Bus speed (slot 0) = 400000Hz (slot req 400000Hz, actual 400000HZ div = 0)
05-10 01:12:41.086 6772 6772 I : mmc_host mmc0: Bus speed (slot 0) = 49500000Hz (slot req 50000000Hz, actual 49500000HZ div = 0)
05-10 01:12:41.098 1286 1286 I PM : suspend entry (deep)
05-10 01:12:41.161 1286 1286 I Filesystems sync: 0.062 seconds
05-10 01:12:41.161 1286 1286 I : Freezing user space processes ... (elapsed 0.009 seconds) done.
05-10 01:12:41.170 1286 1286 I : OOM killer disabled.
05-10 01:12:41.170 1286 1286 I : Freezing remaining freezable tasks ... (elapsed 0.138 seconds) done.
05-10 01:12:41.309 1286 1286 I printk : Suspending console(s) (use no_console_suspend to debug)
05-10 01:12:41.630 1286 1286 I : Disabling non-boot CPUs ...
05-10 01:12:41.631 1286 1286 I psci : CPU1 killed (polled 0 ms)
05-10 01:12:41.633 1286 1286 I psci : CPU2 killed (polled 0 ms)
05-10 01:12:41.635 1286 1286 I psci : CPU3 killed (polled 0 ms)
05-10 01:12:41.637 1286 1286 I psci : CPU4 killed (polled 4 ms)
05-10 01:12:41.640 1286 1286 I psci : CPU5 killed (polled 0 ms)
05-10 01:12:41.643 1286 1286 I psci : CPU6 killed (polled 0 ms)
05-10 01:12:41.646 1286 1286 I psci : CPU7 killed (polled 0 ms)
05-10 01:12:46.677 0 0 W [ C0] PM: pm_system_irq_wakeup: 106 triggered rk806
05-10 01:12:46.678 1286 1286 I : Enabling non-boot CPUs ...
05-10 01:12:46.679 0 0 I : Detected VIPT I-cache on CPU1
05-10 01:12:46.679 0 0 I GICv3 : CPU1: found redistributor 100 region 0:0x00000000fe6a0000
05-10 01:12:46.679 0 0 I CPU1 : Booted secondary processor 0x0000000100 [0x412fd050]
05-10 01:12:46.679 1286 1286 I : CPU1 is up
05-10 01:12:46.680 0 0 I : Detected VIPT I-cache on CPU2
05-10 01:12:46.680 0 0 I GICv3 : CPU2: found redistributor 200 region 0:0x00000000fe6c0000
05-10 01:12:46.680 0 0 I CPU2 : Booted secondary processor 0x0000000200 [0x412fd050]
05-10 01:12:46.681 1286 1286 I : CPU2 is up
05-10 01:12:46.682 0 0 I : Detected VIPT I-cache on CPU3
05-10 01:12:46.682 0 0 I GICv3 : CPU3: found redistributor 300 region 0:0x00000000fe6e0000
05-10 01:12:46.682 0 0 I CPU3 : Booted secondary processor 0x0000000300 [0x412fd050]
05-10 01:12:46.682 1286 1286 I : CPU3 is up
05-10 01:12:46.683 0 0 I : Detected PIPT I-cache on CPU4
05-10 01:12:46.683 0 0 I GICv3 : CPU4: found redistributor 400 region 0:0x00000000fe700000
05-10 01:12:46.683 0 0 I CPU4 : Booted secondary processor 0x0000000400 [0x414fd0b0]
05-10 01:12:46.684 1286 1286 I : CPU4 is up
05-10 01:12:46.685 0 0 I : Detected PIPT I-cache on CPU5
05-10 01:12:46.685 0 0 I GICv3 : CPU5: found redistributor 500 region 0:0x00000000fe720000
05-10 01:12:46.685 0 0 I CPU5 : Booted secondary processor 0x0000000500 [0x414fd0b0]
05-10 01:12:46.686 1286 1286 I : CPU5 is up
05-10 01:12:46.687 0 0 I : Detected PIPT I-cache on CPU6
05-10 01:12:46.687 0 0 I GICv3 : CPU6: found redistributor 600 region 0:0x00000000fe740000
05-10 01:12:46.687 0 0 I CPU6 : Booted secondary processor 0x0000000600 [0x414fd0b0]
05-10 01:12:46.688 1286 1286 I : CPU6 is up
05-10 01:12:46.689 0 0 I : Detected PIPT I-cache on CPU7
05-10 01:12:46.689 0 0 I GICv3 : CPU7: found redistributor 700 region 0:0x00000000fe760000
05-10 01:12:46.689 0 0 I CPU7 : Booted secondary processor 0x0000000700 [0x414fd0b0]
05-10 01:12:46.690 1286 1286 I : CPU7 is up
05-10 01:12:46.697 1286 1286 I rk_gmac-dwmac fe1c0000.ethernet: init for RGMII
05-10 01:12:46.698 6811 6811 I usb1 : root hub lost power or was reset
05-10 01:12:46.704 1286 1286 E PM : dpm_run_callback(): wacom_i2c_resume+0x0/0xdc returns -6
05-10 01:12:46.704 1286 1286 E PM : Device 4-0009 failed to resume: error -6
05-10 01:12:46.765 1286 1286 I usb2 : root hub lost power or was reset
05-10 01:12:46.862 1286 1286 I : OOM killer enabled.
05-10 01:12:46.862 1286 1286 I : Restarting tasks ... done.
05-10 01:12:46.870 1286 1286 I : Resume caused by IRQ 106, rk806
05-10 01:12:46.870 1286 1286 I PM : suspend exit
05-10 01:12:46.885 6061 6061 I : mmc_host mmc0: Bus speed (slot 0) = 400000Hz (slot req 400000Hz, actual 400000HZ div = 0)
05-10 01:12:46.894 442 442 I gsensor_mxc6655 5-0015: set sensor poll time to 200ms
05-10 01:12:46.896 442 442 I gsensor_mxc6655 5-0015: sensor on: starting poll sensor data 196ms
05-10 01:12:46.912 353 353 W : <<-GTP-ERROR->> I2C Read: 0x8047, 1 bytes failed, errcode: -6! Process reset.
05-10 01:12:51.954 437 437 W healthd : battery l=93 v=8390 t=28.5 h=1 st=3 c=0 fc=9700000 cc=6 chg=
05-10 01:12:51.974 442 442 I gsensor_mxc6655 5-0015: set sensor poll time to 66ms
05-10 01:12:52.046 353 353 W : <<-GTP-ERROR->> GTP i2c test failed time 1.
05-10 01:12:52.097 6061 6061 I : mmc_host mmc0: Bus speed (slot 0) = 49500000Hz (slot req 50000000Hz, actual 49500000HZ div = 0)
05-10 01:12:52.104 353 353 I rockchip-vop2 fdd90000.vop: [drm:vop2_crtc_atomic_enable] Update mode to 1536x2048p55, type: 16(if:60) for vp2 dclk: 192000000
05-10 01:12:52.106 353 353 I rockchip-vop2 fdd90000.vop: [drm:vop2_crtc_atomic_enable] dclk_out2 div: 2 dclk_core2 div: 1
05-10 01:12:52.106 353 353 I rockchip-vop2 fdd90000.vop: [drm:vop2_crtc_atomic_enable] set dclk_vop2 to 96000000, get 96000000
05-10 01:12:52.612 353 353 I dw-mipi-dsi2 fde20000.dsi: [drm:dw_mipi_dsi2_encoder_enable] final DSI-Link bandwidth: 639999 x 8 Kbps
05-10 01:12:59.443 2556 2556 W : abc audioDBG [es8323_mute] start mute:0
05-10 01:12:59.453 2556 2556 I [Awinic] [3-0058]aw_acf_get_prof_desc_form_name: get prof desc down
05-10 01:12:59.467 2556 2556 I [Awinic] [3-005b]aw_acf_get_prof_desc_form_name: get prof desc down
05-10 01:13:00.786 425 425 W : abc audioDBG [es8323_mute] start mute:1
05-10 01:13:00.786 425 425 I [Awinic] [3-0058]aw_acf_get_prof_desc_form_name: get prof desc down
05-10 01:13:00.787 425 425 I [Awinic] [3-005b]aw_acf_get_prof_desc_form_name: get prof desc down
05-10 01:13:46.625 2556 2556 W : abc audioDBG [es8323_mute] start mute:0
05-10 01:13:46.635 2556 2556 I [Awinic] [3-0058]aw_acf_get_prof_desc_form_name: get prof desc down
05-10 01:13:46.650 2556 2556 I [Awinic] [3-005b]aw_acf_get_prof_desc_form_name: get prof desc down
05-10 01:13:47.781 425 425 W : abc audioDBG [es8323_mute] start mute:1
05-10 01:13:47.781 425 425 I [Awinic] [3-0058]aw_acf_get_prof_desc_form_name: get prof desc down
05-10 01:13:47.782 425 425 I [Awinic] [3-005b]aw_acf_get_prof_desc_form_name: get prof desc down
05-10 01:13:50.611 2556 2556 W : abc audioDBG [es8323_mute] start mute:0
05-10 01:13:50.621 2556 2556 I [Awinic] [3-0058]aw_acf_get_prof_desc_form_name: get prof desc down
05-10 01:13:50.635 2556 2556 I [Awinic] [3-005b]aw_acf_get_prof_desc_form_name: get prof desc down
05-10 01:13:51.766 425 425 W : abc audioDBG [es8323_mute] start mute:1
05-10 01:13:51.766 425 425 I [Awinic] [3-0058]aw_acf_get_prof_desc_form_name: get prof desc down
05-10 01:13:51.766 425 425 I [Awinic] [3-005b]aw_acf_get_prof_desc_form_name: get prof desc down
05-10 01:14:35.936 437 437 W healthd : battery l=93 v=8250 t=28.5 h=1 st=3 c=-256000 fc=9700000 cc=6 chg=
05-10 01:14:54.537 437 437 W healthd : battery l=92 v=8250 t=28.5 h=1 st=3 c=-256000 fc=9700000 cc=6 chg=
05-10 01:15:07.686 2556 2556 W : abc audioDBG [es8323_mute] start mute:0
05-10 01:15:07.696 2556 2556 I [Awinic] [3-0058]aw_acf_get_prof_desc_form_name: get prof desc down
05-10 01:15:07.710 2556 2556 I [Awinic] [3-005b]aw_acf_get_prof_desc_form_name: get prof desc down
05-10 01:15:07.744 6786 6786 I binder : undelivered transaction 686139, process died.
05-10 01:15:07.744 6786 6786 I binder : undelivered transaction 685784, process died.
05-10 01:15:10.258 425 425 W : abc audioDBG [es8323_mute] start mute:1
05-10 01:15:10.258 425 425 I [Awinic] [3-0058]aw_acf_get_prof_desc_form_name: get prof desc down
05-10 01:15:10.259 425 425 I [Awinic] [3-005b]aw_acf_get_prof_desc_form_name: get prof desc down
05-10 01:15:11.949 2556 2556 W : abc audioDBG [es8323_mute] start mute:0
05-10 01:15:11.959 2556 2556 I [Awinic] [3-0058]aw_acf_get_prof_desc_form_name: get prof desc down
05-10 01:15:11.973 2556 2556 I [Awinic] [3-005b]aw_acf_get_prof_desc_form_name: get prof desc down
05-10 01:15:13.662 425 425 W : abc audioDBG [es8323_mute] start mute:1
05-10 01:15:13.662 425 425 I [Awinic] [3-0058]aw_acf_get_prof_desc_form_name: get prof desc down
05-10 01:15:13.662 425 425 I [Awinic] [3-005b]aw_acf_get_prof_desc_form_name: get prof desc down
05-10 01:15:14.283 2556 2556 W : abc audioDBG [es8323_mute] start mute:0
05-10 01:15:14.293 2556 2556 I [Awinic] [3-0058]aw_acf_get_prof_desc_form_name: get prof desc down
05-10 01:15:14.307 2556 2556 I [Awinic] [3-005b]aw_acf_get_prof_desc_form_name: get prof desc down
05-10 01:15:15.415 425 425 W : abc audioDBG [es8323_mute] start mute:1
05-10 01:15:15.415 425 425 I [Awinic] [3-0058]aw_acf_get_prof_desc_form_name: get prof desc down
05-10 01:15:15.415 425 425 I [Awinic] [3-005b]aw_acf_get_prof_desc_form_name: get prof desc down
05-10 01:15:16.207 2556 2556 W : abc audioDBG [es8323_mute] start mute:0
05-10 01:15:16.217 2556 2556 I [Awinic] [3-0058]aw_acf_get_prof_desc_form_name: get prof desc down
05-10 01:15:16.231 2556 2556 I [Awinic] [3-005b]aw_acf_get_prof_desc_form_name: get prof desc down
05-10 01:15:17.363 425 425 W : abc audioDBG [es8323_mute] start mute:1
05-10 01:15:17.363 425 425 I [Awinic] [3-0058]aw_acf_get_prof_desc_form_name: get prof desc down
05-10 01:15:17.363 425 425 I [Awinic] [3-005b]aw_acf_get_prof_desc_form_name: get prof desc down
05-10 01:15:17.870 2556 2556 W : abc audioDBG [es8323_mute] start mute:0
05-10 01:15:17.880 2556 2556 I [Awinic] [3-0058]aw_acf_get_prof_desc_form_name: get prof desc down
05-10 01:15:17.895 2556 2556 I [Awinic] [3-005b]aw_acf_get_prof_desc_form_name: get prof desc down
05-10 01:15:19.026 425 425 W : abc audioDBG [es8323_mute] start mute:1
05-10 01:15:19.026 425 425 I [Awinic] [3-0058]aw_acf_get_prof_desc_form_name: get prof desc down
05-10 01:15:19.027 425 425 I [Awinic] [3-005b]aw_acf_get_prof_desc_form_name: get prof desc down
05-10 01:15:19.987 2556 2556 W : abc audioDBG [es8323_mute] start mute:0
05-10 01:15:19.997 2556 2556 I [Awinic] [3-0058]aw_acf_get_prof_desc_form_name: get prof desc down
05-10 01:15:20.012 2556 2556 I [Awinic] [3-005b]aw_acf_get_prof_desc_form_name: get prof desc down
05-10 01:15:22.210 425 425 W : abc audioDBG [es8323_mute] start mute:1
05-10 01:15:22.210 425 425 I [Awinic] [3-0058]aw_acf_get_prof_desc_form_name: get prof desc down
05-10 01:15:22.211 425 425 I [Awinic] [3-005b]aw_acf_get_prof_desc_form_name: get prof desc down
05-10 01:15:22.605 2556 2556 W : abc audioDBG [es8323_mute] start mute:0
05-10 01:15:22.616 2556 2556 I [Awinic] [3-0058]aw_acf_get_prof_desc_form_name: get prof desc down
05-10 01:15:22.630 2556 2556 I [Awinic] [3-005b]aw_acf_get_prof_desc_form_name: get prof desc down
05-10 01:15:24.642 425 425 W : abc audioDBG [es8323_mute] start mute:1
05-10 01:15:24.642 425 425 I [Awinic] [3-0058]aw_acf_get_prof_desc_form_name: get prof desc down
05-10 01:15:24.643 425 425 I [Awinic] [3-005b]aw_acf_get_prof_desc_form_name: get prof desc down
05-10 01:15:24.824 2556 2556 W : abc audioDBG [es8323_mute] start mute:0
05-10 01:15:24.834 2556 2556 I [Awinic] [3-0058]aw_acf_get_prof_desc_form_name: get prof desc down
05-10 01:15:24.848 2556 2556 I [Awinic] [3-005b]aw_acf_get_prof_desc_form_name: get prof desc down
05-10 01:15:25.957 425 425 W : abc audioDBG [es8323_mute] start mute:1
05-10 01:15:25.957 425 425 I [Awinic] [3-0058]aw_acf_get_prof_desc_form_name: get prof desc down
05-10 01:15:25.958 425 425 I [Awinic] [3-005b]aw_acf_get_prof_desc_form_name: get prof desc down
05-10 01:15:25.995 2556 2556 W : abc audioDBG [es8323_mute] start mute:0
05-10 01:15:26.005 2556 2556 I [Awinic] [3-0058]aw_acf_get_prof_desc_form_name: get prof desc down
05-10 01:15:26.022 2556 2556 I [Awinic] [3-005b]aw_acf_get_prof_desc_form_name: get prof desc down
05-10 01:15:27.970 425 425 W : abc audioDBG [es8323_mute] start mute:1
05-10 01:15:27.970 425 425 I [Awinic] [3-0058]aw_acf_get_prof_desc_form_name: get prof desc down
05-10 01:15:27.970 425 425 I [Awinic] [3-005b]aw_acf_get_prof_desc_form_name: get prof desc down
05-10 01:15:28.270 6803 6803 I binder : undelivered transaction 686146, process died.
05-10 01:15:28.270 6803 6803 I binder : undelivered transaction 685789, process died.
05-10 01:15:38.859 437 437 W healthd : battery l=92 v=8280 t=28.5 h=1 st=3 c=-256000 fc=9700000 cc=6 chg=
05-10 01:17:35.945 437 437 W healthd : battery l=92 v=8240 t=28.5 h=1 st=3 c=-256000 fc=9700000 cc=6 chg=
05-10 01:19:54.602 327 327 W audit : audit_lost=540 audit_rate_limit=5 audit_backlog_limit=64
05-10 01:19:54.602 327 327 E audit : rate limit exceeded
05-10 01:21:18.540 437 437 W healthd : battery l=91 v=8264 t=28.5 h=1 st=3 c=-256000 fc=9700000 cc=6 chg=
05-10 01:21:36.285 2556 2556 W : abc audioDBG [es8323_mute] start mute:0
05-10 01:21:36.295 2556 2556 I [Awinic] [3-0058]aw_acf_get_prof_desc_form_name: get prof desc down
05-10 01:21:36.308 2556 2556 I [Awinic] [3-005b]aw_acf_get_prof_desc_form_name: get prof desc down
05-10 01:21:37.438 425 425 W : abc audioDBG [es8323_mute] start mute:1
05-10 01:21:37.439 425 425 I [Awinic] [3-0058]aw_acf_get_prof_desc_form_name: get prof desc down
05-10 01:21:37.439 425 425 I [Awinic] [3-005b]aw_acf_get_prof_desc_form_name: get prof desc down
05-10 01:21:39.132 2556 2556 W : abc audioDBG [es8323_mute] start mute:0
05-10 01:21:39.142 2556 2556 I [Awinic] [3-0058]aw_acf_get_prof_desc_form_name: get prof desc down
05-10 01:21:39.156 2556 2556 I [Awinic] [3-005b]aw_acf_get_prof_desc_form_name: get prof desc down
05-10 01:21:40.286 425 425 W : abc audioDBG [es8323_mute] start mute:1
05-10 01:21:40.286 425 425 I [Awinic] [3-0058]aw_acf_get_prof_desc_form_name: get prof desc down
05-10 01:21:40.287 425 425 I [Awinic] [3-005b]aw_acf_get_prof_desc_form_name: get prof desc down
05-10 01:21:41.962 2556 2556 W : abc audioDBG [es8323_mute] start mute:0
05-10 01:21:41.972 2556 2556 I [Awinic] [3-0058]aw_acf_get_prof_desc_form_name: get prof desc down
05-10 01:21:41.989 2556 2556 I [Awinic] [3-005b]aw_acf_get_prof_desc_form_name: get prof desc down
05-10 01:21:43.124 425 425 W : abc audioDBG [es8323_mute] start mute:1
05-10 01:21:43.124 425 425 I [Awinic] [3-0058]aw_acf_get_prof_desc_form_name: get prof desc down
05-10 01:21:43.124 425 425 I [Awinic] [3-005b]aw_acf_get_prof_desc_form_name: get prof desc down
05-10 01:21:43.392 2556 2556 W : abc audioDBG [es8323_mute] start mute:0
05-10 01:21:43.402 2556 2556 I [Awinic] [3-0058]aw_acf_get_prof_desc_form_name: get prof desc down
05-10 01:21:43.417 2556 2556 I [Awinic] [3-005b]aw_acf_get_prof_desc_form_name: get prof desc down
05-10 01:21:45.063 425 425 W : abc audioDBG [es8323_mute] start mute:1
05-10 01:21:45.063 425 425 I [Awinic] [3-0058]aw_acf_get_prof_desc_form_name: get prof desc down
05-10 01:21:45.063 425 425 I [Awinic] [3-005b]aw_acf_get_prof_desc_form_name: get prof desc down
05-10 01:21:45.225 2556 2556 W : abc audioDBG [es8323_mute] start mute:0
05-10 01:21:45.235 2556 2556 I [Awinic] [3-0058]aw_acf_get_prof_desc_form_name: get prof desc down
05-10 01:21:45.251 2556 2556 I [Awinic] [3-005b]aw_acf_get_prof_desc_form_name: get prof desc down
05-10 01:21:46.361 425 425 W : abc audioDBG [es8323_mute] start mute:1
05-10 01:21:46.361 425 425 I [Awinic] [3-0058]aw_acf_get_prof_desc_form_name: get prof desc down
05-10 01:21:46.362 425 425 I [Awinic] [3-005b]aw_acf_get_prof_desc_form_name: get prof desc down
05-10 01:21:50.816 2556 2556 W : abc audioDBG [es8323_mute] start mute:0
05-10 01:21:50.827 2556 2556 I [Awinic] [3-0058]aw_acf_get_prof_desc_form_name: get prof desc down
05-10 01:21:50.843 2556 2556 I [Awinic] [3-005b]aw_acf_get_prof_desc_form_name: get prof desc down
05-10 01:21:51.986 425 425 W : abc audioDBG [es8323_mute] start mute:1
05-10 01:21:51.986 425 425 I [Awinic] [3-0058]aw_acf_get_prof_desc_form_name: get prof desc down
05-10 01:21:51.987 425 425 I [Awinic] [3-005b]aw_acf_get_prof_desc_form_name: get prof desc down
05-10 01:21:52.162 2556 2556 W : abc audioDBG [es8323_mute] start mute:0
05-10 01:21:52.173 2556 2556 I [Awinic] [3-0058]aw_acf_get_prof_desc_form_name: get prof desc down
05-10 01:21:52.187 2556 2556 I [Awinic] [3-005b]aw_acf_get_prof_desc_form_name: get prof desc down
05-10 01:21:53.891 425 425 W : abc audioDBG [es8323_mute] start mute:1
05-10 01:21:53.891 425 425 I [Awinic] [3-0058]aw_acf_get_prof_desc_form_name: get prof desc down
05-10 01:21:53.892 425 425 I [Awinic] [3-005b]aw_acf_get_prof_desc_form_name: get prof desc down
05-10 01:22:13.836 327 327 W audit : audit_lost=542 audit_rate_limit=5 audit_backlog_limit=64
05-10 01:22:13.836 327 327 E audit : rate limit exceeded
05-10 01:22:50.107 2556 2556 W : abc audioDBG [es8323_mute] start mute:0
05-10 01:22:50.117 2556 2556 I [Awinic] [3-0058]aw_acf_get_prof_desc_form_name: get prof desc down
05-10 01:22:50.131 2556 2556 I [Awinic] [3-005b]aw_acf_get_prof_desc_form_name: get prof desc down
05-10 01:22:51.587 425 425 W : abc audioDBG [es8323_mute] start mute:1
05-10 01:22:51.587 425 425 I [Awinic] [3-0058]aw_acf_get_prof_desc_form_name: get prof desc down
05-10 01:22:51.587 425 425 I [Awinic] [3-005b]aw_acf_get_prof_desc_form_name: get prof desc down
05-10 01:23:36.019 437 437 W healthd : battery l=91 v=8266 t=28.5 h=1 st=3 c=-256000 fc=9700000 cc=6 chg=
05-10 01:24:36.241 437 437 W healthd : battery l=91 v=8226 t=28.5 h=1 st=3 c=-256000 fc=9700000 cc=6 chg=
05-10 01:25:38.859 437 437 W healthd : battery l=91 v=8222 t=28.5 h=1 st=3 c=-256000 fc=9700000 cc=6 chg=
05-10 01:27:36.249 437 437 W healthd : battery l=91 v=8256 t=28.5 h=1 st=3 c=-256000 fc=9700000 cc=6 chg=
05-10 01:28:36.257 437 437 W healthd : battery l=91 v=8252 t=28.5 h=1 st=3 c=-256000 fc=9700000 cc=6 chg=
05-10 01:28:43.981 437 437 W healthd : battery l=90 v=8252 t=28.5 h=1 st=3 c=-256000 fc=9700000 cc=6 chg=
05-10 01:35:23.341 437 437 W healthd : battery l=89 v=8228 t=28.5 h=1 st=3 c=-256000 fc=9700000 cc=6 chg=
05-10 01:35:38.859 437 437 W healthd : battery l=89 v=8198 t=28.5 h=1 st=3 c=-256000 fc=9700000 cc=6 chg=
05-10 01:36:29.577 2556 2556 W : abc audioDBG [es8323_mute] start mute:0
05-10 01:36:29.587 2556 2556 I [Awinic] [3-0058]aw_acf_get_prof_desc_form_name: get prof desc down
05-10 01:36:29.605 2556 2556 I [Awinic] [3-005b]aw_acf_get_prof_desc_form_name: get prof desc down
05-10 01:36:30.729 425 425 W : abc audioDBG [es8323_mute] start mute:1
05-10 01:36:30.729 425 425 I [Awinic] [3-0058]aw_acf_get_prof_desc_form_name: get prof desc down
05-10 01:36:30.729 425 425 I [Awinic] [3-005b]aw_acf_get_prof_desc_form_name: get prof desc down
05-10 01:39:28.907 2556 2556 W : abc audioDBG [es8323_mute] start mute:0
05-10 01:39:28.917 2556 2556 I [Awinic] [3-0058]aw_acf_get_prof_desc_form_name: get prof desc down
05-10 01:39:28.932 2556 2556 I [Awinic] [3-005b]aw_acf_get_prof_desc_form_name: get prof desc down
05-10 01:39:30.067 425 425 W : abc audioDBG [es8323_mute] start mute:1
05-10 01:39:30.067 425 425 I [Awinic] [3-0058]aw_acf_get_prof_desc_form_name: get prof desc down
05-10 01:39:30.067 425 425 I [Awinic] [3-005b]aw_acf_get_prof_desc_form_name: get prof desc down
05-10 01:39:30.271 2556 2556 W : abc audioDBG [es8323_mute] start mute:0
05-10 01:39:30.281 2556 2556 I [Awinic] [3-0058]aw_acf_get_prof_desc_form_name: get prof desc down
05-10 01:39:30.294 2556 2556 I [Awinic] [3-005b]aw_acf_get_prof_desc_form_name: get prof desc down
05-10 01:39:30.460 6999 6999 W audit : audit_lost=547 audit_rate_limit=5 audit_backlog_limit=64
05-10 01:39:30.460 6999 6999 E audit : rate limit exceeded
05-10 01:39:30.495 462 462 I gsensor_mxc6655 5-0015: set sensor poll time to 20ms
05-10 01:39:31.413 425 425 W : abc audioDBG [es8323_mute] start mute:1
05-10 01:39:31.413 425 425 I [Awinic] [3-0058]aw_acf_get_prof_desc_form_name: get prof desc down
05-10 01:39:31.414 425 425 I [Awinic] [3-005b]aw_acf_get_prof_desc_form_name: get prof desc down
05-10 01:39:32.361 2556 2556 W : abc audioDBG [es8323_mute] start mute:0
05-10 01:39:32.371 2556 2556 I [Awinic] [3-0058]aw_acf_get_prof_desc_form_name: get prof desc down
05-10 01:39:32.386 2556 2556 I [Awinic] [3-005b]aw_acf_get_prof_desc_form_name: get prof desc down
05-10 01:39:33.532 425 425 W : abc audioDBG [es8323_mute] start mute:1
05-10 01:39:33.532 425 425 I [Awinic] [3-0058]aw_acf_get_prof_desc_form_name: get prof desc down
05-10 01:39:33.533 425 425 I [Awinic] [3-005b]aw_acf_get_prof_desc_form_name: get prof desc down
05-10 01:39:36.483 2556 2556 W : abc audioDBG [es8323_mute] start mute:0
05-10 01:39:36.493 2556 2556 I [Awinic] [3-0058]aw_acf_get_prof_desc_form_name: get prof desc down
05-10 01:39:36.509 2556 2556 I [Awinic] [3-005b]aw_acf_get_prof_desc_form_name: get prof desc down
05-10 01:39:37.643 425 425 W : abc audioDBG [es8323_mute] start mute:1
05-10 01:39:37.643 425 425 I [Awinic] [3-0058]aw_acf_get_prof_desc_form_name: get prof desc down
05-10 01:39:37.644 425 425 I [Awinic] [3-005b]aw_acf_get_prof_desc_form_name: get prof desc down
05-10 01:39:40.500 462 462 I gsensor_mxc6655 5-0015: set sensor poll time to 66ms
05-10 01:40:16.376 6990 6990 I binder : undelivered transaction 686132, process died.
05-10 01:40:16.376 6990 6990 I binder : undelivered transaction 685777, process died.
05-10 01:40:17.605 2556 2556 W : abc audioDBG [es8323_mute] start mute:0
05-10 01:40:17.615 2556 2556 I [Awinic] [3-0058]aw_acf_get_prof_desc_form_name: get prof desc down
05-10 01:40:17.629 2556 2556 I [Awinic] [3-005b]aw_acf_get_prof_desc_form_name: get prof desc down
05-10 01:40:18.761 425 425 W : abc audioDBG [es8323_mute] start mute:1
05-10 01:40:18.761 425 425 I [Awinic] [3-0058]aw_acf_get_prof_desc_form_name: get prof desc down
05-10 01:40:18.762 425 425 I [Awinic] [3-005b]aw_acf_get_prof_desc_form_name: get prof desc down
05-10 01:40:19.177 2556 2556 W : abc audioDBG [es8323_mute] start mute:0
05-10 01:40:19.187 2556 2556 I [Awinic] [3-0058]aw_acf_get_prof_desc_form_name: get prof desc down
05-10 01:40:19.202 2556 2556 I [Awinic] [3-005b]aw_acf_get_prof_desc_form_name: get prof desc down
05-10 01:40:20.320 425 425 W : abc audioDBG [es8323_mute] start mute:1
05-10 01:40:20.320 425 425 I [Awinic] [3-0058]aw_acf_get_prof_desc_form_name: get prof desc down
05-10 01:40:20.321 425 425 I [Awinic] [3-005b]aw_acf_get_prof_desc_form_name: get prof desc down
05-10 01:40:20.418 2556 2556 W : abc audioDBG [es8323_mute] start mute:0
05-10 01:40:20.428 2556 2556 I [Awinic] [3-0058]aw_acf_get_prof_desc_form_name: get prof desc down
05-10 01:40:20.442 2556 2556 I [Awinic] [3-005b]aw_acf_get_prof_desc_form_name: get prof desc down
05-10 01:40:21.574 425 425 W : abc audioDBG [es8323_mute] start mute:1
05-10 01:40:21.574 425 425 I [Awinic] [3-0058]aw_acf_get_prof_desc_form_name: get prof desc down
05-10 01:40:21.574 425 425 I [Awinic] [3-005b]aw_acf_get_prof_desc_form_name: get prof desc down
05-10 01:40:22.374 2556 2556 W : abc audioDBG [es8323_mute] start mute:0
05-10 01:40:22.384 2556 2556 I [Awinic] [3-0058]aw_acf_get_prof_desc_form_name: get prof desc down
05-10 01:40:22.398 2556 2556 I [Awinic] [3-005b]aw_acf_get_prof_desc_form_name: get prof desc down
05-10 01:40:23.381 327 327 W audit : audit_lost=679 audit_rate_limit=5 audit_backlog_limit=64
05-10 01:40:23.381 327 327 E audit : rate limit exceeded
05-10 01:40:24.483 425 425 W : abc audioDBG [es8323_mute] start mute:1
05-10 01:40:24.483 425 425 I [Awinic] [3-0058]aw_acf_get_prof_desc_form_name: get prof desc down
05-10 01:40:24.484 425 425 I [Awinic] [3-005b]aw_acf_get_prof_desc_form_name: get prof desc down
05-10 01:40:27.010 2556 2556 W : abc audioDBG [es8323_mute] start mute:0
05-10 01:40:27.020 2556 2556 I [Awinic] [3-0058]aw_acf_get_prof_desc_form_name: get prof desc down
05-10 01:40:27.034 2556 2556 I [Awinic] [3-005b]aw_acf_get_prof_desc_form_name: get prof desc down
05-10 01:40:28.155 425 425 W : abc audioDBG [es8323_mute] start mute:1
05-10 01:40:28.156 425 425 I [Awinic] [3-0058]aw_acf_get_prof_desc_form_name: get prof desc down
05-10 01:40:28.156 425 425 I [Awinic] [3-005b]aw_acf_get_prof_desc_form_name: get prof desc down
05-10 01:40:28.933 2556 2556 W : abc audioDBG [es8323_mute] start mute:0
05-10 01:40:28.943 2556 2556 I [Awinic] [3-0058]aw_acf_get_prof_desc_form_name: get prof desc down
05-10 01:40:28.961 2556 2556 I [Awinic] [3-005b]aw_acf_get_prof_desc_form_name: get prof desc down
05-10 01:40:30.083 425 425 W : abc audioDBG [es8323_mute] start mute:1
05-10 01:40:30.083 425 425 I [Awinic] [3-0058]aw_acf_get_prof_desc_form_name: get prof desc down
05-10 01:40:30.083 425 425 I [Awinic] [3-005b]aw_acf_get_prof_desc_form_name: get prof desc down
05-10 01:40:30.468 1124 1124 I logd : start watching /data/system/packages.list ...
05-10 01:40:30.473 1124 1124 I logd : ReadPackageList, total packages: 105
05-10 01:40:31.804 2556 2556 W : abc audioDBG [es8323_mute] start mute:0
05-10 01:40:31.814 2556 2556 I [Awinic] [3-0058]aw_acf_get_prof_desc_form_name: get prof desc down
