05-10 00:12:06.632 556 556 W : abc audioDBG [es8323_mute] start mute:1
05-10 00:12:06.632 556 556 I [Awinic] [3-0058]aw_acf_get_prof_desc_form_name: get prof desc down
05-10 00:12:06.633 556 556 I [Awinic] [3-005b]aw_acf_get_prof_desc_form_name: get prof desc down
05-10 00:12:18.292 2556 2556 W : abc audioDBG [es8323_mute] start mute:0
05-10 00:12:18.302 2556 2556 I [Awinic] [3-0058]aw_acf_get_prof_desc_form_name: get prof desc down
05-10 00:12:18.319 2556 2556 I [Awinic] [3-005b]aw_acf_get_prof_desc_form_name: get prof desc down
05-10 00:12:19.463 556 556 W : abc audioDBG [es8323_mute] start mute:1
05-10 00:12:19.463 556 556 I [Awinic] [3-0058]aw_acf_get_prof_desc_form_name: get prof desc down
05-10 00:12:19.463 556 556 I [Awinic] [3-005b]aw_acf_get_prof_desc_form_name: get prof desc down
05-10 00:12:19.611 2556 2556 W : abc audioDBG [es8323_mute] start mute:0
05-10 00:12:19.621 2556 2556 I [Awinic] [3-0058]aw_acf_get_prof_desc_form_name: get prof desc down
05-10 00:12:19.634 2556 2556 I [Awinic] [3-005b]aw_acf_get_prof_desc_form_name: get prof desc down
05-10 00:12:20.754 556 556 W : abc audioDBG [es8323_mute] start mute:1
05-10 00:12:20.754 556 556 I [Awinic] [3-0058]aw_acf_get_prof_desc_form_name: get prof desc down
05-10 00:12:20.755 556 556 I [Awinic] [3-005b]aw_acf_get_prof_desc_form_name: get prof desc down
05-10 00:12:21.422 2556 2556 W : abc audioDBG [es8323_mute] start mute:0
05-10 00:12:21.433 2556 2556 I [Awinic] [3-0058]aw_acf_get_prof_desc_form_name: get prof desc down
05-10 00:12:21.446 2556 2556 I [Awinic] [3-005b]aw_acf_get_prof_desc_form_name: get prof desc down
05-10 00:12:22.578 556 556 W : abc audioDBG [es8323_mute] start mute:1
05-10 00:12:22.578 556 556 I [Awinic] [3-0058]aw_acf_get_prof_desc_form_name: get prof desc down
05-10 00:12:22.579 556 556 I [Awinic] [3-005b]aw_acf_get_prof_desc_form_name: get prof desc down
05-10 00:12:41.509 2556 2556 W : abc audioDBG [es8323_mute] start mute:0
05-10 00:12:41.519 2556 2556 I [Awinic] [3-0058]aw_acf_get_prof_desc_form_name: get prof desc down
05-10 00:12:41.532 2556 2556 I [Awinic] [3-005b]aw_acf_get_prof_desc_form_name: get prof desc down
05-10 00:12:42.677 556 556 W : abc audioDBG [es8323_mute] start mute:1
05-10 00:12:42.678 556 556 I [Awinic] [3-0058]aw_acf_get_prof_desc_form_name: get prof desc down
05-10 00:12:42.678 556 556 I [Awinic] [3-005b]aw_acf_get_prof_desc_form_name: get prof desc down
05-10 00:12:50.112 2556 2556 W : abc audioDBG [es8323_mute] start mute:0
05-10 00:12:50.122 2556 2556 I [Awinic] [3-0058]aw_acf_get_prof_desc_form_name: get prof desc down
05-10 00:12:50.138 2556 2556 I [Awinic] [3-005b]aw_acf_get_prof_desc_form_name: get prof desc down
05-10 00:12:53.094 556 556 W : abc audioDBG [es8323_mute] start mute:1
05-10 00:12:53.094 556 556 I [Awinic] [3-0058]aw_acf_get_prof_desc_form_name: get prof desc down
05-10 00:12:53.094 556 556 I [Awinic] [3-005b]aw_acf_get_prof_desc_form_name: get prof desc down
05-10 00:13:19.194 2556 2556 W : abc audioDBG [es8323_mute] start mute:0
05-10 00:13:19.204 2556 2556 I [Awinic] [3-0058]aw_acf_get_prof_desc_form_name: get prof desc down
05-10 00:13:19.219 2556 2556 I [Awinic] [3-005b]aw_acf_get_prof_desc_form_name: get prof desc down
05-10 00:13:20.349 556 556 W : abc audioDBG [es8323_mute] start mute:1
05-10 00:13:20.349 556 556 I [Awinic] [3-0058]aw_acf_get_prof_desc_form_name: get prof desc down
05-10 00:13:20.350 556 556 I [Awinic] [3-005b]aw_acf_get_prof_desc_form_name: get prof desc down
05-10 00:13:21.400 2556 2556 W : abc audioDBG [es8323_mute] start mute:0
05-10 00:13:21.410 2556 2556 I [Awinic] [3-0058]aw_acf_get_prof_desc_form_name: get prof desc down
05-10 00:13:21.425 2556 2556 I [Awinic] [3-005b]aw_acf_get_prof_desc_form_name: get prof desc down
05-10 00:13:23.418 556 556 W : abc audioDBG [es8323_mute] start mute:1
05-10 00:13:23.418 556 556 I [Awinic] [3-0058]aw_acf_get_prof_desc_form_name: get prof desc down
05-10 00:13:23.419 556 556 I [Awinic] [3-005b]aw_acf_get_prof_desc_form_name: get prof desc down
05-10 00:13:27.198 2556 2556 W : abc audioDBG [es8323_mute] start mute:0
05-10 00:13:27.208 2556 2556 I [Awinic] [3-0058]aw_acf_get_prof_desc_form_name: get prof desc down
05-10 00:13:27.222 2556 2556 I [Awinic] [3-005b]aw_acf_get_prof_desc_form_name: get prof desc down
05-10 00:13:28.342 556 556 W : abc audioDBG [es8323_mute] start mute:1
05-10 00:13:28.342 556 556 I [Awinic] [3-0058]aw_acf_get_prof_desc_form_name: get prof desc down
05-10 00:13:28.343 556 556 I [Awinic] [3-005b]aw_acf_get_prof_desc_form_name: get prof desc down
05-10 00:13:29.953 2556 2556 W : abc audioDBG [es8323_mute] start mute:0
05-10 00:13:29.964 2556 2556 I [Awinic] [3-0058]aw_acf_get_prof_desc_form_name: get prof desc down
05-10 00:13:29.978 2556 2556 I [Awinic] [3-005b]aw_acf_get_prof_desc_form_name: get prof desc down
05-10 00:13:31.122 556 556 W : abc audioDBG [es8323_mute] start mute:1
05-10 00:13:31.122 556 556 I [Awinic] [3-0058]aw_acf_get_prof_desc_form_name: get prof desc down
05-10 00:13:31.123 556 556 I [Awinic] [3-005b]aw_acf_get_prof_desc_form_name: get prof desc down
05-10 00:13:42.226 2556 2556 W : abc audioDBG [es8323_mute] start mute:0
05-10 00:13:42.236 2556 2556 I [Awinic] [3-0058]aw_acf_get_prof_desc_form_name: get prof desc down
05-10 00:13:42.250 2556 2556 I [Awinic] [3-005b]aw_acf_get_prof_desc_form_name: get prof desc down
05-10 00:13:43.370 556 556 W : abc audioDBG [es8323_mute] start mute:1
05-10 00:13:43.370 556 556 I [Awinic] [3-0058]aw_acf_get_prof_desc_form_name: get prof desc down
05-10 00:13:43.371 556 556 I [Awinic] [3-005b]aw_acf_get_prof_desc_form_name: get prof desc down
05-10 00:13:55.214 437 437 W healthd : battery l=100 v=8436 t=27.0 h=1 st=3 c=-256000 fc=9700000 cc=6 chg=
05-10 00:15:19.651 2556 2556 W : abc audioDBG [es8323_mute] start mute:0
05-10 00:15:19.661 2556 2556 I [Awinic] [3-0058]aw_acf_get_prof_desc_form_name: get prof desc down
05-10 00:15:19.676 2556 2556 I [Awinic] [3-005b]aw_acf_get_prof_desc_form_name: get prof desc down
05-10 00:15:21.819 556 556 W : abc audioDBG [es8323_mute] start mute:1
05-10 00:15:21.819 556 556 I [Awinic] [3-0058]aw_acf_get_prof_desc_form_name: get prof desc down
05-10 00:15:21.820 556 556 I [Awinic] [3-005b]aw_acf_get_prof_desc_form_name: get prof desc down
05-10 00:15:39.796 2556 2556 W : abc audioDBG [es8323_mute] start mute:0
05-10 00:15:39.806 2556 2556 I [Awinic] [3-0058]aw_acf_get_prof_desc_form_name: get prof desc down
05-10 00:15:39.820 2556 2556 I [Awinic] [3-005b]aw_acf_get_prof_desc_form_name: get prof desc down
05-10 00:15:41.647 556 556 W : abc audioDBG [es8323_mute] start mute:1
05-10 00:15:41.647 556 556 I [Awinic] [3-0058]aw_acf_get_prof_desc_form_name: get prof desc down
05-10 00:15:41.647 556 556 I [Awinic] [3-005b]aw_acf_get_prof_desc_form_name: get prof desc down
05-10 00:15:52.495 2556 2556 W : abc audioDBG [es8323_mute] start mute:0
05-10 00:15:52.505 2556 2556 I [Awinic] [3-0058]aw_acf_get_prof_desc_form_name: get prof desc down
05-10 00:15:52.519 2556 2556 I [Awinic] [3-005b]aw_acf_get_prof_desc_form_name: get prof desc down
05-10 00:15:53.640 556 556 W : abc audioDBG [es8323_mute] start mute:1
05-10 00:15:53.640 556 556 I [Awinic] [3-0058]aw_acf_get_prof_desc_form_name: get prof desc down
05-10 00:15:53.641 556 556 I [Awinic] [3-005b]aw_acf_get_prof_desc_form_name: get prof desc down
05-10 00:15:54.864 2556 2556 W : abc audioDBG [es8323_mute] start mute:0
05-10 00:15:54.874 2556 2556 I [Awinic] [3-0058]aw_acf_get_prof_desc_form_name: get prof desc down
05-10 00:15:54.889 2556 2556 I [Awinic] [3-005b]aw_acf_get_prof_desc_form_name: get prof desc down
05-10 00:15:56.022 556 556 W : abc audioDBG [es8323_mute] start mute:1
05-10 00:15:56.022 556 556 I [Awinic] [3-0058]aw_acf_get_prof_desc_form_name: get prof desc down
05-10 00:15:56.023 556 556 I [Awinic] [3-005b]aw_acf_get_prof_desc_form_name: get prof desc down
05-10 00:15:56.751 2556 2556 W : abc audioDBG [es8323_mute] start mute:0
05-10 00:15:56.761 2556 2556 I [Awinic] [3-0058]aw_acf_get_prof_desc_form_name: get prof desc down
05-10 00:15:56.775 2556 2556 I [Awinic] [3-005b]aw_acf_get_prof_desc_form_name: get prof desc down
05-10 00:15:57.893 556 556 W : abc audioDBG [es8323_mute] start mute:1
05-10 00:15:57.893 556 556 I [Awinic] [3-0058]aw_acf_get_prof_desc_form_name: get prof desc down
05-10 00:15:57.894 556 556 I [Awinic] [3-005b]aw_acf_get_prof_desc_form_name: get prof desc down
05-10 00:15:57.927 2556 2556 W : abc audioDBG [es8323_mute] start mute:0
05-10 00:15:57.937 2556 2556 I [Awinic] [3-0058]aw_acf_get_prof_desc_form_name: get prof desc down
05-10 00:15:57.951 2556 2556 I [Awinic] [3-005b]aw_acf_get_prof_desc_form_name: get prof desc down
05-10 00:15:59.082 556 556 W : abc audioDBG [es8323_mute] start mute:1
05-10 00:15:59.082 556 556 I [Awinic] [3-0058]aw_acf_get_prof_desc_form_name: get prof desc down
05-10 00:15:59.083 556 556 I [Awinic] [3-005b]aw_acf_get_prof_desc_form_name: get prof desc down
05-10 00:16:05.148 2556 2556 W : abc audioDBG [es8323_mute] start mute:0
05-10 00:16:05.158 2556 2556 I [Awinic] [3-0058]aw_acf_get_prof_desc_form_name: get prof desc down
05-10 00:16:05.175 2556 2556 I [Awinic] [3-005b]aw_acf_get_prof_desc_form_name: get prof desc down
05-10 00:16:06.310 556 556 W : abc audioDBG [es8323_mute] start mute:1
05-10 00:16:06.310 556 556 I [Awinic] [3-0058]aw_acf_get_prof_desc_form_name: get prof desc down
05-10 00:16:06.310 556 556 I [Awinic] [3-005b]aw_acf_get_prof_desc_form_name: get prof desc down
05-10 00:16:08.248 437 437 W healthd : battery l=100 v=8382 t=27.0 h=1 st=3 c=-256000 fc=9700000 cc=6 chg=
05-10 00:17:08.258 437 437 W healthd : battery l=100 v=8430 t=27.0 h=1 st=3 c=-256000 fc=9700000 cc=6 chg=
05-10 00:18:05.472 2556 2556 W : abc audioDBG [es8323_mute] start mute:0
05-10 00:18:05.482 2556 2556 I [Awinic] [3-0058]aw_acf_get_prof_desc_form_name: get prof desc down
05-10 00:18:05.497 2556 2556 I [Awinic] [3-005b]aw_acf_get_prof_desc_form_name: get prof desc down
05-10 00:18:07.724 556 556 W : abc audioDBG [es8323_mute] start mute:1
05-10 00:18:07.724 556 556 I [Awinic] [3-0058]aw_acf_get_prof_desc_form_name: get prof desc down
05-10 00:18:07.725 556 556 I [Awinic] [3-005b]aw_acf_get_prof_desc_form_name: get prof desc down
05-10 00:18:08.663 2556 2556 W : abc audioDBG [es8323_mute] start mute:0
05-10 00:18:08.673 2556 2556 I [Awinic] [3-0058]aw_acf_get_prof_desc_form_name: get prof desc down
05-10 00:18:08.687 2556 2556 I [Awinic] [3-005b]aw_acf_get_prof_desc_form_name: get prof desc down
05-10 00:18:09.818 556 556 W : abc audioDBG [es8323_mute] start mute:1
05-10 00:18:09.818 556 556 I [Awinic] [3-0058]aw_acf_get_prof_desc_form_name: get prof desc down
05-10 00:18:09.819 556 556 I [Awinic] [3-005b]aw_acf_get_prof_desc_form_name: get prof desc down
05-10 00:18:24.469 2556 2556 W : abc audioDBG [es8323_mute] start mute:0
05-10 00:18:24.479 2556 2556 I [Awinic] [3-0058]aw_acf_get_prof_desc_form_name: get prof desc down
05-10 00:18:24.493 2556 2556 I [Awinic] [3-005b]aw_acf_get_prof_desc_form_name: get prof desc down
05-10 00:18:25.626 556 556 W : abc audioDBG [es8323_mute] start mute:1
05-10 00:18:25.626 556 556 I [Awinic] [3-0058]aw_acf_get_prof_desc_form_name: get prof desc down
05-10 00:18:25.626 556 556 I [Awinic] [3-005b]aw_acf_get_prof_desc_form_name: get prof desc down
05-10 00:18:25.851 2556 2556 W : abc audioDBG [es8323_mute] start mute:0
05-10 00:18:25.861 2556 2556 I [Awinic] [3-0058]aw_acf_get_prof_desc_form_name: get prof desc down
05-10 00:18:25.875 2556 2556 I [Awinic] [3-005b]aw_acf_get_prof_desc_form_name: get prof desc down
05-10 00:18:25.935 327 327 W audit : audit_lost=496 audit_rate_limit=5 audit_backlog_limit=64
05-10 00:18:25.935 327 327 E audit : rate limit exceeded
05-10 00:18:26.985 556 556 W : abc audioDBG [es8323_mute] start mute:1
05-10 00:18:26.985 556 556 I [Awinic] [3-0058]aw_acf_get_prof_desc_form_name: get prof desc down
05-10 00:18:26.986 556 556 I [Awinic] [3-005b]aw_acf_get_prof_desc_form_name: get prof desc down
05-10 00:18:28.108 2556 2556 W : abc audioDBG [es8323_mute] start mute:0
05-10 00:18:28.118 2556 2556 I [Awinic] [3-0058]aw_acf_get_prof_desc_form_name: get prof desc down
05-10 00:18:28.132 2556 2556 I [Awinic] [3-005b]aw_acf_get_prof_desc_form_name: get prof desc down
05-10 00:18:30.215 556 556 W : abc audioDBG [es8323_mute] start mute:1
05-10 00:18:30.215 556 556 I [Awinic] [3-0058]aw_acf_get_prof_desc_form_name: get prof desc down
05-10 00:18:30.215 556 556 I [Awinic] [3-005b]aw_acf_get_prof_desc_form_name: get prof desc down
05-10 00:18:31.210 2556 2556 W : abc audioDBG [es8323_mute] start mute:0
05-10 00:18:31.220 2556 2556 I [Awinic] [3-0058]aw_acf_get_prof_desc_form_name: get prof desc down
05-10 00:18:31.234 2556 2556 I [Awinic] [3-005b]aw_acf_get_prof_desc_form_name: get prof desc down
05-10 00:18:35.337 556 556 W : abc audioDBG [es8323_mute] start mute:1
05-10 00:18:35.337 556 556 I [Awinic] [3-0058]aw_acf_get_prof_desc_form_name: get prof desc down
05-10 00:18:35.337 556 556 I [Awinic] [3-005b]aw_acf_get_prof_desc_form_name: get prof desc down
05-10 00:18:37.597 2556 2556 W : abc audioDBG [es8323_mute] start mute:0
05-10 00:18:37.607 2556 2556 I [Awinic] [3-0058]aw_acf_get_prof_desc_form_name: get prof desc down
05-10 00:18:37.621 2556 2556 I [Awinic] [3-005b]aw_acf_get_prof_desc_form_name: get prof desc down
05-10 00:18:38.753 556 556 W : abc audioDBG [es8323_mute] start mute:1
05-10 00:18:38.753 556 556 I [Awinic] [3-0058]aw_acf_get_prof_desc_form_name: get prof desc down
05-10 00:18:38.754 556 556 I [Awinic] [3-005b]aw_acf_get_prof_desc_form_name: get prof desc down
05-10 00:18:38.888 2556 2556 W : abc audioDBG [es8323_mute] start mute:0
05-10 00:18:38.898 2556 2556 I [Awinic] [3-0058]aw_acf_get_prof_desc_form_name: get prof desc down
05-10 00:18:38.912 2556 2556 I [Awinic] [3-005b]aw_acf_get_prof_desc_form_name: get prof desc down
05-10 00:18:39.035 5819 5819 I binder : undelivered transaction 600128, process died.
05-10 00:18:40.019 556 556 W : abc audioDBG [es8323_mute] start mute:1
05-10 00:18:40.019 556 556 I [Awinic] [3-0058]aw_acf_get_prof_desc_form_name: get prof desc down
05-10 00:18:40.020 556 556 I [Awinic] [3-005b]aw_acf_get_prof_desc_form_name: get prof desc down
05-10 00:18:44.444 2556 2556 W : abc audioDBG [es8323_mute] start mute:0
05-10 00:18:44.454 2556 2556 I [Awinic] [3-0058]aw_acf_get_prof_desc_form_name: get prof desc down
05-10 00:18:44.468 2556 2556 I [Awinic] [3-005b]aw_acf_get_prof_desc_form_name: get prof desc down
05-10 00:18:45.600 556 556 W : abc audioDBG [es8323_mute] start mute:1
05-10 00:18:45.600 556 556 I [Awinic] [3-0058]aw_acf_get_prof_desc_form_name: get prof desc down
05-10 00:18:45.601 556 556 I [Awinic] [3-005b]aw_acf_get_prof_desc_form_name: get prof desc down
05-10 00:18:46.514 327 327 W audit : audit_lost=499 audit_rate_limit=5 audit_backlog_limit=64
05-10 00:18:46.514 327 327 E audit : rate limit exceeded
05-10 00:19:08.269 437 437 W healthd : battery l=100 v=8420 t=27.0 h=1 st=3 c=-256000 fc=9700000 cc=6 chg=
05-10 00:20:08.335 437 437 W healthd : battery l=100 v=8370 t=27.0 h=1 st=3 c=-256000 fc=9700000 cc=6 chg=
05-10 00:20:56.609 2556 2556 W : abc audioDBG [es8323_mute] start mute:0
05-10 00:20:56.619 2556 2556 I [Awinic] [3-0058]aw_acf_get_prof_desc_form_name: get prof desc down
05-10 00:20:56.633 2556 2556 I [Awinic] [3-005b]aw_acf_get_prof_desc_form_name: get prof desc down
05-10 00:20:57.764 556 556 W : abc audioDBG [es8323_mute] start mute:1
05-10 00:20:57.764 556 556 I [Awinic] [3-0058]aw_acf_get_prof_desc_form_name: get prof desc down
05-10 00:20:57.765 556 556 I [Awinic] [3-005b]aw_acf_get_prof_desc_form_name: get prof desc down
05-10 00:20:58.477 2556 2556 W : abc audioDBG [es8323_mute] start mute:0
05-10 00:20:58.487 2556 2556 I [Awinic] [3-0058]aw_acf_get_prof_desc_form_name: get prof desc down
05-10 00:20:58.502 2556 2556 I [Awinic] [3-005b]aw_acf_get_prof_desc_form_name: get prof desc down
05-10 00:20:59.612 556 556 W : abc audioDBG [es8323_mute] start mute:1
05-10 00:20:59.612 556 556 I [Awinic] [3-0058]aw_acf_get_prof_desc_form_name: get prof desc down
05-10 00:20:59.613 556 556 I [Awinic] [3-005b]aw_acf_get_prof_desc_form_name: get prof desc down
05-10 00:21:08.544 437 437 W healthd : battery l=100 v=8420 t=27.0 h=1 st=3 c=-256000 fc=9700000 cc=6 chg=
05-10 00:22:00.153 2556 2556 W : abc audioDBG [es8323_mute] start mute:0
05-10 00:22:00.163 2556 2556 I [Awinic] [3-0058]aw_acf_get_prof_desc_form_name: get prof desc down
05-10 00:22:00.177 2556 2556 I [Awinic] [3-005b]aw_acf_get_prof_desc_form_name: get prof desc down
05-10 00:22:01.320 556 556 W : abc audioDBG [es8323_mute] start mute:1
05-10 00:22:01.320 556 556 I [Awinic] [3-0058]aw_acf_get_prof_desc_form_name: get prof desc down
05-10 00:22:01.321 556 556 I [Awinic] [3-005b]aw_acf_get_prof_desc_form_name: get prof desc down
05-10 00:22:23.012 2556 2556 W : abc audioDBG [es8323_mute] start mute:0
05-10 00:22:23.022 2556 2556 I [Awinic] [3-0058]aw_acf_get_prof_desc_form_name: get prof desc down
05-10 00:22:23.036 2556 2556 I [Awinic] [3-005b]aw_acf_get_prof_desc_form_name: get prof desc down
05-10 00:22:24.166 556 556 W : abc audioDBG [es8323_mute] start mute:1
05-10 00:22:24.167 556 556 I [Awinic] [3-0058]aw_acf_get_prof_desc_form_name: get prof desc down
05-10 00:22:24.167 556 556 I [Awinic] [3-005b]aw_acf_get_prof_desc_form_name: get prof desc down
05-10 00:22:44.380 2556 2556 W : abc audioDBG [es8323_mute] start mute:0
05-10 00:22:44.390 2556 2556 I [Awinic] [3-0058]aw_acf_get_prof_desc_form_name: get prof desc down
05-10 00:22:44.404 2556 2556 I [Awinic] [3-005b]aw_acf_get_prof_desc_form_name: get prof desc down
05-10 00:22:45.534 556 556 W : abc audioDBG [es8323_mute] start mute:1
05-10 00:22:45.534 556 556 I [Awinic] [3-0058]aw_acf_get_prof_desc_form_name: get prof desc down
05-10 00:22:45.534 556 556 I [Awinic] [3-005b]aw_acf_get_prof_desc_form_name: get prof desc down
05-10 00:23:03.047 2556 2556 W : abc audioDBG [es8323_mute] start mute:0
05-10 00:23:03.057 2556 2556 I [Awinic] [3-0058]aw_acf_get_prof_desc_form_name: get prof desc down
05-10 00:23:03.072 2556 2556 I [Awinic] [3-005b]aw_acf_get_prof_desc_form_name: get prof desc down
05-10 00:23:04.206 425 425 W : abc audioDBG [es8323_mute] start mute:1
05-10 00:23:04.206 425 425 I [Awinic] [3-0058]aw_acf_get_prof_desc_form_name: get prof desc down
05-10 00:23:04.207 425 425 I [Awinic] [3-005b]aw_acf_get_prof_desc_form_name: get prof desc down
05-10 00:23:08.550 437 437 W healthd : battery l=100 v=8404 t=27.5 h=1 st=3 c=-256000 fc=9700000 cc=6 chg=
05-10 00:23:55.213 437 437 W healthd : battery l=100 v=8416 t=27.5 h=1 st=3 c=-256000 fc=9700000 cc=6 chg=
05-10 00:23:55.297 327 327 W audit : audit_lost=504 audit_rate_limit=5 audit_backlog_limit=64
05-10 00:23:55.297 327 327 E audit : rate limit exceeded
05-10 00:26:08.558 437 437 W healthd : battery l=100 v=8412 t=27.5 h=1 st=3 c=-256000 fc=9700000 cc=6 chg=
05-10 00:27:08.564 437 437 W healthd : battery l=100 v=8410 t=27.5 h=1 st=3 c=-256000 fc=9700000 cc=6 chg=
05-10 00:28:03.468 462 462 I gsensor_mxc6655 5-0015: set sensor poll time to 200ms
05-10 00:28:03.497 437 437 W healthd : battery l=100 v=8440 t=27.5 h=1 st=3 c=0 fc=9700000 cc=6 chg=
05-10 00:28:03.846 353 353 I rockchip-vop2 fdd90000.vop: [drm:vop2_crtc_atomic_disable] Crtc atomic disable vp2
05-10 00:28:03.859 353 353 E rockchip-vop2 fdd90000.vop: [drm:vop2_crtc_atomic_disable] *ERROR* unexpected power on pd7
05-10 00:28:04.001 6003 6003 I binder : undelivered transaction 635828, process died.
05-10 00:28:04.001 6003 6003 I binder : undelivered transaction 428161, process died.
05-10 00:28:04.001 6003 6003 I binder : undelivered transaction 436827, process died.
05-10 00:28:04.001 6003 6003 I binder : undelivered transaction 438926, process died.
05-10 00:28:04.001 6003 6003 I binder : undelivered transaction 453842, process died.
05-10 00:28:04.001 6003 6003 I binder : undelivered transaction 455780, process died.
05-10 00:28:04.001 6003 6003 I binder : undelivered transaction 471622, process died.
05-10 00:28:04.001 6003 6003 I binder : undelivered transaction 473649, process died.
05-10 00:28:04.001 6003 6003 I binder : undelivered transaction 513244, process died.
05-10 00:28:04.001 6003 6003 I binder : undelivered transaction 515413, process died.
05-10 00:28:04.308 1286 1286 I PM : suspend entry (deep)
05-10 00:28:04.326 1286 1286 I Filesystems sync: 0.018 seconds
05-10 00:28:04.326 1286 1286 I : Freezing user space processes ... (elapsed 0.005 seconds) done.
05-10 00:28:04.332 1286 1286 I : OOM killer disabled.
05-10 00:28:04.332 1286 1286 I : Freezing remaining freezable tasks ... (elapsed 0.183 seconds) done.
05-10 00:28:04.516 1286 1286 I printk : Suspending console(s) (use no_console_suspend to debug)
05-10 00:28:04.605 1286 1286 E regulator-dummy: Underflow of regulator enable count
05-10 00:28:04.605 1286 1286 E wacom_i2c 4-0009: disable regulator failed -22
05-10 00:28:04.845 1286 1286 I : Disabling non-boot CPUs ...
05-10 00:28:04.847 1286 1286 I psci : CPU1 killed (polled 0 ms)
05-10 00:28:04.849 1286 1286 I psci : CPU2 killed (polled 0 ms)
05-10 00:28:04.851 1286 1286 I psci : CPU3 killed (polled 0 ms)
05-10 00:28:04.855 1286 1286 I psci : CPU4 killed (polled 0 ms)
05-10 00:28:04.858 1286 1286 I psci : CPU5 killed (polled 0 ms)
05-10 00:28:04.861 1286 1286 I psci : CPU6 killed (polled 0 ms)
05-10 00:28:04.864 1286 1286 I psci : CPU7 killed (polled 0 ms)
05-10 00:28:08.091 0 0 W [ C0] PM: pm_system_irq_wakeup: 114 triggered hym8563
05-10 00:28:08.091 1286 1286 I : Enabling non-boot CPUs ...
05-10 00:28:08.092 0 0 I : Detected VIPT I-cache on CPU1
05-10 00:28:08.092 0 0 I GICv3 : CPU1: found redistributor 100 region 0:0x00000000fe6a0000
05-10 00:28:08.092 0 0 I CPU1 : Booted secondary processor 0x0000000100 [0x412fd050]
05-10 00:28:08.093 1286 1286 I : CPU1 is up
05-10 00:28:08.094 0 0 I : Detected VIPT I-cache on CPU2
05-10 00:28:08.094 0 0 I GICv3 : CPU2: found redistributor 200 region 0:0x00000000fe6c0000
05-10 00:28:08.094 0 0 I CPU2 : Booted secondary processor 0x0000000200 [0x412fd050]
05-10 00:28:08.094 1286 1286 I : CPU2 is up
05-10 00:28:08.095 0 0 I : Detected VIPT I-cache on CPU3
05-10 00:28:08.095 0 0 I GICv3 : CPU3: found redistributor 300 region 0:0x00000000fe6e0000
05-10 00:28:08.095 0 0 I CPU3 : Booted secondary processor 0x0000000300 [0x412fd050]
05-10 00:28:08.096 1286 1286 I : CPU3 is up
05-10 00:28:08.097 0 0 I : Detected PIPT I-cache on CPU4
05-10 00:28:08.097 0 0 I GICv3 : CPU4: found redistributor 400 region 0:0x00000000fe700000
05-10 00:28:08.097 0 0 I CPU4 : Booted secondary processor 0x0000000400 [0x414fd0b0]
05-10 00:28:08.098 1286 1286 I : CPU4 is up
05-10 00:28:08.099 0 0 I : Detected PIPT I-cache on CPU5
05-10 00:28:08.099 0 0 I GICv3 : CPU5: found redistributor 500 region 0:0x00000000fe720000
05-10 00:28:08.099 0 0 I CPU5 : Booted secondary processor 0x0000000500 [0x414fd0b0]
05-10 00:28:08.100 1286 1286 I : CPU5 is up
05-10 00:28:08.100 0 0 I : Detected PIPT I-cache on CPU6
05-10 00:28:08.101 0 0 I GICv3 : CPU6: found redistributor 600 region 0:0x00000000fe740000
05-10 00:28:08.101 0 0 I CPU6 : Booted secondary processor 0x0000000600 [0x414fd0b0]
05-10 00:28:08.102 1286 1286 I : CPU6 is up
05-10 00:28:08.103 0 0 I : Detected PIPT I-cache on CPU7
05-10 00:28:08.103 0 0 I GICv3 : CPU7: found redistributor 700 region 0:0x00000000fe760000
05-10 00:28:08.103 0 0 I CPU7 : Booted secondary processor 0x0000000700 [0x414fd0b0]
05-10 00:28:08.104 1286 1286 I : CPU7 is up
05-10 00:28:08.109 1286 1286 I rk_gmac-dwmac fe1c0000.ethernet: init for RGMII
05-10 00:28:08.110 6054 6054 I usb1 : root hub lost power or was reset
05-10 00:28:08.115 1286 1286 E PM : dpm_run_callback(): wacom_i2c_resume+0x0/0xdc returns -6
05-10 00:28:08.115 1286 1286 E PM : Device 4-0009 failed to resume: error -6
05-10 00:28:08.179 1286 1286 I usb2 : root hub lost power or was reset
05-10 00:28:08.274 1286 1286 I : OOM killer enabled.
05-10 00:28:08.274 1286 1286 I : Restarting tasks ... done.
05-10 00:28:08.282 1286 1286 I : Resume caused by IRQ 114, hym8563
05-10 00:28:08.282 1286 1286 I PM : suspend exit
05-10 00:28:08.289 5556 5556 I : mmc_host mmc0: Bus speed (slot 0) = 400000Hz (slot req 400000Hz, actual 400000HZ div = 0)
05-10 00:28:08.403 1286 1286 I PM : suspend entry (deep)
05-10 00:28:08.473 5556 5556 I : mmc_host mmc0: Bus speed (slot 0) = 49500000Hz (slot req 50000000Hz, actual 49500000HZ div = 0)
05-10 00:28:09.182 1286 1286 I Filesystems sync: 0.779 seconds
05-10 00:28:09.183 1286 1286 I : Freezing user space processes ...
05-10 00:28:09.188 1286 1286 I PM : PM: Last active Wakeup Source: gpu
05-10 00:28:09.188 1286 1286 E : Freezing of tasks aborted after 0.005 seconds
05-10 00:28:09.188 1286 1286 I : OOM killer enabled.
05-10 00:28:09.188 1286 1286 I : Restarting tasks ... done.
05-10 00:28:09.193 1286 1286 I Abort : Last active Wakeup Source: gpu
05-10 00:28:09.193 1286 1286 I PM : suspend exit
05-10 00:28:09.395 1286 1286 I PM : suspend entry (deep)
05-10 00:28:09.403 1286 1286 I Filesystems sync: 0.008 seconds
05-10 00:28:09.403 1286 1286 I : Freezing user space processes ... (elapsed 0.004 seconds) done.
05-10 00:28:09.408 1286 1286 I : OOM killer disabled.
05-10 00:28:09.408 1286 1286 I : Freezing remaining freezable tasks ... (elapsed 0.111 seconds) done.
05-10 00:28:09.520 1286 1286 I printk : Suspending console(s) (use no_console_suspend to debug)
05-10 00:28:09.595 1286 1286 E regulator-dummy: Underflow of regulator enable count
05-10 00:28:09.595 1286 1286 E wacom_i2c 4-0009: disable regulator failed -22
05-10 00:28:09.828 1286 1286 I : Disabling non-boot CPUs ...
05-10 00:28:09.829 1286 1286 I psci : CPU1 killed (polled 0 ms)
05-10 00:28:09.830 1286 1286 I psci : CPU2 killed (polled 0 ms)
05-10 00:28:09.832 1286 1286 I psci : CPU3 killed (polled 0 ms)
05-10 00:28:09.833 1286 1286 I psci : CPU4 killed (polled 0 ms)
05-10 00:28:09.836 1286 1286 I psci : CPU5 killed (polled 4 ms)
05-10 00:28:09.838 1286 1286 I psci : CPU6 killed (polled 0 ms)
05-10 00:28:09.840 1286 1286 I psci : CPU7 killed (polled 0 ms)
05-10 00:29:42.115 0 0 W [ C0] PM: pm_system_irq_wakeup: 106 triggered rk806
05-10 00:29:42.115 1286 1286 I : Enabling non-boot CPUs ...
05-10 00:29:42.116 0 0 I : Detected VIPT I-cache on CPU1
05-10 00:29:42.116 0 0 I GICv3 : CPU1: found redistributor 100 region 0:0x00000000fe6a0000
05-10 00:29:42.116 0 0 I CPU1 : Booted secondary processor 0x0000000100 [0x412fd050]
05-10 00:29:42.117 1286 1286 I : CPU1 is up
05-10 00:29:42.118 0 0 I : Detected VIPT I-cache on CPU2
05-10 00:29:42.118 0 0 I GICv3 : CPU2: found redistributor 200 region 0:0x00000000fe6c0000
05-10 00:29:42.118 0 0 I CPU2 : Booted secondary processor 0x0000000200 [0x412fd050]
05-10 00:29:42.118 1286 1286 I : CPU2 is up
05-10 00:29:42.119 0 0 I : Detected VIPT I-cache on CPU3
05-10 00:29:42.119 0 0 I GICv3 : CPU3: found redistributor 300 region 0:0x00000000fe6e0000
05-10 00:29:42.119 0 0 I CPU3 : Booted secondary processor 0x0000000300 [0x412fd050]
05-10 00:29:42.120 1286 1286 I : CPU3 is up
05-10 00:29:42.121 0 0 I : Detected PIPT I-cache on CPU4
05-10 00:29:42.121 0 0 I GICv3 : CPU4: found redistributor 400 region 0:0x00000000fe700000
05-10 00:29:42.121 0 0 I CPU4 : Booted secondary processor 0x0000000400 [0x414fd0b0]
05-10 00:29:42.122 1286 1286 I : CPU4 is up
05-10 00:29:42.122 0 0 I : Detected PIPT I-cache on CPU5
05-10 00:29:42.123 0 0 I GICv3 : CPU5: found redistributor 500 region 0:0x00000000fe720000
05-10 00:29:42.123 0 0 I CPU5 : Booted secondary processor 0x0000000500 [0x414fd0b0]
05-10 00:29:42.123 1286 1286 I : CPU5 is up
05-10 00:29:42.124 0 0 I : Detected PIPT I-cache on CPU6
05-10 00:29:42.124 0 0 I GICv3 : CPU6: found redistributor 600 region 0:0x00000000fe740000
05-10 00:29:42.124 0 0 I CPU6 : Booted secondary processor 0x0000000600 [0x414fd0b0]
05-10 00:29:42.125 1286 1286 I : CPU6 is up
05-10 00:29:42.126 0 0 I : Detected PIPT I-cache on CPU7
05-10 00:29:42.126 0 0 I GICv3 : CPU7: found redistributor 700 region 0:0x00000000fe760000
05-10 00:29:42.127 0 0 I CPU7 : Booted secondary processor 0x0000000700 [0x414fd0b0]
05-10 00:29:42.127 1286 1286 I : CPU7 is up
05-10 00:29:42.134 1286 1286 I rk_gmac-dwmac fe1c0000.ethernet: init for RGMII
05-10 00:29:42.134 6051 6051 I usb1 : root hub lost power or was reset
05-10 00:29:42.139 1286 1286 E PM : dpm_run_callback(): wacom_i2c_resume+0x0/0xdc returns -6
05-10 00:29:42.139 1286 1286 E PM : Device 4-0009 failed to resume: error -6
05-10 00:29:42.200 1286 1286 I usb2 : root hub lost power or was reset
05-10 00:29:42.296 1286 1286 I : OOM killer enabled.
05-10 00:29:42.296 1286 1286 I : Restarting tasks ... done.
05-10 00:29:42.309 5379 5379 I : mmc_host mmc0: Bus speed (slot 0) = 400000Hz (slot req 400000Hz, actual 400000HZ div = 0)
05-10 00:29:42.311 1286 1286 I : Resume caused by IRQ 106, rk806
05-10 00:29:42.311 1286 1286 I PM : suspend exit
05-10 00:29:42.325 442 442 I gsensor_mxc6655 5-0015: set sensor poll time to 200ms
05-10 00:29:42.327 442 442 I gsensor_mxc6655 5-0015: sensor on: starting poll sensor data 196ms
05-10 00:29:42.347 327 327 W audit : audit_lost=509 audit_rate_limit=5 audit_backlog_limit=64
05-10 00:29:42.347 327 327 E audit : rate limit exceeded
05-10 00:31:17.850 437 437 W healthd : battery l=100 v=8520 t=27.0 h=1 st=3 c=0 fc=9700000 cc=6 chg=
05-10 00:31:17.856 353 353 W : <<-GTP-ERROR->> I2C Read: 0x8047, 1 bytes failed, errcode: -6! Process reset.
05-10 00:31:17.906 442 442 I gsensor_mxc6655 5-0015: set sensor poll time to 66ms
05-10 00:31:17.960 353 353 W : <<-GTP-ERROR->> GTP i2c test failed time 1.
05-10 00:31:18.000 5379 5379 I : mmc_host mmc0: Bus speed (slot 0) = 49500000Hz (slot req 50000000Hz, actual 49500000HZ div = 0)
05-10 00:31:18.621 353 353 I rockchip-vop2 fdd90000.vop: [drm:vop2_crtc_atomic_enable] Update mode to 1536x2048p55, type: 16(if:60) for vp2 dclk: 192000000
05-10 00:31:18.622 353 353 I rockchip-vop2 fdd90000.vop: [drm:vop2_crtc_atomic_enable] dclk_out2 div: 2 dclk_core2 div: 1
05-10 00:31:18.622 353 353 I rockchip-vop2 fdd90000.vop: [drm:vop2_crtc_atomic_enable] set dclk_vop2 to 96000000, get 96000000
05-10 00:31:19.129 353 353 I dw-mipi-dsi2 fde20000.dsi: [drm:dw_mipi_dsi2_encoder_enable] final DSI-Link bandwidth: 639999 x 8 Kbps
05-10 00:31:25.463 2556 2556 W : abc audioDBG [es8323_mute] start mute:0
05-10 00:31:25.473 2556 2556 I [Awinic] [3-0058]aw_acf_get_prof_desc_form_name: get prof desc down
05-10 00:31:25.487 2556 2556 I [Awinic] [3-005b]aw_acf_get_prof_desc_form_name: get prof desc down
05-10 00:31:28.490 425 425 W : abc audioDBG [es8323_mute] start mute:1
05-10 00:31:28.490 425 425 I [Awinic] [3-0058]aw_acf_get_prof_desc_form_name: get prof desc down
05-10 00:31:28.491 425 425 I [Awinic] [3-005b]aw_acf_get_prof_desc_form_name: get prof desc down
05-10 00:31:29.085 2556 2556 W : abc audioDBG [es8323_mute] start mute:0
05-10 00:31:29.095 2556 2556 I [Awinic] [3-0058]aw_acf_get_prof_desc_form_name: get prof desc down
05-10 00:31:29.110 2556 2556 I [Awinic] [3-005b]aw_acf_get_prof_desc_form_name: get prof desc down
05-10 00:31:30.228 425 425 W : abc audioDBG [es8323_mute] start mute:1
05-10 00:31:30.228 425 425 I [Awinic] [3-0058]aw_acf_get_prof_desc_form_name: get prof desc down
05-10 00:31:30.229 425 425 I [Awinic] [3-005b]aw_acf_get_prof_desc_form_name: get prof desc down
05-10 00:31:32.428 2556 2556 W : abc audioDBG [es8323_mute] start mute:0
05-10 00:31:32.438 2556 2556 I [Awinic] [3-0058]aw_acf_get_prof_desc_form_name: get prof desc down
05-10 00:31:32.452 2556 2556 I [Awinic] [3-005b]aw_acf_get_prof_desc_form_name: get prof desc down
05-10 00:31:34.654 556 556 W : abc audioDBG [es8323_mute] start mute:1
05-10 00:31:34.654 556 556 I [Awinic] [3-0058]aw_acf_get_prof_desc_form_name: get prof desc down
05-10 00:31:34.654 556 556 I [Awinic] [3-005b]aw_acf_get_prof_desc_form_name: get prof desc down
05-10 00:31:36.704 2556 2556 W : abc audioDBG [es8323_mute] start mute:0
05-10 00:31:36.714 2556 2556 I [Awinic] [3-0058]aw_acf_get_prof_desc_form_name: get prof desc down
05-10 00:31:36.728 2556 2556 I [Awinic] [3-005b]aw_acf_get_prof_desc_form_name: get prof desc down
05-10 00:31:37.861 556 556 W : abc audioDBG [es8323_mute] start mute:1
05-10 00:31:37.861 556 556 I [Awinic] [3-0058]aw_acf_get_prof_desc_form_name: get prof desc down
05-10 00:31:37.862 556 556 I [Awinic] [3-005b]aw_acf_get_prof_desc_form_name: get prof desc down
05-10 00:31:41.794 2556 2556 W : abc audioDBG [es8323_mute] start mute:0
05-10 00:31:41.804 2556 2556 I [Awinic] [3-0058]aw_acf_get_prof_desc_form_name: get prof desc down
05-10 00:31:41.818 2556 2556 I [Awinic] [3-005b]aw_acf_get_prof_desc_form_name: get prof desc down
05-10 00:31:42.961 556 556 W : abc audioDBG [es8323_mute] start mute:1
05-10 00:31:42.961 556 556 I [Awinic] [3-0058]aw_acf_get_prof_desc_form_name: get prof desc down
05-10 00:31:42.962 556 556 I [Awinic] [3-005b]aw_acf_get_prof_desc_form_name: get prof desc down
05-10 00:31:44.458 2556 2556 W : abc audioDBG [es8323_mute] start mute:0
05-10 00:31:44.469 2556 2556 I [Awinic] [3-0058]aw_acf_get_prof_desc_form_name: get prof desc down
05-10 00:31:44.484 2556 2556 I [Awinic] [3-005b]aw_acf_get_prof_desc_form_name: get prof desc down
05-10 00:31:46.683 556 556 W : abc audioDBG [es8323_mute] start mute:1
05-10 00:31:46.683 556 556 I [Awinic] [3-0058]aw_acf_get_prof_desc_form_name: get prof desc down
05-10 00:31:46.684 556 556 I [Awinic] [3-005b]aw_acf_get_prof_desc_form_name: get prof desc down
05-10 00:31:47.218 2556 2556 W : abc audioDBG [es8323_mute] start mute:0
05-10 00:31:47.228 2556 2556 I [Awinic] [3-0058]aw_acf_get_prof_desc_form_name: get prof desc down
05-10 00:31:47.242 2556 2556 I [Awinic] [3-005b]aw_acf_get_prof_desc_form_name: get prof desc down
05-10 00:31:49.394 556 556 W : abc audioDBG [es8323_mute] start mute:1
05-10 00:31:49.394 556 556 I [Awinic] [3-0058]aw_acf_get_prof_desc_form_name: get prof desc down
05-10 00:31:49.394 556 556 I [Awinic] [3-005b]aw_acf_get_prof_desc_form_name: get prof desc down
05-10 00:31:49.925 2556 2556 W : abc audioDBG [es8323_mute] start mute:0
05-10 00:31:49.935 2556 2556 I [Awinic] [3-0058]aw_acf_get_prof_desc_form_name: get prof desc down
05-10 00:31:49.950 2556 2556 I [Awinic] [3-005b]aw_acf_get_prof_desc_form_name: get prof desc down
05-10 00:31:51.059 556 556 W : abc audioDBG [es8323_mute] start mute:1
05-10 00:31:51.059 556 556 I [Awinic] [3-0058]aw_acf_get_prof_desc_form_name: get prof desc down
05-10 00:31:51.060 556 556 I [Awinic] [3-005b]aw_acf_get_prof_desc_form_name: get prof desc down
05-10 00:31:52.076 2556 2556 W : abc audioDBG [es8323_mute] start mute:0
05-10 00:31:52.086 2556 2556 I [Awinic] [3-0058]aw_acf_get_prof_desc_form_name: get prof desc down
05-10 00:31:52.103 2556 2556 I [Awinic] [3-005b]aw_acf_get_prof_desc_form_name: get prof desc down
05-10 00:31:53.249 556 556 W : abc audioDBG [es8323_mute] start mute:1
05-10 00:31:53.249 556 556 I [Awinic] [3-0058]aw_acf_get_prof_desc_form_name: get prof desc down
05-10 00:31:53.249 556 556 I [Awinic] [3-005b]aw_acf_get_prof_desc_form_name: get prof desc down
05-10 00:31:54.515 2556 2556 W : abc audioDBG [es8323_mute] start mute:0
05-10 00:31:54.525 2556 2556 I [Awinic] [3-0058]aw_acf_get_prof_desc_form_name: get prof desc down
05-10 00:31:54.539 2556 2556 I [Awinic] [3-005b]aw_acf_get_prof_desc_form_name: get prof desc down
05-10 00:31:55.668 556 556 W : abc audioDBG [es8323_mute] start mute:1
05-10 00:31:55.668 556 556 I [Awinic] [3-0058]aw_acf_get_prof_desc_form_name: get prof desc down
05-10 00:31:55.668 556 556 I [Awinic] [3-005b]aw_acf_get_prof_desc_form_name: get prof desc down
05-10 00:31:55.777 2556 2556 W : abc audioDBG [es8323_mute] start mute:0
05-10 00:31:55.787 2556 2556 I [Awinic] [3-0058]aw_acf_get_prof_desc_form_name: get prof desc down
05-10 00:31:55.800 2556 2556 I [Awinic] [3-005b]aw_acf_get_prof_desc_form_name: get prof desc down
05-10 00:31:56.933 556 556 W : abc audioDBG [es8323_mute] start mute:1
05-10 00:31:56.933 556 556 I [Awinic] [3-0058]aw_acf_get_prof_desc_form_name: get prof desc down
05-10 00:31:56.933 556 556 I [Awinic] [3-005b]aw_acf_get_prof_desc_form_name: get prof desc down
05-10 00:31:58.667 437 437 W healthd : battery l=99 v=8396 t=27.5 h=1 st=3 c=-256000 fc=9700000 cc=6 chg=
05-10 00:32:02.580 2556 2556 W : abc audioDBG [es8323_mute] start mute:0
05-10 00:32:02.590 2556 2556 I [Awinic] [3-0058]aw_acf_get_prof_desc_form_name: get prof desc down
05-10 00:32:02.605 2556 2556 I [Awinic] [3-005b]aw_acf_get_prof_desc_form_name: get prof desc down
05-10 00:32:03.738 556 556 W : abc audioDBG [es8323_mute] start mute:1
05-10 00:32:03.738 556 556 I [Awinic] [3-0058]aw_acf_get_prof_desc_form_name: get prof desc down
05-10 00:32:03.738 556 556 I [Awinic] [3-005b]aw_acf_get_prof_desc_form_name: get prof desc down
05-10 00:32:04.533 2556 2556 W : abc audioDBG [es8323_mute] start mute:0
05-10 00:32:04.543 2556 2556 I [Awinic] [3-0058]aw_acf_get_prof_desc_form_name: get prof desc down
05-10 00:32:04.558 2556 2556 I [Awinic] [3-005b]aw_acf_get_prof_desc_form_name: get prof desc down
05-10 00:32:05.677 556 556 W : abc audioDBG [es8323_mute] start mute:1
05-10 00:32:05.677 556 556 I [Awinic] [3-0058]aw_acf_get_prof_desc_form_name: get prof desc down
05-10 00:32:05.678 556 556 I [Awinic] [3-005b]aw_acf_get_prof_desc_form_name: get prof desc down
05-10 00:32:08.184 2556 2556 W : abc audioDBG [es8323_mute] start mute:0
05-10 00:32:08.194 2556 2556 I [Awinic] [3-0058]aw_acf_get_prof_desc_form_name: get prof desc down
05-10 00:32:08.208 2556 2556 I [Awinic] [3-005b]aw_acf_get_prof_desc_form_name: get prof desc down
05-10 00:32:09.340 556 556 W : abc audioDBG [es8323_mute] start mute:1
05-10 00:32:09.340 556 556 I [Awinic] [3-0058]aw_acf_get_prof_desc_form_name: get prof desc down
05-10 00:32:09.340 556 556 I [Awinic] [3-005b]aw_acf_get_prof_desc_form_name: get prof desc down
05-10 00:32:52.851 2556 2556 W : abc audioDBG [es8323_mute] start mute:0
05-10 00:32:52.861 2556 2556 I [Awinic] [3-0058]aw_acf_get_prof_desc_form_name: get prof desc down
05-10 00:32:52.874 2556 2556 I [Awinic] [3-005b]aw_acf_get_prof_desc_form_name: get prof desc down
05-10 00:32:54.006 556 556 W : abc audioDBG [es8323_mute] start mute:1
05-10 00:32:54.006 556 556 I [Awinic] [3-0058]aw_acf_get_prof_desc_form_name: get prof desc down
05-10 00:32:54.006 556 556 I [Awinic] [3-005b]aw_acf_get_prof_desc_form_name: get prof desc down
05-10 00:32:55.603 2556 2556 W : abc audioDBG [es8323_mute] start mute:0
05-10 00:32:55.613 2556 2556 I [Awinic] [3-0058]aw_acf_get_prof_desc_form_name: get prof desc down
05-10 00:32:55.629 2556 2556 I [Awinic] [3-005b]aw_acf_get_prof_desc_form_name: get prof desc down
05-10 00:32:56.773 556 556 W : abc audioDBG [es8323_mute] start mute:1
05-10 00:32:56.773 556 556 I [Awinic] [3-0058]aw_acf_get_prof_desc_form_name: get prof desc down
05-10 00:32:56.773 556 556 I [Awinic] [3-005b]aw_acf_get_prof_desc_form_name: get prof desc down
05-10 00:32:56.865 2556 2556 W : abc audioDBG [es8323_mute] start mute:0
05-10 00:32:56.875 2556 2556 I [Awinic] [3-0058]aw_acf_get_prof_desc_form_name: get prof desc down
05-10 00:32:56.888 2556 2556 I [Awinic] [3-005b]aw_acf_get_prof_desc_form_name: get prof desc down
05-10 00:32:57.005 6042 6042 W binder_cleanup_transaction: 20 callbacks suppressed
05-10 00:32:57.005 6042 6042 I binder : undelivered transaction 670940, process died.
05-10 00:32:58.012 556 556 W : abc audioDBG [es8323_mute] start mute:1
05-10 00:32:58.012 556 556 I [Awinic] [3-0058]aw_acf_get_prof_desc_form_name: get prof desc down
05-10 00:32:58.012 556 556 I [Awinic] [3-005b]aw_acf_get_prof_desc_form_name: get prof desc down
05-10 00:32:58.685 2556 2556 W : abc audioDBG [es8323_mute] start mute:0
05-10 00:32:58.695 2556 2556 I [Awinic] [3-0058]aw_acf_get_prof_desc_form_name: get prof desc down
05-10 00:32:58.712 2556 2556 I [Awinic] [3-005b]aw_acf_get_prof_desc_form_name: get prof desc down
05-10 00:33:00.750 556 556 W : abc audioDBG [es8323_mute] start mute:1
05-10 00:33:00.750 556 556 I [Awinic] [3-0058]aw_acf_get_prof_desc_form_name: get prof desc down
05-10 00:33:00.751 556 556 I [Awinic] [3-005b]aw_acf_get_prof_desc_form_name: get prof desc down
05-10 00:33:05.444 2556 2556 W : abc audioDBG [es8323_mute] start mute:0
05-10 00:33:05.454 2556 2556 I [Awinic] [3-0058]aw_acf_get_prof_desc_form_name: get prof desc down
05-10 00:33:05.467 2556 2556 I [Awinic] [3-005b]aw_acf_get_prof_desc_form_name: get prof desc down
05-10 00:33:06.587 556 556 W : abc audioDBG [es8323_mute] start mute:1
05-10 00:33:06.587 556 556 I [Awinic] [3-0058]aw_acf_get_prof_desc_form_name: get prof desc down
05-10 00:33:06.588 556 556 I [Awinic] [3-005b]aw_acf_get_prof_desc_form_name: get prof desc down
05-10 00:33:06.828 2556 2556 W : abc audioDBG [es8323_mute] start mute:0
05-10 00:33:06.838 2556 2556 I [Awinic] [3-0058]aw_acf_get_prof_desc_form_name: get prof desc down
05-10 00:33:06.854 2556 2556 I [Awinic] [3-005b]aw_acf_get_prof_desc_form_name: get prof desc down
05-10 00:33:07.976 556 556 W : abc audioDBG [es8323_mute] start mute:1
05-10 00:33:07.976 556 556 I [Awinic] [3-0058]aw_acf_get_prof_desc_form_name: get prof desc down
05-10 00:33:07.977 556 556 I [Awinic] [3-005b]aw_acf_get_prof_desc_form_name: get prof desc down
05-10 00:33:08.067 2556 2556 W : abc audioDBG [es8323_mute] start mute:0
05-10 00:33:08.077 2556 2556 I [Awinic] [3-0058]aw_acf_get_prof_desc_form_name: get prof desc down
05-10 00:33:08.092 2556 2556 I [Awinic] [3-005b]aw_acf_get_prof_desc_form_name: get prof desc down
05-10 00:33:09.759 556 556 W : abc audioDBG [es8323_mute] start mute:1
05-10 00:33:09.759 556 556 I [Awinic] [3-0058]aw_acf_get_prof_desc_form_name: get prof desc down
05-10 00:33:09.760 556 556 I [Awinic] [3-005b]aw_acf_get_prof_desc_form_name: get prof desc down
05-10 00:33:09.825 2556 2556 W : abc audioDBG [es8323_mute] start mute:0
05-10 00:33:09.835 2556 2556 I [Awinic] [3-0058]aw_acf_get_prof_desc_form_name: get prof desc down
05-10 00:33:09.849 2556 2556 I [Awinic] [3-005b]aw_acf_get_prof_desc_form_name: get prof desc down
05-10 00:33:10.970 556 556 W : abc audioDBG [es8323_mute] start mute:1
05-10 00:33:10.970 556 556 I [Awinic] [3-0058]aw_acf_get_prof_desc_form_name: get prof desc down
05-10 00:33:10.971 556 556 I [Awinic] [3-005b]aw_acf_get_prof_desc_form_name: get prof desc down
05-10 00:33:12.667 2556 2556 W : abc audioDBG [es8323_mute] start mute:0
05-10 00:33:12.677 2556 2556 I [Awinic] [3-0058]aw_acf_get_prof_desc_form_name: get prof desc down
05-10 00:33:12.692 2556 2556 I [Awinic] [3-005b]aw_acf_get_prof_desc_form_name: get prof desc down
05-10 00:33:13.837 425 425 W : abc audioDBG [es8323_mute] start mute:1
05-10 00:33:13.838 425 425 I [Awinic] [3-0058]aw_acf_get_prof_desc_form_name: get prof desc down
05-10 00:33:13.838 425 425 I [Awinic] [3-005b]aw_acf_get_prof_desc_form_name: get prof desc down
05-10 00:33:14.398 2556 2556 W : abc audioDBG [es8323_mute] start mute:0
05-10 00:33:14.408 2556 2556 I [Awinic] [3-0058]aw_acf_get_prof_desc_form_name: get prof desc down
05-10 00:33:14.422 2556 2556 I [Awinic] [3-005b]aw_acf_get_prof_desc_form_name: get prof desc down
05-10 00:33:15.530 425 425 W : abc audioDBG [es8323_mute] start mute:1
05-10 00:33:15.530 425 425 I [Awinic] [3-0058]aw_acf_get_prof_desc_form_name: get prof desc down
05-10 00:33:15.531 425 425 I [Awinic] [3-005b]aw_acf_get_prof_desc_form_name: get prof desc down
05-10 00:33:16.958 2556 2556 W : abc audioDBG [es8323_mute] start mute:0
05-10 00:33:16.968 2556 2556 I [Awinic] [3-0058]aw_acf_get_prof_desc_form_name: get prof desc down
05-10 00:33:16.982 2556 2556 I [Awinic] [3-005b]aw_acf_get_prof_desc_form_name: get prof desc down
05-10 00:33:18.114 425 425 W : abc audioDBG [es8323_mute] start mute:1
05-10 00:33:18.114 425 425 I [Awinic] [3-0058]aw_acf_get_prof_desc_form_name: get prof desc down
05-10 00:33:18.115 425 425 I [Awinic] [3-005b]aw_acf_get_prof_desc_form_name: get prof desc down
05-10 00:33:19.210 2556 2556 W : abc audioDBG [es8323_mute] start mute:0
05-10 00:33:19.220 2556 2556 I [Awinic] [3-0058]aw_acf_get_prof_desc_form_name: get prof desc down
05-10 00:33:19.235 2556 2556 I [Awinic] [3-005b]aw_acf_get_prof_desc_form_name: get prof desc down
05-10 00:33:20.383 425 425 W : abc audioDBG [es8323_mute] start mute:1
05-10 00:33:20.384 425 425 I [Awinic] [3-0058]aw_acf_get_prof_desc_form_name: get prof desc down
05-10 00:33:20.384 425 425 I [Awinic] [3-005b]aw_acf_get_prof_desc_form_name: get prof desc down
05-10 00:33:20.556 2556 2556 W : abc audioDBG [es8323_mute] start mute:0
05-10 00:33:20.566 2556 2556 I [Awinic] [3-0058]aw_acf_get_prof_desc_form_name: get prof desc down
05-10 00:33:20.580 2556 2556 I [Awinic] [3-005b]aw_acf_get_prof_desc_form_name: get prof desc down
05-10 00:33:21.699 425 425 W : abc audioDBG [es8323_mute] start mute:1
05-10 00:33:21.699 425 425 I [Awinic] [3-0058]aw_acf_get_prof_desc_form_name: get prof desc down
05-10 00:33:21.699 425 425 I [Awinic] [3-005b]aw_acf_get_prof_desc_form_name: get prof desc down
05-10 00:33:23.551 2556 2556 W : abc audioDBG [es8323_mute] start mute:0
05-10 00:33:23.561 2556 2556 I [Awinic] [3-0058]aw_acf_get_prof_desc_form_name: get prof desc down
05-10 00:33:23.575 2556 2556 I [Awinic] [3-005b]aw_acf_get_prof_desc_form_name: get prof desc down
05-10 00:33:24.720 425 425 W : abc audioDBG [es8323_mute] start mute:1
05-10 00:33:24.720 425 425 I [Awinic] [3-0058]aw_acf_get_prof_desc_form_name: get prof desc down
05-10 00:33:24.721 425 425 I [Awinic] [3-005b]aw_acf_get_prof_desc_form_name: get prof desc down
05-10 00:33:25.220 2556 2556 W : abc audioDBG [es8323_mute] start mute:0
05-10 00:33:25.230 2556 2556 I [Awinic] [3-0058]aw_acf_get_prof_desc_form_name: get prof desc down
05-10 00:33:25.248 2556 2556 I [Awinic] [3-005b]aw_acf_get_prof_desc_form_name: get prof desc down
05-10 00:33:26.373 425 425 W : abc audioDBG [es8323_mute] start mute:1
05-10 00:33:26.373 425 425 I [Awinic] [3-0058]aw_acf_get_prof_desc_form_name: get prof desc down
05-10 00:33:26.373 425 425 I [Awinic] [3-005b]aw_acf_get_prof_desc_form_name: get prof desc down
05-10 00:33:26.947 2556 2556 W : abc audioDBG [es8323_mute] start mute:0
05-10 00:33:26.957 2556 2556 I [Awinic] [3-0058]aw_acf_get_prof_desc_form_name: get prof desc down
05-10 00:33:26.971 2556 2556 I [Awinic] [3-005b]aw_acf_get_prof_desc_form_name: get prof desc down
05-10 00:33:28.102 425 425 W : abc audioDBG [es8323_mute] start mute:1
05-10 00:33:28.103 425 425 I [Awinic] [3-0058]aw_acf_get_prof_desc_form_name: get prof desc down
05-10 00:33:28.103 425 425 I [Awinic] [3-005b]aw_acf_get_prof_desc_form_name: get prof desc down
05-10 00:33:28.731 2556 2556 W : abc audioDBG [es8323_mute] start mute:0
05-10 00:33:28.741 2556 2556 I [Awinic] [3-0058]aw_acf_get_prof_desc_form_name: get prof desc down
05-10 00:33:28.756 2556 2556 I [Awinic] [3-005b]aw_acf_get_prof_desc_form_name: get prof desc down
05-10 00:33:29.887 425 425 W : abc audioDBG [es8323_mute] start mute:1
05-10 00:33:29.887 425 425 I [Awinic] [3-0058]aw_acf_get_prof_desc_form_name: get prof desc down
05-10 00:33:29.887 425 425 I [Awinic] [3-005b]aw_acf_get_prof_desc_form_name: get prof desc down
05-10 00:33:29.924 2556 2556 W : abc audioDBG [es8323_mute] start mute:0
05-10 00:33:29.934 2556 2556 I [Awinic] [3-0058]aw_acf_get_prof_desc_form_name: get prof desc down
05-10 00:33:29.951 2556 2556 I [Awinic] [3-005b]aw_acf_get_prof_desc_form_name: get prof desc down
05-10 00:33:32.243 425 425 W : abc audioDBG [es8323_mute] start mute:1
05-10 00:33:32.243 425 425 I [Awinic] [3-0058]aw_acf_get_prof_desc_form_name: get prof desc down
05-10 00:33:32.244 425 425 I [Awinic] [3-005b]aw_acf_get_prof_desc_form_name: get prof desc down
05-10 00:33:36.911 2556 2556 W : abc audioDBG [es8323_mute] start mute:0
05-10 00:33:36.921 2556 2556 I [Awinic] [3-0058]aw_acf_get_prof_desc_form_name: get prof desc down
05-10 00:33:36.937 2556 2556 I [Awinic] [3-005b]aw_acf_get_prof_desc_form_name: get prof desc down
05-10 00:33:38.059 425 425 W : abc audioDBG [es8323_mute] start mute:1
05-10 00:33:38.059 425 425 I [Awinic] [3-0058]aw_acf_get_prof_desc_form_name: get prof desc down
05-10 00:33:38.060 425 425 I [Awinic] [3-005b]aw_acf_get_prof_desc_form_name: get prof desc down
05-10 00:33:38.382 2556 2556 W : abc audioDBG [es8323_mute] start mute:0
05-10 00:33:38.392 2556 2556 I [Awinic] [3-0058]aw_acf_get_prof_desc_form_name: get prof desc down
05-10 00:33:38.405 2556 2556 I [Awinic] [3-005b]aw_acf_get_prof_desc_form_name: get prof desc down
05-10 00:33:39.524 425 425 W : abc audioDBG [es8323_mute] start mute:1
05-10 00:33:39.524 425 425 I [Awinic] [3-0058]aw_acf_get_prof_desc_form_name: get prof desc down
05-10 00:33:39.525 425 425 I [Awinic] [3-005b]aw_acf_get_prof_desc_form_name: get prof desc down
05-10 00:33:40.704 2556 2556 W : abc audioDBG [es8323_mute] start mute:0
05-10 00:33:40.714 2556 2556 I [Awinic] [3-0058]aw_acf_get_prof_desc_form_name: get prof desc down
05-10 00:33:40.730 2556 2556 I [Awinic] [3-005b]aw_acf_get_prof_desc_form_name: get prof desc down
05-10 00:33:44.604 425 425 W : abc audioDBG [es8323_mute] start mute:1
05-10 00:33:44.604 425 425 I [Awinic] [3-0058]aw_acf_get_prof_desc_form_name: get prof desc down
05-10 00:33:44.604 425 425 I [Awinic] [3-005b]aw_acf_get_prof_desc_form_name: get prof desc down
05-10 00:33:47.350 2556 2556 W : abc audioDBG [es8323_mute] start mute:0
05-10 00:33:47.360 2556 2556 I [Awinic] [3-0058]aw_acf_get_prof_desc_form_name: get prof desc down
05-10 00:33:47.378 2556 2556 I [Awinic] [3-005b]aw_acf_get_prof_desc_form_name: get prof desc down
05-10 00:33:48.514 425 425 W : abc audioDBG [es8323_mute] start mute:1
05-10 00:33:48.514 425 425 I [Awinic] [3-0058]aw_acf_get_prof_desc_form_name: get prof desc down
05-10 00:33:48.514 425 425 I [Awinic] [3-005b]aw_acf_get_prof_desc_form_name: get prof desc down
05-10 00:33:50.147 2556 2556 W : abc audioDBG [es8323_mute] start mute:0
