05-09 12:55:45.779 457 477 D RIL-DEV : [05-09_12:55:45:779] idVendor = 1d6b
05-09 12:55:45.779 457 477 D RIL-DEV :
05-09 12:55:45.779 457 477 D RIL-DEV : [05-09_12:55:45:779] idVendor = 1d6b
05-09 12:55:45.779 457 477 D RIL-DEV :
05-09 12:55:45.779 457 477 E RIL-DEV : Cannot find Meig devices
05-09 12:55:45.780 457 477 I RIL : ---> can't find meig usb devices
05-09 12:55:46.002 2596 2596 W ContextImpl: Calling a method in the system process without a qualified user: android.app.ContextImpl.sendBroadcast:1181 android.content.ContextWrapper.sendBroadcast:479 cn.eben.newweather.DateWeatherService.a:19 cn.eben.newweather.DateWeatherService.a:0 cn.eben.newweather.DateWeatherService$1.handleMessage:7
05-09 12:55:47.002 2596 2596 W ContextImpl: Calling a method in the system process without a qualified user: android.app.ContextImpl.sendBroadcast:1181 android.content.ContextWrapper.sendBroadcast:479 cn.eben.newweather.DateWeatherService.a:19 cn.eben.newweather.DateWeatherService.a:0 cn.eben.newweather.DateWeatherService$1.handleMessage:7
05-09 12:55:47.780 457 477 I RIL : ---> enter mainloop wait at port
05-09 12:55:47.780 457 477 D RIL-DEV : Get modem info
05-09 12:55:47.781 457 477 D RIL-DEV : [05-09_12:55:47:781] idVendor = 1d6b
05-09 12:55:47.781 457 477 D RIL-DEV :
05-09 12:55:47.781 457 477 D RIL-DEV : [05-09_12:55:47:782] idVendor = 1d6b
05-09 12:55:47.781 457 477 D RIL-DEV :
05-09 12:55:47.781 457 477 E RIL-DEV : Cannot find Meig devices
05-09 12:55:47.781 457 477 I RIL : ---> can't find meig usb devices
05-09 12:55:48.002 2596 2596 W ContextImpl: Calling a method in the system process without a qualified user: android.app.ContextImpl.sendBroadcast:1181 android.content.ContextWrapper.sendBroadcast:479 cn.eben.newweather.DateWeatherService.a:19 cn.eben.newweather.DateWeatherService.a:0 cn.eben.newweather.DateWeatherService$1.handleMessage:7
05-09 12:55:49.002 2596 2596 W ContextImpl: Calling a method in the system process without a qualified user: android.app.ContextImpl.sendBroadcast:1181 android.content.ContextWrapper.sendBroadcast:479 cn.eben.newweather.DateWeatherService.a:19 cn.eben.newweather.DateWeatherService.a:0 cn.eben.newweather.DateWeatherService$1.handleMessage:7
05-09 12:55:49.782 457 477 I RIL : ---> enter mainloop wait at port
05-09 12:55:49.782 457 477 D RIL-DEV : Get modem info
05-09 12:55:49.783 457 477 D RIL-DEV : [05-09_12:55:49:783] idVendor = 1d6b
05-09 12:55:49.783 457 477 D RIL-DEV :
05-09 12:55:49.783 457 477 D RIL-DEV : [05-09_12:55:49:783] idVendor = 1d6b
05-09 12:55:49.783 457 477 D RIL-DEV :
05-09 12:55:49.783 457 477 E RIL-DEV : Cannot find Meig devices
05-09 12:55:49.783 457 477 I RIL : ---> can't find meig usb devices
05-09 12:55:50.003 2596 2596 W ContextImpl: Calling a method in the system process without a qualified user: android.app.ContextImpl.sendBroadcast:1181 android.content.ContextWrapper.sendBroadcast:479 cn.eben.newweather.DateWeatherService.a:19 cn.eben.newweather.DateWeatherService.a:0 cn.eben.newweather.DateWeatherService$1.handleMessage:7
05-10 03:34:41.872 437 437 W healthd : battery l=92 v=8470 t=24.5 h=1 st=2 c=128000 fc=9700000 cc=6 chg=u
05-09 12:55:51.002 2596 2596 W ContextImpl: Calling a method in the system process without a qualified user: android.app.ContextImpl.sendBroadcast:1181 android.content.ContextWrapper.sendBroadcast:479 cn.eben.newweather.DateWeatherService.a:19 cn.eben.newweather.DateWeatherService.a:0 cn.eben.newweather.DateWeatherService$1.handleMessage:7
05-09 12:55:51.784 457 477 I RIL : ---> enter mainloop wait at port
05-09 12:55:51.784 457 477 D RIL-DEV : Get modem info
05-09 12:55:51.785 457 477 D RIL-DEV : [05-09_12:55:51:785] idVendor = 1d6b
05-09 12:55:51.785 457 477 D RIL-DEV :
05-09 12:55:51.785 457 477 D RIL-DEV : [05-09_12:55:51:786] idVendor = 1d6b
05-09 12:55:51.785 457 477 D RIL-DEV :
05-09 12:55:51.785 457 477 E RIL-DEV : Cannot find Meig devices
05-09 12:55:51.786 457 477 I RIL : ---> can't find meig usb devices
05-09 12:55:52.002 2596 2596 W ContextImpl: Calling a method in the system process without a qualified user: android.app.ContextImpl.sendBroadcast:1181 android.content.ContextWrapper.sendBroadcast:479 cn.eben.newweather.DateWeatherService.a:19 cn.eben.newweather.DateWeatherService.a:0 cn.eben.newweather.DateWeatherService$1.handleMessage:7
05-09 12:55:53.002 2596 2596 W ContextImpl: Calling a method in the system process without a qualified user: android.app.ContextImpl.sendBroadcast:1181 android.content.ContextWrapper.sendBroadcast:479 cn.eben.newweather.DateWeatherService.a:19 cn.eben.newweather.DateWeatherService.a:0 cn.eben.newweather.DateWeatherService$1.handleMessage:7
05-09 12:55:53.786 457 477 I RIL : ---> enter mainloop wait at port
05-09 12:55:53.786 457 477 D RIL-DEV : Get modem info
05-09 12:55:53.787 457 477 D RIL-DEV : [05-09_12:55:53:787] idVendor = 1d6b
05-09 12:55:53.787 457 477 D RIL-DEV :
05-09 12:55:53.787 457 477 D RIL-DEV : [05-09_12:55:53:788] idVendor = 1d6b
05-09 12:55:53.787 457 477 D RIL-DEV :
05-09 12:55:53.788 457 477 E RIL-DEV : Cannot find Meig devices
05-09 12:55:53.788 457 477 I RIL : ---> can't find meig usb devices
05-09 12:55:54.003 2596 2596 W ContextImpl: Calling a method in the system process without a qualified user: android.app.ContextImpl.sendBroadcast:1181 android.content.ContextWrapper.sendBroadcast:479 cn.eben.newweather.DateWeatherService.a:19 cn.eben.newweather.DateWeatherService.a:0 cn.eben.newweather.DateWeatherService$1.handleMessage:7
05-09 12:55:55.002 2596 2596 W ContextImpl: Calling a method in the system process without a qualified user: android.app.ContextImpl.sendBroadcast:1181 android.content.ContextWrapper.sendBroadcast:479 cn.eben.newweather.DateWeatherService.a:19 cn.eben.newweather.DateWeatherService.a:0 cn.eben.newweather.DateWeatherService$1.handleMessage:7
05-09 12:55:55.788 457 477 I RIL : ---> enter mainloop wait at port
05-09 12:55:55.789 457 477 D RIL-DEV : Get modem info
05-09 12:55:55.789 457 477 D RIL-DEV : [05-09_12:55:55:790] idVendor = 1d6b
05-09 12:55:55.789 457 477 D RIL-DEV :
05-09 12:55:55.790 457 477 D RIL-DEV : [05-09_12:55:55:790] idVendor = 1d6b
05-09 12:55:55.790 457 477 D RIL-DEV :
05-09 12:55:55.790 457 477 E RIL-DEV : Cannot find Meig devices
05-09 12:55:55.790 457 477 I RIL : ---> can't find meig usb devices
05-09 12:55:56.003 2596 2596 W ContextImpl: Calling a method in the system process without a qualified user: android.app.ContextImpl.sendBroadcast:1181 android.content.ContextWrapper.sendBroadcast:479 cn.eben.newweather.DateWeatherService.a:19 cn.eben.newweather.DateWeatherService.a:0 cn.eben.newweather.DateWeatherService$1.handleMessage:7
05-09 12:55:57.001 2596 2596 W ContextImpl: Calling a method in the system process without a qualified user: android.app.ContextImpl.sendBroadcast:1181 android.content.ContextWrapper.sendBroadcast:479 cn.eben.newweather.DateWeatherService.a:19 cn.eben.newweather.DateWeatherService.a:0 cn.eben.newweather.DateWeatherService$1.handleMessage:7
05-09 12:55:57.790 457 477 I RIL : ---> enter mainloop wait at port
05-09 12:55:57.791 457 477 D RIL-DEV : Get modem info
05-09 12:55:57.791 457 477 D RIL-DEV : [05-09_12:55:57:792] idVendor = 1d6b
05-09 12:55:57.791 457 477 D RIL-DEV :
05-09 12:55:57.792 457 477 D RIL-DEV : [05-09_12:55:57:792] idVendor = 1d6b
05-09 12:55:57.792 457 477 D RIL-DEV :
05-09 12:55:57.792 457 477 E RIL-DEV : Cannot find Meig devices
05-09 12:55:57.792 457 477 I RIL : ---> can't find meig usb devices
05-09 12:55:58.002 2596 2596 W ContextImpl: Calling a method in the system process without a qualified user: android.app.ContextImpl.sendBroadcast:1181 android.content.ContextWrapper.sendBroadcast:479 cn.eben.newweather.DateWeatherService.a:19 cn.eben.newweather.DateWeatherService.a:0 cn.eben.newweather.DateWeatherService$1.handleMessage:7
05-09 12:55:59.001 2596 2596 W ContextImpl: Calling a method in the system process without a qualified user: android.app.ContextImpl.sendBroadcast:1181 android.content.ContextWrapper.sendBroadcast:479 cn.eben.newweather.DateWeatherService.a:19 cn.eben.newweather.DateWeatherService.a:0 cn.eben.newweather.DateWeatherService$1.handleMessage:7
05-09 12:55:59.792 457 477 I RIL : ---> enter mainloop wait at port
05-09 12:55:59.793 457 477 D RIL-DEV : Get modem info
05-09 12:55:59.793 457 477 D RIL-DEV : [05-09_12:55:59:794] idVendor = 1d6b
05-09 12:55:59.793 457 477 D RIL-DEV :
05-09 12:55:59.794 457 477 D RIL-DEV : [05-09_12:55:59:794] idVendor = 1d6b
05-09 12:55:59.794 457 477 D RIL-DEV :
05-09 12:55:59.794 457 477 E RIL-DEV : Cannot find Meig devices
05-09 12:55:59.794 457 477 I RIL : ---> can't find meig usb devices
05-09 12:56:00.003 2596 2596 W ContextImpl: Calling a method in the system process without a qualified user: android.app.ContextImpl.sendBroadcast:1181 android.content.ContextWrapper.sendBroadcast:479 cn.eben.newweather.DateWeatherService.a:19 cn.eben.newweather.DateWeatherService.a:0 cn.eben.newweather.DateWeatherService$1.handleMessage:7
05-09 12:56:01.002 2596 2596 W ContextImpl: Calling a method in the system process without a qualified user: android.app.ContextImpl.sendBroadcast:1181 android.content.ContextWrapper.sendBroadcast:479 cn.eben.newweather.DateWeatherService.a:19 cn.eben.newweather.DateWeatherService.a:0 cn.eben.newweather.DateWeatherService$1.handleMessage:7
05-09 12:56:01.795 457 477 I RIL : ---> enter mainloop wait at port
05-09 12:56:01.795 457 477 D RIL-DEV : Get modem info
05-09 12:56:01.795 457 477 D RIL-DEV : [05-09_12:56:01:796] idVendor = 1d6b
05-09 12:56:01.795 457 477 D RIL-DEV :
05-09 12:56:01.796 457 477 D RIL-DEV : [05-09_12:56:01:796] idVendor = 1d6b
05-09 12:56:01.796 457 477 D RIL-DEV :
05-09 12:56:01.796 457 477 E RIL-DEV : Cannot find Meig devices
05-09 12:56:01.796 457 477 I RIL : ---> can't find meig usb devices
05-09 12:56:02.002 2596 2596 W ContextImpl: Calling a method in the system process without a qualified user: android.app.ContextImpl.sendBroadcast:1181 android.content.ContextWrapper.sendBroadcast:479 cn.eben.newweather.DateWeatherService.a:19 cn.eben.newweather.DateWeatherService.a:0 cn.eben.newweather.DateWeatherService$1.handleMessage:7
05-09 12:56:03.002 2596 2596 W ContextImpl: Calling a method in the system process without a qualified user: android.app.ContextImpl.sendBroadcast:1181 android.content.ContextWrapper.sendBroadcast:479 cn.eben.newweather.DateWeatherService.a:19 cn.eben.newweather.DateWeatherService.a:0 cn.eben.newweather.DateWeatherService$1.handleMessage:7
05-09 12:56:03.797 457 477 I RIL : ---> enter mainloop wait at port
05-09 12:56:03.797 457 477 D RIL-DEV : Get modem info
05-09 12:56:03.798 457 477 D RIL-DEV : [05-09_12:56:03:798] idVendor = 1d6b
05-09 12:56:03.798 457 477 D RIL-DEV :
05-09 12:56:03.798 457 477 D RIL-DEV : [05-09_12:56:03:798] idVendor = 1d6b
05-09 12:56:03.798 457 477 D RIL-DEV :
05-09 12:56:03.798 457 477 E RIL-DEV : Cannot find Meig devices
05-09 12:56:03.798 457 477 I RIL : ---> can't find meig usb devices
05-09 12:56:04.001 2596 2596 W ContextImpl: Calling a method in the system process without a qualified user: android.app.ContextImpl.sendBroadcast:1181 android.content.ContextWrapper.sendBroadcast:479 cn.eben.newweather.DateWeatherService.a:19 cn.eben.newweather.DateWeatherService.a:0 cn.eben.newweather.DateWeatherService$1.handleMessage:7
05-09 12:56:05.002 2596 2596 W ContextImpl: Calling a method in the system process without a qualified user: android.app.ContextImpl.sendBroadcast:1181 android.content.ContextWrapper.sendBroadcast:479 cn.eben.newweather.DateWeatherService.a:19 cn.eben.newweather.DateWeatherService.a:0 cn.eben.newweather.DateWeatherService$1.handleMessage:7
05-09 12:56:05.799 457 477 I RIL : ---> enter mainloop wait at port
05-09 12:56:05.799 457 477 D RIL-DEV : Get modem info
05-09 12:56:05.800 457 477 D RIL-DEV : [05-09_12:56:05:800] idVendor = 1d6b
05-09 12:56:05.800 457 477 D RIL-DEV :
05-09 12:56:05.800 457 477 D RIL-DEV : [05-09_12:56:05:800] idVendor = 1d6b
05-09 12:56:05.800 457 477 D RIL-DEV :
05-09 12:56:05.800 457 477 E RIL-DEV : Cannot find Meig devices
05-09 12:56:05.800 457 477 I RIL : ---> can't find meig usb devices
05-09 12:56:06.003 2596 2596 W ContextImpl: Calling a method in the system process without a qualified user: android.app.ContextImpl.sendBroadcast:1181 android.content.ContextWrapper.sendBroadcast:479 cn.eben.newweather.DateWeatherService.a:19 cn.eben.newweather.DateWeatherService.a:0 cn.eben.newweather.DateWeatherService$1.handleMessage:7
05-09 12:56:07.002 2596 2596 W ContextImpl: Calling a method in the system process without a qualified user: android.app.ContextImpl.sendBroadcast:1181 android.content.ContextWrapper.sendBroadcast:479 cn.eben.newweather.DateWeatherService.a:19 cn.eben.newweather.DateWeatherService.a:0 cn.eben.newweather.DateWeatherService$1.handleMessage:7
05-09 12:56:07.801 457 477 I RIL : ---> enter mainloop wait at port
05-09 12:56:07.801 457 477 D RIL-DEV : Get modem info
05-09 12:56:07.802 457 477 D RIL-DEV : [05-09_12:56:07:802] idVendor = 1d6b
05-09 12:56:07.802 457 477 D RIL-DEV :
05-09 12:56:07.802 457 477 D RIL-DEV : [05-09_12:56:07:802] idVendor = 1d6b
05-09 12:56:07.802 457 477 D RIL-DEV :
05-09 12:56:07.802 457 477 E RIL-DEV : Cannot find Meig devices
05-09 12:56:07.803 457 477 I RIL : ---> can't find meig usb devices
05-09 12:56:08.003 2596 2596 W ContextImpl: Calling a method in the system process without a qualified user: android.app.ContextImpl.sendBroadcast:1181 android.content.ContextWrapper.sendBroadcast:479 cn.eben.newweather.DateWeatherService.a:19 cn.eben.newweather.DateWeatherService.a:0 cn.eben.newweather.DateWeatherService$1.handleMessage:7
05-09 12:56:09.002 2596 2596 W ContextImpl: Calling a method in the system process without a qualified user: android.app.ContextImpl.sendBroadcast:1181 android.content.ContextWrapper.sendBroadcast:479 cn.eben.newweather.DateWeatherService.a:19 cn.eben.newweather.DateWeatherService.a:0 cn.eben.newweather.DateWeatherService$1.handleMessage:7
05-09 12:56:09.073 621 794 I commit_sys_config_file: [appops,15146310]
05-09 12:56:09.803 457 477 I RIL : ---> enter mainloop wait at port
05-09 12:56:09.803 457 477 D RIL-DEV : Get modem info
05-09 12:56:09.804 457 477 D RIL-DEV : [05-09_12:56:09:804] idVendor = 1d6b
05-09 12:56:09.804 457 477 D RIL-DEV :
05-09 12:56:09.804 457 477 D RIL-DEV : [05-09_12:56:09:805] idVendor = 1d6b
05-09 12:56:09.804 457 477 D RIL-DEV :
05-09 12:56:09.805 457 477 E RIL-DEV : Cannot find Meig devices
05-09 12:56:09.805 457 477 I RIL : ---> can't find meig usb devices
05-09 12:56:10.003 2596 2596 W ContextImpl: Calling a method in the system process without a qualified user: android.app.ContextImpl.sendBroadcast:1181 android.content.ContextWrapper.sendBroadcast:479 cn.eben.newweather.DateWeatherService.a:19 cn.eben.newweather.DateWeatherService.a:0 cn.eben.newweather.DateWeatherService$1.handleMessage:7
05-09 12:56:11.002 2596 2596 W ContextImpl: Calling a method in the system process without a qualified user: android.app.ContextImpl.sendBroadcast:1181 android.content.ContextWrapper.sendBroadcast:479 cn.eben.newweather.DateWeatherService.a:19 cn.eben.newweather.DateWeatherService.a:0 cn.eben.newweather.DateWeatherService$1.handleMessage:7
05-09 12:56:11.805 457 477 I RIL : ---> enter mainloop wait at port
05-09 12:56:11.805 457 477 D RIL-DEV : Get modem info
05-09 12:56:11.806 457 477 D RIL-DEV : [05-09_12:56:11:807] idVendor = 1d6b
05-09 12:56:11.806 457 477 D RIL-DEV :
05-09 12:56:11.806 457 477 D RIL-DEV : [05-09_12:56:11:807] idVendor = 1d6b
05-09 12:56:11.806 457 477 D RIL-DEV :
05-09 12:56:11.807 457 477 E RIL-DEV : Cannot find Meig devices
05-09 12:56:11.807 457 477 I RIL : ---> can't find meig usb devices
05-09 12:56:12.002 2596 2596 W ContextImpl: Calling a method in the system process without a qualified user: android.app.ContextImpl.sendBroadcast:1181 android.content.ContextWrapper.sendBroadcast:479 cn.eben.newweather.DateWeatherService.a:19 cn.eben.newweather.DateWeatherService.a:0 cn.eben.newweather.DateWeatherService$1.handleMessage:7
05-09 12:56:13.002 2596 2596 W ContextImpl: Calling a method in the system process without a qualified user: android.app.ContextImpl.sendBroadcast:1181 android.content.ContextWrapper.sendBroadcast:479 cn.eben.newweather.DateWeatherService.a:19 cn.eben.newweather.DateWeatherService.a:0 cn.eben.newweather.DateWeatherService$1.handleMessage:7
05-09 12:56:13.807 457 477 I RIL : ---> enter mainloop wait at port
05-09 12:56:13.807 457 477 D RIL-DEV : Get modem info
05-09 12:56:13.808 457 477 D RIL-DEV : [05-09_12:56:13:809] idVendor = 1d6b
05-09 12:56:13.808 457 477 D RIL-DEV :
05-09 12:56:13.808 457 477 D RIL-DEV : [05-09_12:56:13:809] idVendor = 1d6b
05-09 12:56:13.808 457 477 D RIL-DEV :
05-09 12:56:13.809 457 477 E RIL-DEV : Cannot find Meig devices
05-09 12:56:13.809 457 477 I RIL : ---> can't find meig usb devices
05-09 12:56:14.002 2596 2596 W ContextImpl: Calling a method in the system process without a qualified user: android.app.ContextImpl.sendBroadcast:1181 android.content.ContextWrapper.sendBroadcast:479 cn.eben.newweather.DateWeatherService.a:19 cn.eben.newweather.DateWeatherService.a:0 cn.eben.newweather.DateWeatherService$1.handleMessage:7
05-09 12:56:15.002 2596 2596 W ContextImpl: Calling a method in the system process without a qualified user: android.app.ContextImpl.sendBroadcast:1181 android.content.ContextWrapper.sendBroadcast:479 cn.eben.newweather.DateWeatherService.a:19 cn.eben.newweather.DateWeatherService.a:0 cn.eben.newweather.DateWeatherService$1.handleMessage:7
05-09 12:56:15.809 457 477 I RIL : ---> enter mainloop wait at port
05-09 12:56:15.810 457 477 D RIL-DEV : Get modem info
05-09 12:56:15.810 457 477 D RIL-DEV : [05-09_12:56:15:811] idVendor = 1d6b
05-09 12:56:15.810 457 477 D RIL-DEV :
05-09 12:56:15.811 457 477 D RIL-DEV : [05-09_12:56:15:811] idVendor = 1d6b
05-09 12:56:15.811 457 477 D RIL-DEV :
05-09 12:56:15.811 457 477 E RIL-DEV : Cannot find Meig devices
05-09 12:56:15.811 457 477 I RIL : ---> can't find meig usb devices
05-09 12:56:16.002 2596 2596 W ContextImpl: Calling a method in the system process without a qualified user: android.app.ContextImpl.sendBroadcast:1181 android.content.ContextWrapper.sendBroadcast:479 cn.eben.newweather.DateWeatherService.a:19 cn.eben.newweather.DateWeatherService.a:0 cn.eben.newweather.DateWeatherService$1.handleMessage:7
05-09 12:56:17.002 2596 2596 W ContextImpl: Calling a method in the system process without a qualified user: android.app.ContextImpl.sendBroadcast:1181 android.content.ContextWrapper.sendBroadcast:479 cn.eben.newweather.DateWeatherService.a:19 cn.eben.newweather.DateWeatherService.a:0 cn.eben.newweather.DateWeatherService$1.handleMessage:7
05-09 12:56:17.811 457 477 I RIL : ---> enter mainloop wait at port
05-09 12:56:17.812 457 477 D RIL-DEV : Get modem info
05-09 12:56:17.812 457 477 D RIL-DEV : [05-09_12:56:17:813] idVendor = 1d6b
05-09 12:56:17.812 457 477 D RIL-DEV :
05-09 12:56:17.813 457 477 D RIL-DEV : [05-09_12:56:17:813] idVendor = 1d6b
05-09 12:56:17.813 457 477 D RIL-DEV :
05-09 12:56:17.813 457 477 E RIL-DEV : Cannot find Meig devices
05-09 12:56:17.813 457 477 I RIL : ---> can't find meig usb devices
05-09 12:56:18.003 2596 2596 W ContextImpl: Calling a method in the system process without a qualified user: android.app.ContextImpl.sendBroadcast:1181 android.content.ContextWrapper.sendBroadcast:479 cn.eben.newweather.DateWeatherService.a:19 cn.eben.newweather.DateWeatherService.a:0 cn.eben.newweather.DateWeatherService$1.handleMessage:7
05-09 12:56:19.002 2596 2596 W ContextImpl: Calling a method in the system process without a qualified user: android.app.ContextImpl.sendBroadcast:1181 android.content.ContextWrapper.sendBroadcast:479 cn.eben.newweather.DateWeatherService.a:19 cn.eben.newweather.DateWeatherService.a:0 cn.eben.newweather.DateWeatherService$1.handleMessage:7
05-09 12:56:19.814 457 477 I RIL : ---> enter mainloop wait at port
05-09 12:56:19.814 457 477 D RIL-DEV : Get modem info
05-09 12:56:19.814 457 477 D RIL-DEV : [05-09_12:56:19:815] idVendor = 1d6b
05-09 12:56:19.814 457 477 D RIL-DEV :
05-09 12:56:19.815 457 477 D RIL-DEV : [05-09_12:56:19:815] idVendor = 1d6b
05-09 12:56:19.815 457 477 D RIL-DEV :
05-09 12:56:19.815 457 477 E RIL-DEV : Cannot find Meig devices
05-09 12:56:19.815 457 477 I RIL : ---> can't find meig usb devices
05-09 12:56:20.002 2596 2596 W ContextImpl: Calling a method in the system process without a qualified user: android.app.ContextImpl.sendBroadcast:1181 android.content.ContextWrapper.sendBroadcast:479 cn.eben.newweather.DateWeatherService.a:19 cn.eben.newweather.DateWeatherService.a:0 cn.eben.newweather.DateWeatherService$1.handleMessage:7
05-09 12:56:21.002 2596 2596 W ContextImpl: Calling a method in the system process without a qualified user: android.app.ContextImpl.sendBroadcast:1181 android.content.ContextWrapper.sendBroadcast:479 cn.eben.newweather.DateWeatherService.a:19 cn.eben.newweather.DateWeatherService.a:0 cn.eben.newweather.DateWeatherService$1.handleMessage:7
05-09 12:56:21.816 457 477 I RIL : ---> enter mainloop wait at port
05-09 12:56:21.816 457 477 D RIL-DEV : Get modem info
05-09 12:56:21.817 457 477 D RIL-DEV : [05-09_12:56:21:817] idVendor = 1d6b
05-09 12:56:21.817 457 477 D RIL-DEV :
05-09 12:56:21.817 457 477 D RIL-DEV : [05-09_12:56:21:817] idVendor = 1d6b
05-09 12:56:21.817 457 477 D RIL-DEV :
05-09 12:56:21.817 457 477 E RIL-DEV : Cannot find Meig devices
05-09 12:56:21.817 457 477 I RIL : ---> can't find meig usb devices
05-09 12:56:22.001 2596 2596 W ContextImpl: Calling a method in the system process without a qualified user: android.app.ContextImpl.sendBroadcast:1181 android.content.ContextWrapper.sendBroadcast:479 cn.eben.newweather.DateWeatherService.a:19 cn.eben.newweather.DateWeatherService.a:0 cn.eben.newweather.DateWeatherService$1.handleMessage:7
05-09 12:56:23.001 2596 2596 W ContextImpl: Calling a method in the system process without a qualified user: android.app.ContextImpl.sendBroadcast:1181 android.content.ContextWrapper.sendBroadcast:479 cn.eben.newweather.DateWeatherService.a:19 cn.eben.newweather.DateWeatherService.a:0 cn.eben.newweather.DateWeatherService$1.handleMessage:7
05-09 12:56:23.817 457 477 I RIL : ---> enter mainloop wait at port
05-09 12:56:23.818 457 477 D RIL-DEV : Get modem info
05-09 12:56:23.819 457 477 D RIL-DEV : [05-09_12:56:23:819] idVendor = 1d6b
05-09 12:56:23.819 457 477 D RIL-DEV :
05-09 12:56:23.819 457 477 D RIL-DEV : [05-09_12:56:23:819] idVendor = 1d6b
05-09 12:56:23.819 457 477 D RIL-DEV :
05-09 12:56:23.819 457 477 E RIL-DEV : Cannot find Meig devices
05-09 12:56:23.819 457 477 I RIL : ---> can't find meig usb devices
05-09 12:56:24.001 2596 2596 W ContextImpl: Calling a method in the system process without a qualified user: android.app.ContextImpl.sendBroadcast:1181 android.content.ContextWrapper.sendBroadcast:479 cn.eben.newweather.DateWeatherService.a:19 cn.eben.newweather.DateWeatherService.a:0 cn.eben.newweather.DateWeatherService$1.handleMessage:7
05-09 12:56:25.002 2596 2596 W ContextImpl: Calling a method in the system process without a qualified user: android.app.ContextImpl.sendBroadcast:1181 android.content.ContextWrapper.sendBroadcast:479 cn.eben.newweather.DateWeatherService.a:19 cn.eben.newweather.DateWeatherService.a:0 cn.eben.newweather.DateWeatherService$1.handleMessage:7
05-09 12:56:25.820 457 477 I RIL : ---> enter mainloop wait at port
05-09 12:56:25.820 457 477 D RIL-DEV : Get modem info
05-09 12:56:25.821 457 477 D RIL-DEV : [05-09_12:56:25:821] idVendor = 1d6b
05-09 12:56:25.821 457 477 D RIL-DEV :
05-09 12:56:25.821 457 477 D RIL-DEV : [05-09_12:56:25:821] idVendor = 1d6b
05-09 12:56:25.821 457 477 D RIL-DEV :
05-09 12:56:25.821 457 477 E RIL-DEV : Cannot find Meig devices
05-09 12:56:25.821 457 477 I RIL : ---> can't find meig usb devices
05-09 12:56:26.002 2596 2596 W ContextImpl: Calling a method in the system process without a qualified user: android.app.ContextImpl.sendBroadcast:1181 android.content.ContextWrapper.sendBroadcast:479 cn.eben.newweather.DateWeatherService.a:19 cn.eben.newweather.DateWeatherService.a:0 cn.eben.newweather.DateWeatherService$1.handleMessage:7
05-09 12:56:27.001 2596 2596 W ContextImpl: Calling a method in the system process without a qualified user: android.app.ContextImpl.sendBroadcast:1181 android.content.ContextWrapper.sendBroadcast:479 cn.eben.newweather.DateWeatherService.a:19 cn.eben.newweather.DateWeatherService.a:0 cn.eben.newweather.DateWeatherService$1.handleMessage:7
05-09 12:56:27.822 457 477 I RIL : ---> enter mainloop wait at port
05-09 12:56:27.822 457 477 D RIL-DEV : Get modem info
05-09 12:56:27.823 457 477 D RIL-DEV : [05-09_12:56:27:823] idVendor = 1d6b
05-09 12:56:27.823 457 477 D RIL-DEV :
05-09 12:56:27.823 457 477 D RIL-DEV : [05-09_12:56:27:823] idVendor = 1d6b
05-09 12:56:27.823 457 477 D RIL-DEV :
05-09 12:56:27.823 457 477 E RIL-DEV : Cannot find Meig devices
05-09 12:56:27.823 457 477 I RIL : ---> can't find meig usb devices
05-09 12:56:28.001 2596 2596 W ContextImpl: Calling a method in the system process without a qualified user: android.app.ContextImpl.sendBroadcast:1181 android.content.ContextWrapper.sendBroadcast:479 cn.eben.newweather.DateWeatherService.a:19 cn.eben.newweather.DateWeatherService.a:0 cn.eben.newweather.DateWeatherService$1.handleMessage:7
05-09 12:56:29.002 2596 2596 W ContextImpl: Calling a method in the system process without a qualified user: android.app.ContextImpl.sendBroadcast:1181 android.content.ContextWrapper.sendBroadcast:479 cn.eben.newweather.DateWeatherService.a:19 cn.eben.newweather.DateWeatherService.a:0 cn.eben.newweather.DateWeatherService$1.handleMessage:7
05-09 12:56:29.824 457 477 I RIL : ---> enter mainloop wait at port
05-09 12:56:29.824 457 477 D RIL-DEV : Get modem info
05-09 12:56:29.824 457 477 D RIL-DEV : [05-09_12:56:29:825] idVendor = 1d6b
05-09 12:56:29.824 457 477 D RIL-DEV :
05-09 12:56:29.825 457 477 D RIL-DEV : [05-09_12:56:29:825] idVendor = 1d6b
05-09 12:56:29.825 457 477 D RIL-DEV :
05-09 12:56:29.825 457 477 E RIL-DEV : Cannot find Meig devices
05-09 12:56:29.825 457 477 I RIL : ---> can't find meig usb devices
05-09 12:56:30.002 2596 2596 W ContextImpl: Calling a method in the system process without a qualified user: android.app.ContextImpl.sendBroadcast:1181 android.content.ContextWrapper.sendBroadcast:479 cn.eben.newweather.DateWeatherService.a:19 cn.eben.newweather.DateWeatherService.a:0 cn.eben.newweather.DateWeatherService$1.handleMessage:7
05-09 12:56:31.003 2596 2596 W ContextImpl: Calling a method in the system process without a qualified user: android.app.ContextImpl.sendBroadcast:1181 android.content.ContextWrapper.sendBroadcast:479 cn.eben.newweather.DateWeatherService.a:19 cn.eben.newweather.DateWeatherService.a:0 cn.eben.newweather.DateWeatherService$1.handleMessage:7
05-09 12:56:31.826 457 477 I RIL : ---> enter mainloop wait at port
05-09 12:56:31.826 457 477 D RIL-DEV : Get modem info
05-09 12:56:31.827 457 477 D RIL-DEV : [05-09_12:56:31:827] idVendor = 1d6b
05-09 12:56:31.827 457 477 D RIL-DEV :
05-09 12:56:31.827 457 477 D RIL-DEV : [05-09_12:56:31:827] idVendor = 1d6b
05-09 12:56:31.827 457 477 D RIL-DEV :
05-09 12:56:31.827 457 477 E RIL-DEV : Cannot find Meig devices
05-09 12:56:31.827 457 477 I RIL : ---> can't find meig usb devices
05-09 12:56:32.002 2596 2596 W ContextImpl: Calling a method in the system process without a qualified user: android.app.ContextImpl.sendBroadcast:1181 android.content.ContextWrapper.sendBroadcast:479 cn.eben.newweather.DateWeatherService.a:19 cn.eben.newweather.DateWeatherService.a:0 cn.eben.newweather.DateWeatherService$1.handleMessage:7
05-09 12:56:33.002 2596 2596 W ContextImpl: Calling a method in the system process without a qualified user: android.app.ContextImpl.sendBroadcast:1181 android.content.ContextWrapper.sendBroadcast:479 cn.eben.newweather.DateWeatherService.a:19 cn.eben.newweather.DateWeatherService.a:0 cn.eben.newweather.DateWeatherService$1.handleMessage:7
05-09 12:56:33.828 457 477 I RIL : ---> enter mainloop wait at port
05-09 12:56:33.828 457 477 D RIL-DEV : Get modem info
05-09 12:56:33.828 457 477 D RIL-DEV : [05-09_12:56:33:829] idVendor = 1d6b
05-09 12:56:33.828 457 477 D RIL-DEV :
05-09 12:56:33.828 457 477 D RIL-DEV : [05-09_12:56:33:829] idVendor = 1d6b
05-09 12:56:33.828 457 477 D RIL-DEV :
05-09 12:56:33.828 457 477 E RIL-DEV : Cannot find Meig devices
05-09 12:56:33.828 457 477 I RIL : ---> can't find meig usb devices
05-09 12:56:34.002 2596 2596 W ContextImpl: Calling a method in the system process without a qualified user: android.app.ContextImpl.sendBroadcast:1181 android.content.ContextWrapper.sendBroadcast:479 cn.eben.newweather.DateWeatherService.a:19 cn.eben.newweather.DateWeatherService.a:0 cn.eben.newweather.DateWeatherService$1.handleMessage:7
05-09 12:56:35.002 2596 2596 W ContextImpl: Calling a method in the system process without a qualified user: android.app.ContextImpl.sendBroadcast:1181 android.content.ContextWrapper.sendBroadcast:479 cn.eben.newweather.DateWeatherService.a:19 cn.eben.newweather.DateWeatherService.a:0 cn.eben.newweather.DateWeatherService$1.handleMessage:7
05-09 12:56:35.829 457 477 I RIL : ---> enter mainloop wait at port
05-09 12:56:35.829 457 477 D RIL-DEV : Get modem info
05-09 12:56:35.830 457 477 D RIL-DEV : [05-09_12:56:35:830] idVendor = 1d6b
05-09 12:56:35.830 457 477 D RIL-DEV :
05-09 12:56:35.830 457 477 D RIL-DEV : [05-09_12:56:35:831] idVendor = 1d6b
05-09 12:56:35.830 457 477 D RIL-DEV :
05-09 12:56:35.830 457 477 E RIL-DEV : Cannot find Meig devices
05-09 12:56:35.831 457 477 I RIL : ---> can't find meig usb devices
05-09 12:56:36.003 2596 2596 W ContextImpl: Calling a method in the system process without a qualified user: android.app.ContextImpl.sendBroadcast:1181 android.content.ContextWrapper.sendBroadcast:479 cn.eben.newweather.DateWeatherService.a:19 cn.eben.newweather.DateWeatherService.a:0 cn.eben.newweather.DateWeatherService$1.handleMessage:7
05-09 12:56:37.002 2596 2596 W ContextImpl: Calling a method in the system process without a qualified user: android.app.ContextImpl.sendBroadcast:1181 android.content.ContextWrapper.sendBroadcast:479 cn.eben.newweather.DateWeatherService.a:19 cn.eben.newweather.DateWeatherService.a:0 cn.eben.newweather.DateWeatherService$1.handleMessage:7
05-09 12:56:37.831 457 477 I RIL : ---> enter mainloop wait at port
05-09 12:56:37.831 457 477 D RIL-DEV : Get modem info
05-09 12:56:37.832 457 477 D RIL-DEV : [05-09_12:56:37:832] idVendor = 1d6b
05-09 12:56:37.832 457 477 D RIL-DEV :
05-09 12:56:37.832 457 477 D RIL-DEV : [05-09_12:56:37:833] idVendor = 1d6b
05-09 12:56:37.832 457 477 D RIL-DEV :
05-09 12:56:37.833 457 477 E RIL-DEV : Cannot find Meig devices
05-09 12:56:37.833 457 477 I RIL : ---> can't find meig usb devices
05-09 12:56:38.002 2596 2596 W ContextImpl: Calling a method in the system process without a qualified user: android.app.ContextImpl.sendBroadcast:1181 android.content.ContextWrapper.sendBroadcast:479 cn.eben.newweather.DateWeatherService.a:19 cn.eben.newweather.DateWeatherService.a:0 cn.eben.newweather.DateWeatherService$1.handleMessage:7
05-09 12:56:39.002 2596 2596 W ContextImpl: Calling a method in the system process without a qualified user: android.app.ContextImpl.sendBroadcast:1181 android.content.ContextWrapper.sendBroadcast:479 cn.eben.newweather.DateWeatherService.a:19 cn.eben.newweather.DateWeatherService.a:0 cn.eben.newweather.DateWeatherService$1.handleMessage:7
05-09 12:56:39.833 457 477 I RIL : ---> enter mainloop wait at port
05-09 12:56:39.833 457 477 D RIL-DEV : Get modem info
05-09 12:56:39.834 457 477 D RIL-DEV : [05-09_12:56:39:835] idVendor = 1d6b
05-09 12:56:39.834 457 477 D RIL-DEV :
05-09 12:56:39.834 457 477 D RIL-DEV : [05-09_12:56:39:835] idVendor = 1d6b
05-09 12:56:39.834 457 477 D RIL-DEV :
05-09 12:56:39.835 457 477 E RIL-DEV : Cannot find Meig devices
05-09 12:56:39.835 457 477 I RIL : ---> can't find meig usb devices
05-09 12:56:40.002 2596 2596 W ContextImpl: Calling a method in the system process without a qualified user: android.app.ContextImpl.sendBroadcast:1181 android.content.ContextWrapper.sendBroadcast:479 cn.eben.newweather.DateWeatherService.a:19 cn.eben.newweather.DateWeatherService.a:0 cn.eben.newweather.DateWeatherService$1.handleMessage:7
05-09 12:56:41.002 2596 2596 W ContextImpl: Calling a method in the system process without a qualified user: android.app.ContextImpl.sendBroadcast:1181 android.content.ContextWrapper.sendBroadcast:479 cn.eben.newweather.DateWeatherService.a:19 cn.eben.newweather.DateWeatherService.a:0 cn.eben.newweather.DateWeatherService$1.handleMessage:7
05-09 12:56:41.835 457 477 I RIL : ---> enter mainloop wait at port
05-09 12:56:41.835 457 477 D RIL-DEV : Get modem info
05-09 12:56:41.836 457 477 D RIL-DEV : [05-09_12:56:41:837] idVendor = 1d6b
05-09 12:56:41.836 457 477 D RIL-DEV :
05-09 12:56:41.836 457 477 D RIL-DEV : [05-09_12:56:41:837] idVendor = 1d6b
05-09 12:56:41.836 457 477 D RIL-DEV :
05-09 12:56:41.837 457 477 E RIL-DEV : Cannot find Meig devices
05-09 12:56:41.837 457 477 I RIL : ---> can't find meig usb devices
05-09 12:56:42.002 2596 2596 W ContextImpl: Calling a method in the system process without a qualified user: android.app.ContextImpl.sendBroadcast:1181 android.content.ContextWrapper.sendBroadcast:479 cn.eben.newweather.DateWeatherService.a:19 cn.eben.newweather.DateWeatherService.a:0 cn.eben.newweather.DateWeatherService$1.handleMessage:7
05-09 12:56:43.002 2596 2596 W ContextImpl: Calling a method in the system process without a qualified user: android.app.ContextImpl.sendBroadcast:1181 android.content.ContextWrapper.sendBroadcast:479 cn.eben.newweather.DateWeatherService.a:19 cn.eben.newweather.DateWeatherService.a:0 cn.eben.newweather.DateWeatherService$1.handleMessage:7
05-09 12:56:43.837 457 477 I RIL : ---> enter mainloop wait at port
05-09 12:56:43.838 457 477 D RIL-DEV : Get modem info
05-09 12:56:43.838 457 477 D RIL-DEV : [05-09_12:56:43:839] idVendor = 1d6b
05-09 12:56:43.838 457 477 D RIL-DEV :
05-09 12:56:43.838 457 477 D RIL-DEV : [05-09_12:56:43:839] idVendor = 1d6b
05-09 12:56:43.838 457 477 D RIL-DEV :
05-09 12:56:43.839 457 477 E RIL-DEV : Cannot find Meig devices
05-09 12:56:43.839 457 477 I RIL : ---> can't find meig usb devices
05-09 12:56:44.002 2596 2596 W ContextImpl: Calling a method in the system process without a qualified user: android.app.ContextImpl.sendBroadcast:1181 android.content.ContextWrapper.sendBroadcast:479 cn.eben.newweather.DateWeatherService.a:19 cn.eben.newweather.DateWeatherService.a:0 cn.eben.newweather.DateWeatherService$1.handleMessage:7
05-09 12:56:45.002 2596 2596 W ContextImpl: Calling a method in the system process without a qualified user: android.app.ContextImpl.sendBroadcast:1181 android.content.ContextWrapper.sendBroadcast:479 cn.eben.newweather.DateWeatherService.a:19 cn.eben.newweather.DateWeatherService.a:0 cn.eben.newweather.DateWeatherService$1.handleMessage:7
05-09 12:56:45.839 457 477 I RIL : ---> enter mainloop wait at port
05-09 12:56:45.840 457 477 D RIL-DEV : Get modem info
05-09 12:56:45.840 457 477 D RIL-DEV : [05-09_12:56:45:841] idVendor = 1d6b
05-09 12:56:45.840 457 477 D RIL-DEV :
05-09 12:56:45.840 457 477 D RIL-DEV : [05-09_12:56:45:841] idVendor = 1d6b
05-09 12:56:45.840 457 477 D RIL-DEV :
05-09 12:56:45.841 457 477 E RIL-DEV : Cannot find Meig devices
05-09 12:56:45.841 457 477 I RIL : ---> can't find meig usb devices
05-09 12:56:46.001 2596 2596 W ContextImpl: Calling a method in the system process without a qualified user: android.app.ContextImpl.sendBroadcast:1181 android.content.ContextWrapper.sendBroadcast:479 cn.eben.newweather.DateWeatherService.a:19 cn.eben.newweather.DateWeatherService.a:0 cn.eben.newweather.DateWeatherService$1.handleMessage:7
05-09 12:56:47.002 2596 2596 W ContextImpl: Calling a method in the system process without a qualified user: android.app.ContextImpl.sendBroadcast:1181 android.content.ContextWrapper.sendBroadcast:479 cn.eben.newweather.DateWeatherService.a:19 cn.eben.newweather.DateWeatherService.a:0 cn.eben.newweather.DateWeatherService$1.handleMessage:7
05-09 12:56:47.841 457 477 I RIL : ---> enter mainloop wait at port
05-09 12:56:47.841 457 477 D RIL-DEV : Get modem info
05-09 12:56:47.842 457 477 D RIL-DEV : [05-09_12:56:47:843] idVendor = 1d6b
05-09 12:56:47.842 457 477 D RIL-DEV :
05-09 12:56:47.842 457 477 D RIL-DEV : [05-09_12:56:47:843] idVendor = 1d6b
05-09 12:56:47.842 457 477 D RIL-DEV :
05-09 12:56:47.843 457 477 E RIL-DEV : Cannot find Meig devices
05-09 12:56:47.843 457 477 I RIL : ---> can't find meig usb devices
05-09 12:56:48.002 2596 2596 W ContextImpl: Calling a method in the system process without a qualified user: android.app.ContextImpl.sendBroadcast:1181 android.content.ContextWrapper.sendBroadcast:479 cn.eben.newweather.DateWeatherService.a:19 cn.eben.newweather.DateWeatherService.a:0 cn.eben.newweather.DateWeatherService$1.handleMessage:7
05-09 12:56:49.002 2596 2596 W ContextImpl: Calling a method in the system process without a qualified user: android.app.ContextImpl.sendBroadcast:1181 android.content.ContextWrapper.sendBroadcast:479 cn.eben.newweather.DateWeatherService.a:19 cn.eben.newweather.DateWeatherService.a:0 cn.eben.newweather.DateWeatherService$1.handleMessage:7
05-09 12:56:49.843 457 477 I RIL : ---> enter mainloop wait at port
05-09 12:56:49.843 457 477 D RIL-DEV : Get modem info
05-09 12:56:49.844 457 477 D RIL-DEV : [05-09_12:56:49:845] idVendor = 1d6b
05-09 12:56:49.844 457 477 D RIL-DEV :
05-09 12:56:49.844 457 477 D RIL-DEV : [05-09_12:56:49:845] idVendor = 1d6b
05-09 12:56:49.844 457 477 D RIL-DEV :
05-09 12:56:49.845 457 477 E RIL-DEV : Cannot find Meig devices
05-09 12:56:49.845 457 477 I RIL : ---> can't find meig usb devices
05-09 12:56:50.002 2596 2596 W ContextImpl: Calling a method in the system process without a qualified user: android.app.ContextImpl.sendBroadcast:1181 android.content.ContextWrapper.sendBroadcast:479 cn.eben.newweather.DateWeatherService.a:19 cn.eben.newweather.DateWeatherService.a:0 cn.eben.newweather.DateWeatherService$1.handleMessage:7
05-10 03:35:41.872 437 437 W healthd : battery l=92 v=8470 t=24.5 h=1 st=2 c=128000 fc=9700000 cc=6 chg=u
05-09 12:56:51.003 2596 2596 W ContextImpl: Calling a method in the system process without a qualified user: android.app.ContextImpl.sendBroadcast:1181 android.content.ContextWrapper.sendBroadcast:479 cn.eben.newweather.DateWeatherService.a:19 cn.eben.newweather.DateWeatherService.a:0 cn.eben.newweather.DateWeatherService$1.handleMessage:7
05-09 12:56:51.845 457 477 I RIL : ---> enter mainloop wait at port
05-09 12:56:51.846 457 477 D RIL-DEV : Get modem info
05-09 12:56:51.846 457 477 D RIL-DEV : [05-09_12:56:51:847] idVendor = 1d6b
05-09 12:56:51.846 457 477 D RIL-DEV :
05-09 12:56:51.846 457 477 D RIL-DEV : [05-09_12:56:51:847] idVendor = 1d6b
05-09 12:56:51.846 457 477 D RIL-DEV :
05-09 12:56:51.847 457 477 E RIL-DEV : Cannot find Meig devices
05-09 12:56:51.847 457 477 I RIL : ---> can't find meig usb devices
05-09 12:56:52.002 2596 2596 W ContextImpl: Calling a method in the system process without a qualified user: android.app.ContextImpl.sendBroadcast:1181 android.content.ContextWrapper.sendBroadcast:479 cn.eben.newweather.DateWeatherService.a:19 cn.eben.newweather.DateWeatherService.a:0 cn.eben.newweather.DateWeatherService$1.handleMessage:7
05-09 12:56:53.002 2596 2596 W ContextImpl: Calling a method in the system process without a qualified user: android.app.ContextImpl.sendBroadcast:1181 android.content.ContextWrapper.sendBroadcast:479 cn.eben.newweather.DateWeatherService.a:19 cn.eben.newweather.DateWeatherService.a:0 cn.eben.newweather.DateWeatherService$1.handleMessage:7
05-09 12:56:53.847 457 477 I RIL : ---> enter mainloop wait at port
05-09 12:56:53.847 457 477 D RIL-DEV : Get modem info
05-09 12:56:53.848 457 477 D RIL-DEV : [05-09_12:56:53:848] idVendor = 1d6b
05-09 12:56:53.848 457 477 D RIL-DEV :
05-09 12:56:53.848 457 477 D RIL-DEV : [05-09_12:56:53:849] idVendor = 1d6b
05-09 12:56:53.848 457 477 D RIL-DEV :
05-09 12:56:53.849 457 477 E RIL-DEV : Cannot find Meig devices
05-09 12:56:53.849 457 477 I RIL : ---> can't find meig usb devices
05-09 12:56:54.003 2596 2596 W ContextImpl: Calling a method in the system process without a qualified user: android.app.ContextImpl.sendBroadcast:1181 android.content.ContextWrapper.sendBroadcast:479 cn.eben.newweather.DateWeatherService.a:19 cn.eben.newweather.DateWeatherService.a:0 cn.eben.newweather.DateWeatherService$1.handleMessage:7
05-09 12:56:55.002 2596 2596 W ContextImpl: Calling a method in the system process without a qualified user: android.app.ContextImpl.sendBroadcast:1181 android.content.ContextWrapper.sendBroadcast:479 cn.eben.newweather.DateWeatherService.a:19 cn.eben.newweather.DateWeatherService.a:0 cn.eben.newweather.DateWeatherService$1.handleMessage:7
05-09 12:56:55.849 457 477 I RIL : ---> enter mainloop wait at port
05-09 12:56:55.850 457 477 D RIL-DEV : Get modem info
05-09 12:56:55.850 457 477 D RIL-DEV : [05-09_12:56:55:851] idVendor = 1d6b
05-09 12:56:55.850 457 477 D RIL-DEV :
05-09 12:56:55.850 457 477 D RIL-DEV : [05-09_12:56:55:851] idVendor = 1d6b
05-09 12:56:55.850 457 477 D RIL-DEV :
05-09 12:56:55.851 457 477 E RIL-DEV : Cannot find Meig devices
05-09 12:56:55.851 457 477 I RIL : ---> can't find meig usb devices
05-09 12:56:56.003 2596 2596 W ContextImpl: Calling a method in the system process without a qualified user: android.app.ContextImpl.sendBroadcast:1181 android.content.ContextWrapper.sendBroadcast:479 cn.eben.newweather.DateWeatherService.a:19 cn.eben.newweather.DateWeatherService.a:0 cn.eben.newweather.DateWeatherService$1.handleMessage:7
05-09 12:56:57.002 2596 2596 W ContextImpl: Calling a method in the system process without a qualified user: android.app.ContextImpl.sendBroadcast:1181 android.content.ContextWrapper.sendBroadcast:479 cn.eben.newweather.DateWeatherService.a:19 cn.eben.newweather.DateWeatherService.a:0 cn.eben.newweather.DateWeatherService$1.handleMessage:7
05-09 12:56:57.851 457 477 I RIL : ---> enter mainloop wait at port
05-09 12:56:57.851 457 477 D RIL-DEV : Get modem info
05-09 12:56:57.852 457 477 D RIL-DEV : [05-09_12:56:57:853] idVendor = 1d6b
05-09 12:56:57.852 457 477 D RIL-DEV :
05-09 12:56:57.852 457 477 D RIL-DEV : [05-09_12:56:57:853] idVendor = 1d6b
05-09 12:56:57.852 457 477 D RIL-DEV :
05-09 12:56:57.853 457 477 E RIL-DEV : Cannot find Meig devices
05-09 12:56:57.853 457 477 I RIL : ---> can't find meig usb devices
05-09 12:56:58.002 2596 2596 W ContextImpl: Calling a method in the system process without a qualified user: android.app.ContextImpl.sendBroadcast:1181 android.content.ContextWrapper.sendBroadcast:479 cn.eben.newweather.DateWeatherService.a:19 cn.eben.newweather.DateWeatherService.a:0 cn.eben.newweather.DateWeatherService$1.handleMessage:7
05-09 12:56:59.002 2596 2596 W ContextImpl: Calling a method in the system process without a qualified user: android.app.ContextImpl.sendBroadcast:1181 android.content.ContextWrapper.sendBroadcast:479 cn.eben.newweather.DateWeatherService.a:19 cn.eben.newweather.DateWeatherService.a:0 cn.eben.newweather.DateWeatherService$1.handleMessage:7
05-09 12:56:59.853 457 477 I RIL : ---> enter mainloop wait at port
05-09 12:56:59.854 457 477 D RIL-DEV : Get modem info
05-09 12:56:59.854 457 477 D RIL-DEV : [05-09_12:56:59:855] idVendor = 1d6b
05-09 12:56:59.854 457 477 D RIL-DEV :
05-09 12:56:59.855 457 477 D RIL-DEV : [05-09_12:56:59:855] idVendor = 1d6b
05-09 12:56:59.855 457 477 D RIL-DEV :
05-09 12:56:59.855 457 477 E RIL-DEV : Cannot find Meig devices
05-09 12:56:59.855 457 477 I RIL : ---> can't find meig usb devices
05-09 12:57:00.002 2596 2596 W ContextImpl: Calling a method in the system process without a qualified user: android.app.ContextImpl.sendBroadcast:1181 android.content.ContextWrapper.sendBroadcast:479 cn.eben.newweather.DateWeatherService.a:19 cn.eben.newweather.DateWeatherService.a:0 cn.eben.newweather.DateWeatherService$1.handleMessage:7
05-09 12:57:01.002 2596 2596 W ContextImpl: Calling a method in the system process without a qualified user: android.app.ContextImpl.sendBroadcast:1181 android.content.ContextWrapper.sendBroadcast:479 cn.eben.newweather.DateWeatherService.a:19 cn.eben.newweather.DateWeatherService.a:0 cn.eben.newweather.DateWeatherService$1.handleMessage:7
05-09 12:57:01.855 457 477 I RIL : ---> enter mainloop wait at port
05-09 12:57:01.856 457 477 D RIL-DEV : Get modem info
05-09 12:57:01.856 457 477 D RIL-DEV : [05-09_12:57:01:857] idVendor = 1d6b
05-09 12:57:01.856 457 477 D RIL-DEV :
05-09 12:57:01.857 457 477 D RIL-DEV : [05-09_12:57:01:857] idVendor = 1d6b
05-09 12:57:01.857 457 477 D RIL-DEV :
05-09 12:57:01.857 457 477 E RIL-DEV : Cannot find Meig devices
05-09 12:57:01.857 457 477 I RIL : ---> can't find meig usb devices
05-09 12:57:02.002 2596 2596 W ContextImpl: Calling a method in the system process without a qualified user: android.app.ContextImpl.sendBroadcast:1181 android.content.ContextWrapper.sendBroadcast:479 cn.eben.newweather.DateWeatherService.a:19 cn.eben.newweather.DateWeatherService.a:0 cn.eben.newweather.DateWeatherService$1.handleMessage:7
05-09 12:57:03.002 2596 2596 W ContextImpl: Calling a method in the system process without a qualified user: android.app.ContextImpl.sendBroadcast:1181 android.content.ContextWrapper.sendBroadcast:479 cn.eben.newweather.DateWeatherService.a:19 cn.eben.newweather.DateWeatherService.a:0 cn.eben.newweather.DateWeatherService$1.handleMessage:7
05-09 12:57:03.857 457 477 I RIL : ---> enter mainloop wait at port
05-09 12:57:03.858 457 477 D RIL-DEV : Get modem info
05-09 12:57:03.858 457 477 D RIL-DEV : [05-09_12:57:03:859] idVendor = 1d6b
05-09 12:57:03.858 457 477 D RIL-DEV :
05-09 12:57:03.858 457 477 D RIL-DEV : [05-09_12:57:03:859] idVendor = 1d6b
05-09 12:57:03.858 457 477 D RIL-DEV :
05-09 12:57:03.859 457 477 E RIL-DEV : Cannot find Meig devices
05-09 12:57:03.859 457 477 I RIL : ---> can't find meig usb devices
05-09 12:57:04.002 2596 2596 W ContextImpl: Calling a method in the system process without a qualified user: android.app.ContextImpl.sendBroadcast:1181 android.content.ContextWrapper.sendBroadcast:479 cn.eben.newweather.DateWeatherService.a:19 cn.eben.newweather.DateWeatherService.a:0 cn.eben.newweather.DateWeatherService$1.handleMessage:7
05-10 03:35:55.975 437 437 W healthd : battery l=93 v=8472 t=24.5 h=1 st=2 c=0 fc=9700000 cc=6 chg=u
05-09 12:57:04.552 621 4157 I battery_level: [93,8472,245]
05-09 12:57:05.002 2596 2596 W ContextImpl: Calling a method in the system process without a qualified user: android.app.ContextImpl.sendBroadcast:1181 android.content.ContextWrapper.sendBroadcast:479 cn.eben.newweather.DateWeatherService.a:19 cn.eben.newweather.DateWeatherService.a:0 cn.eben.newweather.DateWeatherService$1.handleMessage:7
05-09 12:57:05.859 457 477 I RIL : ---> enter mainloop wait at port
05-09 12:57:05.860 457 477 D RIL-DEV : Get modem info
05-09 12:57:05.860 457 477 D RIL-DEV : [05-09_12:57:05:861] idVendor = 1d6b
05-09 12:57:05.860 457 477 D RIL-DEV :
05-09 12:57:05.861 457 477 D RIL-DEV : [05-09_12:57:05:861] idVendor = 1d6b
05-09 12:57:05.861 457 477 D RIL-DEV :
05-09 12:57:05.861 457 477 E RIL-DEV : Cannot find Meig devices
05-09 12:57:05.861 457 477 I RIL : ---> can't find meig usb devices
05-09 12:57:06.001 2596 2596 W ContextImpl: Calling a method in the system process without a qualified user: android.app.ContextImpl.sendBroadcast:1181 android.content.ContextWrapper.sendBroadcast:479 cn.eben.newweather.DateWeatherService.a:19 cn.eben.newweather.DateWeatherService.a:0 cn.eben.newweather.DateWeatherService$1.handleMessage:7
05-09 12:57:07.002 2596 2596 W ContextImpl: Calling a method in the system process without a qualified user: android.app.ContextImpl.sendBroadcast:1181 android.content.ContextWrapper.sendBroadcast:479 cn.eben.newweather.DateWeatherService.a:19 cn.eben.newweather.DateWeatherService.a:0 cn.eben.newweather.DateWeatherService$1.handleMessage:7
05-09 12:57:07.861 457 477 I RIL : ---> enter mainloop wait at port
05-09 12:57:07.862 457 477 D RIL-DEV : Get modem info
05-09 12:57:07.862 457 477 D RIL-DEV : [05-09_12:57:07:863] idVendor = 1d6b
05-09 12:57:07.862 457 477 D RIL-DEV :
05-09 12:57:07.863 457 477 D RIL-DEV : [05-09_12:57:07:863] idVendor = 1d6b
05-09 12:57:07.863 457 477 D RIL-DEV :
05-09 12:57:07.863 457 477 E RIL-DEV : Cannot find Meig devices
05-09 12:57:07.863 457 477 I RIL : ---> can't find meig usb devices
05-09 12:57:08.002 2596 2596 W ContextImpl: Calling a method in the system process without a qualified user: android.app.ContextImpl.sendBroadcast:1181 android.content.ContextWrapper.sendBroadcast:479 cn.eben.newweather.DateWeatherService.a:19 cn.eben.newweather.DateWeatherService.a:0 cn.eben.newweather.DateWeatherService$1.handleMessage:7
05-09 12:57:09.002 2596 2596 W ContextImpl: Calling a method in the system process without a qualified user: android.app.ContextImpl.sendBroadcast:1181 android.content.ContextWrapper.sendBroadcast:479 cn.eben.newweather.DateWeatherService.a:19 cn.eben.newweather.DateWeatherService.a:0 cn.eben.newweather.DateWeatherService$1.handleMessage:7
05-09 12:57:09.864 457 477 I RIL : ---> enter mainloop wait at port
05-09 12:57:09.864 457 477 D RIL-DEV : Get modem info
05-09 12:57:09.864 457 477 D RIL-DEV : [05-09_12:57:09:865] idVendor = 1d6b
05-09 12:57:09.864 457 477 D RIL-DEV :
05-09 12:57:09.865 457 477 D RIL-DEV : [05-09_12:57:09:865] idVendor = 1d6b
05-09 12:57:09.865 457 477 D RIL-DEV :
05-09 12:57:09.865 457 477 E RIL-DEV : Cannot find Meig devices
05-09 12:57:09.865 457 477 I RIL : ---> can't find meig usb devices
