05-09 12:57:10.002 2596 2596 W ContextImpl: Calling a method in the system process without a qualified user: android.app.ContextImpl.sendBroadcast:1181 android.content.ContextWrapper.sendBroadcast:479 cn.eben.newweather.DateWeatherService.a:19 cn.eben.newweather.DateWeatherService.a:0 cn.eben.newweather.DateWeatherService$1.handleMessage:7
05-09 12:57:11.002 2596 2596 W ContextImpl: Calling a method in the system process without a qualified user: android.app.ContextImpl.sendBroadcast:1181 android.content.ContextWrapper.sendBroadcast:479 cn.eben.newweather.DateWeatherService.a:19 cn.eben.newweather.DateWeatherService.a:0 cn.eben.newweather.DateWeatherService$1.handleMessage:7
05-09 12:57:11.866 457 477 I RIL : ---> enter mainloop wait at port
05-09 12:57:11.866 457 477 D RIL-DEV : Get modem info
05-09 12:57:11.867 457 477 D RIL-DEV : [05-09_12:57:11:867] idVendor = 1d6b
05-09 12:57:11.867 457 477 D RIL-DEV :
05-09 12:57:11.867 457 477 D RIL-DEV : [05-09_12:57:11:867] idVendor = 1d6b
05-09 12:57:11.867 457 477 D RIL-DEV :
05-09 12:57:11.867 457 477 E RIL-DEV : Cannot find Meig devices
05-09 12:57:11.867 457 477 I RIL : ---> can't find meig usb devices
05-09 12:57:12.002 2596 2596 W ContextImpl: Calling a method in the system process without a qualified user: android.app.ContextImpl.sendBroadcast:1181 android.content.ContextWrapper.sendBroadcast:479 cn.eben.newweather.DateWeatherService.a:19 cn.eben.newweather.DateWeatherService.a:0 cn.eben.newweather.DateWeatherService$1.handleMessage:7
05-09 12:57:12.580 621 697 D ActivityManager: freezing 7461 com.android.deskclock
05-09 12:57:12.583 621 697 D ActivityManager: froze 7461 com.android.deskclock
05-09 12:57:12.583 621 697 I am_freeze: [7461,com.android.deskclock]
05-09 12:57:12.664 621 697 D ActivityManager: freezing 10443 android.process.media
05-09 12:57:12.665 621 697 D ActivityManager: froze 10443 android.process.media
05-09 12:57:12.665 621 697 I am_freeze: [10443,android.process.media]
05-09 12:57:13.002 2596 2596 W ContextImpl: Calling a method in the system process without a qualified user: android.app.ContextImpl.sendBroadcast:1181 android.content.ContextWrapper.sendBroadcast:479 cn.eben.newweather.DateWeatherService.a:19 cn.eben.newweather.DateWeatherService.a:0 cn.eben.newweather.DateWeatherService$1.handleMessage:7
05-09 12:57:13.868 457 477 I RIL : ---> enter mainloop wait at port
05-09 12:57:13.868 457 477 D RIL-DEV : Get modem info
05-09 12:57:13.869 457 477 D RIL-DEV : [05-09_12:57:13:869] idVendor = 1d6b
05-09 12:57:13.869 457 477 D RIL-DEV :
05-09 12:57:13.869 457 477 D RIL-DEV : [05-09_12:57:13:870] idVendor = 1d6b
05-09 12:57:13.869 457 477 D RIL-DEV :
05-09 12:57:13.869 457 477 E RIL-DEV : Cannot find Meig devices
05-09 12:57:13.870 457 477 I RIL : ---> can't find meig usb devices
05-09 12:57:14.002 2596 2596 W ContextImpl: Calling a method in the system process without a qualified user: android.app.ContextImpl.sendBroadcast:1181 android.content.ContextWrapper.sendBroadcast:479 cn.eben.newweather.DateWeatherService.a:19 cn.eben.newweather.DateWeatherService.a:0 cn.eben.newweather.DateWeatherService$1.handleMessage:7
05-09 12:57:15.002 2596 2596 W ContextImpl: Calling a method in the system process without a qualified user: android.app.ContextImpl.sendBroadcast:1181 android.content.ContextWrapper.sendBroadcast:479 cn.eben.newweather.DateWeatherService.a:19 cn.eben.newweather.DateWeatherService.a:0 cn.eben.newweather.DateWeatherService$1.handleMessage:7
05-09 12:57:15.870 457 477 I RIL : ---> enter mainloop wait at port
05-09 12:57:15.870 457 477 D RIL-DEV : Get modem info
05-09 12:57:15.871 457 477 D RIL-DEV : [05-09_12:57:15:871] idVendor = 1d6b
05-09 12:57:15.871 457 477 D RIL-DEV :
05-09 12:57:15.871 457 477 D RIL-DEV : [05-09_12:57:15:872] idVendor = 1d6b
05-09 12:57:15.871 457 477 D RIL-DEV :
05-09 12:57:15.871 457 477 E RIL-DEV : Cannot find Meig devices
05-09 12:57:15.871 457 477 I RIL : ---> can't find meig usb devices
05-09 12:57:16.002 2596 2596 W ContextImpl: Calling a method in the system process without a qualified user: android.app.ContextImpl.sendBroadcast:1181 android.content.ContextWrapper.sendBroadcast:479 cn.eben.newweather.DateWeatherService.a:19 cn.eben.newweather.DateWeatherService.a:0 cn.eben.newweather.DateWeatherService$1.handleMessage:7
05-09 12:57:17.001 2596 2596 W ContextImpl: Calling a method in the system process without a qualified user: android.app.ContextImpl.sendBroadcast:1181 android.content.ContextWrapper.sendBroadcast:479 cn.eben.newweather.DateWeatherService.a:19 cn.eben.newweather.DateWeatherService.a:0 cn.eben.newweather.DateWeatherService$1.handleMessage:7
05-09 12:57:17.872 457 477 I RIL : ---> enter mainloop wait at port
05-09 12:57:17.872 457 477 D RIL-DEV : Get modem info
05-09 12:57:17.873 457 477 D RIL-DEV : [05-09_12:57:17:873] idVendor = 1d6b
05-09 12:57:17.873 457 477 D RIL-DEV :
05-09 12:57:17.873 457 477 D RIL-DEV : [05-09_12:57:17:874] idVendor = 1d6b
05-09 12:57:17.873 457 477 D RIL-DEV :
05-09 12:57:17.873 457 477 E RIL-DEV : Cannot find Meig devices
05-09 12:57:17.874 457 477 I RIL : ---> can't find meig usb devices
05-09 12:57:18.002 2596 2596 W ContextImpl: Calling a method in the system process without a qualified user: android.app.ContextImpl.sendBroadcast:1181 android.content.ContextWrapper.sendBroadcast:479 cn.eben.newweather.DateWeatherService.a:19 cn.eben.newweather.DateWeatherService.a:0 cn.eben.newweather.DateWeatherService$1.handleMessage:7
05-09 12:57:19.003 2596 2596 W ContextImpl: Calling a method in the system process without a qualified user: android.app.ContextImpl.sendBroadcast:1181 android.content.ContextWrapper.sendBroadcast:479 cn.eben.newweather.DateWeatherService.a:19 cn.eben.newweather.DateWeatherService.a:0 cn.eben.newweather.DateWeatherService$1.handleMessage:7
05-09 12:57:19.874 457 477 I RIL : ---> enter mainloop wait at port
05-09 12:57:19.874 457 477 D RIL-DEV : Get modem info
05-09 12:57:19.875 457 477 D RIL-DEV : [05-09_12:57:19:875] idVendor = 1d6b
05-09 12:57:19.875 457 477 D RIL-DEV :
05-09 12:57:19.875 457 477 D RIL-DEV : [05-09_12:57:19:876] idVendor = 1d6b
05-09 12:57:19.875 457 477 D RIL-DEV :
05-09 12:57:19.875 457 477 E RIL-DEV : Cannot find Meig devices
05-09 12:57:19.876 457 477 I RIL : ---> can't find meig usb devices
05-09 12:57:20.002 2596 2596 W ContextImpl: Calling a method in the system process without a qualified user: android.app.ContextImpl.sendBroadcast:1181 android.content.ContextWrapper.sendBroadcast:479 cn.eben.newweather.DateWeatherService.a:19 cn.eben.newweather.DateWeatherService.a:0 cn.eben.newweather.DateWeatherService$1.handleMessage:7
05-09 12:57:21.003 2596 2596 W ContextImpl: Calling a method in the system process without a qualified user: android.app.ContextImpl.sendBroadcast:1181 android.content.ContextWrapper.sendBroadcast:479 cn.eben.newweather.DateWeatherService.a:19 cn.eben.newweather.DateWeatherService.a:0 cn.eben.newweather.DateWeatherService$1.handleMessage:7
05-09 12:57:21.876 457 477 I RIL : ---> enter mainloop wait at port
05-09 12:57:21.876 457 477 D RIL-DEV : Get modem info
05-09 12:57:21.877 457 477 D RIL-DEV : [05-09_12:57:21:877] idVendor = 1d6b
05-09 12:57:21.877 457 477 D RIL-DEV :
05-09 12:57:21.877 457 477 D RIL-DEV : [05-09_12:57:21:878] idVendor = 1d6b
05-09 12:57:21.877 457 477 D RIL-DEV :
05-09 12:57:21.878 457 477 E RIL-DEV : Cannot find Meig devices
05-09 12:57:21.878 457 477 I RIL : ---> can't find meig usb devices
05-09 12:57:22.002 2596 2596 W ContextImpl: Calling a method in the system process without a qualified user: android.app.ContextImpl.sendBroadcast:1181 android.content.ContextWrapper.sendBroadcast:479 cn.eben.newweather.DateWeatherService.a:19 cn.eben.newweather.DateWeatherService.a:0 cn.eben.newweather.DateWeatherService$1.handleMessage:7
05-09 12:57:23.001 2596 2596 W ContextImpl: Calling a method in the system process without a qualified user: android.app.ContextImpl.sendBroadcast:1181 android.content.ContextWrapper.sendBroadcast:479 cn.eben.newweather.DateWeatherService.a:19 cn.eben.newweather.DateWeatherService.a:0 cn.eben.newweather.DateWeatherService$1.handleMessage:7
05-09 12:57:23.878 457 477 I RIL : ---> enter mainloop wait at port
05-09 12:57:23.878 457 477 D RIL-DEV : Get modem info
05-09 12:57:23.879 457 477 D RIL-DEV : [05-09_12:57:23:879] idVendor = 1d6b
05-09 12:57:23.879 457 477 D RIL-DEV :
05-09 12:57:23.879 457 477 D RIL-DEV : [05-09_12:57:23:880] idVendor = 1d6b
05-09 12:57:23.879 457 477 D RIL-DEV :
05-09 12:57:23.880 457 477 E RIL-DEV : Cannot find Meig devices
05-09 12:57:23.880 457 477 I RIL : ---> can't find meig usb devices
05-09 12:57:24.003 2596 2596 W ContextImpl: Calling a method in the system process without a qualified user: android.app.ContextImpl.sendBroadcast:1181 android.content.ContextWrapper.sendBroadcast:479 cn.eben.newweather.DateWeatherService.a:19 cn.eben.newweather.DateWeatherService.a:0 cn.eben.newweather.DateWeatherService$1.handleMessage:7
05-09 12:57:25.001 2596 2596 W ContextImpl: Calling a method in the system process without a qualified user: android.app.ContextImpl.sendBroadcast:1181 android.content.ContextWrapper.sendBroadcast:479 cn.eben.newweather.DateWeatherService.a:19 cn.eben.newweather.DateWeatherService.a:0 cn.eben.newweather.DateWeatherService$1.handleMessage:7
05-09 12:57:25.880 457 477 I RIL : ---> enter mainloop wait at port
05-09 12:57:25.881 457 477 D RIL-DEV : Get modem info
05-09 12:57:25.881 457 477 D RIL-DEV : [05-09_12:57:25:882] idVendor = 1d6b
05-09 12:57:25.881 457 477 D RIL-DEV :
05-09 12:57:25.882 457 477 D RIL-DEV : [05-09_12:57:25:882] idVendor = 1d6b
05-09 12:57:25.882 457 477 D RIL-DEV :
05-09 12:57:25.882 457 477 E RIL-DEV : Cannot find Meig devices
05-09 12:57:25.882 457 477 I RIL : ---> can't find meig usb devices
05-09 12:57:26.002 2596 2596 W ContextImpl: Calling a method in the system process without a qualified user: android.app.ContextImpl.sendBroadcast:1181 android.content.ContextWrapper.sendBroadcast:479 cn.eben.newweather.DateWeatherService.a:19 cn.eben.newweather.DateWeatherService.a:0 cn.eben.newweather.DateWeatherService$1.handleMessage:7
05-09 12:57:27.001 2596 2596 W ContextImpl: Calling a method in the system process without a qualified user: android.app.ContextImpl.sendBroadcast:1181 android.content.ContextWrapper.sendBroadcast:479 cn.eben.newweather.DateWeatherService.a:19 cn.eben.newweather.DateWeatherService.a:0 cn.eben.newweather.DateWeatherService$1.handleMessage:7
05-09 12:57:27.883 457 477 I RIL : ---> enter mainloop wait at port
05-09 12:57:27.883 457 477 D RIL-DEV : Get modem info
05-09 12:57:27.883 457 477 D RIL-DEV : [05-09_12:57:27:884] idVendor = 1d6b
05-09 12:57:27.883 457 477 D RIL-DEV :
05-09 12:57:27.884 457 477 D RIL-DEV : [05-09_12:57:27:884] idVendor = 1d6b
05-09 12:57:27.884 457 477 D RIL-DEV :
05-09 12:57:27.884 457 477 E RIL-DEV : Cannot find Meig devices
05-09 12:57:27.884 457 477 I RIL : ---> can't find meig usb devices
05-09 12:57:28.001 2596 2596 W ContextImpl: Calling a method in the system process without a qualified user: android.app.ContextImpl.sendBroadcast:1181 android.content.ContextWrapper.sendBroadcast:479 cn.eben.newweather.DateWeatherService.a:19 cn.eben.newweather.DateWeatherService.a:0 cn.eben.newweather.DateWeatherService$1.handleMessage:7
05-09 12:57:29.002 2596 2596 W ContextImpl: Calling a method in the system process without a qualified user: android.app.ContextImpl.sendBroadcast:1181 android.content.ContextWrapper.sendBroadcast:479 cn.eben.newweather.DateWeatherService.a:19 cn.eben.newweather.DateWeatherService.a:0 cn.eben.newweather.DateWeatherService$1.handleMessage:7
05-09 12:57:29.885 457 477 I RIL : ---> enter mainloop wait at port
05-09 12:57:29.885 457 477 D RIL-DEV : Get modem info
05-09 12:57:29.886 457 477 D RIL-DEV : [05-09_12:57:29:886] idVendor = 1d6b
05-09 12:57:29.886 457 477 D RIL-DEV :
05-09 12:57:29.886 457 477 D RIL-DEV : [05-09_12:57:29:887] idVendor = 1d6b
05-09 12:57:29.886 457 477 D RIL-DEV :
05-09 12:57:29.886 457 477 E RIL-DEV : Cannot find Meig devices
05-09 12:57:29.887 457 477 I RIL : ---> can't find meig usb devices
05-09 12:57:30.002 2596 2596 W ContextImpl: Calling a method in the system process without a qualified user: android.app.ContextImpl.sendBroadcast:1181 android.content.ContextWrapper.sendBroadcast:479 cn.eben.newweather.DateWeatherService.a:19 cn.eben.newweather.DateWeatherService.a:0 cn.eben.newweather.DateWeatherService$1.handleMessage:7
05-09 12:57:31.002 2596 2596 W ContextImpl: Calling a method in the system process without a qualified user: android.app.ContextImpl.sendBroadcast:1181 android.content.ContextWrapper.sendBroadcast:479 cn.eben.newweather.DateWeatherService.a:19 cn.eben.newweather.DateWeatherService.a:0 cn.eben.newweather.DateWeatherService$1.handleMessage:7
05-09 12:57:31.887 457 477 I RIL : ---> enter mainloop wait at port
05-09 12:57:31.887 457 477 D RIL-DEV : Get modem info
05-09 12:57:31.888 457 477 D RIL-DEV : [05-09_12:57:31:888] idVendor = 1d6b
05-09 12:57:31.888 457 477 D RIL-DEV :
05-09 12:57:31.888 457 477 D RIL-DEV : [05-09_12:57:31:889] idVendor = 1d6b
05-09 12:57:31.888 457 477 D RIL-DEV :
05-09 12:57:31.888 457 477 E RIL-DEV : Cannot find Meig devices
05-09 12:57:31.889 457 477 I RIL : ---> can't find meig usb devices
05-09 12:57:32.002 2596 2596 W ContextImpl: Calling a method in the system process without a qualified user: android.app.ContextImpl.sendBroadcast:1181 android.content.ContextWrapper.sendBroadcast:479 cn.eben.newweather.DateWeatherService.a:19 cn.eben.newweather.DateWeatherService.a:0 cn.eben.newweather.DateWeatherService$1.handleMessage:7
05-09 12:57:33.001 2596 2596 W ContextImpl: Calling a method in the system process without a qualified user: android.app.ContextImpl.sendBroadcast:1181 android.content.ContextWrapper.sendBroadcast:479 cn.eben.newweather.DateWeatherService.a:19 cn.eben.newweather.DateWeatherService.a:0 cn.eben.newweather.DateWeatherService$1.handleMessage:7
05-09 12:57:33.889 457 477 I RIL : ---> enter mainloop wait at port
05-09 12:57:33.889 457 477 D RIL-DEV : Get modem info
05-09 12:57:33.890 457 477 D RIL-DEV : [05-09_12:57:33:890] idVendor = 1d6b
05-09 12:57:33.890 457 477 D RIL-DEV :
05-09 12:57:33.890 457 477 D RIL-DEV : [05-09_12:57:33:891] idVendor = 1d6b
05-09 12:57:33.890 457 477 D RIL-DEV :
05-09 12:57:33.890 457 477 E RIL-DEV : Cannot find Meig devices
05-09 12:57:33.890 457 477 I RIL : ---> can't find meig usb devices
05-09 12:57:34.001 2596 2596 W ContextImpl: Calling a method in the system process without a qualified user: android.app.ContextImpl.sendBroadcast:1181 android.content.ContextWrapper.sendBroadcast:479 cn.eben.newweather.DateWeatherService.a:19 cn.eben.newweather.DateWeatherService.a:0 cn.eben.newweather.DateWeatherService$1.handleMessage:7
05-09 12:57:35.002 2596 2596 W ContextImpl: Calling a method in the system process without a qualified user: android.app.ContextImpl.sendBroadcast:1181 android.content.ContextWrapper.sendBroadcast:479 cn.eben.newweather.DateWeatherService.a:19 cn.eben.newweather.DateWeatherService.a:0 cn.eben.newweather.DateWeatherService$1.handleMessage:7
05-09 12:57:35.891 457 477 I RIL : ---> enter mainloop wait at port
05-09 12:57:35.891 457 477 D RIL-DEV : Get modem info
05-09 12:57:35.892 457 477 D RIL-DEV : [05-09_12:57:35:892] idVendor = 1d6b
05-09 12:57:35.892 457 477 D RIL-DEV :
05-09 12:57:35.892 457 477 D RIL-DEV : [05-09_12:57:35:893] idVendor = 1d6b
05-09 12:57:35.892 457 477 D RIL-DEV :
05-09 12:57:35.893 457 477 E RIL-DEV : Cannot find Meig devices
05-09 12:57:35.893 457 477 I RIL : ---> can't find meig usb devices
05-09 12:57:36.002 2596 2596 W ContextImpl: Calling a method in the system process without a qualified user: android.app.ContextImpl.sendBroadcast:1181 android.content.ContextWrapper.sendBroadcast:479 cn.eben.newweather.DateWeatherService.a:19 cn.eben.newweather.DateWeatherService.a:0 cn.eben.newweather.DateWeatherService$1.handleMessage:7
05-09 12:57:37.002 2596 2596 W ContextImpl: Calling a method in the system process without a qualified user: android.app.ContextImpl.sendBroadcast:1181 android.content.ContextWrapper.sendBroadcast:479 cn.eben.newweather.DateWeatherService.a:19 cn.eben.newweather.DateWeatherService.a:0 cn.eben.newweather.DateWeatherService$1.handleMessage:7
05-09 12:57:37.893 457 477 I RIL : ---> enter mainloop wait at port
05-09 12:57:37.894 457 477 D RIL-DEV : Get modem info
05-09 12:57:37.894 457 477 D RIL-DEV : [05-09_12:57:37:895] idVendor = 1d6b
05-09 12:57:37.894 457 477 D RIL-DEV :
05-09 12:57:37.894 457 477 D RIL-DEV : [05-09_12:57:37:895] idVendor = 1d6b
05-09 12:57:37.894 457 477 D RIL-DEV :
05-09 12:57:37.895 457 477 E RIL-DEV : Cannot find Meig devices
05-09 12:57:37.895 457 477 I RIL : ---> can't find meig usb devices
05-09 12:57:38.002 2596 2596 W ContextImpl: Calling a method in the system process without a qualified user: android.app.ContextImpl.sendBroadcast:1181 android.content.ContextWrapper.sendBroadcast:479 cn.eben.newweather.DateWeatherService.a:19 cn.eben.newweather.DateWeatherService.a:0 cn.eben.newweather.DateWeatherService$1.handleMessage:7
05-09 12:57:39.002 2596 2596 W ContextImpl: Calling a method in the system process without a qualified user: android.app.ContextImpl.sendBroadcast:1181 android.content.ContextWrapper.sendBroadcast:479 cn.eben.newweather.DateWeatherService.a:19 cn.eben.newweather.DateWeatherService.a:0 cn.eben.newweather.DateWeatherService$1.handleMessage:7
05-09 12:57:39.895 457 477 I RIL : ---> enter mainloop wait at port
05-09 12:57:39.896 457 477 D RIL-DEV : Get modem info
05-09 12:57:39.896 457 477 D RIL-DEV : [05-09_12:57:39:897] idVendor = 1d6b
05-09 12:57:39.896 457 477 D RIL-DEV :
05-09 12:57:39.897 457 477 D RIL-DEV : [05-09_12:57:39:897] idVendor = 1d6b
05-09 12:57:39.897 457 477 D RIL-DEV :
05-09 12:57:39.897 457 477 E RIL-DEV : Cannot find Meig devices
05-09 12:57:39.897 457 477 I RIL : ---> can't find meig usb devices
05-09 12:57:40.002 2596 2596 W ContextImpl: Calling a method in the system process without a qualified user: android.app.ContextImpl.sendBroadcast:1181 android.content.ContextWrapper.sendBroadcast:479 cn.eben.newweather.DateWeatherService.a:19 cn.eben.newweather.DateWeatherService.a:0 cn.eben.newweather.DateWeatherService$1.handleMessage:7
05-09 12:57:41.002 2596 2596 W ContextImpl: Calling a method in the system process without a qualified user: android.app.ContextImpl.sendBroadcast:1181 android.content.ContextWrapper.sendBroadcast:479 cn.eben.newweather.DateWeatherService.a:19 cn.eben.newweather.DateWeatherService.a:0 cn.eben.newweather.DateWeatherService$1.handleMessage:7
05-09 12:57:41.897 457 477 I RIL : ---> enter mainloop wait at port
05-09 12:57:41.898 457 477 D RIL-DEV : Get modem info
05-09 12:57:41.898 457 477 D RIL-DEV : [05-09_12:57:41:899] idVendor = 1d6b
05-09 12:57:41.898 457 477 D RIL-DEV :
05-09 12:57:41.899 457 477 D RIL-DEV : [05-09_12:57:41:899] idVendor = 1d6b
05-09 12:57:41.899 457 477 D RIL-DEV :
05-09 12:57:41.899 457 477 E RIL-DEV : Cannot find Meig devices
05-09 12:57:41.899 457 477 I RIL : ---> can't find meig usb devices
05-09 12:57:42.001 2596 2596 W ContextImpl: Calling a method in the system process without a qualified user: android.app.ContextImpl.sendBroadcast:1181 android.content.ContextWrapper.sendBroadcast:479 cn.eben.newweather.DateWeatherService.a:19 cn.eben.newweather.DateWeatherService.a:0 cn.eben.newweather.DateWeatherService$1.handleMessage:7
05-09 12:57:43.002 2596 2596 W ContextImpl: Calling a method in the system process without a qualified user: android.app.ContextImpl.sendBroadcast:1181 android.content.ContextWrapper.sendBroadcast:479 cn.eben.newweather.DateWeatherService.a:19 cn.eben.newweather.DateWeatherService.a:0 cn.eben.newweather.DateWeatherService$1.handleMessage:7
05-09 12:57:43.900 457 477 I RIL : ---> enter mainloop wait at port
05-09 12:57:43.900 457 477 D RIL-DEV : Get modem info
05-09 12:57:43.900 457 477 D RIL-DEV : [05-09_12:57:43:901] idVendor = 1d6b
05-09 12:57:43.900 457 477 D RIL-DEV :
05-09 12:57:43.901 457 477 D RIL-DEV : [05-09_12:57:43:901] idVendor = 1d6b
05-09 12:57:43.901 457 477 D RIL-DEV :
05-09 12:57:43.901 457 477 E RIL-DEV : Cannot find Meig devices
05-09 12:57:43.901 457 477 I RIL : ---> can't find meig usb devices
05-09 12:57:44.001 2596 2596 W ContextImpl: Calling a method in the system process without a qualified user: android.app.ContextImpl.sendBroadcast:1181 android.content.ContextWrapper.sendBroadcast:479 cn.eben.newweather.DateWeatherService.a:19 cn.eben.newweather.DateWeatherService.a:0 cn.eben.newweather.DateWeatherService$1.handleMessage:7
05-09 12:57:45.002 2596 2596 W ContextImpl: Calling a method in the system process without a qualified user: android.app.ContextImpl.sendBroadcast:1181 android.content.ContextWrapper.sendBroadcast:479 cn.eben.newweather.DateWeatherService.a:19 cn.eben.newweather.DateWeatherService.a:0 cn.eben.newweather.DateWeatherService$1.handleMessage:7
05-09 12:57:45.901 457 477 I RIL : ---> enter mainloop wait at port
05-09 12:57:45.902 457 477 D RIL-DEV : Get modem info
05-09 12:57:45.902 457 477 D RIL-DEV : [05-09_12:57:45:903] idVendor = 1d6b
05-09 12:57:45.902 457 477 D RIL-DEV :
05-09 12:57:45.903 457 477 D RIL-DEV : [05-09_12:57:45:903] idVendor = 1d6b
05-09 12:57:45.903 457 477 D RIL-DEV :
05-09 12:57:45.903 457 477 E RIL-DEV : Cannot find Meig devices
05-09 12:57:45.903 457 477 I RIL : ---> can't find meig usb devices
05-09 12:57:46.002 2596 2596 W ContextImpl: Calling a method in the system process without a qualified user: android.app.ContextImpl.sendBroadcast:1181 android.content.ContextWrapper.sendBroadcast:479 cn.eben.newweather.DateWeatherService.a:19 cn.eben.newweather.DateWeatherService.a:0 cn.eben.newweather.DateWeatherService$1.handleMessage:7
05-09 12:57:47.001 2596 2596 W ContextImpl: Calling a method in the system process without a qualified user: android.app.ContextImpl.sendBroadcast:1181 android.content.ContextWrapper.sendBroadcast:479 cn.eben.newweather.DateWeatherService.a:19 cn.eben.newweather.DateWeatherService.a:0 cn.eben.newweather.DateWeatherService$1.handleMessage:7
05-09 12:57:47.903 457 477 I RIL : ---> enter mainloop wait at port
05-09 12:57:47.904 457 477 D RIL-DEV : Get modem info
05-09 12:57:47.904 457 477 D RIL-DEV : [05-09_12:57:47:905] idVendor = 1d6b
05-09 12:57:47.904 457 477 D RIL-DEV :
05-09 12:57:47.905 457 477 D RIL-DEV : [05-09_12:57:47:905] idVendor = 1d6b
05-09 12:57:47.905 457 477 D RIL-DEV :
05-09 12:57:47.905 457 477 E RIL-DEV : Cannot find Meig devices
05-09 12:57:47.905 457 477 I RIL : ---> can't find meig usb devices
05-09 12:57:48.001 2596 2596 W ContextImpl: Calling a method in the system process without a qualified user: android.app.ContextImpl.sendBroadcast:1181 android.content.ContextWrapper.sendBroadcast:479 cn.eben.newweather.DateWeatherService.a:19 cn.eben.newweather.DateWeatherService.a:0 cn.eben.newweather.DateWeatherService$1.handleMessage:7
05-09 12:57:49.002 2596 2596 W ContextImpl: Calling a method in the system process without a qualified user: android.app.ContextImpl.sendBroadcast:1181 android.content.ContextWrapper.sendBroadcast:479 cn.eben.newweather.DateWeatherService.a:19 cn.eben.newweather.DateWeatherService.a:0 cn.eben.newweather.DateWeatherService$1.handleMessage:7
05-09 12:57:49.905 457 477 I RIL : ---> enter mainloop wait at port
05-09 12:57:49.906 457 477 D RIL-DEV : Get modem info
05-09 12:57:49.906 457 477 D RIL-DEV : [05-09_12:57:49:907] idVendor = 1d6b
05-09 12:57:49.906 457 477 D RIL-DEV :
05-09 12:57:49.907 457 477 D RIL-DEV : [05-09_12:57:49:907] idVendor = 1d6b
05-09 12:57:49.907 457 477 D RIL-DEV :
05-09 12:57:49.907 457 477 E RIL-DEV : Cannot find Meig devices
05-09 12:57:49.907 457 477 I RIL : ---> can't find meig usb devices
05-09 12:57:50.002 2596 2596 W ContextImpl: Calling a method in the system process without a qualified user: android.app.ContextImpl.sendBroadcast:1181 android.content.ContextWrapper.sendBroadcast:479 cn.eben.newweather.DateWeatherService.a:19 cn.eben.newweather.DateWeatherService.a:0 cn.eben.newweather.DateWeatherService$1.handleMessage:7
05-10 03:36:41.872 437 437 W healthd : battery l=93 v=8472 t=24.5 h=1 st=2 c=128000 fc=9700000 cc=6 chg=u
05-09 12:57:51.002 2596 2596 W ContextImpl: Calling a method in the system process without a qualified user: android.app.ContextImpl.sendBroadcast:1181 android.content.ContextWrapper.sendBroadcast:479 cn.eben.newweather.DateWeatherService.a:19 cn.eben.newweather.DateWeatherService.a:0 cn.eben.newweather.DateWeatherService$1.handleMessage:7
05-09 12:57:51.907 457 477 I RIL : ---> enter mainloop wait at port
05-09 12:57:51.908 457 477 D RIL-DEV : Get modem info
05-09 12:57:51.908 457 477 D RIL-DEV : [05-09_12:57:51:909] idVendor = 1d6b
05-09 12:57:51.908 457 477 D RIL-DEV :
05-09 12:57:51.908 457 477 D RIL-DEV : [05-09_12:57:51:909] idVendor = 1d6b
05-09 12:57:51.908 457 477 D RIL-DEV :
05-09 12:57:51.909 457 477 E RIL-DEV : Cannot find Meig devices
05-09 12:57:51.909 457 477 I RIL : ---> can't find meig usb devices
05-09 12:57:52.003 2596 2596 W ContextImpl: Calling a method in the system process without a qualified user: android.app.ContextImpl.sendBroadcast:1181 android.content.ContextWrapper.sendBroadcast:479 cn.eben.newweather.DateWeatherService.a:19 cn.eben.newweather.DateWeatherService.a:0 cn.eben.newweather.DateWeatherService$1.handleMessage:7
05-09 12:57:53.003 2596 2596 W ContextImpl: Calling a method in the system process without a qualified user: android.app.ContextImpl.sendBroadcast:1181 android.content.ContextWrapper.sendBroadcast:479 cn.eben.newweather.DateWeatherService.a:19 cn.eben.newweather.DateWeatherService.a:0 cn.eben.newweather.DateWeatherService$1.handleMessage:7
05-09 12:57:53.909 457 477 I RIL : ---> enter mainloop wait at port
05-09 12:57:53.909 457 477 D RIL-DEV : Get modem info
05-09 12:57:53.910 457 477 D RIL-DEV : [05-09_12:57:53:910] idVendor = 1d6b
05-09 12:57:53.910 457 477 D RIL-DEV :
05-09 12:57:53.910 457 477 D RIL-DEV : [05-09_12:57:53:911] idVendor = 1d6b
05-09 12:57:53.910 457 477 D RIL-DEV :
05-09 12:57:53.911 457 477 E RIL-DEV : Cannot find Meig devices
05-09 12:57:53.911 457 477 I RIL : ---> can't find meig usb devices
05-09 12:57:54.000 2596 2596 W ContextImpl: Calling a method in the system process without a qualified user: android.app.ContextImpl.sendBroadcast:1181 android.content.ContextWrapper.sendBroadcast:479 cn.eben.newweather.DateWeatherService.a:19 cn.eben.newweather.DateWeatherService.a:0 cn.eben.newweather.DateWeatherService$1.handleMessage:7
05-09 12:57:55.002 2596 2596 W ContextImpl: Calling a method in the system process without a qualified user: android.app.ContextImpl.sendBroadcast:1181 android.content.ContextWrapper.sendBroadcast:479 cn.eben.newweather.DateWeatherService.a:19 cn.eben.newweather.DateWeatherService.a:0 cn.eben.newweather.DateWeatherService$1.handleMessage:7
05-09 12:57:55.911 457 477 I RIL : ---> enter mainloop wait at port
05-09 12:57:55.911 457 477 D RIL-DEV : Get modem info
05-09 12:57:55.912 457 477 D RIL-DEV : [05-09_12:57:55:913] idVendor = 1d6b
05-09 12:57:55.912 457 477 D RIL-DEV :
05-09 12:57:55.912 457 477 D RIL-DEV : [05-09_12:57:55:913] idVendor = 1d6b
05-09 12:57:55.912 457 477 D RIL-DEV :
05-09 12:57:55.913 457 477 E RIL-DEV : Cannot find Meig devices
05-09 12:57:55.913 457 477 I RIL : ---> can't find meig usb devices
05-09 12:57:56.002 2596 2596 W ContextImpl: Calling a method in the system process without a qualified user: android.app.ContextImpl.sendBroadcast:1181 android.content.ContextWrapper.sendBroadcast:479 cn.eben.newweather.DateWeatherService.a:19 cn.eben.newweather.DateWeatherService.a:0 cn.eben.newweather.DateWeatherService$1.handleMessage:7
05-09 12:57:57.001 2596 2596 W ContextImpl: Calling a method in the system process without a qualified user: android.app.ContextImpl.sendBroadcast:1181 android.content.ContextWrapper.sendBroadcast:479 cn.eben.newweather.DateWeatherService.a:19 cn.eben.newweather.DateWeatherService.a:0 cn.eben.newweather.DateWeatherService$1.handleMessage:7
05-09 12:57:57.913 457 477 I RIL : ---> enter mainloop wait at port
05-09 12:57:57.914 457 477 D RIL-DEV : Get modem info
05-09 12:57:57.914 457 477 D RIL-DEV : [05-09_12:57:57:915] idVendor = 1d6b
05-09 12:57:57.914 457 477 D RIL-DEV :
05-09 12:57:57.915 457 477 D RIL-DEV : [05-09_12:57:57:915] idVendor = 1d6b
05-09 12:57:57.915 457 477 D RIL-DEV :
05-09 12:57:57.915 457 477 E RIL-DEV : Cannot find Meig devices
05-09 12:57:57.915 457 477 I RIL : ---> can't find meig usb devices
05-09 12:57:58.002 2596 2596 W ContextImpl: Calling a method in the system process without a qualified user: android.app.ContextImpl.sendBroadcast:1181 android.content.ContextWrapper.sendBroadcast:479 cn.eben.newweather.DateWeatherService.a:19 cn.eben.newweather.DateWeatherService.a:0 cn.eben.newweather.DateWeatherService$1.handleMessage:7
05-09 12:57:59.002 2596 2596 W ContextImpl: Calling a method in the system process without a qualified user: android.app.ContextImpl.sendBroadcast:1181 android.content.ContextWrapper.sendBroadcast:479 cn.eben.newweather.DateWeatherService.a:19 cn.eben.newweather.DateWeatherService.a:0 cn.eben.newweather.DateWeatherService$1.handleMessage:7
05-09 12:57:59.916 457 477 I RIL : ---> enter mainloop wait at port
05-09 12:57:59.916 457 477 D RIL-DEV : Get modem info
05-09 12:57:59.916 457 477 D RIL-DEV : [05-09_12:57:59:917] idVendor = 1d6b
05-09 12:57:59.916 457 477 D RIL-DEV :
05-09 12:57:59.917 457 477 D RIL-DEV : [05-09_12:57:59:917] idVendor = 1d6b
05-09 12:57:59.917 457 477 D RIL-DEV :
05-09 12:57:59.917 457 477 E RIL-DEV : Cannot find Meig devices
05-09 12:57:59.917 457 477 I RIL : ---> can't find meig usb devices
05-09 12:58:00.002 2596 2596 W ContextImpl: Calling a method in the system process without a qualified user: android.app.ContextImpl.sendBroadcast:1181 android.content.ContextWrapper.sendBroadcast:479 cn.eben.newweather.DateWeatherService.a:19 cn.eben.newweather.DateWeatherService.a:0 cn.eben.newweather.DateWeatherService$1.handleMessage:7
05-09 12:58:01.002 2596 2596 W ContextImpl: Calling a method in the system process without a qualified user: android.app.ContextImpl.sendBroadcast:1181 android.content.ContextWrapper.sendBroadcast:479 cn.eben.newweather.DateWeatherService.a:19 cn.eben.newweather.DateWeatherService.a:0 cn.eben.newweather.DateWeatherService$1.handleMessage:7
05-09 12:58:01.918 457 477 I RIL : ---> enter mainloop wait at port
05-09 12:58:01.918 457 477 D RIL-DEV : Get modem info
05-09 12:58:01.918 457 477 D RIL-DEV : [05-09_12:58:01:919] idVendor = 1d6b
05-09 12:58:01.918 457 477 D RIL-DEV :
05-09 12:58:01.919 457 477 D RIL-DEV : [05-09_12:58:01:919] idVendor = 1d6b
05-09 12:58:01.919 457 477 D RIL-DEV :
05-09 12:58:01.919 457 477 E RIL-DEV : Cannot find Meig devices
05-09 12:58:01.919 457 477 I RIL : ---> can't find meig usb devices
05-09 12:58:02.002 2596 2596 W ContextImpl: Calling a method in the system process without a qualified user: android.app.ContextImpl.sendBroadcast:1181 android.content.ContextWrapper.sendBroadcast:479 cn.eben.newweather.DateWeatherService.a:19 cn.eben.newweather.DateWeatherService.a:0 cn.eben.newweather.DateWeatherService$1.handleMessage:7
05-09 12:58:03.003 2596 2596 W ContextImpl: Calling a method in the system process without a qualified user: android.app.ContextImpl.sendBroadcast:1181 android.content.ContextWrapper.sendBroadcast:479 cn.eben.newweather.DateWeatherService.a:19 cn.eben.newweather.DateWeatherService.a:0 cn.eben.newweather.DateWeatherService$1.handleMessage:7
05-09 12:58:03.920 457 477 I RIL : ---> enter mainloop wait at port
05-09 12:58:03.920 457 477 D RIL-DEV : Get modem info
05-09 12:58:03.920 457 477 D RIL-DEV : [05-09_12:58:03:921] idVendor = 1d6b
05-09 12:58:03.920 457 477 D RIL-DEV :
05-09 12:58:03.921 457 477 D RIL-DEV : [05-09_12:58:03:921] idVendor = 1d6b
05-09 12:58:03.921 457 477 D RIL-DEV :
05-09 12:58:03.921 457 477 E RIL-DEV : Cannot find Meig devices
05-09 12:58:03.921 457 477 I RIL : ---> can't find meig usb devices
05-09 12:58:04.002 2596 2596 W ContextImpl: Calling a method in the system process without a qualified user: android.app.ContextImpl.sendBroadcast:1181 android.content.ContextWrapper.sendBroadcast:479 cn.eben.newweather.DateWeatherService.a:19 cn.eben.newweather.DateWeatherService.a:0 cn.eben.newweather.DateWeatherService$1.handleMessage:7
05-09 12:58:05.002 2596 2596 W ContextImpl: Calling a method in the system process without a qualified user: android.app.ContextImpl.sendBroadcast:1181 android.content.ContextWrapper.sendBroadcast:479 cn.eben.newweather.DateWeatherService.a:19 cn.eben.newweather.DateWeatherService.a:0 cn.eben.newweather.DateWeatherService$1.handleMessage:7
05-09 12:58:05.922 457 477 I RIL : ---> enter mainloop wait at port
05-09 12:58:05.922 457 477 D RIL-DEV : Get modem info
05-09 12:58:05.923 457 477 D RIL-DEV : [05-09_12:58:05:923] idVendor = 1d6b
05-09 12:58:05.923 457 477 D RIL-DEV :
05-09 12:58:05.923 457 477 D RIL-DEV : [05-09_12:58:05:923] idVendor = 1d6b
05-09 12:58:05.923 457 477 D RIL-DEV :
05-09 12:58:05.923 457 477 E RIL-DEV : Cannot find Meig devices
05-09 12:58:05.923 457 477 I RIL : ---> can't find meig usb devices
05-09 12:58:06.002 2596 2596 W ContextImpl: Calling a method in the system process without a qualified user: android.app.ContextImpl.sendBroadcast:1181 android.content.ContextWrapper.sendBroadcast:479 cn.eben.newweather.DateWeatherService.a:19 cn.eben.newweather.DateWeatherService.a:0 cn.eben.newweather.DateWeatherService$1.handleMessage:7
05-09 12:58:07.003 2596 2596 W ContextImpl: Calling a method in the system process without a qualified user: android.app.ContextImpl.sendBroadcast:1181 android.content.ContextWrapper.sendBroadcast:479 cn.eben.newweather.DateWeatherService.a:19 cn.eben.newweather.DateWeatherService.a:0 cn.eben.newweather.DateWeatherService$1.handleMessage:7
05-09 12:58:07.924 457 477 I RIL : ---> enter mainloop wait at port
05-09 12:58:07.924 457 477 D RIL-DEV : Get modem info
05-09 12:58:07.925 457 477 D RIL-DEV : [05-09_12:58:07:925] idVendor = 1d6b
05-09 12:58:07.925 457 477 D RIL-DEV :
05-09 12:58:07.925 457 477 D RIL-DEV : [05-09_12:58:07:925] idVendor = 1d6b
05-09 12:58:07.925 457 477 D RIL-DEV :
05-09 12:58:07.925 457 477 E RIL-DEV : Cannot find Meig devices
05-09 12:58:07.925 457 477 I RIL : ---> can't find meig usb devices
05-09 12:58:08.001 2596 2596 W ContextImpl: Calling a method in the system process without a qualified user: android.app.ContextImpl.sendBroadcast:1181 android.content.ContextWrapper.sendBroadcast:479 cn.eben.newweather.DateWeatherService.a:19 cn.eben.newweather.DateWeatherService.a:0 cn.eben.newweather.DateWeatherService$1.handleMessage:7
05-09 12:58:09.002 2596 2596 W ContextImpl: Calling a method in the system process without a qualified user: android.app.ContextImpl.sendBroadcast:1181 android.content.ContextWrapper.sendBroadcast:479 cn.eben.newweather.DateWeatherService.a:19 cn.eben.newweather.DateWeatherService.a:0 cn.eben.newweather.DateWeatherService$1.handleMessage:7
05-09 12:58:09.926 457 477 I RIL : ---> enter mainloop wait at port
05-09 12:58:09.926 457 477 D RIL-DEV : Get modem info
05-09 12:58:09.927 457 477 D RIL-DEV : [05-09_12:58:09:927] idVendor = 1d6b
05-09 12:58:09.927 457 477 D RIL-DEV :
05-09 12:58:09.927 457 477 D RIL-DEV : [05-09_12:58:09:927] idVendor = 1d6b
05-09 12:58:09.927 457 477 D RIL-DEV :
05-09 12:58:09.927 457 477 E RIL-DEV : Cannot find Meig devices
05-09 12:58:09.927 457 477 I RIL : ---> can't find meig usb devices
05-09 12:58:10.001 2596 2596 W ContextImpl: Calling a method in the system process without a qualified user: android.app.ContextImpl.sendBroadcast:1181 android.content.ContextWrapper.sendBroadcast:479 cn.eben.newweather.DateWeatherService.a:19 cn.eben.newweather.DateWeatherService.a:0 cn.eben.newweather.DateWeatherService$1.handleMessage:7
05-09 12:58:11.002 2596 2596 W ContextImpl: Calling a method in the system process without a qualified user: android.app.ContextImpl.sendBroadcast:1181 android.content.ContextWrapper.sendBroadcast:479 cn.eben.newweather.DateWeatherService.a:19 cn.eben.newweather.DateWeatherService.a:0 cn.eben.newweather.DateWeatherService$1.handleMessage:7
05-09 12:58:11.928 457 477 I RIL : ---> enter mainloop wait at port
05-09 12:58:11.928 457 477 D RIL-DEV : Get modem info
05-09 12:58:11.929 457 477 D RIL-DEV : [05-09_12:58:11:929] idVendor = 1d6b
05-09 12:58:11.929 457 477 D RIL-DEV :
05-09 12:58:11.929 457 477 D RIL-DEV : [05-09_12:58:11:929] idVendor = 1d6b
05-09 12:58:11.929 457 477 D RIL-DEV :
05-09 12:58:11.929 457 477 E RIL-DEV : Cannot find Meig devices
05-09 12:58:11.930 457 477 I RIL : ---> can't find meig usb devices
05-09 12:58:12.002 2596 2596 W ContextImpl: Calling a method in the system process without a qualified user: android.app.ContextImpl.sendBroadcast:1181 android.content.ContextWrapper.sendBroadcast:479 cn.eben.newweather.DateWeatherService.a:19 cn.eben.newweather.DateWeatherService.a:0 cn.eben.newweather.DateWeatherService$1.handleMessage:7
05-09 12:58:13.003 2596 2596 W ContextImpl: Calling a method in the system process without a qualified user: android.app.ContextImpl.sendBroadcast:1181 android.content.ContextWrapper.sendBroadcast:479 cn.eben.newweather.DateWeatherService.a:19 cn.eben.newweather.DateWeatherService.a:0 cn.eben.newweather.DateWeatherService$1.handleMessage:7
05-09 12:58:13.930 457 477 I RIL : ---> enter mainloop wait at port
05-09 12:58:13.930 457 477 D RIL-DEV : Get modem info
05-09 12:58:13.931 457 477 D RIL-DEV : [05-09_12:58:13:931] idVendor = 1d6b
05-09 12:58:13.931 457 477 D RIL-DEV :
05-09 12:58:13.931 457 477 D RIL-DEV : [05-09_12:58:13:932] idVendor = 1d6b
05-09 12:58:13.931 457 477 D RIL-DEV :
05-09 12:58:13.931 457 477 E RIL-DEV : Cannot find Meig devices
05-09 12:58:13.932 457 477 I RIL : ---> can't find meig usb devices
05-09 12:58:14.002 2596 2596 W ContextImpl: Calling a method in the system process without a qualified user: android.app.ContextImpl.sendBroadcast:1181 android.content.ContextWrapper.sendBroadcast:479 cn.eben.newweather.DateWeatherService.a:19 cn.eben.newweather.DateWeatherService.a:0 cn.eben.newweather.DateWeatherService$1.handleMessage:7
05-09 12:58:15.002 2596 2596 W ContextImpl: Calling a method in the system process without a qualified user: android.app.ContextImpl.sendBroadcast:1181 android.content.ContextWrapper.sendBroadcast:479 cn.eben.newweather.DateWeatherService.a:19 cn.eben.newweather.DateWeatherService.a:0 cn.eben.newweather.DateWeatherService$1.handleMessage:7
05-09 12:58:15.932 457 477 I RIL : ---> enter mainloop wait at port
05-09 12:58:15.932 457 477 D RIL-DEV : Get modem info
05-09 12:58:15.933 457 477 D RIL-DEV : [05-09_12:58:15:934] idVendor = 1d6b
05-09 12:58:15.933 457 477 D RIL-DEV :
05-09 12:58:15.933 457 477 D RIL-DEV : [05-09_12:58:15:934] idVendor = 1d6b
05-09 12:58:15.933 457 477 D RIL-DEV :
05-09 12:58:15.934 457 477 E RIL-DEV : Cannot find Meig devices
05-09 12:58:15.934 457 477 I RIL : ---> can't find meig usb devices
05-09 12:58:16.002 2596 2596 W ContextImpl: Calling a method in the system process without a qualified user: android.app.ContextImpl.sendBroadcast:1181 android.content.ContextWrapper.sendBroadcast:479 cn.eben.newweather.DateWeatherService.a:19 cn.eben.newweather.DateWeatherService.a:0 cn.eben.newweather.DateWeatherService$1.handleMessage:7
05-09 12:58:17.002 2596 2596 W ContextImpl: Calling a method in the system process without a qualified user: android.app.ContextImpl.sendBroadcast:1181 android.content.ContextWrapper.sendBroadcast:479 cn.eben.newweather.DateWeatherService.a:19 cn.eben.newweather.DateWeatherService.a:0 cn.eben.newweather.DateWeatherService$1.handleMessage:7
05-09 12:58:17.934 457 477 I RIL : ---> enter mainloop wait at port
05-09 12:58:17.935 457 477 D RIL-DEV : Get modem info
05-09 12:58:17.935 457 477 D RIL-DEV : [05-09_12:58:17:936] idVendor = 1d6b
05-09 12:58:17.935 457 477 D RIL-DEV :
05-09 12:58:17.936 457 477 D RIL-DEV : [05-09_12:58:17:936] idVendor = 1d6b
05-09 12:58:17.936 457 477 D RIL-DEV :
05-09 12:58:17.936 457 477 E RIL-DEV : Cannot find Meig devices
05-09 12:58:17.936 457 477 I RIL : ---> can't find meig usb devices
05-09 12:58:18.002 2596 2596 W ContextImpl: Calling a method in the system process without a qualified user: android.app.ContextImpl.sendBroadcast:1181 android.content.ContextWrapper.sendBroadcast:479 cn.eben.newweather.DateWeatherService.a:19 cn.eben.newweather.DateWeatherService.a:0 cn.eben.newweather.DateWeatherService$1.handleMessage:7
05-09 12:58:19.002 2596 2596 W ContextImpl: Calling a method in the system process without a qualified user: android.app.ContextImpl.sendBroadcast:1181 android.content.ContextWrapper.sendBroadcast:479 cn.eben.newweather.DateWeatherService.a:19 cn.eben.newweather.DateWeatherService.a:0 cn.eben.newweather.DateWeatherService$1.handleMessage:7
05-09 12:58:19.936 457 477 I RIL : ---> enter mainloop wait at port
05-09 12:58:19.937 457 477 D RIL-DEV : Get modem info
05-09 12:58:19.937 457 477 D RIL-DEV : [05-09_12:58:19:938] idVendor = 1d6b
05-09 12:58:19.937 457 477 D RIL-DEV :
05-09 12:58:19.938 457 477 D RIL-DEV : [05-09_12:58:19:938] idVendor = 1d6b
05-09 12:58:19.938 457 477 D RIL-DEV :
05-09 12:58:19.938 457 477 E RIL-DEV : Cannot find Meig devices
05-09 12:58:19.938 457 477 I RIL : ---> can't find meig usb devices
05-09 12:58:20.002 2596 2596 W ContextImpl: Calling a method in the system process without a qualified user: android.app.ContextImpl.sendBroadcast:1181 android.content.ContextWrapper.sendBroadcast:479 cn.eben.newweather.DateWeatherService.a:19 cn.eben.newweather.DateWeatherService.a:0 cn.eben.newweather.DateWeatherService$1.handleMessage:7
05-09 12:58:21.002 2596 2596 W ContextImpl: Calling a method in the system process without a qualified user: android.app.ContextImpl.sendBroadcast:1181 android.content.ContextWrapper.sendBroadcast:479 cn.eben.newweather.DateWeatherService.a:19 cn.eben.newweather.DateWeatherService.a:0 cn.eben.newweather.DateWeatherService$1.handleMessage:7
05-09 12:58:21.938 457 477 I RIL : ---> enter mainloop wait at port
05-09 12:58:21.939 457 477 D RIL-DEV : Get modem info
05-09 12:58:21.939 457 477 D RIL-DEV : [05-09_12:58:21:940] idVendor = 1d6b
05-09 12:58:21.939 457 477 D RIL-DEV :
05-09 12:58:21.940 457 477 D RIL-DEV : [05-09_12:58:21:940] idVendor = 1d6b
05-09 12:58:21.940 457 477 D RIL-DEV :
05-09 12:58:21.940 457 477 E RIL-DEV : Cannot find Meig devices
05-09 12:58:21.940 457 477 I RIL : ---> can't find meig usb devices
05-09 12:58:22.002 2596 2596 W ContextImpl: Calling a method in the system process without a qualified user: android.app.ContextImpl.sendBroadcast:1181 android.content.ContextWrapper.sendBroadcast:479 cn.eben.newweather.DateWeatherService.a:19 cn.eben.newweather.DateWeatherService.a:0 cn.eben.newweather.DateWeatherService$1.handleMessage:7
05-09 12:58:23.001 2596 2596 W ContextImpl: Calling a method in the system process without a qualified user: android.app.ContextImpl.sendBroadcast:1181 android.content.ContextWrapper.sendBroadcast:479 cn.eben.newweather.DateWeatherService.a:19 cn.eben.newweather.DateWeatherService.a:0 cn.eben.newweather.DateWeatherService$1.handleMessage:7
05-09 12:58:23.941 457 477 I RIL : ---> enter mainloop wait at port
05-09 12:58:23.941 457 477 D RIL-DEV : Get modem info
05-09 12:58:23.941 457 477 D RIL-DEV : [05-09_12:58:23:942] idVendor = 1d6b
05-09 12:58:23.941 457 477 D RIL-DEV :
05-09 12:58:23.942 457 477 D RIL-DEV : [05-09_12:58:23:942] idVendor = 1d6b
05-09 12:58:23.942 457 477 D RIL-DEV :
05-09 12:58:23.942 457 477 E RIL-DEV : Cannot find Meig devices
05-09 12:58:23.942 457 477 I RIL : ---> can't find meig usb devices
05-09 12:58:24.002 2596 2596 W ContextImpl: Calling a method in the system process without a qualified user: android.app.ContextImpl.sendBroadcast:1181 android.content.ContextWrapper.sendBroadcast:479 cn.eben.newweather.DateWeatherService.a:19 cn.eben.newweather.DateWeatherService.a:0 cn.eben.newweather.DateWeatherService$1.handleMessage:7
05-09 12:58:25.001 2596 2596 W ContextImpl: Calling a method in the system process without a qualified user: android.app.ContextImpl.sendBroadcast:1181 android.content.ContextWrapper.sendBroadcast:479 cn.eben.newweather.DateWeatherService.a:19 cn.eben.newweather.DateWeatherService.a:0 cn.eben.newweather.DateWeatherService$1.handleMessage:7
05-09 12:58:25.943 457 477 I RIL : ---> enter mainloop wait at port
05-09 12:58:25.943 457 477 D RIL-DEV : Get modem info
05-09 12:58:25.943 457 477 D RIL-DEV : [05-09_12:58:25:944] idVendor = 1d6b
05-09 12:58:25.943 457 477 D RIL-DEV :
05-09 12:58:25.944 457 477 D RIL-DEV : [05-09_12:58:25:944] idVendor = 1d6b
05-09 12:58:25.944 457 477 D RIL-DEV :
05-09 12:58:25.944 457 477 E RIL-DEV : Cannot find Meig devices
05-09 12:58:25.944 457 477 I RIL : ---> can't find meig usb devices
05-09 12:58:26.002 2596 2596 W ContextImpl: Calling a method in the system process without a qualified user: android.app.ContextImpl.sendBroadcast:1181 android.content.ContextWrapper.sendBroadcast:479 cn.eben.newweather.DateWeatherService.a:19 cn.eben.newweather.DateWeatherService.a:0 cn.eben.newweather.DateWeatherService$1.handleMessage:7
05-09 12:58:27.002 2596 2596 W ContextImpl: Calling a method in the system process without a qualified user: android.app.ContextImpl.sendBroadcast:1181 android.content.ContextWrapper.sendBroadcast:479 cn.eben.newweather.DateWeatherService.a:19 cn.eben.newweather.DateWeatherService.a:0 cn.eben.newweather.DateWeatherService$1.handleMessage:7
05-09 12:58:27.944 457 477 I RIL : ---> enter mainloop wait at port
05-09 12:58:27.945 457 477 D RIL-DEV : Get modem info
05-09 12:58:27.945 457 477 D RIL-DEV : [05-09_12:58:27:946] idVendor = 1d6b
05-09 12:58:27.945 457 477 D RIL-DEV :
05-09 12:58:27.946 457 477 D RIL-DEV : [05-09_12:58:27:946] idVendor = 1d6b
05-09 12:58:27.946 457 477 D RIL-DEV :
05-09 12:58:27.946 457 477 E RIL-DEV : Cannot find Meig devices
05-09 12:58:27.946 457 477 I RIL : ---> can't find meig usb devices
05-09 12:58:28.002 2596 2596 W ContextImpl: Calling a method in the system process without a qualified user: android.app.ContextImpl.sendBroadcast:1181 android.content.ContextWrapper.sendBroadcast:479 cn.eben.newweather.DateWeatherService.a:19 cn.eben.newweather.DateWeatherService.a:0 cn.eben.newweather.DateWeatherService$1.handleMessage:7
05-09 12:58:29.002 2596 2596 W ContextImpl: Calling a method in the system process without a qualified user: android.app.ContextImpl.sendBroadcast:1181 android.content.ContextWrapper.sendBroadcast:479 cn.eben.newweather.DateWeatherService.a:19 cn.eben.newweather.DateWeatherService.a:0 cn.eben.newweather.DateWeatherService$1.handleMessage:7
05-09 12:58:29.946 457 477 I RIL : ---> enter mainloop wait at port
05-09 12:58:29.947 457 477 D RIL-DEV : Get modem info
05-09 12:58:29.947 457 477 D RIL-DEV : [05-09_12:58:29:948] idVendor = 1d6b
05-09 12:58:29.947 457 477 D RIL-DEV :
05-09 12:58:29.948 457 477 D RIL-DEV : [05-09_12:58:29:948] idVendor = 1d6b
05-09 12:58:29.948 457 477 D RIL-DEV :
05-09 12:58:29.948 457 477 E RIL-DEV : Cannot find Meig devices
05-09 12:58:29.948 457 477 I RIL : ---> can't find meig usb devices
05-09 12:58:30.003 2596 2596 W ContextImpl: Calling a method in the system process without a qualified user: android.app.ContextImpl.sendBroadcast:1181 android.content.ContextWrapper.sendBroadcast:479 cn.eben.newweather.DateWeatherService.a:19 cn.eben.newweather.DateWeatherService.a:0 cn.eben.newweather.DateWeatherService$1.handleMessage:7
05-09 12:58:31.002 2596 2596 W ContextImpl: Calling a method in the system process without a qualified user: android.app.ContextImpl.sendBroadcast:1181 android.content.ContextWrapper.sendBroadcast:479 cn.eben.newweather.DateWeatherService.a:19 cn.eben.newweather.DateWeatherService.a:0 cn.eben.newweather.DateWeatherService$1.handleMessage:7
05-09 12:58:31.948 457 477 I RIL : ---> enter mainloop wait at port
05-09 12:58:31.949 457 477 D RIL-DEV : Get modem info
05-09 12:58:31.949 457 477 D RIL-DEV : [05-09_12:58:31:950] idVendor = 1d6b
05-09 12:58:31.949 457 477 D RIL-DEV :
05-09 12:58:31.950 457 477 D RIL-DEV : [05-09_12:58:31:950] idVendor = 1d6b
05-09 12:58:31.950 457 477 D RIL-DEV :
05-09 12:58:31.950 457 477 E RIL-DEV : Cannot find Meig devices
05-09 12:58:31.950 457 477 I RIL : ---> can't find meig usb devices
05-09 12:58:32.002 2596 2596 W ContextImpl: Calling a method in the system process without a qualified user: android.app.ContextImpl.sendBroadcast:1181 android.content.ContextWrapper.sendBroadcast:479 cn.eben.newweather.DateWeatherService.a:19 cn.eben.newweather.DateWeatherService.a:0 cn.eben.newweather.DateWeatherService$1.handleMessage:7
05-09 12:58:33.001 2596 2596 W ContextImpl: Calling a method in the system process without a qualified user: android.app.ContextImpl.sendBroadcast:1181 android.content.ContextWrapper.sendBroadcast:479 cn.eben.newweather.DateWeatherService.a:19 cn.eben.newweather.DateWeatherService.a:0 cn.eben.newweather.DateWeatherService$1.handleMessage:7
05-09 12:58:33.950 457 477 I RIL : ---> enter mainloop wait at port
05-09 12:58:33.951 457 477 D RIL-DEV : Get modem info
05-09 12:58:33.951 457 477 D RIL-DEV : [05-09_12:58:33:952] idVendor = 1d6b
05-09 12:58:33.951 457 477 D RIL-DEV :
05-09 12:58:33.952 457 477 D RIL-DEV : [05-09_12:58:33:952] idVendor = 1d6b
05-09 12:58:33.952 457 477 D RIL-DEV :
05-09 12:58:33.952 457 477 E RIL-DEV : Cannot find Meig devices
05-09 12:58:33.952 457 477 I RIL : ---> can't find meig usb devices
05-09 12:58:34.001 2596 2596 W ContextImpl: Calling a method in the system process without a qualified user: android.app.ContextImpl.sendBroadcast:1181 android.content.ContextWrapper.sendBroadcast:479 cn.eben.newweather.DateWeatherService.a:19 cn.eben.newweather.DateWeatherService.a:0 cn.eben.newweather.DateWeatherService$1.handleMessage:7
