--------- beginning of kernel
05-09 22:22:50.125 437 437 W healthd : battery l=100 v=8698 t=26.0 h=1 st=5 c=0 fc=9700000 cc=6 chg=u
05-09 22:22:50.137 798 798 I : mmc_host mmc0: Bus speed (slot 0) = 400000Hz (slot req 400000Hz, actual 400000HZ div = 0)
05-09 22:22:50.224 1286 1286 I PM : suspend entry (deep)
05-09 22:22:50.232 1286 1286 I Filesystems sync: 0.007 seconds
05-09 22:22:50.232 1286 1286 I : Freezing user space processes ... (elapsed 0.005 seconds) done.
05-09 22:22:50.238 1286 1286 I : OOM killer disabled.
05-09 22:22:50.238 1286 1286 I : Freezing remaining freezable tasks ...
05-09 22:22:50.319 798 798 I : mmc_host mmc0: Bus speed (slot 0) = 49500000Hz (slot req 50000000Hz, actual 49500000HZ div = 0)
05-09 22:22:50.327 1286 1286 W : (elapsed 0.089 seconds) done.
05-09 22:22:50.327 1286 1286 I printk : Suspending console(s) (use no_console_suspend to debug)
05-09 22:22:50.403 1286 1286 E regulator-dummy: Underflow of regulator enable count
05-09 22:22:50.403 1286 1286 E wacom_i2c 4-0009: disable regulator failed -22
05-09 22:22:50.411 798 798 I android_work: did not send uevent (0 0 0000000000000000)
05-09 22:22:51.447 1286 1286 I : Disabling non-boot CPUs ...
05-09 22:22:51.448 1286 1286 I psci : CPU1 killed (polled 0 ms)
05-09 22:22:51.449 1286 1286 I psci : CPU2 killed (polled 0 ms)
05-09 22:22:51.450 1286 1286 I psci : CPU3 killed (polled 0 ms)
05-09 22:22:51.452 1286 1286 I psci : CPU4 killed (polled 0 ms)
05-09 22:22:51.455 1286 1286 I psci : CPU5 killed (polled 0 ms)
05-09 22:22:51.457 1286 1286 I psci : CPU6 killed (polled 0 ms)
05-09 22:22:51.458 1286 1286 I psci : CPU7 killed (polled 0 ms)
05-09 22:23:49.935 0 0 W [ C0] PM: pm_system_irq_wakeup: 114 triggered hym8563
05-09 22:23:49.935 1286 1286 I : Enabling non-boot CPUs ...
05-09 22:23:49.937 0 0 I : Detected VIPT I-cache on CPU1
05-09 22:23:49.937 0 0 I GICv3 : CPU1: found redistributor 100 region 0:0x00000000fe6a0000
05-09 22:23:49.937 0 0 I CPU1 : Booted secondary processor 0x0000000100 [0x412fd050]
05-09 22:23:49.938 1286 1286 I : CPU1 is up
05-09 22:23:49.939 0 0 I : Detected VIPT I-cache on CPU2
05-09 22:23:49.939 0 0 I GICv3 : CPU2: found redistributor 200 region 0:0x00000000fe6c0000
05-09 22:23:49.939 0 0 I CPU2 : Booted secondary processor 0x0000000200 [0x412fd050]
05-09 22:23:49.939 1286 1286 I : CPU2 is up
05-09 22:23:49.940 0 0 I : Detected VIPT I-cache on CPU3
05-09 22:23:49.940 0 0 I GICv3 : CPU3: found redistributor 300 region 0:0x00000000fe6e0000
05-09 22:23:49.940 0 0 I CPU3 : Booted secondary processor 0x0000000300 [0x412fd050]
05-09 22:23:49.941 1286 1286 I : CPU3 is up
05-09 22:23:49.942 0 0 I : Detected PIPT I-cache on CPU4
05-09 22:23:49.942 0 0 I GICv3 : CPU4: found redistributor 400 region 0:0x00000000fe700000
05-09 22:23:49.942 0 0 I CPU4 : Booted secondary processor 0x0000000400 [0x414fd0b0]
05-09 22:23:49.943 1286 1286 I : CPU4 is up
05-09 22:23:49.944 0 0 I : Detected PIPT I-cache on CPU5
05-09 22:23:49.944 0 0 I GICv3 : CPU5: found redistributor 500 region 0:0x00000000fe720000
05-09 22:23:49.944 0 0 I CPU5 : Booted secondary processor 0x0000000500 [0x414fd0b0]
05-09 22:23:49.945 1286 1286 I : CPU5 is up
05-09 22:23:49.946 0 0 I : Detected PIPT I-cache on CPU6
05-09 22:23:49.946 0 0 I GICv3 : CPU6: found redistributor 600 region 0:0x00000000fe740000
05-09 22:23:49.946 0 0 I CPU6 : Booted secondary processor 0x0000000600 [0x414fd0b0]
05-09 22:23:49.947 1286 1286 I : CPU6 is up
05-09 22:23:49.948 0 0 I : Detected PIPT I-cache on CPU7
05-09 22:23:49.948 0 0 I GICv3 : CPU7: found redistributor 700 region 0:0x00000000fe760000
05-09 22:23:49.948 0 0 I CPU7 : Booted secondary processor 0x0000000700 [0x414fd0b0]
05-09 22:23:49.949 1286 1286 I : CPU7 is up
05-09 22:23:49.954 1286 1286 I rk_gmac-dwmac fe1c0000.ethernet: init for RGMII
05-09 22:23:49.955 2496 2496 I usb1 : root hub lost power or was reset
05-09 22:23:49.964 1286 1286 E PM : dpm_run_callback(): wacom_i2c_resume+0x0/0xdc returns -6
05-09 22:23:49.964 1286 1286 E PM : Device 4-0009 failed to resume: error -6
05-09 22:23:50.026 1286 1286 I usb2 : root hub lost power or was reset
05-09 22:23:50.123 1286 1286 I : OOM killer enabled.
05-09 22:23:50.123 1286 1286 I : Restarting tasks ... done.
05-09 22:23:50.128 1286 1286 I : Resume caused by IRQ 114, hym8563
05-09 22:23:50.128 1286 1286 I PM : suspend exit
05-09 22:24:48.608 437 437 W healthd : battery l=100 v=8698 t=26.0 h=1 st=5 c=0 fc=9700000 cc=6 chg=u
05-09 22:24:48.623 798 798 I : mmc_host mmc0: Bus speed (slot 0) = 400000Hz (slot req 400000Hz, actual 400000HZ div = 0)
05-09 22:24:48.706 1286 1286 I PM : suspend entry (deep)
05-09 22:24:48.808 798 798 I : mmc_host mmc0: Bus speed (slot 0) = 49500000Hz (slot req 50000000Hz, actual 49500000HZ div = 0)
05-09 22:24:49.332 1286 1286 I Filesystems sync: 0.625 seconds
05-09 22:24:49.332 1286 1286 I : Freezing user space processes ... (elapsed 0.007 seconds) done.
05-09 22:24:49.339 1286 1286 I : OOM killer disabled.
05-09 22:24:49.339 1286 1286 I : Freezing remaining freezable tasks ... (elapsed 0.091 seconds) done.
05-09 22:24:49.431 1286 1286 I printk : Suspending console(s) (use no_console_suspend to debug)
05-09 22:24:49.506 1286 1286 E regulator-dummy: Underflow of regulator enable count
05-09 22:24:49.506 1286 1286 E wacom_i2c 4-0009: disable regulator failed -22
05-09 22:24:49.515 798 798 I android_work: did not send uevent (0 0 0000000000000000)
05-09 22:24:50.550 1286 1286 I : Disabling non-boot CPUs ...
05-09 22:24:50.551 1286 1286 I psci : CPU1 killed (polled 0 ms)
05-09 22:24:50.552 1286 1286 I psci : CPU2 killed (polled 0 ms)
05-09 22:24:50.553 1286 1286 I psci : CPU3 killed (polled 0 ms)
05-09 22:24:50.555 1286 1286 I psci : CPU4 killed (polled 4 ms)
05-09 22:24:50.558 1286 1286 I psci : CPU5 killed (polled 0 ms)
05-09 22:24:50.559 1286 1286 I psci : CPU6 killed (polled 0 ms)
05-09 22:24:50.561 1286 1286 I psci : CPU7 killed (polled 0 ms)
05-09 22:25:48.412 0 0 W [ C0] PM: pm_system_irq_wakeup: 114 triggered hym8563
05-09 22:25:48.412 1286 1286 I : Enabling non-boot CPUs ...
05-09 22:25:48.413 0 0 I : Detected VIPT I-cache on CPU1
05-09 22:25:48.413 0 0 I GICv3 : CPU1: found redistributor 100 region 0:0x00000000fe6a0000
05-09 22:25:48.413 0 0 I CPU1 : Booted secondary processor 0x0000000100 [0x412fd050]
05-09 22:25:48.414 1286 1286 I : CPU1 is up
05-09 22:25:48.415 0 0 I : Detected VIPT I-cache on CPU2
05-09 22:25:48.415 0 0 I GICv3 : CPU2: found redistributor 200 region 0:0x00000000fe6c0000
05-09 22:25:48.415 0 0 I CPU2 : Booted secondary processor 0x0000000200 [0x412fd050]
05-09 22:25:48.415 1286 1286 I : CPU2 is up
05-09 22:25:48.416 0 0 I : Detected VIPT I-cache on CPU3
05-09 22:25:48.416 0 0 I GICv3 : CPU3: found redistributor 300 region 0:0x00000000fe6e0000
05-09 22:25:48.416 0 0 I CPU3 : Booted secondary processor 0x0000000300 [0x412fd050]
05-09 22:25:48.417 1286 1286 I : CPU3 is up
05-09 22:25:48.418 0 0 I : Detected PIPT I-cache on CPU4
05-09 22:25:48.418 0 0 I GICv3 : CPU4: found redistributor 400 region 0:0x00000000fe700000
05-09 22:25:48.418 0 0 I CPU4 : Booted secondary processor 0x0000000400 [0x414fd0b0]
05-09 22:25:48.419 1286 1286 I : CPU4 is up
05-09 22:25:48.420 0 0 I : Detected PIPT I-cache on CPU5
05-09 22:25:48.420 0 0 I GICv3 : CPU5: found redistributor 500 region 0:0x00000000fe720000
05-09 22:25:48.420 0 0 I CPU5 : Booted secondary processor 0x0000000500 [0x414fd0b0]
05-09 22:25:48.421 1286 1286 I : CPU5 is up
05-09 22:25:48.422 0 0 I : Detected PIPT I-cache on CPU6
05-09 22:25:48.422 0 0 I GICv3 : CPU6: found redistributor 600 region 0:0x00000000fe740000
05-09 22:25:48.422 0 0 I CPU6 : Booted secondary processor 0x0000000600 [0x414fd0b0]
05-09 22:25:48.423 1286 1286 I : CPU6 is up
05-09 22:25:48.424 0 0 I : Detected PIPT I-cache on CPU7
05-09 22:25:48.424 0 0 I GICv3 : CPU7: found redistributor 700 region 0:0x00000000fe760000
05-09 22:25:48.424 0 0 I CPU7 : Booted secondary processor 0x0000000700 [0x414fd0b0]
05-09 22:25:48.425 1286 1286 I : CPU7 is up
05-09 22:25:48.431 1286 1286 I rk_gmac-dwmac fe1c0000.ethernet: init for RGMII
05-09 22:25:48.431 215 215 I usb1 : root hub lost power or was reset
05-09 22:25:48.440 1286 1286 E PM : dpm_run_callback(): wacom_i2c_resume+0x0/0xdc returns -6
05-09 22:25:48.440 1286 1286 E PM : Device 4-0009 failed to resume: error -6
05-09 22:25:48.502 1286 1286 I usb2 : root hub lost power or was reset
05-09 22:25:48.596 1286 1286 I : OOM killer enabled.
05-09 22:25:48.596 1286 1286 I : Restarting tasks ... done.
05-09 22:25:48.598 1286 1286 I : Resume caused by IRQ 114, hym8563
05-09 22:25:48.598 1286 1286 I PM : suspend exit
05-09 22:26:46.450 437 437 W healthd : battery l=100 v=8700 t=26.0 h=1 st=5 c=0 fc=9700000 cc=6 chg=u
05-09 22:26:46.462 798 798 I : mmc_host mmc0: Bus speed (slot 0) = 400000Hz (slot req 400000Hz, actual 400000HZ div = 0)
05-09 22:26:46.549 1286 1286 I PM : suspend entry (deep)
05-09 22:26:46.645 798 798 I : mmc_host mmc0: Bus speed (slot 0) = 49500000Hz (slot req 50000000Hz, actual 49500000HZ div = 0)
05-09 22:26:47.179 1286 1286 I Filesystems sync: 0.629 seconds
05-09 22:26:47.179 1286 1286 I : Freezing user space processes ... (elapsed 0.004 seconds) done.
05-09 22:26:47.184 1286 1286 I : OOM killer disabled.
05-09 22:26:47.184 1286 1286 I : Freezing remaining freezable tasks ... (elapsed 0.091 seconds) done.
05-09 22:26:47.276 1286 1286 I printk : Suspending console(s) (use no_console_suspend to debug)
05-09 22:26:47.352 1286 1286 E regulator-dummy: Underflow of regulator enable count
05-09 22:26:47.352 1286 1286 E wacom_i2c 4-0009: disable regulator failed -22
05-09 22:26:47.361 798 798 I android_work: did not send uevent (0 0 0000000000000000)
05-09 22:26:48.396 1286 1286 I : Disabling non-boot CPUs ...
05-09 22:26:48.397 1286 1286 I psci : CPU1 killed (polled 0 ms)
05-09 22:26:48.398 1286 1286 I psci : CPU2 killed (polled 0 ms)
05-09 22:26:48.399 1286 1286 I psci : CPU3 killed (polled 0 ms)
05-09 22:26:48.400 1286 1286 I psci : CPU4 killed (polled 0 ms)
05-09 22:26:48.403 1286 1286 I psci : CPU5 killed (polled 0 ms)
05-09 22:26:48.404 1286 1286 I psci : CPU6 killed (polled 4 ms)
05-09 22:26:48.407 1286 1286 I psci : CPU7 killed (polled 0 ms)
05-09 22:27:46.261 0 0 W [ C0] PM: pm_system_irq_wakeup: 114 triggered hym8563
05-09 22:27:46.261 1286 1286 I : Enabling non-boot CPUs ...
05-09 22:27:46.262 0 0 I : Detected VIPT I-cache on CPU1
05-09 22:27:46.262 0 0 I GICv3 : CPU1: found redistributor 100 region 0:0x00000000fe6a0000
05-09 22:27:46.262 0 0 I CPU1 : Booted secondary processor 0x0000000100 [0x412fd050]
05-09 22:27:46.263 1286 1286 I : CPU1 is up
05-09 22:27:46.264 0 0 I : Detected VIPT I-cache on CPU2
05-09 22:27:46.264 0 0 I GICv3 : CPU2: found redistributor 200 region 0:0x00000000fe6c0000
05-09 22:27:46.264 0 0 I CPU2 : Booted secondary processor 0x0000000200 [0x412fd050]
05-09 22:27:46.264 1286 1286 I : CPU2 is up
05-09 22:27:46.265 0 0 I : Detected VIPT I-cache on CPU3
05-09 22:27:46.265 0 0 I GICv3 : CPU3: found redistributor 300 region 0:0x00000000fe6e0000
05-09 22:27:46.265 0 0 I CPU3 : Booted secondary processor 0x0000000300 [0x412fd050]
05-09 22:27:46.266 1286 1286 I : CPU3 is up
05-09 22:27:46.267 0 0 I : Detected PIPT I-cache on CPU4
05-09 22:27:46.267 0 0 I GICv3 : CPU4: found redistributor 400 region 0:0x00000000fe700000
05-09 22:27:46.267 0 0 I CPU4 : Booted secondary processor 0x0000000400 [0x414fd0b0]
05-09 22:27:46.268 1286 1286 I : CPU4 is up
05-09 22:27:46.269 0 0 I : Detected PIPT I-cache on CPU5
05-09 22:27:46.269 0 0 I GICv3 : CPU5: found redistributor 500 region 0:0x00000000fe720000
05-09 22:27:46.269 0 0 I CPU5 : Booted secondary processor 0x0000000500 [0x414fd0b0]
05-09 22:27:46.270 1286 1286 I : CPU5 is up
05-09 22:27:46.271 0 0 I : Detected PIPT I-cache on CPU6
05-09 22:27:46.271 0 0 I GICv3 : CPU6: found redistributor 600 region 0:0x00000000fe740000
05-09 22:27:46.271 0 0 I CPU6 : Booted secondary processor 0x0000000600 [0x414fd0b0]
05-09 22:27:46.272 1286 1286 I : CPU6 is up
05-09 22:27:46.273 0 0 I : Detected PIPT I-cache on CPU7
05-09 22:27:46.273 0 0 I GICv3 : CPU7: found redistributor 700 region 0:0x00000000fe760000
05-09 22:27:46.273 0 0 I CPU7 : Booted secondary processor 0x0000000700 [0x414fd0b0]
05-09 22:27:46.274 1286 1286 I : CPU7 is up
05-09 22:27:46.279 1286 1286 I rk_gmac-dwmac fe1c0000.ethernet: init for RGMII
05-09 22:27:46.280 1290 1290 I usb1 : root hub lost power or was reset
05-09 22:27:46.289 1286 1286 E PM : dpm_run_callback(): wacom_i2c_resume+0x0/0xdc returns -6
05-09 22:27:46.289 1286 1286 E PM : Device 4-0009 failed to resume: error -6
05-09 22:27:46.352 1286 1286 I usb2 : root hub lost power or was reset
05-09 22:27:46.446 1286 1286 I : OOM killer enabled.
05-09 22:27:46.446 1286 1286 I : Restarting tasks ... done.
05-09 22:27:46.449 1286 1286 I : Resume caused by IRQ 114, hym8563
05-09 22:27:46.449 1286 1286 I PM : suspend exit
05-09 22:28:44.305 437 437 W healthd : battery l=100 v=8698 t=26.0 h=1 st=5 c=0 fc=9700000 cc=6 chg=u
05-09 22:28:44.317 798 798 I : mmc_host mmc0: Bus speed (slot 0) = 400000Hz (slot req 400000Hz, actual 400000HZ div = 0)
05-09 22:28:44.404 1286 1286 I PM : suspend entry (deep)
05-09 22:28:44.499 798 798 I : mmc_host mmc0: Bus speed (slot 0) = 49500000Hz (slot req 50000000Hz, actual 49500000HZ div = 0)
05-09 22:28:45.032 1286 1286 I Filesystems sync: 0.627 seconds
05-09 22:28:45.032 1286 1286 I : Freezing user space processes ... (elapsed 0.004 seconds) done.
05-09 22:28:45.036 1286 1286 I : OOM killer disabled.
05-09 22:28:45.036 1286 1286 I : Freezing remaining freezable tasks ... (elapsed 0.091 seconds) done.
05-09 22:28:45.128 1286 1286 I printk : Suspending console(s) (use no_console_suspend to debug)
05-09 22:28:45.203 1286 1286 E regulator-dummy: Underflow of regulator enable count
05-09 22:28:45.203 1286 1286 E wacom_i2c 4-0009: disable regulator failed -22
05-09 22:28:45.211 1315 1315 I android_work: did not send uevent (0 0 0000000000000000)
05-09 22:28:46.246 1286 1286 I : Disabling non-boot CPUs ...
05-09 22:28:46.247 1286 1286 I psci : CPU1 killed (polled 0 ms)
05-09 22:28:46.249 1286 1286 I psci : CPU2 killed (polled 0 ms)
05-09 22:28:46.250 1286 1286 I psci : CPU3 killed (polled 0 ms)
05-09 22:28:46.252 1286 1286 I psci : CPU4 killed (polled 4 ms)
05-09 22:28:46.254 1286 1286 I psci : CPU5 killed (polled 0 ms)
05-09 22:28:46.255 1286 1286 I psci : CPU6 killed (polled 0 ms)
05-09 22:28:46.258 1286 1286 I psci : CPU7 killed (polled 0 ms)
05-09 22:29:44.114 0 0 W [ C0] PM: pm_system_irq_wakeup: 114 triggered hym8563
05-09 22:29:44.115 1286 1286 I : Enabling non-boot CPUs ...
05-09 22:29:44.116 0 0 I : Detected VIPT I-cache on CPU1
05-09 22:29:44.116 0 0 I GICv3 : CPU1: found redistributor 100 region 0:0x00000000fe6a0000
05-09 22:29:44.116 0 0 I CPU1 : Booted secondary processor 0x0000000100 [0x412fd050]
05-09 22:29:44.117 1286 1286 I : CPU1 is up
05-09 22:29:44.118 0 0 I : Detected VIPT I-cache on CPU2
05-09 22:29:44.118 0 0 I GICv3 : CPU2: found redistributor 200 region 0:0x00000000fe6c0000
05-09 22:29:44.118 0 0 I CPU2 : Booted secondary processor 0x0000000200 [0x412fd050]
05-09 22:29:44.118 1286 1286 I : CPU2 is up
05-09 22:29:44.119 0 0 I : Detected VIPT I-cache on CPU3
05-09 22:29:44.119 0 0 I GICv3 : CPU3: found redistributor 300 region 0:0x00000000fe6e0000
05-09 22:29:44.119 0 0 I CPU3 : Booted secondary processor 0x0000000300 [0x412fd050]
05-09 22:29:44.120 1286 1286 I : CPU3 is up
05-09 22:29:44.121 0 0 I : Detected PIPT I-cache on CPU4
05-09 22:29:44.121 0 0 I GICv3 : CPU4: found redistributor 400 region 0:0x00000000fe700000
05-09 22:29:44.121 0 0 I CPU4 : Booted secondary processor 0x0000000400 [0x414fd0b0]
05-09 22:29:44.122 1286 1286 I : CPU4 is up
05-09 22:29:44.123 0 0 I : Detected PIPT I-cache on CPU5
05-09 22:29:44.123 0 0 I GICv3 : CPU5: found redistributor 500 region 0:0x00000000fe720000
05-09 22:29:44.123 0 0 I CPU5 : Booted secondary processor 0x0000000500 [0x414fd0b0]
05-09 22:29:44.124 1286 1286 I : CPU5 is up
05-09 22:29:44.125 0 0 I : Detected PIPT I-cache on CPU6
05-09 22:29:44.125 0 0 I GICv3 : CPU6: found redistributor 600 region 0:0x00000000fe740000
05-09 22:29:44.125 0 0 I CPU6 : Booted secondary processor 0x0000000600 [0x414fd0b0]
05-09 22:29:44.126 1286 1286 I : CPU6 is up
05-09 22:29:44.127 0 0 I : Detected PIPT I-cache on CPU7
05-09 22:29:44.127 0 0 I GICv3 : CPU7: found redistributor 700 region 0:0x00000000fe760000
05-09 22:29:44.127 0 0 I CPU7 : Booted secondary processor 0x0000000700 [0x414fd0b0]
05-09 22:29:44.128 1286 1286 I : CPU7 is up
05-09 22:29:44.134 1286 1286 I rk_gmac-dwmac fe1c0000.ethernet: init for RGMII
05-09 22:29:44.134 1273 1273 I usb1 : root hub lost power or was reset
05-09 22:29:44.143 1286 1286 E PM : dpm_run_callback(): wacom_i2c_resume+0x0/0xdc returns -6
05-09 22:29:44.143 1286 1286 E PM : Device 4-0009 failed to resume: error -6
05-09 22:29:44.206 1286 1286 I usb2 : root hub lost power or was reset
05-09 22:29:44.302 1286 1286 I : OOM killer enabled.
05-09 22:29:44.302 1286 1286 I : Restarting tasks ... done.
05-09 22:29:44.311 1286 1286 I : Resume caused by IRQ 114, hym8563
05-09 22:29:44.311 1286 1286 I PM : suspend exit
05-09 22:30:42.171 437 437 W healthd : battery l=100 v=8698 t=26.0 h=1 st=5 c=0 fc=9700000 cc=6 chg=u
05-09 22:30:42.172 2334 2334 I : mmc_host mmc0: Bus speed (slot 0) = 400000Hz (slot req 400000Hz, actual 400000HZ div = 0)
05-09 22:30:42.270 1286 1286 I PM : suspend entry (deep)
05-09 22:30:42.274 1286 1286 I Filesystems sync: 0.003 seconds
05-09 22:30:42.274 1286 1286 I : Freezing user space processes ... (elapsed 0.005 seconds) done.
05-09 22:30:42.280 1286 1286 I : OOM killer disabled.
05-09 22:30:42.280 1286 1286 I : Freezing remaining freezable tasks ...
05-09 22:30:42.356 2334 2334 I : mmc_host mmc0: Bus speed (slot 0) = 49500000Hz (slot req 50000000Hz, actual 49500000HZ div = 0)
05-09 22:30:42.369 1286 1286 W : (elapsed 0.088 seconds) done.
05-09 22:30:42.369 1286 1286 I printk : Suspending console(s) (use no_console_suspend to debug)
05-09 22:30:42.444 1286 1286 E regulator-dummy: Underflow of regulator enable count
05-09 22:30:42.444 1286 1286 E wacom_i2c 4-0009: disable regulator failed -22
05-09 22:30:42.453 798 798 I android_work: did not send uevent (0 0 0000000000000000)
05-09 22:30:43.485 1286 1286 I : Disabling non-boot CPUs ...
05-09 22:30:43.486 1286 1286 I psci : CPU1 killed (polled 0 ms)
05-09 22:30:43.488 1286 1286 I psci : CPU2 killed (polled 0 ms)
05-09 22:30:43.489 1286 1286 I psci : CPU3 killed (polled 0 ms)
05-09 22:30:43.491 1286 1286 I psci : CPU4 killed (polled 4 ms)
05-09 22:30:43.493 1286 1286 I psci : CPU5 killed (polled 0 ms)
05-09 22:30:43.496 1286 1286 I psci : CPU6 killed (polled 0 ms)
05-09 22:30:43.497 1286 1286 I psci : CPU7 killed (polled 0 ms)
05-09 22:31:41.971 0 0 W [ C0] PM: pm_system_irq_wakeup: 114 triggered hym8563
05-09 22:31:41.971 1286 1286 I : Enabling non-boot CPUs ...
05-09 22:31:41.972 0 0 I : Detected VIPT I-cache on CPU1
05-09 22:31:41.972 0 0 I GICv3 : CPU1: found redistributor 100 region 0:0x00000000fe6a0000
05-09 22:31:41.972 0 0 I CPU1 : Booted secondary processor 0x0000000100 [0x412fd050]
05-09 22:31:41.973 1286 1286 I : CPU1 is up
05-09 22:31:41.974 0 0 I : Detected VIPT I-cache on CPU2
05-09 22:31:41.974 0 0 I GICv3 : CPU2: found redistributor 200 region 0:0x00000000fe6c0000
05-09 22:31:41.974 0 0 I CPU2 : Booted secondary processor 0x0000000200 [0x412fd050]
05-09 22:31:41.975 1286 1286 I : CPU2 is up
05-09 22:31:41.975 0 0 I : Detected VIPT I-cache on CPU3
05-09 22:31:41.976 0 0 I GICv3 : CPU3: found redistributor 300 region 0:0x00000000fe6e0000
05-09 22:31:41.976 0 0 I CPU3 : Booted secondary processor 0x0000000300 [0x412fd050]
05-09 22:31:41.976 1286 1286 I : CPU3 is up
05-09 22:31:41.977 0 0 I : Detected PIPT I-cache on CPU4
05-09 22:31:41.977 0 0 I GICv3 : CPU4: found redistributor 400 region 0:0x00000000fe700000
05-09 22:31:41.977 0 0 I CPU4 : Booted secondary processor 0x0000000400 [0x414fd0b0]
05-09 22:31:41.978 1286 1286 I : CPU4 is up
05-09 22:31:41.979 0 0 I : Detected PIPT I-cache on CPU5
05-09 22:31:41.979 0 0 I GICv3 : CPU5: found redistributor 500 region 0:0x00000000fe720000
05-09 22:31:41.979 0 0 I CPU5 : Booted secondary processor 0x0000000500 [0x414fd0b0]
05-09 22:31:41.980 1286 1286 I : CPU5 is up
05-09 22:31:41.981 0 0 I : Detected PIPT I-cache on CPU6
05-09 22:31:41.981 0 0 I GICv3 : CPU6: found redistributor 600 region 0:0x00000000fe740000
05-09 22:31:41.981 0 0 I CPU6 : Booted secondary processor 0x0000000600 [0x414fd0b0]
05-09 22:31:41.982 1286 1286 I : CPU6 is up
05-09 22:31:41.983 0 0 I : Detected PIPT I-cache on CPU7
05-09 22:31:41.983 0 0 I GICv3 : CPU7: found redistributor 700 region 0:0x00000000fe760000
05-09 22:31:41.983 0 0 I CPU7 : Booted secondary processor 0x0000000700 [0x414fd0b0]
05-09 22:31:41.985 1286 1286 I : CPU7 is up
05-09 22:31:41.990 1286 1286 I rk_gmac-dwmac fe1c0000.ethernet: init for RGMII
05-09 22:31:41.991 2496 2496 I usb1 : root hub lost power or was reset
05-09 22:31:42.000 1286 1286 E PM : dpm_run_callback(): wacom_i2c_resume+0x0/0xdc returns -6
05-09 22:31:42.000 1286 1286 E PM : Device 4-0009 failed to resume: error -6
05-09 22:31:42.062 1286 1286 I usb2 : root hub lost power or was reset
05-09 22:31:42.156 1286 1286 I : OOM killer enabled.
05-09 22:31:42.156 1286 1286 I : Restarting tasks ... done.
05-09 22:31:42.159 1286 1286 I : Resume caused by IRQ 114, hym8563
05-09 22:31:42.159 1286 1286 I PM : suspend exit
05-09 22:32:40.634 437 437 W healthd : battery l=100 v=8696 t=26.0 h=1 st=5 c=0 fc=9700000 cc=6 chg=u
05-09 22:32:40.646 798 798 I : mmc_host mmc0: Bus speed (slot 0) = 400000Hz (slot req 400000Hz, actual 400000HZ div = 0)
05-09 22:32:40.829 1286 1286 I PM : suspend entry (deep)
05-09 22:32:40.831 1286 1286 I Filesystems sync: 0.002 seconds
05-09 22:32:40.832 1286 1286 I : Freezing user space processes ...
05-09 22:32:40.833 798 798 I : mmc_host mmc0: Bus speed (slot 0) = 49500000Hz (slot req 50000000Hz, actual 49500000HZ div = 0)
05-09 22:32:40.835 1286 1286 W : (elapsed 0.003 seconds) done.
05-09 22:32:40.835 1286 1286 I : OOM killer disabled.
05-09 22:32:40.835 1286 1286 I : Freezing remaining freezable tasks ... (elapsed 0.206 seconds) done.
05-09 22:32:41.042 1286 1286 I printk : Suspending console(s) (use no_console_suspend to debug)
05-09 22:32:41.125 1286 1286 E regulator-dummy: Underflow of regulator enable count
05-09 22:32:41.125 1286 1286 E wacom_i2c 4-0009: disable regulator failed -22
05-09 22:32:41.133 1315 1315 I android_work: did not send uevent (0 0 0000000000000000)
05-09 22:32:42.165 1286 1286 I : Disabling non-boot CPUs ...
05-09 22:32:42.166 1286 1286 I psci : CPU1 killed (polled 0 ms)
05-09 22:32:42.167 1286 1286 I psci : CPU2 killed (polled 0 ms)
05-09 22:32:42.169 1286 1286 I psci : CPU3 killed (polled 0 ms)
05-09 22:32:42.170 1286 1286 I psci : CPU4 killed (polled 0 ms)
05-09 22:32:42.171 1286 1286 I psci : CPU5 killed (polled 0 ms)
05-09 22:32:42.174 1286 1286 I psci : CPU6 killed (polled 0 ms)
05-09 22:32:42.176 1286 1286 I psci : CPU7 killed (polled 0 ms)
05-09 22:33:40.444 0 0 W [ C0] PM: pm_system_irq_wakeup: 114 triggered hym8563
05-09 22:33:40.444 1286 1286 I : Enabling non-boot CPUs ...
05-09 22:33:40.445 0 0 I : Detected VIPT I-cache on CPU1
05-09 22:33:40.445 0 0 I GICv3 : CPU1: found redistributor 100 region 0:0x00000000fe6a0000
05-09 22:33:40.445 0 0 I CPU1 : Booted secondary processor 0x0000000100 [0x412fd050]
05-09 22:33:40.446 1286 1286 I : CPU1 is up
05-09 22:33:40.447 0 0 I : Detected VIPT I-cache on CPU2
05-09 22:33:40.447 0 0 I GICv3 : CPU2: found redistributor 200 region 0:0x00000000fe6c0000
05-09 22:33:40.447 0 0 I CPU2 : Booted secondary processor 0x0000000200 [0x412fd050]
05-09 22:33:40.448 1286 1286 I : CPU2 is up
05-09 22:33:40.448 0 0 I : Detected VIPT I-cache on CPU3
05-09 22:33:40.448 0 0 I GICv3 : CPU3: found redistributor 300 region 0:0x00000000fe6e0000
05-09 22:33:40.448 0 0 I CPU3 : Booted secondary processor 0x0000000300 [0x412fd050]
05-09 22:33:40.449 1286 1286 I : CPU3 is up
05-09 22:33:40.450 0 0 I : Detected PIPT I-cache on CPU4
05-09 22:33:40.450 0 0 I GICv3 : CPU4: found redistributor 400 region 0:0x00000000fe700000
05-09 22:33:40.450 0 0 I CPU4 : Booted secondary processor 0x0000000400 [0x414fd0b0]
05-09 22:33:40.451 1286 1286 I : CPU4 is up
05-09 22:33:40.452 0 0 I : Detected PIPT I-cache on CPU5
05-09 22:33:40.452 0 0 I GICv3 : CPU5: found redistributor 500 region 0:0x00000000fe720000
05-09 22:33:40.452 0 0 I CPU5 : Booted secondary processor 0x0000000500 [0x414fd0b0]
05-09 22:33:40.453 1286 1286 I : CPU5 is up
05-09 22:33:40.454 0 0 I : Detected PIPT I-cache on CPU6
05-09 22:33:40.454 0 0 I GICv3 : CPU6: found redistributor 600 region 0:0x00000000fe740000
05-09 22:33:40.454 0 0 I CPU6 : Booted secondary processor 0x0000000600 [0x414fd0b0]
05-09 22:33:40.455 1286 1286 I : CPU6 is up
05-09 22:33:40.456 0 0 I : Detected PIPT I-cache on CPU7
05-09 22:33:40.456 0 0 I GICv3 : CPU7: found redistributor 700 region 0:0x00000000fe760000
05-09 22:33:40.456 0 0 I CPU7 : Booted secondary processor 0x0000000700 [0x414fd0b0]
05-09 22:33:40.457 1286 1286 I : CPU7 is up
05-09 22:33:40.463 1286 1286 I rk_gmac-dwmac fe1c0000.ethernet: init for RGMII
05-09 22:33:40.463 7 7 I usb1 : root hub lost power or was reset
05-09 22:33:40.473 1286 1286 E PM : dpm_run_callback(): wacom_i2c_resume+0x0/0xdc returns -6
05-09 22:33:40.473 1286 1286 E PM : Device 4-0009 failed to resume: error -6
05-09 22:33:40.536 1286 1286 I usb2 : root hub lost power or was reset
05-09 22:33:40.631 1286 1286 I : OOM killer enabled.
05-09 22:33:40.631 1286 1286 I : Restarting tasks ... done.
05-09 22:33:40.641 1286 1286 I : Resume caused by IRQ 114, hym8563
05-09 22:33:40.641 1286 1286 I PM : suspend exit
05-09 22:34:38.912 437 437 W healthd : battery l=100 v=8700 t=26.0 h=1 st=5 c=0 fc=9700000 cc=6 chg=u
05-09 22:34:38.913 2334 2334 I : mmc_host mmc0: Bus speed (slot 0) = 400000Hz (slot req 400000Hz, actual 400000HZ div = 0)
05-09 22:34:39.011 1286 1286 I PM : suspend entry (deep)
05-09 22:34:39.018 1286 1286 I Filesystems sync: 0.006 seconds
05-09 22:34:39.018 1286 1286 I : Freezing user space processes ... (elapsed 0.007 seconds) done.
05-09 22:34:39.025 1286 1286 I : OOM killer disabled.
05-09 22:34:39.025 1286 1286 I : Freezing remaining freezable tasks ...
05-09 22:34:39.098 2334 2334 I : mmc_host mmc0: Bus speed (slot 0) = 49500000Hz (slot req 50000000Hz, actual 49500000HZ div = 0)
05-09 22:34:39.113 1286 1286 W : (elapsed 0.087 seconds) done.
05-09 22:34:39.113 1286 1286 I printk : Suspending console(s) (use no_console_suspend to debug)
05-09 22:34:39.186 1286 1286 E regulator-dummy: Underflow of regulator enable count
05-09 22:34:39.186 1286 1286 E wacom_i2c 4-0009: disable regulator failed -22
05-09 22:34:39.194 798 798 I android_work: did not send uevent (0 0 0000000000000000)
05-09 22:34:40.230 1286 1286 I : Disabling non-boot CPUs ...
05-09 22:34:40.231 1286 1286 I psci : CPU1 killed (polled 0 ms)
05-09 22:34:40.232 1286 1286 I psci : CPU2 killed (polled 0 ms)
05-09 22:34:40.233 1286 1286 I psci : CPU3 killed (polled 0 ms)
05-09 22:34:40.235 1286 1286 I psci : CPU4 killed (polled 0 ms)
05-09 22:34:40.237 1286 1286 I psci : CPU5 killed (polled 0 ms)
05-09 22:34:40.239 1286 1286 I psci : CPU6 killed (polled 0 ms)
05-09 22:34:40.241 1286 1286 I psci : CPU7 killed (polled 0 ms)
05-09 22:35:38.711 0 0 W [ C0] PM: pm_system_irq_wakeup: 114 triggered hym8563
05-09 22:35:38.711 1286 1286 I : Enabling non-boot CPUs ...
05-09 22:35:38.712 0 0 I : Detected VIPT I-cache on CPU1
05-09 22:35:38.712 0 0 I GICv3 : CPU1: found redistributor 100 region 0:0x00000000fe6a0000
05-09 22:35:38.713 0 0 I CPU1 : Booted secondary processor 0x0000000100 [0x412fd050]
05-09 22:35:38.713 1286 1286 I : CPU1 is up
05-09 22:35:38.714 0 0 I : Detected VIPT I-cache on CPU2
05-09 22:35:38.714 0 0 I GICv3 : CPU2: found redistributor 200 region 0:0x00000000fe6c0000
05-09 22:35:38.714 0 0 I CPU2 : Booted secondary processor 0x0000000200 [0x412fd050]
05-09 22:35:38.715 1286 1286 I : CPU2 is up
05-09 22:35:38.716 0 0 I : Detected VIPT I-cache on CPU3
05-09 22:35:38.716 0 0 I GICv3 : CPU3: found redistributor 300 region 0:0x00000000fe6e0000
05-09 22:35:38.716 0 0 I CPU3 : Booted secondary processor 0x0000000300 [0x412fd050]
05-09 22:35:38.716 1286 1286 I : CPU3 is up
05-09 22:35:38.717 0 0 I : Detected PIPT I-cache on CPU4
05-09 22:35:38.717 0 0 I GICv3 : CPU4: found redistributor 400 region 0:0x00000000fe700000
05-09 22:35:38.717 0 0 I CPU4 : Booted secondary processor 0x0000000400 [0x414fd0b0]
05-09 22:35:38.718 1286 1286 I : CPU4 is up
05-09 22:35:38.719 0 0 I : Detected PIPT I-cache on CPU5
05-09 22:35:38.719 0 0 I GICv3 : CPU5: found redistributor 500 region 0:0x00000000fe720000
05-09 22:35:38.719 0 0 I CPU5 : Booted secondary processor 0x0000000500 [0x414fd0b0]
05-09 22:35:38.720 1286 1286 I : CPU5 is up
05-09 22:35:38.721 0 0 I : Detected PIPT I-cache on CPU6
05-09 22:35:38.721 0 0 I GICv3 : CPU6: found redistributor 600 region 0:0x00000000fe740000
05-09 22:35:38.721 0 0 I CPU6 : Booted secondary processor 0x0000000600 [0x414fd0b0]
05-09 22:35:38.722 1286 1286 I : CPU6 is up
05-09 22:35:38.723 0 0 I : Detected PIPT I-cache on CPU7
05-09 22:35:38.723 0 0 I GICv3 : CPU7: found redistributor 700 region 0:0x00000000fe760000
05-09 22:35:38.723 0 0 I CPU7 : Booted secondary processor 0x0000000700 [0x414fd0b0]
05-09 22:35:38.724 1286 1286 I : CPU7 is up
05-09 22:35:38.730 1286 1286 I rk_gmac-dwmac fe1c0000.ethernet: init for RGMII
05-09 22:35:38.731 1273 1273 I usb1 : root hub lost power or was reset
05-09 22:35:38.740 1286 1286 E PM : dpm_run_callback(): wacom_i2c_resume+0x0/0xdc returns -6
05-09 22:35:38.740 1286 1286 E PM : Device 4-0009 failed to resume: error -6
05-09 22:35:38.803 1286 1286 I usb2 : root hub lost power or was reset
05-09 22:35:38.899 1286 1286 I : OOM killer enabled.
05-09 22:35:38.899 1286 1286 I : Restarting tasks ...
05-09 22:36:37.381 437 437 W healthd : battery l=100 v=8700 t=26.0 h=1 st=5 c=0 fc=9700000 cc=6 chg=u
05-09 22:36:37.388 1286 1286 W : done.
05-09 22:36:37.388 1286 1286 I : Resume caused by IRQ 114, hym8563
05-09 22:36:37.388 1286 1286 I PM : suspend exit
05-09 22:36:37.395 1330 1330 I : mmc_host mmc0: Bus speed (slot 0) = 400000Hz (slot req 400000Hz, actual 400000HZ div = 0)
05-09 22:36:37.489 1286 1286 I PM : suspend entry (deep)
05-09 22:36:37.493 1286 1286 I Filesystems sync: 0.003 seconds
05-09 22:36:37.493 1286 1286 I : Freezing user space processes ... (elapsed 0.004 seconds) done.
05-09 22:36:37.498 1286 1286 I : OOM killer disabled.
05-09 22:36:37.498 1286 1286 I : Freezing remaining freezable tasks ...
05-09 22:36:37.574 1330 1330 I : mmc_host mmc0: Bus speed (slot 0) = 49500000Hz (slot req 50000000Hz, actual 49500000HZ div = 0)
05-09 22:36:37.576 1286 1286 W : (elapsed 0.077 seconds) done.
05-09 22:36:37.576 1286 1286 I printk : Suspending console(s) (use no_console_suspend to debug)
05-09 22:36:37.653 1286 1286 E regulator-dummy: Underflow of regulator enable count
05-09 22:36:37.653 1286 1286 E wacom_i2c 4-0009: disable regulator failed -22
05-09 22:36:37.661 1330 1330 I android_work: did not send uevent (0 0 0000000000000000)
05-09 22:36:38.696 1286 1286 I : Disabling non-boot CPUs ...
05-09 22:36:38.697 1286 1286 I psci : CPU1 killed (polled 0 ms)
05-09 22:36:38.698 1286 1286 I psci : CPU2 killed (polled 0 ms)
05-09 22:36:38.699 1286 1286 I psci : CPU3 killed (polled 0 ms)
05-09 22:36:38.702 1286 1286 I psci : CPU4 killed (polled 4 ms)
05-09 22:36:38.704 1286 1286 I psci : CPU5 killed (polled 0 ms)
05-09 22:36:38.705 1286 1286 I psci : CPU6 killed (polled 0 ms)
05-09 22:36:38.707 1286 1286 I psci : CPU7 killed (polled 0 ms)
05-09 22:37:37.180 0 0 W [ C0] PM: pm_system_irq_wakeup: 114 triggered hym8563
05-09 22:37:37.181 1286 1286 I : Enabling non-boot CPUs ...
05-09 22:37:37.182 0 0 I : Detected VIPT I-cache on CPU1
05-09 22:37:37.182 0 0 I GICv3 : CPU1: found redistributor 100 region 0:0x00000000fe6a0000
05-09 22:37:37.182 0 0 I CPU1 : Booted secondary processor 0x0000000100 [0x412fd050]
05-09 22:37:37.183 1286 1286 I : CPU1 is up
05-09 22:37:37.184 0 0 I : Detected VIPT I-cache on CPU2
05-09 22:37:37.184 0 0 I GICv3 : CPU2: found redistributor 200 region 0:0x00000000fe6c0000
05-09 22:37:37.184 0 0 I CPU2 : Booted secondary processor 0x0000000200 [0x412fd050]
05-09 22:37:37.184 1286 1286 I : CPU2 is up
05-09 22:37:37.185 0 0 I : Detected VIPT I-cache on CPU3
05-09 22:37:37.185 0 0 I GICv3 : CPU3: found redistributor 300 region 0:0x00000000fe6e0000
05-09 22:37:37.185 0 0 I CPU3 : Booted secondary processor 0x0000000300 [0x412fd050]
05-09 22:37:37.186 1286 1286 I : CPU3 is up
05-09 22:37:37.187 0 0 I : Detected PIPT I-cache on CPU4
05-09 22:37:37.187 0 0 I GICv3 : CPU4: found redistributor 400 region 0:0x00000000fe700000
05-09 22:37:37.187 0 0 I CPU4 : Booted secondary processor 0x0000000400 [0x414fd0b0]
05-09 22:37:37.188 1286 1286 I : CPU4 is up
05-09 22:37:37.189 0 0 I : Detected PIPT I-cache on CPU5
05-09 22:37:37.189 0 0 I GICv3 : CPU5: found redistributor 500 region 0:0x00000000fe720000
05-09 22:37:37.189 0 0 I CPU5 : Booted secondary processor 0x0000000500 [0x414fd0b0]
05-09 22:37:37.190 1286 1286 I : CPU5 is up
05-09 22:37:37.191 0 0 I : Detected PIPT I-cache on CPU6
05-09 22:37:37.191 0 0 I GICv3 : CPU6: found redistributor 600 region 0:0x00000000fe740000
05-09 22:37:37.191 0 0 I CPU6 : Booted secondary processor 0x0000000600 [0x414fd0b0]
05-09 22:37:37.192 1286 1286 I : CPU6 is up
05-09 22:37:37.193 0 0 I : Detected PIPT I-cache on CPU7
05-09 22:37:37.193 0 0 I GICv3 : CPU7: found redistributor 700 region 0:0x00000000fe760000
05-09 22:37:37.193 0 0 I CPU7 : Booted secondary processor 0x0000000700 [0x414fd0b0]
05-09 22:37:37.194 1286 1286 I : CPU7 is up
05-09 22:37:37.200 1286 1286 I rk_gmac-dwmac fe1c0000.ethernet: init for RGMII
05-09 22:37:37.200 1294 1294 I usb1 : root hub lost power or was reset
05-09 22:37:37.209 1286 1286 E PM : dpm_run_callback(): wacom_i2c_resume+0x0/0xdc returns -6
05-09 22:37:37.209 1286 1286 E PM : Device 4-0009 failed to resume: error -6
05-09 22:37:37.272 1286 1286 I usb2 : root hub lost power or was reset
05-09 22:37:37.366 1286 1286 I : OOM killer enabled.
05-09 22:37:37.366 1286 1286 I : Restarting tasks ... done.
05-09 22:37:37.368 1286 1286 I : Resume caused by IRQ 114, hym8563
05-09 22:37:37.368 1286 1286 I PM : suspend exit
05-09 22:38:35.843 437 437 W healthd : battery l=100 v=8698 t=26.0 h=1 st=5 c=0 fc=9700000 cc=6 chg=u
05-09 22:38:35.855 1315 1315 I : mmc_host mmc0: Bus speed (slot 0) = 400000Hz (slot req 400000Hz, actual 400000HZ div = 0)
05-09 22:38:35.942 1286 1286 I PM : suspend entry (deep)
05-09 22:38:35.949 1286 1286 I Filesystems sync: 0.006 seconds
05-09 22:38:35.949 1286 1286 I : Freezing user space processes ... (elapsed 0.003 seconds) done.
05-09 22:38:35.952 1286 1286 I : OOM killer disabled.
05-09 22:38:35.952 1286 1286 I : Freezing remaining freezable tasks ...
05-09 22:38:36.042 1315 1315 I : mmc_host mmc0: Bus speed (slot 0) = 49500000Hz (slot req 50000000Hz, actual 49500000HZ div = 0)
05-09 22:38:36.044 1286 1286 W : (elapsed 0.092 seconds) done.
05-09 22:38:36.044 1286 1286 I printk : Suspending console(s) (use no_console_suspend to debug)
05-09 22:38:36.120 1286 1286 E regulator-dummy: Underflow of regulator enable count
05-09 22:38:36.120 1286 1286 E wacom_i2c 4-0009: disable regulator failed -22
05-09 22:38:36.129 798 798 I android_work: did not send uevent (0 0 0000000000000000)
05-09 22:38:37.164 1286 1286 I : Disabling non-boot CPUs ...
05-09 22:38:37.165 1286 1286 I psci : CPU1 killed (polled 0 ms)
05-09 22:38:37.167 1286 1286 I psci : CPU2 killed (polled 0 ms)
05-09 22:38:37.168 1286 1286 I psci : CPU3 killed (polled 0 ms)
05-09 22:38:37.169 1286 1286 I psci : CPU4 killed (polled 0 ms)
05-09 22:38:37.172 1286 1286 I psci : CPU5 killed (polled 0 ms)
05-09 22:38:37.173 1286 1286 I psci : CPU6 killed (polled 4 ms)
05-09 22:38:37.176 1286 1286 I psci : CPU7 killed (polled 0 ms)
05-09 22:39:35.653 0 0 W [ C0] PM: pm_system_irq_wakeup: 114 triggered hym8563
05-09 22:39:35.653 1286 1286 I : Enabling non-boot CPUs ...
05-09 22:39:35.654 0 0 I : Detected VIPT I-cache on CPU1
05-09 22:39:35.654 0 0 I GICv3 : CPU1: found redistributor 100 region 0:0x00000000fe6a0000
05-09 22:39:35.654 0 0 I CPU1 : Booted secondary processor 0x0000000100 [0x412fd050]
05-09 22:39:35.655 1286 1286 I : CPU1 is up
05-09 22:39:35.656 0 0 I : Detected VIPT I-cache on CPU2
05-09 22:39:35.656 0 0 I GICv3 : CPU2: found redistributor 200 region 0:0x00000000fe6c0000
05-09 22:39:35.656 0 0 I CPU2 : Booted secondary processor 0x0000000200 [0x412fd050]
05-09 22:39:35.657 1286 1286 I : CPU2 is up
05-09 22:39:35.657 0 0 I : Detected VIPT I-cache on CPU3
05-09 22:39:35.657 0 0 I GICv3 : CPU3: found redistributor 300 region 0:0x00000000fe6e0000
05-09 22:39:35.657 0 0 I CPU3 : Booted secondary processor 0x0000000300 [0x412fd050]
05-09 22:39:35.658 1286 1286 I : CPU3 is up
05-09 22:39:35.659 0 0 I : Detected PIPT I-cache on CPU4
05-09 22:39:35.659 0 0 I GICv3 : CPU4: found redistributor 400 region 0:0x00000000fe700000
05-09 22:39:35.659 0 0 I CPU4 : Booted secondary processor 0x0000000400 [0x414fd0b0]
05-09 22:39:35.660 1286 1286 I : CPU4 is up
05-09 22:39:35.661 0 0 I : Detected PIPT I-cache on CPU5
05-09 22:39:35.661 0 0 I GICv3 : CPU5: found redistributor 500 region 0:0x00000000fe720000
05-09 22:39:35.661 0 0 I CPU5 : Booted secondary processor 0x0000000500 [0x414fd0b0]
05-09 22:39:35.662 1286 1286 I : CPU5 is up
05-09 22:39:35.663 0 0 I : Detected PIPT I-cache on CPU6
05-09 22:39:35.663 0 0 I GICv3 : CPU6: found redistributor 600 region 0:0x00000000fe740000
05-09 22:39:35.663 0 0 I CPU6 : Booted secondary processor 0x0000000600 [0x414fd0b0]
05-09 22:39:35.664 1286 1286 I : CPU6 is up
05-09 22:39:35.665 0 0 I : Detected PIPT I-cache on CPU7
05-09 22:39:35.665 0 0 I GICv3 : CPU7: found redistributor 700 region 0:0x00000000fe760000
05-09 22:39:35.665 0 0 I CPU7 : Booted secondary processor 0x0000000700 [0x414fd0b0]
05-09 22:39:35.666 1286 1286 I : CPU7 is up
05-09 22:39:35.672 1286 1286 I rk_gmac-dwmac fe1c0000.ethernet: init for RGMII
05-09 22:39:35.672 215 215 I usb1 : root hub lost power or was reset
05-09 22:39:35.681 1286 1286 E PM : dpm_run_callback(): wacom_i2c_resume+0x0/0xdc returns -6
05-09 22:39:35.681 1286 1286 E PM : Device 4-0009 failed to resume: error -6
05-09 22:39:35.744 1286 1286 I usb2 : root hub lost power or was reset
05-09 22:39:35.840 1286 1286 I : OOM killer enabled.
05-09 22:39:35.840 1286 1286 I : Restarting tasks ... done.
05-09 22:39:35.849 1286 1286 I : Resume caused by IRQ 114, hym8563
05-09 22:39:35.849 1286 1286 I PM : suspend exit
05-09 22:40:34.330 437 437 W healthd : battery l=100 v=8696 t=26.0 h=1 st=5 c=0 fc=9700000 cc=6 chg=u
05-09 22:40:34.331 2334 2334 I : mmc_host mmc0: Bus speed (slot 0) = 400000Hz (slot req 400000Hz, actual 400000HZ div = 0)
05-09 22:40:34.430 1286 1286 I PM : suspend entry (deep)
05-09 22:40:34.432 1286 1286 I Filesystems sync: 0.002 seconds
05-09 22:40:34.432 1286 1286 I : Freezing user space processes ... (elapsed 0.006 seconds) done.
05-09 22:40:34.439 1286 1286 I : OOM killer disabled.
05-09 22:40:34.439 1286 1286 I : Freezing remaining freezable tasks ...
05-09 22:40:34.512 2334 2334 I : mmc_host mmc0: Bus speed (slot 0) = 49500000Hz (slot req 50000000Hz, actual 49500000HZ div = 0)
05-09 22:40:34.528 1286 1286 W : (elapsed 0.088 seconds) done.
05-09 22:40:34.528 1286 1286 I printk : Suspending console(s) (use no_console_suspend to debug)
05-09 22:40:34.605 1286 1286 E regulator-dummy: Underflow of regulator enable count
05-09 22:40:34.605 1286 1286 E wacom_i2c 4-0009: disable regulator failed -22
05-09 22:40:34.613 1315 1315 I android_work: did not send uevent (0 0 0000000000000000)
05-09 22:40:35.647 1286 1286 I : Disabling non-boot CPUs ...
05-09 22:40:35.648 1286 1286 I psci : CPU1 killed (polled 0 ms)
05-09 22:40:35.650 1286 1286 I psci : CPU2 killed (polled 0 ms)
05-09 22:40:35.651 1286 1286 I psci : CPU3 killed (polled 0 ms)
05-09 22:40:35.653 1286 1286 I psci : CPU4 killed (polled 0 ms)
05-09 22:40:35.656 1286 1286 I psci : CPU5 killed (polled 0 ms)
05-09 22:40:35.658 1286 1286 I psci : CPU6 killed (polled 4 ms)
05-09 22:40:35.660 1286 1286 I psci : CPU7 killed (polled 0 ms)
05-09 22:41:34.130 0 0 W [ C0] PM: pm_system_irq_wakeup: 114 triggered hym8563
05-09 22:41:34.130 1286 1286 I : Enabling non-boot CPUs ...
05-09 22:41:34.131 0 0 I : Detected VIPT I-cache on CPU1
05-09 22:41:34.131 0 0 I GICv3 : CPU1: found redistributor 100 region 0:0x00000000fe6a0000
05-09 22:41:34.131 0 0 I CPU1 : Booted secondary processor 0x0000000100 [0x412fd050]
05-09 22:41:34.132 1286 1286 I : CPU1 is up
05-09 22:41:34.133 0 0 I : Detected VIPT I-cache on CPU2
05-09 22:41:34.133 0 0 I GICv3 : CPU2: found redistributor 200 region 0:0x00000000fe6c0000
05-09 22:41:34.133 0 0 I CPU2 : Booted secondary processor 0x0000000200 [0x412fd050]
05-09 22:41:34.133 1286 1286 I : CPU2 is up
05-09 22:41:34.134 0 0 I : Detected VIPT I-cache on CPU3
05-09 22:41:34.134 0 0 I GICv3 : CPU3: found redistributor 300 region 0:0x00000000fe6e0000
05-09 22:41:34.134 0 0 I CPU3 : Booted secondary processor 0x0000000300 [0x412fd050]
05-09 22:41:34.135 1286 1286 I : CPU3 is up
05-09 22:41:34.136 0 0 I : Detected PIPT I-cache on CPU4
05-09 22:41:34.136 0 0 I GICv3 : CPU4: found redistributor 400 region 0:0x00000000fe700000
05-09 22:41:34.136 0 0 I CPU4 : Booted secondary processor 0x0000000400 [0x414fd0b0]
05-09 22:41:34.137 1286 1286 I : CPU4 is up
05-09 22:41:34.138 0 0 I : Detected PIPT I-cache on CPU5
05-09 22:41:34.138 0 0 I GICv3 : CPU5: found redistributor 500 region 0:0x00000000fe720000
05-09 22:41:34.138 0 0 I CPU5 : Booted secondary processor 0x0000000500 [0x414fd0b0]
05-09 22:41:34.139 1286 1286 I : CPU5 is up
05-09 22:41:34.140 0 0 I : Detected PIPT I-cache on CPU6
05-09 22:41:34.140 0 0 I GICv3 : CPU6: found redistributor 600 region 0:0x00000000fe740000
05-09 22:41:34.140 0 0 I CPU6 : Booted secondary processor 0x0000000600 [0x414fd0b0]
05-09 22:41:34.141 1286 1286 I : CPU6 is up
05-09 22:41:34.142 0 0 I : Detected PIPT I-cache on CPU7
05-09 22:41:34.142 0 0 I GICv3 : CPU7: found redistributor 700 region 0:0x00000000fe760000
05-09 22:41:34.142 0 0 I CPU7 : Booted secondary processor 0x0000000700 [0x414fd0b0]
05-09 22:41:34.143 1286 1286 I : CPU7 is up
05-09 22:41:34.149 1286 1286 I rk_gmac-dwmac fe1c0000.ethernet: init for RGMII
05-09 22:41:34.149 1290 1290 I usb1 : root hub lost power or was reset
05-09 22:41:34.158 1286 1286 E PM : dpm_run_callback(): wacom_i2c_resume+0x0/0xdc returns -6
05-09 22:41:34.158 1286 1286 E PM : Device 4-0009 failed to resume: error -6
05-09 22:41:34.220 1286 1286 I usb2 : root hub lost power or was reset
05-09 22:41:34.314 1286 1286 I : OOM killer enabled.
05-09 22:41:34.314 1286 1286 I : Restarting tasks ... done.
05-09 22:41:34.317 1286 1286 I : Resume caused by IRQ 114, hym8563
05-09 22:41:34.317 1286 1286 I PM : suspend exit
05-09 22:42:32.787 437 437 W healthd : battery l=100 v=8698 t=26.0 h=1 st=5 c=0 fc=9700000 cc=6 chg=u
05-09 22:42:32.799 1330 1330 I : mmc_host mmc0: Bus speed (slot 0) = 400000Hz (slot req 400000Hz, actual 400000HZ div = 0)
05-09 22:42:32.887 1286 1286 I PM : suspend entry (deep)
05-09 22:42:32.893 1286 1286 I Filesystems sync: 0.005 seconds
05-09 22:42:32.893 1286 1286 I : Freezing user space processes ... (elapsed 0.003 seconds) done.
05-09 22:42:32.896 1286 1286 I : OOM killer disabled.
05-09 22:42:32.896 1286 1286 I : Freezing remaining freezable tasks ...
05-09 22:42:32.987 1330 1330 I : mmc_host mmc0: Bus speed (slot 0) = 49500000Hz (slot req 50000000Hz, actual 49500000HZ div = 0)
05-09 22:42:32.991 1286 1286 W : (elapsed 0.094 seconds) done.
05-09 22:42:32.991 1286 1286 I printk : Suspending console(s) (use no_console_suspend to debug)
05-09 22:42:33.068 1286 1286 E regulator-dummy: Underflow of regulator enable count
05-09 22:42:33.068 1286 1286 E wacom_i2c 4-0009: disable regulator failed -22
05-09 22:42:33.076 798 798 I android_work: did not send uevent (0 0 0000000000000000)
05-09 22:42:34.109 1286 1286 I : Disabling non-boot CPUs ...
05-09 22:42:34.110 1286 1286 I psci : CPU1 killed (polled 0 ms)
05-09 22:42:34.111 1286 1286 I psci : CPU2 killed (polled 0 ms)
05-09 22:42:34.112 1286 1286 I psci : CPU3 killed (polled 0 ms)
05-09 22:42:34.114 1286 1286 I psci : CPU4 killed (polled 0 ms)
05-09 22:42:34.116 1286 1286 I psci : CPU5 killed (polled 0 ms)
05-09 22:42:34.118 1286 1286 I psci : CPU6 killed (polled 4 ms)
05-09 22:42:34.119 1286 1286 I psci : CPU7 killed (polled 0 ms)
05-09 22:43:32.598 0 0 W [ C0] PM: pm_system_irq_wakeup: 114 triggered hym8563
05-09 22:43:32.599 1286 1286 I : Enabling non-boot CPUs ...
05-09 22:43:32.600 0 0 I : Detected VIPT I-cache on CPU1
05-09 22:43:32.600 0 0 I GICv3 : CPU1: found redistributor 100 region 0:0x00000000fe6a0000
05-09 22:43:32.600 0 0 I CPU1 : Booted secondary processor 0x0000000100 [0x412fd050]
05-09 22:43:32.600 1286 1286 I : CPU1 is up
05-09 22:43:32.601 0 0 I : Detected VIPT I-cache on CPU2
05-09 22:43:32.601 0 0 I GICv3 : CPU2: found redistributor 200 region 0:0x00000000fe6c0000
05-09 22:43:32.601 0 0 I CPU2 : Booted secondary processor 0x0000000200 [0x412fd050]
05-09 22:43:32.602 1286 1286 I : CPU2 is up
05-09 22:43:32.603 0 0 I : Detected VIPT I-cache on CPU3
05-09 22:43:32.603 0 0 I GICv3 : CPU3: found redistributor 300 region 0:0x00000000fe6e0000
05-09 22:43:32.603 0 0 I CPU3 : Booted secondary processor 0x0000000300 [0x412fd050]
05-09 22:43:32.603 1286 1286 I : CPU3 is up
05-09 22:43:32.604 0 0 I : Detected PIPT I-cache on CPU4
05-09 22:43:32.604 0 0 I GICv3 : CPU4: found redistributor 400 region 0:0x00000000fe700000
05-09 22:43:32.605 0 0 I CPU4 : Booted secondary processor 0x0000000400 [0x414fd0b0]
05-09 22:43:32.605 1286 1286 I : CPU4 is up
05-09 22:43:32.606 0 0 I : Detected PIPT I-cache on CPU5
05-09 22:43:32.606 0 0 I GICv3 : CPU5: found redistributor 500 region 0:0x00000000fe720000
05-09 22:43:32.606 0 0 I CPU5 : Booted secondary processor 0x0000000500 [0x414fd0b0]
05-09 22:43:32.607 1286 1286 I : CPU5 is up
05-09 22:43:32.608 0 0 I : Detected PIPT I-cache on CPU6
05-09 22:43:32.608 0 0 I GICv3 : CPU6: found redistributor 600 region 0:0x00000000fe740000
05-09 22:43:32.609 0 0 I CPU6 : Booted secondary processor 0x0000000600 [0x414fd0b0]
05-09 22:43:32.610 1286 1286 I : CPU6 is up
05-09 22:43:32.611 0 0 I : Detected PIPT I-cache on CPU7
05-09 22:43:32.611 0 0 I GICv3 : CPU7: found redistributor 700 region 0:0x00000000fe760000
05-09 22:43:32.611 0 0 I CPU7 : Booted secondary processor 0x0000000700 [0x414fd0b0]
05-09 22:43:32.612 1286 1286 I : CPU7 is up
05-09 22:43:32.618 1286 1286 I rk_gmac-dwmac fe1c0000.ethernet: init for RGMII
05-09 22:43:32.618 1289 1289 I usb1 : root hub lost power or was reset
05-09 22:43:32.627 1286 1286 E PM : dpm_run_callback(): wacom_i2c_resume+0x0/0xdc returns -6
05-09 22:43:32.627 1286 1286 E PM : Device 4-0009 failed to resume: error -6
05-09 22:43:32.691 1286 1286 I usb2 : root hub lost power or was reset
05-09 22:43:32.786 1286 1286 I : OOM killer enabled.
05-09 22:43:32.786 1286 1286 I : Restarting tasks ... done.
05-09 22:43:32.796 1286 1286 I : Resume caused by IRQ 114, hym8563
05-09 22:43:32.796 1286 1286 I PM : suspend exit
05-09 22:44:31.278 437 437 W healthd : battery l=100 v=8700 t=26.0 h=1 st=5 c=0 fc=9700000 cc=6 chg=u
05-09 22:44:31.278 2334 2334 I : mmc_host mmc0: Bus speed (slot 0) = 400000Hz (slot req 400000Hz, actual 400000HZ div = 0)
05-09 22:44:31.377 1286 1286 I PM : suspend entry (deep)
05-09 22:44:31.387 1286 1286 I Filesystems sync: 0.010 seconds
05-09 22:44:31.387 1286 1286 I : Freezing user space processes ... (elapsed 0.006 seconds) done.
05-09 22:44:31.394 1286 1286 I : OOM killer disabled.
05-09 22:44:31.394 1286 1286 I : Freezing remaining freezable tasks ...
05-09 22:44:31.467 2334 2334 I : mmc_host mmc0: Bus speed (slot 0) = 49500000Hz (slot req 50000000Hz, actual 49500000HZ div = 0)
05-09 22:44:31.476 1286 1286 W : (elapsed 0.082 seconds) done.
05-09 22:44:31.476 1286 1286 I printk : Suspending console(s) (use no_console_suspend to debug)
05-09 22:44:31.552 1286 1286 E regulator-dummy: Underflow of regulator enable count
05-09 22:44:31.552 1286 1286 E wacom_i2c 4-0009: disable regulator failed -22
05-09 22:44:31.561 798 798 I android_work: did not send uevent (0 0 0000000000000000)
05-09 22:44:32.596 1286 1286 I : Disabling non-boot CPUs ...
05-09 22:44:32.597 1286 1286 I psci : CPU1 killed (polled 0 ms)
05-09 22:44:32.598 1286 1286 I psci : CPU2 killed (polled 0 ms)
05-09 22:44:32.599 1286 1286 I psci : CPU3 killed (polled 0 ms)
05-09 22:44:32.601 1286 1286 I psci : CPU4 killed (polled 0 ms)
05-09 22:44:32.604 1286 1286 I psci : CPU5 killed (polled 0 ms)
05-09 22:44:32.605 1286 1286 I psci : CPU6 killed (polled 4 ms)
05-09 22:44:32.607 1286 1286 I psci : CPU7 killed (polled 0 ms)
05-09 22:45:31.077 0 0 W [ C0] PM: pm_system_irq_wakeup: 114 triggered hym8563
05-09 22:45:31.077 1286 1286 I : Enabling non-boot CPUs ...
05-09 22:45:31.078 0 0 I : Detected VIPT I-cache on CPU1
05-09 22:45:31.078 0 0 I GICv3 : CPU1: found redistributor 100 region 0:0x00000000fe6a0000
05-09 22:45:31.078 0 0 I CPU1 : Booted secondary processor 0x0000000100 [0x412fd050]
05-09 22:45:31.079 1286 1286 I : CPU1 is up
05-09 22:45:31.080 0 0 I : Detected VIPT I-cache on CPU2
05-09 22:45:31.080 0 0 I GICv3 : CPU2: found redistributor 200 region 0:0x00000000fe6c0000
05-09 22:45:31.080 0 0 I CPU2 : Booted secondary processor 0x0000000200 [0x412fd050]
05-09 22:45:31.080 1286 1286 I : CPU2 is up
05-09 22:45:31.081 0 0 I : Detected VIPT I-cache on CPU3
05-09 22:45:31.081 0 0 I GICv3 : CPU3: found redistributor 300 region 0:0x00000000fe6e0000
05-09 22:45:31.081 0 0 I CPU3 : Booted secondary processor 0x0000000300 [0x412fd050]
05-09 22:45:31.082 1286 1286 I : CPU3 is up
