05-09 12:04:34.522 621 641 I am_kill : [0,7336,android:ui,995,empty for 1812s]
05-09 12:04:34.524 4865 4865 I wm_on_stop_called: [99391621,com.android.permissioncontroller.permission.ui.GrantPermissionsActivity,LIFECYCLER_STOP_ACTIVITY]
05-09 12:04:34.524 4865 4865 I wm_on_destroy_called: [99391621,com.android.permissioncontroller.permission.ui.GrantPermissionsActivity,performDestroy]
05-09 12:04:34.535 621 706 I input_focus: [Focus entering 1bce780 com.ebensz.email/com.ebensz.email.activity.setup.AccountSetupBasics (server),reason=Window became focusable. Previous reason: NOT_VISIBLE]
05-09 12:04:34.538 621 4709 I am_proc_died: [0,7336,android:ui,995,19]
05-09 12:04:34.714 621 641 I wm_destroy_activity: [0,17197442,252,com.ebensz.email/.privacypolicy.PermissionsActivity,finish-imm:idle]
05-09 12:04:34.727 10239 10239 I wm_on_stop_called: [17197442,com.ebensz.email.privacypolicy.PermissionsActivity,LIFECYCLER_STOP_ACTIVITY]
05-09 12:04:34.728 10239 10239 I wm_on_destroy_called: [17197442,com.ebensz.email.privacypolicy.PermissionsActivity,performDestroy]
05-10 02:43:26.766 555 555 W : abc audioDBG [es8323_mute] start mute:1
05-10 02:43:26.766 555 555 I [Awinic] [3-0058]aw_acf_get_prof_desc_form_name: get prof desc down
05-10 02:43:26.767 555 555 I [Awinic] [3-005b]aw_acf_get_prof_desc_form_name: get prof desc down
05-09 12:04:37.002 621 706 I input_interaction: Interaction with: 1bce780 com.ebensz.email/com.ebensz.email.activity.setup.AccountSetupBasics (server), PointerEventDispatcher0 (server),
05-09 12:04:38.311 621 621 I notification_enqueue: [10072,10239,com.ebensz.email,1111,NULL,0,Notification(channel=100 shortcut=null contentView=null vibrate=null sound=null defaults=0x0 flags=0x40 color=0x00000000 vis=PRIVATE),0]
05-09 12:04:38.514 621 621 I sysui_multi_action: [757,1501,758,1,793,209,794,0,795,209,796,1111,806,com.ebensz.email,857,100,858,2,947,0,1500,0,1688,4,1689,2,1690,1]
05-09 12:04:38.515 621 621 I sysui_multi_action: [757,804,799,note_interruptive,801,0,802,1]
05-10 02:43:31.420 1124 1124 I logd : start watching /data/system/packages.list ...
05-10 02:43:31.424 1124 1124 I logd : ReadPackageList, total packages: 105
05-09 12:04:39.995 621 669 I commit_sys_config_file: [package-user-0,6]
05-09 12:04:39.995 621 669 I commit_sys_config_file: [package,75]
05-09 12:04:42.658 621 706 I input_interaction: Interaction with: 15a3794 NavigationBar0 (server), PointerEventDispatcher0 (server),
05-09 12:04:42.663 776 776 I sysui_multi_action: [757,931,758,4,759,4,932,0,933,0]
05-09 12:04:42.671 621 706 I input_interaction: Interaction with: 1bce780 com.ebensz.email/com.ebensz.email.activity.setup.AccountSetupBasics (server), PointerEventDispatcher0 (server),
05-09 12:04:42.673 621 706 I input_interaction: Interaction with: 15a3794 NavigationBar0 (server), PointerEventDispatcher0 (server),
05-10 02:43:34.120 2556 2556 W : abc audioDBG [es8323_mute] start mute:0
05-10 02:43:34.130 2556 2556 I [Awinic] [3-0058]aw_acf_get_prof_desc_form_name: get prof desc down
05-10 02:43:34.144 2556 2556 I [Awinic] [3-005b]aw_acf_get_prof_desc_form_name: get prof desc down
05-09 12:04:42.816 776 776 I sysui_multi_action: [757,931,758,4,759,4,932,0,933,1]
05-09 12:04:42.818 621 4709 I sysui_multi_action: [757,803,799,key_back_press,802,1]
05-10 02:43:35.275 555 555 W : abc audioDBG [es8323_mute] start mute:1
05-10 02:43:35.275 555 555 I [Awinic] [3-0058]aw_acf_get_prof_desc_form_name: get prof desc down
05-10 02:43:35.276 555 555 I [Awinic] [3-005b]aw_acf_get_prof_desc_form_name: get prof desc down
05-09 12:04:43.921 776 776 I sysui_multi_action: [757,931,758,4,759,3,932,0,933,0]
05-10 02:43:35.375 2556 2556 W : abc audioDBG [es8323_mute] start mute:0
05-10 02:43:35.385 2556 2556 I [Awinic] [3-0058]aw_acf_get_prof_desc_form_name: get prof desc down
05-10 02:43:35.401 2556 2556 I [Awinic] [3-005b]aw_acf_get_prof_desc_form_name: get prof desc down
05-09 12:04:44.056 776 776 I sysui_multi_action: [757,931,758,4,759,3,932,0,933,1]
05-09 12:04:44.076 621 639 I wm_task_moved: [1,1,16]
05-09 12:04:44.078 621 639 I wm_task_moved: [202,1,2147483647]
05-09 12:04:44.078 621 639 I wm_task_to_front: [0,202]
05-09 12:04:44.079 10239 10239 I wm_on_top_resumed_lost_called: [20804207,com.ebensz.email.activity.setup.AccountSetupBasics,topStateChangedWhenResumed]
05-09 12:04:44.079 621 639 I wm_focused_root_task: [0,0,1,252,bringingFoundTaskToFront]
05-09 12:04:44.081 621 639 I wm_set_resumed_activity: [0,com.android.launcher3/.uioverrides.QuickstepLauncher,bringingFoundTaskToFront]
05-09 12:04:44.081 621 639 I wm_new_intent: [0,38094970,202,com.android.launcher3/.uioverrides.QuickstepLauncher,android.intent.action.MAIN,NULL,NULL,268435712]
05-09 12:04:44.082 621 639 I wm_pause_activity: [0,20804207,com.ebensz.email/.activity.setup.AccountSetupBasics,userLeaving=true,pauseBackTasks]
05-09 12:04:44.084 621 639 I wm_add_to_stopping: [0,20804207,com.ebensz.email/.activity.setup.AccountSetupBasics,makeInvisible]
05-09 12:04:44.086 621 639 I wm_set_resumed_activity: [0,com.android.launcher3/.uioverrides.QuickstepLauncher,resumeTopActivity]
05-09 12:04:44.088 621 639 I wm_resume_activity: [0,38094970,202,com.android.launcher3/.uioverrides.QuickstepLauncher]
05-09 12:04:44.093 621 641 I sysui_multi_action: [757,803,799,window_time_0,802,10]
05-09 12:04:44.093 10239 10239 I wm_on_paused_called: [20804207,com.ebensz.email.activity.setup.AccountSetupBasics,performPause]
05-09 12:04:44.099 1053 1053 I wm_on_restart_called: [38094970,com.android.launcher3.uioverrides.QuickstepLauncher,performRestartActivity]
05-09 12:04:44.100 1053 1053 I wm_on_start_called: [38094970,com.android.launcher3.uioverrides.QuickstepLauncher,handleStartActivity]
05-09 12:04:44.101 1053 1053 I wm_on_resume_called: [38094970,com.android.launcher3.uioverrides.QuickstepLauncher,RESUME_ACTIVITY]
05-09 12:04:44.101 1053 1053 I wm_on_top_resumed_gained_called: [38094970,com.android.launcher3.uioverrides.QuickstepLauncher,topStateChangedWhenResumed]
05-09 12:04:44.108 621 646 I am_pss : [10239,10072,com.ebensz.email,35677184,28999680,0,184434688,0,2,7]
05-09 12:04:44.113 621 706 I input_focus: [Focus leaving 1bce780 com.ebensz.email/com.ebensz.email.activity.setup.AccountSetupBasics (server),reason=NO_WINDOW]
05-09 12:04:44.121 621 642 I input_focus: [Focus request 469bc2e com.android.launcher3/com.android.launcher3.uioverrides.QuickstepLauncher,reason=UpdateInputWindows]
05-09 12:04:44.150 621 638 I sysui_multi_action: [319,79,322,69,325,12081,757,761,758,9,759,2,806,com.android.launcher3,871,com.android.launcher3.uioverrides.QuickstepLauncher,905,0,1320,8,1321,5]
05-09 12:04:44.169 621 706 I input_focus: [Focus entering 469bc2e com.android.launcher3/com.android.launcher3.uioverrides.QuickstepLauncher (server),reason=Window became focusable. Previous reason: NOT_VISIBLE]
05-09 12:04:44.760 621 641 I wm_stop_activity: [0,20804207,com.ebensz.email/.activity.setup.AccountSetupBasics]
05-09 12:04:44.781 10239 10239 I wm_on_stop_called: [20804207,com.ebensz.email.activity.setup.AccountSetupBasics,STOP_ACTIVITY_ITEM]
05-10 02:43:36.526 555 555 W : abc audioDBG [es8323_mute] start mute:1
05-10 02:43:36.526 555 555 I [Awinic] [3-0058]aw_acf_get_prof_desc_form_name: get prof desc down
05-10 02:43:36.526 555 555 I [Awinic] [3-005b]aw_acf_get_prof_desc_form_name: get prof desc down
05-09 12:04:46.790 621 706 I input_interaction: Interaction with: 469bc2e com.android.launcher3/com.android.launcher3.uioverrides.QuickstepLauncher (server), 6ef0dbd com.android.systemui.ImageWallpaper (server), PointerEventDispatcher0 (server),
05-09 12:04:46.902 621 6404 I wm_task_moved: [214,1,16]
05-09 12:04:46.902 621 6404 I wm_task_to_front: [0,214]
05-09 12:04:46.906 621 6404 I wm_focused_root_task: [0,0,214,1,bringingFoundTaskToFront]
05-09 12:04:46.907 621 6404 I wm_set_resumed_activity: [0,com.android.settings/.SubSettings,bringingFoundTaskToFront]
05-09 12:04:46.908 621 6404 I wm_finish_activity: [0,163555140,214,com.android.settings/.SubSettings,clear-task-stack]
05-09 12:04:46.908 621 6404 I wm_destroy_activity: [0,163555140,214,com.android.settings/.SubSettings,finish-imm:finishIfPossible]
05-09 12:04:46.909 621 6404 I wm_new_intent: [0,159296636,214,com.android.settings/.Settings,android.intent.action.MAIN,NULL,NULL,270532608]
05-09 12:04:46.911 621 6404 I wm_pause_activity: [0,38094970,com.android.launcher3/.uioverrides.QuickstepLauncher,userLeaving=true,pauseBackTasks]
05-09 12:04:46.911 4826 4826 I wm_on_destroy_called: [163555140,com.android.settings.SubSettings,performDestroy]
05-09 12:04:46.921 1053 1053 I wm_on_top_resumed_lost_called: [38094970,com.android.launcher3.uioverrides.QuickstepLauncher,topStateChangedWhenResumed]
05-09 12:04:46.921 1053 1053 I wm_on_paused_called: [38094970,com.android.launcher3.uioverrides.QuickstepLauncher,performPause]
05-09 12:04:46.922 621 4709 I wm_set_resumed_activity: [0,com.android.settings/.Settings,resumeTopActivity]
05-09 12:04:46.923 621 4709 I wm_add_to_stopping: [0,38094970,com.android.launcher3/.uioverrides.QuickstepLauncher,makeInvisible]
05-09 12:04:46.924 621 4709 I wm_resume_activity: [0,159296636,214,com.android.settings/.Settings]
05-10 02:43:38.359 2556 2556 W : abc audioDBG [es8323_mute] start mute:0
05-09 12:04:46.928 621 641 I sysui_multi_action: [757,803,799,window_time_0,802,2]
05-10 02:43:38.369 2556 2556 I [Awinic] [3-0058]aw_acf_get_prof_desc_form_name: get prof desc down
05-09 12:04:46.935 4826 4826 I wm_on_restart_called: [159296636,com.android.settings.Settings,performRestartActivity]
05-09 12:04:46.940 621 706 I input_focus: [Focus leaving 469bc2e com.android.launcher3/com.android.launcher3.uioverrides.QuickstepLauncher (server),reason=NO_WINDOW]
05-09 12:04:46.945 4826 4826 I wm_on_start_called: [159296636,com.android.settings.Settings,handleStartActivity]
05-09 12:04:46.947 4826 4826 I snet_event_log: [120484087,-1,]
05-10 02:43:38.383 2556 2556 I [Awinic] [3-005b]aw_acf_get_prof_desc_form_name: get prof desc down
05-09 12:04:46.948 4826 4826 I wm_on_resume_called: [159296636,com.android.settings.Settings,RESUME_ACTIVITY]
05-09 12:04:46.948 4826 4826 I sysui_multi_action: [757,35,758,1,833,0,1089,0]
05-09 12:04:46.950 4826 4826 I wm_on_top_resumed_gained_called: [159296636,com.android.settings.Settings,topWhenResuming]
05-09 12:04:46.955 319 319 I auditd : type=1400 audit(0.0:1068): avc: denied { read } for comm="Binder:319_2" name="wakeup4" dev="sysfs" ino=24387 scontext=u:r:system_suspend:s0 tcontext=u:object_r:sysfs:s0 tclass=dir permissive=1
05-09 12:04:46.955 319 319 I auditd : type=1400 audit(0.0:1069): avc: denied { open } for comm="Binder:319_2" path="/sys/devices/platform/fdba8000.jpege-core/wakeup/wakeup4" dev="sysfs" ino=24387 scontext=u:r:system_suspend:s0 tcontext=u:object_r:sysfs:s0 tclass=dir permissive=1
05-09 12:04:46.955 319 319 I auditd : type=1400 audit(0.0:1070): avc: denied { read } for comm="Binder:319_2" name="event_count" dev="sysfs" ino=24394 scontext=u:r:system_suspend:s0 tcontext=u:object_r:sysfs:s0 tclass=file permissive=1
05-09 12:04:46.955 319 319 I auditd : type=1400 audit(0.0:1071): avc: denied { open } for comm="Binder:319_2" path="/sys/devices/platform/fdba8000.jpege-core/wakeup/wakeup4/event_count" dev="sysfs" ino=24394 scontext=u:r:system_suspend:s0 tcontext=u:object_r:sysfs:s0 tclass=file permissive=1
05-09 12:04:46.955 319 319 I auditd : type=1400 audit(0.0:1072): avc: denied { getattr } for comm="Binder:319_2" path="/sys/devices/platform/fdba8000.jpege-core/wakeup/wakeup4/event_count" dev="sysfs" ino=24394 scontext=u:r:system_suspend:s0 tcontext=u:object_r:sysfs:s0 tclass=file permissive=1
05-09 12:04:46.963 621 642 I input_focus: [Focus request 827062d com.android.settings/com.android.settings.Settings,reason=UpdateInputWindows]
05-09 12:04:46.968 319 319 I auditd : type=1400 audit(0.0:1073): avc: denied { read } for comm="Binder:319_2" name="wakeup25" dev="sysfs" ino=42260 scontext=u:r:system_suspend:s0 tcontext=u:object_r:power_supply_tcpm:s0 tclass=dir permissive=1
05-09 12:04:46.968 319 319 I auditd : type=1400 audit(0.0:1074): avc: denied { open } for comm="Binder:319_2" path="/sys/devices/platform/feaa0000.i2c/i2c-2/2-004e/power_supply/tcpm-source-psy-2-004e/wakeup25" dev="sysfs" ino=42260 scontext=u:r:system_suspend:s0 tcontext=u:object_r:power_supply_tcpm:s0 tclass=dir permissive=1
05-10 02:43:38.406 327 327 W audit : audit_lost=736 audit_rate_limit=5 audit_backlog_limit=64
05-10 02:43:38.406 327 327 E audit : rate limit exceeded
05-09 12:04:46.983 621 638 I sysui_multi_action: [319,51,321,49,322,86,325,12084,757,761,758,9,759,1,806,com.android.settings,871,com.android.settings.Settings,904,com.android.launcher3,905,0,1320,9,1321,1]
05-09 12:04:46.995 621 706 I input_focus: [Focus entering 827062d com.android.settings/com.android.settings.Settings (server),reason=Window became focusable. Previous reason: NO_WINDOW]
05-09 12:04:47.453 621 642 I dvm_lock_sample: [system_server,1,android.anim,6,WindowAnimator.java,103,void com.android.server.wm.WindowAnimator.lambda$new$1$WindowAnimator(long),Session.java,530,void com.android.server.wm.Session.setWallpaperZoomOut(android.os.IBinder, float),1]
05-09 12:04:47.490 621 641 I wm_stop_activity: [0,38094970,com.android.launcher3/.uioverrides.QuickstepLauncher]
05-09 12:04:47.522 1053 1053 I wm_on_stop_called: [38094970,com.android.launcher3.uioverrides.QuickstepLauncher,STOP_ACTIVITY_ITEM]
05-10 02:43:39.527 555 555 W : abc audioDBG [es8323_mute] start mute:1
05-10 02:43:39.527 555 555 I [Awinic] [3-0058]aw_acf_get_prof_desc_form_name: get prof desc down
05-10 02:43:39.528 555 555 I [Awinic] [3-005b]aw_acf_get_prof_desc_form_name: get prof desc down
05-09 12:04:48.769 621 706 I input_interaction: Interaction with: dfced55 StatusBar (server), PointerEventDispatcher0 (server),
05-09 12:04:48.781 776 776 I sysui_multi_action: [757,803,799,panel_open,802,1]
05-09 12:04:48.800 776 776 I sysui_multi_action: [757,1328,758,4,1326,89,1327,0,1329,0]
05-09 12:04:48.955 621 707 I sysui_multi_action: [757,804,799,power_consecutive_short_tap_count,801,1,802,1]
05-09 12:04:48.956 621 707 I sysui_multi_action: [757,804,799,power_double_tap_interval,801,99029,802,1]
05-09 12:04:48.956 621 707 I intercept_power: [ACTION_DOWN,0,0]
05-09 12:04:49.131 621 707 I intercept_power: [ACTION_UP,0,0]
05-09 12:04:49.134 621 621 I power_sleep_requested: 0
05-09 12:04:49.152 776 776 I view_enqueue_input_event: [Motion - Cancel,StatusBar]
05-09 12:04:49.160 621 646 I am_pss : [10270,10062,com.android.exchange:remote,8340480,5926912,0,97878016,0,19,6]
05-09 12:04:49.175 621 646 I am_pss : [10290,10072,com.ebensz.email:remote,9092096,4931584,0,103956480,0,19,6]
05-10 02:43:40.621 2556 2556 W : abc audioDBG [es8323_mute] start mute:0
05-10 02:43:40.631 2556 2556 I [Awinic] [3-0058]aw_acf_get_prof_desc_form_name: get prof desc down
05-09 12:04:49.199 621 662 I sysui_multi_action: [757,1696,758,6,759,0]
05-10 02:43:40.645 2556 2556 I [Awinic] [3-005b]aw_acf_get_prof_desc_form_name: get prof desc down
05-09 12:04:49.658 621 662 I wm_pause_activity: [0,159296636,com.android.settings/.Settings,userLeaving=false,sleep]
05-09 12:04:49.658 4826 4826 I wm_on_top_resumed_lost_called: [159296636,com.android.settings.Settings,topStateChangedWhenResumed]
05-10 02:43:41.096 442 442 I gsensor_mxc6655 5-0015: set sensor poll time to 200ms
05-09 12:04:49.668 4826 4826 I sysui_multi_action: [757,35,758,2,1089,2720]
05-09 12:04:49.669 4826 4826 I wm_on_paused_called: [159296636,com.android.settings.Settings,performPause]
05-09 12:04:49.673 621 4709 I wm_add_to_stopping: [0,159296636,com.android.settings/.Settings,makeInvisible]
05-09 12:04:49.680 621 641 I wm_stop_activity: [0,159296636,com.android.settings/.Settings]
05-09 12:04:49.681 621 641 I sysui_multi_action: [757,803,799,window_time_0,802,3]
05-09 12:04:49.708 4826 4826 I wm_on_stop_called: [159296636,com.android.settings.Settings,STOP_ACTIVITY_ITEM]
05-09 12:04:49.711 621 707 I sysui_multi_action: [757,804,799,power_consecutive_short_tap_count,801,1,802,1]
05-09 12:04:49.711 621 707 I sysui_multi_action: [757,804,799,power_double_tap_interval,801,757,802,1]
05-09 12:04:49.712 621 707 I intercept_power: [ACTION_DOWN,0,0]
05-09 12:04:49.719 621 621 I sysui_multi_action: [757,198,758,2,759,2,1359,760,1695,1]
05-09 12:04:49.719 621 662 I wm_set_resumed_activity: [0,com.android.settings/.Settings,resumeTopActivity]
05-09 12:04:49.719 621 621 I power_screen_state: [0,2,0,0,760]
05-09 12:04:49.719 621 621 I screen_toggled: 0
05-09 12:04:49.719 621 621 I sysui_multi_action: [757,804,799,screen_timeout,801,300,802,1]
05-09 12:04:49.722 621 662 I wm_resume_activity: [0,159296636,214,com.android.settings/.Settings]
05-09 12:04:49.724 621 621 I sysui_multi_action: [757,1594,758,4,759,-2147483648,1359,99162]
05-09 12:04:49.724 621 621 I power_screen_broadcast_send: 1
05-09 12:04:49.725 621 621 I screen_toggled: 1
05-09 12:04:49.727 621 662 I sysui_multi_action: [757,1696,758,6,759,3]
05-09 12:04:49.749 621 6047 I wm_set_keyguard_shown: [1,0,0,setKeyguardShown]
05-09 12:04:49.750 621 6047 I wm_pause_activity: [0,159296636,com.android.settings/.Settings,userLeaving=false,sleep]
05-09 12:04:49.752 621 6047 I wm_add_to_stopping: [0,159296636,com.android.settings/.Settings,makeInvisible]
05-09 12:04:49.759 4826 4826 I wm_on_restart_called: [159296636,com.android.settings.Settings,performRestartActivity]
05-09 12:04:49.762 4826 4826 I wm_on_start_called: [159296636,com.android.settings.Settings,handleStartActivity]
05-09 12:04:49.762 4826 4826 I snet_event_log: [120484087,-1,]
05-09 12:04:49.763 4826 4826 I wm_on_resume_called: [159296636,com.android.settings.Settings,RESUME_ACTIVITY]
05-09 12:04:49.763 4826 4826 I sysui_multi_action: [757,35,758,1,833,0,1089,0]
05-09 12:04:49.765 621 621 I power_screen_broadcast_done: [0,41,1]
05-09 12:04:49.765 621 621 I power_screen_broadcast_send: 1
05-09 12:04:49.766 776 776 I sysui_multi_action: [757,111,758,1]
05-09 12:04:49.767 776 776 I sysui_multi_action: [757,0,758,1,759,0,927,0,1593,0]
05-09 12:04:49.767 776 776 I sysui_multi_action: [757,123,758,1,759,123,927,1,928,1,1593,0]
05-09 12:04:49.767 776 776 I sysui_multi_action: [757,261,758,1,759,261,927,2,928,0,1593,0]
05-09 12:04:49.767 776 776 I sysui_multi_action: [757,0,758,1,759,0,927,3,1593,0]
05-09 12:04:49.767 776 776 I sysui_multi_action: [757,0,758,1,759,0,927,4,928,0,1593,0]
05-09 12:04:49.767 776 776 I sysui_multi_action: [757,1800,758,1,759,1800,927,5,928,0,1593,0]
05-09 12:04:49.768 4826 4826 I wm_on_top_resumed_gained_called: [159296636,com.android.settings.Settings,topWhenResuming]
05-10 02:43:41.201 442 442 I gsensor_mxc6655 5-0015: set sensor poll time to 200ms
05-10 02:43:41.202 442 442 I gsensor_mxc6655 5-0015: sensor on: starting poll sensor data 196ms
05-09 12:04:49.773 4826 4826 I wm_on_top_resumed_lost_called: [159296636,com.android.settings.Settings,topStateChangedWhenResumed]
05-09 12:04:49.774 4826 4826 I sysui_multi_action: [757,35,758,2,1089,11]
05-09 12:04:49.774 4826 4826 I wm_on_paused_called: [159296636,com.android.settings.Settings,performPause]
05-09 12:04:49.775 621 641 I wm_stop_activity: [0,159296636,com.android.settings/.Settings]
05-09 12:04:49.776 621 641 I sysui_multi_action: [757,803,799,window_time_0,802,0]
05-09 12:04:49.778 4826 4826 I wm_on_stop_called: [159296636,com.android.settings.Settings,STOP_ACTIVITY_ITEM]
05-09 12:04:49.778 621 1055 I sysui_multi_action: [757,127,758,1]
05-09 12:04:49.778 621 1055 I sysui_multi_action: [757,804,799,note_load,801,8,802,1]
05-09 12:04:49.778 621 1055 I notification_panel_revealed: 8
05-09 12:04:49.796 776 776 I sysui_multi_action: [757,196,758,1,759,1]
05-09 12:04:49.797 776 776 I sysui_status_bar_state: [1,1,0,0,1,0]
05-09 12:04:49.797 621 621 I power_screen_broadcast_done: [1,31,1]
05-09 12:04:49.800 621 636 I sysui_multi_action: [757,127,758,2]
05-09 12:04:49.800 621 636 I notification_panel_hidden:
05-10 02:43:41.238 442 442 I gsensor_mxc6655 5-0015: set sensor poll time to 66ms
05-09 12:04:49.812 621 641 I user_activity_timeout_override: 10000
05-09 12:04:49.814 621 642 I input_focus: [Focus request 9a0b5e0 NotificationShade,reason=UpdateInputWindows]
05-09 12:04:49.838 621 5712 I sysui_multi_action: [757,127,758,1]
05-09 12:04:49.838 621 5712 I sysui_multi_action: [757,804,799,note_load,801,8,802,1]
05-09 12:04:49.838 621 5712 I notification_panel_revealed: 8
05-09 12:04:49.966 621 707 I intercept_power: [ACTION_UP,0,0]
05-10 02:43:41.471 353 353 I rockchip-vop2 fdd90000.vop: [drm:vop2_crtc_atomic_disable] Crtc atomic disable vp2
05-10 02:43:41.483 353 353 E rockchip-vop2 fdd90000.vop: [drm:vop2_crtc_atomic_disable] *ERROR* unexpected power on pd7
05-09 12:04:50.056 621 706 I input_focus: [Focus leaving 827062d com.android.settings/com.android.settings.Settings (server),reason=Waiting for window because NO_WINDOW]
05-09 12:04:50.059 621 706 I input_focus: [Focus entering 9a0b5e0 NotificationShade (server),reason=Window became focusable. Previous reason: NO_WINDOW]
05-10 02:43:41.556 353 353 I rockchip-vop2 fdd90000.vop: [drm:vop2_crtc_atomic_enable] Update mode to 1536x2048p55, type: 16(if:60) for vp2 dclk: 192000000
05-10 02:43:41.557 353 353 I rockchip-vop2 fdd90000.vop: [drm:vop2_crtc_atomic_enable] dclk_out2 div: 2 dclk_core2 div: 1
05-10 02:43:41.557 353 353 I rockchip-vop2 fdd90000.vop: [drm:vop2_crtc_atomic_enable] set dclk_vop2 to 96000000, get 96000000
05-10 02:43:41.872 437 437 W healthd : battery l=86 v=8270 t=28.0 h=1 st=2 c=0 fc=9700000 cc=6 chg=u
05-10 02:43:42.000 555 555 W : abc audioDBG [es8323_mute] start mute:1
05-10 02:43:42.000 555 555 I [Awinic] [3-0058]aw_acf_get_prof_desc_form_name: get prof desc down
05-10 02:43:42.001 555 555 I [Awinic] [3-005b]aw_acf_get_prof_desc_form_name: get prof desc down
05-10 02:43:42.064 353 353 I dw-mipi-dsi2 fde20000.dsi: [drm:dw_mipi_dsi2_encoder_enable] final DSI-Link bandwidth: 639999 x 8 Kbps
05-09 12:04:50.657 621 662 I sysui_latency: [5,944]
05-09 12:04:50.657 621 621 I sysui_multi_action: [757,198,758,1,759,1,1359,947,1694,1]
05-09 12:04:50.658 621 621 I power_screen_state: [1,0,0,0,947]
05-09 12:04:50.690 621 1048 I sysui_multi_action: [757,128,758,1,793,2219679,794,0,795,2219679,796,26,798,0,806,android,857,DEVELOPER_IMPORTANT,858,4,947,0,1395,8,1500,95697,1688,1]
05-09 12:04:50.690 621 1048 I sysui_multi_action: [757,1501,758,1,793,2219680,794,1,795,2219680,796,26,806,android,857,DEVELOPER_IMPORTANT,858,4,947,0,1500,0,1688,1]
05-09 12:04:50.690 621 1048 I sysui_multi_action: [757,804,799,note_interruptive,801,0,802,1]
05-09 12:04:50.690 621 1048 I sysui_multi_action: [757,804,799,note_freshness,801,2219679,802,1]
05-09 12:04:50.690 621 1048 I notification_visibility: [-1|android|26|null|1000,1,2219679,2219679,0,0]
05-09 12:04:50.691 621 1048 I sysui_multi_action: [757,128,758,1,793,9922279,794,0,795,9922279,796,1001,798,2,806,com.ebensz.filemanager,857,MtpSyncService,858,2,947,0,1395,8,1500,95698,1688,1]
05-09 12:04:50.691 621 1048 I sysui_multi_action: [757,1501,758,1,793,9922279,794,0,795,9922279,796,1001,806,com.ebensz.filemanager,857,MtpSyncService,858,2,947,0,1500,0,1688,1]
05-09 12:04:50.691 621 1048 I sysui_multi_action: [757,804,799,note_interruptive,801,0,802,1]
05-09 12:04:50.691 621 1048 I sysui_multi_action: [757,804,799,note_freshness,801,9922279,802,1]
05-09 12:04:50.691 621 1048 I notification_visibility: [0|com.ebensz.filemanager|1001|null|10040,1,9922279,9922279,0,2]
05-09 12:04:50.692 621 1048 I sysui_multi_action: [757,128,758,1,793,10332434,794,0,795,10332434,796,1,798,3,806,com.ebensz.enote.notepad,857,recording_channel_01,858,2,947,0,1395,8,1500,95697,1688,4,1689,2,1690,1]
05-09 12:04:50.693 621 1048 I sysui_multi_action: [757,1501,758,1,793,10332434,794,0,795,10332434,796,1,806,com.ebensz.enote.notepad,857,recording_channel_01,858,2,947,0,1500,0,1688,4,1689,2,1690,1]
05-09 12:04:50.693 621 1048 I sysui_multi_action: [757,804,799,note_interruptive,801,0,802,1]
05-09 12:04:50.693 621 1048 I sysui_multi_action: [757,804,799,note_freshness,801,10332434,802,1]
05-09 12:04:50.693 621 1048 I notification_visibility: [0|com.ebensz.enote.notepad|1|null|10038,1,10332434,10332434,0,3]
05-09 12:04:50.693 621 1048 I sysui_multi_action: [757,128,758,1,793,12388,794,0,795,12388,796,1111,798,1,806,com.ebensz.email,857,100,858,2,947,0,1395,8,1500,12179,1688,4,1689,2,1690,1]
05-09 12:04:50.694 621 1048 I sysui_multi_action: [757,1501,758,1,793,12388,794,0,795,12388,796,1111,806,com.ebensz.email,857,100,858,2,947,0,1500,0,1688,4,1689,2,1690,1]
05-09 12:04:50.694 621 1048 I sysui_multi_action: [757,804,799,note_interruptive,801,0,802,1]
05-09 12:04:50.694 621 1048 I sysui_multi_action: [757,804,799,note_freshness,801,12388,802,1]
05-09 12:04:50.694 621 1048 I notification_visibility: [0|com.ebensz.email|1111|null|10072,1,12388,12388,0,1]
05-09 12:04:50.694 621 1048 I sysui_multi_action: [757,128,758,1,793,64799071,794,0,795,64799071,796,55,798,4,806,android,857,DEVELOPER,858,2,947,0,1395,8,1500,95697,1688,1]
05-09 12:04:50.694 621 1048 I sysui_multi_action: [757,1501,758,1,793,64799071,794,0,795,64799071,796,55,806,android,857,DEVELOPER,858,2,947,0,1500,0,1688,1]
05-09 12:04:50.695 621 1048 I sysui_multi_action: [757,804,799,note_interruptive,801,0,802,1]
05-09 12:04:50.695 621 1048 I sysui_multi_action: [757,804,799,note_freshness,801,64799071,802,1]
05-09 12:04:50.696 621 1048 I notification_visibility: [-1|android|55|null|1000,1,64799071,64799071,0,4]
05-10 02:43:42.158 360 360 E rockchip-vop2 fdd90000.vop: [drm:vop2_wait_power_domain_off] *ERROR* wait pd7 off timeout power_ctrl: 0x7f
05-09 12:04:51.480 621 706 I input_interaction: Interaction with: 9a0b5e0 NotificationShade (server), PointerEventDispatcher0 (server),
05-09 12:04:51.691 776 776 I sysui_multi_action: [757,197,758,1,759,1]
05-09 12:04:51.692 776 776 I sysui_status_bar_state: [1,1,0,1,1,0]
05-09 12:04:51.720 776 776 I sysui_multi_action: [757,186,758,4,826,317,827,2251]
05-09 12:04:51.721 776 776 I sysui_lockscreen_gesture: [1,317,2251]
05-09 12:04:51.732 621 1048 I sysui_multi_action: [757,128,758,1,793,9559248,794,0,795,3031293,796,5,798,5,806,com.ebensz.enote.memo,857,com.ebensz.enote.memo,858,2,947,0,1395,8,1500,3031293,1688,4,1689,2,1690,1]
05-09 12:04:51.732 621 1048 I sysui_multi_action: [757,804,799,note_freshness,801,3031293,802,1]
05-09 12:04:51.732 621 1048 I notification_visibility: [0|com.ebensz.enote.memo|5|null|10027,1,9559248,3031293,0,5]
05-09 12:04:51.732 621 1048 I sysui_multi_action: [757,128,758,1,793,10470193,794,0,795,9933623,796,1009,798,6,806,cn.eben.sync,857,CloudService,858,2,947,0,1395,8,1500,9933623,1688,1]
05-09 12:04:51.732 621 1048 I sysui_multi_action: [757,804,799,note_freshness,801,9933623,802,1]
05-09 12:04:51.733 621 1048 I notification_visibility: [0|cn.eben.sync|1009|null|10064,1,10470193,9933623,0,6]
05-09 12:04:51.758 621 1055 I sysui_multi_action: [757,128,758,2,793,2220748,794,1069,795,2220748,796,26,798,0,806,android,857,DEVELOPER_IMPORTANT,858,4,947,0,1395,8,1500,1068,1688,1]
05-09 12:04:51.758 621 1055 I notification_visibility: [-1|android|26|null|1000,0,2220748,2220748,0,0]
05-09 12:04:51.759 621 1055 I sysui_multi_action: [757,128,758,2,793,9923347,794,1068,795,9923347,796,1001,798,2,806,com.ebensz.filemanager,857,MtpSyncService,858,2,947,0,1395,8,1500,1068,1688,1]
05-09 12:04:51.759 621 1055 I notification_visibility: [0|com.ebensz.filemanager|1001|null|10040,0,9923347,9923347,0,2]
05-09 12:04:51.760 621 1055 I sysui_multi_action: [757,128,758,2,793,10333502,794,1068,795,10333502,796,1,798,3,806,com.ebensz.enote.notepad,857,recording_channel_01,858,2,947,0,1395,8,1500,1068,1688,4,1689,2,1690,1]
05-09 12:04:51.760 621 1055 I notification_visibility: [0|com.ebensz.enote.notepad|1|null|10038,0,10333502,10333502,0,3]
05-09 12:04:51.760 621 1055 I sysui_multi_action: [757,128,758,2,793,9559277,794,29,795,3031322,796,5,798,5,806,com.ebensz.enote.memo,857,com.ebensz.enote.memo,858,2,947,0,1395,8,1500,3031322,1688,4,1689,2,1690,1]
05-09 12:04:51.761 621 1055 I notification_visibility: [0|com.ebensz.enote.memo|5|null|10027,0,9559277,3031322,0,5]
05-09 12:04:51.761 621 1055 I sysui_multi_action: [757,128,758,2,793,13456,794,1068,795,13456,796,1111,798,1,806,com.ebensz.email,857,100,858,2,947,0,1395,8,1500,1068,1688,4,1689,2,1690,1]
05-09 12:04:51.761 621 1055 I notification_visibility: [0|com.ebensz.email|1111|null|10072,0,13456,13456,0,1]
05-09 12:04:51.761 621 1055 I sysui_multi_action: [757,128,758,2,793,64800138,794,1067,795,64800138,796,55,798,4,806,android,857,DEVELOPER,858,2,947,0,1395,8,1500,1067,1688,1]
05-09 12:04:51.761 621 1055 I notification_visibility: [-1|android|55|null|1000,0,64800138,64800138,0,4]
05-09 12:04:51.762 621 1055 I sysui_multi_action: [757,128,758,2,793,10470223,794,30,795,9933653,796,1009,798,6,806,cn.eben.sync,857,CloudService,858,2,947,0,1395,8,1500,9933653,1688,1]
05-09 12:04:51.762 621 1055 I notification_visibility: [0|cn.eben.sync|1009|null|10064,0,10470223,9933653,0,6]
05-09 12:04:51.763 621 6047 I sysui_multi_action: [757,127,758,2]
05-09 12:04:51.763 621 6047 I notification_panel_hidden:
05-09 12:04:52.901 621 706 I input_interaction: Interaction with: 15a3794 NavigationBar0 (server), PointerEventDispatcher0 (server),
05-10 02:43:44.358 2556 2556 W : abc audioDBG [es8323_mute] start mute:0
05-10 02:43:44.369 2556 2556 I [Awinic] [3-0058]aw_acf_get_prof_desc_form_name: get prof desc down
05-10 02:43:44.383 2556 2556 I [Awinic] [3-005b]aw_acf_get_prof_desc_form_name: get prof desc down
05-09 12:04:53.091 621 642 I input_focus: [Focus request 3e5c6fa Select input method,reason=UpdateInputWindows]
05-09 12:04:53.114 621 706 I input_focus: [Focus leaving 9a0b5e0 NotificationShade (server),reason=Waiting for window because NO_WINDOW]
05-09 12:04:53.169 621 706 I input_focus: [Focus entering 3e5c6fa Select input method (server),reason=Window became focusable. Previous reason: NOT_VISIBLE]
05-10 02:43:45.515 555 555 W : abc audioDBG [es8323_mute] start mute:1
05-10 02:43:45.515 555 555 I [Awinic] [3-0058]aw_acf_get_prof_desc_form_name: get prof desc down
05-10 02:43:45.516 555 555 I [Awinic] [3-005b]aw_acf_get_prof_desc_form_name: get prof desc down
05-09 12:04:55.399 621 706 I input_interaction: Interaction with: 3e5c6fa Select input method (server), PointerEventDispatcher0 (server),
05-10 02:43:47.013 2556 2556 W : abc audioDBG [es8323_mute] start mute:0
05-10 02:43:47.024 2556 2556 I [Awinic] [3-0058]aw_acf_get_prof_desc_form_name: get prof desc down
05-09 12:04:55.602 621 642 I dvm_lock_sample: [system_server,1,android.anim,27,WindowSurfacePlacer.java,56,void com.android.server.wm.WindowSurfacePlacer$Traverser.run(),TaskSnapshotCache.java,66,android.window.TaskSnapshot com.android.server.wm.TaskSnapshotCache.getSnapshot(int, int, boolean, boolean),5]
05-09 12:04:55.606 621 642 I input_focus: [Focus request 9a0b5e0 NotificationShade,reason=UpdateInputWindows]
05-10 02:43:47.041 2556 2556 I [Awinic] [3-005b]aw_acf_get_prof_desc_form_name: get prof desc down
05-09 12:04:55.628 621 706 I input_focus: [Focus entering 9a0b5e0 NotificationShade (server),reason=setFocusedWindow]
05-09 12:04:55.798 621 647 I am_wtf : [0,621,system_server,-1,ActivityManager,Sending non-protected broadcast com.ebensz.softkeyboard.inputModeChange from system 3977:com.ebensz.softkeyboard/1000 pkg com.ebensz.softkeyboard]
05-09 12:04:55.815 621 696 I commit_sys_config_file: [settings-2-0,9]
05-10 02:43:48.177 555 555 W : abc audioDBG [es8323_mute] start mute:1
05-10 02:43:48.177 555 555 I [Awinic] [3-0058]aw_acf_get_prof_desc_form_name: get prof desc down
05-10 02:43:48.177 555 555 I [Awinic] [3-005b]aw_acf_get_prof_desc_form_name: get prof desc down
05-09 12:04:57.535 621 706 I input_interaction: Interaction with: cbd2332 InputMethod (server), PointerEventDispatcher0 (server),
05-09 12:04:59.762 621 646 I am_pss : [10239,10072,com.ebensz.email,35538944,28835840,0,184233984,0,4,8]
05-09 12:04:59.811 776 776 I sysui_latency: [3,34]
05-09 12:04:59.812 776 776 I sysui_multi_action: [757,197,758,10]
05-09 12:04:59.812 776 776 I sysui_multi_action: [757,197,758,5,759,1]
05-09 12:04:59.991 621 6047 I uc_unlock_user: 0
05-09 12:04:59.991 621 6047 I uc_finish_user_unlocking: 0
05-09 12:05:00.007 776 776 I sysui_latency: [4,231]
05-09 12:05:00.325 621 6047 I wm_set_keyguard_shown: [1,0,1,keyguardGoingAway]
05-09 12:05:00.327 621 6047 I wm_set_resumed_activity: [0,com.android.settings/.Settings,resumeTopActivity]
05-09 12:05:00.336 621 6047 I wm_resume_activity: [0,159296636,214,com.android.settings/.Settings]
05-09 12:05:00.353 4826 4826 I wm_on_restart_called: [159296636,com.android.settings.Settings,performRestartActivity]
05-09 12:05:00.370 4826 4826 I wm_on_start_called: [159296636,com.android.settings.Settings,handleStartActivity]
05-09 12:05:00.372 4826 4826 I snet_event_log: [120484087,-1,]
05-09 12:05:00.373 4826 4826 I wm_on_resume_called: [159296636,com.android.settings.Settings,RESUME_ACTIVITY]
05-09 12:05:00.373 4826 4826 I sysui_multi_action: [757,35,758,1,833,0,1089,0]
05-09 12:05:00.377 776 776 I sysui_latency: [11,563]
05-09 12:05:00.383 4826 4826 I wm_on_top_resumed_gained_called: [159296636,com.android.settings.Settings,topWhenResuming]
05-09 12:05:00.397 776 776 I sysui_multi_action: [757,111,758,2]
05-09 12:05:00.419 776 776 I sysui_multi_action: [757,196,758,2,759,1]
05-09 12:05:00.419 776 776 I sysui_status_bar_state: [0,0,0,0,1,0]
05-09 12:05:00.422 776 776 I sysui_multi_action: [757,1697,758,15,759,0,1741,5]
05-09 12:05:00.430 621 641 I user_activity_timeout_override: -1
05-09 12:05:00.431 621 642 I input_focus: [Focus request 827062d com.android.settings/com.android.settings.Settings,reason=UpdateInputWindows]
05-09 12:05:00.456 621 706 I input_focus: [Focus leaving 9a0b5e0 NotificationShade (server),reason=NOT_FOCUSABLE]
05-09 12:05:00.456 621 706 I input_focus: [Focus entering 827062d com.android.settings/com.android.settings.Settings (server),reason=setFocusedWindow]
05-09 12:05:00.907 621 5712 I wm_set_keyguard_shown: [0,0,1,setKeyguardShown]
05-10 02:43:52.343 2556 2556 W : abc audioDBG [es8323_mute] start mute:0
05-10 02:43:52.353 2556 2556 I [Awinic] [3-0058]aw_acf_get_prof_desc_form_name: get prof desc down
05-10 02:43:52.369 2556 2556 I [Awinic] [3-005b]aw_acf_get_prof_desc_form_name: get prof desc down
05-10 02:43:53.703 555 555 W : abc audioDBG [es8323_mute] start mute:1
05-10 02:43:53.703 555 555 I [Awinic] [3-0058]aw_acf_get_prof_desc_form_name: get prof desc down
05-10 02:43:53.703 555 555 I [Awinic] [3-005b]aw_acf_get_prof_desc_form_name: get prof desc down
05-09 12:05:03.614 621 706 I input_interaction: Interaction with: 15a3794 NavigationBar0 (server), PointerEventDispatcher0 (server),
05-10 02:43:55.072 2556 2556 W : abc audioDBG [es8323_mute] start mute:0
05-10 02:43:55.082 2556 2556 I [Awinic] [3-0058]aw_acf_get_prof_desc_form_name: get prof desc down
05-10 02:43:55.097 2556 2556 I [Awinic] [3-005b]aw_acf_get_prof_desc_form_name: get prof desc down
05-09 12:05:03.708 621 5122 I wm_task_created: [253,-1]
05-09 12:05:03.717 621 5122 I wm_task_moved: [253,1,17]
05-09 12:05:03.717 621 5122 I wm_task_to_front: [0,253]
05-09 12:05:03.719 4826 4826 I wm_on_top_resumed_lost_called: [159296636,com.android.settings.Settings,topStateChangedWhenResumed]
05-09 12:05:03.720 621 5122 I wm_create_task: [0,253]
05-09 12:05:03.720 621 5122 I wm_create_activity: [0,221108825,253,com.ebensz.enote.memo/.editer.MemoEditorActivity,com.ebensz.enote.memo.intent.action.CREATE_MEMO,NULL,NULL,276824064]
05-09 12:05:03.720 621 5122 I wm_task_moved: [253,1,17]
05-09 12:05:03.725 621 5122 I wm_pause_activity: [0,159296636,com.android.settings/.Settings,userLeaving=true,pauseBackTasks]
05-09 12:05:03.732 621 641 I dvm_lock_sample: [system_server,1,android.display,23,TaskChangeNotificationController.java,320,void com.android.server.wm.TaskChangeNotificationController.forAllRemoteListeners(com.android.server.wm.TaskChangeNotificationController$TaskStackConsumer, android.os.Message),TaskSnapshotCache.java,68,android.window.TaskSnapshot com.android.server.wm.TaskSnapshotCache.getSnapshot(int, int, boolean, boolean),4]
05-09 12:05:03.735 4826 4826 I sysui_multi_action: [757,35,758,2,1089,3362]
05-09 12:05:03.735 4826 4826 I wm_on_paused_called: [159296636,com.android.settings.Settings,performPause]
05-09 12:05:03.737 621 5712 I wm_restart_activity: [0,221108825,253,com.ebensz.enote.memo/.editer.MemoEditorActivity]
05-09 12:05:03.738 621 5712 I wm_set_resumed_activity: [0,com.ebensz.enote.memo/.editer.MemoEditorActivity,minimalResumeActivityLocked]
05-09 12:05:03.742 621 641 I sysui_multi_action: [757,803,799,window_time_0,802,14]
05-09 12:05:03.778 4711 4711 I wm_on_create_called: [221108825,com.ebensz.enote.memo.editer.MemoEditorActivity,performCreate]
05-09 12:05:03.780 4711 4711 I wm_on_start_called: [221108825,com.ebensz.enote.memo.editer.MemoEditorActivity,handleStartActivity]
05-09 12:05:03.836 4711 4711 I wm_on_resume_called: [221108825,com.ebensz.enote.memo.editer.MemoEditorActivity,RESUME_ACTIVITY]
05-09 12:05:03.841 4711 4711 I wm_on_top_resumed_gained_called: [221108825,com.ebensz.enote.memo.editer.MemoEditorActivity,topStateChangedWhenResumed]
05-09 12:05:03.920 621 642 I input_focus: [Focus request 70f7b91 com.ebensz.enote.memo/com.ebensz.enote.memo.editer.MemoEditorActivity,reason=UpdateInputWindows]
05-09 12:05:03.953 621 706 I input_focus: [Focus leaving 827062d com.android.settings/com.android.settings.Settings (server),reason=Waiting for window because NO_WINDOW]
05-10 02:43:55.384 431 431 E rkcif-mipi-lvds2: get_remote_sensor: remote pad is null
05-10 02:43:55.384 431 431 E rkcif-mipi-lvds2: rkcif_update_sensor_info: stream[0] get remote sensor_sd failed!
05-10 02:43:55.384 431 431 E stream_cif_mipi_id0: update sensor info failed -19
05-10 02:43:55.384 431 431 E rkcif-mipi-lvds2: get_remote_sensor: remote pad is null
05-10 02:43:55.384 431 431 E rkcif-mipi-lvds2: rkcif_update_sensor_info: stream[1] get remote sensor_sd failed!
05-10 02:43:55.384 431 431 E stream_cif_mipi_id1: update sensor info failed -19
05-10 02:43:55.384 431 431 E rkcif-mipi-lvds2: get_remote_sensor: remote pad is null
05-10 02:43:55.384 431 431 E rkcif-mipi-lvds2: rkcif_update_sensor_info: stream[2] get remote sensor_sd failed!
05-10 02:43:55.384 431 431 E stream_cif_mipi_id2: update sensor info failed -19
05-09 12:05:03.997 621 638 I sysui_multi_action: [319,302,322,302,325,12100,757,761,758,8,759,2,806,com.ebensz.enote.memo,871,com.ebensz.enote.memo.editer.MemoEditorActivity,904,com.android.systemui,905,0,1320,4,1321,1]
05-09 12:05:03.998 621 638 I wm_activity_launch_time: [0,221108825,com.ebensz.enote.memo/.editer.MemoEditorActivity,302]
05-09 12:05:04.007 621 706 I input_focus: [Focus entering 70f7b91 com.ebensz.enote.memo/com.ebensz.enote.memo.editer.MemoEditorActivity (server),reason=Window became focusable. Previous reason: NOT_VISIBLE]
05-09 12:05:04.120 621 696 I commit_sys_config_file: [settings-2-0,8]
05-10 02:43:56.216 555 555 W : abc audioDBG [es8323_mute] start mute:1
05-10 02:43:56.216 555 555 I [Awinic] [3-0058]aw_acf_get_prof_desc_form_name: get prof desc down
05-10 02:43:56.217 555 555 I [Awinic] [3-005b]aw_acf_get_prof_desc_form_name: get prof desc down
05-09 12:05:05.344 776 776 I sysui_multi_action: [757,931,758,4,759,4,932,0,933,0]
05-09 12:05:05.349 621 706 I input_interaction: Interaction with: 70f7b91 com.ebensz.enote.memo/com.ebensz.enote.memo.editer.MemoEditorActivity (server), PointerEventDispatcher0 (server),
05-09 12:05:05.358 621 706 I input_interaction: Interaction with: 15a3794 NavigationBar0 (server), PointerEventDispatcher0 (server),
05-10 02:43:56.799 2556 2556 W : abc audioDBG [es8323_mute] start mute:0
05-10 02:43:56.809 2556 2556 I [Awinic] [3-0058]aw_acf_get_prof_desc_form_name: get prof desc down
05-10 02:43:56.823 2556 2556 I [Awinic] [3-005b]aw_acf_get_prof_desc_form_name: get prof desc down
05-09 12:05:05.434 776 776 I sysui_multi_action: [757,931,758,4,759,4,932,0,933,1]
05-09 12:05:05.436 621 5122 I sysui_multi_action: [757,803,799,key_back_press,802,1]
05-09 12:05:05.442 621 5122 I wm_finish_activity: [0,221108825,253,com.ebensz.enote.memo/.editer.MemoEditorActivity,app-request]
05-09 12:05:05.442 621 5122 I wm_task_moved: [214,1,17]
05-09 12:05:05.442 621 5122 I wm_task_to_front: [0,214]
05-09 12:05:05.450 621 5122 I wm_focused_root_task: [0,0,214,253,finish-top adjustFocusToNextFocusableTask]
05-09 12:05:05.466 621 5122 I wm_pause_activity: [0,221108825,com.ebensz.enote.memo/.editer.MemoEditorActivity,userLeaving=false,finish]
05-09 12:05:05.472 621 642 I input_focus: [Focus request 827062d com.android.settings/com.android.settings.Settings,reason=UpdateInputWindows]
05-09 12:05:05.474 4711 4711 I wm_on_top_resumed_lost_called: [221108825,com.ebensz.enote.memo.editer.MemoEditorActivity,topStateChangedWhenResumed]
05-09 12:05:05.493 4711 4711 I wm_on_paused_called: [221108825,com.ebensz.enote.memo.editer.MemoEditorActivity,performPause]
05-09 12:05:05.495 621 1048 I wm_set_resumed_activity: [0,com.android.settings/.Settings,resumeTopActivity]
05-09 12:05:05.496 621 1048 I wm_resume_activity: [0,159296636,214,com.android.settings/.Settings]
05-09 12:05:05.497 4826 4826 I wm_on_resume_called: [159296636,com.android.settings.Settings,RESUME_ACTIVITY]
05-09 12:05:05.497 4826 4826 I sysui_multi_action: [757,35,758,1,833,0,1089,0]
05-09 12:05:05.502 621 706 I input_focus: [Focus leaving 70f7b91 com.ebensz.enote.memo/com.ebensz.enote.memo.editer.MemoEditorActivity (server),reason=setFocusedWindow]
05-09 12:05:05.502 621 706 I input_focus: [Focus entering 827062d com.android.settings/com.android.settings.Settings (server),reason=setFocusedWindow]
05-09 12:05:05.520 621 641 I sysui_multi_action: [757,803,799,window_time_0,802,2]
05-09 12:05:05.524 4826 4826 I wm_on_top_resumed_gained_called: [159296636,com.android.settings.Settings,topWhenResuming]
05-09 12:05:05.575 621 5712 I wm_destroy_activity: [0,221108825,253,com.ebensz.enote.memo/.editer.MemoEditorActivity,finish-idle]
05-09 12:05:05.605 4711 4711 I wm_on_stop_called: [221108825,com.ebensz.enote.memo.editer.MemoEditorActivity,LIFECYCLER_STOP_ACTIVITY]
05-09 12:05:05.607 4711 4711 I wm_on_destroy_called: [221108825,com.ebensz.enote.memo.editer.MemoEditorActivity,performDestroy]
05-09 12:05:05.724 621 696 I commit_sys_config_file: [settings-2-0,8]
05-09 12:05:05.737 621 642 I wm_task_removed: [253,removeChild:removeChild last r=ActivityRecord{d2dda59 u0 com.ebensz.enote.memo/.editer.MemoEditorActivity t-1 f}} in t=Task{1120cd5 #253 type=standard A=10027:com.android.camera.SecureCameraActivity U=0 visible=false visibleRequested=false mode=fullscreen translucent=true sz=0}]
05-09 12:05:05.737 621 642 I wm_task_removed: [253,removeChild]
05-09 12:05:06.213 776 776 I sysui_multi_action: [757,931,758,4,759,3,932,0,933,0]
05-09 12:05:06.302 776 776 I sysui_multi_action: [757,931,758,4,759,3,932,0,933,1]
05-09 12:05:06.325 621 639 I wm_task_moved: [1,1,16]
05-09 12:05:06.327 4826 4826 I wm_on_top_resumed_lost_called: [159296636,com.android.settings.Settings,topStateChangedWhenResumed]
05-09 12:05:06.327 621 639 I wm_task_moved: [202,1,2147483647]
05-09 12:05:06.327 621 639 I wm_task_to_front: [0,202]
05-09 12:05:06.328 621 639 I wm_focused_root_task: [0,0,1,214,bringingFoundTaskToFront]
05-09 12:05:06.328 621 639 I wm_set_resumed_activity: [0,com.android.launcher3/.uioverrides.QuickstepLauncher,bringingFoundTaskToFront]
05-09 12:05:06.328 621 639 I wm_new_intent: [0,38094970,202,com.android.launcher3/.uioverrides.QuickstepLauncher,android.intent.action.MAIN,NULL,NULL,268435712]
05-09 12:05:06.329 621 639 I wm_pause_activity: [0,159296636,com.android.settings/.Settings,userLeaving=true,pauseBackTasks]
05-09 12:05:06.329 621 639 I wm_add_to_stopping: [0,159296636,com.android.settings/.Settings,makeInvisible]
05-09 12:05:06.330 621 639 I wm_set_resumed_activity: [0,com.android.launcher3/.uioverrides.QuickstepLauncher,resumeTopActivity]
05-09 12:05:06.331 621 639 I wm_resume_activity: [0,38094970,202,com.android.launcher3/.uioverrides.QuickstepLauncher]
05-09 12:05:06.334 4826 4826 I sysui_multi_action: [757,35,758,2,1089,837]
05-09 12:05:06.335 4826 4826 I wm_on_paused_called: [159296636,com.android.settings.Settings,performPause]
05-09 12:05:06.335 621 641 I sysui_multi_action: [757,803,799,window_time_0,802,1]
05-09 12:05:06.343 1053 1053 I wm_on_restart_called: [38094970,com.android.launcher3.uioverrides.QuickstepLauncher,performRestartActivity]
05-09 12:05:06.344 1053 1053 I wm_on_start_called: [38094970,com.android.launcher3.uioverrides.QuickstepLauncher,handleStartActivity]
05-09 12:05:06.345 1053 1053 I wm_on_resume_called: [38094970,com.android.launcher3.uioverrides.QuickstepLauncher,RESUME_ACTIVITY]
05-09 12:05:06.346 1053 1053 I wm_on_top_resumed_gained_called: [38094970,com.android.launcher3.uioverrides.QuickstepLauncher,topStateChangedWhenResumed]
05-09 12:05:06.357 621 706 I input_focus: [Focus leaving 827062d com.android.settings/com.android.settings.Settings (server),reason=NO_WINDOW]
05-09 12:05:06.363 621 642 I input_focus: [Focus request 469bc2e com.android.launcher3/com.android.launcher3.uioverrides.QuickstepLauncher,reason=UpdateInputWindows]
05-09 12:05:06.389 621 638 I sysui_multi_action: [319,66,322,57,325,12103,757,761,758,9,759,2,806,com.android.launcher3,871,com.android.launcher3.uioverrides.QuickstepLauncher,905,0,1320,8,1321,5]
05-09 12:05:06.395 621 706 I input_focus: [Focus entering 469bc2e com.android.launcher3/com.android.launcher3.uioverrides.QuickstepLauncher (server),reason=Window became focusable. Previous reason: NOT_VISIBLE]
05-09 12:05:06.992 621 641 I wm_stop_activity: [0,159296636,com.android.settings/.Settings]
05-09 12:05:07.008 4826 4826 I wm_on_stop_called: [159296636,com.android.settings.Settings,STOP_ACTIVITY_ITEM]
05-10 02:43:58.760 555 555 W : abc audioDBG [es8323_mute] start mute:1
05-10 02:43:58.761 555 555 I [Awinic] [3-0058]aw_acf_get_prof_desc_form_name: get prof desc down
05-10 02:43:58.761 555 555 I [Awinic] [3-005b]aw_acf_get_prof_desc_form_name: get prof desc down
05-09 12:05:08.280 621 706 I input_interaction: Interaction with: 469bc2e com.android.launcher3/com.android.launcher3.uioverrides.QuickstepLauncher (server), 6ef0dbd com.android.systemui.ImageWallpaper (server), PointerEventDispatcher0 (server),
05-09 12:05:18.041 621 646 I am_pss : [7665,10027,com.ebensz.enote.memo:remote,17111040,12738560,0,116641792,0,4,18]
05-09 12:05:28.408 621 647 I am_uid_idle: 10062
05-09 12:05:47.462 621 697 I am_freeze: [5845,com.sohu.inputmethod.sogou]
05-09 12:05:49.048 621 706 I input_interaction: Interaction with: dfced55 StatusBar (server), PointerEventDispatcher0 (server),
05-09 12:05:49.057 776 776 I sysui_multi_action: [757,803,799,panel_open,802,1]
05-09 12:05:49.061 776 776 I sysui_multi_action: [757,1328,758,4,1326,91,1327,0,1329,0]
05-09 12:05:49.130 621 6047 I sysui_multi_action: [757,127,758,1]
05-09 12:05:49.130 621 6047 I sysui_multi_action: [757,804,799,note_load,801,8,802,1]
05-09 12:05:49.131 621 6047 I notification_panel_revealed: 8
05-09 12:05:49.147 621 642 I input_focus: [Focus request 9a0b5e0 NotificationShade,reason=UpdateInputWindows]
05-09 12:05:49.174 621 706 I input_focus: [Focus leaving 469bc2e com.android.launcher3/com.android.launcher3.uioverrides.QuickstepLauncher (server),reason=Waiting for window because NOT_VISIBLE]
05-09 12:05:49.190 621 706 I input_focus: [Focus entering 9a0b5e0 NotificationShade (server),reason=Window became focusable. Previous reason: NOT_VISIBLE]
05-09 12:05:49.704 621 5712 I sysui_multi_action: [757,128,758,1,793,2278694,794,0,795,2278694,796,26,798,0,806,android,857,DEVELOPER_IMPORTANT,858,4,947,0,1395,8,1500,59014,1688,1]
05-09 12:05:49.704 621 5712 I sysui_multi_action: [757,1501,758,1,793,2278694,794,0,795,2278694,796,26,806,android,857,DEVELOPER_IMPORTANT,858,4,947,0,1500,0,1688,1]
05-09 12:05:49.705 621 5712 I sysui_multi_action: [757,804,799,note_interruptive,801,0,802,1]
05-09 12:05:49.705 621 5712 I sysui_multi_action: [757,804,799,note_freshness,801,2278694,802,1]
05-09 12:05:49.705 621 5712 I notification_visibility: [-1|android|26|null|1000,1,2278694,2278694,0,0]
05-09 12:05:49.705 621 5712 I sysui_multi_action: [757,128,758,1,793,9981293,794,0,795,9981293,796,1001,798,2,806,com.ebensz.filemanager,857,MtpSyncService,858,2,947,0,1395,8,1500,59014,1688,1]
05-09 12:05:49.705 621 5712 I sysui_multi_action: [757,1501,758,1,793,9981293,794,0,795,9981293,796,1001,806,com.ebensz.filemanager,857,MtpSyncService,858,2,947,0,1500,0,1688,1]
05-09 12:05:49.706 621 5712 I sysui_multi_action: [757,804,799,note_interruptive,801,0,802,1]
05-09 12:05:49.706 621 5712 I sysui_multi_action: [757,804,799,note_freshness,801,9981293,802,1]
05-09 12:05:49.706 621 5712 I notification_visibility: [0|com.ebensz.filemanager|1001|null|10040,1,9981293,9981293,0,2]
05-09 12:05:49.707 621 5712 I sysui_multi_action: [757,128,758,1,793,10391449,794,0,795,10391449,796,1,798,3,806,com.ebensz.enote.notepad,857,recording_channel_01,858,2,947,0,1395,8,1500,59015,1688,4,1689,2,1690,1]
05-09 12:05:49.707 621 5712 I sysui_multi_action: [757,1501,758,1,793,10391449,794,0,795,10391449,796,1,806,com.ebensz.enote.notepad,857,recording_channel_01,858,2,947,0,1500,0,1688,4,1689,2,1690,1]
05-09 12:05:49.707 621 5712 I sysui_multi_action: [757,804,799,note_interruptive,801,0,802,1]
05-09 12:05:49.707 621 5712 I sysui_multi_action: [757,804,799,note_freshness,801,10391449,802,1]
05-09 12:05:49.707 621 5712 I notification_visibility: [0|com.ebensz.enote.notepad|1|null|10038,1,10391449,10391449,0,3]
05-09 12:05:49.708 621 5712 I sysui_multi_action: [757,128,758,1,793,9617225,794,0,795,3089270,796,5,798,5,806,com.ebensz.enote.memo,857,com.ebensz.enote.memo,858,2,947,0,1395,8,1500,3089270,1688,4,1689,2,1690,1]
05-09 12:05:49.708 621 5712 I sysui_multi_action: [757,804,799,note_freshness,801,3089270,802,1]
