05-09 23:08:13.128 1286 1286 I printk : Suspending console(s) (use no_console_suspend to debug)
05-09 23:08:13.203 1286 1286 E regulator-dummy: Underflow of regulator enable count
05-09 23:08:13.203 1286 1286 E wacom_i2c 4-0009: disable regulator failed -22
05-09 23:08:13.211 798 798 I android_work: did not send uevent (0 0 0000000000000000)
05-09 23:08:14.247 1286 1286 I : Disabling non-boot CPUs ...
05-09 23:08:14.248 1286 1286 I psci : CPU1 killed (polled 0 ms)
05-09 23:08:14.249 1286 1286 I psci : CPU2 killed (polled 0 ms)
05-09 23:08:14.250 1286 1286 I psci : CPU3 killed (polled 0 ms)
05-09 23:08:14.253 1286 1286 I psci : CPU4 killed (polled 0 ms)
05-09 23:08:14.255 1286 1286 I psci : CPU5 killed (polled 0 ms)
05-09 23:08:14.257 1286 1286 I psci : CPU6 killed (polled 0 ms)
05-09 23:08:14.259 1286 1286 I psci : CPU7 killed (polled 4 ms)
05-09 23:09:12.729 0 0 W [ C0] PM: pm_system_irq_wakeup: 114 triggered hym8563
05-09 23:09:12.729 1286 1286 I : Enabling non-boot CPUs ...
05-09 23:09:12.730 0 0 I : Detected VIPT I-cache on CPU1
05-09 23:09:12.730 0 0 I GICv3 : CPU1: found redistributor 100 region 0:0x00000000fe6a0000
05-09 23:09:12.730 0 0 I CPU1 : Booted secondary processor 0x0000000100 [0x412fd050]
05-09 23:09:12.731 1286 1286 I : CPU1 is up
05-09 23:09:12.732 0 0 I : Detected VIPT I-cache on CPU2
05-09 23:09:12.732 0 0 I GICv3 : CPU2: found redistributor 200 region 0:0x00000000fe6c0000
05-09 23:09:12.732 0 0 I CPU2 : Booted secondary processor 0x0000000200 [0x412fd050]
05-09 23:09:12.733 1286 1286 I : CPU2 is up
05-09 23:09:12.733 0 0 I : Detected VIPT I-cache on CPU3
05-09 23:09:12.733 0 0 I GICv3 : CPU3: found redistributor 300 region 0:0x00000000fe6e0000
05-09 23:09:12.734 0 0 I CPU3 : Booted secondary processor 0x0000000300 [0x412fd050]
05-09 23:09:12.734 1286 1286 I : CPU3 is up
05-09 23:09:12.735 0 0 I : Detected PIPT I-cache on CPU4
05-09 23:09:12.735 0 0 I GICv3 : CPU4: found redistributor 400 region 0:0x00000000fe700000
05-09 23:09:12.735 0 0 I CPU4 : Booted secondary processor 0x0000000400 [0x414fd0b0]
05-09 23:09:12.736 1286 1286 I : CPU4 is up
05-09 23:09:12.737 0 0 I : Detected PIPT I-cache on CPU5
05-09 23:09:12.737 0 0 I GICv3 : CPU5: found redistributor 500 region 0:0x00000000fe720000
05-09 23:09:12.737 0 0 I CPU5 : Booted secondary processor 0x0000000500 [0x414fd0b0]
05-09 23:09:12.738 1286 1286 I : CPU5 is up
05-09 23:09:12.739 0 0 I : Detected PIPT I-cache on CPU6
05-09 23:09:12.739 0 0 I GICv3 : CPU6: found redistributor 600 region 0:0x00000000fe740000
05-09 23:09:12.739 0 0 I CPU6 : Booted secondary processor 0x0000000600 [0x414fd0b0]
05-09 23:09:12.740 1286 1286 I : CPU6 is up
05-09 23:09:12.741 0 0 I : Detected PIPT I-cache on CPU7
05-09 23:09:12.741 0 0 I GICv3 : CPU7: found redistributor 700 region 0:0x00000000fe760000
05-09 23:09:12.741 0 0 I CPU7 : Booted secondary processor 0x0000000700 [0x414fd0b0]
05-09 23:09:12.742 1286 1286 I : CPU7 is up
05-09 23:09:12.748 1286 1286 I rk_gmac-dwmac fe1c0000.ethernet: init for RGMII
05-09 23:09:12.748 1291 1291 I usb1 : root hub lost power or was reset
05-09 23:09:12.757 1286 1286 E PM : dpm_run_callback(): wacom_i2c_resume+0x0/0xdc returns -6
05-09 23:09:12.757 1286 1286 E PM : Device 4-0009 failed to resume: error -6
05-09 23:09:12.819 1286 1286 I usb2 : root hub lost power or was reset
05-09 23:09:12.913 1286 1286 I : OOM killer enabled.
05-09 23:09:12.913 1286 1286 I : Restarting tasks ... done.
05-09 23:09:12.916 1286 1286 I : Resume caused by IRQ 114, hym8563
05-09 23:09:12.916 1286 1286 I PM : suspend exit
05-09 23:10:11.387 437 437 W healthd : battery l=100 v=8698 t=25.5 h=1 st=5 c=0 fc=9700000 cc=6 chg=u
05-09 23:10:11.399 798 798 I : mmc_host mmc0: Bus speed (slot 0) = 400000Hz (slot req 400000Hz, actual 400000HZ div = 0)
05-09 23:10:11.486 1286 1286 I PM : suspend entry (deep)
05-09 23:10:11.493 1286 1286 I Filesystems sync: 0.006 seconds
05-09 23:10:11.493 1286 1286 I : Freezing user space processes ... (elapsed 0.004 seconds) done.
05-09 23:10:11.498 1286 1286 I : OOM killer disabled.
05-09 23:10:11.498 1286 1286 I : Freezing remaining freezable tasks ...
05-09 23:10:11.590 798 798 I : mmc_host mmc0: Bus speed (slot 0) = 49500000Hz (slot req 50000000Hz, actual 49500000HZ div = 0)
05-09 23:10:11.595 1286 1286 W : (elapsed 0.097 seconds) done.
05-09 23:10:11.595 1286 1286 I printk : Suspending console(s) (use no_console_suspend to debug)
05-09 23:10:11.672 1286 1286 E regulator-dummy: Underflow of regulator enable count
05-09 23:10:11.672 1286 1286 E wacom_i2c 4-0009: disable regulator failed -22
05-09 23:10:11.680 798 798 I android_work: did not send uevent (0 0 0000000000000000)
05-09 23:10:12.715 1286 1286 I : Disabling non-boot CPUs ...
05-09 23:10:12.716 1286 1286 I psci : CPU1 killed (polled 0 ms)
05-09 23:10:12.718 1286 1286 I psci : CPU2 killed (polled 0 ms)
05-09 23:10:12.719 1286 1286 I psci : CPU3 killed (polled 0 ms)
05-09 23:10:12.721 1286 1286 I psci : CPU4 killed (polled 4 ms)
05-09 23:10:12.723 1286 1286 I psci : CPU5 killed (polled 0 ms)
05-09 23:10:12.725 1286 1286 I psci : CPU6 killed (polled 0 ms)
05-09 23:10:12.727 1286 1286 I psci : CPU7 killed (polled 0 ms)
05-09 23:11:11.198 0 0 W [ C0] PM: pm_system_irq_wakeup: 114 triggered hym8563
05-09 23:11:11.198 1286 1286 I : Enabling non-boot CPUs ...
05-09 23:11:11.199 0 0 I : Detected VIPT I-cache on CPU1
05-09 23:11:11.199 0 0 I GICv3 : CPU1: found redistributor 100 region 0:0x00000000fe6a0000
05-09 23:11:11.199 0 0 I CPU1 : Booted secondary processor 0x0000000100 [0x412fd050]
05-09 23:11:11.200 1286 1286 I : CPU1 is up
05-09 23:11:11.201 0 0 I : Detected VIPT I-cache on CPU2
05-09 23:11:11.201 0 0 I GICv3 : CPU2: found redistributor 200 region 0:0x00000000fe6c0000
05-09 23:11:11.201 0 0 I CPU2 : Booted secondary processor 0x0000000200 [0x412fd050]
05-09 23:11:11.202 1286 1286 I : CPU2 is up
05-09 23:11:11.202 0 0 I : Detected VIPT I-cache on CPU3
05-09 23:11:11.202 0 0 I GICv3 : CPU3: found redistributor 300 region 0:0x00000000fe6e0000
05-09 23:11:11.202 0 0 I CPU3 : Booted secondary processor 0x0000000300 [0x412fd050]
05-09 23:11:11.203 1286 1286 I : CPU3 is up
05-09 23:11:11.204 0 0 I : Detected PIPT I-cache on CPU4
05-09 23:11:11.204 0 0 I GICv3 : CPU4: found redistributor 400 region 0:0x00000000fe700000
05-09 23:11:11.204 0 0 I CPU4 : Booted secondary processor 0x0000000400 [0x414fd0b0]
05-09 23:11:11.205 1286 1286 I : CPU4 is up
05-09 23:11:11.206 0 0 I : Detected PIPT I-cache on CPU5
05-09 23:11:11.206 0 0 I GICv3 : CPU5: found redistributor 500 region 0:0x00000000fe720000
05-09 23:11:11.206 0 0 I CPU5 : Booted secondary processor 0x0000000500 [0x414fd0b0]
05-09 23:11:11.207 1286 1286 I : CPU5 is up
05-09 23:11:11.208 0 0 I : Detected PIPT I-cache on CPU6
05-09 23:11:11.208 0 0 I GICv3 : CPU6: found redistributor 600 region 0:0x00000000fe740000
05-09 23:11:11.208 0 0 I CPU6 : Booted secondary processor 0x0000000600 [0x414fd0b0]
05-09 23:11:11.209 1286 1286 I : CPU6 is up
05-09 23:11:11.210 0 0 I : Detected PIPT I-cache on CPU7
05-09 23:11:11.210 0 0 I GICv3 : CPU7: found redistributor 700 region 0:0x00000000fe760000
05-09 23:11:11.210 0 0 I CPU7 : Booted secondary processor 0x0000000700 [0x414fd0b0]
05-09 23:11:11.211 1286 1286 I : CPU7 is up
05-09 23:11:11.217 1286 1286 I rk_gmac-dwmac fe1c0000.ethernet: init for RGMII
05-09 23:11:11.217 1334 1334 I usb1 : root hub lost power or was reset
05-09 23:11:11.226 1286 1286 E PM : dpm_run_callback(): wacom_i2c_resume+0x0/0xdc returns -6
05-09 23:11:11.226 1286 1286 E PM : Device 4-0009 failed to resume: error -6
05-09 23:11:11.289 1286 1286 I usb2 : root hub lost power or was reset
05-09 23:11:11.383 1286 1286 I : OOM killer enabled.
05-09 23:11:11.383 1286 1286 I : Restarting tasks ... done.
05-09 23:11:11.386 1286 1286 I : Resume caused by IRQ 114, hym8563
05-09 23:11:11.386 1286 1286 I PM : suspend exit
05-09 23:12:09.858 437 437 W healthd : battery l=100 v=8698 t=25.5 h=1 st=5 c=0 fc=9700000 cc=6 chg=u
05-09 23:12:09.870 798 798 I : mmc_host mmc0: Bus speed (slot 0) = 400000Hz (slot req 400000Hz, actual 400000HZ div = 0)
05-09 23:12:09.957 1286 1286 I PM : suspend entry (deep)
05-09 23:12:09.968 1286 1286 I Filesystems sync: 0.010 seconds
05-09 23:12:09.968 1286 1286 I : Freezing user space processes ... (elapsed 0.004 seconds) done.
05-09 23:12:09.972 1286 1286 I : OOM killer disabled.
05-09 23:12:09.972 1286 1286 I : Freezing remaining freezable tasks ...
05-09 23:12:10.060 798 798 I : mmc_host mmc0: Bus speed (slot 0) = 49500000Hz (slot req 50000000Hz, actual 49500000HZ div = 0)
05-09 23:12:10.066 1286 1286 W : (elapsed 0.093 seconds) done.
05-09 23:12:10.066 1286 1286 I printk : Suspending console(s) (use no_console_suspend to debug)
05-09 23:12:10.143 1286 1286 E regulator-dummy: Underflow of regulator enable count
05-09 23:12:10.143 1286 1286 E wacom_i2c 4-0009: disable regulator failed -22
05-09 23:12:10.151 798 798 I android_work: did not send uevent (0 0 0000000000000000)
05-09 23:12:11.187 1286 1286 I : Disabling non-boot CPUs ...
05-09 23:12:11.188 1286 1286 I psci : CPU1 killed (polled 0 ms)
05-09 23:12:11.189 1286 1286 I psci : CPU2 killed (polled 0 ms)
05-09 23:12:11.190 1286 1286 I psci : CPU3 killed (polled 0 ms)
05-09 23:12:11.192 1286 1286 I psci : CPU4 killed (polled 4 ms)
05-09 23:12:11.194 1286 1286 I psci : CPU5 killed (polled 0 ms)
05-09 23:12:11.195 1286 1286 I psci : CPU6 killed (polled 0 ms)
05-09 23:12:11.198 1286 1286 I psci : CPU7 killed (polled 0 ms)
05-09 23:13:09.668 0 0 W [ C0] PM: pm_system_irq_wakeup: 114 triggered hym8563
05-09 23:13:09.669 1286 1286 I : Enabling non-boot CPUs ...
05-09 23:13:09.670 0 0 I : Detected VIPT I-cache on CPU1
05-09 23:13:09.670 0 0 I GICv3 : CPU1: found redistributor 100 region 0:0x00000000fe6a0000
05-09 23:13:09.670 0 0 I CPU1 : Booted secondary processor 0x0000000100 [0x412fd050]
05-09 23:13:09.671 1286 1286 I : CPU1 is up
05-09 23:13:09.672 0 0 I : Detected VIPT I-cache on CPU2
05-09 23:13:09.672 0 0 I GICv3 : CPU2: found redistributor 200 region 0:0x00000000fe6c0000
05-09 23:13:09.672 0 0 I CPU2 : Booted secondary processor 0x0000000200 [0x412fd050]
05-09 23:13:09.672 1286 1286 I : CPU2 is up
05-09 23:13:09.673 0 0 I : Detected VIPT I-cache on CPU3
05-09 23:13:09.673 0 0 I GICv3 : CPU3: found redistributor 300 region 0:0x00000000fe6e0000
05-09 23:13:09.673 0 0 I CPU3 : Booted secondary processor 0x0000000300 [0x412fd050]
05-09 23:13:09.674 1286 1286 I : CPU3 is up
05-09 23:13:09.675 0 0 I : Detected PIPT I-cache on CPU4
05-09 23:13:09.675 0 0 I GICv3 : CPU4: found redistributor 400 region 0:0x00000000fe700000
05-09 23:13:09.675 0 0 I CPU4 : Booted secondary processor 0x0000000400 [0x414fd0b0]
05-09 23:13:09.676 1286 1286 I : CPU4 is up
05-09 23:13:09.677 0 0 I : Detected PIPT I-cache on CPU5
05-09 23:13:09.677 0 0 I GICv3 : CPU5: found redistributor 500 region 0:0x00000000fe720000
05-09 23:13:09.677 0 0 I CPU5 : Booted secondary processor 0x0000000500 [0x414fd0b0]
05-09 23:13:09.678 1286 1286 I : CPU5 is up
05-09 23:13:09.679 0 0 I : Detected PIPT I-cache on CPU6
05-09 23:13:09.679 0 0 I GICv3 : CPU6: found redistributor 600 region 0:0x00000000fe740000
05-09 23:13:09.679 0 0 I CPU6 : Booted secondary processor 0x0000000600 [0x414fd0b0]
05-09 23:13:09.680 1286 1286 I : CPU6 is up
05-09 23:13:09.681 0 0 I : Detected PIPT I-cache on CPU7
05-09 23:13:09.681 0 0 I GICv3 : CPU7: found redistributor 700 region 0:0x00000000fe760000
05-09 23:13:09.681 0 0 I CPU7 : Booted secondary processor 0x0000000700 [0x414fd0b0]
05-09 23:13:09.682 1286 1286 I : CPU7 is up
05-09 23:13:09.688 1286 1286 I rk_gmac-dwmac fe1c0000.ethernet: init for RGMII
05-09 23:13:09.688 202 202 I usb1 : root hub lost power or was reset
05-09 23:13:09.697 1286 1286 E PM : dpm_run_callback(): wacom_i2c_resume+0x0/0xdc returns -6
05-09 23:13:09.697 1286 1286 E PM : Device 4-0009 failed to resume: error -6
05-09 23:13:09.760 1286 1286 I usb2 : root hub lost power or was reset
05-09 23:13:09.856 1286 1286 I : OOM killer enabled.
05-09 23:13:09.857 1286 1286 I : Restarting tasks ...
05-09 23:14:08.336 437 437 W healthd : battery l=100 v=8700 t=25.5 h=1 st=5 c=0 fc=9700000 cc=6 chg=u
05-09 23:14:08.346 1286 1286 W : done.
05-09 23:14:08.346 1330 1330 I : mmc_host mmc0: Bus speed (slot 0) = 400000Hz (slot req 400000Hz, actual 400000HZ div = 0)
05-09 23:14:08.346 1286 1286 I : Resume caused by IRQ 114, hym8563
05-09 23:14:08.346 1286 1286 I PM : suspend exit
05-09 23:14:08.447 1286 1286 I PM : suspend entry (deep)
05-09 23:14:08.449 1286 1286 I Filesystems sync: 0.001 seconds
05-09 23:14:08.449 1286 1286 I : Freezing user space processes ... (elapsed 0.004 seconds) done.
05-09 23:14:08.454 1286 1286 I : OOM killer disabled.
05-09 23:14:08.454 1286 1286 I : Freezing remaining freezable tasks ...
05-09 23:14:08.530 1330 1330 I : mmc_host mmc0: Bus speed (slot 0) = 49500000Hz (slot req 50000000Hz, actual 49500000HZ div = 0)
05-09 23:14:08.537 1286 1286 W : (elapsed 0.082 seconds) done.
05-09 23:14:08.537 1286 1286 I printk : Suspending console(s) (use no_console_suspend to debug)
05-09 23:14:08.613 1286 1286 E regulator-dummy: Underflow of regulator enable count
05-09 23:14:08.613 1286 1286 E wacom_i2c 4-0009: disable regulator failed -22
05-09 23:14:08.622 1330 1330 I android_work: did not send uevent (0 0 0000000000000000)
05-09 23:14:09.657 1286 1286 I : Disabling non-boot CPUs ...
05-09 23:14:09.658 1286 1286 I psci : CPU1 killed (polled 0 ms)
05-09 23:14:09.659 1286 1286 I psci : CPU2 killed (polled 0 ms)
05-09 23:14:09.660 1286 1286 I psci : CPU3 killed (polled 0 ms)
05-09 23:14:09.662 1286 1286 I psci : CPU4 killed (polled 0 ms)
05-09 23:14:09.664 1286 1286 I psci : CPU5 killed (polled 0 ms)
05-09 23:14:09.666 1286 1286 I psci : CPU6 killed (polled 4 ms)
05-09 23:14:09.669 1286 1286 I psci : CPU7 killed (polled 0 ms)
05-09 23:15:08.138 0 0 W [ C0] PM: pm_system_irq_wakeup: 114 triggered hym8563
05-09 23:15:08.139 1286 1286 I : Enabling non-boot CPUs ...
05-09 23:15:08.140 0 0 I : Detected VIPT I-cache on CPU1
05-09 23:15:08.140 0 0 I GICv3 : CPU1: found redistributor 100 region 0:0x00000000fe6a0000
05-09 23:15:08.140 0 0 I CPU1 : Booted secondary processor 0x0000000100 [0x412fd050]
05-09 23:15:08.141 1286 1286 I : CPU1 is up
05-09 23:15:08.141 0 0 I : Detected VIPT I-cache on CPU2
05-09 23:15:08.141 0 0 I GICv3 : CPU2: found redistributor 200 region 0:0x00000000fe6c0000
05-09 23:15:08.141 0 0 I CPU2 : Booted secondary processor 0x0000000200 [0x412fd050]
05-09 23:15:08.142 1286 1286 I : CPU2 is up
05-09 23:15:08.143 0 0 I : Detected VIPT I-cache on CPU3
05-09 23:15:08.143 0 0 I GICv3 : CPU3: found redistributor 300 region 0:0x00000000fe6e0000
05-09 23:15:08.143 0 0 I CPU3 : Booted secondary processor 0x0000000300 [0x412fd050]
05-09 23:15:08.144 1286 1286 I : CPU3 is up
05-09 23:15:08.145 0 0 I : Detected PIPT I-cache on CPU4
05-09 23:15:08.145 0 0 I GICv3 : CPU4: found redistributor 400 region 0:0x00000000fe700000
05-09 23:15:08.145 0 0 I CPU4 : Booted secondary processor 0x0000000400 [0x414fd0b0]
05-09 23:15:08.146 1286 1286 I : CPU4 is up
05-09 23:15:08.147 0 0 I : Detected PIPT I-cache on CPU5
05-09 23:15:08.147 0 0 I GICv3 : CPU5: found redistributor 500 region 0:0x00000000fe720000
05-09 23:15:08.147 0 0 I CPU5 : Booted secondary processor 0x0000000500 [0x414fd0b0]
05-09 23:15:08.148 1286 1286 I : CPU5 is up
05-09 23:15:08.148 0 0 I : Detected PIPT I-cache on CPU6
05-09 23:15:08.149 0 0 I GICv3 : CPU6: found redistributor 600 region 0:0x00000000fe740000
05-09 23:15:08.149 0 0 I CPU6 : Booted secondary processor 0x0000000600 [0x414fd0b0]
05-09 23:15:08.150 1286 1286 I : CPU6 is up
05-09 23:15:08.151 0 0 I : Detected PIPT I-cache on CPU7
05-09 23:15:08.151 0 0 I GICv3 : CPU7: found redistributor 700 region 0:0x00000000fe760000
05-09 23:15:08.151 0 0 I CPU7 : Booted secondary processor 0x0000000700 [0x414fd0b0]
05-09 23:15:08.152 1286 1286 I : CPU7 is up
05-09 23:15:08.157 1286 1286 I rk_gmac-dwmac fe1c0000.ethernet: init for RGMII
05-09 23:15:08.158 1289 1289 I usb1 : root hub lost power or was reset
05-09 23:15:08.166 1286 1286 E PM : dpm_run_callback(): wacom_i2c_resume+0x0/0xdc returns -6
05-09 23:15:08.166 1286 1286 E PM : Device 4-0009 failed to resume: error -6
05-09 23:15:08.229 1286 1286 I usb2 : root hub lost power or was reset
05-09 23:15:08.323 1286 1286 I : OOM killer enabled.
05-09 23:15:08.323 1286 1286 I : Restarting tasks ... done.
05-09 23:15:08.326 1286 1286 I : Resume caused by IRQ 114, hym8563
05-09 23:15:08.326 1286 1286 I PM : suspend exit
05-09 23:16:06.797 437 437 W healthd : battery l=100 v=8700 t=25.5 h=1 st=5 c=0 fc=9700000 cc=6 chg=u
05-09 23:16:06.809 1315 1315 I : mmc_host mmc0: Bus speed (slot 0) = 400000Hz (slot req 400000Hz, actual 400000HZ div = 0)
05-09 23:16:06.897 1286 1286 I PM : suspend entry (deep)
05-09 23:16:06.907 1286 1286 I Filesystems sync: 0.010 seconds
05-09 23:16:06.907 1286 1286 I : Freezing user space processes ... (elapsed 0.004 seconds) done.
05-09 23:16:06.912 1286 1286 I : OOM killer disabled.
05-09 23:16:06.912 1286 1286 I : Freezing remaining freezable tasks ...
05-09 23:16:06.996 1315 1315 I : mmc_host mmc0: Bus speed (slot 0) = 49500000Hz (slot req 50000000Hz, actual 49500000HZ div = 0)
05-09 23:16:06.998 1286 1286 W : (elapsed 0.086 seconds) done.
05-09 23:16:06.998 1286 1286 I printk : Suspending console(s) (use no_console_suspend to debug)
05-09 23:16:07.082 1286 1286 E regulator-dummy: Underflow of regulator enable count
05-09 23:16:07.082 1286 1286 E wacom_i2c 4-0009: disable regulator failed -22
05-09 23:16:07.090 1315 1315 I android_work: did not send uevent (0 0 0000000000000000)
05-09 23:16:08.125 1286 1286 I : Disabling non-boot CPUs ...
05-09 23:16:08.126 1286 1286 I psci : CPU1 killed (polled 0 ms)
05-09 23:16:08.127 1286 1286 I psci : CPU2 killed (polled 0 ms)
05-09 23:16:08.128 1286 1286 I psci : CPU3 killed (polled 0 ms)
05-09 23:16:08.130 1286 1286 I psci : CPU4 killed (polled 0 ms)
05-09 23:16:08.133 1286 1286 I psci : CPU5 killed (polled 0 ms)
05-09 23:16:08.135 1286 1286 I psci : CPU6 killed (polled 0 ms)
05-09 23:16:08.137 1286 1286 I psci : CPU7 killed (polled 4 ms)
05-09 23:17:06.607 0 0 W [ C0] PM: pm_system_irq_wakeup: 114 triggered hym8563
05-09 23:17:06.608 1286 1286 I : Enabling non-boot CPUs ...
05-09 23:17:06.609 0 0 I : Detected VIPT I-cache on CPU1
05-09 23:17:06.609 0 0 I GICv3 : CPU1: found redistributor 100 region 0:0x00000000fe6a0000
05-09 23:17:06.609 0 0 I CPU1 : Booted secondary processor 0x0000000100 [0x412fd050]
05-09 23:17:06.609 1286 1286 I : CPU1 is up
05-09 23:17:06.610 0 0 I : Detected VIPT I-cache on CPU2
05-09 23:17:06.610 0 0 I GICv3 : CPU2: found redistributor 200 region 0:0x00000000fe6c0000
05-09 23:17:06.610 0 0 I CPU2 : Booted secondary processor 0x0000000200 [0x412fd050]
05-09 23:17:06.611 1286 1286 I : CPU2 is up
05-09 23:17:06.612 0 0 I : Detected VIPT I-cache on CPU3
05-09 23:17:06.612 0 0 I GICv3 : CPU3: found redistributor 300 region 0:0x00000000fe6e0000
05-09 23:17:06.612 0 0 I CPU3 : Booted secondary processor 0x0000000300 [0x412fd050]
05-09 23:17:06.613 1286 1286 I : CPU3 is up
05-09 23:17:06.613 0 0 I : Detected PIPT I-cache on CPU4
05-09 23:17:06.613 0 0 I GICv3 : CPU4: found redistributor 400 region 0:0x00000000fe700000
05-09 23:17:06.614 0 0 I CPU4 : Booted secondary processor 0x0000000400 [0x414fd0b0]
05-09 23:17:06.614 1286 1286 I : CPU4 is up
05-09 23:17:06.615 0 0 I : Detected PIPT I-cache on CPU5
05-09 23:17:06.615 0 0 I GICv3 : CPU5: found redistributor 500 region 0:0x00000000fe720000
05-09 23:17:06.616 0 0 I CPU5 : Booted secondary processor 0x0000000500 [0x414fd0b0]
05-09 23:17:06.616 1286 1286 I : CPU5 is up
05-09 23:17:06.617 0 0 I : Detected PIPT I-cache on CPU6
05-09 23:17:06.617 0 0 I GICv3 : CPU6: found redistributor 600 region 0:0x00000000fe740000
05-09 23:17:06.618 0 0 I CPU6 : Booted secondary processor 0x0000000600 [0x414fd0b0]
05-09 23:17:06.619 1286 1286 I : CPU6 is up
05-09 23:17:06.620 0 0 I : Detected PIPT I-cache on CPU7
05-09 23:17:06.620 0 0 I GICv3 : CPU7: found redistributor 700 region 0:0x00000000fe760000
05-09 23:17:06.620 0 0 I CPU7 : Booted secondary processor 0x0000000700 [0x414fd0b0]
05-09 23:17:06.621 1286 1286 I : CPU7 is up
05-09 23:17:06.626 1286 1286 I rk_gmac-dwmac fe1c0000.ethernet: init for RGMII
05-09 23:17:06.626 1334 1334 I usb1 : root hub lost power or was reset
05-09 23:17:06.636 1286 1286 E PM : dpm_run_callback(): wacom_i2c_resume+0x0/0xdc returns -6
05-09 23:17:06.636 1286 1286 E PM : Device 4-0009 failed to resume: error -6
05-09 23:17:06.698 1286 1286 I usb2 : root hub lost power or was reset
05-09 23:17:06.794 1286 1286 I : OOM killer enabled.
05-09 23:17:06.794 1286 1286 I : Restarting tasks ... done.
05-09 23:17:06.802 1286 1286 I : Resume caused by IRQ 114, hym8563
05-09 23:17:06.802 1286 1286 I PM : suspend exit
05-09 23:18:05.277 437 437 W healthd : battery l=100 v=8700 t=25.5 h=1 st=5 c=0 fc=9700000 cc=6 chg=u
05-09 23:18:05.278 2334 2334 I : mmc_host mmc0: Bus speed (slot 0) = 400000Hz (slot req 400000Hz, actual 400000HZ div = 0)
05-09 23:18:05.462 2334 2334 I : mmc_host mmc0: Bus speed (slot 0) = 49500000Hz (slot req 50000000Hz, actual 49500000HZ div = 0)
05-09 23:18:05.547 1286 1286 I PM : suspend entry (deep)
05-09 23:18:05.551 1286 1286 I Filesystems sync: 0.003 seconds
05-09 23:18:05.551 1286 1286 I : Freezing user space processes ... (elapsed 0.004 seconds) done.
05-09 23:18:05.555 1286 1286 I : OOM killer disabled.
05-09 23:18:05.555 1286 1286 I : Freezing remaining freezable tasks ... (elapsed 0.125 seconds) done.
05-09 23:18:05.681 1286 1286 I printk : Suspending console(s) (use no_console_suspend to debug)
05-09 23:18:05.755 1286 1286 E regulator-dummy: Underflow of regulator enable count
05-09 23:18:05.755 1286 1286 E wacom_i2c 4-0009: disable regulator failed -22
05-09 23:18:05.763 2334 2334 I android_work: did not send uevent (0 0 0000000000000000)
05-09 23:18:06.795 1286 1286 I : Disabling non-boot CPUs ...
05-09 23:18:06.796 1286 1286 I psci : CPU1 killed (polled 0 ms)
05-09 23:18:06.798 1286 1286 I psci : CPU2 killed (polled 0 ms)
05-09 23:18:06.799 1286 1286 I psci : CPU3 killed (polled 0 ms)
05-09 23:18:06.801 1286 1286 I psci : CPU4 killed (polled 0 ms)
05-09 23:18:06.803 1286 1286 I psci : CPU5 killed (polled 4 ms)
05-09 23:18:06.805 1286 1286 I psci : CPU6 killed (polled 0 ms)
05-09 23:18:06.806 1286 1286 I psci : CPU7 killed (polled 0 ms)
05-09 23:19:05.077 0 0 W [ C0] PM: pm_system_irq_wakeup: 114 triggered hym8563
05-09 23:19:05.077 1286 1286 I : Enabling non-boot CPUs ...
05-09 23:19:05.078 0 0 I : Detected VIPT I-cache on CPU1
05-09 23:19:05.078 0 0 I GICv3 : CPU1: found redistributor 100 region 0:0x00000000fe6a0000
05-09 23:19:05.078 0 0 I CPU1 : Booted secondary processor 0x0000000100 [0x412fd050]
05-09 23:19:05.079 1286 1286 I : CPU1 is up
05-09 23:19:05.080 0 0 I : Detected VIPT I-cache on CPU2
05-09 23:19:05.080 0 0 I GICv3 : CPU2: found redistributor 200 region 0:0x00000000fe6c0000
05-09 23:19:05.080 0 0 I CPU2 : Booted secondary processor 0x0000000200 [0x412fd050]
05-09 23:19:05.080 1286 1286 I : CPU2 is up
05-09 23:19:05.081 0 0 I : Detected VIPT I-cache on CPU3
05-09 23:19:05.081 0 0 I GICv3 : CPU3: found redistributor 300 region 0:0x00000000fe6e0000
05-09 23:19:05.081 0 0 I CPU3 : Booted secondary processor 0x0000000300 [0x412fd050]
05-09 23:19:05.082 1286 1286 I : CPU3 is up
05-09 23:19:05.083 0 0 I : Detected PIPT I-cache on CPU4
05-09 23:19:05.083 0 0 I GICv3 : CPU4: found redistributor 400 region 0:0x00000000fe700000
05-09 23:19:05.083 0 0 I CPU4 : Booted secondary processor 0x0000000400 [0x414fd0b0]
05-09 23:19:05.084 1286 1286 I : CPU4 is up
05-09 23:19:05.085 0 0 I : Detected PIPT I-cache on CPU5
05-09 23:19:05.085 0 0 I GICv3 : CPU5: found redistributor 500 region 0:0x00000000fe720000
05-09 23:19:05.085 0 0 I CPU5 : Booted secondary processor 0x0000000500 [0x414fd0b0]
05-09 23:19:05.086 1286 1286 I : CPU5 is up
05-09 23:19:05.087 0 0 I : Detected PIPT I-cache on CPU6
05-09 23:19:05.087 0 0 I GICv3 : CPU6: found redistributor 600 region 0:0x00000000fe740000
05-09 23:19:05.087 0 0 I CPU6 : Booted secondary processor 0x0000000600 [0x414fd0b0]
05-09 23:19:05.088 1286 1286 I : CPU6 is up
05-09 23:19:05.089 0 0 I : Detected PIPT I-cache on CPU7
05-09 23:19:05.089 0 0 I GICv3 : CPU7: found redistributor 700 region 0:0x00000000fe760000
05-09 23:19:05.089 0 0 I CPU7 : Booted secondary processor 0x0000000700 [0x414fd0b0]
05-09 23:19:05.090 1286 1286 I : CPU7 is up
05-09 23:19:05.095 1286 1286 I rk_gmac-dwmac fe1c0000.ethernet: init for RGMII
05-09 23:19:05.096 2056 2056 I usb1 : root hub lost power or was reset
05-09 23:19:05.106 1286 1286 E PM : dpm_run_callback(): wacom_i2c_resume+0x0/0xdc returns -6
05-09 23:19:05.106 1286 1286 E PM : Device 4-0009 failed to resume: error -6
05-09 23:19:05.167 1286 1286 I usb2 : root hub lost power or was reset
05-09 23:19:05.264 1286 1286 I : OOM killer enabled.
05-09 23:19:05.264 1286 1286 I : Restarting tasks ... done.
05-09 23:19:05.273 1286 1286 I : Resume caused by IRQ 114, hym8563
05-09 23:19:05.273 1286 1286 I PM : suspend exit
05-09 23:20:03.544 437 437 W healthd : battery l=100 v=8700 t=25.5 h=1 st=5 c=0 fc=9700000 cc=6 chg=u
05-09 23:20:03.546 798 798 I : mmc_host mmc0: Bus speed (slot 0) = 400000Hz (slot req 400000Hz, actual 400000HZ div = 0)
05-09 23:20:03.643 1286 1286 I PM : suspend entry (deep)
05-09 23:20:03.654 1286 1286 I Filesystems sync: 0.010 seconds
05-09 23:20:03.654 1286 1286 I : Freezing user space processes ... (elapsed 0.003 seconds) done.
05-09 23:20:03.658 1286 1286 I : OOM killer disabled.
05-09 23:20:03.658 1286 1286 I : Freezing remaining freezable tasks ...
05-09 23:20:03.732 798 798 I : mmc_host mmc0: Bus speed (slot 0) = 49500000Hz (slot req 50000000Hz, actual 49500000HZ div = 0)
05-09 23:20:03.756 1286 1286 W : (elapsed 0.097 seconds) done.
05-09 23:20:03.756 1286 1286 I printk : Suspending console(s) (use no_console_suspend to debug)
05-09 23:20:03.833 1286 1286 E regulator-dummy: Underflow of regulator enable count
05-09 23:20:03.833 1286 1286 E wacom_i2c 4-0009: disable regulator failed -22
05-09 23:20:03.841 798 798 I android_work: did not send uevent (0 0 0000000000000000)
05-09 23:20:04.876 1286 1286 I : Disabling non-boot CPUs ...
05-09 23:20:04.877 1286 1286 I psci : CPU1 killed (polled 0 ms)
05-09 23:20:04.879 1286 1286 I psci : CPU2 killed (polled 0 ms)
05-09 23:20:04.880 1286 1286 I psci : CPU3 killed (polled 0 ms)
05-09 23:20:04.882 1286 1286 I psci : CPU4 killed (polled 0 ms)
05-09 23:20:04.884 1286 1286 I psci : CPU5 killed (polled 0 ms)
05-09 23:20:04.886 1286 1286 I psci : CPU6 killed (polled 4 ms)
05-09 23:20:04.888 1286 1286 I psci : CPU7 killed (polled 0 ms)
05-09 23:21:03.346 0 0 W [ C0] PM: pm_system_irq_wakeup: 114 triggered hym8563
05-09 23:21:03.347 1286 1286 I : Enabling non-boot CPUs ...
05-09 23:21:03.348 0 0 I : Detected VIPT I-cache on CPU1
05-09 23:21:03.348 0 0 I GICv3 : CPU1: found redistributor 100 region 0:0x00000000fe6a0000
05-09 23:21:03.348 0 0 I CPU1 : Booted secondary processor 0x0000000100 [0x412fd050]
05-09 23:21:03.348 1286 1286 I : CPU1 is up
05-09 23:21:03.349 0 0 I : Detected VIPT I-cache on CPU2
05-09 23:21:03.349 0 0 I GICv3 : CPU2: found redistributor 200 region 0:0x00000000fe6c0000
05-09 23:21:03.349 0 0 I CPU2 : Booted secondary processor 0x0000000200 [0x412fd050]
05-09 23:21:03.350 1286 1286 I : CPU2 is up
05-09 23:21:03.351 0 0 I : Detected VIPT I-cache on CPU3
05-09 23:21:03.351 0 0 I GICv3 : CPU3: found redistributor 300 region 0:0x00000000fe6e0000
05-09 23:21:03.351 0 0 I CPU3 : Booted secondary processor 0x0000000300 [0x412fd050]
05-09 23:21:03.351 1286 1286 I : CPU3 is up
05-09 23:21:03.352 0 0 I : Detected PIPT I-cache on CPU4
05-09 23:21:03.352 0 0 I GICv3 : CPU4: found redistributor 400 region 0:0x00000000fe700000
05-09 23:21:03.352 0 0 I CPU4 : Booted secondary processor 0x0000000400 [0x414fd0b0]
05-09 23:21:03.353 1286 1286 I : CPU4 is up
05-09 23:21:03.354 0 0 I : Detected PIPT I-cache on CPU5
05-09 23:21:03.354 0 0 I GICv3 : CPU5: found redistributor 500 region 0:0x00000000fe720000
05-09 23:21:03.354 0 0 I CPU5 : Booted secondary processor 0x0000000500 [0x414fd0b0]
05-09 23:21:03.355 1286 1286 I : CPU5 is up
05-09 23:21:03.356 0 0 I : Detected PIPT I-cache on CPU6
05-09 23:21:03.356 0 0 I GICv3 : CPU6: found redistributor 600 region 0:0x00000000fe740000
05-09 23:21:03.356 0 0 I CPU6 : Booted secondary processor 0x0000000600 [0x414fd0b0]
05-09 23:21:03.358 1286 1286 I : CPU6 is up
05-09 23:21:03.359 0 0 I : Detected PIPT I-cache on CPU7
05-09 23:21:03.359 0 0 I GICv3 : CPU7: found redistributor 700 region 0:0x00000000fe760000
05-09 23:21:03.359 0 0 I CPU7 : Booted secondary processor 0x0000000700 [0x414fd0b0]
05-09 23:21:03.360 1286 1286 I : CPU7 is up
05-09 23:21:03.366 1286 1286 I rk_gmac-dwmac fe1c0000.ethernet: init for RGMII
05-09 23:21:03.366 215 215 I usb1 : root hub lost power or was reset
05-09 23:21:03.375 1286 1286 E PM : dpm_run_callback(): wacom_i2c_resume+0x0/0xdc returns -6
05-09 23:21:03.375 1286 1286 E PM : Device 4-0009 failed to resume: error -6
05-09 23:21:03.438 1286 1286 I usb2 : root hub lost power or was reset
05-09 23:21:03.535 1286 1286 I : OOM killer enabled.
05-09 23:21:03.535 1286 1286 I : Restarting tasks ... done.
05-09 23:21:03.540 1286 1286 I : Resume caused by IRQ 114, hym8563
05-09 23:21:03.540 1286 1286 I PM : suspend exit
05-09 23:22:02.002 437 437 W healthd : battery l=100 v=8698 t=25.5 h=1 st=5 c=0 fc=9700000 cc=6 chg=u
05-09 23:22:02.017 798 798 I : mmc_host mmc0: Bus speed (slot 0) = 400000Hz (slot req 400000Hz, actual 400000HZ div = 0)
05-09 23:22:02.187 798 798 I : mmc_host mmc0: Bus speed (slot 0) = 49500000Hz (slot req 50000000Hz, actual 49500000HZ div = 0)
05-09 23:22:02.199 1286 1286 I PM : suspend entry (deep)
05-09 23:22:02.200 1286 1286 I Filesystems sync: 0.000 seconds
05-09 23:22:02.200 1286 1286 I : Freezing user space processes ... (elapsed 0.003 seconds) done.
05-09 23:22:02.204 1286 1286 I : OOM killer disabled.
05-09 23:22:02.204 1286 1286 I : Freezing remaining freezable tasks ... (elapsed 0.206 seconds) done.
05-09 23:22:02.411 1286 1286 I printk : Suspending console(s) (use no_console_suspend to debug)
05-09 23:22:02.485 1286 1286 E regulator-dummy: Underflow of regulator enable count
05-09 23:22:02.485 1286 1286 E wacom_i2c 4-0009: disable regulator failed -22
05-09 23:22:02.493 1315 1315 I android_work: did not send uevent (0 0 0000000000000000)
05-09 23:22:03.525 1286 1286 I : Disabling non-boot CPUs ...
05-09 23:22:03.526 1286 1286 I psci : CPU1 killed (polled 0 ms)
05-09 23:22:03.527 1286 1286 I psci : CPU2 killed (polled 0 ms)
05-09 23:22:03.529 1286 1286 I psci : CPU3 killed (polled 0 ms)
05-09 23:22:03.530 1286 1286 I psci : CPU4 killed (polled 0 ms)
05-09 23:22:03.531 1286 1286 I psci : CPU5 killed (polled 4 ms)
05-09 23:22:03.534 1286 1286 I psci : CPU6 killed (polled 0 ms)
05-09 23:22:03.535 1286 1286 I psci : CPU7 killed (polled 0 ms)
05-09 23:23:01.804 0 0 W [ C0] PM: pm_system_irq_wakeup: 114 triggered hym8563
05-09 23:23:01.804 1286 1286 I : Enabling non-boot CPUs ...
05-09 23:23:01.805 0 0 I : Detected VIPT I-cache on CPU1
05-09 23:23:01.805 0 0 I GICv3 : CPU1: found redistributor 100 region 0:0x00000000fe6a0000
05-09 23:23:01.805 0 0 I CPU1 : Booted secondary processor 0x0000000100 [0x412fd050]
05-09 23:23:01.806 1286 1286 I : CPU1 is up
05-09 23:23:01.807 0 0 I : Detected VIPT I-cache on CPU2
05-09 23:23:01.807 0 0 I GICv3 : CPU2: found redistributor 200 region 0:0x00000000fe6c0000
05-09 23:23:01.807 0 0 I CPU2 : Booted secondary processor 0x0000000200 [0x412fd050]
05-09 23:23:01.808 1286 1286 I : CPU2 is up
05-09 23:23:01.808 0 0 I : Detected VIPT I-cache on CPU3
05-09 23:23:01.809 0 0 I GICv3 : CPU3: found redistributor 300 region 0:0x00000000fe6e0000
05-09 23:23:01.809 0 0 I CPU3 : Booted secondary processor 0x0000000300 [0x412fd050]
05-09 23:23:01.809 1286 1286 I : CPU3 is up
05-09 23:23:01.810 0 0 I : Detected PIPT I-cache on CPU4
05-09 23:23:01.810 0 0 I GICv3 : CPU4: found redistributor 400 region 0:0x00000000fe700000
05-09 23:23:01.810 0 0 I CPU4 : Booted secondary processor 0x0000000400 [0x414fd0b0]
05-09 23:23:01.811 1286 1286 I : CPU4 is up
05-09 23:23:01.812 0 0 I : Detected PIPT I-cache on CPU5
05-09 23:23:01.812 0 0 I GICv3 : CPU5: found redistributor 500 region 0:0x00000000fe720000
05-09 23:23:01.812 0 0 I CPU5 : Booted secondary processor 0x0000000500 [0x414fd0b0]
05-09 23:23:01.813 1286 1286 I : CPU5 is up
05-09 23:23:01.814 0 0 I : Detected PIPT I-cache on CPU6
05-09 23:23:01.814 0 0 I GICv3 : CPU6: found redistributor 600 region 0:0x00000000fe740000
05-09 23:23:01.814 0 0 I CPU6 : Booted secondary processor 0x0000000600 [0x414fd0b0]
05-09 23:23:01.815 1286 1286 I : CPU6 is up
05-09 23:23:01.816 0 0 I : Detected PIPT I-cache on CPU7
05-09 23:23:01.816 0 0 I GICv3 : CPU7: found redistributor 700 region 0:0x00000000fe760000
05-09 23:23:01.816 0 0 I CPU7 : Booted secondary processor 0x0000000700 [0x414fd0b0]
05-09 23:23:01.817 1286 1286 I : CPU7 is up
05-09 23:23:01.823 1286 1286 I rk_gmac-dwmac fe1c0000.ethernet: init for RGMII
05-09 23:23:01.823 1291 1291 I usb1 : root hub lost power or was reset
05-09 23:23:01.833 1286 1286 E PM : dpm_run_callback(): wacom_i2c_resume+0x0/0xdc returns -6
05-09 23:23:01.833 1286 1286 E PM : Device 4-0009 failed to resume: error -6
05-09 23:23:01.894 1286 1286 I usb2 : root hub lost power or was reset
05-09 23:23:01.988 1286 1286 I : OOM killer enabled.
05-09 23:23:01.988 1286 1286 I : Restarting tasks ... done.
05-09 23:23:01.991 1286 1286 I : Resume caused by IRQ 114, hym8563
05-09 23:23:01.991 1286 1286 I PM : suspend exit
05-09 23:24:00.261 437 437 W healthd : battery l=100 v=8696 t=25.5 h=1 st=5 c=0 fc=9700000 cc=6 chg=u
05-09 23:24:00.273 1330 1330 I : mmc_host mmc0: Bus speed (slot 0) = 400000Hz (slot req 400000Hz, actual 400000HZ div = 0)
05-09 23:24:00.360 1286 1286 I PM : suspend entry (deep)
05-09 23:24:00.369 1286 1286 I Filesystems sync: 0.008 seconds
05-09 23:24:00.369 1286 1286 I : Freezing user space processes ... (elapsed 0.003 seconds) done.
05-09 23:24:00.372 1286 1286 I : OOM killer disabled.
05-09 23:24:00.372 1286 1286 I : Freezing remaining freezable tasks ...
05-09 23:24:00.460 1330 1330 I : mmc_host mmc0: Bus speed (slot 0) = 49500000Hz (slot req 50000000Hz, actual 49500000HZ div = 0)
05-09 23:24:00.466 1286 1286 W : (elapsed 0.093 seconds) done.
05-09 23:24:00.466 1286 1286 I printk : Suspending console(s) (use no_console_suspend to debug)
05-09 23:24:00.542 1286 1286 E regulator-dummy: Underflow of regulator enable count
05-09 23:24:00.542 1286 1286 E wacom_i2c 4-0009: disable regulator failed -22
05-09 23:24:00.550 798 798 I android_work: did not send uevent (0 0 0000000000000000)
05-09 23:24:01.585 1286 1286 I : Disabling non-boot CPUs ...
05-09 23:24:01.586 1286 1286 I psci : CPU1 killed (polled 0 ms)
05-09 23:24:01.588 1286 1286 I psci : CPU2 killed (polled 0 ms)
05-09 23:24:01.589 1286 1286 I psci : CPU3 killed (polled 0 ms)
05-09 23:24:01.591 1286 1286 I psci : CPU4 killed (polled 0 ms)
05-09 23:24:01.593 1286 1286 I psci : CPU5 killed (polled 0 ms)
05-09 23:24:01.595 1286 1286 I psci : CPU6 killed (polled 4 ms)
05-09 23:24:01.597 1286 1286 I psci : CPU7 killed (polled 0 ms)
05-09 23:25:00.072 0 0 W [ C0] PM: pm_system_irq_wakeup: 114 triggered hym8563
05-09 23:25:00.072 1286 1286 I : Enabling non-boot CPUs ...
05-09 23:25:00.073 0 0 I : Detected VIPT I-cache on CPU1
05-09 23:25:00.073 0 0 I GICv3 : CPU1: found redistributor 100 region 0:0x00000000fe6a0000
05-09 23:25:00.074 0 0 I CPU1 : Booted secondary processor 0x0000000100 [0x412fd050]
05-09 23:25:00.074 1286 1286 I : CPU1 is up
05-09 23:25:00.075 0 0 I : Detected VIPT I-cache on CPU2
05-09 23:25:00.075 0 0 I GICv3 : CPU2: found redistributor 200 region 0:0x00000000fe6c0000
05-09 23:25:00.075 0 0 I CPU2 : Booted secondary processor 0x0000000200 [0x412fd050]
05-09 23:25:00.076 1286 1286 I : CPU2 is up
05-09 23:25:00.077 0 0 I : Detected VIPT I-cache on CPU3
05-09 23:25:00.077 0 0 I GICv3 : CPU3: found redistributor 300 region 0:0x00000000fe6e0000
05-09 23:25:00.077 0 0 I CPU3 : Booted secondary processor 0x0000000300 [0x412fd050]
05-09 23:25:00.077 1286 1286 I : CPU3 is up
05-09 23:25:00.078 0 0 I : Detected PIPT I-cache on CPU4
05-09 23:25:00.078 0 0 I GICv3 : CPU4: found redistributor 400 region 0:0x00000000fe700000
05-09 23:25:00.078 0 0 I CPU4 : Booted secondary processor 0x0000000400 [0x414fd0b0]
05-09 23:25:00.079 1286 1286 I : CPU4 is up
05-09 23:25:00.080 0 0 I : Detected PIPT I-cache on CPU5
05-09 23:25:00.080 0 0 I GICv3 : CPU5: found redistributor 500 region 0:0x00000000fe720000
05-09 23:25:00.080 0 0 I CPU5 : Booted secondary processor 0x0000000500 [0x414fd0b0]
05-09 23:25:00.081 1286 1286 I : CPU5 is up
05-09 23:25:00.082 0 0 I : Detected PIPT I-cache on CPU6
05-09 23:25:00.082 0 0 I GICv3 : CPU6: found redistributor 600 region 0:0x00000000fe740000
05-09 23:25:00.082 0 0 I CPU6 : Booted secondary processor 0x0000000600 [0x414fd0b0]
05-09 23:25:00.084 1286 1286 I : CPU6 is up
05-09 23:25:00.085 0 0 I : Detected PIPT I-cache on CPU7
05-09 23:25:00.085 0 0 I GICv3 : CPU7: found redistributor 700 region 0:0x00000000fe760000
05-09 23:25:00.085 0 0 I CPU7 : Booted secondary processor 0x0000000700 [0x414fd0b0]
05-09 23:25:00.086 1286 1286 I : CPU7 is up
05-09 23:25:00.091 1286 1286 I rk_gmac-dwmac fe1c0000.ethernet: init for RGMII
05-09 23:25:00.092 1294 1294 I usb1 : root hub lost power or was reset
05-09 23:25:00.101 1286 1286 E PM : dpm_run_callback(): wacom_i2c_resume+0x0/0xdc returns -6
05-09 23:25:00.101 1286 1286 E PM : Device 4-0009 failed to resume: error -6
05-09 23:25:00.164 1286 1286 I usb2 : root hub lost power or was reset
05-09 23:25:00.258 1286 1286 I : OOM killer enabled.
05-09 23:25:00.258 1286 1286 I : Restarting tasks ...
05-09 23:25:58.737 437 437 W healthd : battery l=100 v=8700 t=25.5 h=1 st=5 c=0 fc=9700000 cc=6 chg=u
05-09 23:25:58.737 1286 1286 W : done.
05-09 23:25:58.737 1286 1286 I : Resume caused by IRQ 114, hym8563
05-09 23:25:58.737 1286 1286 I PM : suspend exit
05-09 23:25:58.752 798 798 I : mmc_host mmc0: Bus speed (slot 0) = 400000Hz (slot req 400000Hz, actual 400000HZ div = 0)
05-09 23:25:58.838 1286 1286 I PM : suspend entry (deep)
05-09 23:25:58.847 1286 1286 I Filesystems sync: 0.009 seconds
05-09 23:25:58.847 1286 1286 I : Freezing user space processes ... (elapsed 0.004 seconds) done.
05-09 23:25:58.852 1286 1286 I : OOM killer disabled.
05-09 23:25:58.852 1286 1286 I : Freezing remaining freezable tasks ...
05-09 23:25:58.936 798 798 I : mmc_host mmc0: Bus speed (slot 0) = 49500000Hz (slot req 50000000Hz, actual 49500000HZ div = 0)
05-09 23:25:58.943 1286 1286 W : (elapsed 0.090 seconds) done.
05-09 23:25:58.943 1286 1286 I printk : Suspending console(s) (use no_console_suspend to debug)
05-09 23:25:59.018 1286 1286 E regulator-dummy: Underflow of regulator enable count
05-09 23:25:59.018 1286 1286 E wacom_i2c 4-0009: disable regulator failed -22
05-09 23:25:59.026 798 798 I android_work: did not send uevent (0 0 0000000000000000)
05-09 23:26:00.061 1286 1286 I : Disabling non-boot CPUs ...
05-09 23:26:00.062 1286 1286 I psci : CPU1 killed (polled 0 ms)
05-09 23:26:00.064 1286 1286 I psci : CPU2 killed (polled 0 ms)
05-09 23:26:00.065 1286 1286 I psci : CPU3 killed (polled 0 ms)
05-09 23:26:00.067 1286 1286 I psci : CPU4 killed (polled 0 ms)
05-09 23:26:00.069 1286 1286 I psci : CPU5 killed (polled 0 ms)
05-09 23:26:00.072 1286 1286 I psci : CPU6 killed (polled 4 ms)
05-09 23:26:00.074 1286 1286 I psci : CPU7 killed (polled 0 ms)
05-09 23:26:58.547 0 0 W [ C0] PM: pm_system_irq_wakeup: 114 triggered hym8563
05-09 23:26:58.547 1286 1286 I : Enabling non-boot CPUs ...
05-09 23:26:58.548 0 0 I : Detected VIPT I-cache on CPU1
05-09 23:26:58.548 0 0 I GICv3 : CPU1: found redistributor 100 region 0:0x00000000fe6a0000
05-09 23:26:58.548 0 0 I CPU1 : Booted secondary processor 0x0000000100 [0x412fd050]
05-09 23:26:58.549 1286 1286 I : CPU1 is up
05-09 23:26:58.550 0 0 I : Detected VIPT I-cache on CPU2
05-09 23:26:58.550 0 0 I GICv3 : CPU2: found redistributor 200 region 0:0x00000000fe6c0000
05-09 23:26:58.550 0 0 I CPU2 : Booted secondary processor 0x0000000200 [0x412fd050]
05-09 23:26:58.550 1286 1286 I : CPU2 is up
05-09 23:26:58.551 0 0 I : Detected VIPT I-cache on CPU3
05-09 23:26:58.551 0 0 I GICv3 : CPU3: found redistributor 300 region 0:0x00000000fe6e0000
05-09 23:26:58.551 0 0 I CPU3 : Booted secondary processor 0x0000000300 [0x412fd050]
05-09 23:26:58.552 1286 1286 I : CPU3 is up
05-09 23:26:58.553 0 0 I : Detected PIPT I-cache on CPU4
05-09 23:26:58.553 0 0 I GICv3 : CPU4: found redistributor 400 region 0:0x00000000fe700000
05-09 23:26:58.553 0 0 I CPU4 : Booted secondary processor 0x0000000400 [0x414fd0b0]
05-09 23:26:58.554 1286 1286 I : CPU4 is up
05-09 23:26:58.555 0 0 I : Detected PIPT I-cache on CPU5
05-09 23:26:58.555 0 0 I GICv3 : CPU5: found redistributor 500 region 0:0x00000000fe720000
05-09 23:26:58.555 0 0 I CPU5 : Booted secondary processor 0x0000000500 [0x414fd0b0]
05-09 23:26:58.556 1286 1286 I : CPU5 is up
05-09 23:26:58.557 0 0 I : Detected PIPT I-cache on CPU6
05-09 23:26:58.557 0 0 I GICv3 : CPU6: found redistributor 600 region 0:0x00000000fe740000
05-09 23:26:58.557 0 0 I CPU6 : Booted secondary processor 0x0000000600 [0x414fd0b0]
05-09 23:26:58.558 1286 1286 I : CPU6 is up
05-09 23:26:58.559 0 0 I : Detected PIPT I-cache on CPU7
05-09 23:26:58.559 0 0 I GICv3 : CPU7: found redistributor 700 region 0:0x00000000fe760000
05-09 23:26:58.559 0 0 I CPU7 : Booted secondary processor 0x0000000700 [0x414fd0b0]
05-09 23:26:58.560 1286 1286 I : CPU7 is up
05-09 23:26:58.566 1286 1286 I rk_gmac-dwmac fe1c0000.ethernet: init for RGMII
05-09 23:26:58.566 1273 1273 I usb1 : root hub lost power or was reset
05-09 23:26:58.576 1286 1286 E PM : dpm_run_callback(): wacom_i2c_resume+0x0/0xdc returns -6
05-09 23:26:58.576 1286 1286 E PM : Device 4-0009 failed to resume: error -6
05-09 23:26:58.637 1286 1286 I usb2 : root hub lost power or was reset
05-09 23:26:58.732 1286 1286 I : OOM killer enabled.
05-09 23:26:58.732 1286 1286 I : Restarting tasks ...
05-09 23:27:57.216 437 437 W healthd : battery l=100 v=8698 t=25.5 h=1 st=5 c=0 fc=9700000 cc=6 chg=u
05-09 23:27:57.219 1315 1315 I : mmc_host mmc0: Bus speed (slot 0) = 400000Hz (slot req 400000Hz, actual 400000HZ div = 0)
05-09 23:27:57.222 1286 1286 W : done.
05-09 23:27:57.224 1286 1286 I : Resume caused by IRQ 114, hym8563
05-09 23:27:57.224 1286 1286 I PM : suspend exit
05-09 23:27:57.326 1286 1286 I PM : suspend entry (deep)
05-09 23:27:57.329 1286 1286 I Filesystems sync: 0.003 seconds
05-09 23:27:57.329 1286 1286 I : Freezing user space processes ... (elapsed 0.006 seconds) done.
05-09 23:27:57.336 1286 1286 I : OOM killer disabled.
05-09 23:27:57.336 1286 1286 I : Freezing remaining freezable tasks ...
05-09 23:27:57.402 1315 1315 I : mmc_host mmc0: Bus speed (slot 0) = 49500000Hz (slot req 50000000Hz, actual 49500000HZ div = 0)
05-09 23:27:57.413 1286 1286 W : (elapsed 0.077 seconds) done.
05-09 23:27:57.413 1286 1286 I printk : Suspending console(s) (use no_console_suspend to debug)
05-09 23:27:57.496 1286 1286 E regulator-dummy: Underflow of regulator enable count
05-09 23:27:57.496 1286 1286 E wacom_i2c 4-0009: disable regulator failed -22
05-09 23:27:57.504 798 798 I android_work: did not send uevent (0 0 0000000000000000)
05-09 23:27:58.539 1286 1286 I : Disabling non-boot CPUs ...
05-09 23:27:58.540 1286 1286 I psci : CPU1 killed (polled 0 ms)
05-09 23:27:58.542 1286 1286 I psci : CPU2 killed (polled 0 ms)
05-09 23:27:58.543 1286 1286 I psci : CPU3 killed (polled 0 ms)
05-09 23:27:58.544 1286 1286 I psci : CPU4 killed (polled 0 ms)
05-09 23:27:58.547 1286 1286 I psci : CPU5 killed (polled 0 ms)
05-09 23:27:58.548 1286 1286 I psci : CPU6 killed (polled 4 ms)
05-09 23:27:58.551 1286 1286 I psci : CPU7 killed (polled 0 ms)
05-09 23:28:57.019 0 0 W [ C0] PM: pm_system_irq_wakeup: 114 triggered hym8563
05-09 23:28:57.019 1286 1286 I : Enabling non-boot CPUs ...
05-09 23:28:57.020 0 0 I : Detected VIPT I-cache on CPU1
05-09 23:28:57.020 0 0 I GICv3 : CPU1: found redistributor 100 region 0:0x00000000fe6a0000
05-09 23:28:57.020 0 0 I CPU1 : Booted secondary processor 0x0000000100 [0x412fd050]
05-09 23:28:57.021 1286 1286 I : CPU1 is up
05-09 23:28:57.022 0 0 I : Detected VIPT I-cache on CPU2
05-09 23:28:57.022 0 0 I GICv3 : CPU2: found redistributor 200 region 0:0x00000000fe6c0000
05-09 23:28:57.022 0 0 I CPU2 : Booted secondary processor 0x0000000200 [0x412fd050]
05-09 23:28:57.022 1286 1286 I : CPU2 is up
05-09 23:28:57.023 0 0 I : Detected VIPT I-cache on CPU3
05-09 23:28:57.023 0 0 I GICv3 : CPU3: found redistributor 300 region 0:0x00000000fe6e0000
05-09 23:28:57.023 0 0 I CPU3 : Booted secondary processor 0x0000000300 [0x412fd050]
05-09 23:28:57.024 1286 1286 I : CPU3 is up
05-09 23:28:57.025 0 0 I : Detected PIPT I-cache on CPU4
05-09 23:28:57.025 0 0 I GICv3 : CPU4: found redistributor 400 region 0:0x00000000fe700000
05-09 23:28:57.025 0 0 I CPU4 : Booted secondary processor 0x0000000400 [0x414fd0b0]
05-09 23:28:57.026 1286 1286 I : CPU4 is up
05-09 23:28:57.027 0 0 I : Detected PIPT I-cache on CPU5
05-09 23:28:57.027 0 0 I GICv3 : CPU5: found redistributor 500 region 0:0x00000000fe720000
05-09 23:28:57.027 0 0 I CPU5 : Booted secondary processor 0x0000000500 [0x414fd0b0]
05-09 23:28:57.028 1286 1286 I : CPU5 is up
05-09 23:28:57.029 0 0 I : Detected PIPT I-cache on CPU6
05-09 23:28:57.029 0 0 I GICv3 : CPU6: found redistributor 600 region 0:0x00000000fe740000
05-09 23:28:57.029 0 0 I CPU6 : Booted secondary processor 0x0000000600 [0x414fd0b0]
05-09 23:28:57.030 1286 1286 I : CPU6 is up
05-09 23:28:57.031 0 0 I : Detected PIPT I-cache on CPU7
05-09 23:28:57.031 0 0 I GICv3 : CPU7: found redistributor 700 region 0:0x00000000fe760000
05-09 23:28:57.031 0 0 I CPU7 : Booted secondary processor 0x0000000700 [0x414fd0b0]
05-09 23:28:57.032 1286 1286 I : CPU7 is up
05-09 23:28:57.038 1286 1286 I rk_gmac-dwmac fe1c0000.ethernet: init for RGMII
05-09 23:28:57.038 2496 2496 I usb1 : root hub lost power or was reset
05-09 23:28:57.048 1286 1286 E PM : dpm_run_callback(): wacom_i2c_resume+0x0/0xdc returns -6
05-09 23:28:57.048 1286 1286 E PM : Device 4-0009 failed to resume: error -6
05-09 23:28:57.110 1286 1286 I usb2 : root hub lost power or was reset
05-09 23:28:57.204 1286 1286 I : OOM killer enabled.
05-09 23:28:57.204 1286 1286 I : Restarting tasks ... done.
05-09 23:28:57.208 1286 1286 I : Resume caused by IRQ 114, hym8563
05-09 23:28:57.208 1286 1286 I PM : suspend exit
05-09 23:29:55.676 437 437 W healthd : battery l=100 v=8700 t=25.5 h=1 st=5 c=0 fc=9700000 cc=6 chg=u
05-09 23:29:55.688 798 798 I : mmc_host mmc0: Bus speed (slot 0) = 400000Hz (slot req 400000Hz, actual 400000HZ div = 0)
05-09 23:29:55.776 1286 1286 I PM : suspend entry (deep)
05-09 23:29:55.786 1286 1286 I Filesystems sync: 0.010 seconds
05-09 23:29:55.786 1286 1286 I : Freezing user space processes ... (elapsed 0.004 seconds) done.
05-09 23:29:55.791 1286 1286 I : OOM killer disabled.
05-09 23:29:55.791 1286 1286 I : Freezing remaining freezable tasks ...
05-09 23:29:55.876 798 798 I : mmc_host mmc0: Bus speed (slot 0) = 49500000Hz (slot req 50000000Hz, actual 49500000HZ div = 0)
05-09 23:29:55.878 1286 1286 W : (elapsed 0.086 seconds) done.
05-09 23:29:55.878 1286 1286 I printk : Suspending console(s) (use no_console_suspend to debug)
05-09 23:29:55.961 1286 1286 E regulator-dummy: Underflow of regulator enable count
05-09 23:29:55.961 1286 1286 E wacom_i2c 4-0009: disable regulator failed -22
05-09 23:29:55.969 798 798 I android_work: did not send uevent (0 0 0000000000000000)
05-09 23:29:57.005 1286 1286 I : Disabling non-boot CPUs ...
05-09 23:29:57.006 1286 1286 I psci : CPU1 killed (polled 0 ms)
05-09 23:29:57.008 1286 1286 I psci : CPU2 killed (polled 0 ms)
05-09 23:29:57.009 1286 1286 I psci : CPU3 killed (polled 0 ms)
05-09 23:29:57.010 1286 1286 I psci : CPU4 killed (polled 4 ms)
05-09 23:29:57.012 1286 1286 I psci : CPU5 killed (polled 0 ms)
05-09 23:29:57.014 1286 1286 I psci : CPU6 killed (polled 0 ms)
05-09 23:29:57.016 1286 1286 I psci : CPU7 killed (polled 0 ms)
05-09 23:30:55.486 0 0 W [ C0] PM: pm_system_irq_wakeup: 114 triggered hym8563
05-09 23:30:55.486 1286 1286 I : Enabling non-boot CPUs ...
05-09 23:30:55.488 0 0 I : Detected VIPT I-cache on CPU1
05-09 23:30:55.488 0 0 I GICv3 : CPU1: found redistributor 100 region 0:0x00000000fe6a0000
05-09 23:30:55.488 0 0 I CPU1 : Booted secondary processor 0x0000000100 [0x412fd050]
05-09 23:30:55.488 1286 1286 I : CPU1 is up
05-09 23:30:55.489 0 0 I : Detected VIPT I-cache on CPU2
05-09 23:30:55.489 0 0 I GICv3 : CPU2: found redistributor 200 region 0:0x00000000fe6c0000
05-09 23:30:55.489 0 0 I CPU2 : Booted secondary processor 0x0000000200 [0x412fd050]
05-09 23:30:55.490 1286 1286 I : CPU2 is up
05-09 23:30:55.491 0 0 I : Detected VIPT I-cache on CPU3
05-09 23:30:55.491 0 0 I GICv3 : CPU3: found redistributor 300 region 0:0x00000000fe6e0000
05-09 23:30:55.491 0 0 I CPU3 : Booted secondary processor 0x0000000300 [0x412fd050]
05-09 23:30:55.491 1286 1286 I : CPU3 is up
05-09 23:30:55.492 0 0 I : Detected PIPT I-cache on CPU4
05-09 23:30:55.492 0 0 I GICv3 : CPU4: found redistributor 400 region 0:0x00000000fe700000
05-09 23:30:55.492 0 0 I CPU4 : Booted secondary processor 0x0000000400 [0x414fd0b0]
05-09 23:30:55.493 1286 1286 I : CPU4 is up
05-09 23:30:55.494 0 0 I : Detected PIPT I-cache on CPU5
05-09 23:30:55.494 0 0 I GICv3 : CPU5: found redistributor 500 region 0:0x00000000fe720000
05-09 23:30:55.494 0 0 I CPU5 : Booted secondary processor 0x0000000500 [0x414fd0b0]
05-09 23:30:55.495 1286 1286 I : CPU5 is up
05-09 23:30:55.496 0 0 I : Detected PIPT I-cache on CPU6
05-09 23:30:55.496 0 0 I GICv3 : CPU6: found redistributor 600 region 0:0x00000000fe740000
