05-09 23:30:55.496 0 0 I CPU6 : Booted secondary processor 0x0000000600 [0x414fd0b0]
05-09 23:30:55.498 1286 1286 I : CPU6 is up
05-09 23:30:55.499 0 0 I : Detected PIPT I-cache on CPU7
05-09 23:30:55.499 0 0 I GICv3 : CPU7: found redistributor 700 region 0:0x00000000fe760000
05-09 23:30:55.499 0 0 I CPU7 : Booted secondary processor 0x0000000700 [0x414fd0b0]
05-09 23:30:55.500 1286 1286 I : CPU7 is up
05-09 23:30:55.506 1286 1286 I rk_gmac-dwmac fe1c0000.ethernet: init for RGMII
05-09 23:30:55.506 1291 1291 I usb1 : root hub lost power or was reset
05-09 23:30:55.515 1286 1286 E PM : dpm_run_callback(): wacom_i2c_resume+0x0/0xdc returns -6
05-09 23:30:55.515 1286 1286 E PM : Device 4-0009 failed to resume: error -6
05-09 23:30:55.577 1286 1286 I usb2 : root hub lost power or was reset
05-09 23:30:55.675 1286 1286 I : OOM killer enabled.
05-09 23:30:55.675 1286 1286 I : Restarting tasks ...
05-09 23:31:54.153 437 437 W healthd : battery l=100 v=8700 t=25.5 h=1 st=5 c=0 fc=9700000 cc=6 chg=u
05-09 23:31:54.155 1286 1286 W : done.
05-09 23:31:54.157 1286 1286 I : Resume caused by IRQ 114, hym8563
05-09 23:31:54.157 1286 1286 I PM : suspend exit
05-09 23:31:54.160 798 798 I : mmc_host mmc0: Bus speed (slot 0) = 400000Hz (slot req 400000Hz, actual 400000HZ div = 0)
05-09 23:31:54.258 1286 1286 I PM : suspend entry (deep)
05-09 23:31:54.264 1286 1286 I Filesystems sync: 0.005 seconds
05-09 23:31:54.264 1286 1286 I : Freezing user space processes ... (elapsed 0.006 seconds) done.
05-09 23:31:54.271 1286 1286 I : OOM killer disabled.
05-09 23:31:54.271 1286 1286 I : Freezing remaining freezable tasks ...
05-09 23:31:54.345 798 798 I : mmc_host mmc0: Bus speed (slot 0) = 49500000Hz (slot req 50000000Hz, actual 49500000HZ div = 0)
05-09 23:31:54.356 1286 1286 W : (elapsed 0.085 seconds) done.
05-09 23:31:54.356 1286 1286 I printk : Suspending console(s) (use no_console_suspend to debug)
05-09 23:31:54.441 1286 1286 E regulator-dummy: Underflow of regulator enable count
05-09 23:31:54.441 1286 1286 E wacom_i2c 4-0009: disable regulator failed -22
05-09 23:31:54.449 798 798 I android_work: did not send uevent (0 0 0000000000000000)
05-09 23:31:55.485 1286 1286 I : Disabling non-boot CPUs ...
05-09 23:31:55.486 1286 1286 I psci : CPU1 killed (polled 0 ms)
05-09 23:31:55.487 1286 1286 I psci : CPU2 killed (polled 0 ms)
05-09 23:31:55.488 1286 1286 I psci : CPU3 killed (polled 0 ms)
05-09 23:31:55.490 1286 1286 I psci : CPU4 killed (polled 0 ms)
05-09 23:31:55.492 1286 1286 I psci : CPU5 killed (polled 0 ms)
05-09 23:31:55.493 1286 1286 I psci : CPU6 killed (polled 0 ms)
05-09 23:31:55.495 1286 1286 I psci : CPU7 killed (polled 0 ms)
05-09 23:32:53.956 0 0 W [ C0] PM: pm_system_irq_wakeup: 114 triggered hym8563
05-09 23:32:53.956 1286 1286 I : Enabling non-boot CPUs ...
05-09 23:32:53.957 0 0 I : Detected VIPT I-cache on CPU1
05-09 23:32:53.957 0 0 I GICv3 : CPU1: found redistributor 100 region 0:0x00000000fe6a0000
05-09 23:32:53.957 0 0 I CPU1 : Booted secondary processor 0x0000000100 [0x412fd050]
05-09 23:32:53.958 1286 1286 I : CPU1 is up
05-09 23:32:53.959 0 0 I : Detected VIPT I-cache on CPU2
05-09 23:32:53.959 0 0 I GICv3 : CPU2: found redistributor 200 region 0:0x00000000fe6c0000
05-09 23:32:53.959 0 0 I CPU2 : Booted secondary processor 0x0000000200 [0x412fd050]
05-09 23:32:53.959 1286 1286 I : CPU2 is up
05-09 23:32:53.960 0 0 I : Detected VIPT I-cache on CPU3
05-09 23:32:53.960 0 0 I GICv3 : CPU3: found redistributor 300 region 0:0x00000000fe6e0000
05-09 23:32:53.960 0 0 I CPU3 : Booted secondary processor 0x0000000300 [0x412fd050]
05-09 23:32:53.961 1286 1286 I : CPU3 is up
05-09 23:32:53.962 0 0 I : Detected PIPT I-cache on CPU4
05-09 23:32:53.962 0 0 I GICv3 : CPU4: found redistributor 400 region 0:0x00000000fe700000
05-09 23:32:53.962 0 0 I CPU4 : Booted secondary processor 0x0000000400 [0x414fd0b0]
05-09 23:32:53.963 1286 1286 I : CPU4 is up
05-09 23:32:53.964 0 0 I : Detected PIPT I-cache on CPU5
05-09 23:32:53.964 0 0 I GICv3 : CPU5: found redistributor 500 region 0:0x00000000fe720000
05-09 23:32:53.964 0 0 I CPU5 : Booted secondary processor 0x0000000500 [0x414fd0b0]
05-09 23:32:53.965 1286 1286 I : CPU5 is up
05-09 23:32:53.966 0 0 I : Detected PIPT I-cache on CPU6
05-09 23:32:53.966 0 0 I GICv3 : CPU6: found redistributor 600 region 0:0x00000000fe740000
05-09 23:32:53.966 0 0 I CPU6 : Booted secondary processor 0x0000000600 [0x414fd0b0]
05-09 23:32:53.967 1286 1286 I : CPU6 is up
05-09 23:32:53.968 0 0 I : Detected PIPT I-cache on CPU7
05-09 23:32:53.968 0 0 I GICv3 : CPU7: found redistributor 700 region 0:0x00000000fe760000
05-09 23:32:53.968 0 0 I CPU7 : Booted secondary processor 0x0000000700 [0x414fd0b0]
05-09 23:32:53.969 1286 1286 I : CPU7 is up
05-09 23:32:53.975 1286 1286 I rk_gmac-dwmac fe1c0000.ethernet: init for RGMII
05-09 23:32:53.975 202 202 I usb1 : root hub lost power or was reset
05-09 23:32:53.984 1286 1286 E PM : dpm_run_callback(): wacom_i2c_resume+0x0/0xdc returns -6
05-09 23:32:53.984 1286 1286 E PM : Device 4-0009 failed to resume: error -6
05-09 23:32:54.047 1286 1286 I usb2 : root hub lost power or was reset
05-09 23:32:54.145 1286 1286 I : OOM killer enabled.
05-09 23:32:54.145 1286 1286 I : Restarting tasks ...
05-09 23:33:52.616 437 437 W healthd : battery l=100 v=8698 t=25.0 h=1 st=5 c=0 fc=9700000 cc=6 chg=u
05-09 23:33:52.619 2334 2334 I : mmc_host mmc0: Bus speed (slot 0) = 400000Hz (slot req 400000Hz, actual 400000HZ div = 0)
05-09 23:33:52.626 1286 1286 W : done.
05-09 23:33:52.631 1286 1286 I : Resume caused by IRQ 114, hym8563
05-09 23:33:52.631 1286 1286 I PM : suspend exit
05-09 23:33:52.732 1286 1286 I PM : suspend entry (deep)
05-09 23:33:52.734 1286 1286 I Filesystems sync: 0.002 seconds
05-09 23:33:52.735 1286 1286 I : Freezing user space processes ... (elapsed 0.004 seconds) done.
05-09 23:33:52.740 1286 1286 I : OOM killer disabled.
05-09 23:33:52.740 1286 1286 I : Freezing remaining freezable tasks ...
05-09 23:33:52.805 2334 2334 I : mmc_host mmc0: Bus speed (slot 0) = 49500000Hz (slot req 50000000Hz, actual 49500000HZ div = 0)
05-09 23:33:52.814 1286 1286 W : (elapsed 0.074 seconds) done.
05-09 23:33:52.814 1286 1286 I printk : Suspending console(s) (use no_console_suspend to debug)
05-09 23:33:52.896 1286 1286 E regulator-dummy: Underflow of regulator enable count
05-09 23:33:52.896 1286 1286 E wacom_i2c 4-0009: disable regulator failed -22
05-09 23:33:52.904 1769 1769 I android_work: did not send uevent (0 0 0000000000000000)
05-09 23:33:53.940 1286 1286 I : Disabling non-boot CPUs ...
05-09 23:33:53.941 1286 1286 I psci : CPU1 killed (polled 0 ms)
05-09 23:33:53.942 1286 1286 I psci : CPU2 killed (polled 0 ms)
05-09 23:33:53.943 1286 1286 I psci : CPU3 killed (polled 0 ms)
05-09 23:33:53.944 1286 1286 I psci : CPU4 killed (polled 0 ms)
05-09 23:33:53.946 1286 1286 I psci : CPU5 killed (polled 4 ms)
05-09 23:33:53.948 1286 1286 I psci : CPU6 killed (polled 0 ms)
05-09 23:33:53.950 1286 1286 I psci : CPU7 killed (polled 0 ms)
05-09 23:34:52.416 0 0 W [ C0] PM: pm_system_irq_wakeup: 114 triggered hym8563
05-09 23:34:52.416 1286 1286 I : Enabling non-boot CPUs ...
05-09 23:34:52.417 0 0 I : Detected VIPT I-cache on CPU1
05-09 23:34:52.417 0 0 I GICv3 : CPU1: found redistributor 100 region 0:0x00000000fe6a0000
05-09 23:34:52.417 0 0 I CPU1 : Booted secondary processor 0x0000000100 [0x412fd050]
05-09 23:34:52.418 1286 1286 I : CPU1 is up
05-09 23:34:52.419 0 0 I : Detected VIPT I-cache on CPU2
05-09 23:34:52.419 0 0 I GICv3 : CPU2: found redistributor 200 region 0:0x00000000fe6c0000
05-09 23:34:52.419 0 0 I CPU2 : Booted secondary processor 0x0000000200 [0x412fd050]
05-09 23:34:52.419 1286 1286 I : CPU2 is up
05-09 23:34:52.420 0 0 I : Detected VIPT I-cache on CPU3
05-09 23:34:52.420 0 0 I GICv3 : CPU3: found redistributor 300 region 0:0x00000000fe6e0000
05-09 23:34:52.420 0 0 I CPU3 : Booted secondary processor 0x0000000300 [0x412fd050]
05-09 23:34:52.421 1286 1286 I : CPU3 is up
05-09 23:34:52.422 0 0 I : Detected PIPT I-cache on CPU4
05-09 23:34:52.422 0 0 I GICv3 : CPU4: found redistributor 400 region 0:0x00000000fe700000
05-09 23:34:52.422 0 0 I CPU4 : Booted secondary processor 0x0000000400 [0x414fd0b0]
05-09 23:34:52.423 1286 1286 I : CPU4 is up
05-09 23:34:52.424 0 0 I : Detected PIPT I-cache on CPU5
05-09 23:34:52.424 0 0 I GICv3 : CPU5: found redistributor 500 region 0:0x00000000fe720000
05-09 23:34:52.424 0 0 I CPU5 : Booted secondary processor 0x0000000500 [0x414fd0b0]
05-09 23:34:52.425 1286 1286 I : CPU5 is up
05-09 23:34:52.426 0 0 I : Detected PIPT I-cache on CPU6
05-09 23:34:52.426 0 0 I GICv3 : CPU6: found redistributor 600 region 0:0x00000000fe740000
05-09 23:34:52.426 0 0 I CPU6 : Booted secondary processor 0x0000000600 [0x414fd0b0]
05-09 23:34:52.427 1286 1286 I : CPU6 is up
05-09 23:34:52.428 0 0 I : Detected PIPT I-cache on CPU7
05-09 23:34:52.428 0 0 I GICv3 : CPU7: found redistributor 700 region 0:0x00000000fe760000
05-09 23:34:52.428 0 0 I CPU7 : Booted secondary processor 0x0000000700 [0x414fd0b0]
05-09 23:34:52.429 1286 1286 I : CPU7 is up
05-09 23:34:52.435 1286 1286 I rk_gmac-dwmac fe1c0000.ethernet: init for RGMII
05-09 23:34:52.435 1334 1334 I usb1 : root hub lost power or was reset
05-09 23:34:52.444 1286 1286 E PM : dpm_run_callback(): wacom_i2c_resume+0x0/0xdc returns -6
05-09 23:34:52.444 1286 1286 E PM : Device 4-0009 failed to resume: error -6
05-09 23:34:52.506 1286 1286 I usb2 : root hub lost power or was reset
05-09 23:34:52.603 1286 1286 I : OOM killer enabled.
05-09 23:34:52.603 1286 1286 I : Restarting tasks ...
05-09 23:35:51.078 437 437 W healthd : battery l=100 v=8700 t=25.0 h=1 st=5 c=0 fc=9700000 cc=6 chg=u
05-09 23:35:51.081 2334 2334 I : mmc_host mmc0: Bus speed (slot 0) = 400000Hz (slot req 400000Hz, actual 400000HZ div = 0)
05-09 23:35:51.086 1286 1286 W : done.
05-09 23:35:51.090 1286 1286 I : Resume caused by IRQ 114, hym8563
05-09 23:35:51.090 1286 1286 I PM : suspend exit
05-09 23:35:51.192 1286 1286 I PM : suspend entry (deep)
05-09 23:35:51.195 1286 1286 I Filesystems sync: 0.002 seconds
05-09 23:35:51.195 1286 1286 I : Freezing user space processes ... (elapsed 0.006 seconds) done.
05-09 23:35:51.202 1286 1286 I : OOM killer disabled.
05-09 23:35:51.202 1286 1286 I : Freezing remaining freezable tasks ...
05-09 23:35:51.266 2334 2334 I : mmc_host mmc0: Bus speed (slot 0) = 49500000Hz (slot req 50000000Hz, actual 49500000HZ div = 0)
05-09 23:35:51.286 1286 1286 W : (elapsed 0.084 seconds) done.
05-09 23:35:51.286 1286 1286 I printk : Suspending console(s) (use no_console_suspend to debug)
05-09 23:35:51.371 1286 1286 E regulator-dummy: Underflow of regulator enable count
05-09 23:35:51.371 1286 1286 E wacom_i2c 4-0009: disable regulator failed -22
05-09 23:35:51.379 798 798 I android_work: did not send uevent (0 0 0000000000000000)
05-09 23:35:52.415 1286 1286 I : Disabling non-boot CPUs ...
05-09 23:35:52.416 1286 1286 I psci : CPU1 killed (polled 0 ms)
05-09 23:35:52.418 1286 1286 I psci : CPU2 killed (polled 0 ms)
05-09 23:35:52.419 1286 1286 I psci : CPU3 killed (polled 0 ms)
05-09 23:35:52.420 1286 1286 I psci : CPU4 killed (polled 4 ms)
05-09 23:35:52.423 1286 1286 I psci : CPU5 killed (polled 0 ms)
05-09 23:35:52.424 1286 1286 I psci : CPU6 killed (polled 0 ms)
05-09 23:35:52.426 1286 1286 I psci : CPU7 killed (polled 0 ms)
05-09 23:36:50.881 0 0 W [ C0] PM: pm_system_irq_wakeup: 114 triggered hym8563
05-09 23:36:50.881 1286 1286 I : Enabling non-boot CPUs ...
05-09 23:36:50.882 0 0 I : Detected VIPT I-cache on CPU1
05-09 23:36:50.882 0 0 I GICv3 : CPU1: found redistributor 100 region 0:0x00000000fe6a0000
05-09 23:36:50.882 0 0 I CPU1 : Booted secondary processor 0x0000000100 [0x412fd050]
05-09 23:36:50.883 1286 1286 I : CPU1 is up
05-09 23:36:50.884 0 0 I : Detected VIPT I-cache on CPU2
05-09 23:36:50.884 0 0 I GICv3 : CPU2: found redistributor 200 region 0:0x00000000fe6c0000
05-09 23:36:50.884 0 0 I CPU2 : Booted secondary processor 0x0000000200 [0x412fd050]
05-09 23:36:50.885 1286 1286 I : CPU2 is up
05-09 23:36:50.885 0 0 I : Detected VIPT I-cache on CPU3
05-09 23:36:50.885 0 0 I GICv3 : CPU3: found redistributor 300 region 0:0x00000000fe6e0000
05-09 23:36:50.886 0 0 I CPU3 : Booted secondary processor 0x0000000300 [0x412fd050]
05-09 23:36:50.886 1286 1286 I : CPU3 is up
05-09 23:36:50.887 0 0 I : Detected PIPT I-cache on CPU4
05-09 23:36:50.887 0 0 I GICv3 : CPU4: found redistributor 400 region 0:0x00000000fe700000
05-09 23:36:50.887 0 0 I CPU4 : Booted secondary processor 0x0000000400 [0x414fd0b0]
05-09 23:36:50.888 1286 1286 I : CPU4 is up
05-09 23:36:50.889 0 0 I : Detected PIPT I-cache on CPU5
05-09 23:36:50.889 0 0 I GICv3 : CPU5: found redistributor 500 region 0:0x00000000fe720000
05-09 23:36:50.889 0 0 I CPU5 : Booted secondary processor 0x0000000500 [0x414fd0b0]
05-09 23:36:50.890 1286 1286 I : CPU5 is up
05-09 23:36:50.891 0 0 I : Detected PIPT I-cache on CPU6
05-09 23:36:50.891 0 0 I GICv3 : CPU6: found redistributor 600 region 0:0x00000000fe740000
05-09 23:36:50.891 0 0 I CPU6 : Booted secondary processor 0x0000000600 [0x414fd0b0]
05-09 23:36:50.893 1286 1286 I : CPU6 is up
05-09 23:36:50.894 0 0 I : Detected PIPT I-cache on CPU7
05-09 23:36:50.894 0 0 I GICv3 : CPU7: found redistributor 700 region 0:0x00000000fe760000
05-09 23:36:50.894 0 0 I CPU7 : Booted secondary processor 0x0000000700 [0x414fd0b0]
05-09 23:36:50.895 1286 1286 I : CPU7 is up
05-09 23:36:50.901 1286 1286 I rk_gmac-dwmac fe1c0000.ethernet: init for RGMII
05-09 23:36:50.901 7 7 I usb1 : root hub lost power or was reset
05-09 23:36:50.910 1286 1286 E PM : dpm_run_callback(): wacom_i2c_resume+0x0/0xdc returns -6
05-09 23:36:50.910 1286 1286 E PM : Device 4-0009 failed to resume: error -6
05-09 23:36:50.972 1286 1286 I usb2 : root hub lost power or was reset
05-09 23:36:51.070 1286 1286 I : OOM killer enabled.
05-09 23:36:51.070 1286 1286 I : Restarting tasks ... done.
05-09 23:37:49.535 437 437 W healthd : battery l=100 v=8700 t=25.0 h=1 st=5 c=0 fc=9700000 cc=6 chg=u
05-09 23:37:49.535 1286 1286 I : Resume caused by IRQ 114, hym8563
05-09 23:37:49.535 1286 1286 I PM : suspend exit
05-09 23:37:49.536 2334 2334 I : mmc_host mmc0: Bus speed (slot 0) = 400000Hz (slot req 400000Hz, actual 400000HZ div = 0)
05-09 23:37:49.636 1286 1286 I PM : suspend entry (deep)
05-09 23:37:49.640 1286 1286 I Filesystems sync: 0.003 seconds
05-09 23:37:49.640 1286 1286 I : Freezing user space processes ... (elapsed 0.006 seconds) done.
05-09 23:37:49.646 1286 1286 I : OOM killer disabled.
05-09 23:37:49.646 1286 1286 I : Freezing remaining freezable tasks ...
05-09 23:37:49.721 2334 2334 I : mmc_host mmc0: Bus speed (slot 0) = 49500000Hz (slot req 50000000Hz, actual 49500000HZ div = 0)
05-09 23:37:49.738 1286 1286 W : (elapsed 0.091 seconds) done.
05-09 23:37:49.738 1286 1286 I printk : Suspending console(s) (use no_console_suspend to debug)
05-09 23:37:49.820 1286 1286 E regulator-dummy: Underflow of regulator enable count
05-09 23:37:49.820 1286 1286 E wacom_i2c 4-0009: disable regulator failed -22
05-09 23:37:49.828 798 798 I android_work: did not send uevent (0 0 0000000000000000)
05-09 23:37:50.863 1286 1286 I : Disabling non-boot CPUs ...
05-09 23:37:50.864 1286 1286 I psci : CPU1 killed (polled 0 ms)
05-09 23:37:50.865 1286 1286 I psci : CPU2 killed (polled 0 ms)
05-09 23:37:50.867 1286 1286 I psci : CPU3 killed (polled 0 ms)
05-09 23:37:50.869 1286 1286 I psci : CPU4 killed (polled 0 ms)
05-09 23:37:50.871 1286 1286 I psci : CPU5 killed (polled 0 ms)
05-09 23:37:50.873 1286 1286 I psci : CPU6 killed (polled 4 ms)
05-09 23:37:50.875 1286 1286 I psci : CPU7 killed (polled 0 ms)
05-09 23:38:49.335 0 0 W [ C0] PM: pm_system_irq_wakeup: 114 triggered hym8563
05-09 23:38:49.335 1286 1286 I : Enabling non-boot CPUs ...
05-09 23:38:49.336 0 0 I : Detected VIPT I-cache on CPU1
05-09 23:38:49.336 0 0 I GICv3 : CPU1: found redistributor 100 region 0:0x00000000fe6a0000
05-09 23:38:49.336 0 0 I CPU1 : Booted secondary processor 0x0000000100 [0x412fd050]
05-09 23:38:49.337 1286 1286 I : CPU1 is up
05-09 23:38:49.338 0 0 I : Detected VIPT I-cache on CPU2
05-09 23:38:49.338 0 0 I GICv3 : CPU2: found redistributor 200 region 0:0x00000000fe6c0000
05-09 23:38:49.338 0 0 I CPU2 : Booted secondary processor 0x0000000200 [0x412fd050]
05-09 23:38:49.339 1286 1286 I : CPU2 is up
05-09 23:38:49.340 0 0 I : Detected VIPT I-cache on CPU3
05-09 23:38:49.340 0 0 I GICv3 : CPU3: found redistributor 300 region 0:0x00000000fe6e0000
05-09 23:38:49.340 0 0 I CPU3 : Booted secondary processor 0x0000000300 [0x412fd050]
05-09 23:38:49.340 1286 1286 I : CPU3 is up
05-09 23:38:49.341 0 0 I : Detected PIPT I-cache on CPU4
05-09 23:38:49.341 0 0 I GICv3 : CPU4: found redistributor 400 region 0:0x00000000fe700000
05-09 23:38:49.341 0 0 I CPU4 : Booted secondary processor 0x0000000400 [0x414fd0b0]
05-09 23:38:49.342 1286 1286 I : CPU4 is up
05-09 23:38:49.343 0 0 I : Detected PIPT I-cache on CPU5
05-09 23:38:49.343 0 0 I GICv3 : CPU5: found redistributor 500 region 0:0x00000000fe720000
05-09 23:38:49.343 0 0 I CPU5 : Booted secondary processor 0x0000000500 [0x414fd0b0]
05-09 23:38:49.344 1286 1286 I : CPU5 is up
05-09 23:38:49.345 0 0 I : Detected PIPT I-cache on CPU6
05-09 23:38:49.345 0 0 I GICv3 : CPU6: found redistributor 600 region 0:0x00000000fe740000
05-09 23:38:49.345 0 0 I CPU6 : Booted secondary processor 0x0000000600 [0x414fd0b0]
05-09 23:38:49.346 1286 1286 I : CPU6 is up
05-09 23:38:49.347 0 0 I : Detected PIPT I-cache on CPU7
05-09 23:38:49.347 0 0 I GICv3 : CPU7: found redistributor 700 region 0:0x00000000fe760000
05-09 23:38:49.348 0 0 I CPU7 : Booted secondary processor 0x0000000700 [0x414fd0b0]
05-09 23:38:49.349 1286 1286 I : CPU7 is up
05-09 23:38:49.355 1286 1286 I rk_gmac-dwmac fe1c0000.ethernet: init for RGMII
05-09 23:38:49.355 1291 1291 I usb1 : root hub lost power or was reset
05-09 23:38:49.364 1286 1286 E PM : dpm_run_callback(): wacom_i2c_resume+0x0/0xdc returns -6
05-09 23:38:49.364 1286 1286 E PM : Device 4-0009 failed to resume: error -6
05-09 23:38:49.427 1286 1286 I usb2 : root hub lost power or was reset
05-09 23:38:49.521 1286 1286 I : OOM killer enabled.
05-09 23:38:49.521 1286 1286 I : Restarting tasks ... done.
05-09 23:38:49.525 1286 1286 I : Resume caused by IRQ 114, hym8563
05-09 23:38:49.525 1286 1286 I PM : suspend exit
05-09 23:39:47.985 437 437 W healthd : battery l=100 v=8700 t=25.0 h=1 st=5 c=0 fc=9700000 cc=6 chg=u
05-09 23:39:47.998 798 798 I : mmc_host mmc0: Bus speed (slot 0) = 400000Hz (slot req 400000Hz, actual 400000HZ div = 0)
05-09 23:39:48.086 1286 1286 I PM : suspend entry (deep)
05-09 23:39:48.094 1286 1286 I Filesystems sync: 0.008 seconds
05-09 23:39:48.095 1286 1286 I : Freezing user space processes ... (elapsed 0.004 seconds) done.
05-09 23:39:48.099 1286 1286 I : OOM killer disabled.
05-09 23:39:48.099 1286 1286 I : Freezing remaining freezable tasks ...
05-09 23:39:48.185 798 798 I : mmc_host mmc0: Bus speed (slot 0) = 49500000Hz (slot req 50000000Hz, actual 49500000HZ div = 0)
05-09 23:39:48.187 1286 1286 W : (elapsed 0.087 seconds) done.
05-09 23:39:48.187 1286 1286 I printk : Suspending console(s) (use no_console_suspend to debug)
05-09 23:39:48.269 1286 1286 E regulator-dummy: Underflow of regulator enable count
05-09 23:39:48.269 1286 1286 E wacom_i2c 4-0009: disable regulator failed -22
05-09 23:39:48.278 798 798 I android_work: did not send uevent (0 0 0000000000000000)
05-09 23:39:49.312 1286 1286 I : Disabling non-boot CPUs ...
05-09 23:39:49.313 1286 1286 I psci : CPU1 killed (polled 0 ms)
05-09 23:39:49.315 1286 1286 I psci : CPU2 killed (polled 0 ms)
05-09 23:39:49.316 1286 1286 I psci : CPU3 killed (polled 0 ms)
05-09 23:39:49.318 1286 1286 I psci : CPU4 killed (polled 0 ms)
05-09 23:39:49.320 1286 1286 I psci : CPU5 killed (polled 0 ms)
05-09 23:39:49.323 1286 1286 I psci : CPU6 killed (polled 4 ms)
05-09 23:39:49.324 1286 1286 I psci : CPU7 killed (polled 0 ms)
05-09 23:40:34.740 0 0 W [ C0] PM: pm_system_irq_wakeup: 118 triggered bq25700_irq
05-09 23:40:34.741 1286 1286 I : Enabling non-boot CPUs ...
05-09 23:40:34.742 0 0 I : Detected VIPT I-cache on CPU1
05-09 23:40:34.742 0 0 I GICv3 : CPU1: found redistributor 100 region 0:0x00000000fe6a0000
05-09 23:40:34.742 0 0 I CPU1 : Booted secondary processor 0x0000000100 [0x412fd050]
05-09 23:40:34.743 1286 1286 I : CPU1 is up
05-09 23:40:34.743 0 0 I : Detected VIPT I-cache on CPU2
05-09 23:40:34.744 0 0 I GICv3 : CPU2: found redistributor 200 region 0:0x00000000fe6c0000
05-09 23:40:34.744 0 0 I CPU2 : Booted secondary processor 0x0000000200 [0x412fd050]
05-09 23:40:34.744 1286 1286 I : CPU2 is up
05-09 23:40:34.745 0 0 I : Detected VIPT I-cache on CPU3
05-09 23:40:34.745 0 0 I GICv3 : CPU3: found redistributor 300 region 0:0x00000000fe6e0000
05-09 23:40:34.745 0 0 I CPU3 : Booted secondary processor 0x0000000300 [0x412fd050]
05-09 23:40:34.746 1286 1286 I : CPU3 is up
05-09 23:40:34.746 0 0 I : Detected PIPT I-cache on CPU4
05-09 23:40:34.746 0 0 I GICv3 : CPU4: found redistributor 400 region 0:0x00000000fe700000
05-09 23:40:34.747 0 0 I CPU4 : Booted secondary processor 0x0000000400 [0x414fd0b0]
05-09 23:40:34.748 1286 1286 I : CPU4 is up
05-09 23:40:34.749 0 0 I : Detected PIPT I-cache on CPU5
05-09 23:40:34.749 0 0 I GICv3 : CPU5: found redistributor 500 region 0:0x00000000fe720000
05-09 23:40:34.749 0 0 I CPU5 : Booted secondary processor 0x0000000500 [0x414fd0b0]
05-09 23:40:34.750 1286 1286 I : CPU5 is up
05-09 23:40:34.750 0 0 I : Detected PIPT I-cache on CPU6
05-09 23:40:34.750 0 0 I GICv3 : CPU6: found redistributor 600 region 0:0x00000000fe740000
05-09 23:40:34.751 0 0 I CPU6 : Booted secondary processor 0x0000000600 [0x414fd0b0]
05-09 23:40:34.752 1286 1286 I : CPU6 is up
05-09 23:40:34.753 0 0 I : Detected PIPT I-cache on CPU7
05-09 23:40:34.753 0 0 I GICv3 : CPU7: found redistributor 700 region 0:0x00000000fe760000
05-09 23:40:34.753 0 0 I CPU7 : Booted secondary processor 0x0000000700 [0x414fd0b0]
05-09 23:40:34.754 1286 1286 I : CPU7 is up
05-09 23:40:34.760 1286 1286 I rk_gmac-dwmac fe1c0000.ethernet: init for RGMII
05-09 23:40:34.760 1294 1294 I usb1 : root hub lost power or was reset
05-09 23:40:34.762 193 193 I bq25700-charger 2-006b: INFO: INPUT_CURRENT:10,CHARGE_CURRENT:10,
05-09 23:40:34.775 545 545 I dwc3 fc000000.usb: device disconnect
05-09 23:40:34.775 2334 2334 I android_work: did not send uevent (0 0 0000000000000000)
05-09 23:40:34.849 1286 1286 I usb2 : root hub lost power or was reset
05-09 23:40:34.944 1286 1286 I : OOM killer enabled.
05-09 23:40:34.944 1286 1286 I : Restarting tasks ... done.
05-09 23:41:20.363 437 437 W healthd : battery l=100 v=8684 t=25.0 h=1 st=3 c=0 fc=9700000 cc=6 chg=
05-09 23:41:20.364 1286 1286 I : Resume caused by IRQ 118, bq25700_irq
05-09 23:41:20.364 1286 1286 I PM : suspend exit
05-09 23:41:20.366 437 437 W healthd : battery l=100 v=8684 t=25.0 h=1 st=3 c=0 fc=9700000 cc=6 chg=
05-09 23:41:20.375 798 798 I : mmc_host mmc0: Bus speed (slot 0) = 400000Hz (slot req 400000Hz, actual 400000HZ div = 0)
05-09 23:41:20.381 437 437 W healthd : battery l=100 v=8684 t=25.0 h=1 st=3 c=0 fc=9700000 cc=6 chg=
05-09 23:41:20.382 462 462 I gsensor_mxc6655 5-0015: set sensor poll time to 200ms
05-09 23:41:20.383 462 462 I gsensor_mxc6655 5-0015: sensor on: starting poll sensor data 196ms
05-09 23:41:20.385 215 215 I bq25700-charger 2-006b: change to USB_TYPE_NONE_CHARGER
05-09 23:41:20.386 437 437 W healthd : battery l=100 v=8684 t=25.0 h=1 st=3 c=0 fc=9700000 cc=6 chg=
05-09 23:41:20.389 215 215 I bq25700-charger 2-006b: INFO: INPUT_CURRENT:10,INPUT_VOLTAGE:28,CHARGE_CURRENT:10,
05-09 23:41:20.392 437 437 W healthd : battery l=100 v=8684 t=25.0 h=1 st=3 c=0 fc=9700000 cc=6 chg=
05-09 23:41:20.393 327 327 W audit : audit_lost=6 audit_rate_limit=5 audit_backlog_limit=64
05-09 23:41:20.393 327 327 E audit : rate limit exceeded
05-09 23:41:20.402 353 353 W : <<-GTP-ERROR->> I2C Read: 0x8047, 1 bytes failed, errcode: -6! Process reset.
05-09 23:41:20.407 437 437 W healthd : battery l=100 v=8684 t=25.0 h=1 st=3 c=0 fc=9700000 cc=6 chg=
05-09 23:41:20.478 462 462 I gsensor_mxc6655 5-0015: set sensor poll time to 66ms
05-09 23:41:20.499 353 353 W : <<-GTP-ERROR->> GTP i2c test failed time 1.
05-09 23:41:20.511 437 437 W healthd : battery l=100 v=8684 t=25.0 h=1 st=3 c=0 fc=9700000 cc=6 chg=
05-09 23:41:20.553 798 798 I : mmc_host mmc0: Bus speed (slot 0) = 49500000Hz (slot req 50000000Hz, actual 49500000HZ div = 0)
05-09 23:41:21.105 353 353 I rockchip-vop2 fdd90000.vop: [drm:vop2_crtc_atomic_enable] Update mode to 1536x2048p55, type: 16(if:60) for vp2 dclk: 192000000
05-09 23:41:21.106 353 353 I rockchip-vop2 fdd90000.vop: [drm:vop2_crtc_atomic_enable] dclk_out2 div: 2 dclk_core2 div: 1
05-09 23:41:21.106 353 353 I rockchip-vop2 fdd90000.vop: [drm:vop2_crtc_atomic_enable] set dclk_vop2 to 96000000, get 96000000
05-09 23:41:21.197 2533 2533 I android_work: did not send uevent (0 0 0000000000000000)
05-09 23:41:21.612 353 353 I dw-mipi-dsi2 fde20000.dsi: [drm:dw_mipi_dsi2_encoder_enable] final DSI-Link bandwidth: 639999 x 8 Kbps
05-09 23:41:33.383 462 462 I gsensor_mxc6655 5-0015: set sensor poll time to 200ms
05-09 23:41:33.413 437 437 W healthd : battery l=100 v=8544 t=25.0 h=1 st=3 c=0 fc=9700000 cc=6 chg=
05-09 23:41:33.682 353 353 I rockchip-vop2 fdd90000.vop: [drm:vop2_crtc_atomic_disable] Crtc atomic disable vp2
05-09 23:41:38.728 1286 1286 I PM : suspend entry (deep)
05-09 23:41:38.745 1286 1286 I Filesystems sync: 0.017 seconds
05-09 23:41:38.745 1286 1286 I : Freezing user space processes ... (elapsed 0.006 seconds) done.
05-09 23:41:38.752 1286 1286 I : OOM killer disabled.
05-09 23:41:38.752 1286 1286 I : Freezing remaining freezable tasks ... (elapsed 0.029 seconds) done.
05-09 23:41:38.781 1286 1286 I printk : Suspending console(s) (use no_console_suspend to debug)
05-09 23:41:39.105 1286 1286 I : Disabling non-boot CPUs ...
05-09 23:41:39.106 1286 1286 I psci : CPU1 killed (polled 0 ms)
05-09 23:41:39.108 1286 1286 I psci : CPU2 killed (polled 0 ms)
05-09 23:41:39.109 1286 1286 I psci : CPU3 killed (polled 0 ms)
05-09 23:41:39.112 1286 1286 I psci : CPU4 killed (polled 4 ms)
05-09 23:41:39.114 1286 1286 I psci : CPU5 killed (polled 0 ms)
05-09 23:41:39.117 1286 1286 I psci : CPU6 killed (polled 0 ms)
05-09 23:41:39.118 1286 1286 I psci : CPU7 killed (polled 0 ms)
05-09 23:43:33.211 0 0 W [ C0] PM: pm_system_irq_wakeup: 114 triggered hym8563
05-09 23:43:33.212 1286 1286 I : Enabling non-boot CPUs ...
05-09 23:43:33.213 0 0 I : Detected VIPT I-cache on CPU1
05-09 23:43:33.213 0 0 I GICv3 : CPU1: found redistributor 100 region 0:0x00000000fe6a0000
05-09 23:43:33.213 0 0 I CPU1 : Booted secondary processor 0x0000000100 [0x412fd050]
05-09 23:43:33.213 1286 1286 I : CPU1 is up
05-09 23:43:33.215 0 0 I : Detected VIPT I-cache on CPU2
05-09 23:43:33.215 0 0 I GICv3 : CPU2: found redistributor 200 region 0:0x00000000fe6c0000
05-09 23:43:33.215 0 0 I CPU2 : Booted secondary processor 0x0000000200 [0x412fd050]
05-09 23:43:33.215 1286 1286 I : CPU2 is up
05-09 23:43:33.216 0 0 I : Detected VIPT I-cache on CPU3
05-09 23:43:33.216 0 0 I GICv3 : CPU3: found redistributor 300 region 0:0x00000000fe6e0000
05-09 23:43:33.216 0 0 I CPU3 : Booted secondary processor 0x0000000300 [0x412fd050]
05-09 23:43:33.217 1286 1286 I : CPU3 is up
05-09 23:43:33.218 0 0 I : Detected PIPT I-cache on CPU4
05-09 23:43:33.218 0 0 I GICv3 : CPU4: found redistributor 400 region 0:0x00000000fe700000
05-09 23:43:33.218 0 0 I CPU4 : Booted secondary processor 0x0000000400 [0x414fd0b0]
05-09 23:43:33.219 1286 1286 I : CPU4 is up
05-09 23:43:33.220 0 0 I : Detected PIPT I-cache on CPU5
05-09 23:43:33.220 0 0 I GICv3 : CPU5: found redistributor 500 region 0:0x00000000fe720000
05-09 23:43:33.220 0 0 I CPU5 : Booted secondary processor 0x0000000500 [0x414fd0b0]
05-09 23:43:33.221 1286 1286 I : CPU5 is up
05-09 23:43:33.222 0 0 I : Detected PIPT I-cache on CPU6
05-09 23:43:33.222 0 0 I GICv3 : CPU6: found redistributor 600 region 0:0x00000000fe740000
05-09 23:43:33.222 0 0 I CPU6 : Booted secondary processor 0x0000000600 [0x414fd0b0]
05-09 23:43:33.223 1286 1286 I : CPU6 is up
05-09 23:43:33.224 0 0 I : Detected PIPT I-cache on CPU7
05-09 23:43:33.224 0 0 I GICv3 : CPU7: found redistributor 700 region 0:0x00000000fe760000
05-09 23:43:33.224 0 0 I CPU7 : Booted secondary processor 0x0000000700 [0x414fd0b0]
05-09 23:43:33.225 1286 1286 I : CPU7 is up
05-09 23:43:33.230 1286 1286 I rk_gmac-dwmac fe1c0000.ethernet: init for RGMII
05-09 23:43:33.231 1334 1334 I usb1 : root hub lost power or was reset
05-09 23:43:33.236 1286 1286 E PM : dpm_run_callback(): wacom_i2c_resume+0x0/0xdc returns -6
05-09 23:43:33.236 1286 1286 E PM : Device 4-0009 failed to resume: error -6
05-09 23:43:33.298 1286 1286 I usb2 : root hub lost power or was reset
05-09 23:43:33.393 1286 1286 I : OOM killer enabled.
05-09 23:43:33.393 1286 1286 I : Restarting tasks ... done.
05-09 23:43:33.406 1286 1286 I : Resume caused by IRQ 114, hym8563
05-09 23:43:33.406 1286 1286 I PM : suspend exit
05-09 23:43:33.408 274 274 I : mmc_host mmc0: Bus speed (slot 0) = 400000Hz (slot req 400000Hz, actual 400000HZ div = 0)
05-09 23:43:33.593 274 274 I : mmc_host mmc0: Bus speed (slot 0) = 49500000Hz (slot req 50000000Hz, actual 49500000HZ div = 0)
05-09 23:43:53.086 1286 1286 I PM : suspend entry (deep)
05-09 23:43:53.817 1286 1286 I Filesystems sync: 0.730 seconds
05-09 23:43:53.817 1286 1286 I : Freezing user space processes ... (elapsed 0.005 seconds) done.
05-09 23:43:53.823 1286 1286 I : OOM killer disabled.
05-09 23:43:53.823 1286 1286 I : Freezing remaining freezable tasks ... (elapsed 0.036 seconds) done.
05-09 23:43:53.860 1286 1286 I printk : Suspending console(s) (use no_console_suspend to debug)
05-09 23:43:53.945 1286 1286 E regulator-dummy: Underflow of regulator enable count
05-09 23:43:53.945 1286 1286 E wacom_i2c 4-0009: disable regulator failed -22
05-09 23:43:54.183 1286 1286 I : Disabling non-boot CPUs ...
05-09 23:43:54.184 1286 1286 I psci : CPU1 killed (polled 0 ms)
05-09 23:43:54.186 1286 1286 I psci : CPU2 killed (polled 0 ms)
05-09 23:43:54.187 1286 1286 I psci : CPU3 killed (polled 0 ms)
05-09 23:43:54.189 1286 1286 I psci : CPU4 killed (polled 0 ms)
05-09 23:43:54.191 1286 1286 I psci : CPU5 killed (polled 0 ms)
05-09 23:43:54.192 1286 1286 I psci : CPU6 killed (polled 0 ms)
05-09 23:43:54.194 1286 1286 I psci : CPU7 killed (polled 4 ms)
05-09 23:44:34.946 0 0 W [ C0] PM: pm_system_irq_wakeup: 106 triggered rk806
05-09 23:44:34.946 1286 1286 I : Enabling non-boot CPUs ...
05-09 23:44:34.947 0 0 I : Detected VIPT I-cache on CPU1
05-09 23:44:34.947 0 0 I GICv3 : CPU1: found redistributor 100 region 0:0x00000000fe6a0000
05-09 23:44:34.947 0 0 I CPU1 : Booted secondary processor 0x0000000100 [0x412fd050]
05-09 23:44:34.948 1286 1286 I : CPU1 is up
05-09 23:44:34.949 0 0 I : Detected VIPT I-cache on CPU2
05-09 23:44:34.949 0 0 I GICv3 : CPU2: found redistributor 200 region 0:0x00000000fe6c0000
05-09 23:44:34.949 0 0 I CPU2 : Booted secondary processor 0x0000000200 [0x412fd050]
05-09 23:44:34.950 1286 1286 I : CPU2 is up
05-09 23:44:34.951 0 0 I : Detected VIPT I-cache on CPU3
05-09 23:44:34.951 0 0 I GICv3 : CPU3: found redistributor 300 region 0:0x00000000fe6e0000
05-09 23:44:34.951 0 0 I CPU3 : Booted secondary processor 0x0000000300 [0x412fd050]
05-09 23:44:34.951 1286 1286 I : CPU3 is up
05-09 23:44:34.952 0 0 I : Detected PIPT I-cache on CPU4
05-09 23:44:34.952 0 0 I GICv3 : CPU4: found redistributor 400 region 0:0x00000000fe700000
05-09 23:44:34.952 0 0 I CPU4 : Booted secondary processor 0x0000000400 [0x414fd0b0]
05-09 23:44:34.953 1286 1286 I : CPU4 is up
05-09 23:44:34.954 0 0 I : Detected PIPT I-cache on CPU5
05-09 23:44:34.954 0 0 I GICv3 : CPU5: found redistributor 500 region 0:0x00000000fe720000
05-09 23:44:34.954 0 0 I CPU5 : Booted secondary processor 0x0000000500 [0x414fd0b0]
05-09 23:44:34.955 1286 1286 I : CPU5 is up
05-09 23:44:34.956 0 0 I : Detected PIPT I-cache on CPU6
05-09 23:44:34.956 0 0 I GICv3 : CPU6: found redistributor 600 region 0:0x00000000fe740000
05-09 23:44:34.957 0 0 I CPU6 : Booted secondary processor 0x0000000600 [0x414fd0b0]
05-09 23:44:34.958 1286 1286 I : CPU6 is up
05-09 23:44:34.959 0 0 I : Detected PIPT I-cache on CPU7
05-09 23:44:34.959 0 0 I GICv3 : CPU7: found redistributor 700 region 0:0x00000000fe760000
05-09 23:44:34.959 0 0 I CPU7 : Booted secondary processor 0x0000000700 [0x414fd0b0]
05-09 23:44:34.960 1286 1286 I : CPU7 is up
05-09 23:44:34.966 1286 1286 I rk_gmac-dwmac fe1c0000.ethernet: init for RGMII
05-09 23:44:34.966 2496 2496 I usb1 : root hub lost power or was reset
05-09 23:44:34.971 1286 1286 E PM : dpm_run_callback(): wacom_i2c_resume+0x0/0xdc returns -6
05-09 23:44:34.971 1286 1286 E PM : Device 4-0009 failed to resume: error -6
05-09 23:44:35.033 1286 1286 I usb2 : root hub lost power or was reset
05-09 23:44:35.128 1286 1286 I : OOM killer enabled.
05-09 23:44:35.128 1286 1286 I : Restarting tasks ... done.
05-09 23:44:35.136 1286 1286 I : Resume caused by IRQ 106, rk806
05-09 23:44:35.136 1286 1286 I PM : suspend exit
05-09 23:44:35.146 1330 1330 I : mmc_host mmc0: Bus speed (slot 0) = 400000Hz (slot req 400000Hz, actual 400000HZ div = 0)
05-09 23:44:35.170 462 462 I gsensor_mxc6655 5-0015: set sensor poll time to 200ms
05-09 23:44:35.172 462 462 I gsensor_mxc6655 5-0015: sensor on: starting poll sensor data 196ms
05-09 23:47:10.030 437 437 W healthd : battery l=100 v=8672 t=25.0 h=1 st=3 c=0 fc=9700000 cc=6 chg=
05-09 23:47:10.037 353 353 W : <<-GTP-ERROR->> I2C Read: 0x8047, 1 bytes failed, errcode: -6! Process reset.
05-09 23:47:10.079 462 462 I gsensor_mxc6655 5-0015: set sensor poll time to 66ms
05-09 23:47:10.137 353 353 W : <<-GTP-ERROR->> GTP i2c test failed time 1.
05-09 23:47:10.179 1330 1330 I : mmc_host mmc0: Bus speed (slot 0) = 49500000Hz (slot req 50000000Hz, actual 49500000HZ div = 0)
05-09 23:47:10.762 353 353 I rockchip-vop2 fdd90000.vop: [drm:vop2_crtc_atomic_enable] Update mode to 1536x2048p55, type: 16(if:60) for vp2 dclk: 192000000
05-09 23:47:10.763 353 353 I rockchip-vop2 fdd90000.vop: [drm:vop2_crtc_atomic_enable] dclk_out2 div: 2 dclk_core2 div: 1
05-09 23:47:10.763 353 353 I rockchip-vop2 fdd90000.vop: [drm:vop2_crtc_atomic_enable] set dclk_vop2 to 96000000, get 96000000
05-09 23:47:11.270 353 353 I dw-mipi-dsi2 fde20000.dsi: [drm:dw_mipi_dsi2_encoder_enable] final DSI-Link bandwidth: 639999 x 8 Kbps
05-09 23:47:12.394 252 252 W audit : audit_lost=11 audit_rate_limit=5 audit_backlog_limit=64
05-09 23:47:12.394 252 252 E audit : rate limit exceeded
05-09 23:47:15.279 2556 2556 W : abc audioDBG [es8323_mute] start mute:0
05-09 23:47:15.289 2556 2556 I [Awinic] [3-0058]aw_acf_get_prof_desc_form_name: get prof desc down
05-09 23:47:15.303 2556 2556 I [Awinic] [3-005b]aw_acf_get_prof_desc_form_name: get prof desc down
05-09 23:47:17.221 2564 2564 W audit : audit_lost=12 audit_rate_limit=5 audit_backlog_limit=64
05-09 23:47:17.221 2564 2564 E audit : rate limit exceeded
05-09 23:47:17.250 1 1 I init : processing action (sys.user.0.ce_available=true) from (/system/etc/init/wifi.rc:21)
05-09 23:47:17.250 1 1 E selinux : SELinux: Could not get canonical path for /data/misc_ce/0/apexdata/com.android.wifi restorecon: No such file or directory.
05-09 23:47:17.250 1 1 E selinux :
05-09 23:47:18.392 1 1 I init : processing action (sys.ramdisk.size=*) from (/system/etc/init/init.eben.rc:14)
05-09 23:47:18.392 1 1 I init : Command 'start ramdisk' action=sys.ramdisk.size=* (/system/etc/init/init.eben.rc:15) took 0ms and failed: Could not start service: File /system/bin/eramdisk(labeled "u:object_r:system_file:s0") has incorrect label or no domain transition from u:r:init:s0 to another SELinux domain defined. Have you configured your service correctly? https://source.android.com/security/selinux/device-policy#label_new_services_and_address_denials. Note: this error shows up even in permissive mode in order to make auditing denials possible.
05-09 23:47:18.570 442 442 I gsensor_mxc6655 5-0015: set sensor poll time to 50ms
05-09 23:47:18.928 3007 3007 W audit : audit_lost=465 audit_rate_limit=5 audit_backlog_limit=64
05-09 23:47:18.928 3007 3007 E audit : rate limit exceeded
05-09 23:47:19.081 425 425 W : abc audioDBG [es8323_mute] start mute:1
05-09 23:47:19.081 425 425 I [Awinic] [3-0058]aw_acf_get_prof_desc_form_name: get prof desc down
05-09 23:47:19.081 425 425 I [Awinic] [3-005b]aw_acf_get_prof_desc_form_name: get prof desc down
05-09 23:47:21.305 2556 2556 W : abc audioDBG [es8323_mute] start mute:0
05-09 23:47:21.315 2556 2556 I [Awinic] [3-0058]aw_acf_get_prof_desc_form_name: get prof desc down
05-09 23:47:21.328 2556 2556 I [Awinic] [3-005b]aw_acf_get_prof_desc_form_name: get prof desc down
05-09 23:47:22.459 425 425 W : abc audioDBG [es8323_mute] start mute:1
05-09 23:47:22.459 425 425 I [Awinic] [3-0058]aw_acf_get_prof_desc_form_name: get prof desc down
05-09 23:47:22.460 425 425 I [Awinic] [3-005b]aw_acf_get_prof_desc_form_name: get prof desc down
05-09 23:47:22.860 2556 2556 W : abc audioDBG [es8323_mute] start mute:0
05-09 23:47:22.870 2556 2556 I [Awinic] [3-0058]aw_acf_get_prof_desc_form_name: get prof desc down
05-09 23:47:22.884 2556 2556 I [Awinic] [3-005b]aw_acf_get_prof_desc_form_name: get prof desc down
05-09 23:47:23.358 462 462 I gsensor_mxc6655 5-0015: set sensor poll time to 66ms
05-09 23:47:23.996 425 425 W : abc audioDBG [es8323_mute] start mute:1
05-09 23:47:23.996 425 425 I [Awinic] [3-0058]aw_acf_get_prof_desc_form_name: get prof desc down
05-09 23:47:23.997 425 425 I [Awinic] [3-005b]aw_acf_get_prof_desc_form_name: get prof desc down
05-09 23:47:28.786 442 442 I gsensor_mxc6655 5-0015: set sensor poll time to 50ms
05-09 23:47:36.350 2556 2556 W : abc audioDBG [es8323_mute] start mute:0
05-09 23:47:36.360 2556 2556 I [Awinic] [3-0058]aw_acf_get_prof_desc_form_name: get prof desc down
05-09 23:47:36.375 2556 2556 I [Awinic] [3-005b]aw_acf_get_prof_desc_form_name: get prof desc down
05-09 23:47:36.914 462 462 I gsensor_mxc6655 5-0015: set sensor poll time to 66ms
05-09 23:47:37.522 425 425 W : abc audioDBG [es8323_mute] start mute:1
05-09 23:47:37.522 425 425 I [Awinic] [3-0058]aw_acf_get_prof_desc_form_name: get prof desc down
05-09 23:47:37.523 425 425 I [Awinic] [3-005b]aw_acf_get_prof_desc_form_name: get prof desc down
05-09 23:47:42.189 2556 2556 W : abc audioDBG [es8323_mute] start mute:0
05-09 23:47:42.199 2556 2556 I [Awinic] [3-0058]aw_acf_get_prof_desc_form_name: get prof desc down
05-09 23:47:42.217 2556 2556 I [Awinic] [3-005b]aw_acf_get_prof_desc_form_name: get prof desc down
05-09 23:47:43.351 425 425 W : abc audioDBG [es8323_mute] start mute:1
05-09 23:47:43.351 425 425 I [Awinic] [3-0058]aw_acf_get_prof_desc_form_name: get prof desc down
05-09 23:47:43.351 425 425 I [Awinic] [3-005b]aw_acf_get_prof_desc_form_name: get prof desc down
05-09 23:48:37.282 2556 2556 W : abc audioDBG [es8323_mute] start mute:0
05-09 23:48:37.292 2556 2556 I [Awinic] [3-0058]aw_acf_get_prof_desc_form_name: get prof desc down
05-09 23:48:37.306 2556 2556 I [Awinic] [3-005b]aw_acf_get_prof_desc_form_name: get prof desc down
05-09 23:48:38.437 425 425 W : abc audioDBG [es8323_mute] start mute:1
05-09 23:48:38.437 425 425 I [Awinic] [3-0058]aw_acf_get_prof_desc_form_name: get prof desc down
05-09 23:48:38.437 425 425 I [Awinic] [3-005b]aw_acf_get_prof_desc_form_name: get prof desc down
05-09 23:48:39.681 2556 2556 W : abc audioDBG [es8323_mute] start mute:0
05-09 23:48:39.691 2556 2556 I [Awinic] [3-0058]aw_acf_get_prof_desc_form_name: get prof desc down
05-09 23:48:39.705 2556 2556 I [Awinic] [3-005b]aw_acf_get_prof_desc_form_name: get prof desc down
05-09 23:48:40.837 425 425 W : abc audioDBG [es8323_mute] start mute:1
05-09 23:48:40.837 425 425 I [Awinic] [3-0058]aw_acf_get_prof_desc_form_name: get prof desc down
05-09 23:48:40.837 425 425 I [Awinic] [3-005b]aw_acf_get_prof_desc_form_name: get prof desc down
05-09 23:48:46.529 327 327 W audit : audit_lost=466 audit_rate_limit=5 audit_backlog_limit=64
05-09 23:48:46.529 327 327 E audit : rate limit exceeded
05-09 23:49:07.579 2556 2556 W : abc audioDBG [es8323_mute] start mute:0
05-09 23:49:07.590 2556 2556 I [Awinic] [3-0058]aw_acf_get_prof_desc_form_name: get prof desc down
05-09 23:49:07.605 2556 2556 I [Awinic] [3-005b]aw_acf_get_prof_desc_form_name: get prof desc down
05-09 23:49:08.738 425 425 W : abc audioDBG [es8323_mute] start mute:1
05-09 23:49:08.738 425 425 I [Awinic] [3-0058]aw_acf_get_prof_desc_form_name: get prof desc down
05-09 23:49:08.739 425 425 I [Awinic] [3-005b]aw_acf_get_prof_desc_form_name: get prof desc down
05-09 23:49:09.284 2556 2556 W : abc audioDBG [es8323_mute] start mute:0
05-09 23:49:09.294 2556 2556 I [Awinic] [3-0058]aw_acf_get_prof_desc_form_name: get prof desc down
05-09 23:49:09.310 2556 2556 I [Awinic] [3-005b]aw_acf_get_prof_desc_form_name: get prof desc down
05-09 23:49:10.431 425 425 W : abc audioDBG [es8323_mute] start mute:1
05-09 23:49:10.431 425 425 I [Awinic] [3-0058]aw_acf_get_prof_desc_form_name: get prof desc down
05-09 23:49:10.431 425 425 I [Awinic] [3-005b]aw_acf_get_prof_desc_form_name: get prof desc down
05-09 23:49:14.434 2556 2556 W : abc audioDBG [es8323_mute] start mute:0
05-09 23:49:14.444 2556 2556 I [Awinic] [3-0058]aw_acf_get_prof_desc_form_name: get prof desc down
05-09 23:49:14.458 2556 2556 I [Awinic] [3-005b]aw_acf_get_prof_desc_form_name: get prof desc down
05-09 23:49:15.600 425 425 W : abc audioDBG [es8323_mute] start mute:1
05-09 23:49:15.600 425 425 I [Awinic] [3-0058]aw_acf_get_prof_desc_form_name: get prof desc down
05-09 23:49:15.601 425 425 I [Awinic] [3-005b]aw_acf_get_prof_desc_form_name: get prof desc down
05-09 23:49:16.124 2556 2556 W : abc audioDBG [es8323_mute] start mute:0
05-09 23:49:16.134 2556 2556 I [Awinic] [3-0058]aw_acf_get_prof_desc_form_name: get prof desc down
05-09 23:49:16.149 2556 2556 I [Awinic] [3-005b]aw_acf_get_prof_desc_form_name: get prof desc down
05-09 23:49:17.268 425 425 W : abc audioDBG [es8323_mute] start mute:1
05-09 23:49:17.268 425 425 I [Awinic] [3-0058]aw_acf_get_prof_desc_form_name: get prof desc down
05-09 23:49:17.269 425 425 I [Awinic] [3-005b]aw_acf_get_prof_desc_form_name: get prof desc down
05-09 23:49:17.606 2556 2556 W : abc audioDBG [es8323_mute] start mute:0
05-09 23:49:17.616 2556 2556 I [Awinic] [3-0058]aw_acf_get_prof_desc_form_name: get prof desc down
05-09 23:49:17.630 2556 2556 I [Awinic] [3-005b]aw_acf_get_prof_desc_form_name: get prof desc down
05-09 23:49:18.761 425 425 W : abc audioDBG [es8323_mute] start mute:1
05-09 23:49:18.761 425 425 I [Awinic] [3-0058]aw_acf_get_prof_desc_form_name: get prof desc down
05-09 23:49:18.761 425 425 I [Awinic] [3-005b]aw_acf_get_prof_desc_form_name: get prof desc down
05-09 23:49:18.865 2556 2556 W : abc audioDBG [es8323_mute] start mute:0
05-09 23:49:18.875 2556 2556 I [Awinic] [3-0058]aw_acf_get_prof_desc_form_name: get prof desc down
05-09 23:49:18.890 2556 2556 I [Awinic] [3-005b]aw_acf_get_prof_desc_form_name: get prof desc down
05-09 23:49:20.587 425 425 W : abc audioDBG [es8323_mute] start mute:1
05-09 23:49:20.587 425 425 I [Awinic] [3-0058]aw_acf_get_prof_desc_form_name: get prof desc down
05-09 23:49:20.588 425 425 I [Awinic] [3-005b]aw_acf_get_prof_desc_form_name: get prof desc down
05-09 23:49:33.272 2556 2556 W : abc audioDBG [es8323_mute] start mute:0
05-09 23:49:33.282 2556 2556 I [Awinic] [3-0058]aw_acf_get_prof_desc_form_name: get prof desc down
05-09 23:49:33.297 2556 2556 I [Awinic] [3-005b]aw_acf_get_prof_desc_form_name: get prof desc down
05-09 23:49:34.419 425 425 W : abc audioDBG [es8323_mute] start mute:1
05-09 23:49:34.419 425 425 I [Awinic] [3-0058]aw_acf_get_prof_desc_form_name: get prof desc down
05-09 23:49:34.419 425 425 I [Awinic] [3-005b]aw_acf_get_prof_desc_form_name: get prof desc down
05-09 23:49:42.477 2556 2556 W : abc audioDBG [es8323_mute] start mute:0
05-09 23:49:42.487 2556 2556 I [Awinic] [3-0058]aw_acf_get_prof_desc_form_name: get prof desc down
05-09 23:49:42.502 2556 2556 I [Awinic] [3-005b]aw_acf_get_prof_desc_form_name: get prof desc down
05-09 23:49:44.600 425 425 W : abc audioDBG [es8323_mute] start mute:1
05-09 23:49:44.600 425 425 I [Awinic] [3-0058]aw_acf_get_prof_desc_form_name: get prof desc down
05-09 23:49:44.601 425 425 I [Awinic] [3-005b]aw_acf_get_prof_desc_form_name: get prof desc down
05-09 23:49:44.700 2556 2556 W : abc audioDBG [es8323_mute] start mute:0
05-09 23:49:44.710 2556 2556 I [Awinic] [3-0058]aw_acf_get_prof_desc_form_name: get prof desc down
05-09 23:49:44.727 2556 2556 I [Awinic] [3-005b]aw_acf_get_prof_desc_form_name: get prof desc down
05-09 23:49:45.689 3908 3908 W audit : audit_lost=470 audit_rate_limit=5 audit_backlog_limit=64
05-09 23:49:45.689 3908 3908 E audit : rate limit exceeded
05-09 23:49:45.835 425 425 W : abc audioDBG [es8323_mute] start mute:1
05-09 23:49:45.835 425 425 I [Awinic] [3-0058]aw_acf_get_prof_desc_form_name: get prof desc down
05-09 23:49:45.835 425 425 I [Awinic] [3-005b]aw_acf_get_prof_desc_form_name: get prof desc down
05-09 23:49:47.262 2556 2556 W : abc audioDBG [es8323_mute] start mute:0
05-09 23:49:47.273 2556 2556 I [Awinic] [3-0058]aw_acf_get_prof_desc_form_name: get prof desc down
05-09 23:49:47.287 2556 2556 I [Awinic] [3-005b]aw_acf_get_prof_desc_form_name: get prof desc down
05-09 23:49:48.419 556 556 W : abc audioDBG [es8323_mute] start mute:1
05-09 23:49:48.419 556 556 I [Awinic] [3-0058]aw_acf_get_prof_desc_form_name: get prof desc down
05-09 23:49:48.420 556 556 I [Awinic] [3-005b]aw_acf_get_prof_desc_form_name: get prof desc down
05-09 23:49:49.487 2556 2556 W : abc audioDBG [es8323_mute] start mute:0
05-09 23:49:49.498 2556 2556 I [Awinic] [3-0058]aw_acf_get_prof_desc_form_name: get prof desc down
05-09 23:49:49.514 2556 2556 I [Awinic] [3-005b]aw_acf_get_prof_desc_form_name: get prof desc down
05-09 23:49:49.742 462 462 I compass_akm09918 5-000c: set sensor poll time to 200ms
05-09 23:49:49.742 4175 4175 I compass_akm09918 5-000c: compass AK09918 start measure
05-09 23:49:49.742 2533 2533 E compass_akm09918 5-000c: g_akm_rbuf not ready
05-09 23:49:49.744 2533 2533 E compass_akm09918 5-000c: sensor_report_value: ST is not set, stat = 0x0
05-09 23:49:49.744 2533 2533 E compass_akm09918 5-000c: sensor_delaywork_func: Get data failed
05-09 23:49:49.920 617 617 E rkcif-mipi-lvds2: get_remote_sensor: remote pad is null
05-09 23:49:49.920 617 617 E rkcif-mipi-lvds2: rkcif_update_sensor_info: stream[0] get remote sensor_sd failed!
05-09 23:49:49.920 617 617 E stream_cif_mipi_id0: update sensor info failed -19
05-09 23:49:49.920 617 617 E rkcif-mipi-lvds2: get_remote_sensor: remote pad is null
05-09 23:49:49.920 617 617 E rkcif-mipi-lvds2: rkcif_update_sensor_info: stream[1] get remote sensor_sd failed!
05-09 23:49:49.920 617 617 E stream_cif_mipi_id1: update sensor info failed -19
05-09 23:49:49.920 617 617 E rkcif-mipi-lvds2: get_remote_sensor: remote pad is null
05-09 23:49:49.920 617 617 E rkcif-mipi-lvds2: rkcif_update_sensor_info: stream[2] get remote sensor_sd failed!
05-09 23:49:49.920 617 617 E stream_cif_mipi_id2: update sensor info failed -19
05-09 23:49:49.920 617 617 W audit : audit_lost=471 audit_rate_limit=5 audit_backlog_limit=64
05-09 23:49:49.920 617 617 E audit : rate limit exceeded
05-09 23:49:49.940 4205 4205 I rkcif-mipi-lvds2: sditf_reinit_mode, on the fly, mode name: rkisp0-vir0
05-09 23:49:49.940 4205 4205 I rkcif-mipi-lvds2: sditf_reinit_mode, on the fly, mode name: rkisp0-vir0
05-09 23:49:49.966 4205 4205 I rkisp0-vir0: first params buf queue
05-09 23:49:49.993 4205 4205 I rkisp_hw fdcb0000.rkisp: set isp clk = 702000000Hz
05-09 23:49:49.993 4205 4205 I rkcif-mipi-lvds2: sditf_reinit_mode, on the fly, mode name: rkisp0-vir0
05-09 23:49:50.004 4205 4205 I rkcif-mipi-lvds2: stream[0] start streaming
05-09 23:49:50.112 4205 4205 E rockchip-mipi-csi2 fdd30000.mipi2-csi2: stream on, src_sd: 0000000054a21cb1, sd_name:rockchip-csi2-dphy0
05-09 23:49:50.112 4205 4205 E rockchip-mipi-csi2 fdd30000.mipi2-csi2: stream ON
05-09 23:49:50.112 4205 4205 I rockchip-csi2-dphy0: dphy0, data_rate_mbps 1080
05-09 23:49:50.112 4205 4205 I rockchip-csi2-dphy csi2-dphy0: csi2_dphy_s_stream stream on:1, dphy0
05-09 23:49:50.112 4205 4205 I rockchip-csi2-dphy csi2-dphy0: csi2_dphy_s_stream stream on:1, dphy0
05-09 23:49:50.648 556 556 W : abc audioDBG [es8323_mute] start mute:1
05-09 23:49:50.648 556 556 I [Awinic] [3-0058]aw_acf_get_prof_desc_form_name: get prof desc down
05-09 23:49:50.649 556 556 I [Awinic] [3-005b]aw_acf_get_prof_desc_form_name: get prof desc down
05-09 23:49:52.815 2556 2556 W : abc audioDBG [es8323_mute] start mute:0
05-09 23:49:52.825 2556 2556 I [Awinic] [3-0058]aw_acf_get_prof_desc_form_name: get prof desc down
05-09 23:49:52.846 2556 2556 I [Awinic] [3-005b]aw_acf_get_prof_desc_form_name: get prof desc down
05-09 23:49:53.982 556 556 W : abc audioDBG [es8323_mute] start mute:1
05-09 23:49:53.982 556 556 I [Awinic] [3-0058]aw_acf_get_prof_desc_form_name: get prof desc down
05-09 23:49:53.982 556 556 I [Awinic] [3-005b]aw_acf_get_prof_desc_form_name: get prof desc down
05-09 23:49:55.883 2556 2556 W : abc audioDBG [es8323_mute] start mute:0
05-09 23:49:55.893 2556 2556 I [Awinic] [3-0058]aw_acf_get_prof_desc_form_name: get prof desc down
05-09 23:49:55.908 2556 2556 I [Awinic] [3-005b]aw_acf_get_prof_desc_form_name: get prof desc down
05-09 23:49:56.451 616 616 I rkcif-mipi-lvds2: stream[0] start stopping, total mode 0x2, cur 0x2
05-09 23:49:56.451 616 616 E rockchip-mipi-csi2 fdd30000.mipi2-csi2: stream off, src_sd: 0000000054a21cb1, sd_name:rockchip-csi2-dphy0
05-09 23:49:56.451 616 616 E rockchip-mipi-csi2 fdd30000.mipi2-csi2: stream OFF
05-09 23:49:56.452 616 616 I rockchip-csi2-dphy csi2-dphy0: csi2_dphy_s_stream_stop stream stop, dphy0
