05-09 12:53:00.002 2596 2596 W ContextImpl: Calling a method in the system process without a qualified user: android.app.ContextImpl.sendBroadcast:1181 android.content.ContextWrapper.sendBroadcast:479 cn.eben.newweather.DateWeatherService.a:19 cn.eben.newweather.DateWeatherService.a:0 cn.eben.newweather.DateWeatherService$1.handleMessage:7
05-09 12:53:01.002 2596 2596 W ContextImpl: Calling a method in the system process without a qualified user: android.app.ContextImpl.sendBroadcast:1181 android.content.ContextWrapper.sendBroadcast:479 cn.eben.newweather.DateWeatherService.a:19 cn.eben.newweather.DateWeatherService.a:0 cn.eben.newweather.DateWeatherService$1.handleMessage:7
05-09 12:53:01.612 457 477 I RIL : ---> enter mainloop wait at port
05-09 12:53:01.612 457 477 D RIL-DEV : Get modem info
05-09 12:53:01.613 457 477 D RIL-DEV : [05-09_12:53:01:613] idVendor = 1d6b
05-09 12:53:01.613 457 477 D RIL-DEV :
05-09 12:53:01.613 457 477 D RIL-DEV : [05-09_12:53:01:614] idVendor = 1d6b
05-09 12:53:01.613 457 477 D RIL-DEV :
05-09 12:53:01.614 457 477 E RIL-DEV : Cannot find Meig devices
05-09 12:53:01.614 457 477 I RIL : ---> can't find meig usb devices
05-09 12:53:02.002 2596 2596 W ContextImpl: Calling a method in the system process without a qualified user: android.app.ContextImpl.sendBroadcast:1181 android.content.ContextWrapper.sendBroadcast:479 cn.eben.newweather.DateWeatherService.a:19 cn.eben.newweather.DateWeatherService.a:0 cn.eben.newweather.DateWeatherService$1.handleMessage:7
05-09 12:53:03.002 2596 2596 W ContextImpl: Calling a method in the system process without a qualified user: android.app.ContextImpl.sendBroadcast:1181 android.content.ContextWrapper.sendBroadcast:479 cn.eben.newweather.DateWeatherService.a:19 cn.eben.newweather.DateWeatherService.a:0 cn.eben.newweather.DateWeatherService$1.handleMessage:7
05-09 12:53:03.614 457 477 I RIL : ---> enter mainloop wait at port
05-09 12:53:03.614 457 477 D RIL-DEV : Get modem info
05-09 12:53:03.615 457 477 D RIL-DEV : [05-09_12:53:03:616] idVendor = 1d6b
05-09 12:53:03.615 457 477 D RIL-DEV :
05-09 12:53:03.615 457 477 D RIL-DEV : [05-09_12:53:03:616] idVendor = 1d6b
05-09 12:53:03.615 457 477 D RIL-DEV :
05-09 12:53:03.616 457 477 E RIL-DEV : Cannot find Meig devices
05-09 12:53:03.616 457 477 I RIL : ---> can't find meig usb devices
05-09 12:53:04.002 2596 2596 W ContextImpl: Calling a method in the system process without a qualified user: android.app.ContextImpl.sendBroadcast:1181 android.content.ContextWrapper.sendBroadcast:479 cn.eben.newweather.DateWeatherService.a:19 cn.eben.newweather.DateWeatherService.a:0 cn.eben.newweather.DateWeatherService$1.handleMessage:7
05-09 12:53:05.002 2596 2596 W ContextImpl: Calling a method in the system process without a qualified user: android.app.ContextImpl.sendBroadcast:1181 android.content.ContextWrapper.sendBroadcast:479 cn.eben.newweather.DateWeatherService.a:19 cn.eben.newweather.DateWeatherService.a:0 cn.eben.newweather.DateWeatherService$1.handleMessage:7
05-09 12:53:05.616 457 477 I RIL : ---> enter mainloop wait at port
05-09 12:53:05.616 457 477 D RIL-DEV : Get modem info
05-09 12:53:05.617 457 477 D RIL-DEV : [05-09_12:53:05:618] idVendor = 1d6b
05-09 12:53:05.617 457 477 D RIL-DEV :
05-09 12:53:05.617 457 477 D RIL-DEV : [05-09_12:53:05:618] idVendor = 1d6b
05-09 12:53:05.617 457 477 D RIL-DEV :
05-09 12:53:05.618 457 477 E RIL-DEV : Cannot find Meig devices
05-09 12:53:05.618 457 477 I RIL : ---> can't find meig usb devices
05-09 12:53:06.002 2596 2596 W ContextImpl: Calling a method in the system process without a qualified user: android.app.ContextImpl.sendBroadcast:1181 android.content.ContextWrapper.sendBroadcast:479 cn.eben.newweather.DateWeatherService.a:19 cn.eben.newweather.DateWeatherService.a:0 cn.eben.newweather.DateWeatherService$1.handleMessage:7
05-09 12:53:07.002 2596 2596 W ContextImpl: Calling a method in the system process without a qualified user: android.app.ContextImpl.sendBroadcast:1181 android.content.ContextWrapper.sendBroadcast:479 cn.eben.newweather.DateWeatherService.a:19 cn.eben.newweather.DateWeatherService.a:0 cn.eben.newweather.DateWeatherService$1.handleMessage:7
05-09 12:53:07.618 457 477 I RIL : ---> enter mainloop wait at port
05-09 12:53:07.618 457 477 D RIL-DEV : Get modem info
05-09 12:53:07.619 457 477 D RIL-DEV : [05-09_12:53:07:619] idVendor = 1d6b
05-09 12:53:07.619 457 477 D RIL-DEV :
05-09 12:53:07.619 457 477 D RIL-DEV : [05-09_12:53:07:620] idVendor = 1d6b
05-09 12:53:07.619 457 477 D RIL-DEV :
05-09 12:53:07.620 457 477 E RIL-DEV : Cannot find Meig devices
05-09 12:53:07.620 457 477 I RIL : ---> can't find meig usb devices
05-09 12:53:08.002 2596 2596 W ContextImpl: Calling a method in the system process without a qualified user: android.app.ContextImpl.sendBroadcast:1181 android.content.ContextWrapper.sendBroadcast:479 cn.eben.newweather.DateWeatherService.a:19 cn.eben.newweather.DateWeatherService.a:0 cn.eben.newweather.DateWeatherService$1.handleMessage:7
05-09 12:53:09.002 2596 2596 W ContextImpl: Calling a method in the system process without a qualified user: android.app.ContextImpl.sendBroadcast:1181 android.content.ContextWrapper.sendBroadcast:479 cn.eben.newweather.DateWeatherService.a:19 cn.eben.newweather.DateWeatherService.a:0 cn.eben.newweather.DateWeatherService$1.handleMessage:7
05-09 12:53:09.620 457 477 I RIL : ---> enter mainloop wait at port
05-09 12:53:09.620 457 477 D RIL-DEV : Get modem info
05-09 12:53:09.621 457 477 D RIL-DEV : [05-09_12:53:09:622] idVendor = 1d6b
05-09 12:53:09.621 457 477 D RIL-DEV :
05-09 12:53:09.621 457 477 D RIL-DEV : [05-09_12:53:09:622] idVendor = 1d6b
05-09 12:53:09.621 457 477 D RIL-DEV :
05-09 12:53:09.622 457 477 E RIL-DEV : Cannot find Meig devices
05-09 12:53:09.622 457 477 I RIL : ---> can't find meig usb devices
05-09 12:53:10.003 2596 2596 W ContextImpl: Calling a method in the system process without a qualified user: android.app.ContextImpl.sendBroadcast:1181 android.content.ContextWrapper.sendBroadcast:479 cn.eben.newweather.DateWeatherService.a:19 cn.eben.newweather.DateWeatherService.a:0 cn.eben.newweather.DateWeatherService$1.handleMessage:7
05-09 12:53:11.001 2596 2596 W ContextImpl: Calling a method in the system process without a qualified user: android.app.ContextImpl.sendBroadcast:1181 android.content.ContextWrapper.sendBroadcast:479 cn.eben.newweather.DateWeatherService.a:19 cn.eben.newweather.DateWeatherService.a:0 cn.eben.newweather.DateWeatherService$1.handleMessage:7
05-09 12:53:11.622 457 477 I RIL : ---> enter mainloop wait at port
05-09 12:53:11.623 457 477 D RIL-DEV : Get modem info
05-09 12:53:11.623 457 477 D RIL-DEV : [05-09_12:53:11:624] idVendor = 1d6b
05-09 12:53:11.623 457 477 D RIL-DEV :
05-09 12:53:11.623 457 477 D RIL-DEV : [05-09_12:53:11:624] idVendor = 1d6b
05-09 12:53:11.623 457 477 D RIL-DEV :
05-09 12:53:11.624 457 477 E RIL-DEV : Cannot find Meig devices
05-09 12:53:11.624 457 477 I RIL : ---> can't find meig usb devices
05-09 12:53:12.001 2596 2596 W ContextImpl: Calling a method in the system process without a qualified user: android.app.ContextImpl.sendBroadcast:1181 android.content.ContextWrapper.sendBroadcast:479 cn.eben.newweather.DateWeatherService.a:19 cn.eben.newweather.DateWeatherService.a:0 cn.eben.newweather.DateWeatherService$1.handleMessage:7
05-09 12:53:13.002 2596 2596 W ContextImpl: Calling a method in the system process without a qualified user: android.app.ContextImpl.sendBroadcast:1181 android.content.ContextWrapper.sendBroadcast:479 cn.eben.newweather.DateWeatherService.a:19 cn.eben.newweather.DateWeatherService.a:0 cn.eben.newweather.DateWeatherService$1.handleMessage:7
05-09 12:53:13.624 457 477 I RIL : ---> enter mainloop wait at port
05-09 12:53:13.624 457 477 D RIL-DEV : Get modem info
05-09 12:53:13.625 457 477 D RIL-DEV : [05-09_12:53:13:626] idVendor = 1d6b
05-09 12:53:13.625 457 477 D RIL-DEV :
05-09 12:53:13.625 457 477 D RIL-DEV : [05-09_12:53:13:626] idVendor = 1d6b
05-09 12:53:13.625 457 477 D RIL-DEV :
05-09 12:53:13.626 457 477 E RIL-DEV : Cannot find Meig devices
05-09 12:53:13.626 457 477 I RIL : ---> can't find meig usb devices
05-09 12:53:14.003 2596 2596 W ContextImpl: Calling a method in the system process without a qualified user: android.app.ContextImpl.sendBroadcast:1181 android.content.ContextWrapper.sendBroadcast:479 cn.eben.newweather.DateWeatherService.a:19 cn.eben.newweather.DateWeatherService.a:0 cn.eben.newweather.DateWeatherService$1.handleMessage:7
05-09 12:53:15.002 2596 2596 W ContextImpl: Calling a method in the system process without a qualified user: android.app.ContextImpl.sendBroadcast:1181 android.content.ContextWrapper.sendBroadcast:479 cn.eben.newweather.DateWeatherService.a:19 cn.eben.newweather.DateWeatherService.a:0 cn.eben.newweather.DateWeatherService$1.handleMessage:7
05-09 12:53:15.626 457 477 I RIL : ---> enter mainloop wait at port
05-09 12:53:15.627 457 477 D RIL-DEV : Get modem info
05-09 12:53:15.627 457 477 D RIL-DEV : [05-09_12:53:15:628] idVendor = 1d6b
05-09 12:53:15.627 457 477 D RIL-DEV :
05-09 12:53:15.628 457 477 D RIL-DEV : [05-09_12:53:15:628] idVendor = 1d6b
05-09 12:53:15.628 457 477 D RIL-DEV :
05-09 12:53:15.628 457 477 E RIL-DEV : Cannot find Meig devices
05-09 12:53:15.628 457 477 I RIL : ---> can't find meig usb devices
05-09 12:53:16.002 2596 2596 W ContextImpl: Calling a method in the system process without a qualified user: android.app.ContextImpl.sendBroadcast:1181 android.content.ContextWrapper.sendBroadcast:479 cn.eben.newweather.DateWeatherService.a:19 cn.eben.newweather.DateWeatherService.a:0 cn.eben.newweather.DateWeatherService$1.handleMessage:7
05-09 12:53:17.002 2596 2596 W ContextImpl: Calling a method in the system process without a qualified user: android.app.ContextImpl.sendBroadcast:1181 android.content.ContextWrapper.sendBroadcast:479 cn.eben.newweather.DateWeatherService.a:19 cn.eben.newweather.DateWeatherService.a:0 cn.eben.newweather.DateWeatherService$1.handleMessage:7
05-09 12:53:17.628 457 477 I RIL : ---> enter mainloop wait at port
05-09 12:53:17.629 457 477 D RIL-DEV : Get modem info
05-09 12:53:17.630 457 477 D RIL-DEV : [05-09_12:53:17:630] idVendor = 1d6b
05-09 12:53:17.630 457 477 D RIL-DEV :
05-09 12:53:17.630 457 477 D RIL-DEV : [05-09_12:53:17:630] idVendor = 1d6b
05-09 12:53:17.630 457 477 D RIL-DEV :
05-09 12:53:17.630 457 477 E RIL-DEV : Cannot find Meig devices
05-09 12:53:17.630 457 477 I RIL : ---> can't find meig usb devices
05-09 12:53:18.002 2596 2596 W ContextImpl: Calling a method in the system process without a qualified user: android.app.ContextImpl.sendBroadcast:1181 android.content.ContextWrapper.sendBroadcast:479 cn.eben.newweather.DateWeatherService.a:19 cn.eben.newweather.DateWeatherService.a:0 cn.eben.newweather.DateWeatherService$1.handleMessage:7
05-09 12:53:19.002 2596 2596 W ContextImpl: Calling a method in the system process without a qualified user: android.app.ContextImpl.sendBroadcast:1181 android.content.ContextWrapper.sendBroadcast:479 cn.eben.newweather.DateWeatherService.a:19 cn.eben.newweather.DateWeatherService.a:0 cn.eben.newweather.DateWeatherService$1.handleMessage:7
05-09 12:53:19.630 457 477 I RIL : ---> enter mainloop wait at port
05-09 12:53:19.631 457 477 D RIL-DEV : Get modem info
05-09 12:53:19.631 457 477 D RIL-DEV : [05-09_12:53:19:632] idVendor = 1d6b
05-09 12:53:19.631 457 477 D RIL-DEV :
05-09 12:53:19.632 457 477 D RIL-DEV : [05-09_12:53:19:632] idVendor = 1d6b
05-09 12:53:19.632 457 477 D RIL-DEV :
05-09 12:53:19.632 457 477 E RIL-DEV : Cannot find Meig devices
05-09 12:53:19.632 457 477 I RIL : ---> can't find meig usb devices
05-09 12:53:20.002 2596 2596 W ContextImpl: Calling a method in the system process without a qualified user: android.app.ContextImpl.sendBroadcast:1181 android.content.ContextWrapper.sendBroadcast:479 cn.eben.newweather.DateWeatherService.a:19 cn.eben.newweather.DateWeatherService.a:0 cn.eben.newweather.DateWeatherService$1.handleMessage:7
05-09 12:53:21.002 2596 2596 W ContextImpl: Calling a method in the system process without a qualified user: android.app.ContextImpl.sendBroadcast:1181 android.content.ContextWrapper.sendBroadcast:479 cn.eben.newweather.DateWeatherService.a:19 cn.eben.newweather.DateWeatherService.a:0 cn.eben.newweather.DateWeatherService$1.handleMessage:7
05-09 12:53:21.633 457 477 I RIL : ---> enter mainloop wait at port
05-09 12:53:21.633 457 477 D RIL-DEV : Get modem info
05-09 12:53:21.634 457 477 D RIL-DEV : [05-09_12:53:21:634] idVendor = 1d6b
05-09 12:53:21.634 457 477 D RIL-DEV :
05-09 12:53:21.634 457 477 D RIL-DEV : [05-09_12:53:21:634] idVendor = 1d6b
05-09 12:53:21.634 457 477 D RIL-DEV :
05-09 12:53:21.634 457 477 E RIL-DEV : Cannot find Meig devices
05-09 12:53:21.634 457 477 I RIL : ---> can't find meig usb devices
05-09 12:53:22.002 2596 2596 W ContextImpl: Calling a method in the system process without a qualified user: android.app.ContextImpl.sendBroadcast:1181 android.content.ContextWrapper.sendBroadcast:479 cn.eben.newweather.DateWeatherService.a:19 cn.eben.newweather.DateWeatherService.a:0 cn.eben.newweather.DateWeatherService$1.handleMessage:7
05-09 12:53:23.002 2596 2596 W ContextImpl: Calling a method in the system process without a qualified user: android.app.ContextImpl.sendBroadcast:1181 android.content.ContextWrapper.sendBroadcast:479 cn.eben.newweather.DateWeatherService.a:19 cn.eben.newweather.DateWeatherService.a:0 cn.eben.newweather.DateWeatherService$1.handleMessage:7
05-09 12:53:23.635 457 477 I RIL : ---> enter mainloop wait at port
05-09 12:53:23.635 457 477 D RIL-DEV : Get modem info
05-09 12:53:23.636 457 477 D RIL-DEV : [05-09_12:53:23:636] idVendor = 1d6b
05-09 12:53:23.636 457 477 D RIL-DEV :
05-09 12:53:23.636 457 477 D RIL-DEV : [05-09_12:53:23:637] idVendor = 1d6b
05-09 12:53:23.636 457 477 D RIL-DEV :
05-09 12:53:23.637 457 477 E RIL-DEV : Cannot find Meig devices
05-09 12:53:23.637 457 477 I RIL : ---> can't find meig usb devices
05-09 12:53:24.002 2596 2596 W ContextImpl: Calling a method in the system process without a qualified user: android.app.ContextImpl.sendBroadcast:1181 android.content.ContextWrapper.sendBroadcast:479 cn.eben.newweather.DateWeatherService.a:19 cn.eben.newweather.DateWeatherService.a:0 cn.eben.newweather.DateWeatherService$1.handleMessage:7
05-09 12:53:25.002 2596 2596 W ContextImpl: Calling a method in the system process without a qualified user: android.app.ContextImpl.sendBroadcast:1181 android.content.ContextWrapper.sendBroadcast:479 cn.eben.newweather.DateWeatherService.a:19 cn.eben.newweather.DateWeatherService.a:0 cn.eben.newweather.DateWeatherService$1.handleMessage:7
05-09 12:53:25.637 457 477 I RIL : ---> enter mainloop wait at port
05-09 12:53:25.637 457 477 D RIL-DEV : Get modem info
05-09 12:53:25.638 457 477 D RIL-DEV : [05-09_12:53:25:638] idVendor = 1d6b
05-09 12:53:25.638 457 477 D RIL-DEV :
05-09 12:53:25.638 457 477 D RIL-DEV : [05-09_12:53:25:639] idVendor = 1d6b
05-09 12:53:25.638 457 477 D RIL-DEV :
05-09 12:53:25.639 457 477 E RIL-DEV : Cannot find Meig devices
05-09 12:53:25.639 457 477 I RIL : ---> can't find meig usb devices
05-09 12:53:26.002 2596 2596 W ContextImpl: Calling a method in the system process without a qualified user: android.app.ContextImpl.sendBroadcast:1181 android.content.ContextWrapper.sendBroadcast:479 cn.eben.newweather.DateWeatherService.a:19 cn.eben.newweather.DateWeatherService.a:0 cn.eben.newweather.DateWeatherService$1.handleMessage:7
05-09 12:53:27.002 2596 2596 W ContextImpl: Calling a method in the system process without a qualified user: android.app.ContextImpl.sendBroadcast:1181 android.content.ContextWrapper.sendBroadcast:479 cn.eben.newweather.DateWeatherService.a:19 cn.eben.newweather.DateWeatherService.a:0 cn.eben.newweather.DateWeatherService$1.handleMessage:7
05-09 12:53:27.639 457 477 I RIL : ---> enter mainloop wait at port
05-09 12:53:27.639 457 477 D RIL-DEV : Get modem info
05-09 12:53:27.640 457 477 D RIL-DEV : [05-09_12:53:27:640] idVendor = 1d6b
05-09 12:53:27.640 457 477 D RIL-DEV :
05-09 12:53:27.640 457 477 D RIL-DEV : [05-09_12:53:27:641] idVendor = 1d6b
05-09 12:53:27.640 457 477 D RIL-DEV :
05-09 12:53:27.641 457 477 E RIL-DEV : Cannot find Meig devices
05-09 12:53:27.641 457 477 I RIL : ---> can't find meig usb devices
05-09 12:53:28.002 2596 2596 W ContextImpl: Calling a method in the system process without a qualified user: android.app.ContextImpl.sendBroadcast:1181 android.content.ContextWrapper.sendBroadcast:479 cn.eben.newweather.DateWeatherService.a:19 cn.eben.newweather.DateWeatherService.a:0 cn.eben.newweather.DateWeatherService$1.handleMessage:7
05-09 12:53:29.001 2596 2596 W ContextImpl: Calling a method in the system process without a qualified user: android.app.ContextImpl.sendBroadcast:1181 android.content.ContextWrapper.sendBroadcast:479 cn.eben.newweather.DateWeatherService.a:19 cn.eben.newweather.DateWeatherService.a:0 cn.eben.newweather.DateWeatherService$1.handleMessage:7
05-09 12:53:29.641 457 477 I RIL : ---> enter mainloop wait at port
05-09 12:53:29.641 457 477 D RIL-DEV : Get modem info
05-09 12:53:29.642 457 477 D RIL-DEV : [05-09_12:53:29:642] idVendor = 1d6b
05-09 12:53:29.642 457 477 D RIL-DEV :
05-09 12:53:29.642 457 477 D RIL-DEV : [05-09_12:53:29:643] idVendor = 1d6b
05-09 12:53:29.642 457 477 D RIL-DEV :
05-09 12:53:29.643 457 477 E RIL-DEV : Cannot find Meig devices
05-09 12:53:29.643 457 477 I RIL : ---> can't find meig usb devices
05-09 12:53:30.002 2596 2596 W ContextImpl: Calling a method in the system process without a qualified user: android.app.ContextImpl.sendBroadcast:1181 android.content.ContextWrapper.sendBroadcast:479 cn.eben.newweather.DateWeatherService.a:19 cn.eben.newweather.DateWeatherService.a:0 cn.eben.newweather.DateWeatherService$1.handleMessage:7
05-09 12:53:31.002 2596 2596 W ContextImpl: Calling a method in the system process without a qualified user: android.app.ContextImpl.sendBroadcast:1181 android.content.ContextWrapper.sendBroadcast:479 cn.eben.newweather.DateWeatherService.a:19 cn.eben.newweather.DateWeatherService.a:0 cn.eben.newweather.DateWeatherService$1.handleMessage:7
05-09 12:53:31.643 457 477 I RIL : ---> enter mainloop wait at port
05-09 12:53:31.643 457 477 D RIL-DEV : Get modem info
05-09 12:53:31.644 457 477 D RIL-DEV : [05-09_12:53:31:645] idVendor = 1d6b
05-09 12:53:31.644 457 477 D RIL-DEV :
05-09 12:53:31.644 457 477 D RIL-DEV : [05-09_12:53:31:645] idVendor = 1d6b
05-09 12:53:31.644 457 477 D RIL-DEV :
05-09 12:53:31.645 457 477 E RIL-DEV : Cannot find Meig devices
05-09 12:53:31.645 457 477 I RIL : ---> can't find meig usb devices
05-09 12:53:32.002 2596 2596 W ContextImpl: Calling a method in the system process without a qualified user: android.app.ContextImpl.sendBroadcast:1181 android.content.ContextWrapper.sendBroadcast:479 cn.eben.newweather.DateWeatherService.a:19 cn.eben.newweather.DateWeatherService.a:0 cn.eben.newweather.DateWeatherService$1.handleMessage:7
05-09 12:53:33.002 2596 2596 W ContextImpl: Calling a method in the system process without a qualified user: android.app.ContextImpl.sendBroadcast:1181 android.content.ContextWrapper.sendBroadcast:479 cn.eben.newweather.DateWeatherService.a:19 cn.eben.newweather.DateWeatherService.a:0 cn.eben.newweather.DateWeatherService$1.handleMessage:7
05-09 12:53:33.645 457 477 I RIL : ---> enter mainloop wait at port
05-09 12:53:33.646 457 477 D RIL-DEV : Get modem info
05-09 12:53:33.646 457 477 D RIL-DEV : [05-09_12:53:33:647] idVendor = 1d6b
05-09 12:53:33.646 457 477 D RIL-DEV :
05-09 12:53:33.647 457 477 D RIL-DEV : [05-09_12:53:33:647] idVendor = 1d6b
05-09 12:53:33.647 457 477 D RIL-DEV :
05-09 12:53:33.647 457 477 E RIL-DEV : Cannot find Meig devices
05-09 12:53:33.647 457 477 I RIL : ---> can't find meig usb devices
05-09 12:53:34.002 2596 2596 W ContextImpl: Calling a method in the system process without a qualified user: android.app.ContextImpl.sendBroadcast:1181 android.content.ContextWrapper.sendBroadcast:479 cn.eben.newweather.DateWeatherService.a:19 cn.eben.newweather.DateWeatherService.a:0 cn.eben.newweather.DateWeatherService$1.handleMessage:7
05-09 12:53:35.001 2596 2596 W ContextImpl: Calling a method in the system process without a qualified user: android.app.ContextImpl.sendBroadcast:1181 android.content.ContextWrapper.sendBroadcast:479 cn.eben.newweather.DateWeatherService.a:19 cn.eben.newweather.DateWeatherService.a:0 cn.eben.newweather.DateWeatherService$1.handleMessage:7
05-09 12:53:35.647 457 477 I RIL : ---> enter mainloop wait at port
05-09 12:53:35.648 457 477 D RIL-DEV : Get modem info
05-09 12:53:35.648 457 477 D RIL-DEV : [05-09_12:53:35:649] idVendor = 1d6b
05-09 12:53:35.648 457 477 D RIL-DEV :
05-09 12:53:35.649 457 477 D RIL-DEV : [05-09_12:53:35:649] idVendor = 1d6b
05-09 12:53:35.649 457 477 D RIL-DEV :
05-09 12:53:35.649 457 477 E RIL-DEV : Cannot find Meig devices
05-09 12:53:35.649 457 477 I RIL : ---> can't find meig usb devices
05-09 12:53:36.002 2596 2596 W ContextImpl: Calling a method in the system process without a qualified user: android.app.ContextImpl.sendBroadcast:1181 android.content.ContextWrapper.sendBroadcast:479 cn.eben.newweather.DateWeatherService.a:19 cn.eben.newweather.DateWeatherService.a:0 cn.eben.newweather.DateWeatherService$1.handleMessage:7
05-09 12:53:37.002 2596 2596 W ContextImpl: Calling a method in the system process without a qualified user: android.app.ContextImpl.sendBroadcast:1181 android.content.ContextWrapper.sendBroadcast:479 cn.eben.newweather.DateWeatherService.a:19 cn.eben.newweather.DateWeatherService.a:0 cn.eben.newweather.DateWeatherService$1.handleMessage:7
05-09 12:53:37.649 457 477 I RIL : ---> enter mainloop wait at port
05-09 12:53:37.650 457 477 D RIL-DEV : Get modem info
05-09 12:53:37.650 457 477 D RIL-DEV : [05-09_12:53:37:651] idVendor = 1d6b
05-09 12:53:37.650 457 477 D RIL-DEV :
05-09 12:53:37.651 457 477 D RIL-DEV : [05-09_12:53:37:651] idVendor = 1d6b
05-09 12:53:37.651 457 477 D RIL-DEV :
05-09 12:53:37.651 457 477 E RIL-DEV : Cannot find Meig devices
05-09 12:53:37.651 457 477 I RIL : ---> can't find meig usb devices
05-09 12:53:38.002 2596 2596 W ContextImpl: Calling a method in the system process without a qualified user: android.app.ContextImpl.sendBroadcast:1181 android.content.ContextWrapper.sendBroadcast:479 cn.eben.newweather.DateWeatherService.a:19 cn.eben.newweather.DateWeatherService.a:0 cn.eben.newweather.DateWeatherService$1.handleMessage:7
05-09 12:53:39.002 2596 2596 W ContextImpl: Calling a method in the system process without a qualified user: android.app.ContextImpl.sendBroadcast:1181 android.content.ContextWrapper.sendBroadcast:479 cn.eben.newweather.DateWeatherService.a:19 cn.eben.newweather.DateWeatherService.a:0 cn.eben.newweather.DateWeatherService$1.handleMessage:7
05-09 12:53:39.651 457 477 I RIL : ---> enter mainloop wait at port
05-09 12:53:39.651 457 477 D RIL-DEV : Get modem info
05-09 12:53:39.652 457 477 D RIL-DEV : [05-09_12:53:39:653] idVendor = 1d6b
05-09 12:53:39.652 457 477 D RIL-DEV :
05-09 12:53:39.652 457 477 D RIL-DEV : [05-09_12:53:39:653] idVendor = 1d6b
05-09 12:53:39.652 457 477 D RIL-DEV :
05-09 12:53:39.653 457 477 E RIL-DEV : Cannot find Meig devices
05-09 12:53:39.653 457 477 I RIL : ---> can't find meig usb devices
05-09 12:53:40.001 2596 2596 W ContextImpl: Calling a method in the system process without a qualified user: android.app.ContextImpl.sendBroadcast:1181 android.content.ContextWrapper.sendBroadcast:479 cn.eben.newweather.DateWeatherService.a:19 cn.eben.newweather.DateWeatherService.a:0 cn.eben.newweather.DateWeatherService$1.handleMessage:7
05-09 12:53:41.002 2596 2596 W ContextImpl: Calling a method in the system process without a qualified user: android.app.ContextImpl.sendBroadcast:1181 android.content.ContextWrapper.sendBroadcast:479 cn.eben.newweather.DateWeatherService.a:19 cn.eben.newweather.DateWeatherService.a:0 cn.eben.newweather.DateWeatherService$1.handleMessage:7
05-09 12:53:41.653 457 477 I RIL : ---> enter mainloop wait at port
05-09 12:53:41.654 457 477 D RIL-DEV : Get modem info
05-09 12:53:41.654 457 477 D RIL-DEV : [05-09_12:53:41:655] idVendor = 1d6b
05-09 12:53:41.654 457 477 D RIL-DEV :
05-09 12:53:41.655 457 477 D RIL-DEV : [05-09_12:53:41:655] idVendor = 1d6b
05-09 12:53:41.655 457 477 D RIL-DEV :
05-09 12:53:41.655 457 477 E RIL-DEV : Cannot find Meig devices
05-09 12:53:41.655 457 477 I RIL : ---> can't find meig usb devices
05-09 12:53:42.002 2596 2596 W ContextImpl: Calling a method in the system process without a qualified user: android.app.ContextImpl.sendBroadcast:1181 android.content.ContextWrapper.sendBroadcast:479 cn.eben.newweather.DateWeatherService.a:19 cn.eben.newweather.DateWeatherService.a:0 cn.eben.newweather.DateWeatherService$1.handleMessage:7
05-09 12:53:43.002 2596 2596 W ContextImpl: Calling a method in the system process without a qualified user: android.app.ContextImpl.sendBroadcast:1181 android.content.ContextWrapper.sendBroadcast:479 cn.eben.newweather.DateWeatherService.a:19 cn.eben.newweather.DateWeatherService.a:0 cn.eben.newweather.DateWeatherService$1.handleMessage:7
05-09 12:53:43.655 457 477 I RIL : ---> enter mainloop wait at port
05-09 12:53:43.655 457 477 D RIL-DEV : Get modem info
05-09 12:53:43.656 457 477 D RIL-DEV : [05-09_12:53:43:657] idVendor = 1d6b
05-09 12:53:43.656 457 477 D RIL-DEV :
05-09 12:53:43.657 457 477 D RIL-DEV : [05-09_12:53:43:657] idVendor = 1d6b
05-09 12:53:43.657 457 477 D RIL-DEV :
05-09 12:53:43.657 457 477 E RIL-DEV : Cannot find Meig devices
05-09 12:53:43.657 457 477 I RIL : ---> can't find meig usb devices
05-09 12:53:44.001 2596 2596 W ContextImpl: Calling a method in the system process without a qualified user: android.app.ContextImpl.sendBroadcast:1181 android.content.ContextWrapper.sendBroadcast:479 cn.eben.newweather.DateWeatherService.a:19 cn.eben.newweather.DateWeatherService.a:0 cn.eben.newweather.DateWeatherService$1.handleMessage:7
05-09 12:53:45.003 2596 2596 W ContextImpl: Calling a method in the system process without a qualified user: android.app.ContextImpl.sendBroadcast:1181 android.content.ContextWrapper.sendBroadcast:479 cn.eben.newweather.DateWeatherService.a:19 cn.eben.newweather.DateWeatherService.a:0 cn.eben.newweather.DateWeatherService$1.handleMessage:7
05-09 12:53:45.657 457 477 I RIL : ---> enter mainloop wait at port
05-09 12:53:45.658 457 477 D RIL-DEV : Get modem info
05-09 12:53:45.658 457 477 D RIL-DEV : [05-09_12:53:45:659] idVendor = 1d6b
05-09 12:53:45.658 457 477 D RIL-DEV :
05-09 12:53:45.659 457 477 D RIL-DEV : [05-09_12:53:45:659] idVendor = 1d6b
05-09 12:53:45.659 457 477 D RIL-DEV :
05-09 12:53:45.659 457 477 E RIL-DEV : Cannot find Meig devices
05-09 12:53:45.659 457 477 I RIL : ---> can't find meig usb devices
05-09 12:53:46.002 2596 2596 W ContextImpl: Calling a method in the system process without a qualified user: android.app.ContextImpl.sendBroadcast:1181 android.content.ContextWrapper.sendBroadcast:479 cn.eben.newweather.DateWeatherService.a:19 cn.eben.newweather.DateWeatherService.a:0 cn.eben.newweather.DateWeatherService$1.handleMessage:7
05-09 12:53:47.003 2596 2596 W ContextImpl: Calling a method in the system process without a qualified user: android.app.ContextImpl.sendBroadcast:1181 android.content.ContextWrapper.sendBroadcast:479 cn.eben.newweather.DateWeatherService.a:19 cn.eben.newweather.DateWeatherService.a:0 cn.eben.newweather.DateWeatherService$1.handleMessage:7
05-09 12:53:47.659 457 477 I RIL : ---> enter mainloop wait at port
05-09 12:53:47.660 457 477 D RIL-DEV : Get modem info
05-09 12:53:47.660 457 477 D RIL-DEV : [05-09_12:53:47:661] idVendor = 1d6b
05-09 12:53:47.660 457 477 D RIL-DEV :
05-09 12:53:47.661 457 477 D RIL-DEV : [05-09_12:53:47:661] idVendor = 1d6b
05-09 12:53:47.661 457 477 D RIL-DEV :
05-09 12:53:47.661 457 477 E RIL-DEV : Cannot find Meig devices
05-09 12:53:47.661 457 477 I RIL : ---> can't find meig usb devices
05-09 12:53:48.002 2596 2596 W ContextImpl: Calling a method in the system process without a qualified user: android.app.ContextImpl.sendBroadcast:1181 android.content.ContextWrapper.sendBroadcast:479 cn.eben.newweather.DateWeatherService.a:19 cn.eben.newweather.DateWeatherService.a:0 cn.eben.newweather.DateWeatherService$1.handleMessage:7
05-09 12:53:49.002 2596 2596 W ContextImpl: Calling a method in the system process without a qualified user: android.app.ContextImpl.sendBroadcast:1181 android.content.ContextWrapper.sendBroadcast:479 cn.eben.newweather.DateWeatherService.a:19 cn.eben.newweather.DateWeatherService.a:0 cn.eben.newweather.DateWeatherService$1.handleMessage:7
05-09 12:53:49.661 457 477 I RIL : ---> enter mainloop wait at port
05-09 12:53:49.661 457 477 D RIL-DEV : Get modem info
05-09 12:53:49.662 457 477 D RIL-DEV : [05-09_12:53:49:663] idVendor = 1d6b
05-09 12:53:49.662 457 477 D RIL-DEV :
05-09 12:53:49.662 457 477 D RIL-DEV : [05-09_12:53:49:663] idVendor = 1d6b
05-09 12:53:49.662 457 477 D RIL-DEV :
05-09 12:53:49.663 457 477 E RIL-DEV : Cannot find Meig devices
05-09 12:53:49.663 457 477 I RIL : ---> can't find meig usb devices
05-09 12:53:50.002 2596 2596 W ContextImpl: Calling a method in the system process without a qualified user: android.app.ContextImpl.sendBroadcast:1181 android.content.ContextWrapper.sendBroadcast:479 cn.eben.newweather.DateWeatherService.a:19 cn.eben.newweather.DateWeatherService.a:0 cn.eben.newweather.DateWeatherService$1.handleMessage:7
05-10 03:32:41.872 437 437 W healthd : battery l=92 v=8464 t=24.5 h=1 st=2 c=128000 fc=9700000 cc=6 chg=u
05-09 12:53:51.002 2596 2596 W ContextImpl: Calling a method in the system process without a qualified user: android.app.ContextImpl.sendBroadcast:1181 android.content.ContextWrapper.sendBroadcast:479 cn.eben.newweather.DateWeatherService.a:19 cn.eben.newweather.DateWeatherService.a:0 cn.eben.newweather.DateWeatherService$1.handleMessage:7
05-09 12:53:51.663 457 477 I RIL : ---> enter mainloop wait at port
05-09 12:53:51.664 457 477 D RIL-DEV : Get modem info
05-09 12:53:51.664 457 477 D RIL-DEV : [05-09_12:53:51:665] idVendor = 1d6b
05-09 12:53:51.664 457 477 D RIL-DEV :
05-09 12:53:51.665 457 477 D RIL-DEV : [05-09_12:53:51:665] idVendor = 1d6b
05-09 12:53:51.665 457 477 D RIL-DEV :
05-09 12:53:51.665 457 477 E RIL-DEV : Cannot find Meig devices
05-09 12:53:51.665 457 477 I RIL : ---> can't find meig usb devices
05-09 12:53:52.002 2596 2596 W ContextImpl: Calling a method in the system process without a qualified user: android.app.ContextImpl.sendBroadcast:1181 android.content.ContextWrapper.sendBroadcast:479 cn.eben.newweather.DateWeatherService.a:19 cn.eben.newweather.DateWeatherService.a:0 cn.eben.newweather.DateWeatherService$1.handleMessage:7
05-09 12:53:53.002 2596 2596 W ContextImpl: Calling a method in the system process without a qualified user: android.app.ContextImpl.sendBroadcast:1181 android.content.ContextWrapper.sendBroadcast:479 cn.eben.newweather.DateWeatherService.a:19 cn.eben.newweather.DateWeatherService.a:0 cn.eben.newweather.DateWeatherService$1.handleMessage:7
05-09 12:53:53.665 457 477 I RIL : ---> enter mainloop wait at port
05-09 12:53:53.666 457 477 D RIL-DEV : Get modem info
05-09 12:53:53.666 457 477 D RIL-DEV : [05-09_12:53:53:667] idVendor = 1d6b
05-09 12:53:53.666 457 477 D RIL-DEV :
05-09 12:53:53.667 457 477 D RIL-DEV : [05-09_12:53:53:667] idVendor = 1d6b
05-09 12:53:53.667 457 477 D RIL-DEV :
05-09 12:53:53.667 457 477 E RIL-DEV : Cannot find Meig devices
05-09 12:53:53.667 457 477 I RIL : ---> can't find meig usb devices
05-09 12:53:54.002 2596 2596 W ContextImpl: Calling a method in the system process without a qualified user: android.app.ContextImpl.sendBroadcast:1181 android.content.ContextWrapper.sendBroadcast:479 cn.eben.newweather.DateWeatherService.a:19 cn.eben.newweather.DateWeatherService.a:0 cn.eben.newweather.DateWeatherService$1.handleMessage:7
05-09 12:53:55.002 2596 2596 W ContextImpl: Calling a method in the system process without a qualified user: android.app.ContextImpl.sendBroadcast:1181 android.content.ContextWrapper.sendBroadcast:479 cn.eben.newweather.DateWeatherService.a:19 cn.eben.newweather.DateWeatherService.a:0 cn.eben.newweather.DateWeatherService$1.handleMessage:7
05-09 12:53:55.668 457 477 I RIL : ---> enter mainloop wait at port
05-09 12:53:55.668 457 477 D RIL-DEV : Get modem info
05-09 12:53:55.669 457 477 D RIL-DEV : [05-09_12:53:55:669] idVendor = 1d6b
05-09 12:53:55.669 457 477 D RIL-DEV :
05-09 12:53:55.669 457 477 D RIL-DEV : [05-09_12:53:55:669] idVendor = 1d6b
05-09 12:53:55.669 457 477 D RIL-DEV :
05-09 12:53:55.669 457 477 E RIL-DEV : Cannot find Meig devices
05-09 12:53:55.670 457 477 I RIL : ---> can't find meig usb devices
05-09 12:53:56.001 2596 2596 W ContextImpl: Calling a method in the system process without a qualified user: android.app.ContextImpl.sendBroadcast:1181 android.content.ContextWrapper.sendBroadcast:479 cn.eben.newweather.DateWeatherService.a:19 cn.eben.newweather.DateWeatherService.a:0 cn.eben.newweather.DateWeatherService$1.handleMessage:7
05-09 12:53:57.002 2596 2596 W ContextImpl: Calling a method in the system process without a qualified user: android.app.ContextImpl.sendBroadcast:1181 android.content.ContextWrapper.sendBroadcast:479 cn.eben.newweather.DateWeatherService.a:19 cn.eben.newweather.DateWeatherService.a:0 cn.eben.newweather.DateWeatherService$1.handleMessage:7
05-09 12:53:57.670 457 477 I RIL : ---> enter mainloop wait at port
05-09 12:53:57.670 457 477 D RIL-DEV : Get modem info
05-09 12:53:57.671 457 477 D RIL-DEV : [05-09_12:53:57:671] idVendor = 1d6b
05-09 12:53:57.671 457 477 D RIL-DEV :
05-09 12:53:57.671 457 477 D RIL-DEV : [05-09_12:53:57:672] idVendor = 1d6b
05-09 12:53:57.671 457 477 D RIL-DEV :
05-09 12:53:57.671 457 477 E RIL-DEV : Cannot find Meig devices
05-09 12:53:57.672 457 477 I RIL : ---> can't find meig usb devices
05-09 12:53:58.002 2596 2596 W ContextImpl: Calling a method in the system process without a qualified user: android.app.ContextImpl.sendBroadcast:1181 android.content.ContextWrapper.sendBroadcast:479 cn.eben.newweather.DateWeatherService.a:19 cn.eben.newweather.DateWeatherService.a:0 cn.eben.newweather.DateWeatherService$1.handleMessage:7
05-09 12:53:59.002 2596 2596 W ContextImpl: Calling a method in the system process without a qualified user: android.app.ContextImpl.sendBroadcast:1181 android.content.ContextWrapper.sendBroadcast:479 cn.eben.newweather.DateWeatherService.a:19 cn.eben.newweather.DateWeatherService.a:0 cn.eben.newweather.DateWeatherService$1.handleMessage:7
05-09 12:53:59.672 457 477 I RIL : ---> enter mainloop wait at port
05-09 12:53:59.672 457 477 D RIL-DEV : Get modem info
05-09 12:53:59.673 457 477 D RIL-DEV : [05-09_12:53:59:673] idVendor = 1d6b
05-09 12:53:59.673 457 477 D RIL-DEV :
05-09 12:53:59.673 457 477 D RIL-DEV : [05-09_12:53:59:674] idVendor = 1d6b
05-09 12:53:59.673 457 477 D RIL-DEV :
05-09 12:53:59.674 457 477 E RIL-DEV : Cannot find Meig devices
05-09 12:53:59.674 457 477 I RIL : ---> can't find meig usb devices
05-09 12:54:00.003 2596 2596 W ContextImpl: Calling a method in the system process without a qualified user: android.app.ContextImpl.sendBroadcast:1181 android.content.ContextWrapper.sendBroadcast:479 cn.eben.newweather.DateWeatherService.a:19 cn.eben.newweather.DateWeatherService.a:0 cn.eben.newweather.DateWeatherService$1.handleMessage:7
05-09 12:54:01.002 2596 2596 W ContextImpl: Calling a method in the system process without a qualified user: android.app.ContextImpl.sendBroadcast:1181 android.content.ContextWrapper.sendBroadcast:479 cn.eben.newweather.DateWeatherService.a:19 cn.eben.newweather.DateWeatherService.a:0 cn.eben.newweather.DateWeatherService$1.handleMessage:7
05-09 12:54:01.674 457 477 I RIL : ---> enter mainloop wait at port
05-09 12:54:01.674 457 477 D RIL-DEV : Get modem info
05-09 12:54:01.675 457 477 D RIL-DEV : [05-09_12:54:01:675] idVendor = 1d6b
05-09 12:54:01.675 457 477 D RIL-DEV :
05-09 12:54:01.675 457 477 D RIL-DEV : [05-09_12:54:01:676] idVendor = 1d6b
05-09 12:54:01.675 457 477 D RIL-DEV :
05-09 12:54:01.676 457 477 E RIL-DEV : Cannot find Meig devices
05-09 12:54:01.676 457 477 I RIL : ---> can't find meig usb devices
05-09 12:54:02.002 2596 2596 W ContextImpl: Calling a method in the system process without a qualified user: android.app.ContextImpl.sendBroadcast:1181 android.content.ContextWrapper.sendBroadcast:479 cn.eben.newweather.DateWeatherService.a:19 cn.eben.newweather.DateWeatherService.a:0 cn.eben.newweather.DateWeatherService$1.handleMessage:7
05-09 12:54:03.003 2596 2596 W ContextImpl: Calling a method in the system process without a qualified user: android.app.ContextImpl.sendBroadcast:1181 android.content.ContextWrapper.sendBroadcast:479 cn.eben.newweather.DateWeatherService.a:19 cn.eben.newweather.DateWeatherService.a:0 cn.eben.newweather.DateWeatherService$1.handleMessage:7
05-09 12:54:03.676 457 477 I RIL : ---> enter mainloop wait at port
05-09 12:54:03.676 457 477 D RIL-DEV : Get modem info
05-09 12:54:03.677 457 477 D RIL-DEV : [05-09_12:54:03:677] idVendor = 1d6b
05-09 12:54:03.677 457 477 D RIL-DEV :
05-09 12:54:03.677 457 477 D RIL-DEV : [05-09_12:54:03:678] idVendor = 1d6b
05-09 12:54:03.677 457 477 D RIL-DEV :
05-09 12:54:03.677 457 477 E RIL-DEV : Cannot find Meig devices
05-09 12:54:03.678 457 477 I RIL : ---> can't find meig usb devices
05-09 12:54:04.002 2596 2596 W ContextImpl: Calling a method in the system process without a qualified user: android.app.ContextImpl.sendBroadcast:1181 android.content.ContextWrapper.sendBroadcast:479 cn.eben.newweather.DateWeatherService.a:19 cn.eben.newweather.DateWeatherService.a:0 cn.eben.newweather.DateWeatherService$1.handleMessage:7
05-09 12:54:05.002 2596 2596 W ContextImpl: Calling a method in the system process without a qualified user: android.app.ContextImpl.sendBroadcast:1181 android.content.ContextWrapper.sendBroadcast:479 cn.eben.newweather.DateWeatherService.a:19 cn.eben.newweather.DateWeatherService.a:0 cn.eben.newweather.DateWeatherService$1.handleMessage:7
05-09 12:54:05.678 457 477 I RIL : ---> enter mainloop wait at port
05-09 12:54:05.678 457 477 D RIL-DEV : Get modem info
05-09 12:54:05.679 457 477 D RIL-DEV : [05-09_12:54:05:679] idVendor = 1d6b
05-09 12:54:05.679 457 477 D RIL-DEV :
05-09 12:54:05.679 457 477 D RIL-DEV : [05-09_12:54:05:679] idVendor = 1d6b
05-09 12:54:05.679 457 477 D RIL-DEV :
05-09 12:54:05.679 457 477 E RIL-DEV : Cannot find Meig devices
05-09 12:54:05.680 457 477 I RIL : ---> can't find meig usb devices
05-09 12:54:06.002 2596 2596 W ContextImpl: Calling a method in the system process without a qualified user: android.app.ContextImpl.sendBroadcast:1181 android.content.ContextWrapper.sendBroadcast:479 cn.eben.newweather.DateWeatherService.a:19 cn.eben.newweather.DateWeatherService.a:0 cn.eben.newweather.DateWeatherService$1.handleMessage:7
05-09 12:54:07.002 2596 2596 W ContextImpl: Calling a method in the system process without a qualified user: android.app.ContextImpl.sendBroadcast:1181 android.content.ContextWrapper.sendBroadcast:479 cn.eben.newweather.DateWeatherService.a:19 cn.eben.newweather.DateWeatherService.a:0 cn.eben.newweather.DateWeatherService$1.handleMessage:7
05-09 12:54:07.680 457 477 I RIL : ---> enter mainloop wait at port
05-09 12:54:07.680 457 477 D RIL-DEV : Get modem info
05-09 12:54:07.681 457 477 D RIL-DEV : [05-09_12:54:07:681] idVendor = 1d6b
05-09 12:54:07.681 457 477 D RIL-DEV :
05-09 12:54:07.681 457 477 D RIL-DEV : [05-09_12:54:07:682] idVendor = 1d6b
05-09 12:54:07.681 457 477 D RIL-DEV :
05-09 12:54:07.681 457 477 E RIL-DEV : Cannot find Meig devices
05-09 12:54:07.682 457 477 I RIL : ---> can't find meig usb devices
05-09 12:54:08.003 2596 2596 W ContextImpl: Calling a method in the system process without a qualified user: android.app.ContextImpl.sendBroadcast:1181 android.content.ContextWrapper.sendBroadcast:479 cn.eben.newweather.DateWeatherService.a:19 cn.eben.newweather.DateWeatherService.a:0 cn.eben.newweather.DateWeatherService$1.handleMessage:7
05-09 12:54:09.002 2596 2596 W ContextImpl: Calling a method in the system process without a qualified user: android.app.ContextImpl.sendBroadcast:1181 android.content.ContextWrapper.sendBroadcast:479 cn.eben.newweather.DateWeatherService.a:19 cn.eben.newweather.DateWeatherService.a:0 cn.eben.newweather.DateWeatherService$1.handleMessage:7
05-09 12:54:09.682 457 477 I RIL : ---> enter mainloop wait at port
05-09 12:54:09.682 457 477 D RIL-DEV : Get modem info
05-09 12:54:09.683 457 477 D RIL-DEV : [05-09_12:54:09:683] idVendor = 1d6b
05-09 12:54:09.683 457 477 D RIL-DEV :
05-09 12:54:09.683 457 477 D RIL-DEV : [05-09_12:54:09:684] idVendor = 1d6b
05-09 12:54:09.683 457 477 D RIL-DEV :
05-09 12:54:09.684 457 477 E RIL-DEV : Cannot find Meig devices
05-09 12:54:09.684 457 477 I RIL : ---> can't find meig usb devices
05-09 12:54:10.002 2596 2596 W ContextImpl: Calling a method in the system process without a qualified user: android.app.ContextImpl.sendBroadcast:1181 android.content.ContextWrapper.sendBroadcast:479 cn.eben.newweather.DateWeatherService.a:19 cn.eben.newweather.DateWeatherService.a:0 cn.eben.newweather.DateWeatherService$1.handleMessage:7
05-09 12:54:11.002 2596 2596 W ContextImpl: Calling a method in the system process without a qualified user: android.app.ContextImpl.sendBroadcast:1181 android.content.ContextWrapper.sendBroadcast:479 cn.eben.newweather.DateWeatherService.a:19 cn.eben.newweather.DateWeatherService.a:0 cn.eben.newweather.DateWeatherService$1.handleMessage:7
05-09 12:54:11.684 457 477 I RIL : ---> enter mainloop wait at port
05-09 12:54:11.684 457 477 D RIL-DEV : Get modem info
05-09 12:54:11.685 457 477 D RIL-DEV : [05-09_12:54:11:685] idVendor = 1d6b
05-09 12:54:11.685 457 477 D RIL-DEV :
05-09 12:54:11.685 457 477 D RIL-DEV : [05-09_12:54:11:686] idVendor = 1d6b
05-09 12:54:11.685 457 477 D RIL-DEV :
05-09 12:54:11.685 457 477 E RIL-DEV : Cannot find Meig devices
05-09 12:54:11.686 457 477 I RIL : ---> can't find meig usb devices
05-09 12:54:12.002 2596 2596 W ContextImpl: Calling a method in the system process without a qualified user: android.app.ContextImpl.sendBroadcast:1181 android.content.ContextWrapper.sendBroadcast:479 cn.eben.newweather.DateWeatherService.a:19 cn.eben.newweather.DateWeatherService.a:0 cn.eben.newweather.DateWeatherService$1.handleMessage:7
05-09 12:54:13.002 2596 2596 W ContextImpl: Calling a method in the system process without a qualified user: android.app.ContextImpl.sendBroadcast:1181 android.content.ContextWrapper.sendBroadcast:479 cn.eben.newweather.DateWeatherService.a:19 cn.eben.newweather.DateWeatherService.a:0 cn.eben.newweather.DateWeatherService$1.handleMessage:7
05-09 12:54:13.527 981 981 D RILJ : [0186]> GET_ACTIVITY_INFO [PHONE0]
05-09 12:54:13.528 457 457 D RIL : onRequest number : 135
05-09 12:54:13.528 457 457 D RIL : onRequest: GET_ACTIVITY_INFO
05-09 12:54:13.528 457 457 D RIL : onRequest in unavalable state
05-09 12:54:13.528 457 457 E RILC : getModemActivityInfoResponse Invalid response: NULL
05-09 12:54:13.529 981 1121 D RILJ : [0186]< GET_ACTIVITY_INFO ModemActivityInfo{ mTimestamp=0 mSleepTimeMs=0 mIdleTimeMs=0 mTxTimeMs[]=[0, 0, 0, 0, 0] mRxTimeMs=0} [PHONE0]
05-09 12:54:13.532 621 1055 W BatteryExternalStatsWorker: error reading modem stats:ERROR_INVALID_INFO_RECEIVED
05-09 12:54:13.549 319 319 I auditd : type=1400 audit(0.0:1090): avc: denied { read } for comm="Binder:319_2" name="wakeup4" dev="sysfs" ino=24387 scontext=u:r:system_suspend:s0 tcontext=u:object_r:sysfs:s0 tclass=dir permissive=1
05-09 12:54:13.549 319 319 I auditd : type=1400 audit(0.0:1091): avc: denied { open } for comm="Binder:319_2" path="/sys/devices/platform/fdba8000.jpege-core/wakeup/wakeup4" dev="sysfs" ino=24387 scontext=u:r:system_suspend:s0 tcontext=u:object_r:sysfs:s0 tclass=dir permissive=1
05-09 12:54:13.549 319 319 I auditd : type=1400 audit(0.0:1092): avc: denied { read } for comm="Binder:319_2" name="event_count" dev="sysfs" ino=24394 scontext=u:r:system_suspend:s0 tcontext=u:object_r:sysfs:s0 tclass=file permissive=1
05-09 12:54:13.549 319 319 I auditd : type=1400 audit(0.0:1093): avc: denied { open } for comm="Binder:319_2" path="/sys/devices/platform/fdba8000.jpege-core/wakeup/wakeup4/event_count" dev="sysfs" ino=24394 scontext=u:r:system_suspend:s0 tcontext=u:object_r:sysfs:s0 tclass=file permissive=1
05-09 12:54:13.549 319 319 I auditd : type=1400 audit(0.0:1094): avc: denied { getattr } for comm="Binder:319_2" path="/sys/devices/platform/fdba8000.jpege-core/wakeup/wakeup4/event_count" dev="sysfs" ino=24394 scontext=u:r:system_suspend:s0 tcontext=u:object_r:sysfs:s0 tclass=file permissive=1
05-09 12:54:13.572 319 319 I auditd : type=1400 audit(0.0:1095): avc: denied { read } for comm="Binder:319_2" name="wakeup25" dev="sysfs" ino=42260 scontext=u:r:system_suspend:s0 tcontext=u:object_r:power_supply_tcpm:s0 tclass=dir permissive=1
05-09 12:54:13.572 319 319 I auditd : type=1400 audit(0.0:1096): avc: denied { open } for comm="Binder:319_2" path="/sys/devices/platform/feaa0000.i2c/i2c-2/2-004e/power_supply/tcpm-source-psy-2-004e/wakeup25" dev="sysfs" ino=42260 scontext=u:r:system_suspend:s0 tcontext=u:object_r:power_supply_tcpm:s0 tclass=dir permissive=1
05-09 12:54:13.572 319 319 I auditd : type=1400 audit(0.0:1097): avc: denied { read } for comm="Binder:319_2" name="event_count" dev="sysfs" ino=42267 scontext=u:r:system_suspend:s0 tcontext=u:object_r:power_supply_tcpm:s0 tclass=file permissive=1
05-10 03:33:05.009 327 327 W audit : audit_lost=744 audit_rate_limit=5 audit_backlog_limit=64
05-10 03:33:05.009 327 327 E audit : rate limit exceeded
05-09 12:54:13.686 457 477 I RIL : ---> enter mainloop wait at port
05-09 12:54:13.686 457 477 D RIL-DEV : Get modem info
05-09 12:54:13.687 457 477 D RIL-DEV : [05-09_12:54:13:687] idVendor = 1d6b
05-09 12:54:13.687 457 477 D RIL-DEV :
05-09 12:54:13.687 457 477 D RIL-DEV : [05-09_12:54:13:687] idVendor = 1d6b
05-09 12:54:13.687 457 477 D RIL-DEV :
05-09 12:54:13.687 457 477 E RIL-DEV : Cannot find Meig devices
05-09 12:54:13.687 457 477 I RIL : ---> can't find meig usb devices
05-09 12:54:14.002 2596 2596 W ContextImpl: Calling a method in the system process without a qualified user: android.app.ContextImpl.sendBroadcast:1181 android.content.ContextWrapper.sendBroadcast:479 cn.eben.newweather.DateWeatherService.a:19 cn.eben.newweather.DateWeatherService.a:0 cn.eben.newweather.DateWeatherService$1.handleMessage:7
05-09 12:54:15.002 2596 2596 W ContextImpl: Calling a method in the system process without a qualified user: android.app.ContextImpl.sendBroadcast:1181 android.content.ContextWrapper.sendBroadcast:479 cn.eben.newweather.DateWeatherService.a:19 cn.eben.newweather.DateWeatherService.a:0 cn.eben.newweather.DateWeatherService$1.handleMessage:7
05-09 12:54:15.688 457 477 I RIL : ---> enter mainloop wait at port
05-09 12:54:15.688 457 477 D RIL-DEV : Get modem info
05-09 12:54:15.689 457 477 D RIL-DEV : [05-09_12:54:15:689] idVendor = 1d6b
05-09 12:54:15.689 457 477 D RIL-DEV :
05-09 12:54:15.689 457 477 D RIL-DEV : [05-09_12:54:15:690] idVendor = 1d6b
05-09 12:54:15.689 457 477 D RIL-DEV :
05-09 12:54:15.689 457 477 E RIL-DEV : Cannot find Meig devices
05-09 12:54:15.690 457 477 I RIL : ---> can't find meig usb devices
05-09 12:54:16.002 2596 2596 W ContextImpl: Calling a method in the system process without a qualified user: android.app.ContextImpl.sendBroadcast:1181 android.content.ContextWrapper.sendBroadcast:479 cn.eben.newweather.DateWeatherService.a:19 cn.eben.newweather.DateWeatherService.a:0 cn.eben.newweather.DateWeatherService$1.handleMessage:7
05-09 12:54:17.002 2596 2596 W ContextImpl: Calling a method in the system process without a qualified user: android.app.ContextImpl.sendBroadcast:1181 android.content.ContextWrapper.sendBroadcast:479 cn.eben.newweather.DateWeatherService.a:19 cn.eben.newweather.DateWeatherService.a:0 cn.eben.newweather.DateWeatherService$1.handleMessage:7
05-09 12:54:17.690 457 477 I RIL : ---> enter mainloop wait at port
05-09 12:54:17.690 457 477 D RIL-DEV : Get modem info
05-09 12:54:17.691 457 477 D RIL-DEV : [05-09_12:54:17:691] idVendor = 1d6b
05-09 12:54:17.691 457 477 D RIL-DEV :
05-09 12:54:17.691 457 477 D RIL-DEV : [05-09_12:54:17:692] idVendor = 1d6b
05-09 12:54:17.691 457 477 D RIL-DEV :
05-09 12:54:17.692 457 477 E RIL-DEV : Cannot find Meig devices
05-09 12:54:17.692 457 477 I RIL : ---> can't find meig usb devices
05-09 12:54:18.002 2596 2596 W ContextImpl: Calling a method in the system process without a qualified user: android.app.ContextImpl.sendBroadcast:1181 android.content.ContextWrapper.sendBroadcast:479 cn.eben.newweather.DateWeatherService.a:19 cn.eben.newweather.DateWeatherService.a:0 cn.eben.newweather.DateWeatherService$1.handleMessage:7
05-09 12:54:19.003 2596 2596 W ContextImpl: Calling a method in the system process without a qualified user: android.app.ContextImpl.sendBroadcast:1181 android.content.ContextWrapper.sendBroadcast:479 cn.eben.newweather.DateWeatherService.a:19 cn.eben.newweather.DateWeatherService.a:0 cn.eben.newweather.DateWeatherService$1.handleMessage:7
05-09 12:54:19.692 457 477 I RIL : ---> enter mainloop wait at port
05-09 12:54:19.692 457 477 D RIL-DEV : Get modem info
05-09 12:54:19.693 457 477 D RIL-DEV : [05-09_12:54:19:694] idVendor = 1d6b
05-09 12:54:19.693 457 477 D RIL-DEV :
05-09 12:54:19.693 457 477 D RIL-DEV : [05-09_12:54:19:694] idVendor = 1d6b
05-09 12:54:19.693 457 477 D RIL-DEV :
05-09 12:54:19.694 457 477 E RIL-DEV : Cannot find Meig devices
05-09 12:54:19.694 457 477 I RIL : ---> can't find meig usb devices
