05-09 22:45:31.083 0 0 I : Detected PIPT I-cache on CPU4
05-09 22:45:31.083 0 0 I GICv3 : CPU4: found redistributor 400 region 0:0x00000000fe700000
05-09 22:45:31.083 0 0 I CPU4 : Booted secondary processor 0x0000000400 [0x414fd0b0]
05-09 22:45:31.084 1286 1286 I : CPU4 is up
05-09 22:45:31.085 0 0 I : Detected PIPT I-cache on CPU5
05-09 22:45:31.085 0 0 I GICv3 : CPU5: found redistributor 500 region 0:0x00000000fe720000
05-09 22:45:31.085 0 0 I CPU5 : Booted secondary processor 0x0000000500 [0x414fd0b0]
05-09 22:45:31.086 1286 1286 I : CPU5 is up
05-09 22:45:31.087 0 0 I : Detected PIPT I-cache on CPU6
05-09 22:45:31.087 0 0 I GICv3 : CPU6: found redistributor 600 region 0:0x00000000fe740000
05-09 22:45:31.087 0 0 I CPU6 : Booted secondary processor 0x0000000600 [0x414fd0b0]
05-09 22:45:31.088 1286 1286 I : CPU6 is up
05-09 22:45:31.089 0 0 I : Detected PIPT I-cache on CPU7
05-09 22:45:31.089 0 0 I GICv3 : CPU7: found redistributor 700 region 0:0x00000000fe760000
05-09 22:45:31.089 0 0 I CPU7 : Booted secondary processor 0x0000000700 [0x414fd0b0]
05-09 22:45:31.090 1286 1286 I : CPU7 is up
05-09 22:45:31.096 1286 1286 I rk_gmac-dwmac fe1c0000.ethernet: init for RGMII
05-09 22:45:31.097 1294 1294 I usb1 : root hub lost power or was reset
05-09 22:45:31.106 1286 1286 E PM : dpm_run_callback(): wacom_i2c_resume+0x0/0xdc returns -6
05-09 22:45:31.106 1286 1286 E PM : Device 4-0009 failed to resume: error -6
05-09 22:45:31.168 1286 1286 I usb2 : root hub lost power or was reset
05-09 22:45:31.262 1286 1286 I : OOM killer enabled.
05-09 22:45:31.262 1286 1286 I : Restarting tasks ... done.
05-09 22:45:31.265 1286 1286 I : Resume caused by IRQ 114, hym8563
05-09 22:45:31.265 1286 1286 I PM : suspend exit
05-09 22:46:29.736 437 437 W healthd : battery l=100 v=8698 t=26.0 h=1 st=5 c=0 fc=9700000 cc=6 chg=u
05-09 22:46:29.746 798 798 I : mmc_host mmc0: Bus speed (slot 0) = 400000Hz (slot req 400000Hz, actual 400000HZ div = 0)
05-09 22:46:29.835 1286 1286 I PM : suspend entry (deep)
05-09 22:46:29.846 1286 1286 I Filesystems sync: 0.010 seconds
05-09 22:46:29.846 1286 1286 I : Freezing user space processes ... (elapsed 0.004 seconds) done.
05-09 22:46:29.851 1286 1286 I : OOM killer disabled.
05-09 22:46:29.851 1286 1286 I : Freezing remaining freezable tasks ...
05-09 22:46:29.934 798 798 I : mmc_host mmc0: Bus speed (slot 0) = 49500000Hz (slot req 50000000Hz, actual 49500000HZ div = 0)
05-09 22:46:29.942 1286 1286 W : (elapsed 0.091 seconds) done.
05-09 22:46:29.943 1286 1286 I printk : Suspending console(s) (use no_console_suspend to debug)
05-09 22:46:30.017 1286 1286 E regulator-dummy: Underflow of regulator enable count
05-09 22:46:30.017 1286 1286 E wacom_i2c 4-0009: disable regulator failed -22
05-09 22:46:30.025 798 798 I android_work: did not send uevent (0 0 0000000000000000)
05-09 22:46:31.060 1286 1286 I : Disabling non-boot CPUs ...
05-09 22:46:31.061 1286 1286 I psci : CPU1 killed (polled 0 ms)
05-09 22:46:31.063 1286 1286 I psci : CPU2 killed (polled 0 ms)
05-09 22:46:31.064 1286 1286 I psci : CPU3 killed (polled 0 ms)
05-09 22:46:31.066 1286 1286 I psci : CPU4 killed (polled 0 ms)
05-09 22:46:31.069 1286 1286 I psci : CPU5 killed (polled 0 ms)
05-09 22:46:31.071 1286 1286 I psci : CPU6 killed (polled 0 ms)
05-09 22:46:31.072 1286 1286 I psci : CPU7 killed (polled 0 ms)
05-09 22:47:29.546 0 0 W [ C0] PM: pm_system_irq_wakeup: 114 triggered hym8563
05-09 22:47:29.546 1286 1286 I : Enabling non-boot CPUs ...
05-09 22:47:29.547 0 0 I : Detected VIPT I-cache on CPU1
05-09 22:47:29.547 0 0 I GICv3 : CPU1: found redistributor 100 region 0:0x00000000fe6a0000
05-09 22:47:29.547 0 0 I CPU1 : Booted secondary processor 0x0000000100 [0x412fd050]
05-09 22:47:29.548 1286 1286 I : CPU1 is up
05-09 22:47:29.549 0 0 I : Detected VIPT I-cache on CPU2
05-09 22:47:29.549 0 0 I GICv3 : CPU2: found redistributor 200 region 0:0x00000000fe6c0000
05-09 22:47:29.549 0 0 I CPU2 : Booted secondary processor 0x0000000200 [0x412fd050]
05-09 22:47:29.550 1286 1286 I : CPU2 is up
05-09 22:47:29.550 0 0 I : Detected VIPT I-cache on CPU3
05-09 22:47:29.550 0 0 I GICv3 : CPU3: found redistributor 300 region 0:0x00000000fe6e0000
05-09 22:47:29.550 0 0 I CPU3 : Booted secondary processor 0x0000000300 [0x412fd050]
05-09 22:47:29.551 1286 1286 I : CPU3 is up
05-09 22:47:29.552 0 0 I : Detected PIPT I-cache on CPU4
05-09 22:47:29.552 0 0 I GICv3 : CPU4: found redistributor 400 region 0:0x00000000fe700000
05-09 22:47:29.552 0 0 I CPU4 : Booted secondary processor 0x0000000400 [0x414fd0b0]
05-09 22:47:29.553 1286 1286 I : CPU4 is up
05-09 22:47:29.554 0 0 I : Detected PIPT I-cache on CPU5
05-09 22:47:29.554 0 0 I GICv3 : CPU5: found redistributor 500 region 0:0x00000000fe720000
05-09 22:47:29.554 0 0 I CPU5 : Booted secondary processor 0x0000000500 [0x414fd0b0]
05-09 22:47:29.555 1286 1286 I : CPU5 is up
05-09 22:47:29.556 0 0 I : Detected PIPT I-cache on CPU6
05-09 22:47:29.556 0 0 I GICv3 : CPU6: found redistributor 600 region 0:0x00000000fe740000
05-09 22:47:29.556 0 0 I CPU6 : Booted secondary processor 0x0000000600 [0x414fd0b0]
05-09 22:47:29.557 1286 1286 I : CPU6 is up
05-09 22:47:29.558 0 0 I : Detected PIPT I-cache on CPU7
05-09 22:47:29.558 0 0 I GICv3 : CPU7: found redistributor 700 region 0:0x00000000fe760000
05-09 22:47:29.558 0 0 I CPU7 : Booted secondary processor 0x0000000700 [0x414fd0b0]
05-09 22:47:29.559 1286 1286 I : CPU7 is up
05-09 22:47:29.565 1286 1286 I rk_gmac-dwmac fe1c0000.ethernet: init for RGMII
05-09 22:47:29.566 202 202 I usb1 : root hub lost power or was reset
05-09 22:47:29.575 1286 1286 E PM : dpm_run_callback(): wacom_i2c_resume+0x0/0xdc returns -6
05-09 22:47:29.575 1286 1286 E PM : Device 4-0009 failed to resume: error -6
05-09 22:47:29.637 1286 1286 I usb2 : root hub lost power or was reset
05-09 22:47:29.732 1286 1286 I : OOM killer enabled.
05-09 22:47:29.732 1286 1286 I : Restarting tasks ... done.
05-09 22:47:29.739 1286 1286 I : Resume caused by IRQ 114, hym8563
05-09 22:47:29.739 1286 1286 I PM : suspend exit
05-09 22:48:28.220 437 437 W healthd : battery l=100 v=8696 t=26.0 h=1 st=5 c=0 fc=9700000 cc=6 chg=u
05-09 22:48:28.220 798 798 I : mmc_host mmc0: Bus speed (slot 0) = 400000Hz (slot req 400000Hz, actual 400000HZ div = 0)
05-09 22:48:28.314 1286 1286 I PM : suspend entry (deep)
05-09 22:48:28.321 1286 1286 I Filesystems sync: 0.006 seconds
05-09 22:48:28.321 1286 1286 I : Freezing user space processes ... (elapsed 0.004 seconds) done.
05-09 22:48:28.326 1286 1286 I : OOM killer disabled.
05-09 22:48:28.326 1286 1286 I : Freezing remaining freezable tasks ...
05-09 22:48:28.404 798 798 I : mmc_host mmc0: Bus speed (slot 0) = 49500000Hz (slot req 50000000Hz, actual 49500000HZ div = 0)
05-09 22:48:28.419 1286 1286 W : (elapsed 0.093 seconds) done.
05-09 22:48:28.419 1286 1286 I printk : Suspending console(s) (use no_console_suspend to debug)
05-09 22:48:28.496 1286 1286 E regulator-dummy: Underflow of regulator enable count
05-09 22:48:28.496 1286 1286 E wacom_i2c 4-0009: disable regulator failed -22
05-09 22:48:28.504 798 798 I android_work: did not send uevent (0 0 0000000000000000)
05-09 22:48:29.540 1286 1286 I : Disabling non-boot CPUs ...
05-09 22:48:29.541 1286 1286 I psci : CPU1 killed (polled 0 ms)
05-09 22:48:29.543 1286 1286 I psci : CPU2 killed (polled 0 ms)
05-09 22:48:29.544 1286 1286 I psci : CPU3 killed (polled 0 ms)
05-09 22:48:29.545 1286 1286 I psci : CPU4 killed (polled 0 ms)
05-09 22:48:29.547 1286 1286 I psci : CPU5 killed (polled 0 ms)
05-09 22:48:29.549 1286 1286 I psci : CPU6 killed (polled 4 ms)
05-09 22:48:29.551 1286 1286 I psci : CPU7 killed (polled 0 ms)
05-09 22:49:28.018 0 0 W [ C0] PM: pm_system_irq_wakeup: 114 triggered hym8563
05-09 22:49:28.019 1286 1286 I : Enabling non-boot CPUs ...
05-09 22:49:28.020 0 0 I : Detected VIPT I-cache on CPU1
05-09 22:49:28.020 0 0 I GICv3 : CPU1: found redistributor 100 region 0:0x00000000fe6a0000
05-09 22:49:28.020 0 0 I CPU1 : Booted secondary processor 0x0000000100 [0x412fd050]
05-09 22:49:28.020 1286 1286 I : CPU1 is up
05-09 22:49:28.021 0 0 I : Detected VIPT I-cache on CPU2
05-09 22:49:28.021 0 0 I GICv3 : CPU2: found redistributor 200 region 0:0x00000000fe6c0000
05-09 22:49:28.021 0 0 I CPU2 : Booted secondary processor 0x0000000200 [0x412fd050]
05-09 22:49:28.022 1286 1286 I : CPU2 is up
05-09 22:49:28.023 0 0 I : Detected VIPT I-cache on CPU3
05-09 22:49:28.023 0 0 I GICv3 : CPU3: found redistributor 300 region 0:0x00000000fe6e0000
05-09 22:49:28.023 0 0 I CPU3 : Booted secondary processor 0x0000000300 [0x412fd050]
05-09 22:49:28.023 1286 1286 I : CPU3 is up
05-09 22:49:28.024 0 0 I : Detected PIPT I-cache on CPU4
05-09 22:49:28.024 0 0 I GICv3 : CPU4: found redistributor 400 region 0:0x00000000fe700000
05-09 22:49:28.024 0 0 I CPU4 : Booted secondary processor 0x0000000400 [0x414fd0b0]
05-09 22:49:28.025 1286 1286 I : CPU4 is up
05-09 22:49:28.026 0 0 I : Detected PIPT I-cache on CPU5
05-09 22:49:28.026 0 0 I GICv3 : CPU5: found redistributor 500 region 0:0x00000000fe720000
05-09 22:49:28.026 0 0 I CPU5 : Booted secondary processor 0x0000000500 [0x414fd0b0]
05-09 22:49:28.027 1286 1286 I : CPU5 is up
05-09 22:49:28.028 0 0 I : Detected PIPT I-cache on CPU6
05-09 22:49:28.028 0 0 I GICv3 : CPU6: found redistributor 600 region 0:0x00000000fe740000
05-09 22:49:28.028 0 0 I CPU6 : Booted secondary processor 0x0000000600 [0x414fd0b0]
05-09 22:49:28.030 1286 1286 I : CPU6 is up
05-09 22:49:28.031 0 0 I : Detected PIPT I-cache on CPU7
05-09 22:49:28.031 0 0 I GICv3 : CPU7: found redistributor 700 region 0:0x00000000fe760000
05-09 22:49:28.031 0 0 I CPU7 : Booted secondary processor 0x0000000700 [0x414fd0b0]
05-09 22:49:28.032 1286 1286 I : CPU7 is up
05-09 22:49:28.038 1286 1286 I rk_gmac-dwmac fe1c0000.ethernet: init for RGMII
05-09 22:49:28.038 1273 1273 I usb1 : root hub lost power or was reset
05-09 22:49:28.047 1286 1286 E PM : dpm_run_callback(): wacom_i2c_resume+0x0/0xdc returns -6
05-09 22:49:28.047 1286 1286 E PM : Device 4-0009 failed to resume: error -6
05-09 22:49:28.110 1286 1286 I usb2 : root hub lost power or was reset
05-09 22:49:28.204 1286 1286 I : OOM killer enabled.
05-09 22:49:28.204 1286 1286 I : Restarting tasks ... done.
05-09 22:49:28.207 1286 1286 I : Resume caused by IRQ 114, hym8563
05-09 22:49:28.207 1286 1286 I PM : suspend exit
05-09 22:50:26.675 437 437 W healthd : battery l=100 v=8698 t=26.0 h=1 st=5 c=0 fc=9700000 cc=6 chg=u
05-09 22:50:26.687 798 798 I : mmc_host mmc0: Bus speed (slot 0) = 400000Hz (slot req 400000Hz, actual 400000HZ div = 0)
05-09 22:50:26.774 1286 1286 I PM : suspend entry (deep)
05-09 22:50:26.785 1286 1286 I Filesystems sync: 0.010 seconds
05-09 22:50:26.785 1286 1286 I : Freezing user space processes ... (elapsed 0.005 seconds) done.
05-09 22:50:26.791 1286 1286 I : OOM killer disabled.
05-09 22:50:26.791 1286 1286 I : Freezing remaining freezable tasks ...
05-09 22:50:26.868 798 798 I : mmc_host mmc0: Bus speed (slot 0) = 49500000Hz (slot req 50000000Hz, actual 49500000HZ div = 0)
05-09 22:50:26.880 1286 1286 W : (elapsed 0.089 seconds) done.
05-09 22:50:26.880 1286 1286 I printk : Suspending console(s) (use no_console_suspend to debug)
05-09 22:50:26.957 1286 1286 E regulator-dummy: Underflow of regulator enable count
05-09 22:50:26.957 1286 1286 E wacom_i2c 4-0009: disable regulator failed -22
05-09 22:50:26.965 798 798 I android_work: did not send uevent (0 0 0000000000000000)
05-09 22:50:28.001 1286 1286 I : Disabling non-boot CPUs ...
05-09 22:50:28.002 1286 1286 I psci : CPU1 killed (polled 0 ms)
05-09 22:50:28.003 1286 1286 I psci : CPU2 killed (polled 0 ms)
05-09 22:50:28.004 1286 1286 I psci : CPU3 killed (polled 0 ms)
05-09 22:50:28.006 1286 1286 I psci : CPU4 killed (polled 4 ms)
05-09 22:50:28.008 1286 1286 I psci : CPU5 killed (polled 0 ms)
05-09 22:50:28.009 1286 1286 I psci : CPU6 killed (polled 0 ms)
05-09 22:50:28.012 1286 1286 I psci : CPU7 killed (polled 0 ms)
05-09 22:51:26.485 0 0 W [ C0] PM: pm_system_irq_wakeup: 114 triggered hym8563
05-09 22:51:26.485 1286 1286 I : Enabling non-boot CPUs ...
05-09 22:51:26.486 0 0 I : Detected VIPT I-cache on CPU1
05-09 22:51:26.486 0 0 I GICv3 : CPU1: found redistributor 100 region 0:0x00000000fe6a0000
05-09 22:51:26.486 0 0 I CPU1 : Booted secondary processor 0x0000000100 [0x412fd050]
05-09 22:51:26.487 1286 1286 I : CPU1 is up
05-09 22:51:26.488 0 0 I : Detected VIPT I-cache on CPU2
05-09 22:51:26.488 0 0 I GICv3 : CPU2: found redistributor 200 region 0:0x00000000fe6c0000
05-09 22:51:26.488 0 0 I CPU2 : Booted secondary processor 0x0000000200 [0x412fd050]
05-09 22:51:26.489 1286 1286 I : CPU2 is up
05-09 22:51:26.490 0 0 I : Detected VIPT I-cache on CPU3
05-09 22:51:26.490 0 0 I GICv3 : CPU3: found redistributor 300 region 0:0x00000000fe6e0000
05-09 22:51:26.490 0 0 I CPU3 : Booted secondary processor 0x0000000300 [0x412fd050]
05-09 22:51:26.490 1286 1286 I : CPU3 is up
05-09 22:51:26.491 0 0 I : Detected PIPT I-cache on CPU4
05-09 22:51:26.491 0 0 I GICv3 : CPU4: found redistributor 400 region 0:0x00000000fe700000
05-09 22:51:26.491 0 0 I CPU4 : Booted secondary processor 0x0000000400 [0x414fd0b0]
05-09 22:51:26.492 1286 1286 I : CPU4 is up
05-09 22:51:26.493 0 0 I : Detected PIPT I-cache on CPU5
05-09 22:51:26.493 0 0 I GICv3 : CPU5: found redistributor 500 region 0:0x00000000fe720000
05-09 22:51:26.493 0 0 I CPU5 : Booted secondary processor 0x0000000500 [0x414fd0b0]
05-09 22:51:26.494 1286 1286 I : CPU5 is up
05-09 22:51:26.495 0 0 I : Detected PIPT I-cache on CPU6
05-09 22:51:26.495 0 0 I GICv3 : CPU6: found redistributor 600 region 0:0x00000000fe740000
05-09 22:51:26.495 0 0 I CPU6 : Booted secondary processor 0x0000000600 [0x414fd0b0]
05-09 22:51:26.496 1286 1286 I : CPU6 is up
05-09 22:51:26.497 0 0 I : Detected PIPT I-cache on CPU7
05-09 22:51:26.497 0 0 I GICv3 : CPU7: found redistributor 700 region 0:0x00000000fe760000
05-09 22:51:26.498 0 0 I CPU7 : Booted secondary processor 0x0000000700 [0x414fd0b0]
05-09 22:51:26.499 1286 1286 I : CPU7 is up
05-09 22:51:26.505 1286 1286 I rk_gmac-dwmac fe1c0000.ethernet: init for RGMII
05-09 22:51:26.505 2243 2243 I usb1 : root hub lost power or was reset
05-09 22:51:26.515 1286 1286 E PM : dpm_run_callback(): wacom_i2c_resume+0x0/0xdc returns -6
05-09 22:51:26.515 1286 1286 E PM : Device 4-0009 failed to resume: error -6
05-09 22:51:26.576 1286 1286 I usb2 : root hub lost power or was reset
05-09 22:51:26.671 1286 1286 I : OOM killer enabled.
05-09 22:51:26.671 1286 1286 I : Restarting tasks ... done.
05-09 22:51:26.675 1286 1286 I : Resume caused by IRQ 114, hym8563
05-09 22:51:26.675 1286 1286 I PM : suspend exit
05-09 22:52:25.153 437 437 W healthd : battery l=100 v=8700 t=26.0 h=1 st=5 c=0 fc=9700000 cc=6 chg=u
05-09 22:52:25.161 798 798 I : mmc_host mmc0: Bus speed (slot 0) = 400000Hz (slot req 400000Hz, actual 400000HZ div = 0)
05-09 22:52:25.249 1286 1286 I PM : suspend entry (deep)
05-09 22:52:25.262 1286 1286 I Filesystems sync: 0.013 seconds
05-09 22:52:25.263 1286 1286 I : Freezing user space processes ... (elapsed 0.005 seconds) done.
05-09 22:52:25.269 1286 1286 I : OOM killer disabled.
05-09 22:52:25.269 1286 1286 I : Freezing remaining freezable tasks ...
05-09 22:52:25.353 798 798 I : mmc_host mmc0: Bus speed (slot 0) = 49500000Hz (slot req 50000000Hz, actual 49500000HZ div = 0)
05-09 22:52:25.355 1286 1286 W : (elapsed 0.085 seconds) done.
05-09 22:52:25.355 1286 1286 I printk : Suspending console(s) (use no_console_suspend to debug)
05-09 22:52:25.429 1286 1286 E regulator-dummy: Underflow of regulator enable count
05-09 22:52:25.429 1286 1286 E wacom_i2c 4-0009: disable regulator failed -22
05-09 22:52:25.438 798 798 I android_work: did not send uevent (0 0 0000000000000000)
05-09 22:52:26.473 1286 1286 I : Disabling non-boot CPUs ...
05-09 22:52:26.474 1286 1286 I psci : CPU1 killed (polled 0 ms)
05-09 22:52:26.475 1286 1286 I psci : CPU2 killed (polled 0 ms)
05-09 22:52:26.476 1286 1286 I psci : CPU3 killed (polled 0 ms)
05-09 22:52:26.478 1286 1286 I psci : CPU4 killed (polled 4 ms)
05-09 22:52:26.481 1286 1286 I psci : CPU5 killed (polled 0 ms)
05-09 22:52:26.482 1286 1286 I psci : CPU6 killed (polled 0 ms)
05-09 22:52:26.484 1286 1286 I psci : CPU7 killed (polled 0 ms)
05-09 22:53:24.958 0 0 W [ C0] PM: pm_system_irq_wakeup: 114 triggered hym8563
05-09 22:53:24.958 1286 1286 I : Enabling non-boot CPUs ...
05-09 22:53:24.959 0 0 I : Detected VIPT I-cache on CPU1
05-09 22:53:24.959 0 0 I GICv3 : CPU1: found redistributor 100 region 0:0x00000000fe6a0000
05-09 22:53:24.959 0 0 I CPU1 : Booted secondary processor 0x0000000100 [0x412fd050]
05-09 22:53:24.960 1286 1286 I : CPU1 is up
05-09 22:53:24.961 0 0 I : Detected VIPT I-cache on CPU2
05-09 22:53:24.961 0 0 I GICv3 : CPU2: found redistributor 200 region 0:0x00000000fe6c0000
05-09 22:53:24.961 0 0 I CPU2 : Booted secondary processor 0x0000000200 [0x412fd050]
05-09 22:53:24.962 1286 1286 I : CPU2 is up
05-09 22:53:24.962 0 0 I : Detected VIPT I-cache on CPU3
05-09 22:53:24.962 0 0 I GICv3 : CPU3: found redistributor 300 region 0:0x00000000fe6e0000
05-09 22:53:24.963 0 0 I CPU3 : Booted secondary processor 0x0000000300 [0x412fd050]
05-09 22:53:24.963 1286 1286 I : CPU3 is up
05-09 22:53:24.964 0 0 I : Detected PIPT I-cache on CPU4
05-09 22:53:24.964 0 0 I GICv3 : CPU4: found redistributor 400 region 0:0x00000000fe700000
05-09 22:53:24.964 0 0 I CPU4 : Booted secondary processor 0x0000000400 [0x414fd0b0]
05-09 22:53:24.965 1286 1286 I : CPU4 is up
05-09 22:53:24.966 0 0 I : Detected PIPT I-cache on CPU5
05-09 22:53:24.966 0 0 I GICv3 : CPU5: found redistributor 500 region 0:0x00000000fe720000
05-09 22:53:24.966 0 0 I CPU5 : Booted secondary processor 0x0000000500 [0x414fd0b0]
05-09 22:53:24.967 1286 1286 I : CPU5 is up
05-09 22:53:24.968 0 0 I : Detected PIPT I-cache on CPU6
05-09 22:53:24.968 0 0 I GICv3 : CPU6: found redistributor 600 region 0:0x00000000fe740000
05-09 22:53:24.968 0 0 I CPU6 : Booted secondary processor 0x0000000600 [0x414fd0b0]
05-09 22:53:24.969 1286 1286 I : CPU6 is up
05-09 22:53:24.970 0 0 I : Detected PIPT I-cache on CPU7
05-09 22:53:24.970 0 0 I GICv3 : CPU7: found redistributor 700 region 0:0x00000000fe760000
05-09 22:53:24.970 0 0 I CPU7 : Booted secondary processor 0x0000000700 [0x414fd0b0]
05-09 22:53:24.971 1286 1286 I : CPU7 is up
05-09 22:53:24.977 1286 1286 I rk_gmac-dwmac fe1c0000.ethernet: init for RGMII
05-09 22:53:24.977 1334 1334 I usb1 : root hub lost power or was reset
05-09 22:53:24.986 1286 1286 E PM : dpm_run_callback(): wacom_i2c_resume+0x0/0xdc returns -6
05-09 22:53:24.986 1286 1286 E PM : Device 4-0009 failed to resume: error -6
05-09 22:53:25.049 1286 1286 I usb2 : root hub lost power or was reset
05-09 22:53:25.143 1286 1286 I : OOM killer enabled.
05-09 22:53:25.143 1286 1286 I : Restarting tasks ... done.
05-09 22:53:25.146 1286 1286 I : Resume caused by IRQ 114, hym8563
05-09 22:53:25.146 1286 1286 I PM : suspend exit
05-09 22:54:23.620 437 437 W healthd : battery l=100 v=8698 t=26.0 h=1 st=5 c=0 fc=9700000 cc=6 chg=u
05-09 22:54:23.632 798 798 I : mmc_host mmc0: Bus speed (slot 0) = 400000Hz (slot req 400000Hz, actual 400000HZ div = 0)
05-09 22:54:23.720 1286 1286 I PM : suspend entry (deep)
05-09 22:54:23.728 1286 1286 I Filesystems sync: 0.008 seconds
05-09 22:54:23.729 1286 1286 I : Freezing user space processes ... (elapsed 0.004 seconds) done.
05-09 22:54:23.734 1286 1286 I : OOM killer disabled.
05-09 22:54:23.734 1286 1286 I : Freezing remaining freezable tasks ...
05-09 22:54:23.820 798 798 I : mmc_host mmc0: Bus speed (slot 0) = 49500000Hz (slot req 50000000Hz, actual 49500000HZ div = 0)
05-09 22:54:23.825 1286 1286 W : (elapsed 0.091 seconds) done.
05-09 22:54:23.826 1286 1286 I printk : Suspending console(s) (use no_console_suspend to debug)
05-09 22:54:23.902 1286 1286 E regulator-dummy: Underflow of regulator enable count
05-09 22:54:23.902 1286 1286 E wacom_i2c 4-0009: disable regulator failed -22
05-09 22:54:23.910 1330 1330 I android_work: did not send uevent (0 0 0000000000000000)
05-09 22:54:24.947 1286 1286 I : Disabling non-boot CPUs ...
05-09 22:54:24.948 1286 1286 I psci : CPU1 killed (polled 4 ms)
05-09 22:54:24.949 1286 1286 I psci : CPU2 killed (polled 0 ms)
05-09 22:54:24.950 1286 1286 I psci : CPU3 killed (polled 0 ms)
05-09 22:54:24.951 1286 1286 I psci : CPU4 killed (polled 0 ms)
05-09 22:54:24.954 1286 1286 I psci : CPU5 killed (polled 0 ms)
05-09 22:54:24.955 1286 1286 I psci : CPU6 killed (polled 0 ms)
05-09 22:54:24.957 1286 1286 I psci : CPU7 killed (polled 0 ms)
05-09 22:55:23.431 0 0 W [ C0] PM: pm_system_irq_wakeup: 114 triggered hym8563
05-09 22:55:23.431 1286 1286 I : Enabling non-boot CPUs ...
05-09 22:55:23.432 0 0 I : Detected VIPT I-cache on CPU1
05-09 22:55:23.432 0 0 I GICv3 : CPU1: found redistributor 100 region 0:0x00000000fe6a0000
05-09 22:55:23.432 0 0 I CPU1 : Booted secondary processor 0x0000000100 [0x412fd050]
05-09 22:55:23.433 1286 1286 I : CPU1 is up
05-09 22:55:23.434 0 0 I : Detected VIPT I-cache on CPU2
05-09 22:55:23.434 0 0 I GICv3 : CPU2: found redistributor 200 region 0:0x00000000fe6c0000
05-09 22:55:23.434 0 0 I CPU2 : Booted secondary processor 0x0000000200 [0x412fd050]
05-09 22:55:23.434 1286 1286 I : CPU2 is up
05-09 22:55:23.435 0 0 I : Detected VIPT I-cache on CPU3
05-09 22:55:23.435 0 0 I GICv3 : CPU3: found redistributor 300 region 0:0x00000000fe6e0000
05-09 22:55:23.435 0 0 I CPU3 : Booted secondary processor 0x0000000300 [0x412fd050]
05-09 22:55:23.436 1286 1286 I : CPU3 is up
05-09 22:55:23.437 0 0 I : Detected PIPT I-cache on CPU4
05-09 22:55:23.437 0 0 I GICv3 : CPU4: found redistributor 400 region 0:0x00000000fe700000
05-09 22:55:23.437 0 0 I CPU4 : Booted secondary processor 0x0000000400 [0x414fd0b0]
05-09 22:55:23.438 1286 1286 I : CPU4 is up
05-09 22:55:23.439 0 0 I : Detected PIPT I-cache on CPU5
05-09 22:55:23.439 0 0 I GICv3 : CPU5: found redistributor 500 region 0:0x00000000fe720000
05-09 22:55:23.439 0 0 I CPU5 : Booted secondary processor 0x0000000500 [0x414fd0b0]
05-09 22:55:23.440 1286 1286 I : CPU5 is up
05-09 22:55:23.441 0 0 I : Detected PIPT I-cache on CPU6
05-09 22:55:23.441 0 0 I GICv3 : CPU6: found redistributor 600 region 0:0x00000000fe740000
05-09 22:55:23.441 0 0 I CPU6 : Booted secondary processor 0x0000000600 [0x414fd0b0]
05-09 22:55:23.442 1286 1286 I : CPU6 is up
05-09 22:55:23.443 0 0 I : Detected PIPT I-cache on CPU7
05-09 22:55:23.443 0 0 I GICv3 : CPU7: found redistributor 700 region 0:0x00000000fe760000
05-09 22:55:23.443 0 0 I CPU7 : Booted secondary processor 0x0000000700 [0x414fd0b0]
05-09 22:55:23.444 1286 1286 I : CPU7 is up
05-09 22:55:23.450 1286 1286 I rk_gmac-dwmac fe1c0000.ethernet: init for RGMII
05-09 22:55:23.450 2056 2056 I usb1 : root hub lost power or was reset
05-09 22:55:23.459 1286 1286 E PM : dpm_run_callback(): wacom_i2c_resume+0x0/0xdc returns -6
05-09 22:55:23.459 1286 1286 E PM : Device 4-0009 failed to resume: error -6
05-09 22:55:23.522 1286 1286 I usb2 : root hub lost power or was reset
05-09 22:55:23.616 1286 1286 I : OOM killer enabled.
05-09 22:55:23.616 1286 1286 I : Restarting tasks ...
05-09 22:56:22.095 437 437 W healthd : battery l=100 v=8700 t=26.0 h=1 st=5 c=0 fc=9700000 cc=6 chg=u
05-09 22:56:22.097 1286 1286 W : done.
05-09 22:56:22.097 1286 1286 I : Resume caused by IRQ 114, hym8563
05-09 22:56:22.097 1286 1286 I PM : suspend exit
05-09 22:56:22.101 1315 1315 I : mmc_host mmc0: Bus speed (slot 0) = 400000Hz (slot req 400000Hz, actual 400000HZ div = 0)
05-09 22:56:22.198 1286 1286 I PM : suspend entry (deep)
05-09 22:56:22.202 1286 1286 I Filesystems sync: 0.003 seconds
05-09 22:56:22.202 1286 1286 I : Freezing user space processes ... (elapsed 0.005 seconds) done.
05-09 22:56:22.207 1286 1286 I : OOM killer disabled.
05-09 22:56:22.207 1286 1286 I : Freezing remaining freezable tasks ...
05-09 22:56:22.285 1315 1315 I : mmc_host mmc0: Bus speed (slot 0) = 49500000Hz (slot req 50000000Hz, actual 49500000HZ div = 0)
05-09 22:56:22.298 1286 1286 W : (elapsed 0.090 seconds) done.
05-09 22:56:22.298 1286 1286 I printk : Suspending console(s) (use no_console_suspend to debug)
05-09 22:56:22.375 1286 1286 E regulator-dummy: Underflow of regulator enable count
05-09 22:56:22.375 1286 1286 E wacom_i2c 4-0009: disable regulator failed -22
05-09 22:56:22.383 1315 1315 I android_work: did not send uevent (0 0 0000000000000000)
05-09 22:56:23.418 1286 1286 I : Disabling non-boot CPUs ...
05-09 22:56:23.420 1286 1286 I psci : CPU1 killed (polled 0 ms)
05-09 22:56:23.421 1286 1286 I psci : CPU2 killed (polled 0 ms)
05-09 22:56:23.422 1286 1286 I psci : CPU3 killed (polled 0 ms)
05-09 22:56:23.424 1286 1286 I psci : CPU4 killed (polled 4 ms)
05-09 22:56:23.426 1286 1286 I psci : CPU5 killed (polled 0 ms)
05-09 22:56:23.427 1286 1286 I psci : CPU6 killed (polled 0 ms)
05-09 22:56:23.429 1286 1286 I psci : CPU7 killed (polled 0 ms)
05-09 22:57:21.904 0 0 W [ C0] PM: pm_system_irq_wakeup: 114 triggered hym8563
05-09 22:57:21.904 1286 1286 I : Enabling non-boot CPUs ...
05-09 22:57:21.905 0 0 I : Detected VIPT I-cache on CPU1
05-09 22:57:21.905 0 0 I GICv3 : CPU1: found redistributor 100 region 0:0x00000000fe6a0000
05-09 22:57:21.905 0 0 I CPU1 : Booted secondary processor 0x0000000100 [0x412fd050]
05-09 22:57:21.906 1286 1286 I : CPU1 is up
05-09 22:57:21.907 0 0 I : Detected VIPT I-cache on CPU2
05-09 22:57:21.907 0 0 I GICv3 : CPU2: found redistributor 200 region 0:0x00000000fe6c0000
05-09 22:57:21.907 0 0 I CPU2 : Booted secondary processor 0x0000000200 [0x412fd050]
05-09 22:57:21.907 1286 1286 I : CPU2 is up
05-09 22:57:21.908 0 0 I : Detected VIPT I-cache on CPU3
05-09 22:57:21.908 0 0 I GICv3 : CPU3: found redistributor 300 region 0:0x00000000fe6e0000
05-09 22:57:21.908 0 0 I CPU3 : Booted secondary processor 0x0000000300 [0x412fd050]
05-09 22:57:21.909 1286 1286 I : CPU3 is up
05-09 22:57:21.910 0 0 I : Detected PIPT I-cache on CPU4
05-09 22:57:21.910 0 0 I GICv3 : CPU4: found redistributor 400 region 0:0x00000000fe700000
05-09 22:57:21.910 0 0 I CPU4 : Booted secondary processor 0x0000000400 [0x414fd0b0]
05-09 22:57:21.911 1286 1286 I : CPU4 is up
05-09 22:57:21.912 0 0 I : Detected PIPT I-cache on CPU5
05-09 22:57:21.912 0 0 I GICv3 : CPU5: found redistributor 500 region 0:0x00000000fe720000
05-09 22:57:21.912 0 0 I CPU5 : Booted secondary processor 0x0000000500 [0x414fd0b0]
05-09 22:57:21.913 1286 1286 I : CPU5 is up
05-09 22:57:21.914 0 0 I : Detected PIPT I-cache on CPU6
05-09 22:57:21.914 0 0 I GICv3 : CPU6: found redistributor 600 region 0:0x00000000fe740000
05-09 22:57:21.914 0 0 I CPU6 : Booted secondary processor 0x0000000600 [0x414fd0b0]
05-09 22:57:21.915 1286 1286 I : CPU6 is up
05-09 22:57:21.916 0 0 I : Detected PIPT I-cache on CPU7
05-09 22:57:21.916 0 0 I GICv3 : CPU7: found redistributor 700 region 0:0x00000000fe760000
05-09 22:57:21.916 0 0 I CPU7 : Booted secondary processor 0x0000000700 [0x414fd0b0]
05-09 22:57:21.917 1286 1286 I : CPU7 is up
05-09 22:57:21.923 1286 1286 I rk_gmac-dwmac fe1c0000.ethernet: init for RGMII
05-09 22:57:21.924 1273 1273 I usb1 : root hub lost power or was reset
05-09 22:57:21.933 1286 1286 E PM : dpm_run_callback(): wacom_i2c_resume+0x0/0xdc returns -6
05-09 22:57:21.933 1286 1286 E PM : Device 4-0009 failed to resume: error -6
05-09 22:57:21.995 1286 1286 I usb2 : root hub lost power or was reset
05-09 22:57:22.092 1286 1286 I : OOM killer enabled.
05-09 22:57:22.092 1286 1286 I : Restarting tasks ... done.
05-09 22:57:22.101 1286 1286 I : Resume caused by IRQ 114, hym8563
05-09 22:57:22.101 1286 1286 I PM : suspend exit
05-09 22:58:20.578 437 437 W healthd : battery l=100 v=8700 t=26.0 h=1 st=5 c=0 fc=9700000 cc=6 chg=u
05-09 22:58:20.578 2334 2334 I : mmc_host mmc0: Bus speed (slot 0) = 400000Hz (slot req 400000Hz, actual 400000HZ div = 0)
05-09 22:58:20.677 1286 1286 I PM : suspend entry (deep)
05-09 22:58:20.682 1286 1286 I Filesystems sync: 0.004 seconds
05-09 22:58:20.682 1286 1286 I : Freezing user space processes ... (elapsed 0.006 seconds) done.
05-09 22:58:20.688 1286 1286 I : OOM killer disabled.
05-09 22:58:20.688 1286 1286 I : Freezing remaining freezable tasks ...
05-09 22:58:20.760 2334 2334 I : mmc_host mmc0: Bus speed (slot 0) = 49500000Hz (slot req 50000000Hz, actual 49500000HZ div = 0)
05-09 22:58:20.780 1286 1286 W : (elapsed 0.092 seconds) done.
05-09 22:58:20.780 1286 1286 I printk : Suspending console(s) (use no_console_suspend to debug)
05-09 22:58:20.856 1286 1286 E regulator-dummy: Underflow of regulator enable count
05-09 22:58:20.856 1286 1286 E wacom_i2c 4-0009: disable regulator failed -22
05-09 22:58:20.864 798 798 I android_work: did not send uevent (0 0 0000000000000000)
05-09 22:58:21.900 1286 1286 I : Disabling non-boot CPUs ...
05-09 22:58:21.901 1286 1286 I psci : CPU1 killed (polled 0 ms)
05-09 22:58:21.902 1286 1286 I psci : CPU2 killed (polled 0 ms)
05-09 22:58:21.904 1286 1286 I psci : CPU3 killed (polled 0 ms)
05-09 22:58:21.906 1286 1286 I psci : CPU4 killed (polled 0 ms)
05-09 22:58:21.908 1286 1286 I psci : CPU5 killed (polled 4 ms)
05-09 22:58:21.910 1286 1286 I psci : CPU6 killed (polled 0 ms)
05-09 22:58:21.911 1286 1286 I psci : CPU7 killed (polled 0 ms)
05-09 22:59:20.377 0 0 W [ C0] PM: pm_system_irq_wakeup: 114 triggered hym8563
05-09 22:59:20.377 1286 1286 I : Enabling non-boot CPUs ...
05-09 22:59:20.378 0 0 I : Detected VIPT I-cache on CPU1
05-09 22:59:20.378 0 0 I GICv3 : CPU1: found redistributor 100 region 0:0x00000000fe6a0000
05-09 22:59:20.378 0 0 I CPU1 : Booted secondary processor 0x0000000100 [0x412fd050]
05-09 22:59:20.379 1286 1286 I : CPU1 is up
05-09 22:59:20.380 0 0 I : Detected VIPT I-cache on CPU2
05-09 22:59:20.380 0 0 I GICv3 : CPU2: found redistributor 200 region 0:0x00000000fe6c0000
05-09 22:59:20.380 0 0 I CPU2 : Booted secondary processor 0x0000000200 [0x412fd050]
05-09 22:59:20.381 1286 1286 I : CPU2 is up
05-09 22:59:20.381 0 0 I : Detected VIPT I-cache on CPU3
05-09 22:59:20.381 0 0 I GICv3 : CPU3: found redistributor 300 region 0:0x00000000fe6e0000
05-09 22:59:20.381 0 0 I CPU3 : Booted secondary processor 0x0000000300 [0x412fd050]
05-09 22:59:20.382 1286 1286 I : CPU3 is up
05-09 22:59:20.383 0 0 I : Detected PIPT I-cache on CPU4
05-09 22:59:20.383 0 0 I GICv3 : CPU4: found redistributor 400 region 0:0x00000000fe700000
05-09 22:59:20.383 0 0 I CPU4 : Booted secondary processor 0x0000000400 [0x414fd0b0]
05-09 22:59:20.384 1286 1286 I : CPU4 is up
05-09 22:59:20.385 0 0 I : Detected PIPT I-cache on CPU5
05-09 22:59:20.385 0 0 I GICv3 : CPU5: found redistributor 500 region 0:0x00000000fe720000
05-09 22:59:20.385 0 0 I CPU5 : Booted secondary processor 0x0000000500 [0x414fd0b0]
05-09 22:59:20.386 1286 1286 I : CPU5 is up
05-09 22:59:20.387 0 0 I : Detected PIPT I-cache on CPU6
05-09 22:59:20.387 0 0 I GICv3 : CPU6: found redistributor 600 region 0:0x00000000fe740000
05-09 22:59:20.387 0 0 I CPU6 : Booted secondary processor 0x0000000600 [0x414fd0b0]
05-09 22:59:20.388 1286 1286 I : CPU6 is up
05-09 22:59:20.389 0 0 I : Detected PIPT I-cache on CPU7
05-09 22:59:20.389 0 0 I GICv3 : CPU7: found redistributor 700 region 0:0x00000000fe760000
05-09 22:59:20.389 0 0 I CPU7 : Booted secondary processor 0x0000000700 [0x414fd0b0]
05-09 22:59:20.390 1286 1286 I : CPU7 is up
05-09 22:59:20.396 1286 1286 I rk_gmac-dwmac fe1c0000.ethernet: init for RGMII
05-09 22:59:20.396 1294 1294 I usb1 : root hub lost power or was reset
05-09 22:59:20.406 1286 1286 E PM : dpm_run_callback(): wacom_i2c_resume+0x0/0xdc returns -6
05-09 22:59:20.406 1286 1286 E PM : Device 4-0009 failed to resume: error -6
05-09 22:59:20.467 1286 1286 I usb2 : root hub lost power or was reset
05-09 22:59:20.561 1286 1286 I : OOM killer enabled.
05-09 22:59:20.561 1286 1286 I : Restarting tasks ... done.
05-09 22:59:20.564 1286 1286 I : Resume caused by IRQ 114, hym8563
05-09 22:59:20.564 1286 1286 I PM : suspend exit
05-09 23:00:19.031 437 437 W healthd : battery l=100 v=8698 t=26.0 h=1 st=5 c=0 fc=9700000 cc=6 chg=u
05-09 23:00:19.043 798 798 I : mmc_host mmc0: Bus speed (slot 0) = 400000Hz (slot req 400000Hz, actual 400000HZ div = 0)
05-09 23:00:19.130 1286 1286 I PM : suspend entry (deep)
05-09 23:00:19.140 1286 1286 I Filesystems sync: 0.009 seconds
05-09 23:00:19.140 1286 1286 I : Freezing user space processes ... (elapsed 0.003 seconds) done.
05-09 23:00:19.144 1286 1286 I : OOM killer disabled.
05-09 23:00:19.144 1286 1286 I : Freezing remaining freezable tasks ...
05-09 23:00:19.231 798 798 I : mmc_host mmc0: Bus speed (slot 0) = 49500000Hz (slot req 50000000Hz, actual 49500000HZ div = 0)
05-09 23:00:19.232 1286 1286 W : (elapsed 0.088 seconds) done.
05-09 23:00:19.232 1286 1286 I printk : Suspending console(s) (use no_console_suspend to debug)
05-09 23:00:19.309 1286 1286 E regulator-dummy: Underflow of regulator enable count
05-09 23:00:19.309 1286 1286 E wacom_i2c 4-0009: disable regulator failed -22
05-09 23:00:19.318 798 798 I android_work: did not send uevent (0 0 0000000000000000)
05-09 23:00:20.353 1286 1286 I : Disabling non-boot CPUs ...
05-09 23:00:20.355 1286 1286 I psci : CPU1 killed (polled 0 ms)
05-09 23:00:20.356 1286 1286 I psci : CPU2 killed (polled 0 ms)
05-09 23:00:20.357 1286 1286 I psci : CPU3 killed (polled 0 ms)
05-09 23:00:20.359 1286 1286 I psci : CPU4 killed (polled 0 ms)
05-09 23:00:20.362 1286 1286 I psci : CPU5 killed (polled 4 ms)
05-09 23:00:20.364 1286 1286 I psci : CPU6 killed (polled 0 ms)
05-09 23:00:20.365 1286 1286 I psci : CPU7 killed (polled 0 ms)
05-09 23:01:18.842 0 0 W [ C0] PM: pm_system_irq_wakeup: 114 triggered hym8563
05-09 23:01:18.842 1286 1286 I : Enabling non-boot CPUs ...
05-09 23:01:18.843 0 0 I : Detected VIPT I-cache on CPU1
05-09 23:01:18.844 0 0 I GICv3 : CPU1: found redistributor 100 region 0:0x00000000fe6a0000
05-09 23:01:18.844 0 0 I CPU1 : Booted secondary processor 0x0000000100 [0x412fd050]
05-09 23:01:18.844 1286 1286 I : CPU1 is up
05-09 23:01:18.845 0 0 I : Detected VIPT I-cache on CPU2
05-09 23:01:18.845 0 0 I GICv3 : CPU2: found redistributor 200 region 0:0x00000000fe6c0000
05-09 23:01:18.845 0 0 I CPU2 : Booted secondary processor 0x0000000200 [0x412fd050]
05-09 23:01:18.846 1286 1286 I : CPU2 is up
05-09 23:01:18.847 0 0 I : Detected VIPT I-cache on CPU3
05-09 23:01:18.847 0 0 I GICv3 : CPU3: found redistributor 300 region 0:0x00000000fe6e0000
05-09 23:01:18.847 0 0 I CPU3 : Booted secondary processor 0x0000000300 [0x412fd050]
05-09 23:01:18.847 1286 1286 I : CPU3 is up
05-09 23:01:18.848 0 0 I : Detected PIPT I-cache on CPU4
05-09 23:01:18.848 0 0 I GICv3 : CPU4: found redistributor 400 region 0:0x00000000fe700000
05-09 23:01:18.848 0 0 I CPU4 : Booted secondary processor 0x0000000400 [0x414fd0b0]
05-09 23:01:18.849 1286 1286 I : CPU4 is up
05-09 23:01:18.850 0 0 I : Detected PIPT I-cache on CPU5
05-09 23:01:18.850 0 0 I GICv3 : CPU5: found redistributor 500 region 0:0x00000000fe720000
05-09 23:01:18.850 0 0 I CPU5 : Booted secondary processor 0x0000000500 [0x414fd0b0]
05-09 23:01:18.851 1286 1286 I : CPU5 is up
05-09 23:01:18.852 0 0 I : Detected PIPT I-cache on CPU6
05-09 23:01:18.852 0 0 I GICv3 : CPU6: found redistributor 600 region 0:0x00000000fe740000
05-09 23:01:18.852 0 0 I CPU6 : Booted secondary processor 0x0000000600 [0x414fd0b0]
05-09 23:01:18.853 1286 1286 I : CPU6 is up
05-09 23:01:18.854 0 0 I : Detected PIPT I-cache on CPU7
05-09 23:01:18.854 0 0 I GICv3 : CPU7: found redistributor 700 region 0:0x00000000fe760000
05-09 23:01:18.854 0 0 I CPU7 : Booted secondary processor 0x0000000700 [0x414fd0b0]
05-09 23:01:18.855 1286 1286 I : CPU7 is up
05-09 23:01:18.861 1286 1286 I rk_gmac-dwmac fe1c0000.ethernet: init for RGMII
05-09 23:01:18.862 2243 2243 I usb1 : root hub lost power or was reset
05-09 23:01:18.871 1286 1286 E PM : dpm_run_callback(): wacom_i2c_resume+0x0/0xdc returns -6
05-09 23:01:18.871 1286 1286 E PM : Device 4-0009 failed to resume: error -6
05-09 23:01:18.932 1286 1286 I usb2 : root hub lost power or was reset
05-09 23:01:19.028 1286 1286 I : OOM killer enabled.
05-09 23:01:19.028 1286 1286 I : Restarting tasks ... done.
05-09 23:01:19.035 1286 1286 I : Resume caused by IRQ 114, hym8563
05-09 23:01:19.035 1286 1286 I PM : suspend exit
05-09 23:02:17.517 437 437 W healthd : battery l=100 v=8698 t=26.0 h=1 st=5 c=0 fc=9700000 cc=6 chg=u
05-09 23:02:17.519 798 798 I : mmc_host mmc0: Bus speed (slot 0) = 400000Hz (slot req 400000Hz, actual 400000HZ div = 0)
05-09 23:02:17.613 1286 1286 I PM : suspend entry (deep)
05-09 23:02:17.621 1286 1286 I Filesystems sync: 0.007 seconds
05-09 23:02:17.621 1286 1286 I : Freezing user space processes ... (elapsed 0.004 seconds) done.
05-09 23:02:17.626 1286 1286 I : OOM killer disabled.
05-09 23:02:17.626 1286 1286 I : Freezing remaining freezable tasks ...
05-09 23:02:17.703 798 798 I : mmc_host mmc0: Bus speed (slot 0) = 49500000Hz (slot req 50000000Hz, actual 49500000HZ div = 0)
05-09 23:02:17.716 1286 1286 W : (elapsed 0.090 seconds) done.
05-09 23:02:17.716 1286 1286 I printk : Suspending console(s) (use no_console_suspend to debug)
05-09 23:02:17.793 1286 1286 E regulator-dummy: Underflow of regulator enable count
05-09 23:02:17.793 1286 1286 E wacom_i2c 4-0009: disable regulator failed -22
05-09 23:02:17.801 1315 1315 I android_work: did not send uevent (0 0 0000000000000000)
05-09 23:02:18.836 1286 1286 I : Disabling non-boot CPUs ...
05-09 23:02:18.837 1286 1286 I psci : CPU1 killed (polled 0 ms)
05-09 23:02:18.838 1286 1286 I psci : CPU2 killed (polled 0 ms)
05-09 23:02:18.839 1286 1286 I psci : CPU3 killed (polled 0 ms)
05-09 23:02:18.841 1286 1286 I psci : CPU4 killed (polled 4 ms)
05-09 23:02:18.844 1286 1286 I psci : CPU5 killed (polled 0 ms)
05-09 23:02:18.845 1286 1286 I psci : CPU6 killed (polled 0 ms)
05-09 23:02:18.847 1286 1286 I psci : CPU7 killed (polled 0 ms)
05-09 23:03:17.319 0 0 W [ C0] PM: pm_system_irq_wakeup: 114 triggered hym8563
05-09 23:03:17.319 1286 1286 I : Enabling non-boot CPUs ...
05-09 23:03:17.320 0 0 I : Detected VIPT I-cache on CPU1
05-09 23:03:17.320 0 0 I GICv3 : CPU1: found redistributor 100 region 0:0x00000000fe6a0000
05-09 23:03:17.320 0 0 I CPU1 : Booted secondary processor 0x0000000100 [0x412fd050]
05-09 23:03:17.321 1286 1286 I : CPU1 is up
05-09 23:03:17.322 0 0 I : Detected VIPT I-cache on CPU2
05-09 23:03:17.322 0 0 I GICv3 : CPU2: found redistributor 200 region 0:0x00000000fe6c0000
05-09 23:03:17.322 0 0 I CPU2 : Booted secondary processor 0x0000000200 [0x412fd050]
05-09 23:03:17.322 1286 1286 I : CPU2 is up
05-09 23:03:17.323 0 0 I : Detected VIPT I-cache on CPU3
05-09 23:03:17.323 0 0 I GICv3 : CPU3: found redistributor 300 region 0:0x00000000fe6e0000
05-09 23:03:17.323 0 0 I CPU3 : Booted secondary processor 0x0000000300 [0x412fd050]
05-09 23:03:17.324 1286 1286 I : CPU3 is up
05-09 23:03:17.325 0 0 I : Detected PIPT I-cache on CPU4
05-09 23:03:17.325 0 0 I GICv3 : CPU4: found redistributor 400 region 0:0x00000000fe700000
05-09 23:03:17.325 0 0 I CPU4 : Booted secondary processor 0x0000000400 [0x414fd0b0]
05-09 23:03:17.326 1286 1286 I : CPU4 is up
05-09 23:03:17.327 0 0 I : Detected PIPT I-cache on CPU5
05-09 23:03:17.327 0 0 I GICv3 : CPU5: found redistributor 500 region 0:0x00000000fe720000
05-09 23:03:17.327 0 0 I CPU5 : Booted secondary processor 0x0000000500 [0x414fd0b0]
05-09 23:03:17.328 1286 1286 I : CPU5 is up
05-09 23:03:17.329 0 0 I : Detected PIPT I-cache on CPU6
05-09 23:03:17.329 0 0 I GICv3 : CPU6: found redistributor 600 region 0:0x00000000fe740000
05-09 23:03:17.329 0 0 I CPU6 : Booted secondary processor 0x0000000600 [0x414fd0b0]
05-09 23:03:17.330 1286 1286 I : CPU6 is up
05-09 23:03:17.331 0 0 I : Detected PIPT I-cache on CPU7
05-09 23:03:17.331 0 0 I GICv3 : CPU7: found redistributor 700 region 0:0x00000000fe760000
05-09 23:03:17.331 0 0 I CPU7 : Booted secondary processor 0x0000000700 [0x414fd0b0]
05-09 23:03:17.332 1286 1286 I : CPU7 is up
05-09 23:03:17.338 1286 1286 I rk_gmac-dwmac fe1c0000.ethernet: init for RGMII
05-09 23:03:17.339 215 215 I usb1 : root hub lost power or was reset
05-09 23:03:17.349 1286 1286 E PM : dpm_run_callback(): wacom_i2c_resume+0x0/0xdc returns -6
05-09 23:03:17.349 1286 1286 E PM : Device 4-0009 failed to resume: error -6
05-09 23:03:17.410 1286 1286 I usb2 : root hub lost power or was reset
05-09 23:03:17.505 1286 1286 I : OOM killer enabled.
05-09 23:03:17.505 1286 1286 I : Restarting tasks ... done.
05-09 23:03:17.513 1286 1286 I : Resume caused by IRQ 114, hym8563
05-09 23:03:17.513 1286 1286 I PM : suspend exit
05-09 23:04:15.988 437 437 W healthd : battery l=100 v=8704 t=26.0 h=1 st=5 c=0 fc=9700000 cc=6 chg=u
05-09 23:04:15.995 798 798 I : mmc_host mmc0: Bus speed (slot 0) = 400000Hz (slot req 400000Hz, actual 400000HZ div = 0)
05-09 23:04:16.085 1286 1286 I PM : suspend entry (deep)
05-09 23:04:16.092 1286 1286 I Filesystems sync: 0.006 seconds
05-09 23:04:16.092 1286 1286 I : Freezing user space processes ... (elapsed 0.005 seconds) done.
05-09 23:04:16.098 1286 1286 I : OOM killer disabled.
05-09 23:04:16.098 1286 1286 I : Freezing remaining freezable tasks ...
05-09 23:04:16.182 798 798 I : mmc_host mmc0: Bus speed (slot 0) = 49500000Hz (slot req 50000000Hz, actual 49500000HZ div = 0)
05-09 23:04:16.187 1286 1286 W : (elapsed 0.089 seconds) done.
05-09 23:04:16.187 1286 1286 I printk : Suspending console(s) (use no_console_suspend to debug)
05-09 23:04:16.261 1286 1286 E regulator-dummy: Underflow of regulator enable count
05-09 23:04:16.261 1286 1286 E wacom_i2c 4-0009: disable regulator failed -22
05-09 23:04:16.270 798 798 I android_work: did not send uevent (0 0 0000000000000000)
05-09 23:04:17.305 1286 1286 I : Disabling non-boot CPUs ...
05-09 23:04:17.306 1286 1286 I psci : CPU1 killed (polled 0 ms)
05-09 23:04:17.308 1286 1286 I psci : CPU2 killed (polled 0 ms)
05-09 23:04:17.309 1286 1286 I psci : CPU3 killed (polled 0 ms)
05-09 23:04:17.310 1286 1286 I psci : CPU4 killed (polled 0 ms)
05-09 23:04:17.313 1286 1286 I psci : CPU5 killed (polled 0 ms)
05-09 23:04:17.314 1286 1286 I psci : CPU6 killed (polled 0 ms)
05-09 23:04:17.316 1286 1286 I psci : CPU7 killed (polled 0 ms)
05-09 23:05:15.789 0 0 W [ C0] PM: pm_system_irq_wakeup: 114 triggered hym8563
05-09 23:05:15.790 1286 1286 I : Enabling non-boot CPUs ...
05-09 23:05:15.791 0 0 I : Detected VIPT I-cache on CPU1
05-09 23:05:15.791 0 0 I GICv3 : CPU1: found redistributor 100 region 0:0x00000000fe6a0000
05-09 23:05:15.791 0 0 I CPU1 : Booted secondary processor 0x0000000100 [0x412fd050]
05-09 23:05:15.792 1286 1286 I : CPU1 is up
05-09 23:05:15.793 0 0 I : Detected VIPT I-cache on CPU2
05-09 23:05:15.793 0 0 I GICv3 : CPU2: found redistributor 200 region 0:0x00000000fe6c0000
05-09 23:05:15.793 0 0 I CPU2 : Booted secondary processor 0x0000000200 [0x412fd050]
05-09 23:05:15.793 1286 1286 I : CPU2 is up
05-09 23:05:15.794 0 0 I : Detected VIPT I-cache on CPU3
05-09 23:05:15.794 0 0 I GICv3 : CPU3: found redistributor 300 region 0:0x00000000fe6e0000
05-09 23:05:15.794 0 0 I CPU3 : Booted secondary processor 0x0000000300 [0x412fd050]
05-09 23:05:15.795 1286 1286 I : CPU3 is up
05-09 23:05:15.795 0 0 I : Detected PIPT I-cache on CPU4
05-09 23:05:15.796 0 0 I GICv3 : CPU4: found redistributor 400 region 0:0x00000000fe700000
05-09 23:05:15.796 0 0 I CPU4 : Booted secondary processor 0x0000000400 [0x414fd0b0]
05-09 23:05:15.797 1286 1286 I : CPU4 is up
05-09 23:05:15.797 0 0 I : Detected PIPT I-cache on CPU5
05-09 23:05:15.798 0 0 I GICv3 : CPU5: found redistributor 500 region 0:0x00000000fe720000
05-09 23:05:15.798 0 0 I CPU5 : Booted secondary processor 0x0000000500 [0x414fd0b0]
05-09 23:05:15.798 1286 1286 I : CPU5 is up
05-09 23:05:15.799 0 0 I : Detected PIPT I-cache on CPU6
05-09 23:05:15.799 0 0 I GICv3 : CPU6: found redistributor 600 region 0:0x00000000fe740000
05-09 23:05:15.799 0 0 I CPU6 : Booted secondary processor 0x0000000600 [0x414fd0b0]
05-09 23:05:15.801 1286 1286 I : CPU6 is up
05-09 23:05:15.802 0 0 I : Detected PIPT I-cache on CPU7
05-09 23:05:15.802 0 0 I GICv3 : CPU7: found redistributor 700 region 0:0x00000000fe760000
05-09 23:05:15.802 0 0 I CPU7 : Booted secondary processor 0x0000000700 [0x414fd0b0]
05-09 23:05:15.803 1286 1286 I : CPU7 is up
05-09 23:05:15.809 1286 1286 I rk_gmac-dwmac fe1c0000.ethernet: init for RGMII
05-09 23:05:15.809 2056 2056 I usb1 : root hub lost power or was reset
05-09 23:05:15.818 1286 1286 E PM : dpm_run_callback(): wacom_i2c_resume+0x0/0xdc returns -6
05-09 23:05:15.818 1286 1286 E PM : Device 4-0009 failed to resume: error -6
05-09 23:05:15.880 1286 1286 I usb2 : root hub lost power or was reset
05-09 23:05:15.978 1286 1286 I : OOM killer enabled.
05-09 23:05:15.978 1286 1286 I : Restarting tasks ... done.
05-09 23:05:15.987 1286 1286 I : Resume caused by IRQ 114, hym8563
05-09 23:05:15.987 1286 1286 I PM : suspend exit
05-09 23:06:14.463 437 437 W healthd : battery l=100 v=8700 t=26.0 h=1 st=5 c=0 fc=9700000 cc=6 chg=u
05-09 23:06:14.464 2334 2334 I : mmc_host mmc0: Bus speed (slot 0) = 400000Hz (slot req 400000Hz, actual 400000HZ div = 0)
05-09 23:06:14.561 1286 1286 I PM : suspend entry (deep)
05-09 23:06:14.568 1286 1286 I Filesystems sync: 0.006 seconds
05-09 23:06:14.568 1286 1286 I : Freezing user space processes ... (elapsed 0.005 seconds) done.
05-09 23:06:14.574 1286 1286 I : OOM killer disabled.
05-09 23:06:14.574 1286 1286 I : Freezing remaining freezable tasks ...
05-09 23:06:14.651 2334 2334 I : mmc_host mmc0: Bus speed (slot 0) = 49500000Hz (slot req 50000000Hz, actual 49500000HZ div = 0)
05-09 23:06:14.664 1286 1286 W : (elapsed 0.089 seconds) done.
05-09 23:06:14.664 1286 1286 I printk : Suspending console(s) (use no_console_suspend to debug)
05-09 23:06:14.739 1286 1286 E regulator-dummy: Underflow of regulator enable count
05-09 23:06:14.739 1286 1286 E wacom_i2c 4-0009: disable regulator failed -22
05-09 23:06:14.747 798 798 I android_work: did not send uevent (0 0 0000000000000000)
05-09 23:06:15.783 1286 1286 I : Disabling non-boot CPUs ...
05-09 23:06:15.784 1286 1286 I psci : CPU1 killed (polled 0 ms)
05-09 23:06:15.786 1286 1286 I psci : CPU2 killed (polled 0 ms)
05-09 23:06:15.787 1286 1286 I psci : CPU3 killed (polled 0 ms)
05-09 23:06:15.789 1286 1286 I psci : CPU4 killed (polled 4 ms)
05-09 23:06:15.791 1286 1286 I psci : CPU5 killed (polled 0 ms)
05-09 23:06:15.793 1286 1286 I psci : CPU6 killed (polled 0 ms)
05-09 23:06:15.795 1286 1286 I psci : CPU7 killed (polled 0 ms)
05-09 23:07:14.262 0 0 W [ C0] PM: pm_system_irq_wakeup: 114 triggered hym8563
05-09 23:07:14.262 1286 1286 I : Enabling non-boot CPUs ...
05-09 23:07:14.264 0 0 I : Detected VIPT I-cache on CPU1
05-09 23:07:14.264 0 0 I GICv3 : CPU1: found redistributor 100 region 0:0x00000000fe6a0000
05-09 23:07:14.264 0 0 I CPU1 : Booted secondary processor 0x0000000100 [0x412fd050]
05-09 23:07:14.264 1286 1286 I : CPU1 is up
05-09 23:07:14.265 0 0 I : Detected VIPT I-cache on CPU2
05-09 23:07:14.265 0 0 I GICv3 : CPU2: found redistributor 200 region 0:0x00000000fe6c0000
05-09 23:07:14.265 0 0 I CPU2 : Booted secondary processor 0x0000000200 [0x412fd050]
05-09 23:07:14.266 1286 1286 I : CPU2 is up
05-09 23:07:14.267 0 0 I : Detected VIPT I-cache on CPU3
05-09 23:07:14.267 0 0 I GICv3 : CPU3: found redistributor 300 region 0:0x00000000fe6e0000
05-09 23:07:14.267 0 0 I CPU3 : Booted secondary processor 0x0000000300 [0x412fd050]
05-09 23:07:14.267 1286 1286 I : CPU3 is up
05-09 23:07:14.268 0 0 I : Detected PIPT I-cache on CPU4
05-09 23:07:14.268 0 0 I GICv3 : CPU4: found redistributor 400 region 0:0x00000000fe700000
05-09 23:07:14.268 0 0 I CPU4 : Booted secondary processor 0x0000000400 [0x414fd0b0]
05-09 23:07:14.269 1286 1286 I : CPU4 is up
05-09 23:07:14.270 0 0 I : Detected PIPT I-cache on CPU5
05-09 23:07:14.270 0 0 I GICv3 : CPU5: found redistributor 500 region 0:0x00000000fe720000
05-09 23:07:14.271 0 0 I CPU5 : Booted secondary processor 0x0000000500 [0x414fd0b0]
05-09 23:07:14.272 1286 1286 I : CPU5 is up
05-09 23:07:14.272 0 0 I : Detected PIPT I-cache on CPU6
05-09 23:07:14.273 0 0 I GICv3 : CPU6: found redistributor 600 region 0:0x00000000fe740000
05-09 23:07:14.273 0 0 I CPU6 : Booted secondary processor 0x0000000600 [0x414fd0b0]
05-09 23:07:14.274 1286 1286 I : CPU6 is up
05-09 23:07:14.275 0 0 I : Detected PIPT I-cache on CPU7
05-09 23:07:14.275 0 0 I GICv3 : CPU7: found redistributor 700 region 0:0x00000000fe760000
05-09 23:07:14.275 0 0 I CPU7 : Booted secondary processor 0x0000000700 [0x414fd0b0]
05-09 23:07:14.276 1286 1286 I : CPU7 is up
05-09 23:07:14.282 1286 1286 I rk_gmac-dwmac fe1c0000.ethernet: init for RGMII
05-09 23:07:14.282 1273 1273 I usb1 : root hub lost power or was reset
05-09 23:07:14.292 1286 1286 E PM : dpm_run_callback(): wacom_i2c_resume+0x0/0xdc returns -6
05-09 23:07:14.292 1286 1286 E PM : Device 4-0009 failed to resume: error -6
05-09 23:07:14.354 1286 1286 I usb2 : root hub lost power or was reset
05-09 23:07:14.448 1286 1286 I : OOM killer enabled.
05-09 23:07:14.448 1286 1286 I : Restarting tasks ... done.
05-09 23:07:14.460 1286 1286 I : Resume caused by IRQ 114, hym8563
05-09 23:07:14.460 1286 1286 I PM : suspend exit
05-09 23:08:12.928 437 437 W healthd : battery l=100 v=8700 t=26.0 h=1 st=5 c=0 fc=9700000 cc=6 chg=u
05-09 23:08:12.930 798 798 I : mmc_host mmc0: Bus speed (slot 0) = 400000Hz (slot req 400000Hz, actual 400000HZ div = 0)
05-09 23:08:13.028 1286 1286 I PM : suspend entry (deep)
05-09 23:08:13.034 1286 1286 I Filesystems sync: 0.005 seconds
05-09 23:08:13.034 1286 1286 I : Freezing user space processes ... (elapsed 0.004 seconds) done.
05-09 23:08:13.039 1286 1286 I : OOM killer disabled.
05-09 23:08:13.039 1286 1286 I : Freezing remaining freezable tasks ...
05-09 23:08:13.114 798 798 I : mmc_host mmc0: Bus speed (slot 0) = 49500000Hz (slot req 50000000Hz, actual 49500000HZ div = 0)
05-09 23:08:13.128 1286 1286 W : (elapsed 0.088 seconds) done.
