05-12 10:24:41.550 1056 1056 I wm_on_stop_called: [87696235,com.android.launcher3.dragndrop.AddItemActivity,LIFECYCLER_STOP_ACTIVITY]
05-12 10:24:41.550 1056 1056 I wm_on_destroy_called: [87696235,com.android.launcher3.dragndrop.AddItemActivity,performDestroy]
05-12 10:24:41.552 621 3248 I wm_task_removed: [10774,removeChild:removeChild last r=ActivityRecord{53a236b u0 com.android.launcher3/.dragndrop.AddItemActivity t-1 f}} in t=Task{5b1d437 #10774 type=standard A=10090:com.android.launcher3 U=0 visible=false visibleRequested=false mode=fullscreen translucent=true sz=0}]
05-12 10:24:41.552 621 3248 I wm_task_removed: [10774,removeChild]
05-12 10:24:41.553 621 642 W ActivityTaskManager: Can't find TaskDisplayArea to determine support for multi window. Task id=10774 attached=false
05-12 10:24:41.553 621 642 W ActivityTaskManager: Can't find TaskDisplayArea to determine support for multi window. Task id=10774 attached=false
05-12 10:24:41.842 621 646 I am_pss : [3139,99001,com.android.webview:sandboxed_process0:org.chromium.content.app.SandboxedProcessService0:0,60392448,47624192,0,136011776,0,3,13]
05-12 10:24:42.003 1306 1306 W ContextImpl: Calling a method in the system process without a qualified user: android.app.ContextImpl.sendBroadcast:1181 android.content.ContextWrapper.sendBroadcast:479 cn.eben.newweather.DateWeatherService.a:19 cn.eben.newweather.DateWeatherService.a:0 cn.eben.newweather.DateWeatherService$1.handleMessage:7
05-12 10:24:42.173 621 703 I input_interaction: Interaction with: 85ec5f NavigationBar0 (server), PointerEventDispatcher0 (server),
05-12 10:24:42.180 775 775 I sysui_multi_action: [757,931,758,4,759,3,932,0,933,0]
05-12 10:24:42.267 775 775 I sysui_multi_action: [757,931,758,4,759,3,932,0,933,1]
05-12 10:24:42.277 621 638 D AutofillManagerService: Close system dialogs
05-12 10:24:42.283 621 639 I ActivityTaskManager: START u0 {act=android.intent.action.MAIN cat=[android.intent.category.HOME] flg=0x10000100 cmp=com.android.launcher3/.uioverrides.QuickstepLauncher (has extras)} from uid 0
05-12 10:24:42.287 621 639 I wm_task_moved: [1,1,8]
05-12 10:24:42.289 621 639 I wm_task_moved: [10757,1,2147483647]
05-12 10:24:42.290 621 639 I wm_task_to_front: [0,10757]
05-12 10:24:42.290 621 639 I wm_focused_root_task: [0,0,1,10773,bringingFoundTaskToFront]
05-12 10:24:42.290 621 639 I wm_set_resumed_activity: [0,com.android.launcher3/.uioverrides.QuickstepLauncher,bringingFoundTaskToFront]
05-12 10:24:42.290 621 639 I wm_new_intent: [0,50487918,10757,com.android.launcher3/.uioverrides.QuickstepLauncher,android.intent.action.MAIN,NULL,NULL,268435712]
05-12 10:24:42.290 3101 3101 I wm_on_top_resumed_lost_called: [130231021,com.eben.browser.MainActivity,topStateChangedWhenResumed]
05-12 10:24:42.290 621 639 I wm_pause_activity: [0,130231021,com.eben.browser/.MainActivity,userLeaving=true,pauseBackTasks]
05-12 10:24:42.291 621 639 I wm_add_to_stopping: [0,130231021,com.eben.browser/.MainActivity,makeInvisible]
05-12 10:24:42.291 621 639 I wm_set_resumed_activity: [0,com.android.launcher3/.uioverrides.QuickstepLauncher,resumeTopActivity]
05-12 10:24:42.292 621 639 I wm_resume_activity: [0,50487918,10757,com.android.launcher3/.uioverrides.QuickstepLauncher]
05-12 10:24:42.295 621 641 I sysui_multi_action: [757,803,799,window_time_0,802,1]
05-12 10:24:42.299 3101 3101 I wm_on_paused_called: [130231021,com.eben.browser.MainActivity,performPause]
05-12 10:24:42.309 621 703 I input_focus: [Focus leaving 2c83476 com.eben.browser/com.eben.browser.MainActivity (server),reason=NO_WINDOW]
05-12 10:24:42.313 1056 1056 I wm_on_restart_called: [50487918,com.android.launcher3.uioverrides.QuickstepLauncher,performRestartActivity]
05-12 10:24:42.315 1056 1056 I wm_on_start_called: [50487918,com.android.launcher3.uioverrides.QuickstepLauncher,handleStartActivity]
05-12 10:24:42.317 1056 1056 I wm_on_resume_called: [50487918,com.android.launcher3.uioverrides.QuickstepLauncher,RESUME_ACTIVITY]
05-12 10:24:42.317 1056 1056 I wm_on_top_resumed_gained_called: [50487918,com.android.launcher3.uioverrides.QuickstepLauncher,topStateChangedWhenResumed]
05-12 10:24:42.318 621 638 D AutofillManagerService: Close system dialogs
05-12 10:24:42.333 621 642 I input_focus: [Focus request e95dfe5 com.android.launcher3/com.android.launcher3.uioverrides.QuickstepLauncher,reason=UpdateInputWindows]
05-12 10:24:42.372 621 638 I sysui_multi_action: [319,86,322,78,325,2895,757,761,758,9,759,2,806,com.android.launcher3,871,com.android.launcher3.uioverrides.QuickstepLauncher,905,0,1320,4,1321,1]
05-12 10:24:42.385 621 703 I input_focus: [Focus entering e95dfe5 com.android.launcher3/com.android.launcher3.uioverrides.QuickstepLauncher (server),reason=Window became focusable. Previous reason: NOT_VISIBLE]
05-12 10:24:42.978 621 641 I wm_stop_activity: [0,130231021,com.eben.browser/.MainActivity]
05-12 10:24:43.006 1306 1306 W ContextImpl: Calling a method in the system process without a qualified user: android.app.ContextImpl.sendBroadcast:1181 android.content.ContextWrapper.sendBroadcast:479 cn.eben.newweather.DateWeatherService.a:19 cn.eben.newweather.DateWeatherService.a:0 cn.eben.newweather.DateWeatherService$1.handleMessage:7
05-12 10:24:43.044 3101 3101 I wm_on_stop_called: [130231021,com.eben.browser.MainActivity,STOP_ACTIVITY_ITEM]
05-12 10:24:44.003 1306 1306 W ContextImpl: Calling a method in the system process without a qualified user: android.app.ContextImpl.sendBroadcast:1181 android.content.ContextWrapper.sendBroadcast:479 cn.eben.newweather.DateWeatherService.a:19 cn.eben.newweather.DateWeatherService.a:0 cn.eben.newweather.DateWeatherService$1.handleMessage:7
05-12 10:24:44.194 621 646 I sysui_multi_action: [757,1717,758,1,759,0]
05-12 10:24:44.194 621 646 I sysui_multi_action: [757,1717,758,2,759,0]
05-12 10:24:44.195 621 646 I sysui_multi_action: [757,1717,758,3,759,0]
05-12 10:24:44.410 621 1268 E TaskPersister: File error accessing recents directory (directory doesn't exist?).
05-12 10:24:44.494 621 703 I input_interaction: Interaction with: e95dfe5 com.android.launcher3/com.android.launcher3.uioverrides.QuickstepLauncher (server), 6bdff72 com.android.systemui.ImageWallpaper (server), PointerEventDispatcher0 (server),
05-12 10:24:45.002 1306 1306 W ContextImpl: Calling a method in the system process without a qualified user: android.app.ContextImpl.sendBroadcast:1181 android.content.ContextWrapper.sendBroadcast:479 cn.eben.newweather.DateWeatherService.a:19 cn.eben.newweather.DateWeatherService.a:0 cn.eben.newweather.DateWeatherService$1.handleMessage:7
05-12 10:24:46.003 1306 1306 W ContextImpl: Calling a method in the system process without a qualified user: android.app.ContextImpl.sendBroadcast:1181 android.content.ContextWrapper.sendBroadcast:479 cn.eben.newweather.DateWeatherService.a:19 cn.eben.newweather.DateWeatherService.a:0 cn.eben.newweather.DateWeatherService$1.handleMessage:7
05-12 10:24:47.003 1306 1306 W ContextImpl: Calling a method in the system process without a qualified user: android.app.ContextImpl.sendBroadcast:1181 android.content.ContextWrapper.sendBroadcast:479 cn.eben.newweather.DateWeatherService.a:19 cn.eben.newweather.DateWeatherService.a:0 cn.eben.newweather.DateWeatherService$1.handleMessage:7
05-12 10:24:48.003 1306 1306 W ContextImpl: Calling a method in the system process without a qualified user: android.app.ContextImpl.sendBroadcast:1181 android.content.ContextWrapper.sendBroadcast:479 cn.eben.newweather.DateWeatherService.a:19 cn.eben.newweather.DateWeatherService.a:0 cn.eben.newweather.DateWeatherService$1.handleMessage:7
05-12 10:24:49.002 1306 1306 W ContextImpl: Calling a method in the system process without a qualified user: android.app.ContextImpl.sendBroadcast:1181 android.content.ContextWrapper.sendBroadcast:479 cn.eben.newweather.DateWeatherService.a:19 cn.eben.newweather.DateWeatherService.a:0 cn.eben.newweather.DateWeatherService$1.handleMessage:7
05-12 10:24:50.003 1306 1306 W ContextImpl: Calling a method in the system process without a qualified user: android.app.ContextImpl.sendBroadcast:1181 android.content.ContextWrapper.sendBroadcast:479 cn.eben.newweather.DateWeatherService.a:19 cn.eben.newweather.DateWeatherService.a:0 cn.eben.newweather.DateWeatherService$1.handleMessage:7
05-12 10:24:51.002 1306 1306 W ContextImpl: Calling a method in the system process without a qualified user: android.app.ContextImpl.sendBroadcast:1181 android.content.ContextWrapper.sendBroadcast:479 cn.eben.newweather.DateWeatherService.a:19 cn.eben.newweather.DateWeatherService.a:0 cn.eben.newweather.DateWeatherService$1.handleMessage:7
05-12 10:24:52.003 1306 1306 W ContextImpl: Calling a method in the system process without a qualified user: android.app.ContextImpl.sendBroadcast:1181 android.content.ContextWrapper.sendBroadcast:479 cn.eben.newweather.DateWeatherService.a:19 cn.eben.newweather.DateWeatherService.a:0 cn.eben.newweather.DateWeatherService$1.handleMessage:7
05-12 10:24:53.002 1306 1306 W ContextImpl: Calling a method in the system process without a qualified user: android.app.ContextImpl.sendBroadcast:1181 android.content.ContextWrapper.sendBroadcast:479 cn.eben.newweather.DateWeatherService.a:19 cn.eben.newweather.DateWeatherService.a:0 cn.eben.newweather.DateWeatherService$1.handleMessage:7
05-12 10:24:54.002 1306 1306 W ContextImpl: Calling a method in the system process without a qualified user: android.app.ContextImpl.sendBroadcast:1181 android.content.ContextWrapper.sendBroadcast:479 cn.eben.newweather.DateWeatherService.a:19 cn.eben.newweather.DateWeatherService.a:0 cn.eben.newweather.DateWeatherService$1.handleMessage:7
05-12 10:24:55.003 1306 1306 W ContextImpl: Calling a method in the system process without a qualified user: android.app.ContextImpl.sendBroadcast:1181 android.content.ContextWrapper.sendBroadcast:479 cn.eben.newweather.DateWeatherService.a:19 cn.eben.newweather.DateWeatherService.a:0 cn.eben.newweather.DateWeatherService$1.handleMessage:7
05-12 10:24:56.003 1306 1306 W ContextImpl: Calling a method in the system process without a qualified user: android.app.ContextImpl.sendBroadcast:1181 android.content.ContextWrapper.sendBroadcast:479 cn.eben.newweather.DateWeatherService.a:19 cn.eben.newweather.DateWeatherService.a:0 cn.eben.newweather.DateWeatherService$1.handleMessage:7
05-12 10:24:57.002 1306 1306 W ContextImpl: Calling a method in the system process without a qualified user: android.app.ContextImpl.sendBroadcast:1181 android.content.ContextWrapper.sendBroadcast:479 cn.eben.newweather.DateWeatherService.a:19 cn.eben.newweather.DateWeatherService.a:0 cn.eben.newweather.DateWeatherService$1.handleMessage:7
05-12 10:24:58.003 1306 1306 W ContextImpl: Calling a method in the system process without a qualified user: android.app.ContextImpl.sendBroadcast:1181 android.content.ContextWrapper.sendBroadcast:479 cn.eben.newweather.DateWeatherService.a:19 cn.eben.newweather.DateWeatherService.a:0 cn.eben.newweather.DateWeatherService$1.handleMessage:7
05-12 10:24:59.003 1306 1306 W ContextImpl: Calling a method in the system process without a qualified user: android.app.ContextImpl.sendBroadcast:1181 android.content.ContextWrapper.sendBroadcast:479 cn.eben.newweather.DateWeatherService.a:19 cn.eben.newweather.DateWeatherService.a:0 cn.eben.newweather.DateWeatherService$1.handleMessage:7
05-12 10:25:00.001 1306 1306 W ContextImpl: Calling a method in the system process without a qualified user: android.app.ContextImpl.sendBroadcast:1181 android.content.ContextWrapper.sendBroadcast:479 cn.eben.newweather.DateWeatherService.a:19 cn.eben.newweather.DateWeatherService.a:0 cn.eben.newweather.DateWeatherService$1.handleMessage:7
05-12 10:25:01.003 1306 1306 W ContextImpl: Calling a method in the system process without a qualified user: android.app.ContextImpl.sendBroadcast:1181 android.content.ContextWrapper.sendBroadcast:479 cn.eben.newweather.DateWeatherService.a:19 cn.eben.newweather.DateWeatherService.a:0 cn.eben.newweather.DateWeatherService$1.handleMessage:7
05-12 10:25:02.002 1306 1306 W ContextImpl: Calling a method in the system process without a qualified user: android.app.ContextImpl.sendBroadcast:1181 android.content.ContextWrapper.sendBroadcast:479 cn.eben.newweather.DateWeatherService.a:19 cn.eben.newweather.DateWeatherService.a:0 cn.eben.newweather.DateWeatherService$1.handleMessage:7
05-12 10:25:03.003 1306 1306 W ContextImpl: Calling a method in the system process without a qualified user: android.app.ContextImpl.sendBroadcast:1181 android.content.ContextWrapper.sendBroadcast:479 cn.eben.newweather.DateWeatherService.a:19 cn.eben.newweather.DateWeatherService.a:0 cn.eben.newweather.DateWeatherService$1.handleMessage:7
05-12 10:25:04.003 1306 1306 W ContextImpl: Calling a method in the system process without a qualified user: android.app.ContextImpl.sendBroadcast:1181 android.content.ContextWrapper.sendBroadcast:479 cn.eben.newweather.DateWeatherService.a:19 cn.eben.newweather.DateWeatherService.a:0 cn.eben.newweather.DateWeatherService$1.handleMessage:7
05-12 10:46:47.774 439 439 W healthd : battery l=100 v=8388 t=29.0 h=1 st=3 c=-256000 fc=9700000 cc=7 chg=
05-12 10:25:05.003 1306 1306 W ContextImpl: Calling a method in the system process without a qualified user: android.app.ContextImpl.sendBroadcast:1181 android.content.ContextWrapper.sendBroadcast:479 cn.eben.newweather.DateWeatherService.a:19 cn.eben.newweather.DateWeatherService.a:0 cn.eben.newweather.DateWeatherService$1.handleMessage:7
05-12 10:25:06.003 1306 1306 W ContextImpl: Calling a method in the system process without a qualified user: android.app.ContextImpl.sendBroadcast:1181 android.content.ContextWrapper.sendBroadcast:479 cn.eben.newweather.DateWeatherService.a:19 cn.eben.newweather.DateWeatherService.a:0 cn.eben.newweather.DateWeatherService$1.handleMessage:7
05-12 10:25:07.003 1306 1306 W ContextImpl: Calling a method in the system process without a qualified user: android.app.ContextImpl.sendBroadcast:1181 android.content.ContextWrapper.sendBroadcast:479 cn.eben.newweather.DateWeatherService.a:19 cn.eben.newweather.DateWeatherService.a:0 cn.eben.newweather.DateWeatherService$1.handleMessage:7
05-12 10:25:08.003 1306 1306 W ContextImpl: Calling a method in the system process without a qualified user: android.app.ContextImpl.sendBroadcast:1181 android.content.ContextWrapper.sendBroadcast:479 cn.eben.newweather.DateWeatherService.a:19 cn.eben.newweather.DateWeatherService.a:0 cn.eben.newweather.DateWeatherService$1.handleMessage:7
05-12 10:25:09.002 1306 1306 W ContextImpl: Calling a method in the system process without a qualified user: android.app.ContextImpl.sendBroadcast:1181 android.content.ContextWrapper.sendBroadcast:479 cn.eben.newweather.DateWeatherService.a:19 cn.eben.newweather.DateWeatherService.a:0 cn.eben.newweather.DateWeatherService$1.handleMessage:7
05-12 10:25:10.003 1306 1306 W ContextImpl: Calling a method in the system process without a qualified user: android.app.ContextImpl.sendBroadcast:1181 android.content.ContextWrapper.sendBroadcast:479 cn.eben.newweather.DateWeatherService.a:19 cn.eben.newweather.DateWeatherService.a:0 cn.eben.newweather.DateWeatherService$1.handleMessage:7
05-12 10:25:11.003 1306 1306 W ContextImpl: Calling a method in the system process without a qualified user: android.app.ContextImpl.sendBroadcast:1181 android.content.ContextWrapper.sendBroadcast:479 cn.eben.newweather.DateWeatherService.a:19 cn.eben.newweather.DateWeatherService.a:0 cn.eben.newweather.DateWeatherService$1.handleMessage:7
05-12 10:25:12.003 1306 1306 W ContextImpl: Calling a method in the system process without a qualified user: android.app.ContextImpl.sendBroadcast:1181 android.content.ContextWrapper.sendBroadcast:479 cn.eben.newweather.DateWeatherService.a:19 cn.eben.newweather.DateWeatherService.a:0 cn.eben.newweather.DateWeatherService$1.handleMessage:7
05-12 10:25:13.003 1306 1306 W ContextImpl: Calling a method in the system process without a qualified user: android.app.ContextImpl.sendBroadcast:1181 android.content.ContextWrapper.sendBroadcast:479 cn.eben.newweather.DateWeatherService.a:19 cn.eben.newweather.DateWeatherService.a:0 cn.eben.newweather.DateWeatherService$1.handleMessage:7
05-12 10:25:14.003 1306 1306 W ContextImpl: Calling a method in the system process without a qualified user: android.app.ContextImpl.sendBroadcast:1181 android.content.ContextWrapper.sendBroadcast:479 cn.eben.newweather.DateWeatherService.a:19 cn.eben.newweather.DateWeatherService.a:0 cn.eben.newweather.DateWeatherService$1.handleMessage:7
05-12 10:25:15.003 1306 1306 W ContextImpl: Calling a method in the system process without a qualified user: android.app.ContextImpl.sendBroadcast:1181 android.content.ContextWrapper.sendBroadcast:479 cn.eben.newweather.DateWeatherService.a:19 cn.eben.newweather.DateWeatherService.a:0 cn.eben.newweather.DateWeatherService$1.handleMessage:7
05-12 10:25:16.002 1306 1306 W ContextImpl: Calling a method in the system process without a qualified user: android.app.ContextImpl.sendBroadcast:1181 android.content.ContextWrapper.sendBroadcast:479 cn.eben.newweather.DateWeatherService.a:19 cn.eben.newweather.DateWeatherService.a:0 cn.eben.newweather.DateWeatherService$1.handleMessage:7
05-12 10:25:17.002 1306 1306 W ContextImpl: Calling a method in the system process without a qualified user: android.app.ContextImpl.sendBroadcast:1181 android.content.ContextWrapper.sendBroadcast:479 cn.eben.newweather.DateWeatherService.a:19 cn.eben.newweather.DateWeatherService.a:0 cn.eben.newweather.DateWeatherService$1.handleMessage:7
05-12 10:25:18.003 1306 1306 W ContextImpl: Calling a method in the system process without a qualified user: android.app.ContextImpl.sendBroadcast:1181 android.content.ContextWrapper.sendBroadcast:479 cn.eben.newweather.DateWeatherService.a:19 cn.eben.newweather.DateWeatherService.a:0 cn.eben.newweather.DateWeatherService$1.handleMessage:7
05-12 10:25:19.003 1306 1306 W ContextImpl: Calling a method in the system process without a qualified user: android.app.ContextImpl.sendBroadcast:1181 android.content.ContextWrapper.sendBroadcast:479 cn.eben.newweather.DateWeatherService.a:19 cn.eben.newweather.DateWeatherService.a:0 cn.eben.newweather.DateWeatherService$1.handleMessage:7
05-12 10:25:20.003 1306 1306 W ContextImpl: Calling a method in the system process without a qualified user: android.app.ContextImpl.sendBroadcast:1181 android.content.ContextWrapper.sendBroadcast:479 cn.eben.newweather.DateWeatherService.a:19 cn.eben.newweather.DateWeatherService.a:0 cn.eben.newweather.DateWeatherService$1.handleMessage:7
05-12 10:25:21.003 1306 1306 W ContextImpl: Calling a method in the system process without a qualified user: android.app.ContextImpl.sendBroadcast:1181 android.content.ContextWrapper.sendBroadcast:479 cn.eben.newweather.DateWeatherService.a:19 cn.eben.newweather.DateWeatherService.a:0 cn.eben.newweather.DateWeatherService$1.handleMessage:7
05-12 10:25:22.003 1306 1306 W ContextImpl: Calling a method in the system process without a qualified user: android.app.ContextImpl.sendBroadcast:1181 android.content.ContextWrapper.sendBroadcast:479 cn.eben.newweather.DateWeatherService.a:19 cn.eben.newweather.DateWeatherService.a:0 cn.eben.newweather.DateWeatherService$1.handleMessage:7
05-12 10:25:23.002 1306 1306 W ContextImpl: Calling a method in the system process without a qualified user: android.app.ContextImpl.sendBroadcast:1181 android.content.ContextWrapper.sendBroadcast:479 cn.eben.newweather.DateWeatherService.a:19 cn.eben.newweather.DateWeatherService.a:0 cn.eben.newweather.DateWeatherService$1.handleMessage:7
05-12 10:25:24.003 1306 1306 W ContextImpl: Calling a method in the system process without a qualified user: android.app.ContextImpl.sendBroadcast:1181 android.content.ContextWrapper.sendBroadcast:479 cn.eben.newweather.DateWeatherService.a:19 cn.eben.newweather.DateWeatherService.a:0 cn.eben.newweather.DateWeatherService$1.handleMessage:7
05-12 10:25:25.003 1306 1306 W ContextImpl: Calling a method in the system process without a qualified user: android.app.ContextImpl.sendBroadcast:1181 android.content.ContextWrapper.sendBroadcast:479 cn.eben.newweather.DateWeatherService.a:19 cn.eben.newweather.DateWeatherService.a:0 cn.eben.newweather.DateWeatherService$1.handleMessage:7
05-12 10:25:26.003 1306 1306 W ContextImpl: Calling a method in the system process without a qualified user: android.app.ContextImpl.sendBroadcast:1181 android.content.ContextWrapper.sendBroadcast:479 cn.eben.newweather.DateWeatherService.a:19 cn.eben.newweather.DateWeatherService.a:0 cn.eben.newweather.DateWeatherService$1.handleMessage:7
05-12 10:25:27.002 1306 1306 W ContextImpl: Calling a method in the system process without a qualified user: android.app.ContextImpl.sendBroadcast:1181 android.content.ContextWrapper.sendBroadcast:479 cn.eben.newweather.DateWeatherService.a:19 cn.eben.newweather.DateWeatherService.a:0 cn.eben.newweather.DateWeatherService$1.handleMessage:7
05-12 10:25:28.003 1306 1306 W ContextImpl: Calling a method in the system process without a qualified user: android.app.ContextImpl.sendBroadcast:1181 android.content.ContextWrapper.sendBroadcast:479 cn.eben.newweather.DateWeatherService.a:19 cn.eben.newweather.DateWeatherService.a:0 cn.eben.newweather.DateWeatherService$1.handleMessage:7
05-12 10:25:29.002 1306 1306 W ContextImpl: Calling a method in the system process without a qualified user: android.app.ContextImpl.sendBroadcast:1181 android.content.ContextWrapper.sendBroadcast:479 cn.eben.newweather.DateWeatherService.a:19 cn.eben.newweather.DateWeatherService.a:0 cn.eben.newweather.DateWeatherService$1.handleMessage:7
05-12 10:25:30.002 1306 1306 W ContextImpl: Calling a method in the system process without a qualified user: android.app.ContextImpl.sendBroadcast:1181 android.content.ContextWrapper.sendBroadcast:479 cn.eben.newweather.DateWeatherService.a:19 cn.eben.newweather.DateWeatherService.a:0 cn.eben.newweather.DateWeatherService$1.handleMessage:7
05-12 10:25:31.002 1306 1306 W ContextImpl: Calling a method in the system process without a qualified user: android.app.ContextImpl.sendBroadcast:1181 android.content.ContextWrapper.sendBroadcast:479 cn.eben.newweather.DateWeatherService.a:19 cn.eben.newweather.DateWeatherService.a:0 cn.eben.newweather.DateWeatherService$1.handleMessage:7
05-12 10:25:32.003 1306 1306 W ContextImpl: Calling a method in the system process without a qualified user: android.app.ContextImpl.sendBroadcast:1181 android.content.ContextWrapper.sendBroadcast:479 cn.eben.newweather.DateWeatherService.a:19 cn.eben.newweather.DateWeatherService.a:0 cn.eben.newweather.DateWeatherService$1.handleMessage:7
05-12 10:25:33.003 1306 1306 W ContextImpl: Calling a method in the system process without a qualified user: android.app.ContextImpl.sendBroadcast:1181 android.content.ContextWrapper.sendBroadcast:479 cn.eben.newweather.DateWeatherService.a:19 cn.eben.newweather.DateWeatherService.a:0 cn.eben.newweather.DateWeatherService$1.handleMessage:7
05-12 10:25:34.002 1306 1306 W ContextImpl: Calling a method in the system process without a qualified user: android.app.ContextImpl.sendBroadcast:1181 android.content.ContextWrapper.sendBroadcast:479 cn.eben.newweather.DateWeatherService.a:19 cn.eben.newweather.DateWeatherService.a:0 cn.eben.newweather.DateWeatherService$1.handleMessage:7
05-12 10:25:35.003 1306 1306 W ContextImpl: Calling a method in the system process without a qualified user: android.app.ContextImpl.sendBroadcast:1181 android.content.ContextWrapper.sendBroadcast:479 cn.eben.newweather.DateWeatherService.a:19 cn.eben.newweather.DateWeatherService.a:0 cn.eben.newweather.DateWeatherService$1.handleMessage:7
05-12 10:25:36.003 1306 1306 W ContextImpl: Calling a method in the system process without a qualified user: android.app.ContextImpl.sendBroadcast:1181 android.content.ContextWrapper.sendBroadcast:479 cn.eben.newweather.DateWeatherService.a:19 cn.eben.newweather.DateWeatherService.a:0 cn.eben.newweather.DateWeatherService$1.handleMessage:7
05-12 10:25:37.002 1306 1306 W ContextImpl: Calling a method in the system process without a qualified user: android.app.ContextImpl.sendBroadcast:1181 android.content.ContextWrapper.sendBroadcast:479 cn.eben.newweather.DateWeatherService.a:19 cn.eben.newweather.DateWeatherService.a:0 cn.eben.newweather.DateWeatherService$1.handleMessage:7
05-12 10:25:38.003 1306 1306 W ContextImpl: Calling a method in the system process without a qualified user: android.app.ContextImpl.sendBroadcast:1181 android.content.ContextWrapper.sendBroadcast:479 cn.eben.newweather.DateWeatherService.a:19 cn.eben.newweather.DateWeatherService.a:0 cn.eben.newweather.DateWeatherService$1.handleMessage:7
05-12 10:25:39.003 1306 1306 W ContextImpl: Calling a method in the system process without a qualified user: android.app.ContextImpl.sendBroadcast:1181 android.content.ContextWrapper.sendBroadcast:479 cn.eben.newweather.DateWeatherService.a:19 cn.eben.newweather.DateWeatherService.a:0 cn.eben.newweather.DateWeatherService$1.handleMessage:7
05-12 10:25:40.003 1306 1306 W ContextImpl: Calling a method in the system process without a qualified user: android.app.ContextImpl.sendBroadcast:1181 android.content.ContextWrapper.sendBroadcast:479 cn.eben.newweather.DateWeatherService.a:19 cn.eben.newweather.DateWeatherService.a:0 cn.eben.newweather.DateWeatherService$1.handleMessage:7
05-12 10:25:41.002 1306 1306 W ContextImpl: Calling a method in the system process without a qualified user: android.app.ContextImpl.sendBroadcast:1181 android.content.ContextWrapper.sendBroadcast:479 cn.eben.newweather.DateWeatherService.a:19 cn.eben.newweather.DateWeatherService.a:0 cn.eben.newweather.DateWeatherService$1.handleMessage:7
05-12 10:25:42.003 1306 1306 W ContextImpl: Calling a method in the system process without a qualified user: android.app.ContextImpl.sendBroadcast:1181 android.content.ContextWrapper.sendBroadcast:479 cn.eben.newweather.DateWeatherService.a:19 cn.eben.newweather.DateWeatherService.a:0 cn.eben.newweather.DateWeatherService$1.handleMessage:7
05-12 10:25:42.983 621 647 I am_uid_idle: 99001
05-12 10:25:42.984 621 647 I am_uid_idle: 10057
05-12 10:25:43.003 1306 1306 W ContextImpl: Calling a method in the system process without a qualified user: android.app.ContextImpl.sendBroadcast:1181 android.content.ContextWrapper.sendBroadcast:479 cn.eben.newweather.DateWeatherService.a:19 cn.eben.newweather.DateWeatherService.a:0 cn.eben.newweather.DateWeatherService$1.handleMessage:7
05-12 10:25:43.281 621 662 V DisplayPowerController[0]: Brightness [0.05] reason changing to: 'manual [ dim ]', previous reason: 'manual'.
05-12 10:25:43.282 621 662 I sysui_multi_action: [757,1696,758,6,759,2]
05-12 10:25:44.002 1306 1306 W ContextImpl: Calling a method in the system process without a qualified user: android.app.ContextImpl.sendBroadcast:1181 android.content.ContextWrapper.sendBroadcast:479 cn.eben.newweather.DateWeatherService.a:19 cn.eben.newweather.DateWeatherService.a:0 cn.eben.newweather.DateWeatherService$1.handleMessage:7
05-12 10:25:45.002 1306 1306 W ContextImpl: Calling a method in the system process without a qualified user: android.app.ContextImpl.sendBroadcast:1181 android.content.ContextWrapper.sendBroadcast:479 cn.eben.newweather.DateWeatherService.a:19 cn.eben.newweather.DateWeatherService.a:0 cn.eben.newweather.DateWeatherService$1.handleMessage:7
05-12 10:25:46.003 1306 1306 W ContextImpl: Calling a method in the system process without a qualified user: android.app.ContextImpl.sendBroadcast:1181 android.content.ContextWrapper.sendBroadcast:479 cn.eben.newweather.DateWeatherService.a:19 cn.eben.newweather.DateWeatherService.a:0 cn.eben.newweather.DateWeatherService$1.handleMessage:7
05-12 10:25:47.003 1306 1306 W ContextImpl: Calling a method in the system process without a qualified user: android.app.ContextImpl.sendBroadcast:1181 android.content.ContextWrapper.sendBroadcast:479 cn.eben.newweather.DateWeatherService.a:19 cn.eben.newweather.DateWeatherService.a:0 cn.eben.newweather.DateWeatherService$1.handleMessage:7
05-12 10:25:48.003 1306 1306 W ContextImpl: Calling a method in the system process without a qualified user: android.app.ContextImpl.sendBroadcast:1181 android.content.ContextWrapper.sendBroadcast:479 cn.eben.newweather.DateWeatherService.a:19 cn.eben.newweather.DateWeatherService.a:0 cn.eben.newweather.DateWeatherService$1.handleMessage:7
05-12 10:25:49.002 1306 1306 W ContextImpl: Calling a method in the system process without a qualified user: android.app.ContextImpl.sendBroadcast:1181 android.content.ContextWrapper.sendBroadcast:479 cn.eben.newweather.DateWeatherService.a:19 cn.eben.newweather.DateWeatherService.a:0 cn.eben.newweather.DateWeatherService$1.handleMessage:7
05-12 10:25:50.003 1306 1306 W ContextImpl: Calling a method in the system process without a qualified user: android.app.ContextImpl.sendBroadcast:1181 android.content.ContextWrapper.sendBroadcast:479 cn.eben.newweather.DateWeatherService.a:19 cn.eben.newweather.DateWeatherService.a:0 cn.eben.newweather.DateWeatherService$1.handleMessage:7
05-12 10:25:50.250 621 662 I PowerManagerService: Powering off display group due to timeout (groupId= 0, uid= 1000)...
05-12 10:25:50.250 621 662 I PowerManagerService: Going to sleep due to timeout (uid 1000)...
05-12 10:25:50.252 621 662 I power_sleep_requested: 0
05-12 10:25:50.310 621 646 I am_pss : [3101,10057,com.eben.browser,125323264,111509504,0,272297984,0,15,41]
05-12 10:25:50.314 621 662 V DisplayPowerController[0]: Brightness [0.39640424] reason changing to: 'manual', previous reason: 'manual [ dim ]'.
05-12 10:25:50.314 621 662 I sysui_multi_action: [757,1696,758,6,759,0]
05-12 10:25:50.330 621 646 I am_pss : [3139,99001,com.android.webview:sandboxed_process0:org.chromium.content.app.SandboxedProcessService0:0,59950080,47190016,0,135561216,0,15,13]
05-12 10:25:50.727 621 662 I DisplayPowerController[0]: Blocking screen off
05-12 10:25:50.728 621 662 I DisplayPowerController[0]: Unblocked screen off after 1 ms
05-12 10:47:34.079 477 477 I gsensor_mxc6655 5-0015: set sensor poll time to 200ms
05-12 10:25:50.731 320 320 I auditd : type=1400 audit(0.0:653): avc: denied { read } for comm="Binder:320_2" name="wakeup4" dev="sysfs" ino=24387 scontext=u:r:system_suspend:s0 tcontext=u:object_r:sysfs:s0 tclass=dir permissive=1
05-12 10:25:50.731 320 320 I auditd : type=1400 audit(0.0:654): avc: denied { open } for comm="Binder:320_2" path="/sys/devices/platform/fdba8000.jpege-core/wakeup/wakeup4" dev="sysfs" ino=24387 scontext=u:r:system_suspend:s0 tcontext=u:object_r:sysfs:s0 tclass=dir permissive=1
05-12 10:25:50.731 320 320 I auditd : type=1400 audit(0.0:655): avc: denied { read } for comm="Binder:320_2" name="event_count" dev="sysfs" ino=24394 scontext=u:r:system_suspend:s0 tcontext=u:object_r:sysfs:s0 tclass=file permissive=1
05-12 10:25:50.731 320 320 I auditd : type=1400 audit(0.0:656): avc: denied { open } for comm="Binder:320_2" path="/sys/devices/platform/fdba8000.jpege-core/wakeup/wakeup4/event_count" dev="sysfs" ino=24394 scontext=u:r:system_suspend:s0 tcontext=u:object_r:sysfs:s0 tclass=file permissive=1
05-12 10:25:50.731 320 320 I auditd : type=1400 audit(0.0:657): avc: denied { getattr } for comm="Binder:320_2" path="/sys/devices/platform/fdba8000.jpege-core/wakeup/wakeup4/event_count" dev="sysfs" ino=24394 scontext=u:r:system_suspend:s0 tcontext=u:object_r:sysfs:s0 tclass=file permissive=1
05-12 10:25:50.731 621 662 D ActivityTaskManager: Top Process State changed to PROCESS_STATE_TOP_SLEEPING
05-12 10:25:50.733 621 662 I wm_pause_activity: [0,50487918,com.android.launcher3/.uioverrides.QuickstepLauncher,userLeaving=false,sleep]
05-12 10:25:50.734 1056 1056 I wm_on_top_resumed_lost_called: [50487918,com.android.launcher3.uioverrides.QuickstepLauncher,topStateChangedWhenResumed]
05-12 10:25:50.751 1056 1056 I wm_on_paused_called: [50487918,com.android.launcher3.uioverrides.QuickstepLauncher,performPause]
05-12 10:25:50.751 621 662 V DisplayPowerController[0]: Brightness [0.003937008] reason changing to: 'screen_off', previous reason: 'manual'.
05-12 10:25:50.753 621 641 I DisplayDeviceRepository: Display device changed state: "内置屏幕", OFF
05-12 10:25:50.755 621 1125 I wm_add_to_stopping: [0,50487918,com.android.launcher3/.uioverrides.QuickstepLauncher,completePauseLocked]
05-12 10:25:50.765 621 641 I dvm_lock_sample: [system_server,1,android.display,10,InputManagerCallback.java,192,int com.android.server.wm.InputManagerCallback.getPointerDisplayId(),TaskChangeNotificationController.java,342,void com.android.server.wm.TaskChangeNotificationController.forAllLocalListeners(com.android.server.wm.TaskChangeNotificationController$TaskStackConsumer, android.os.Message),2]
05-12 10:25:50.761 320 320 I auditd : type=1400 audit(0.0:658): avc: denied { read } for comm="Binder:320_2" name="wakeup25" dev="sysfs" ino=42260 scontext=u:r:system_suspend:s0 tcontext=u:object_r:power_supply_tcpm:s0 tclass=dir permissive=1
05-12 10:25:50.764 320 320 I auditd : type=1400 audit(0.0:659): avc: denied { open } for comm="Binder:320_2" path="/sys/devices/platform/feaa0000.i2c/i2c-2/2-004e/power_supply/tcpm-source-psy-2-004e/wakeup25" dev="sysfs" ino=42260 scontext=u:r:system_suspend:s0 tcontext=u:object_r:power_supply_tcpm:s0 tclass=dir permissive=1
05-12 10:25:50.764 320 320 I auditd : type=1400 audit(0.0:660): avc: denied { read } for comm="Binder:320_2" name="event_count" dev="sysfs" ino=42267 scontext=u:r:system_suspend:s0 tcontext=u:object_r:power_supply_tcpm:s0 tclass=file permissive=1
05-12 10:25:50.764 320 320 I auditd : type=1400 audit(0.0:661): avc: denied { open } for comm="Binder:320_2" path="/sys/devices/platform/feaa0000.i2c/i2c-2/2-004e/power_supply/tcpm-source-psy-2-004e/wakeup25/event_count" dev="sysfs" ino=42267 scontext=u:r:system_suspend:s0 tcontext=u:object_r:power_supply_tcpm:s0 tclass=file permissive=1
05-12 10:47:34.111 331 331 W audit : audit_lost=506 audit_rate_limit=5 audit_backlog_limit=64
05-12 10:47:34.111 331 331 E audit : rate limit exceeded
05-12 10:25:50.770 621 641 I wm_stop_activity: [0,50487918,com.android.launcher3/.uioverrides.QuickstepLauncher]
05-12 10:25:50.772 621 641 I sysui_multi_action: [757,803,799,window_time_0,802,68]
05-12 10:47:34.123 439 439 W healthd : battery l=100 v=8420 t=29.0 h=1 st=3 c=-256000 fc=9700000 cc=7 chg=
05-12 10:25:50.787 621 621 I battery_saving_stats: [0,1,0,1111652,0,0,2879052,0,0]
05-12 10:25:50.796 1056 1056 I wm_on_stop_called: [50487918,com.android.launcher3.uioverrides.QuickstepLauncher,STOP_ACTIVITY_ITEM]
05-12 10:25:50.851 621 646 I am_meminfo: [1005490176,4261691392,4096,302960640,343738368]
05-12 10:25:50.854 621 646 I am_pss : [1310,1000,com.ebensz.softkeyboard,53409792,47087616,0,167391232,1,7,3]
05-12 10:25:50.858 621 646 I am_pss : [1686,10063,cn.eben.sync,92838912,71995392,0,190951424,1,4,4]
05-12 10:25:50.862 621 646 I am_pss : [2559,10045,com.android.soundrecorder,34238464,26353664,0,171466752,1,16,3]
05-12 10:25:50.864 621 646 I am_pss : [1761,1000,cn.eben.activation4,14454784,4931584,0,83501056,1,5,1]
05-12 10:25:50.867 621 646 I am_pss : [1266,10096,com.android.providers.media.module,22051840,17555456,0,125251584,1,0,2]
05-12 10:25:50.870 621 646 I am_pss : [2394,10040,com.eben.ebenback,15200256,11411456,0,103313408,1,19,3]
05-12 10:25:50.872 621 646 I am_pss : [1490,10046,com.ebensz.enote.entry,16419840,12632064,0,106758144,1,19,2]
05-12 10:25:50.875 621 646 I am_pss : [2455,10042,com.ebensz.enote.meeting,18742272,14954496,0,109113344,1,19,2]
05-12 10:25:50.877 621 646 I am_pss : [2432,10068,com.ebensz.enote.calendar,11495424,8101888,0,101306368,1,19,2]
05-12 10:25:50.879 621 646 I am_pss : [2416,10024,com.eben.test,6682624,3649536,0,89444352,1,19,1]
05-12 10:25:50.881 621 646 I am_pss : [2372,10021,com.android.statementservice,9842688,6496256,0,98299904,1,19,2]
05-12 10:25:50.883 621 646 I am_pss : [1010,10097,android.ext.services,10331136,6561792,0,100265984,1,5,1]
05-12 10:25:50.885 621 646 I am_pss : [1645,1000,com.rockchip.devicetest,7271424,4112384,0,93257728,1,10,2]
05-12 10:25:50.887 621 646 I am_pss : [1535,1000,com.eben.eguard,9623552,6385664,0,97079296,1,10,2]
05-12 10:25:50.889 621 646 I am_pss : [1306,1000,cn.eben.newweather,29510656,16912384,0,108687360,1,0,2]
05-12 10:25:50.892 621 646 I am_pss : [1272,1000,com.cghs.stresstest,26645504,21303296,0,142016512,1,0,2]
05-12 10:25:50.894 621 646 I am_pss : [1136,10091,com.android.smspush,7001088,3866624,0,92274688,1,6,1]
05-12 10:25:50.895 621 646 I am_pss : [973,1068,com.android.se,7300096,4128768,0,93392896,1,0,2]
05-12 10:25:50.898 621 646 I am_pss : [978,1001,com.android.phone,19606528,13127680,0,130797568,1,0,2]
05-12 10:25:50.899 621 646 I am_pss : [958,10062,cn.eben.secime,7150592,4108288,0,89796608,1,0,2]
05-12 10:25:50.908 621 646 I am_pss : [621,1000,system,234750976,154009600,0,558637056,1,0,8]
05-12 10:25:51.002 1306 1306 W ContextImpl: Calling a method in the system process without a qualified user: android.app.ContextImpl.sendBroadcast:1181 android.content.ContextWrapper.sendBroadcast:479 cn.eben.newweather.DateWeatherService.a:19 cn.eben.newweather.DateWeatherService.a:0 cn.eben.newweather.DateWeatherService$1.handleMessage:7
05-12 10:47:34.410 352 352 I rockchip-vop2 fdd90000.vop: [drm:vop2_crtc_atomic_disable] Crtc atomic disable vp2
05-12 10:47:34.422 352 352 E rockchip-vop2 fdd90000.vop: [drm:vop2_crtc_atomic_disable] *ERROR* unexpected power on pd7
05-12 10:25:51.083 621 662 I PowerManagerService: Sleeping display group (groupId=0, uid=1000)...
05-12 10:25:51.083 621 662 I PowerManagerService: Sleeping (uid 1000)...
05-12 10:25:51.084 621 621 I sysui_multi_action: [757,198,758,2,759,3,1359,835,1695,2]
05-12 10:25:51.085 621 703 I input_focus: [Focus leaving e95dfe5 com.android.launcher3/com.android.launcher3.uioverrides.QuickstepLauncher (server),reason=NO_WINDOW]
05-12 10:25:51.085 621 621 I power_screen_state: [0,3,0,0,835]
05-12 10:25:51.085 621 621 I screen_toggled: 0
05-12 10:25:51.085 621 621 I sysui_multi_action: [757,804,799,screen_timeout,801,60,802,1]
05-12 10:25:51.085 621 621 I sysui_multi_action: [757,1594,758,4,759,-2147483648,1359,1111453]
05-12 10:25:51.086 621 621 I power_screen_broadcast_send: 1
05-12 10:25:51.094 621 621 I device_idle: [1,no activity]
05-12 10:25:51.094 621 621 I device_idle_light: [1,no activity]
05-12 10:25:51.107 621 621 I power_screen_broadcast_done: [0,22,1]
05-12 10:25:51.119 621 2478 W ActivityManager: Ignoring request to force stop protected package u0
05-12 10:47:34.552 2336 2336 I PM : suspend entry (deep)
05-12 10:47:34.571 2336 2336 I Filesystems sync: 0.018 seconds
05-12 10:47:34.571 2336 2336 I : Freezing user space processes ... (elapsed 0.006 seconds) done.
05-12 10:47:34.577 2336 2336 I : OOM killer disabled.
05-12 10:47:34.577 2336 2336 I : Freezing remaining freezable tasks ... (elapsed 0.133 seconds) done.
05-12 10:47:34.710 2336 2336 I printk : Suspending console(s) (use no_console_suspend to debug)
05-12 10:47:34.792 2336 2336 E regulator-dummy: Underflow of regulator enable count
05-12 10:47:34.792 2336 2336 E wacom_i2c 4-0009: disable regulator failed -22
05-12 10:47:35.016 2336 2336 I : Disabling non-boot CPUs ...
05-12 10:47:35.018 2336 2336 I psci : CPU1 killed (polled 0 ms)
05-12 10:47:35.020 2336 2336 I psci : CPU2 killed (polled 0 ms)
05-12 10:47:35.021 2336 2336 I psci : CPU3 killed (polled 0 ms)
05-12 10:47:35.024 2336 2336 I psci : CPU4 killed (polled 0 ms)
05-12 10:47:35.026 2336 2336 I psci : CPU5 killed (polled 0 ms)
05-12 10:47:35.028 2336 2336 I psci : CPU6 killed (polled 0 ms)
05-12 10:47:35.030 2336 2336 I psci : CPU7 killed (polled 0 ms)
05-12 10:47:43.372 0 0 W [ C0] PM: pm_system_irq_wakeup: 114 triggered hym8563
05-12 10:47:43.372 2336 2336 I : Enabling non-boot CPUs ...
05-12 10:47:43.373 0 0 I : Detected VIPT I-cache on CPU1
05-12 10:47:43.373 0 0 I GICv3 : CPU1: found redistributor 100 region 0:0x00000000fe6a0000
05-12 10:47:43.373 0 0 I CPU1 : Booted secondary processor 0x0000000100 [0x412fd050]
05-12 10:47:43.374 2336 2336 I : CPU1 is up
05-12 10:47:43.375 0 0 I : Detected VIPT I-cache on CPU2
05-12 10:47:43.375 0 0 I GICv3 : CPU2: found redistributor 200 region 0:0x00000000fe6c0000
05-12 10:47:43.375 0 0 I CPU2 : Booted secondary processor 0x0000000200 [0x412fd050]
05-12 10:47:43.376 2336 2336 I : CPU2 is up
05-12 10:47:43.376 0 0 I : Detected VIPT I-cache on CPU3
05-12 10:47:43.377 0 0 I GICv3 : CPU3: found redistributor 300 region 0:0x00000000fe6e0000
05-12 10:47:43.377 0 0 I CPU3 : Booted secondary processor 0x0000000300 [0x412fd050]
05-12 10:47:43.377 2336 2336 I : CPU3 is up
05-12 10:47:43.378 0 0 I : Detected PIPT I-cache on CPU4
05-12 10:47:43.378 0 0 I GICv3 : CPU4: found redistributor 400 region 0:0x00000000fe700000
05-12 10:47:43.378 0 0 I CPU4 : Booted secondary processor 0x0000000400 [0x414fd0b0]
05-12 10:47:43.379 2336 2336 I : CPU4 is up
05-12 10:47:43.380 0 0 I : Detected PIPT I-cache on CPU5
05-12 10:47:43.380 0 0 I GICv3 : CPU5: found redistributor 500 region 0:0x00000000fe720000
05-12 10:47:43.380 0 0 I CPU5 : Booted secondary processor 0x0000000500 [0x414fd0b0]
05-12 10:47:43.381 2336 2336 I : CPU5 is up
05-12 10:47:43.382 0 0 I : Detected PIPT I-cache on CPU6
05-12 10:47:43.382 0 0 I GICv3 : CPU6: found redistributor 600 region 0:0x00000000fe740000
05-12 10:47:43.382 0 0 I CPU6 : Booted secondary processor 0x0000000600 [0x414fd0b0]
05-12 10:47:43.383 2336 2336 I : CPU6 is up
05-12 10:47:43.384 0 0 I : Detected PIPT I-cache on CPU7
05-12 10:47:43.384 0 0 I GICv3 : CPU7: found redistributor 700 region 0:0x00000000fe760000
05-12 10:47:43.384 0 0 I CPU7 : Booted secondary processor 0x0000000700 [0x414fd0b0]
05-12 10:47:43.385 2336 2336 I : CPU7 is up
05-12 10:47:43.390 2336 2336 I rk_gmac-dwmac fe1c0000.ethernet: init for RGMII
05-12 10:47:43.390 2659 2659 I usb1 : root hub lost power or was reset
05-12 10:47:43.396 2336 2336 E PM : dpm_run_callback(): wacom_i2c_resume+0x0/0xdc returns -6
05-12 10:47:43.396 2336 2336 E PM : Device 4-0009 failed to resume: error -6
05-12 10:47:43.458 2336 2336 I usb2 : root hub lost power or was reset
05-12 10:47:43.553 2336 2336 I : OOM killer enabled.
05-12 10:47:43.553 2336 2336 I : Restarting tasks ... done.
05-12 10:47:43.565 2336 2336 I : Resume caused by IRQ 114, hym8563
05-12 10:47:43.565 2336 2336 I PM : suspend exit
05-12 10:47:43.568 2861 2861 I : mmc_host mmc0: Bus speed (slot 0) = 400000Hz (slot req 400000Hz, actual 400000HZ div = 0)
05-12 10:26:00.242 621 635 I wm_set_keyguard_shown: [1,0,0,setKeyguardShown]
05-12 10:26:00.273 775 775 I sysui_multi_action: [757,111,758,1]
05-12 10:26:00.273 775 775 I sysui_multi_action: [757,0,758,1,759,0,927,0,1593,0]
05-12 10:26:00.273 775 775 I sysui_multi_action: [757,123,758,1,759,123,927,1,928,1,1593,0]
05-12 10:26:00.274 775 775 I sysui_multi_action: [757,261,758,1,759,261,927,2,928,0,1593,0]
05-12 10:26:00.274 775 775 I sysui_multi_action: [757,0,758,1,759,0,927,3,1593,0]
05-12 10:26:00.274 775 775 I sysui_multi_action: [757,0,758,1,759,0,927,4,928,0,1593,0]
05-12 10:26:00.274 775 775 I sysui_multi_action: [757,1800,758,1,759,1800,927,5,928,0,1593,0]
05-12 10:26:00.301 775 775 I sysui_multi_action: [757,196,758,1,759,0]
05-12 10:26:00.301 775 775 I sysui_status_bar_state: [1,1,0,0,0,1]
05-12 10:26:00.321 621 641 I user_activity_timeout_override: 10000
05-12 10:26:00.324 621 642 I input_focus: [Focus request 8c17c23 NotificationShade,reason=UpdateInputWindows]
05-12 10:47:43.666 2336 2336 I PM : suspend entry (deep)
05-12 10:26:00.343 1306 1306 W ContextImpl: Calling a method in the system process without a qualified user: android.app.ContextImpl.sendBroadcast:1181 android.content.ContextWrapper.sendBroadcast:479 cn.eben.newweather.DateWeatherService.a:19 cn.eben.newweather.DateWeatherService.a:0 cn.eben.newweather.DateWeatherService$1.handleMessage:7
05-12 10:26:00.369 621 703 I input_focus: [Focus entering 8c17c23 NotificationShade (server),reason=Window became focusable. Previous reason: NOT_VISIBLE]
05-12 10:47:43.753 2861 2861 I : mmc_host mmc0: Bus speed (slot 0) = 49500000Hz (slot req 50000000Hz, actual 49500000HZ div = 0)
05-12 10:47:44.240 2336 2336 I Filesystems sync: 0.574 seconds
05-12 10:47:44.240 2336 2336 I : Freezing user space processes ...
05-12 10:47:44.245 2336 2336 I PM : PM: Last active Wakeup Source: gpu
05-12 10:47:44.245 2336 2336 E : Freezing of tasks aborted after 0.004 seconds
05-12 10:47:44.245 2336 2336 I : OOM killer enabled.
05-12 10:47:44.245 2336 2336 I : Restarting tasks ... done.
05-12 10:47:44.250 2336 2336 I Abort : Last active Wakeup Source: gpu
05-12 10:47:44.250 2336 2336 I PM : suspend exit
05-12 10:26:01.003 1306 1306 W ContextImpl: Calling a method in the system process without a qualified user: android.app.ContextImpl.sendBroadcast:1181 android.content.ContextWrapper.sendBroadcast:479 cn.eben.newweather.DateWeatherService.a:19 cn.eben.newweather.DateWeatherService.a:0 cn.eben.newweather.DateWeatherService$1.handleMessage:7
05-12 10:47:44.451 2336 2336 I PM : suspend entry (deep)
05-12 10:47:44.457 2336 2336 I Filesystems sync: 0.005 seconds
05-12 10:47:44.457 2336 2336 I : Freezing user space processes ... (elapsed 0.008 seconds) done.
05-12 10:47:44.466 2336 2336 I : OOM killer disabled.
05-12 10:47:44.466 2336 2336 I : Freezing remaining freezable tasks ... (elapsed 0.132 seconds) done.
05-12 10:47:44.598 2336 2336 I printk : Suspending console(s) (use no_console_suspend to debug)
05-12 10:47:44.675 2336 2336 E regulator-dummy: Underflow of regulator enable count
05-12 10:47:44.675 2336 2336 E wacom_i2c 4-0009: disable regulator failed -22
05-12 10:47:44.903 2336 2336 I : Disabling non-boot CPUs ...
05-12 10:47:44.906 2336 2336 I psci : CPU1 killed (polled 0 ms)
05-12 10:47:44.907 2336 2336 I psci : CPU2 killed (polled 0 ms)
05-12 10:47:44.908 2336 2336 I psci : CPU3 killed (polled 0 ms)
05-12 10:47:44.909 2336 2336 I psci : CPU4 killed (polled 0 ms)
05-12 10:47:44.911 2336 2336 I psci : CPU5 killed (polled 0 ms)
05-12 10:47:44.912 2336 2336 I psci : CPU6 killed (polled 0 ms)
05-12 10:47:44.914 2336 2336 I psci : CPU7 killed (polled 0 ms)
05-12 10:48:40.274 0 0 W [ C0] PM: pm_system_irq_wakeup: 106 triggered rk806
05-12 10:48:40.274 2336 2336 I : Enabling non-boot CPUs ...
05-12 10:48:40.275 0 0 I : Detected VIPT I-cache on CPU1
05-12 10:48:40.275 0 0 I GICv3 : CPU1: found redistributor 100 region 0:0x00000000fe6a0000
05-12 10:48:40.275 0 0 I CPU1 : Booted secondary processor 0x0000000100 [0x412fd050]
05-12 10:48:40.276 2336 2336 I : CPU1 is up
05-12 10:48:40.277 0 0 I : Detected VIPT I-cache on CPU2
05-12 10:48:40.277 0 0 I GICv3 : CPU2: found redistributor 200 region 0:0x00000000fe6c0000
05-12 10:48:40.277 0 0 I CPU2 : Booted secondary processor 0x0000000200 [0x412fd050]
05-12 10:48:40.278 2336 2336 I : CPU2 is up
05-12 10:48:40.279 0 0 I : Detected VIPT I-cache on CPU3
05-12 10:48:40.279 0 0 I GICv3 : CPU3: found redistributor 300 region 0:0x00000000fe6e0000
05-12 10:48:40.279 0 0 I CPU3 : Booted secondary processor 0x0000000300 [0x412fd050]
05-12 10:48:40.279 2336 2336 I : CPU3 is up
05-12 10:48:40.280 0 0 I : Detected PIPT I-cache on CPU4
05-12 10:48:40.280 0 0 I GICv3 : CPU4: found redistributor 400 region 0:0x00000000fe700000
05-12 10:48:40.280 0 0 I CPU4 : Booted secondary processor 0x0000000400 [0x414fd0b0]
05-12 10:48:40.281 2336 2336 I : CPU4 is up
05-12 10:48:40.282 0 0 I : Detected PIPT I-cache on CPU5
05-12 10:48:40.282 0 0 I GICv3 : CPU5: found redistributor 500 region 0:0x00000000fe720000
05-12 10:48:40.282 0 0 I CPU5 : Booted secondary processor 0x0000000500 [0x414fd0b0]
05-12 10:48:40.283 2336 2336 I : CPU5 is up
05-12 10:48:40.284 0 0 I : Detected PIPT I-cache on CPU6
05-12 10:48:40.284 0 0 I GICv3 : CPU6: found redistributor 600 region 0:0x00000000fe740000
05-12 10:48:40.284 0 0 I CPU6 : Booted secondary processor 0x0000000600 [0x414fd0b0]
05-12 10:48:40.285 2336 2336 I : CPU6 is up
05-12 10:48:40.286 0 0 I : Detected PIPT I-cache on CPU7
05-12 10:48:40.286 0 0 I GICv3 : CPU7: found redistributor 700 region 0:0x00000000fe760000
05-12 10:26:57.125 621 704 I sysui_multi_action: [757,804,799,power_consecutive_short_tap_count,801,1,802,1]
05-12 10:26:57.126 621 704 I sysui_multi_action: [757,804,799,power_double_tap_interval,801,1115118,802,1]
05-12 10:48:40.286 0 0 I CPU7 : Booted secondary processor 0x0000000700 [0x414fd0b0]
05-12 10:26:57.126 621 704 I intercept_power: [ACTION_DOWN,0,0]
05-12 10:48:40.287 2336 2336 I : CPU7 is up
05-12 10:48:40.293 2336 2336 I rk_gmac-dwmac fe1c0000.ethernet: init for RGMII
05-12 10:26:57.127 621 704 I PowerManagerService: Powering on display group fromAsleep (groupId=0, uid=1000, reason=WAKE_REASON_POWER_BUTTON, details=android.policy:POWER)...
05-12 10:48:40.293 2981 2981 I usb1 : root hub lost power or was reset
05-12 10:26:57.127 621 704 I PowerManagerService: Waking up from Asleep (uid=1000, reason=WAKE_REASON_POWER_BUTTON, details=android.policy:POWER)...
05-12 10:26:57.129 621 662 I DisplayPowerController[0]: Blocking screen on until initial contents have been drawn.
05-12 10:26:57.129 621 704 I intercept_power: [ACTION_UP,0,0]
05-12 10:26:57.130 621 662 V DisplayPowerController[0]: Brightness [0.39640424] reason changing to: 'manual', previous reason: 'screen_off'.
05-12 10:26:57.130 621 662 I sysui_multi_action: [757,1696,758,6,759,3]
05-12 10:26:57.132 621 641 I DisplayDeviceRepository: Display device changed state: "内置屏幕", ON
05-12 10:48:40.298 2336 2336 E PM : dpm_run_callback(): wacom_i2c_resume+0x0/0xdc returns -6
05-12 10:48:40.298 2336 2336 E PM : Device 4-0009 failed to resume: error -6
05-12 10:48:40.361 2336 2336 I usb2 : root hub lost power or was reset
05-12 10:48:40.458 2336 2336 I : OOM killer enabled.
05-12 10:48:40.458 2336 2336 I : Restarting tasks ... done.
