05-12 10:04:44.003 1306 1306 W ContextImpl: Calling a method in the system process without a qualified user: android.app.ContextImpl.sendBroadcast:1181 android.content.ContextWrapper.sendBroadcast:479 cn.eben.newweather.DateWeatherService.a:19 cn.eben.newweather.DateWeatherService.a:0 cn.eben.newweather.DateWeatherService$1.handleMessage:7
05-12 10:04:45.003 1306 1306 W ContextImpl: Calling a method in the system process without a qualified user: android.app.ContextImpl.sendBroadcast:1181 android.content.ContextWrapper.sendBroadcast:479 cn.eben.newweather.DateWeatherService.a:19 cn.eben.newweather.DateWeatherService.a:0 cn.eben.newweather.DateWeatherService$1.handleMessage:7
05-12 10:04:45.338 621 2478 W ContentProviderHelper: Permission Denial: opening provider com.android.providers.contacts.ContactsProvider2 from ProcessRecord{f2a0ab0 1686:cn.eben.sync/u0a63} (pid=1686, uid=10063) requires android.permission.READ_CONTACTS or android.permission.WRITE_CONTACTS
05-12 10:04:46.002 1306 1306 W ContextImpl: Calling a method in the system process without a qualified user: android.app.ContextImpl.sendBroadcast:1181 android.content.ContextWrapper.sendBroadcast:479 cn.eben.newweather.DateWeatherService.a:19 cn.eben.newweather.DateWeatherService.a:0 cn.eben.newweather.DateWeatherService$1.handleMessage:7
05-12 10:04:47.002 1306 1306 W ContextImpl: Calling a method in the system process without a qualified user: android.app.ContextImpl.sendBroadcast:1181 android.content.ContextWrapper.sendBroadcast:479 cn.eben.newweather.DateWeatherService.a:19 cn.eben.newweather.DateWeatherService.a:0 cn.eben.newweather.DateWeatherService$1.handleMessage:7
05-12 10:04:48.003 1306 1306 W ContextImpl: Calling a method in the system process without a qualified user: android.app.ContextImpl.sendBroadcast:1181 android.content.ContextWrapper.sendBroadcast:479 cn.eben.newweather.DateWeatherService.a:19 cn.eben.newweather.DateWeatherService.a:0 cn.eben.newweather.DateWeatherService$1.handleMessage:7
05-12 10:04:49.003 1306 1306 W ContextImpl: Calling a method in the system process without a qualified user: android.app.ContextImpl.sendBroadcast:1181 android.content.ContextWrapper.sendBroadcast:479 cn.eben.newweather.DateWeatherService.a:19 cn.eben.newweather.DateWeatherService.a:0 cn.eben.newweather.DateWeatherService$1.handleMessage:7
05-12 10:04:50.004 1306 1306 W ContextImpl: Calling a method in the system process without a qualified user: android.app.ContextImpl.sendBroadcast:1181 android.content.ContextWrapper.sendBroadcast:479 cn.eben.newweather.DateWeatherService.a:19 cn.eben.newweather.DateWeatherService.a:0 cn.eben.newweather.DateWeatherService$1.handleMessage:7
05-12 10:04:50.344 621 2478 W ContentProviderHelper: Permission Denial: opening provider com.android.providers.contacts.ContactsProvider2 from ProcessRecord{f2a0ab0 1686:cn.eben.sync/u0a63} (pid=1686, uid=10063) requires android.permission.READ_CONTACTS or android.permission.WRITE_CONTACTS
05-12 10:04:51.001 1306 1306 W ContextImpl: Calling a method in the system process without a qualified user: android.app.ContextImpl.sendBroadcast:1181 android.content.ContextWrapper.sendBroadcast:479 cn.eben.newweather.DateWeatherService.a:19 cn.eben.newweather.DateWeatherService.a:0 cn.eben.newweather.DateWeatherService$1.handleMessage:7
05-12 10:04:52.002 1306 1306 W ContextImpl: Calling a method in the system process without a qualified user: android.app.ContextImpl.sendBroadcast:1181 android.content.ContextWrapper.sendBroadcast:479 cn.eben.newweather.DateWeatherService.a:19 cn.eben.newweather.DateWeatherService.a:0 cn.eben.newweather.DateWeatherService$1.handleMessage:7
05-12 10:04:53.003 1306 1306 W ContextImpl: Calling a method in the system process without a qualified user: android.app.ContextImpl.sendBroadcast:1181 android.content.ContextWrapper.sendBroadcast:479 cn.eben.newweather.DateWeatherService.a:19 cn.eben.newweather.DateWeatherService.a:0 cn.eben.newweather.DateWeatherService$1.handleMessage:7
05-12 10:04:54.003 1306 1306 W ContextImpl: Calling a method in the system process without a qualified user: android.app.ContextImpl.sendBroadcast:1181 android.content.ContextWrapper.sendBroadcast:479 cn.eben.newweather.DateWeatherService.a:19 cn.eben.newweather.DateWeatherService.a:0 cn.eben.newweather.DateWeatherService$1.handleMessage:7
05-12 10:04:55.003 1306 1306 W ContextImpl: Calling a method in the system process without a qualified user: android.app.ContextImpl.sendBroadcast:1181 android.content.ContextWrapper.sendBroadcast:479 cn.eben.newweather.DateWeatherService.a:19 cn.eben.newweather.DateWeatherService.a:0 cn.eben.newweather.DateWeatherService$1.handleMessage:7
05-12 10:04:55.350 621 2478 W ContentProviderHelper: Permission Denial: opening provider com.android.providers.contacts.ContactsProvider2 from ProcessRecord{f2a0ab0 1686:cn.eben.sync/u0a63} (pid=1686, uid=10063) requires android.permission.READ_CONTACTS or android.permission.WRITE_CONTACTS
05-12 10:04:56.003 1306 1306 W ContextImpl: Calling a method in the system process without a qualified user: android.app.ContextImpl.sendBroadcast:1181 android.content.ContextWrapper.sendBroadcast:479 cn.eben.newweather.DateWeatherService.a:19 cn.eben.newweather.DateWeatherService.a:0 cn.eben.newweather.DateWeatherService$1.handleMessage:7
05-12 10:04:57.003 1306 1306 W ContextImpl: Calling a method in the system process without a qualified user: android.app.ContextImpl.sendBroadcast:1181 android.content.ContextWrapper.sendBroadcast:479 cn.eben.newweather.DateWeatherService.a:19 cn.eben.newweather.DateWeatherService.a:0 cn.eben.newweather.DateWeatherService$1.handleMessage:7
05-12 10:04:58.003 1306 1306 W ContextImpl: Calling a method in the system process without a qualified user: android.app.ContextImpl.sendBroadcast:1181 android.content.ContextWrapper.sendBroadcast:479 cn.eben.newweather.DateWeatherService.a:19 cn.eben.newweather.DateWeatherService.a:0 cn.eben.newweather.DateWeatherService$1.handleMessage:7
05-12 10:04:59.002 1306 1306 W ContextImpl: Calling a method in the system process without a qualified user: android.app.ContextImpl.sendBroadcast:1181 android.content.ContextWrapper.sendBroadcast:479 cn.eben.newweather.DateWeatherService.a:19 cn.eben.newweather.DateWeatherService.a:0 cn.eben.newweather.DateWeatherService$1.handleMessage:7
05-12 10:05:00.006 1306 1306 W ContextImpl: Calling a method in the system process without a qualified user: android.app.ContextImpl.sendBroadcast:1181 android.content.ContextWrapper.sendBroadcast:479 cn.eben.newweather.DateWeatherService.a:19 cn.eben.newweather.DateWeatherService.a:0 cn.eben.newweather.DateWeatherService$1.handleMessage:7
05-12 10:05:00.356 621 700 W ContentProviderHelper: Permission Denial: opening provider com.android.providers.contacts.ContactsProvider2 from ProcessRecord{f2a0ab0 1686:cn.eben.sync/u0a63} (pid=1686, uid=10063) requires android.permission.READ_CONTACTS or android.permission.WRITE_CONTACTS
05-12 10:05:01.003 1306 1306 W ContextImpl: Calling a method in the system process without a qualified user: android.app.ContextImpl.sendBroadcast:1181 android.content.ContextWrapper.sendBroadcast:479 cn.eben.newweather.DateWeatherService.a:19 cn.eben.newweather.DateWeatherService.a:0 cn.eben.newweather.DateWeatherService$1.handleMessage:7
05-12 10:05:02.003 1306 1306 W ContextImpl: Calling a method in the system process without a qualified user: android.app.ContextImpl.sendBroadcast:1181 android.content.ContextWrapper.sendBroadcast:479 cn.eben.newweather.DateWeatherService.a:19 cn.eben.newweather.DateWeatherService.a:0 cn.eben.newweather.DateWeatherService$1.handleMessage:7
05-12 10:05:03.002 1306 1306 W ContextImpl: Calling a method in the system process without a qualified user: android.app.ContextImpl.sendBroadcast:1181 android.content.ContextWrapper.sendBroadcast:479 cn.eben.newweather.DateWeatherService.a:19 cn.eben.newweather.DateWeatherService.a:0 cn.eben.newweather.DateWeatherService$1.handleMessage:7
05-12 10:05:04.003 1306 1306 W ContextImpl: Calling a method in the system process without a qualified user: android.app.ContextImpl.sendBroadcast:1181 android.content.ContextWrapper.sendBroadcast:479 cn.eben.newweather.DateWeatherService.a:19 cn.eben.newweather.DateWeatherService.a:0 cn.eben.newweather.DateWeatherService$1.handleMessage:7
05-12 10:26:16.910 439 439 W healthd : battery l=100 v=8428 t=27.5 h=1 st=3 c=-256000 fc=9700000 cc=7 chg=
05-12 10:05:05.003 1306 1306 W ContextImpl: Calling a method in the system process without a qualified user: android.app.ContextImpl.sendBroadcast:1181 android.content.ContextWrapper.sendBroadcast:479 cn.eben.newweather.DateWeatherService.a:19 cn.eben.newweather.DateWeatherService.a:0 cn.eben.newweather.DateWeatherService$1.handleMessage:7
05-12 10:05:05.362 621 700 W ContentProviderHelper: Permission Denial: opening provider com.android.providers.contacts.ContactsProvider2 from ProcessRecord{f2a0ab0 1686:cn.eben.sync/u0a63} (pid=1686, uid=10063) requires android.permission.READ_CONTACTS or android.permission.WRITE_CONTACTS
05-12 10:05:06.002 1306 1306 W ContextImpl: Calling a method in the system process without a qualified user: android.app.ContextImpl.sendBroadcast:1181 android.content.ContextWrapper.sendBroadcast:479 cn.eben.newweather.DateWeatherService.a:19 cn.eben.newweather.DateWeatherService.a:0 cn.eben.newweather.DateWeatherService$1.handleMessage:7
05-12 10:05:07.003 1306 1306 W ContextImpl: Calling a method in the system process without a qualified user: android.app.ContextImpl.sendBroadcast:1181 android.content.ContextWrapper.sendBroadcast:479 cn.eben.newweather.DateWeatherService.a:19 cn.eben.newweather.DateWeatherService.a:0 cn.eben.newweather.DateWeatherService$1.handleMessage:7
05-12 10:05:08.003 1306 1306 W ContextImpl: Calling a method in the system process without a qualified user: android.app.ContextImpl.sendBroadcast:1181 android.content.ContextWrapper.sendBroadcast:479 cn.eben.newweather.DateWeatherService.a:19 cn.eben.newweather.DateWeatherService.a:0 cn.eben.newweather.DateWeatherService$1.handleMessage:7
05-12 10:05:09.003 1306 1306 W ContextImpl: Calling a method in the system process without a qualified user: android.app.ContextImpl.sendBroadcast:1181 android.content.ContextWrapper.sendBroadcast:479 cn.eben.newweather.DateWeatherService.a:19 cn.eben.newweather.DateWeatherService.a:0 cn.eben.newweather.DateWeatherService$1.handleMessage:7
05-12 10:05:10.002 1306 1306 W ContextImpl: Calling a method in the system process without a qualified user: android.app.ContextImpl.sendBroadcast:1181 android.content.ContextWrapper.sendBroadcast:479 cn.eben.newweather.DateWeatherService.a:19 cn.eben.newweather.DateWeatherService.a:0 cn.eben.newweather.DateWeatherService$1.handleMessage:7
05-12 10:05:10.367 621 700 W ContentProviderHelper: Permission Denial: opening provider com.android.providers.contacts.ContactsProvider2 from ProcessRecord{f2a0ab0 1686:cn.eben.sync/u0a63} (pid=1686, uid=10063) requires android.permission.READ_CONTACTS or android.permission.WRITE_CONTACTS
05-12 10:05:11.002 1306 1306 W ContextImpl: Calling a method in the system process without a qualified user: android.app.ContextImpl.sendBroadcast:1181 android.content.ContextWrapper.sendBroadcast:479 cn.eben.newweather.DateWeatherService.a:19 cn.eben.newweather.DateWeatherService.a:0 cn.eben.newweather.DateWeatherService$1.handleMessage:7
05-12 10:05:12.003 1306 1306 W ContextImpl: Calling a method in the system process without a qualified user: android.app.ContextImpl.sendBroadcast:1181 android.content.ContextWrapper.sendBroadcast:479 cn.eben.newweather.DateWeatherService.a:19 cn.eben.newweather.DateWeatherService.a:0 cn.eben.newweather.DateWeatherService$1.handleMessage:7
05-12 10:05:13.003 1306 1306 W ContextImpl: Calling a method in the system process without a qualified user: android.app.ContextImpl.sendBroadcast:1181 android.content.ContextWrapper.sendBroadcast:479 cn.eben.newweather.DateWeatherService.a:19 cn.eben.newweather.DateWeatherService.a:0 cn.eben.newweather.DateWeatherService$1.handleMessage:7
05-12 10:05:14.003 1306 1306 W ContextImpl: Calling a method in the system process without a qualified user: android.app.ContextImpl.sendBroadcast:1181 android.content.ContextWrapper.sendBroadcast:479 cn.eben.newweather.DateWeatherService.a:19 cn.eben.newweather.DateWeatherService.a:0 cn.eben.newweather.DateWeatherService$1.handleMessage:7
05-12 10:05:15.001 1306 1306 W ContextImpl: Calling a method in the system process without a qualified user: android.app.ContextImpl.sendBroadcast:1181 android.content.ContextWrapper.sendBroadcast:479 cn.eben.newweather.DateWeatherService.a:19 cn.eben.newweather.DateWeatherService.a:0 cn.eben.newweather.DateWeatherService$1.handleMessage:7
05-12 10:05:15.373 621 700 W ContentProviderHelper: Permission Denial: opening provider com.android.providers.contacts.ContactsProvider2 from ProcessRecord{f2a0ab0 1686:cn.eben.sync/u0a63} (pid=1686, uid=10063) requires android.permission.READ_CONTACTS or android.permission.WRITE_CONTACTS
05-12 10:05:16.003 1306 1306 W ContextImpl: Calling a method in the system process without a qualified user: android.app.ContextImpl.sendBroadcast:1181 android.content.ContextWrapper.sendBroadcast:479 cn.eben.newweather.DateWeatherService.a:19 cn.eben.newweather.DateWeatherService.a:0 cn.eben.newweather.DateWeatherService$1.handleMessage:7
05-12 10:05:17.002 1306 1306 W ContextImpl: Calling a method in the system process without a qualified user: android.app.ContextImpl.sendBroadcast:1181 android.content.ContextWrapper.sendBroadcast:479 cn.eben.newweather.DateWeatherService.a:19 cn.eben.newweather.DateWeatherService.a:0 cn.eben.newweather.DateWeatherService$1.handleMessage:7
05-12 10:05:18.003 1306 1306 W ContextImpl: Calling a method in the system process without a qualified user: android.app.ContextImpl.sendBroadcast:1181 android.content.ContextWrapper.sendBroadcast:479 cn.eben.newweather.DateWeatherService.a:19 cn.eben.newweather.DateWeatherService.a:0 cn.eben.newweather.DateWeatherService$1.handleMessage:7
05-12 10:05:19.003 1306 1306 W ContextImpl: Calling a method in the system process without a qualified user: android.app.ContextImpl.sendBroadcast:1181 android.content.ContextWrapper.sendBroadcast:479 cn.eben.newweather.DateWeatherService.a:19 cn.eben.newweather.DateWeatherService.a:0 cn.eben.newweather.DateWeatherService$1.handleMessage:7
05-12 10:05:20.003 1306 1306 W ContextImpl: Calling a method in the system process without a qualified user: android.app.ContextImpl.sendBroadcast:1181 android.content.ContextWrapper.sendBroadcast:479 cn.eben.newweather.DateWeatherService.a:19 cn.eben.newweather.DateWeatherService.a:0 cn.eben.newweather.DateWeatherService$1.handleMessage:7
05-12 10:05:20.379 621 700 W ContentProviderHelper: Permission Denial: opening provider com.android.providers.contacts.ContactsProvider2 from ProcessRecord{f2a0ab0 1686:cn.eben.sync/u0a63} (pid=1686, uid=10063) requires android.permission.READ_CONTACTS or android.permission.WRITE_CONTACTS
05-12 10:05:21.002 1306 1306 W ContextImpl: Calling a method in the system process without a qualified user: android.app.ContextImpl.sendBroadcast:1181 android.content.ContextWrapper.sendBroadcast:479 cn.eben.newweather.DateWeatherService.a:19 cn.eben.newweather.DateWeatherService.a:0 cn.eben.newweather.DateWeatherService$1.handleMessage:7
05-12 10:05:22.002 1306 1306 W ContextImpl: Calling a method in the system process without a qualified user: android.app.ContextImpl.sendBroadcast:1181 android.content.ContextWrapper.sendBroadcast:479 cn.eben.newweather.DateWeatherService.a:19 cn.eben.newweather.DateWeatherService.a:0 cn.eben.newweather.DateWeatherService$1.handleMessage:7
05-12 10:05:23.003 1306 1306 W ContextImpl: Calling a method in the system process without a qualified user: android.app.ContextImpl.sendBroadcast:1181 android.content.ContextWrapper.sendBroadcast:479 cn.eben.newweather.DateWeatherService.a:19 cn.eben.newweather.DateWeatherService.a:0 cn.eben.newweather.DateWeatherService$1.handleMessage:7
05-12 10:05:24.002 1306 1306 W ContextImpl: Calling a method in the system process without a qualified user: android.app.ContextImpl.sendBroadcast:1181 android.content.ContextWrapper.sendBroadcast:479 cn.eben.newweather.DateWeatherService.a:19 cn.eben.newweather.DateWeatherService.a:0 cn.eben.newweather.DateWeatherService$1.handleMessage:7
05-12 10:05:25.002 1306 1306 W ContextImpl: Calling a method in the system process without a qualified user: android.app.ContextImpl.sendBroadcast:1181 android.content.ContextWrapper.sendBroadcast:479 cn.eben.newweather.DateWeatherService.a:19 cn.eben.newweather.DateWeatherService.a:0 cn.eben.newweather.DateWeatherService$1.handleMessage:7
05-12 10:05:25.385 621 700 W ContentProviderHelper: Permission Denial: opening provider com.android.providers.contacts.ContactsProvider2 from ProcessRecord{f2a0ab0 1686:cn.eben.sync/u0a63} (pid=1686, uid=10063) requires android.permission.READ_CONTACTS or android.permission.WRITE_CONTACTS
05-12 10:05:26.002 1306 1306 W ContextImpl: Calling a method in the system process without a qualified user: android.app.ContextImpl.sendBroadcast:1181 android.content.ContextWrapper.sendBroadcast:479 cn.eben.newweather.DateWeatherService.a:19 cn.eben.newweather.DateWeatherService.a:0 cn.eben.newweather.DateWeatherService$1.handleMessage:7
05-12 10:05:27.003 1306 1306 W ContextImpl: Calling a method in the system process without a qualified user: android.app.ContextImpl.sendBroadcast:1181 android.content.ContextWrapper.sendBroadcast:479 cn.eben.newweather.DateWeatherService.a:19 cn.eben.newweather.DateWeatherService.a:0 cn.eben.newweather.DateWeatherService$1.handleMessage:7
05-12 10:05:27.912 621 662 V DisplayPowerController[0]: Brightness [0.05] reason changing to: 'manual [ dim ]', previous reason: 'manual'.
05-12 10:05:28.003 1306 1306 W ContextImpl: Calling a method in the system process without a qualified user: android.app.ContextImpl.sendBroadcast:1181 android.content.ContextWrapper.sendBroadcast:479 cn.eben.newweather.DateWeatherService.a:19 cn.eben.newweather.DateWeatherService.a:0 cn.eben.newweather.DateWeatherService$1.handleMessage:7
05-12 10:05:29.003 1306 1306 W ContextImpl: Calling a method in the system process without a qualified user: android.app.ContextImpl.sendBroadcast:1181 android.content.ContextWrapper.sendBroadcast:479 cn.eben.newweather.DateWeatherService.a:19 cn.eben.newweather.DateWeatherService.a:0 cn.eben.newweather.DateWeatherService$1.handleMessage:7
05-12 10:05:30.002 1306 1306 W ContextImpl: Calling a method in the system process without a qualified user: android.app.ContextImpl.sendBroadcast:1181 android.content.ContextWrapper.sendBroadcast:479 cn.eben.newweather.DateWeatherService.a:19 cn.eben.newweather.DateWeatherService.a:0 cn.eben.newweather.DateWeatherService$1.handleMessage:7
05-12 10:05:30.391 621 700 W ContentProviderHelper: Permission Denial: opening provider com.android.providers.contacts.ContactsProvider2 from ProcessRecord{f2a0ab0 1686:cn.eben.sync/u0a63} (pid=1686, uid=10063) requires android.permission.READ_CONTACTS or android.permission.WRITE_CONTACTS
05-12 10:05:31.003 1306 1306 W ContextImpl: Calling a method in the system process without a qualified user: android.app.ContextImpl.sendBroadcast:1181 android.content.ContextWrapper.sendBroadcast:479 cn.eben.newweather.DateWeatherService.a:19 cn.eben.newweather.DateWeatherService.a:0 cn.eben.newweather.DateWeatherService$1.handleMessage:7
05-12 10:05:32.002 1306 1306 W ContextImpl: Calling a method in the system process without a qualified user: android.app.ContextImpl.sendBroadcast:1181 android.content.ContextWrapper.sendBroadcast:479 cn.eben.newweather.DateWeatherService.a:19 cn.eben.newweather.DateWeatherService.a:0 cn.eben.newweather.DateWeatherService$1.handleMessage:7
05-12 10:05:33.003 1306 1306 W ContextImpl: Calling a method in the system process without a qualified user: android.app.ContextImpl.sendBroadcast:1181 android.content.ContextWrapper.sendBroadcast:479 cn.eben.newweather.DateWeatherService.a:19 cn.eben.newweather.DateWeatherService.a:0 cn.eben.newweather.DateWeatherService$1.handleMessage:7
05-12 10:05:34.002 1306 1306 W ContextImpl: Calling a method in the system process without a qualified user: android.app.ContextImpl.sendBroadcast:1181 android.content.ContextWrapper.sendBroadcast:479 cn.eben.newweather.DateWeatherService.a:19 cn.eben.newweather.DateWeatherService.a:0 cn.eben.newweather.DateWeatherService$1.handleMessage:7
05-12 10:05:34.890 621 662 I PowerManagerService: Powering off display group due to timeout (groupId= 0, uid= 1000)...
05-12 10:05:34.890 621 662 I PowerManagerService: Going to sleep due to timeout (uid 1000)...
05-12 10:05:34.995 621 662 V DisplayPowerController[0]: Brightness [0.5472441] reason changing to: 'manual', previous reason: 'manual [ dim ]'.
05-12 10:05:35.011 1306 1306 W ContextImpl: Calling a method in the system process without a qualified user: android.app.ContextImpl.sendBroadcast:1181 android.content.ContextWrapper.sendBroadcast:479 cn.eben.newweather.DateWeatherService.a:19 cn.eben.newweather.DateWeatherService.a:0 cn.eben.newweather.DateWeatherService$1.handleMessage:7
05-12 10:05:35.398 621 876 W ContentProviderHelper: Permission Denial: opening provider com.android.providers.contacts.ContactsProvider2 from ProcessRecord{f2a0ab0 1686:cn.eben.sync/u0a63} (pid=1686, uid=10063) requires android.permission.READ_CONTACTS or android.permission.WRITE_CONTACTS
05-12 10:05:35.431 621 662 I DisplayPowerController[0]: Blocking screen off
05-12 10:05:35.434 621 662 I DisplayPowerController[0]: Unblocked screen off after 3 ms
05-12 10:05:35.438 621 662 D ActivityTaskManager: Top Process State changed to PROCESS_STATE_TOP_SLEEPING
05-12 10:26:47.926 477 477 I gsensor_mxc6655 5-0015: set sensor poll time to 200ms
05-12 10:05:35.453 621 662 V DisplayPowerController[0]: Brightness [0.003937008] reason changing to: 'screen_off', previous reason: 'manual'.
05-12 10:05:35.468 621 641 I DisplayDeviceRepository: Display device changed state: "内置屏幕", OFF
05-12 10:26:47.973 331 331 W audit : audit_lost=498 audit_rate_limit=5 audit_backlog_limit=64
05-12 10:26:47.973 331 331 E audit : rate limit exceeded
05-12 10:26:47.989 439 439 W healthd : battery l=100 v=8488 t=27.5 h=1 st=3 c=-256000 fc=9700000 cc=7 chg=
05-12 10:26:48.225 352 352 I rockchip-vop2 fdd90000.vop: [drm:vop2_crtc_atomic_disable] Crtc atomic disable vp2
05-12 10:05:35.763 621 662 I PowerManagerService: Sleeping display group (groupId=0, uid=1000)...
05-12 10:05:35.763 621 662 I PowerManagerService: Sleeping (uid 1000)...
05-12 10:26:48.239 352 352 E rockchip-vop2 fdd90000.vop: [drm:vop2_crtc_atomic_disable] *ERROR* unexpected power on pd7
05-12 10:05:35.800 621 876 W ActivityManager: Ignoring request to force stop protected package u0
05-12 10:26:48.381 2336 2336 I PM : suspend entry (deep)
05-12 10:26:48.402 2336 2336 I Filesystems sync: 0.021 seconds
05-12 10:06:00.204 1306 1306 W ContextImpl: Calling a method in the system process without a qualified user: android.app.ContextImpl.sendBroadcast:1181 android.content.ContextWrapper.sendBroadcast:479 cn.eben.newweather.DateWeatherService.a:19 cn.eben.newweather.DateWeatherService.a:0 cn.eben.newweather.DateWeatherService$1.handleMessage:7
05-12 10:26:48.402 2336 2336 I : Freezing user space processes ... (elapsed 0.007 seconds) done.
05-12 10:26:48.410 2336 2336 I : OOM killer disabled.
05-12 10:26:48.410 2336 2336 I : Freezing remaining freezable tasks ... (elapsed 0.145 seconds) done.
05-12 10:26:48.556 2336 2336 I printk : Suspending console(s) (use no_console_suspend to debug)
05-12 10:26:48.642 2336 2336 E regulator-dummy: Underflow of regulator enable count
05-12 10:26:48.642 2336 2336 E wacom_i2c 4-0009: disable regulator failed -22
05-12 10:26:48.888 2336 2336 I : Disabling non-boot CPUs ...
05-12 10:26:48.890 2336 2336 I psci : CPU1 killed (polled 0 ms)
05-12 10:26:48.892 2336 2336 I psci : CPU2 killed (polled 0 ms)
05-12 10:26:48.894 2336 2336 I psci : CPU3 killed (polled 0 ms)
05-12 10:26:48.897 2336 2336 I psci : CPU4 killed (polled 0 ms)
05-12 10:26:48.899 2336 2336 I psci : CPU5 killed (polled 0 ms)
05-12 10:26:48.901 2336 2336 I psci : CPU6 killed (polled 0 ms)
05-12 10:26:48.902 2336 2336 I psci : CPU7 killed (polled 0 ms)
05-12 10:27:12.490 0 0 W [ C0] PM: pm_system_irq_wakeup: 114 triggered hym8563
05-12 10:27:12.490 2336 2336 I : Enabling non-boot CPUs ...
05-12 10:27:12.491 0 0 I : Detected VIPT I-cache on CPU1
05-12 10:27:12.492 0 0 I GICv3 : CPU1: found redistributor 100 region 0:0x00000000fe6a0000
05-12 10:27:12.492 0 0 I CPU1 : Booted secondary processor 0x0000000100 [0x412fd050]
05-12 10:27:12.492 2336 2336 I : CPU1 is up
05-12 10:27:12.493 0 0 I : Detected VIPT I-cache on CPU2
05-12 10:27:12.493 0 0 I GICv3 : CPU2: found redistributor 200 region 0:0x00000000fe6c0000
05-12 10:27:12.493 0 0 I CPU2 : Booted secondary processor 0x0000000200 [0x412fd050]
05-12 10:27:12.494 2336 2336 I : CPU2 is up
05-12 10:27:12.495 0 0 I : Detected VIPT I-cache on CPU3
05-12 10:27:12.495 0 0 I GICv3 : CPU3: found redistributor 300 region 0:0x00000000fe6e0000
05-12 10:27:12.495 0 0 I CPU3 : Booted secondary processor 0x0000000300 [0x412fd050]
05-12 10:27:12.495 2336 2336 I : CPU3 is up
05-12 10:27:12.496 0 0 I : Detected PIPT I-cache on CPU4
05-12 10:27:12.496 0 0 I GICv3 : CPU4: found redistributor 400 region 0:0x00000000fe700000
05-12 10:27:12.496 0 0 I CPU4 : Booted secondary processor 0x0000000400 [0x414fd0b0]
05-12 10:27:12.497 2336 2336 I : CPU4 is up
05-12 10:27:12.498 0 0 I : Detected PIPT I-cache on CPU5
05-12 10:27:12.498 0 0 I GICv3 : CPU5: found redistributor 500 region 0:0x00000000fe720000
05-12 10:27:12.498 0 0 I CPU5 : Booted secondary processor 0x0000000500 [0x414fd0b0]
05-12 10:27:12.499 2336 2336 I : CPU5 is up
05-12 10:27:12.500 0 0 I : Detected PIPT I-cache on CPU6
05-12 10:27:12.500 0 0 I GICv3 : CPU6: found redistributor 600 region 0:0x00000000fe740000
05-12 10:27:12.500 0 0 I CPU6 : Booted secondary processor 0x0000000600 [0x414fd0b0]
05-12 10:27:12.501 2336 2336 I : CPU6 is up
05-12 10:27:12.502 0 0 I : Detected PIPT I-cache on CPU7
05-12 10:27:12.502 0 0 I GICv3 : CPU7: found redistributor 700 region 0:0x00000000fe760000
05-12 10:27:12.502 0 0 I CPU7 : Booted secondary processor 0x0000000700 [0x414fd0b0]
05-12 10:27:12.503 2336 2336 I : CPU7 is up
05-12 10:27:12.509 2336 2336 I rk_gmac-dwmac fe1c0000.ethernet: init for RGMII
05-12 10:27:12.509 2673 2673 I usb1 : root hub lost power or was reset
05-12 10:27:12.515 2336 2336 E PM : dpm_run_callback(): wacom_i2c_resume+0x0/0xdc returns -6
05-12 10:27:12.515 2336 2336 E PM : Device 4-0009 failed to resume: error -6
05-12 10:27:12.576 2336 2336 I usb2 : root hub lost power or was reset
05-12 10:27:12.673 2336 2336 I : OOM killer enabled.
05-12 10:27:12.673 2336 2336 I : Restarting tasks ...
05-12 10:27:12.689 179 179 I : mmc_host mmc0: Bus speed (slot 0) = 400000Hz (slot req 400000Hz, actual 400000HZ div = 0)
05-12 10:27:12.695 2336 2336 W : done.
05-12 10:27:12.695 2336 2336 I : Resume caused by IRQ 114, hym8563
05-12 10:27:12.695 2336 2336 I PM : suspend exit
05-12 10:27:12.804 2336 2336 I PM : suspend entry (deep)
05-12 10:27:12.882 179 179 I : mmc_host mmc0: Bus speed (slot 0) = 49500000Hz (slot req 50000000Hz, actual 49500000HZ div = 0)
05-12 10:27:13.465 2336 2336 I Filesystems sync: 0.660 seconds
05-12 10:27:13.465 2336 2336 I : Freezing user space processes ...
05-12 10:27:13.469 2336 2336 I PM : PM: Last active Wakeup Source: gpu
05-12 10:27:13.469 2336 2336 E : Freezing of tasks aborted after 0.004 seconds
05-12 10:27:13.469 2336 2336 I : OOM killer enabled.
05-12 10:27:13.469 2336 2336 I : Restarting tasks ... done.
05-12 10:27:13.473 2336 2336 I Abort : Last active Wakeup Source: gpu
05-12 10:27:13.473 2336 2336 I PM : suspend exit
05-12 10:06:01.003 1306 1306 W ContextImpl: Calling a method in the system process without a qualified user: android.app.ContextImpl.sendBroadcast:1181 android.content.ContextWrapper.sendBroadcast:479 cn.eben.newweather.DateWeatherService.a:19 cn.eben.newweather.DateWeatherService.a:0 cn.eben.newweather.DateWeatherService$1.handleMessage:7
05-12 10:06:01.061 621 646 E DiscreteRegistry: Deleting file 1746928331869tl
05-12 10:06:01.061 621 646 E DiscreteRegistry: Deleting file 1746928702038tl
05-12 10:06:01.062 621 646 E DiscreteRegistry: Deleting file 1746928825923tl
05-12 10:06:01.062 621 646 E DiscreteRegistry: Deleting file 1746928950873tl
05-12 10:06:01.063 621 646 E DiscreteRegistry: Deleting file 1746929033319tl
05-12 10:06:01.063 621 646 E DiscreteRegistry: Deleting file 1746929156838tl
05-12 10:06:01.064 621 646 E DiscreteRegistry: Deleting file 1746928373818tl
05-12 10:06:01.064 621 646 E DiscreteRegistry: Deleting file 1746928456682tl
05-12 10:06:01.065 621 646 E DiscreteRegistry: Deleting file 1746928498669tl
05-12 10:06:01.065 621 646 E DiscreteRegistry: Deleting file 1746928619829tl
05-12 10:06:01.065 621 646 E DiscreteRegistry: Deleting file 1746928743624tl
05-12 10:06:01.065 621 646 E DiscreteRegistry: Deleting file 1746928867887tl
05-12 10:06:01.066 621 646 E DiscreteRegistry: Deleting file 1746928909825tl
05-12 10:06:01.066 621 646 E DiscreteRegistry: Deleting file 1746928992175tl
05-12 10:06:01.067 621 646 E DiscreteRegistry: Deleting file 1746928290774tl
05-12 10:06:01.067 621 646 E DiscreteRegistry: Deleting file 1746928538154tl
05-12 10:06:01.067 621 646 E DiscreteRegistry: Deleting file 1746928784467tl
05-12 10:06:01.068 621 646 E DiscreteRegistry: Deleting file 1746929074650tl
05-12 10:06:01.068 621 646 E DiscreteRegistry: Deleting file 1746929116759tl
05-12 10:06:01.069 621 646 E DiscreteRegistry: Deleting file 1746928415193tl
05-12 10:06:01.069 621 646 E DiscreteRegistry: Deleting file 1746928578803tl
05-12 10:06:01.069 621 646 E DiscreteRegistry: Deleting file 1746928660599tl
05-12 10:27:13.674 2336 2336 I PM : suspend entry (deep)
05-12 10:27:13.692 2336 2336 I Filesystems sync: 0.017 seconds
05-12 10:27:13.692 2336 2336 I : Freezing user space processes ... (elapsed 0.006 seconds) done.
05-12 10:27:13.699 2336 2336 I : OOM killer disabled.
05-12 10:27:13.699 2336 2336 I : Freezing remaining freezable tasks ... (elapsed 0.012 seconds) done.
05-12 10:27:13.712 2336 2336 I printk : Suspending console(s) (use no_console_suspend to debug)
05-12 10:27:13.795 2336 2336 E regulator-dummy: Underflow of regulator enable count
05-12 10:27:13.795 2336 2336 E wacom_i2c 4-0009: disable regulator failed -22
05-12 10:27:14.048 2336 2336 I : Disabling non-boot CPUs ...
05-12 10:27:14.049 2336 2336 I psci : CPU1 killed (polled 0 ms)
05-12 10:27:14.050 2336 2336 I psci : CPU2 killed (polled 0 ms)
05-12 10:27:14.052 2336 2336 I psci : CPU3 killed (polled 0 ms)
05-12 10:27:14.054 2336 2336 I psci : CPU4 killed (polled 0 ms)
05-12 10:27:14.055 2336 2336 I psci : CPU5 killed (polled 0 ms)
05-12 10:27:14.057 2336 2336 I psci : CPU6 killed (polled 0 ms)
05-12 10:27:14.058 2336 2336 I psci : CPU7 killed (polled 0 ms)
05-12 10:27:15.262 0 0 W [ C0] PM: pm_system_irq_wakeup: 106 triggered rk806
05-12 10:27:15.263 2336 2336 I : Enabling non-boot CPUs ...
05-12 10:27:15.264 0 0 I : Detected VIPT I-cache on CPU1
05-12 10:27:15.264 0 0 I GICv3 : CPU1: found redistributor 100 region 0:0x00000000fe6a0000
05-12 10:27:15.264 0 0 I CPU1 : Booted secondary processor 0x0000000100 [0x412fd050]
05-12 10:27:15.264 2336 2336 I : CPU1 is up
05-12 10:27:15.265 0 0 I : Detected VIPT I-cache on CPU2
05-12 10:27:15.265 0 0 I GICv3 : CPU2: found redistributor 200 region 0:0x00000000fe6c0000
05-12 10:27:15.265 0 0 I CPU2 : Booted secondary processor 0x0000000200 [0x412fd050]
05-12 10:27:15.266 2336 2336 I : CPU2 is up
05-12 10:27:15.267 0 0 I : Detected VIPT I-cache on CPU3
05-12 10:27:15.267 0 0 I GICv3 : CPU3: found redistributor 300 region 0:0x00000000fe6e0000
05-12 10:27:15.267 0 0 I CPU3 : Booted secondary processor 0x0000000300 [0x412fd050]
05-12 10:27:15.267 2336 2336 I : CPU3 is up
05-12 10:27:15.268 0 0 I : Detected PIPT I-cache on CPU4
05-12 10:27:15.268 0 0 I GICv3 : CPU4: found redistributor 400 region 0:0x00000000fe700000
05-12 10:27:15.268 0 0 I CPU4 : Booted secondary processor 0x0000000400 [0x414fd0b0]
05-12 10:27:15.269 2336 2336 I : CPU4 is up
05-12 10:27:15.270 0 0 I : Detected PIPT I-cache on CPU5
05-12 10:27:15.270 0 0 I GICv3 : CPU5: found redistributor 500 region 0:0x00000000fe720000
05-12 10:27:15.270 0 0 I CPU5 : Booted secondary processor 0x0000000500 [0x414fd0b0]
05-12 10:27:15.271 2336 2336 I : CPU5 is up
05-12 10:27:15.272 0 0 I : Detected PIPT I-cache on CPU6
05-12 10:27:15.272 0 0 I GICv3 : CPU6: found redistributor 600 region 0:0x00000000fe740000
05-12 10:27:15.272 0 0 I CPU6 : Booted secondary processor 0x0000000600 [0x414fd0b0]
05-12 10:27:15.273 2336 2336 I : CPU6 is up
05-12 10:27:15.274 0 0 I : Detected PIPT I-cache on CPU7
05-12 10:27:15.274 0 0 I GICv3 : CPU7: found redistributor 700 region 0:0x00000000fe760000
05-12 10:27:15.274 0 0 I CPU7 : Booted secondary processor 0x0000000700 [0x414fd0b0]
05-12 10:27:15.275 2336 2336 I : CPU7 is up
05-12 10:27:15.281 2336 2336 I rk_gmac-dwmac fe1c0000.ethernet: init for RGMII
05-12 10:27:15.282 2670 2670 I usb1 : root hub lost power or was reset
05-12 10:27:15.287 2336 2336 E PM : dpm_run_callback(): wacom_i2c_resume+0x0/0xdc returns -6
05-12 10:27:15.287 2336 2336 E PM : Device 4-0009 failed to resume: error -6
05-12 10:27:15.350 2336 2336 I usb2 : root hub lost power or was reset
05-12 10:27:15.445 2336 2336 I : OOM killer enabled.
05-12 10:27:15.445 2336 2336 I : Restarting tasks ...
05-12 10:27:15.459 2665 2665 I : mmc_host mmc0: Bus speed (slot 0) = 400000Hz (slot req 400000Hz, actual 400000HZ div = 0)
05-12 10:27:15.465 2336 2336 W : done.
05-12 10:27:15.472 2336 2336 I : Resume caused by IRQ 106, rk806
05-12 10:27:15.472 2336 2336 I PM : suspend exit
05-12 10:06:02.993 621 704 I PowerManagerService: Powering on display group fromAsleep (groupId=0, uid=1000, reason=WAKE_REASON_POWER_BUTTON, details=android.policy:POWER)...
05-12 10:06:02.994 621 704 I PowerManagerService: Waking up from Asleep (uid=1000, reason=WAKE_REASON_POWER_BUTTON, details=android.policy:POWER)...
05-12 10:06:02.997 621 662 I DisplayPowerController[0]: Blocking screen on until initial contents have been drawn.
05-12 10:06:02.998 621 662 V DisplayPowerController[0]: Brightness [0.5472441] reason changing to: 'manual', previous reason: 'screen_off'.
05-12 10:06:03.000 621 621 I WindowManager: Suppressed redundant power key press while already in the process of turning the screen on.
05-12 10:27:15.490 477 477 I gsensor_mxc6655 5-0015: set sensor poll time to 200ms
05-12 10:27:15.491 477 477 I gsensor_mxc6655 5-0015: sensor on: starting poll sensor data 196ms
05-12 10:06:03.019 621 641 I DisplayDeviceRepository: Display device changed state: "内置屏幕", ON
05-12 10:27:15.527 352 352 W : <<-GTP-ERROR->> I2C Read: 0x8047, 1 bytes failed, errcode: -6! Process reset.
05-12 10:27:40.318 439 439 W healthd : battery l=100 v=8570 t=27.5 h=1 st=3 c=0 fc=9700000 cc=7 chg=
05-12 10:27:40.390 477 477 I gsensor_mxc6655 5-0015: set sensor poll time to 66ms
05-12 10:06:03.122 621 662 I DisplayPowerController[0]: Unblocked screen on after 125 ms
05-12 10:27:40.417 352 352 W : <<-GTP-ERROR->> GTP i2c test failed time 1.
05-12 10:27:40.451 2665 2665 I : mmc_host mmc0: Bus speed (slot 0) = 49500000Hz (slot req 50000000Hz, actual 49500000HZ div = 0)
05-12 10:06:03.205 1306 1306 W ContextImpl: Calling a method in the system process without a qualified user: android.app.ContextImpl.sendBroadcast:1181 android.content.ContextWrapper.sendBroadcast:479 cn.eben.newweather.DateWeatherService.a:19 cn.eben.newweather.DateWeatherService.a:0 cn.eben.newweather.DateWeatherService$1.handleMessage:7
05-12 10:27:41.040 352 352 I rockchip-vop2 fdd90000.vop: [drm:vop2_crtc_atomic_enable] Update mode to 1536x2048p55, type: 16(if:60) for vp2 dclk: 192000000
05-12 10:27:41.042 352 352 I rockchip-vop2 fdd90000.vop: [drm:vop2_crtc_atomic_enable] dclk_out2 div: 2 dclk_core2 div: 1
05-12 10:27:41.042 352 352 I rockchip-vop2 fdd90000.vop: [drm:vop2_crtc_atomic_enable] set dclk_vop2 to 96000000, get 96000000
05-12 10:06:03.781 621 621 W Looper : Slow dispatch took 754ms main h=android.app.ActivityThread$H c=android.app.LoadedApk$ReceiverDispatcher$Args$$ExternalSyntheticLambda0@5f80f20 m=0
05-12 10:06:03.781 621 621 W Looper : Slow delivery took 752ms main h=com.android.server.power.Notifier$NotifierHandler c=null m=7
05-12 10:06:03.785 621 621 W Looper : Drained
05-12 10:06:04.002 1306 1306 W ContextImpl: Calling a method in the system process without a qualified user: android.app.ContextImpl.sendBroadcast:1181 android.content.ContextWrapper.sendBroadcast:479 cn.eben.newweather.DateWeatherService.a:19 cn.eben.newweather.DateWeatherService.a:0 cn.eben.newweather.DateWeatherService$1.handleMessage:7
05-12 10:27:41.547 352 352 I dw-mipi-dsi2 fde20000.dsi: [drm:dw_mipi_dsi2_encoder_enable] final DSI-Link bandwidth: 639999 x 8 Kbps
05-12 10:06:04.285 621 662 W PowerManagerService: Screen on took 1486 ms
05-12 10:06:04.862 621 1011 D ActivityTaskManager: Top Process State changed to PROCESS_STATE_TOP
05-12 10:27:42.213 1230 1230 W : abc audioDBG [es8323_mute] start mute:0
05-12 10:27:42.223 1230 1230 I [Awinic] [3-0058]aw_acf_get_prof_desc_form_name: get prof desc down
05-12 10:27:42.237 1230 1230 I [Awinic] [3-005b]aw_acf_get_prof_desc_form_name: get prof desc down
05-12 10:06:04.991 621 647 W BroadcastQueue: Background execution not allowed: receiving Intent { act=android.intent.action.USER_PRESENT flg=0x24200010 } to com.zhangyue.read.iReader/com.taobao.accs.EventReceiver
05-12 10:06:05.002 1306 1306 W ContextImpl: Calling a method in the system process without a qualified user: android.app.ContextImpl.sendBroadcast:1181 android.content.ContextWrapper.sendBroadcast:479 cn.eben.newweather.DateWeatherService.a:19 cn.eben.newweather.DateWeatherService.a:0 cn.eben.newweather.DateWeatherService$1.handleMessage:7
05-12 10:06:05.195 621 2478 W ContentProviderHelper: Permission Denial: opening provider com.android.providers.contacts.ContactsProvider2 from ProcessRecord{f2a0ab0 1686:cn.eben.sync/u0a63} (pid=1686, uid=10063) requires android.permission.READ_CONTACTS or android.permission.WRITE_CONTACTS
05-12 10:06:06.002 1306 1306 W ContextImpl: Calling a method in the system process without a qualified user: android.app.ContextImpl.sendBroadcast:1181 android.content.ContextWrapper.sendBroadcast:479 cn.eben.newweather.DateWeatherService.a:19 cn.eben.newweather.DateWeatherService.a:0 cn.eben.newweather.DateWeatherService$1.handleMessage:7
05-12 10:27:43.561 425 425 W : abc audioDBG [es8323_mute] start mute:1
05-12 10:27:43.561 425 425 I [Awinic] [3-0058]aw_acf_get_prof_desc_form_name: get prof desc down
05-12 10:27:43.561 425 425 I [Awinic] [3-005b]aw_acf_get_prof_desc_form_name: get prof desc down
05-12 10:06:07.002 1306 1306 W ContextImpl: Calling a method in the system process without a qualified user: android.app.ContextImpl.sendBroadcast:1181 android.content.ContextWrapper.sendBroadcast:479 cn.eben.newweather.DateWeatherService.a:19 cn.eben.newweather.DateWeatherService.a:0 cn.eben.newweather.DateWeatherService$1.handleMessage:7
05-12 10:06:08.004 1306 1306 W ContextImpl: Calling a method in the system process without a qualified user: android.app.ContextImpl.sendBroadcast:1181 android.content.ContextWrapper.sendBroadcast:479 cn.eben.newweather.DateWeatherService.a:19 cn.eben.newweather.DateWeatherService.a:0 cn.eben.newweather.DateWeatherService$1.handleMessage:7
05-12 10:06:09.002 1306 1306 W ContextImpl: Calling a method in the system process without a qualified user: android.app.ContextImpl.sendBroadcast:1181 android.content.ContextWrapper.sendBroadcast:479 cn.eben.newweather.DateWeatherService.a:19 cn.eben.newweather.DateWeatherService.a:0 cn.eben.newweather.DateWeatherService$1.handleMessage:7
05-12 10:06:10.002 1306 1306 W ContextImpl: Calling a method in the system process without a qualified user: android.app.ContextImpl.sendBroadcast:1181 android.content.ContextWrapper.sendBroadcast:479 cn.eben.newweather.DateWeatherService.a:19 cn.eben.newweather.DateWeatherService.a:0 cn.eben.newweather.DateWeatherService$1.handleMessage:7
05-12 10:06:10.199 621 2478 W ContentProviderHelper: Permission Denial: opening provider com.android.providers.contacts.ContactsProvider2 from ProcessRecord{f2a0ab0 1686:cn.eben.sync/u0a63} (pid=1686, uid=10063) requires android.permission.READ_CONTACTS or android.permission.WRITE_CONTACTS
05-12 10:06:11.002 1306 1306 W ContextImpl: Calling a method in the system process without a qualified user: android.app.ContextImpl.sendBroadcast:1181 android.content.ContextWrapper.sendBroadcast:479 cn.eben.newweather.DateWeatherService.a:19 cn.eben.newweather.DateWeatherService.a:0 cn.eben.newweather.DateWeatherService$1.handleMessage:7
05-12 10:06:12.002 1306 1306 W ContextImpl: Calling a method in the system process without a qualified user: android.app.ContextImpl.sendBroadcast:1181 android.content.ContextWrapper.sendBroadcast:479 cn.eben.newweather.DateWeatherService.a:19 cn.eben.newweather.DateWeatherService.a:0 cn.eben.newweather.DateWeatherService$1.handleMessage:7
05-12 10:06:13.003 1306 1306 W ContextImpl: Calling a method in the system process without a qualified user: android.app.ContextImpl.sendBroadcast:1181 android.content.ContextWrapper.sendBroadcast:479 cn.eben.newweather.DateWeatherService.a:19 cn.eben.newweather.DateWeatherService.a:0 cn.eben.newweather.DateWeatherService$1.handleMessage:7
05-12 10:06:14.003 1306 1306 W ContextImpl: Calling a method in the system process without a qualified user: android.app.ContextImpl.sendBroadcast:1181 android.content.ContextWrapper.sendBroadcast:479 cn.eben.newweather.DateWeatherService.a:19 cn.eben.newweather.DateWeatherService.a:0 cn.eben.newweather.DateWeatherService$1.handleMessage:7
05-12 10:06:15.002 1306 1306 W ContextImpl: Calling a method in the system process without a qualified user: android.app.ContextImpl.sendBroadcast:1181 android.content.ContextWrapper.sendBroadcast:479 cn.eben.newweather.DateWeatherService.a:19 cn.eben.newweather.DateWeatherService.a:0 cn.eben.newweather.DateWeatherService$1.handleMessage:7
05-12 10:06:15.204 621 1846 W ContentProviderHelper: Permission Denial: opening provider com.android.providers.contacts.ContactsProvider2 from ProcessRecord{f2a0ab0 1686:cn.eben.sync/u0a63} (pid=1686, uid=10063) requires android.permission.READ_CONTACTS or android.permission.WRITE_CONTACTS
05-12 10:06:16.002 1306 1306 W ContextImpl: Calling a method in the system process without a qualified user: android.app.ContextImpl.sendBroadcast:1181 android.content.ContextWrapper.sendBroadcast:479 cn.eben.newweather.DateWeatherService.a:19 cn.eben.newweather.DateWeatherService.a:0 cn.eben.newweather.DateWeatherService$1.handleMessage:7
05-12 10:06:17.003 1306 1306 W ContextImpl: Calling a method in the system process without a qualified user: android.app.ContextImpl.sendBroadcast:1181 android.content.ContextWrapper.sendBroadcast:479 cn.eben.newweather.DateWeatherService.a:19 cn.eben.newweather.DateWeatherService.a:0 cn.eben.newweather.DateWeatherService$1.handleMessage:7
05-12 10:06:18.003 1306 1306 W ContextImpl: Calling a method in the system process without a qualified user: android.app.ContextImpl.sendBroadcast:1181 android.content.ContextWrapper.sendBroadcast:479 cn.eben.newweather.DateWeatherService.a:19 cn.eben.newweather.DateWeatherService.a:0 cn.eben.newweather.DateWeatherService$1.handleMessage:7
05-12 10:06:19.002 1306 1306 W ContextImpl: Calling a method in the system process without a qualified user: android.app.ContextImpl.sendBroadcast:1181 android.content.ContextWrapper.sendBroadcast:479 cn.eben.newweather.DateWeatherService.a:19 cn.eben.newweather.DateWeatherService.a:0 cn.eben.newweather.DateWeatherService$1.handleMessage:7
05-12 10:06:20.002 1306 1306 W ContextImpl: Calling a method in the system process without a qualified user: android.app.ContextImpl.sendBroadcast:1181 android.content.ContextWrapper.sendBroadcast:479 cn.eben.newweather.DateWeatherService.a:19 cn.eben.newweather.DateWeatherService.a:0 cn.eben.newweather.DateWeatherService$1.handleMessage:7
05-12 10:06:20.211 621 1846 W ContentProviderHelper: Permission Denial: opening provider com.android.providers.contacts.ContactsProvider2 from ProcessRecord{f2a0ab0 1686:cn.eben.sync/u0a63} (pid=1686, uid=10063) requires android.permission.READ_CONTACTS or android.permission.WRITE_CONTACTS
05-12 10:06:20.399 621 2478 W BatteryExternalStatsWorker: error reading modem stats:ERROR_INVALID_INFO_RECEIVED
05-12 10:06:21.002 1306 1306 W ContextImpl: Calling a method in the system process without a qualified user: android.app.ContextImpl.sendBroadcast:1181 android.content.ContextWrapper.sendBroadcast:479 cn.eben.newweather.DateWeatherService.a:19 cn.eben.newweather.DateWeatherService.a:0 cn.eben.newweather.DateWeatherService$1.handleMessage:7
05-12 10:06:22.003 1306 1306 W ContextImpl: Calling a method in the system process without a qualified user: android.app.ContextImpl.sendBroadcast:1181 android.content.ContextWrapper.sendBroadcast:479 cn.eben.newweather.DateWeatherService.a:19 cn.eben.newweather.DateWeatherService.a:0 cn.eben.newweather.DateWeatherService$1.handleMessage:7
05-12 10:06:23.002 1306 1306 W ContextImpl: Calling a method in the system process without a qualified user: android.app.ContextImpl.sendBroadcast:1181 android.content.ContextWrapper.sendBroadcast:479 cn.eben.newweather.DateWeatherService.a:19 cn.eben.newweather.DateWeatherService.a:0 cn.eben.newweather.DateWeatherService$1.handleMessage:7
05-12 10:06:24.003 1306 1306 W ContextImpl: Calling a method in the system process without a qualified user: android.app.ContextImpl.sendBroadcast:1181 android.content.ContextWrapper.sendBroadcast:479 cn.eben.newweather.DateWeatherService.a:19 cn.eben.newweather.DateWeatherService.a:0 cn.eben.newweather.DateWeatherService$1.handleMessage:7
05-12 10:06:25.002 1306 1306 W ContextImpl: Calling a method in the system process without a qualified user: android.app.ContextImpl.sendBroadcast:1181 android.content.ContextWrapper.sendBroadcast:479 cn.eben.newweather.DateWeatherService.a:19 cn.eben.newweather.DateWeatherService.a:0 cn.eben.newweather.DateWeatherService$1.handleMessage:7
05-12 10:06:25.217 621 2478 W ContentProviderHelper: Permission Denial: opening provider com.android.providers.contacts.ContactsProvider2 from ProcessRecord{f2a0ab0 1686:cn.eben.sync/u0a63} (pid=1686, uid=10063) requires android.permission.READ_CONTACTS or android.permission.WRITE_CONTACTS
05-12 10:06:26.003 1306 1306 W ContextImpl: Calling a method in the system process without a qualified user: android.app.ContextImpl.sendBroadcast:1181 android.content.ContextWrapper.sendBroadcast:479 cn.eben.newweather.DateWeatherService.a:19 cn.eben.newweather.DateWeatherService.a:0 cn.eben.newweather.DateWeatherService$1.handleMessage:7
05-12 10:06:27.003 1306 1306 W ContextImpl: Calling a method in the system process without a qualified user: android.app.ContextImpl.sendBroadcast:1181 android.content.ContextWrapper.sendBroadcast:479 cn.eben.newweather.DateWeatherService.a:19 cn.eben.newweather.DateWeatherService.a:0 cn.eben.newweather.DateWeatherService$1.handleMessage:7
05-12 10:06:28.003 1306 1306 W ContextImpl: Calling a method in the system process without a qualified user: android.app.ContextImpl.sendBroadcast:1181 android.content.ContextWrapper.sendBroadcast:479 cn.eben.newweather.DateWeatherService.a:19 cn.eben.newweather.DateWeatherService.a:0 cn.eben.newweather.DateWeatherService$1.handleMessage:7
05-12 10:06:29.002 1306 1306 W ContextImpl: Calling a method in the system process without a qualified user: android.app.ContextImpl.sendBroadcast:1181 android.content.ContextWrapper.sendBroadcast:479 cn.eben.newweather.DateWeatherService.a:19 cn.eben.newweather.DateWeatherService.a:0 cn.eben.newweather.DateWeatherService$1.handleMessage:7
05-12 10:06:29.033 621 646 I ProcessStatsService: Pruning old procstats: /data/system/procstats/state-2025-05-12-09-08-45.bin
05-12 10:06:30.003 1306 1306 W ContextImpl: Calling a method in the system process without a qualified user: android.app.ContextImpl.sendBroadcast:1181 android.content.ContextWrapper.sendBroadcast:479 cn.eben.newweather.DateWeatherService.a:19 cn.eben.newweather.DateWeatherService.a:0 cn.eben.newweather.DateWeatherService$1.handleMessage:7
05-12 10:06:30.223 621 2478 W ContentProviderHelper: Permission Denial: opening provider com.android.providers.contacts.ContactsProvider2 from ProcessRecord{f2a0ab0 1686:cn.eben.sync/u0a63} (pid=1686, uid=10063) requires android.permission.READ_CONTACTS or android.permission.WRITE_CONTACTS
05-12 10:06:31.003 1306 1306 W ContextImpl: Calling a method in the system process without a qualified user: android.app.ContextImpl.sendBroadcast:1181 android.content.ContextWrapper.sendBroadcast:479 cn.eben.newweather.DateWeatherService.a:19 cn.eben.newweather.DateWeatherService.a:0 cn.eben.newweather.DateWeatherService$1.handleMessage:7
05-12 10:06:32.002 1306 1306 W ContextImpl: Calling a method in the system process without a qualified user: android.app.ContextImpl.sendBroadcast:1181 android.content.ContextWrapper.sendBroadcast:479 cn.eben.newweather.DateWeatherService.a:19 cn.eben.newweather.DateWeatherService.a:0 cn.eben.newweather.DateWeatherService$1.handleMessage:7
05-12 10:06:33.002 1306 1306 W ContextImpl: Calling a method in the system process without a qualified user: android.app.ContextImpl.sendBroadcast:1181 android.content.ContextWrapper.sendBroadcast:479 cn.eben.newweather.DateWeatherService.a:19 cn.eben.newweather.DateWeatherService.a:0 cn.eben.newweather.DateWeatherService$1.handleMessage:7
