05-12 10:31:29.353 1306 3551 W ContextImpl: Calling a method in the system process without a qualified user: android.app.ContextImpl.sendBroadcast:1181 android.content.ContextWrapper.sendBroadcast:479 cn.eben.newweather.service.WeatherIntentService.f:32 cn.eben.newweather.service.WeatherIntentService.onHandleIntent:416 android.app.IntentService$ServiceHandler.handleMessage:78
05-12 10:31:29.355 621 647 I am_wtf : [0,621,system_server,-1,ActivityManager,Sending non-protected broadcast ebensz.internal.action.WEATHER_CHANGE from system 1306:cn.eben.newweather/1000 pkg cn.eben.newweather]
05-12 10:31:29.356 621 647 I DropBoxManagerService: add tag=system_server_wtf isTagEnabled=true flags=0x2
05-12 10:31:29.362 1306 3551 W ContextImpl: Calling a method in the system process without a qualified user: android.app.ContextImpl.sendBroadcast:1181 android.content.ContextWrapper.sendBroadcast:479 cn.eben.newweather.service.WeatherIntentService.onHandleIntent:486 android.app.IntentService$ServiceHandler.handleMessage:78 android.os.Handler.dispatchMessage:106
05-12 10:31:29.368 621 647 I am_wtf : [0,621,system_server,-1,ActivityManager,Sending non-protected broadcast ebensz.internal.action.ACTION_LOADING_DATA from system 1306:cn.eben.newweather/1000 pkg cn.eben.newweather]
05-12 10:31:29.369 621 647 I DropBoxManagerService: add tag=system_server_wtf isTagEnabled=true flags=0x2
05-12 10:31:29.744 621 646 I UsageStatsService: Time changed in by 5 seconds
05-12 10:31:29.774 621 1292 I ActivityManager: Background started FGS: Allowed [callingPackage: com.android.providers.calendar; callingUid: 10023; uidState: BFGS; intent: Intent { act=com.android.providers.calendar.intent.CalendarProvider2 flg=0x14 cmp=com.android.providers.calendar/.CalendarProviderIntentService (has extras) }; code:SYSTEM_ALLOW_LISTED; tempAllowListReason:<,reasonCode:SYSTEM_ALLOW_LISTED,duration:9223372036854775807,callingUid:-1>; targetSdkVersion:24; callerTargetSdkVersion:24; startForegroundCount:0; bindFromPackage:null]
05-12 10:31:29.780 621 1125 W ActivityManager: Foreground service started from background can not have location/camera/microphone access: service com.android.providers.calendar/.CalendarProviderIntentService
05-12 10:31:29.783 621 647 V ActivityManager: Attempted to start a foreground service (com.android.providers.calendar/.CalendarProviderIntentService) with a broken notification (no icon: Notification(channel=com.android.providers.calendar shortcut=null contentView=null vibrate=null sound=null defaults=0x0 flags=0x40 color=0x00000000 vis=PRIVATE))
05-12 10:31:29.787 621 647 I ActivityManager: Deferring FGS notification in legacy app com.android.providers.calendar/u0a23 : Notification(channel=com.android.providers.calendar shortcut=null contentView=null vibrate=null sound=null defaults=0x0 flags=0x40 color=0x00000000 vis=PRIVATE)
05-12 10:54:12.744 543 543 I : read descriptors
05-12 10:54:12.744 543 543 I : read strings
05-12 10:31:30.003 1306 1306 W ContextImpl: Calling a method in the system process without a qualified user: android.app.ContextImpl.sendBroadcast:1181 android.content.ContextWrapper.sendBroadcast:479 cn.eben.newweather.DateWeatherService.a:19 cn.eben.newweather.DateWeatherService.a:0 cn.eben.newweather.DateWeatherService$1.handleMessage:7
05-12 10:31:30.226 621 638 W Looper : Slow dispatch took 5009ms android.fg h=android.os.Handler c=com.android.server.location.provider.AbstractLocationProvider$Controller$$ExternalSyntheticLambda1@c6143b1 m=0
05-12 10:31:30.226 621 638 W Looper : Slow delivery took 5009ms android.fg h=android.os.Handler c=com.android.server.location.provider.LocationProviderManager$$ExternalSyntheticLambda11@3eff096 m=0
05-12 10:31:30.787 621 638 W Looper : Drained
05-12 10:54:13.797 543 543 I : read descriptors
05-12 10:54:13.797 543 543 I : read strings
05-12 10:54:13.799 1 1 I init : processing action (sys.usb.config=adb && sys.usb.configfs=1 && sys.usb.ffs.ready=1) from (/system/etc/init/hw/init.usb.configfs.rc:20)
05-12 10:54:13.803 1 1 I init : Command 'symlink /config/usb_gadget/g1/functions/ffs.adb /config/usb_gadget/g1/configs/b.1/f1' action=sys.usb.config=adb && sys.usb.configfs=1 && sys.usb.ffs.ready=1 (/system/etc/init/hw/init.usb.configfs.rc:22) took 1ms and failed: symlink() failed: File exists
05-12 10:54:13.806 1 1 I init : Command 'write /config/usb_gadget/g1/UDC ${sys.usb.controller}' action=sys.usb.config=adb && sys.usb.configfs=1 && sys.usb.ffs.ready=1 (/system/etc/init/hw/init.usb.configfs.rc:23) took 1ms and failed: Unable to write to file '/config/usb_gadget/g1/UDC': Unable to write file contents: Device or resource busy
05-12 10:31:31.003 1306 1306 W ContextImpl: Calling a method in the system process without a qualified user: android.app.ContextImpl.sendBroadcast:1181 android.content.ContextWrapper.sendBroadcast:479 cn.eben.newweather.DateWeatherService.a:19 cn.eben.newweather.DateWeatherService.a:0 cn.eben.newweather.DateWeatherService$1.handleMessage:7
05-12 10:54:14.840 543 543 I : read descriptors
05-12 10:54:14.840 543 543 I : read strings
05-12 10:54:14.843 1 1 I init : processing action (sys.usb.config=adb && sys.usb.configfs=1 && sys.usb.ffs.ready=1) from (/system/etc/init/hw/init.usb.configfs.rc:20)
05-12 10:54:14.846 1 1 I init : Command 'symlink /config/usb_gadget/g1/functions/ffs.adb /config/usb_gadget/g1/configs/b.1/f1' action=sys.usb.config=adb && sys.usb.configfs=1 && sys.usb.ffs.ready=1 (/system/etc/init/hw/init.usb.configfs.rc:22) took 0ms and failed: symlink() failed: File exists
05-12 10:54:14.846 1 1 I init : Command 'write /config/usb_gadget/g1/UDC ${sys.usb.controller}' action=sys.usb.config=adb && sys.usb.configfs=1 && sys.usb.ffs.ready=1 (/system/etc/init/hw/init.usb.configfs.rc:23) took 0ms and failed: Unable to write to file '/config/usb_gadget/g1/UDC': Unable to write file contents: Device or resource busy
05-12 10:31:32.004 1306 1306 W ContextImpl: Calling a method in the system process without a qualified user: android.app.ContextImpl.sendBroadcast:1181 android.content.ContextWrapper.sendBroadcast:479 cn.eben.newweather.DateWeatherService.a:19 cn.eben.newweather.DateWeatherService.a:0 cn.eben.newweather.DateWeatherService$1.handleMessage:7
05-12 10:31:32.963 621 662 I PowerManagerService: Powering off display group due to timeout (groupId= 0, uid= 1000)...
05-12 10:31:32.963 621 662 I PowerManagerService: Going to sleep due to timeout (uid 1000)...
05-12 10:31:32.965 621 662 I power_sleep_requested: 0
05-12 10:54:15.886 543 543 I : read descriptors
05-12 10:54:15.887 543 543 I : read strings
05-12 10:54:15.890 1 1 I init : processing action (sys.usb.config=adb && sys.usb.configfs=1 && sys.usb.ffs.ready=1) from (/system/etc/init/hw/init.usb.configfs.rc:20)
05-12 10:54:15.895 1 1 I init : Command 'symlink /config/usb_gadget/g1/functions/ffs.adb /config/usb_gadget/g1/configs/b.1/f1' action=sys.usb.config=adb && sys.usb.configfs=1 && sys.usb.ffs.ready=1 (/system/etc/init/hw/init.usb.configfs.rc:22) took 1ms and failed: symlink() failed: File exists
05-12 10:54:15.898 1 1 I init : Command 'write /config/usb_gadget/g1/UDC ${sys.usb.controller}' action=sys.usb.config=adb && sys.usb.configfs=1 && sys.usb.ffs.ready=1 (/system/etc/init/hw/init.usb.configfs.rc:23) took 1ms and failed: Unable to write to file '/config/usb_gadget/g1/UDC': Unable to write file contents: Device or resource busy
05-12 10:31:33.003 1306 1306 W ContextImpl: Calling a method in the system process without a qualified user: android.app.ContextImpl.sendBroadcast:1181 android.content.ContextWrapper.sendBroadcast:479 cn.eben.newweather.DateWeatherService.a:19 cn.eben.newweather.DateWeatherService.a:0 cn.eben.newweather.DateWeatherService$1.handleMessage:7
05-12 10:31:33.034 621 662 V DisplayPowerController[0]: Brightness [0.39640424] reason changing to: 'manual', previous reason: 'manual [ dim ]'.
05-12 10:31:33.035 621 662 I sysui_multi_action: [757,1696,758,6,759,0]
05-12 10:31:33.455 621 662 I DisplayPowerController[0]: Blocking screen off
05-12 10:31:33.455 621 662 I DisplayPowerController[0]: Unblocked screen off after 1 ms
05-12 10:31:33.467 320 320 I auditd : type=1400 audit(0.0:695): avc: denied { read } for comm="Binder:320_2" name="wakeup4" dev="sysfs" ino=24387 scontext=u:r:system_suspend:s0 tcontext=u:object_r:sysfs:s0 tclass=dir permissive=1
05-12 10:31:33.467 320 320 I auditd : type=1400 audit(0.0:696): avc: denied { open } for comm="Binder:320_2" path="/sys/devices/platform/fdba8000.jpege-core/wakeup/wakeup4" dev="sysfs" ino=24387 scontext=u:r:system_suspend:s0 tcontext=u:object_r:sysfs:s0 tclass=dir permissive=1
05-12 10:31:33.467 320 320 I auditd : type=1400 audit(0.0:697): avc: denied { read } for comm="Binder:320_2" name="event_count" dev="sysfs" ino=24394 scontext=u:r:system_suspend:s0 tcontext=u:object_r:sysfs:s0 tclass=file permissive=1
05-12 10:31:33.467 320 320 I auditd : type=1400 audit(0.0:698): avc: denied { open } for comm="Binder:320_2" path="/sys/devices/platform/fdba8000.jpege-core/wakeup/wakeup4/event_count" dev="sysfs" ino=24394 scontext=u:r:system_suspend:s0 tcontext=u:object_r:sysfs:s0 tclass=file permissive=1
05-12 10:31:33.467 320 320 I auditd : type=1400 audit(0.0:699): avc: denied { getattr } for comm="Binder:320_2" path="/sys/devices/platform/fdba8000.jpege-core/wakeup/wakeup4/event_count" dev="sysfs" ino=24394 scontext=u:r:system_suspend:s0 tcontext=u:object_r:sysfs:s0 tclass=file permissive=1
05-12 10:31:33.478 621 662 D ActivityTaskManager: Top Process State changed to PROCESS_STATE_TOP_SLEEPING
05-12 10:31:33.480 621 662 I wm_pause_activity: [0,130231021,com.eben.browser/.MainActivity,userLeaving=false,sleep]
05-12 10:31:33.484 3101 3101 I wm_on_top_resumed_lost_called: [130231021,com.eben.browser.MainActivity,topStateChangedWhenResumed]
05-12 10:54:16.398 477 477 I gsensor_mxc6655 5-0015: set sensor poll time to 50ms
05-12 10:31:33.492 3101 3101 I wm_on_paused_called: [130231021,com.eben.browser.MainActivity,performPause]
05-12 10:31:33.495 621 662 V DisplayPowerController[0]: Brightness [0.003937008] reason changing to: 'screen_off', previous reason: 'manual'.
05-12 10:31:33.497 621 3248 I wm_add_to_stopping: [0,130231021,com.eben.browser/.MainActivity,completePauseLocked]
05-12 10:31:33.513 621 641 I DisplayDeviceRepository: Display device changed state: "内置屏幕", OFF
05-12 10:54:16.427 331 331 W audit : audit_lost=514 audit_rate_limit=5 audit_backlog_limit=64
05-12 10:54:16.427 331 331 E audit : rate limit exceeded
05-12 10:31:33.520 621 641 I wm_stop_activity: [0,130231021,com.eben.browser/.MainActivity]
05-12 10:31:33.520 621 641 I sysui_multi_action: [757,803,799,window_time_0,802,15]
05-12 10:31:33.534 621 621 I battery_saving_stats: [0,1,0,83261,0,0,3147496,0,1]
05-12 10:54:21.615 439 439 W healthd : battery l=99 v=8298 t=29.0 h=1 st=3 c=-512000 fc=9700000 cc=7 chg=
05-12 10:31:33.570 3101 3101 I wm_on_stop_called: [130231021,com.eben.browser.MainActivity,STOP_ACTIVITY_ITEM]
05-12 10:54:21.915 352 352 I rockchip-vop2 fdd90000.vop: [drm:vop2_crtc_atomic_disable] Crtc atomic disable vp2
05-12 10:54:21.927 352 352 E rockchip-vop2 fdd90000.vop: [drm:vop2_crtc_atomic_disable] *ERROR* unexpected power on pd7
05-12 10:31:33.846 621 662 I PowerManagerService: Sleeping display group (groupId=0, uid=1000)...
05-12 10:31:33.847 621 662 I PowerManagerService: Sleeping (uid 1000)...
05-12 10:31:33.849 621 703 I input_focus: [Focus leaving 2c83476 com.eben.browser/com.eben.browser.MainActivity (server),reason=NO_WINDOW]
05-12 10:31:33.850 621 621 I sysui_multi_action: [757,198,758,2,759,3,1359,885,1695,2]
05-12 10:31:33.850 621 621 I power_screen_state: [0,3,0,0,885]
05-12 10:31:33.850 621 621 I screen_toggled: 0
05-12 10:31:33.850 621 621 I sysui_multi_action: [757,804,799,screen_timeout,801,60,802,1]
05-12 10:31:33.851 621 621 I sysui_multi_action: [757,1594,758,4,759,-2147483648,1359,83039]
05-12 10:31:33.851 621 621 I power_screen_broadcast_send: 1
05-12 10:54:21.940 477 477 I gsensor_mxc6655 5-0015: set sensor poll time to 50ms
05-12 10:31:33.866 621 621 I device_idle: [1,no activity]
05-12 10:31:33.866 621 621 I device_idle_light: [1,no activity]
05-12 10:31:33.900 621 1292 W ActivityManager: Ignoring request to force stop protected package u0
05-12 10:31:33.901 621 621 I power_screen_broadcast_done: [0,51,1]
05-12 10:31:34.003 1306 1306 W ContextImpl: Calling a method in the system process without a qualified user: android.app.ContextImpl.sendBroadcast:1181 android.content.ContextWrapper.sendBroadcast:479 cn.eben.newweather.DateWeatherService.a:19 cn.eben.newweather.DateWeatherService.a:0 cn.eben.newweather.DateWeatherService$1.handleMessage:7
05-12 10:54:22.095 543 543 I : read descriptors
05-12 10:54:22.095 543 543 I : read strings
05-12 10:54:22.097 1 1 I init : processing action (sys.usb.config=adb && sys.usb.configfs=1 && sys.usb.ffs.ready=1) from (/system/etc/init/hw/init.usb.configfs.rc:20)
05-12 10:31:35.002 1306 1306 W ContextImpl: Calling a method in the system process without a qualified user: android.app.ContextImpl.sendBroadcast:1181 android.content.ContextWrapper.sendBroadcast:479 cn.eben.newweather.DateWeatherService.a:19 cn.eben.newweather.DateWeatherService.a:0 cn.eben.newweather.DateWeatherService$1.handleMessage:7
05-12 10:54:23.145 543 543 I : read descriptors
05-12 10:54:23.145 543 543 I : read strings
05-12 10:31:36.004 1306 1306 W ContextImpl: Calling a method in the system process without a qualified user: android.app.ContextImpl.sendBroadcast:1181 android.content.ContextWrapper.sendBroadcast:479 cn.eben.newweather.DateWeatherService.a:19 cn.eben.newweather.DateWeatherService.a:0 cn.eben.newweather.DateWeatherService$1.handleMessage:7
05-12 10:54:24.202 543 543 I : read descriptors
05-12 10:54:24.202 543 543 I : read strings
05-12 10:54:24.205 1 1 I init : processing action (sys.usb.config=adb && sys.usb.configfs=1 && sys.usb.ffs.ready=1) from (/system/etc/init/hw/init.usb.configfs.rc:20)
05-12 10:54:24.206 1 1 I init : Command 'symlink /config/usb_gadget/g1/functions/ffs.adb /config/usb_gadget/g1/configs/b.1/f1' action=sys.usb.config=adb && sys.usb.configfs=1 && sys.usb.ffs.ready=1 (/system/etc/init/hw/init.usb.configfs.rc:22) took 0ms and failed: symlink() failed: File exists
05-12 10:54:24.207 1 1 I init : Command 'write /config/usb_gadget/g1/UDC ${sys.usb.controller}' action=sys.usb.config=adb && sys.usb.configfs=1 && sys.usb.ffs.ready=1 (/system/etc/init/hw/init.usb.configfs.rc:23) took 0ms and failed: Unable to write to file '/config/usb_gadget/g1/UDC': Unable to write file contents: Device or resource busy
05-12 10:31:37.002 1306 1306 W ContextImpl: Calling a method in the system process without a qualified user: android.app.ContextImpl.sendBroadcast:1181 android.content.ContextWrapper.sendBroadcast:479 cn.eben.newweather.DateWeatherService.a:19 cn.eben.newweather.DateWeatherService.a:0 cn.eben.newweather.DateWeatherService$1.handleMessage:7
05-12 10:54:25.245 543 543 I : read descriptors
05-12 10:54:25.245 543 543 I : read strings
05-12 10:54:25.247 1 1 I init : processing action (sys.usb.config=adb && sys.usb.configfs=1 && sys.usb.ffs.ready=1) from (/system/etc/init/hw/init.usb.configfs.rc:20)
05-12 10:54:25.251 1 1 I init : Command 'symlink /config/usb_gadget/g1/functions/ffs.adb /config/usb_gadget/g1/configs/b.1/f1' action=sys.usb.config=adb && sys.usb.configfs=1 && sys.usb.ffs.ready=1 (/system/etc/init/hw/init.usb.configfs.rc:22) took 1ms and failed: symlink() failed: File exists
05-12 10:54:25.252 1 1 I init : Command 'write /config/usb_gadget/g1/UDC ${sys.usb.controller}' action=sys.usb.config=adb && sys.usb.configfs=1 && sys.usb.ffs.ready=1 (/system/etc/init/hw/init.usb.configfs.rc:23) took 0ms and failed: Unable to write to file '/config/usb_gadget/g1/UDC': Unable to write file contents: Device or resource busy
05-12 10:31:38.004 1306 1306 W ContextImpl: Calling a method in the system process without a qualified user: android.app.ContextImpl.sendBroadcast:1181 android.content.ContextWrapper.sendBroadcast:479 cn.eben.newweather.DateWeatherService.a:19 cn.eben.newweather.DateWeatherService.a:0 cn.eben.newweather.DateWeatherService$1.handleMessage:7
05-12 10:31:38.015 621 1011 I wm_set_keyguard_shown: [1,0,0,setKeyguardShown]
05-12 10:31:38.069 775 775 I sysui_multi_action: [757,111,758,1]
05-12 10:31:38.071 775 775 I sysui_multi_action: [757,0,758,1,759,0,927,0,1593,0]
05-12 10:31:38.071 775 775 I sysui_multi_action: [757,123,758,1,759,123,927,1,928,1,1593,0]
05-12 10:31:38.072 775 775 I sysui_multi_action: [757,261,758,1,759,261,927,2,928,0,1593,0]
05-12 10:31:38.072 775 775 I sysui_multi_action: [757,0,758,1,759,0,927,3,1593,0]
05-12 10:31:38.072 775 775 I sysui_multi_action: [757,0,758,1,759,0,927,4,928,0,1593,0]
05-12 10:31:38.073 775 775 I sysui_multi_action: [757,1800,758,1,759,1800,927,5,928,0,1593,0]
05-12 10:31:38.106 775 775 I sysui_multi_action: [757,196,758,1,759,0]
05-12 10:31:38.107 775 775 I sysui_status_bar_state: [1,1,0,0,0,1]
05-12 10:31:38.131 621 641 I user_activity_timeout_override: 10000
05-12 10:31:38.134 621 642 I input_focus: [Focus request 8c17c23 NotificationShade,reason=UpdateInputWindows]
05-12 10:31:38.205 621 703 I input_focus: [Focus entering 8c17c23 NotificationShade (server),reason=Window became focusable. Previous reason: NOT_VISIBLE]
05-12 10:54:26.308 543 543 I : read descriptors
05-12 10:54:26.308 543 543 I : read strings
05-12 10:54:26.309 1 1 I init : processing action (sys.usb.config=adb && sys.usb.configfs=1 && sys.usb.ffs.ready=1) from (/system/etc/init/hw/init.usb.configfs.rc:20)
05-12 10:54:26.311 1 1 I init : Command 'symlink /config/usb_gadget/g1/functions/ffs.adb /config/usb_gadget/g1/configs/b.1/f1' action=sys.usb.config=adb && sys.usb.configfs=1 && sys.usb.ffs.ready=1 (/system/etc/init/hw/init.usb.configfs.rc:22) took 0ms and failed: symlink() failed: File exists
05-12 10:54:26.311 1 1 I init : Command 'write /config/usb_gadget/g1/UDC ${sys.usb.controller}' action=sys.usb.config=adb && sys.usb.configfs=1 && sys.usb.ffs.ready=1 (/system/etc/init/hw/init.usb.configfs.rc:23) took 0ms and failed: Unable to write to file '/config/usb_gadget/g1/UDC': Unable to write file contents: Device or resource busy
05-12 10:31:39.003 1306 1306 W ContextImpl: Calling a method in the system process without a qualified user: android.app.ContextImpl.sendBroadcast:1181 android.content.ContextWrapper.sendBroadcast:479 cn.eben.newweather.DateWeatherService.a:19 cn.eben.newweather.DateWeatherService.a:0 cn.eben.newweather.DateWeatherService$1.handleMessage:7
05-12 10:54:27.359 543 543 I : read descriptors
05-12 10:54:27.359 543 543 I : read strings
05-12 10:54:27.362 1 1 I init : processing action (sys.usb.config=adb && sys.usb.configfs=1 && sys.usb.ffs.ready=1) from (/system/etc/init/hw/init.usb.configfs.rc:20)
05-12 10:31:39.914 621 647 I ActivityManager: Waited long enough for: ServiceRecord{cbc8cd8 u0 com.ebensz.appmanager/.service.UploadMyAppsInfoService}
05-12 10:31:40.003 1306 1306 W ContextImpl: Calling a method in the system process without a qualified user: android.app.ContextImpl.sendBroadcast:1181 android.content.ContextWrapper.sendBroadcast:479 cn.eben.newweather.DateWeatherService.a:19 cn.eben.newweather.DateWeatherService.a:0 cn.eben.newweather.DateWeatherService$1.handleMessage:7
05-12 10:54:28.402 543 543 I : read descriptors
05-12 10:54:28.402 543 543 I : read strings
05-12 10:31:41.003 1306 1306 W ContextImpl: Calling a method in the system process without a qualified user: android.app.ContextImpl.sendBroadcast:1181 android.content.ContextWrapper.sendBroadcast:479 cn.eben.newweather.DateWeatherService.a:19 cn.eben.newweather.DateWeatherService.a:0 cn.eben.newweather.DateWeatherService$1.handleMessage:7
05-12 10:54:29.459 543 543 I : read descriptors
05-12 10:54:29.459 543 543 I : read strings
05-12 10:54:29.461 1 1 I init : processing action (sys.usb.config=adb && sys.usb.configfs=1 && sys.usb.ffs.ready=1) from (/system/etc/init/hw/init.usb.configfs.rc:20)
05-12 10:54:29.464 1 1 I init : Command 'symlink /config/usb_gadget/g1/functions/ffs.adb /config/usb_gadget/g1/configs/b.1/f1' action=sys.usb.config=adb && sys.usb.configfs=1 && sys.usb.ffs.ready=1 (/system/etc/init/hw/init.usb.configfs.rc:22) took 1ms and failed: symlink() failed: File exists
05-12 10:54:29.467 1 1 I init : Command 'write /config/usb_gadget/g1/UDC ${sys.usb.controller}' action=sys.usb.config=adb && sys.usb.configfs=1 && sys.usb.ffs.ready=1 (/system/etc/init/hw/init.usb.configfs.rc:23) took 2ms and failed: Unable to write to file '/config/usb_gadget/g1/UDC': Unable to write file contents: Device or resource busy
05-12 10:31:41.945 621 704 I sysui_multi_action: [757,804,799,power_consecutive_short_tap_count,801,1,802,1]
05-12 10:31:41.945 621 704 I sysui_multi_action: [757,804,799,power_double_tap_interval,801,92489,802,1]
05-12 10:31:41.946 621 704 I intercept_power: [ACTION_DOWN,0,0]
05-12 10:31:41.948 621 704 I PowerManagerService: Powering on display group fromAsleep (groupId=0, uid=1000, reason=WAKE_REASON_POWER_BUTTON, details=android.policy:POWER)...
05-12 10:31:41.948 621 704 I PowerManagerService: Waking up from Asleep (uid=1000, reason=WAKE_REASON_POWER_BUTTON, details=android.policy:POWER)...
05-12 10:31:41.953 621 662 I DisplayPowerController[0]: Blocking screen on until initial contents have been drawn.
05-12 10:31:41.954 621 662 V DisplayPowerController[0]: Brightness [0.39640424] reason changing to: 'manual', previous reason: 'screen_off'.
05-12 10:31:41.954 621 662 I sysui_multi_action: [757,1696,758,6,759,3]
05-12 10:31:41.956 621 621 I screen_toggled: 1
05-12 10:31:41.956 621 621 I power_screen_broadcast_send: 1
05-12 10:31:41.958 621 641 I DisplayDeviceRepository: Display device changed state: "内置屏幕", ON
05-12 10:54:30.066 477 477 I gsensor_mxc6655 5-0015: set sensor poll time to 200ms
05-12 10:54:30.068 477 477 I gsensor_mxc6655 5-0015: sensor on: starting poll sensor data 196ms
05-12 10:31:41.983 621 646 I am_pss : [3423,10019,android.process.media,10775552,7208960,0,108105728,0,19,10]
05-12 10:54:30.070 439 439 W healthd : battery l=99 v=8364 t=29.0 h=1 st=3 c=-256000 fc=9700000 cc=7 chg=
05-12 10:31:41.992 621 621 I battery_saving_stats: [0,0,0,8458,0,0,534572,0,0]
05-12 10:31:42.003 1306 1306 W ContextImpl: Calling a method in the system process without a qualified user: android.app.ContextImpl.sendBroadcast:1181 android.content.ContextWrapper.sendBroadcast:479 cn.eben.newweather.DateWeatherService.a:19 cn.eben.newweather.DateWeatherService.a:0 cn.eben.newweather.DateWeatherService$1.handleMessage:7
05-12 10:31:42.016 621 1011 I sysui_multi_action: [757,127,758,1]
05-12 10:31:42.016 621 1011 I sysui_multi_action: [757,804,799,note_load,801,2,802,1]
05-12 10:31:42.016 621 1011 I notification_panel_revealed: 2
05-12 10:31:42.017 621 1011 I sysui_multi_action: [757,128,758,1,793,4598516,794,0,795,4598516,796,55,798,1,806,android,857,DEVELOPER,858,2,947,0,1395,2,1500,275659,1688,1]
05-12 10:31:42.017 621 1011 I sysui_multi_action: [757,1501,758,1,793,4598516,794,0,795,4598516,796,55,806,android,857,DEVELOPER,858,2,947,0,1500,0,1688,1]
05-12 10:31:42.018 621 1011 I sysui_multi_action: [757,804,799,note_interruptive,801,0,802,1]
05-12 10:31:42.018 621 1011 I sysui_multi_action: [757,804,799,note_freshness,801,4598516,802,1]
05-12 10:31:42.018 621 1011 I notification_visibility: [-1|android|55|null|1000,1,4598516,4598516,0,1]
05-12 10:31:42.018 621 1011 I sysui_multi_action: [757,128,758,1,793,4582483,794,0,795,4582483,796,1009,798,0,806,cn.eben.sync,857,CloudService,858,2,947,0,1395,2,1500,275659,1688,1]
05-12 10:31:42.018 621 1011 I sysui_multi_action: [757,1501,758,1,793,4582483,794,0,795,4582483,796,1009,806,cn.eben.sync,857,CloudService,858,2,947,0,1500,0,1688,1]
05-12 10:31:42.018 621 1011 I sysui_multi_action: [757,804,799,note_interruptive,801,0,802,1]
05-12 10:31:42.018 621 1011 I sysui_multi_action: [757,804,799,note_freshness,801,4582483,802,1]
05-12 10:31:42.019 621 1011 I notification_visibility: [0|cn.eben.sync|1009|null|10063,1,4582483,4582483,0,0]
05-12 10:54:30.106 352 352 I rockchip-vop2 fdd90000.vop: [drm:vop2_crtc_atomic_enable] Update mode to 1536x2048p55, type: 16(if:60) for vp2 dclk: 192000000
05-12 10:54:30.107 352 352 I rockchip-vop2 fdd90000.vop: [drm:vop2_crtc_atomic_enable] dclk_out2 div: 2 dclk_core2 div: 1
05-12 10:54:30.107 352 352 I rockchip-vop2 fdd90000.vop: [drm:vop2_crtc_atomic_enable] set dclk_vop2 to 96000000, get 96000000
05-12 10:31:42.033 621 662 I DisplayPowerController[0]: Unblocked screen on after 80 ms
05-12 10:54:30.116 477 477 I gsensor_mxc6655 5-0015: set sensor poll time to 66ms
05-12 10:31:42.034 621 621 I power_screen_broadcast_done: [1,79,1]
05-12 10:31:42.253 621 704 I intercept_power: [ACTION_UP,0,0]
05-12 10:31:42.253 621 621 D WindowManager: powerPress: eventTime=3245586 interactive=true count=0 beganFromNonInteractive=true mShortPressOnPowerBehavior=1
05-12 10:54:30.519 543 543 I : read descriptors
05-12 10:54:30.519 543 543 I : read strings
05-12 10:54:30.520 1 1 I init : processing action (sys.usb.config=adb && sys.usb.configfs=1 && sys.usb.ffs.ready=1) from (/system/etc/init/hw/init.usb.configfs.rc:20)
05-12 10:54:30.523 1 1 I init : Command 'symlink /config/usb_gadget/g1/functions/ffs.adb /config/usb_gadget/g1/configs/b.1/f1' action=sys.usb.config=adb && sys.usb.configfs=1 && sys.usb.ffs.ready=1 (/system/etc/init/hw/init.usb.configfs.rc:22) took 0ms and failed: symlink() failed: File exists
05-12 10:54:30.524 1 1 I init : Command 'write /config/usb_gadget/g1/UDC ${sys.usb.controller}' action=sys.usb.config=adb && sys.usb.configfs=1 && sys.usb.ffs.ready=1 (/system/etc/init/hw/init.usb.configfs.rc:23) took 0ms and failed: Unable to write to file '/config/usb_gadget/g1/UDC': Unable to write file contents: Device or resource busy
05-12 10:54:30.611 352 352 I dw-mipi-dsi2 fde20000.dsi: [drm:dw_mipi_dsi2_encoder_enable] final DSI-Link bandwidth: 639999 x 8 Kbps
05-12 10:31:42.535 621 662 I sysui_latency: [5,586]
05-12 10:31:42.535 621 662 W PowerManagerService: Screen on took 592 ms
05-12 10:31:42.555 621 621 I sysui_multi_action: [757,198,758,1,759,1,1359,592,1694,1]
05-12 10:31:42.555 621 621 I power_screen_state: [1,0,0,0,592]
05-12 10:54:30.764 359 359 E rockchip-vop2 fdd90000.vop: [drm:vop2_wait_power_domain_off] *ERROR* wait pd7 off timeout power_ctrl: 0x7a
05-12 10:31:43.001 1306 1306 W ContextImpl: Calling a method in the system process without a qualified user: android.app.ContextImpl.sendBroadcast:1181 android.content.ContextWrapper.sendBroadcast:479 cn.eben.newweather.DateWeatherService.a:19 cn.eben.newweather.DateWeatherService.a:0 cn.eben.newweather.DateWeatherService$1.handleMessage:7
05-12 10:31:43.097 621 703 I input_interaction: Interaction with: 8c17c23 NotificationShade (server), PointerEventDispatcher0 (server),
05-12 10:31:43.237 621 1011 I wm_set_keyguard_shown: [1,0,1,keyguardGoingAway]
05-12 10:31:43.238 621 1011 D ActivityTaskManager: Top Process State changed to PROCESS_STATE_TOP
05-12 10:31:43.241 621 1011 I wm_set_resumed_activity: [0,com.eben.browser/.MainActivity,resumeTopActivity]
05-12 10:31:43.245 621 1011 I wm_resume_activity: [0,130231021,10773,com.eben.browser/.MainActivity]
05-12 10:31:43.269 3101 3101 I wm_on_restart_called: [130231021,com.eben.browser.MainActivity,performRestartActivity]
05-12 10:31:43.271 3101 3101 I wm_on_start_called: [130231021,com.eben.browser.MainActivity,handleStartActivity]
05-12 10:31:43.282 3101 3101 I wm_on_resume_called: [130231021,com.eben.browser.MainActivity,RESUME_ACTIVITY]
05-12 10:31:43.284 3101 3101 I wm_on_top_resumed_gained_called: [130231021,com.eben.browser.MainActivity,topWhenResuming]
05-12 10:31:43.323 775 775 I sysui_multi_action: [757,111,758,2]
05-12 10:54:31.416 1230 1230 W : abc audioDBG [es8323_mute] start mute:0
05-12 10:31:43.336 775 775 I sysui_multi_action: [757,196,758,2,759,0]
05-12 10:31:43.336 775 775 I sysui_status_bar_state: [0,0,0,0,0,1]
05-12 10:31:43.342 621 635 I wm_set_keyguard_shown: [0,0,1,setKeyguardShown]
05-12 10:54:31.426 1230 1230 I [Awinic] [3-0058]aw_acf_get_prof_desc_form_name: get prof desc down
05-12 10:31:43.343 621 641 I device_idle: [0,unlocked]
05-12 10:31:43.343 621 641 I device_idle_light: [0,unlocked]
05-12 10:31:43.343 621 683 I device_idle_off_start: unlocked
05-12 10:31:43.343 621 683 I device_idle_off_complete:
05-12 10:31:43.344 621 647 W BroadcastQueue: Background execution not allowed: receiving Intent { act=android.intent.action.USER_PRESENT flg=0x24200010 } to com.zhangyue.read.iReader/com.taobao.accs.EventReceiver
05-12 10:31:43.358 621 641 I user_activity_timeout_override: -1
05-12 10:54:31.442 1230 1230 I [Awinic] [3-005b]aw_acf_get_prof_desc_form_name: get prof desc down
05-12 10:31:43.365 621 642 I input_focus: [Focus request 2c83476 com.eben.browser/com.eben.browser.MainActivity,reason=UpdateInputWindows]
05-12 10:31:43.391 621 703 I input_focus: [Focus leaving 8c17c23 NotificationShade (server),reason=Waiting for window because NO_WINDOW]
05-12 10:31:43.417 621 1125 I dvm_lock_sample: [system_server,1,Binder:621_8,14,AccessibilityTraceManager.java,87,boolean com.android.server.accessibility.AccessibilityTraceManager.isA11yTracingEnabledForTypes(long),AccessibilityManagerService.java,605,void com.android.server.accessibility.AccessibilityManagerService$2.onReceive(android.content.Context, android.content.Intent),2]
05-12 10:31:43.427 621 703 I input_focus: [Focus entering 2c83476 com.eben.browser/com.eben.browser.MainActivity (server),reason=Window became focusable. Previous reason: NOT_VISIBLE]
05-12 10:31:43.455 621 1125 I sysui_multi_action: [757,128,758,2,793,4599954,794,1438,795,4599954,796,55,798,1,806,android,857,DEVELOPER,858,2,947,0,1395,2,1500,1438,1688,1]
05-12 10:31:43.455 621 1125 I notification_visibility: [-1|android|55|null|1000,0,4599954,4599954,0,1]
05-12 10:31:43.455 621 1125 I sysui_multi_action: [757,128,758,2,793,4583920,794,1437,795,4583920,796,1009,798,0,806,cn.eben.sync,857,CloudService,858,2,947,0,1395,2,1500,1437,1688,1]
05-12 10:31:43.456 621 1125 I notification_visibility: [0|cn.eben.sync|1009|null|10063,0,4583920,4583920,0,0]
05-12 10:31:43.456 621 1125 I sysui_multi_action: [757,127,758,2]
05-12 10:31:43.456 621 1125 I notification_panel_hidden:
05-12 10:54:31.575 543 543 I : read descriptors
05-12 10:54:31.575 543 543 I : read strings
05-12 10:54:31.576 1 1 I init : processing action (sys.usb.config=adb && sys.usb.configfs=1 && sys.usb.ffs.ready=1) from (/system/etc/init/hw/init.usb.configfs.rc:20)
05-12 10:54:31.577 1 1 I init : Command 'symlink /config/usb_gadget/g1/functions/ffs.adb /config/usb_gadget/g1/configs/b.1/f1' action=sys.usb.config=adb && sys.usb.configfs=1 && sys.usb.ffs.ready=1 (/system/etc/init/hw/init.usb.configfs.rc:22) took 0ms and failed: symlink() failed: File exists
05-12 10:54:31.577 1 1 I init : Command 'write /config/usb_gadget/g1/UDC ${sys.usb.controller}' action=sys.usb.config=adb && sys.usb.configfs=1 && sys.usb.ffs.ready=1 (/system/etc/init/hw/init.usb.configfs.rc:23) took 0ms and failed: Unable to write to file '/config/usb_gadget/g1/UDC': Unable to write file contents: Device or resource busy
05-12 10:31:44.002 1306 1306 W ContextImpl: Calling a method in the system process without a qualified user: android.app.ContextImpl.sendBroadcast:1181 android.content.ContextWrapper.sendBroadcast:479 cn.eben.newweather.DateWeatherService.a:19 cn.eben.newweather.DateWeatherService.a:0 cn.eben.newweather.DateWeatherService$1.handleMessage:7
05-12 10:31:44.465 621 703 I input_interaction: Interaction with: 85ec5f NavigationBar0 (server), PointerEventDispatcher0 (server),
05-12 10:31:44.470 775 775 I sysui_multi_action: [757,931,758,4,759,4,932,0,933,0]
05-12 10:31:44.475 621 703 I input_interaction: Interaction with: 2c83476 com.eben.browser/com.eben.browser.MainActivity (server), PointerEventDispatcher0 (server),
05-12 10:31:44.483 621 703 I input_interaction: Interaction with: 85ec5f NavigationBar0 (server), PointerEventDispatcher0 (server),
05-12 10:54:32.625 543 543 I : read descriptors
05-12 10:54:32.625 543 543 I : read strings
05-12 10:54:32.626 1 1 I init : processing action (sys.usb.config=adb && sys.usb.configfs=1 && sys.usb.ffs.ready=1) from (/system/etc/init/hw/init.usb.configfs.rc:20)
05-12 10:31:44.574 775 775 I sysui_multi_action: [757,931,758,4,759,4,932,0,933,1]
05-12 10:31:44.576 621 1125 I sysui_multi_action: [757,803,799,key_back_press,802,1]
05-12 10:31:44.591 621 639 D AutofillManagerService: onBackKeyPressed()
05-12 10:54:32.734 425 425 W : abc audioDBG [es8323_mute] start mute:1
05-12 10:54:32.735 425 425 I [Awinic] [3-0058]aw_acf_get_prof_desc_form_name: get prof desc down
05-12 10:54:32.735 425 425 I [Awinic] [3-005b]aw_acf_get_prof_desc_form_name: get prof desc down
05-12 10:31:45.003 1306 1306 W ContextImpl: Calling a method in the system process without a qualified user: android.app.ContextImpl.sendBroadcast:1181 android.content.ContextWrapper.sendBroadcast:479 cn.eben.newweather.DateWeatherService.a:19 cn.eben.newweather.DateWeatherService.a:0 cn.eben.newweather.DateWeatherService$1.handleMessage:7
05-12 10:31:45.022 621 646 I am_pss : [3504,1000,com.ebensz.appmanager:remote,14462976,6787072,0,113819648,0,10,9]
05-12 10:31:45.040 621 646 I am_pss : [3472,1000,com.ebensz.appmanager,32272384,23457792,0,141291520,0,10,9]
05-12 10:31:45.049 621 646 I am_pss : [3520,10086,com.android.remoteprovisioner,7232512,4300800,0,94785536,0,8,6]
05-12 10:31:45.393 621 703 I input_interaction: Interaction with: 2c83476 com.eben.browser/com.eben.browser.MainActivity (server), PointerEventDispatcher0 (server),
05-12 10:31:45.541 1310 1310 W ContextImpl: Calling a method in the system process without a qualified user: android.app.ContextImpl.sendBroadcast:1181 android.content.ContextWrapper.sendBroadcast:479 com.ebensz.softkeyboard.n.d:116 com.ebensz.softkeyboard.n.a:226 com.ebensz.softkeyboard.n.c:59
05-12 10:31:45.543 621 647 I am_wtf : [0,621,system_server,-1,ActivityManager,Sending non-protected broadcast com.ebensz.softkeyboard.inputModeChange from system 1310:com.ebensz.softkeyboard/1000 pkg com.ebensz.softkeyboard]
05-12 10:31:45.544 621 647 I DropBoxManagerService: add tag=system_server_wtf isTagEnabled=true flags=0x2
05-12 10:31:45.546 621 647 W BroadcastQueue: Background execution not allowed: receiving Intent { act=com.ebensz.softkeyboard.inputModeChange flg=0x10 } to com.ebensz.softkeyboard/.util.InputModeChangeReceiver
05-12 10:54:33.685 543 543 I : read descriptors
05-12 10:54:33.685 543 543 I : read strings
05-12 10:31:45.685 621 635 W WindowManager: App com.ebensz.softkeyboard has a system alert window (type = 2038) with FLAG_NOT_TOUCHABLE and LayoutParams.alpha = 1.00 > 0.80, setting alpha to 0.80 to let touches pass through (if this is isn't desirable, remove flag FLAG_NOT_TOUCHABLE).
05-12 10:31:45.728 621 635 W WindowManager: App com.ebensz.softkeyboard has a system alert window (type = 2038) with FLAG_NOT_TOUCHABLE and LayoutParams.alpha = 1.00 > 0.80, setting alpha to 0.80 to let touches pass through (if this is isn't desirable, remove flag FLAG_NOT_TOUCHABLE).
05-12 10:31:46.002 1306 1306 W ContextImpl: Calling a method in the system process without a qualified user: android.app.ContextImpl.sendBroadcast:1181 android.content.ContextWrapper.sendBroadcast:479 cn.eben.newweather.DateWeatherService.a:19 cn.eben.newweather.DateWeatherService.a:0 cn.eben.newweather.DateWeatherService$1.handleMessage:7
05-12 10:54:34.735 543 543 I : read descriptors
05-12 10:54:34.736 543 543 I : read strings
05-12 10:54:34.738 1 1 I init : processing action (sys.usb.config=adb && sys.usb.configfs=1 && sys.usb.ffs.ready=1) from (/system/etc/init/hw/init.usb.configfs.rc:20)
05-12 10:54:34.741 1 1 I init : Command 'symlink /config/usb_gadget/g1/functions/ffs.adb /config/usb_gadget/g1/configs/b.1/f1' action=sys.usb.config=adb && sys.usb.configfs=1 && sys.usb.ffs.ready=1 (/system/etc/init/hw/init.usb.configfs.rc:22) took 0ms and failed: symlink() failed: File exists
05-12 10:54:34.743 1 1 I init : Command 'write /config/usb_gadget/g1/UDC ${sys.usb.controller}' action=sys.usb.config=adb && sys.usb.configfs=1 && sys.usb.ffs.ready=1 (/system/etc/init/hw/init.usb.configfs.rc:23) took 1ms and failed: Unable to write to file '/config/usb_gadget/g1/UDC': Unable to write file contents: Device or resource busy
05-12 10:31:47.002 1306 1306 W ContextImpl: Calling a method in the system process without a qualified user: android.app.ContextImpl.sendBroadcast:1181 android.content.ContextWrapper.sendBroadcast:479 cn.eben.newweather.DateWeatherService.a:19 cn.eben.newweather.DateWeatherService.a:0 cn.eben.newweather.DateWeatherService$1.handleMessage:7
05-12 10:31:47.560 621 703 I input_interaction: Interaction with: 343f0e8 InputMethod (server), PointerEventDispatcher0 (server),
05-12 10:54:35.789 543 543 I : read descriptors
05-12 10:54:35.789 543 543 I : read strings
05-12 10:54:35.790 1 1 I init : processing action (sys.usb.config=adb && sys.usb.configfs=1 && sys.usb.ffs.ready=1) from (/system/etc/init/hw/init.usb.configfs.rc:20)
05-12 10:54:35.793 1 1 I init : Command 'symlink /config/usb_gadget/g1/functions/ffs.adb /config/usb_gadget/g1/configs/b.1/f1' action=sys.usb.config=adb && sys.usb.configfs=1 && sys.usb.ffs.ready=1 (/system/etc/init/hw/init.usb.configfs.rc:22) took 0ms and failed: symlink() failed: File exists
05-12 10:54:35.794 1 1 I init : Command 'write /config/usb_gadget/g1/UDC ${sys.usb.controller}' action=sys.usb.config=adb && sys.usb.configfs=1 && sys.usb.ffs.ready=1 (/system/etc/init/hw/init.usb.configfs.rc:23) took 0ms and failed: Unable to write to file '/config/usb_gadget/g1/UDC': Unable to write file contents: Device or resource busy
05-12 10:31:47.765 621 1292 W WindowManager: Window types in WindowContext and LayoutParams.type should match! Type from LayoutParams is 2038, but type from WindowContext is 2011
05-12 10:31:48.002 1306 1306 W ContextImpl: Calling a method in the system process without a qualified user: android.app.ContextImpl.sendBroadcast:1181 android.content.ContextWrapper.sendBroadcast:479 cn.eben.newweather.DateWeatherService.a:19 cn.eben.newweather.DateWeatherService.a:0 cn.eben.newweather.DateWeatherService$1.handleMessage:7
05-12 10:54:36.841 543 543 I : read descriptors
05-12 10:54:36.841 543 543 I : read strings
05-12 10:54:36.842 1 1 I init : processing action (sys.usb.config=adb && sys.usb.configfs=1 && sys.usb.ffs.ready=1) from (/system/etc/init/hw/init.usb.configfs.rc:20)
05-12 10:54:36.843 1 1 I init : Command 'symlink /config/usb_gadget/g1/functions/ffs.adb /config/usb_gadget/g1/configs/b.1/f1' action=sys.usb.config=adb && sys.usb.configfs=1 && sys.usb.ffs.ready=1 (/system/etc/init/hw/init.usb.configfs.rc:22) took 0ms and failed: symlink() failed: File exists
05-12 10:54:36.844 1 1 I init : Command 'write /config/usb_gadget/g1/UDC ${sys.usb.controller}' action=sys.usb.config=adb && sys.usb.configfs=1 && sys.usb.ffs.ready=1 (/system/etc/init/hw/init.usb.configfs.rc:23) took 0ms and failed: Unable to write to file '/config/usb_gadget/g1/UDC': Unable to write file contents: Device or resource busy
05-12 10:31:49.002 1306 1306 W ContextImpl: Calling a method in the system process without a qualified user: android.app.ContextImpl.sendBroadcast:1181 android.content.ContextWrapper.sendBroadcast:479 cn.eben.newweather.DateWeatherService.a:19 cn.eben.newweather.DateWeatherService.a:0 cn.eben.newweather.DateWeatherService$1.handleMessage:7
05-12 10:54:37.885 543 543 I : read descriptors
05-12 10:54:37.885 543 543 I : read strings
05-12 10:54:37.887 1 1 I init : processing action (sys.usb.config=adb && sys.usb.configfs=1 && sys.usb.ffs.ready=1) from (/system/etc/init/hw/init.usb.configfs.rc:20)
05-12 10:31:50.002 1306 1306 W ContextImpl: Calling a method in the system process without a qualified user: android.app.ContextImpl.sendBroadcast:1181 android.content.ContextWrapper.sendBroadcast:479 cn.eben.newweather.DateWeatherService.a:19 cn.eben.newweather.DateWeatherService.a:0 cn.eben.newweather.DateWeatherService$1.handleMessage:7
05-12 10:31:50.298 621 703 I input_interaction: Interaction with: 2c83476 com.eben.browser/com.eben.browser.MainActivity (server), PointerEventDispatcher0 (server),
05-12 10:54:38.941 543 543 I : read descriptors
05-12 10:54:38.941 543 543 I : read strings
05-12 10:31:51.003 1306 1306 W ContextImpl: Calling a method in the system process without a qualified user: android.app.ContextImpl.sendBroadcast:1181 android.content.ContextWrapper.sendBroadcast:479 cn.eben.newweather.DateWeatherService.a:19 cn.eben.newweather.DateWeatherService.a:0 cn.eben.newweather.DateWeatherService$1.handleMessage:7
05-12 10:31:51.886 621 769 I battery_level: [98,8220,295]
05-12 10:54:39.969 439 439 W healthd : battery l=98 v=8220 t=29.5 h=1 st=3 c=-512000 fc=9700000 cc=7 chg=
05-12 10:54:39.998 543 543 I : read descriptors
05-12 10:54:39.998 543 543 I : read strings
05-12 10:54:40.000 1 1 I init : processing action (sys.usb.config=adb && sys.usb.configfs=1 && sys.usb.ffs.ready=1) from (/system/etc/init/hw/init.usb.configfs.rc:20)
05-12 10:54:40.008 1 1 I init : Command 'symlink /config/usb_gadget/g1/functions/ffs.adb /config/usb_gadget/g1/configs/b.1/f1' action=sys.usb.config=adb && sys.usb.configfs=1 && sys.usb.ffs.ready=1 (/system/etc/init/hw/init.usb.configfs.rc:22) took 0ms and failed: symlink() failed: File exists
05-12 10:54:40.009 1 1 I init : Command 'write /config/usb_gadget/g1/UDC ${sys.usb.controller}' action=sys.usb.config=adb && sys.usb.configfs=1 && sys.usb.ffs.ready=1 (/system/etc/init/hw/init.usb.configfs.rc:23) took 0ms and failed: Unable to write to file '/config/usb_gadget/g1/UDC': Unable to write file contents: Device or resource busy
05-12 10:31:52.002 1306 1306 W ContextImpl: Calling a method in the system process without a qualified user: android.app.ContextImpl.sendBroadcast:1181 android.content.ContextWrapper.sendBroadcast:479 cn.eben.newweather.DateWeatherService.a:19 cn.eben.newweather.DateWeatherService.a:0 cn.eben.newweather.DateWeatherService$1.handleMessage:7
05-12 10:31:52.788 621 642 I input_focus: [Focus request 5ef249d PopupWindow:e5bb395,reason=UpdateInputWindows]
05-12 10:31:52.812 621 703 I input_focus: [Focus leaving 2c83476 com.eben.browser/com.eben.browser.MainActivity (server),reason=Waiting for window because NOT_VISIBLE]
05-12 10:31:52.939 621 703 I input_focus: [Focus entering 5ef249d PopupWindow:e5bb395 (server),reason=Window became focusable. Previous reason: NOT_VISIBLE]
05-12 10:54:41.062 543 543 I : read descriptors
05-12 10:54:41.062 543 543 I : read strings
05-12 10:54:41.063 1 1 I init : processing action (sys.usb.config=adb && sys.usb.configfs=1 && sys.usb.ffs.ready=1) from (/system/etc/init/hw/init.usb.configfs.rc:20)
05-12 10:54:41.065 1 1 I init : Command 'symlink /config/usb_gadget/g1/functions/ffs.adb /config/usb_gadget/g1/configs/b.1/f1' action=sys.usb.config=adb && sys.usb.configfs=1 && sys.usb.ffs.ready=1 (/system/etc/init/hw/init.usb.configfs.rc:22) took 0ms and failed: symlink() failed: File exists
05-12 10:54:41.066 1 1 I init : Command 'write /config/usb_gadget/g1/UDC ${sys.usb.controller}' action=sys.usb.config=adb && sys.usb.configfs=1 && sys.usb.ffs.ready=1 (/system/etc/init/hw/init.usb.configfs.rc:23) took 0ms and failed: Unable to write to file '/config/usb_gadget/g1/UDC': Unable to write file contents: Device or resource busy
05-12 10:31:53.002 1306 1306 W ContextImpl: Calling a method in the system process without a qualified user: android.app.ContextImpl.sendBroadcast:1181 android.content.ContextWrapper.sendBroadcast:479 cn.eben.newweather.DateWeatherService.a:19 cn.eben.newweather.DateWeatherService.a:0 cn.eben.newweather.DateWeatherService$1.handleMessage:7
05-12 10:31:53.005 621 712 I netstats_mobile_sample: [0,0,0,0,0,0,0,0,0,0,0,0,1747017113004]
05-12 10:31:53.005 621 712 I netstats_wifi_sample: [0,0,0,0,0,0,0,0,0,0,0,0,1747017113004]
05-12 10:31:54.002 1306 1306 W ContextImpl: Calling a method in the system process without a qualified user: android.app.ContextImpl.sendBroadcast:1181 android.content.ContextWrapper.sendBroadcast:479 cn.eben.newweather.DateWeatherService.a:19 cn.eben.newweather.DateWeatherService.a:0 cn.eben.newweather.DateWeatherService$1.handleMessage:7
05-12 10:54:42.111 543 543 I : read descriptors
05-12 10:54:42.112 543 543 I : read strings
05-12 10:54:42.112 1 1 I init : processing action (sys.usb.config=adb && sys.usb.configfs=1 && sys.usb.ffs.ready=1) from (/system/etc/init/hw/init.usb.configfs.rc:20)
05-12 10:54:42.113 1 1 I init : Command 'symlink /config/usb_gadget/g1/functions/ffs.adb /config/usb_gadget/g1/configs/b.1/f1' action=sys.usb.config=adb && sys.usb.configfs=1 && sys.usb.ffs.ready=1 (/system/etc/init/hw/init.usb.configfs.rc:22) took 0ms and failed: symlink() failed: File exists
05-12 10:54:42.113 1 1 I init : Command 'write /config/usb_gadget/g1/UDC ${sys.usb.controller}' action=sys.usb.config=adb && sys.usb.configfs=1 && sys.usb.ffs.ready=1 (/system/etc/init/hw/init.usb.configfs.rc:23) took 0ms and failed: Unable to write to file '/config/usb_gadget/g1/UDC': Unable to write file contents: Device or resource busy
05-12 10:31:55.001 1306 1306 W ContextImpl: Calling a method in the system process without a qualified user: android.app.ContextImpl.sendBroadcast:1181 android.content.ContextWrapper.sendBroadcast:479 cn.eben.newweather.DateWeatherService.a:19 cn.eben.newweather.DateWeatherService.a:0 cn.eben.newweather.DateWeatherService$1.handleMessage:7
05-12 10:54:43.152 543 543 I : read descriptors
05-12 10:54:43.152 543 543 I : read strings
05-12 10:54:43.153 1 1 I init : processing action (sys.usb.config=adb && sys.usb.configfs=1 && sys.usb.ffs.ready=1) from (/system/etc/init/hw/init.usb.configfs.rc:20)
05-12 10:31:56.003 1306 1306 W ContextImpl: Calling a method in the system process without a qualified user: android.app.ContextImpl.sendBroadcast:1181 android.content.ContextWrapper.sendBroadcast:479 cn.eben.newweather.DateWeatherService.a:19 cn.eben.newweather.DateWeatherService.a:0 cn.eben.newweather.DateWeatherService$1.handleMessage:7
05-12 10:54:44.195 543 543 I : read descriptors
05-12 10:54:44.195 543 543 I : read strings
05-12 10:31:57.002 1306 1306 W ContextImpl: Calling a method in the system process without a qualified user: android.app.ContextImpl.sendBroadcast:1181 android.content.ContextWrapper.sendBroadcast:479 cn.eben.newweather.DateWeatherService.a:19 cn.eben.newweather.DateWeatherService.a:0 cn.eben.newweather.DateWeatherService$1.handleMessage:7
05-12 10:54:45.252 543 543 I : read descriptors
05-12 10:54:45.253 543 543 I : read strings
05-12 10:54:45.255 1 1 I init : processing action (sys.usb.config=adb && sys.usb.configfs=1 && sys.usb.ffs.ready=1) from (/system/etc/init/hw/init.usb.configfs.rc:20)
05-12 10:54:45.258 1 1 I init : Command 'symlink /config/usb_gadget/g1/functions/ffs.adb /config/usb_gadget/g1/configs/b.1/f1' action=sys.usb.config=adb && sys.usb.configfs=1 && sys.usb.ffs.ready=1 (/system/etc/init/hw/init.usb.configfs.rc:22) took 0ms and failed: symlink() failed: File exists
05-12 10:54:45.258 1 1 I init : Command 'write /config/usb_gadget/g1/UDC ${sys.usb.controller}' action=sys.usb.config=adb && sys.usb.configfs=1 && sys.usb.ffs.ready=1 (/system/etc/init/hw/init.usb.configfs.rc:23) took 0ms and failed: Unable to write to file '/config/usb_gadget/g1/UDC': Unable to write file contents: Device or resource busy
05-12 10:31:58.002 1306 1306 W ContextImpl: Calling a method in the system process without a qualified user: android.app.ContextImpl.sendBroadcast:1181 android.content.ContextWrapper.sendBroadcast:479 cn.eben.newweather.DateWeatherService.a:19 cn.eben.newweather.DateWeatherService.a:0 cn.eben.newweather.DateWeatherService$1.handleMessage:7
05-12 10:54:46.295 543 543 I : read descriptors
05-12 10:54:46.295 543 543 I : read strings
05-12 10:54:46.298 1 1 I init : processing action (sys.usb.config=adb && sys.usb.configfs=1 && sys.usb.ffs.ready=1) from (/system/etc/init/hw/init.usb.configfs.rc:20)
05-12 10:54:46.303 1 1 I init : Command 'symlink /config/usb_gadget/g1/functions/ffs.adb /config/usb_gadget/g1/configs/b.1/f1' action=sys.usb.config=adb && sys.usb.configfs=1 && sys.usb.ffs.ready=1 (/system/etc/init/hw/init.usb.configfs.rc:22) took 2ms and failed: symlink() failed: File exists
05-12 10:54:46.304 1 1 I init : Command 'write /config/usb_gadget/g1/UDC ${sys.usb.controller}' action=sys.usb.config=adb && sys.usb.configfs=1 && sys.usb.ffs.ready=1 (/system/etc/init/hw/init.usb.configfs.rc:23) took 0ms and failed: Unable to write to file '/config/usb_gadget/g1/UDC': Unable to write file contents: Device or resource busy
05-12 10:31:59.002 1306 1306 W ContextImpl: Calling a method in the system process without a qualified user: android.app.ContextImpl.sendBroadcast:1181 android.content.ContextWrapper.sendBroadcast:479 cn.eben.newweather.DateWeatherService.a:19 cn.eben.newweather.DateWeatherService.a:0 cn.eben.newweather.DateWeatherService$1.handleMessage:7
05-12 10:54:47.349 543 543 I : read descriptors
05-12 10:54:47.349 543 543 I : read strings
05-12 10:54:47.352 1 1 I init : processing action (sys.usb.config=adb && sys.usb.configfs=1 && sys.usb.ffs.ready=1) from (/system/etc/init/hw/init.usb.configfs.rc:20)
05-12 10:54:47.354 1 1 I init : Command 'symlink /config/usb_gadget/g1/functions/ffs.adb /config/usb_gadget/g1/configs/b.1/f1' action=sys.usb.config=adb && sys.usb.configfs=1 && sys.usb.ffs.ready=1 (/system/etc/init/hw/init.usb.configfs.rc:22) took 0ms and failed: symlink() failed: File exists
05-12 10:54:47.354 1 1 I init : Command 'write /config/usb_gadget/g1/UDC ${sys.usb.controller}' action=sys.usb.config=adb && sys.usb.configfs=1 && sys.usb.ffs.ready=1 (/system/etc/init/hw/init.usb.configfs.rc:23) took 0ms and failed: Unable to write to file '/config/usb_gadget/g1/UDC': Unable to write file contents: Device or resource busy
