05-12 10:32:47.003 1306 1306 W ContextImpl: Calling a method in the system process without a qualified user: android.app.ContextImpl.sendBroadcast:1181 android.content.ContextWrapper.sendBroadcast:479 cn.eben.newweather.DateWeatherService.a:19 cn.eben.newweather.DateWeatherService.a:0 cn.eben.newweather.DateWeatherService$1.handleMessage:7
05-12 10:55:35.829 543 543 I : read descriptors
05-12 10:55:35.829 543 543 I : read strings
05-12 10:55:35.832 1 1 I init : processing action (sys.usb.config=adb && sys.usb.configfs=1 && sys.usb.ffs.ready=1) from (/system/etc/init/hw/init.usb.configfs.rc:20)
05-12 10:32:48.003 1306 1306 W ContextImpl: Calling a method in the system process without a qualified user: android.app.ContextImpl.sendBroadcast:1181 android.content.ContextWrapper.sendBroadcast:479 cn.eben.newweather.DateWeatherService.a:19 cn.eben.newweather.DateWeatherService.a:0 cn.eben.newweather.DateWeatherService$1.handleMessage:7
05-12 10:55:36.905 543 543 I : read descriptors
05-12 10:55:36.905 543 543 I : read strings
05-12 10:32:49.003 1306 1306 W ContextImpl: Calling a method in the system process without a qualified user: android.app.ContextImpl.sendBroadcast:1181 android.content.ContextWrapper.sendBroadcast:479 cn.eben.newweather.DateWeatherService.a:19 cn.eben.newweather.DateWeatherService.a:0 cn.eben.newweather.DateWeatherService$1.handleMessage:7
05-12 10:55:37.965 543 543 I : read descriptors
05-12 10:55:37.965 543 543 I : read strings
05-12 10:55:37.968 1 1 I init : processing action (sys.usb.config=adb && sys.usb.configfs=1 && sys.usb.ffs.ready=1) from (/system/etc/init/hw/init.usb.configfs.rc:20)
05-12 10:55:37.970 1 1 I init : Command 'symlink /config/usb_gadget/g1/functions/ffs.adb /config/usb_gadget/g1/configs/b.1/f1' action=sys.usb.config=adb && sys.usb.configfs=1 && sys.usb.ffs.ready=1 (/system/etc/init/hw/init.usb.configfs.rc:22) took 0ms and failed: symlink() failed: File exists
05-12 10:55:37.970 1 1 I init : Command 'write /config/usb_gadget/g1/UDC ${sys.usb.controller}' action=sys.usb.config=adb && sys.usb.configfs=1 && sys.usb.ffs.ready=1 (/system/etc/init/hw/init.usb.configfs.rc:23) took 0ms and failed: Unable to write to file '/config/usb_gadget/g1/UDC': Unable to write file contents: Device or resource busy
05-12 10:32:50.003 1306 1306 W ContextImpl: Calling a method in the system process without a qualified user: android.app.ContextImpl.sendBroadcast:1181 android.content.ContextWrapper.sendBroadcast:479 cn.eben.newweather.DateWeatherService.a:19 cn.eben.newweather.DateWeatherService.a:0 cn.eben.newweather.DateWeatherService$1.handleMessage:7
05-12 10:55:39.005 543 543 I : read descriptors
05-12 10:55:39.005 543 543 I : read strings
05-12 10:55:39.009 1 1 I init : processing action (sys.usb.config=adb && sys.usb.configfs=1 && sys.usb.ffs.ready=1) from (/system/etc/init/hw/init.usb.configfs.rc:20)
05-12 10:55:39.010 1 1 I init : Command 'symlink /config/usb_gadget/g1/functions/ffs.adb /config/usb_gadget/g1/configs/b.1/f1' action=sys.usb.config=adb && sys.usb.configfs=1 && sys.usb.ffs.ready=1 (/system/etc/init/hw/init.usb.configfs.rc:22) took 0ms and failed: symlink() failed: File exists
05-12 10:55:39.011 1 1 I init : Command 'write /config/usb_gadget/g1/UDC ${sys.usb.controller}' action=sys.usb.config=adb && sys.usb.configfs=1 && sys.usb.ffs.ready=1 (/system/etc/init/hw/init.usb.configfs.rc:23) took 0ms and failed: Unable to write to file '/config/usb_gadget/g1/UDC': Unable to write file contents: Device or resource busy
05-12 10:32:51.002 1306 1306 W ContextImpl: Calling a method in the system process without a qualified user: android.app.ContextImpl.sendBroadcast:1181 android.content.ContextWrapper.sendBroadcast:479 cn.eben.newweather.DateWeatherService.a:19 cn.eben.newweather.DateWeatherService.a:0 cn.eben.newweather.DateWeatherService$1.handleMessage:7
05-12 10:55:40.079 543 543 I : read descriptors
05-12 10:55:40.079 543 543 I : read strings
05-12 10:55:40.082 1 1 I init : processing action (sys.usb.config=adb && sys.usb.configfs=1 && sys.usb.ffs.ready=1) from (/system/etc/init/hw/init.usb.configfs.rc:20)
05-12 10:55:40.084 1 1 I init : Command 'symlink /config/usb_gadget/g1/functions/ffs.adb /config/usb_gadget/g1/configs/b.1/f1' action=sys.usb.config=adb && sys.usb.configfs=1 && sys.usb.ffs.ready=1 (/system/etc/init/hw/init.usb.configfs.rc:22) took 0ms and failed: symlink() failed: File exists
05-12 10:55:40.084 1 1 I init : Command 'write /config/usb_gadget/g1/UDC ${sys.usb.controller}' action=sys.usb.config=adb && sys.usb.configfs=1 && sys.usb.ffs.ready=1 (/system/etc/init/hw/init.usb.configfs.rc:23) took 0ms and failed: Unable to write to file '/config/usb_gadget/g1/UDC': Unable to write file contents: Device or resource busy
05-12 10:32:52.002 1306 1306 W ContextImpl: Calling a method in the system process without a qualified user: android.app.ContextImpl.sendBroadcast:1181 android.content.ContextWrapper.sendBroadcast:479 cn.eben.newweather.DateWeatherService.a:19 cn.eben.newweather.DateWeatherService.a:0 cn.eben.newweather.DateWeatherService$1.handleMessage:7
05-12 10:32:53.002 1306 1306 W ContextImpl: Calling a method in the system process without a qualified user: android.app.ContextImpl.sendBroadcast:1181 android.content.ContextWrapper.sendBroadcast:479 cn.eben.newweather.DateWeatherService.a:19 cn.eben.newweather.DateWeatherService.a:0 cn.eben.newweather.DateWeatherService$1.handleMessage:7
05-12 10:55:41.125 543 543 I : read descriptors
05-12 10:55:41.126 543 543 I : read strings
05-12 10:55:41.129 1 1 I init : processing action (sys.usb.config=adb && sys.usb.configfs=1 && sys.usb.ffs.ready=1) from (/system/etc/init/hw/init.usb.configfs.rc:20)
05-12 10:32:54.003 1306 1306 W ContextImpl: Calling a method in the system process without a qualified user: android.app.ContextImpl.sendBroadcast:1181 android.content.ContextWrapper.sendBroadcast:479 cn.eben.newweather.DateWeatherService.a:19 cn.eben.newweather.DateWeatherService.a:0 cn.eben.newweather.DateWeatherService$1.handleMessage:7
05-12 10:55:42.222 543 543 I : read descriptors
05-12 10:55:42.222 543 543 I : read strings
05-12 10:32:55.004 1306 1306 W ContextImpl: Calling a method in the system process without a qualified user: android.app.ContextImpl.sendBroadcast:1181 android.content.ContextWrapper.sendBroadcast:479 cn.eben.newweather.DateWeatherService.a:19 cn.eben.newweather.DateWeatherService.a:0 cn.eben.newweather.DateWeatherService$1.handleMessage:7
05-12 10:55:43.282 543 543 I : read descriptors
05-12 10:55:43.282 543 543 I : read strings
05-12 10:55:43.286 1 1 I init : processing action (sys.usb.config=adb && sys.usb.configfs=1 && sys.usb.ffs.ready=1) from (/system/etc/init/hw/init.usb.configfs.rc:20)
05-12 10:55:43.288 1 1 I init : Command 'symlink /config/usb_gadget/g1/functions/ffs.adb /config/usb_gadget/g1/configs/b.1/f1' action=sys.usb.config=adb && sys.usb.configfs=1 && sys.usb.ffs.ready=1 (/system/etc/init/hw/init.usb.configfs.rc:22) took 0ms and failed: symlink() failed: File exists
05-12 10:55:43.288 1 1 I init : Command 'write /config/usb_gadget/g1/UDC ${sys.usb.controller}' action=sys.usb.config=adb && sys.usb.configfs=1 && sys.usb.ffs.ready=1 (/system/etc/init/hw/init.usb.configfs.rc:23) took 0ms and failed: Unable to write to file '/config/usb_gadget/g1/UDC': Unable to write file contents: Device or resource busy
05-12 10:32:56.004 1306 1306 W ContextImpl: Calling a method in the system process without a qualified user: android.app.ContextImpl.sendBroadcast:1181 android.content.ContextWrapper.sendBroadcast:479 cn.eben.newweather.DateWeatherService.a:19 cn.eben.newweather.DateWeatherService.a:0 cn.eben.newweather.DateWeatherService$1.handleMessage:7
05-12 10:55:44.335 543 543 I : read descriptors
05-12 10:55:44.335 543 543 I : read strings
05-12 10:55:44.339 1 1 I init : processing action (sys.usb.config=adb && sys.usb.configfs=1 && sys.usb.ffs.ready=1) from (/system/etc/init/hw/init.usb.configfs.rc:20)
05-12 10:55:44.340 1 1 I init : Command 'symlink /config/usb_gadget/g1/functions/ffs.adb /config/usb_gadget/g1/configs/b.1/f1' action=sys.usb.config=adb && sys.usb.configfs=1 && sys.usb.ffs.ready=1 (/system/etc/init/hw/init.usb.configfs.rc:22) took 0ms and failed: symlink() failed: File exists
05-12 10:55:44.341 1 1 I init : Command 'write /config/usb_gadget/g1/UDC ${sys.usb.controller}' action=sys.usb.config=adb && sys.usb.configfs=1 && sys.usb.ffs.ready=1 (/system/etc/init/hw/init.usb.configfs.rc:23) took 0ms and failed: Unable to write to file '/config/usb_gadget/g1/UDC': Unable to write file contents: Device or resource busy
05-12 10:32:57.001 1306 1306 W ContextImpl: Calling a method in the system process without a qualified user: android.app.ContextImpl.sendBroadcast:1181 android.content.ContextWrapper.sendBroadcast:479 cn.eben.newweather.DateWeatherService.a:19 cn.eben.newweather.DateWeatherService.a:0 cn.eben.newweather.DateWeatherService$1.handleMessage:7
05-12 10:55:45.412 543 543 I : read descriptors
05-12 10:55:45.412 543 543 I : read strings
05-12 10:55:45.415 1 1 I init : processing action (sys.usb.config=adb && sys.usb.configfs=1 && sys.usb.ffs.ready=1) from (/system/etc/init/hw/init.usb.configfs.rc:20)
05-12 10:55:45.417 1 1 I init : Command 'symlink /config/usb_gadget/g1/functions/ffs.adb /config/usb_gadget/g1/configs/b.1/f1' action=sys.usb.config=adb && sys.usb.configfs=1 && sys.usb.ffs.ready=1 (/system/etc/init/hw/init.usb.configfs.rc:22) took 0ms and failed: symlink() failed: File exists
05-12 10:55:45.417 1 1 I init : Command 'write /config/usb_gadget/g1/UDC ${sys.usb.controller}' action=sys.usb.config=adb && sys.usb.configfs=1 && sys.usb.ffs.ready=1 (/system/etc/init/hw/init.usb.configfs.rc:23) took 0ms and failed: Unable to write to file '/config/usb_gadget/g1/UDC': Unable to write file contents: Device or resource busy
05-12 10:32:58.002 1306 1306 W ContextImpl: Calling a method in the system process without a qualified user: android.app.ContextImpl.sendBroadcast:1181 android.content.ContextWrapper.sendBroadcast:479 cn.eben.newweather.DateWeatherService.a:19 cn.eben.newweather.DateWeatherService.a:0 cn.eben.newweather.DateWeatherService$1.handleMessage:7
05-12 10:55:46.462 543 543 I : read descriptors
05-12 10:55:46.462 543 543 I : read strings
05-12 10:55:46.465 1 1 I init : processing action (sys.usb.config=adb && sys.usb.configfs=1 && sys.usb.ffs.ready=1) from (/system/etc/init/hw/init.usb.configfs.rc:20)
05-12 10:32:59.003 1306 1306 W ContextImpl: Calling a method in the system process without a qualified user: android.app.ContextImpl.sendBroadcast:1181 android.content.ContextWrapper.sendBroadcast:479 cn.eben.newweather.DateWeatherService.a:19 cn.eben.newweather.DateWeatherService.a:0 cn.eben.newweather.DateWeatherService$1.handleMessage:7
05-12 10:55:47.519 543 543 I : read descriptors
05-12 10:55:47.519 543 543 I : read strings
05-12 10:33:00.004 1306 1306 W ContextImpl: Calling a method in the system process without a qualified user: android.app.ContextImpl.sendBroadcast:1181 android.content.ContextWrapper.sendBroadcast:479 cn.eben.newweather.DateWeatherService.a:19 cn.eben.newweather.DateWeatherService.a:0 cn.eben.newweather.DateWeatherService$1.handleMessage:7
05-12 10:55:48.579 543 543 I : read descriptors
05-12 10:55:48.579 543 543 I : read strings
05-12 10:55:48.581 1 1 I init : processing action (sys.usb.config=adb && sys.usb.configfs=1 && sys.usb.ffs.ready=1) from (/system/etc/init/hw/init.usb.configfs.rc:20)
05-12 10:55:48.585 1 1 I init : Command 'symlink /config/usb_gadget/g1/functions/ffs.adb /config/usb_gadget/g1/configs/b.1/f1' action=sys.usb.config=adb && sys.usb.configfs=1 && sys.usb.ffs.ready=1 (/system/etc/init/hw/init.usb.configfs.rc:22) took 0ms and failed: symlink() failed: File exists
05-12 10:55:48.587 1 1 I init : Command 'write /config/usb_gadget/g1/UDC ${sys.usb.controller}' action=sys.usb.config=adb && sys.usb.configfs=1 && sys.usb.ffs.ready=1 (/system/etc/init/hw/init.usb.configfs.rc:23) took 0ms and failed: Unable to write to file '/config/usb_gadget/g1/UDC': Unable to write file contents: Device or resource busy
05-12 10:33:01.002 1306 1306 W ContextImpl: Calling a method in the system process without a qualified user: android.app.ContextImpl.sendBroadcast:1181 android.content.ContextWrapper.sendBroadcast:479 cn.eben.newweather.DateWeatherService.a:19 cn.eben.newweather.DateWeatherService.a:0 cn.eben.newweather.DateWeatherService$1.handleMessage:7
05-12 10:55:49.622 543 543 I : read descriptors
05-12 10:55:49.622 543 543 I : read strings
05-12 10:55:49.625 1 1 I init : processing action (sys.usb.config=adb && sys.usb.configfs=1 && sys.usb.ffs.ready=1) from (/system/etc/init/hw/init.usb.configfs.rc:20)
05-12 10:55:49.627 1 1 I init : Command 'symlink /config/usb_gadget/g1/functions/ffs.adb /config/usb_gadget/g1/configs/b.1/f1' action=sys.usb.config=adb && sys.usb.configfs=1 && sys.usb.ffs.ready=1 (/system/etc/init/hw/init.usb.configfs.rc:22) took 0ms and failed: symlink() failed: File exists
05-12 10:55:49.627 1 1 I init : Command 'write /config/usb_gadget/g1/UDC ${sys.usb.controller}' action=sys.usb.config=adb && sys.usb.configfs=1 && sys.usb.ffs.ready=1 (/system/etc/init/hw/init.usb.configfs.rc:23) took 0ms and failed: Unable to write to file '/config/usb_gadget/g1/UDC': Unable to write file contents: Device or resource busy
05-12 10:33:02.002 1306 1306 W ContextImpl: Calling a method in the system process without a qualified user: android.app.ContextImpl.sendBroadcast:1181 android.content.ContextWrapper.sendBroadcast:479 cn.eben.newweather.DateWeatherService.a:19 cn.eben.newweather.DateWeatherService.a:0 cn.eben.newweather.DateWeatherService$1.handleMessage:7
05-12 10:55:50.661 543 543 I : read descriptors
05-12 10:55:50.662 543 543 I : read strings
05-12 10:55:50.676 1 1 I init : processing action (sys.usb.config=adb && sys.usb.configfs=1 && sys.usb.ffs.ready=1) from (/system/etc/init/hw/init.usb.configfs.rc:20)
05-12 10:55:50.678 1 1 I init : Command 'symlink /config/usb_gadget/g1/functions/ffs.adb /config/usb_gadget/g1/configs/b.1/f1' action=sys.usb.config=adb && sys.usb.configfs=1 && sys.usb.ffs.ready=1 (/system/etc/init/hw/init.usb.configfs.rc:22) took 0ms and failed: symlink() failed: File exists
05-12 10:55:50.679 1 1 I init : Command 'write /config/usb_gadget/g1/UDC ${sys.usb.controller}' action=sys.usb.config=adb && sys.usb.configfs=1 && sys.usb.ffs.ready=1 (/system/etc/init/hw/init.usb.configfs.rc:23) took 0ms and failed: Unable to write to file '/config/usb_gadget/g1/UDC': Unable to write file contents: Device or resource busy
05-12 10:33:03.002 1306 1306 W ContextImpl: Calling a method in the system process without a qualified user: android.app.ContextImpl.sendBroadcast:1181 android.content.ContextWrapper.sendBroadcast:479 cn.eben.newweather.DateWeatherService.a:19 cn.eben.newweather.DateWeatherService.a:0 cn.eben.newweather.DateWeatherService$1.handleMessage:7
05-12 10:55:51.715 543 543 I : read descriptors
05-12 10:55:51.715 543 543 I : read strings
05-12 10:55:51.718 1 1 I init : processing action (sys.usb.config=adb && sys.usb.configfs=1 && sys.usb.ffs.ready=1) from (/system/etc/init/hw/init.usb.configfs.rc:20)
05-12 10:33:04.003 1306 1306 W ContextImpl: Calling a method in the system process without a qualified user: android.app.ContextImpl.sendBroadcast:1181 android.content.ContextWrapper.sendBroadcast:479 cn.eben.newweather.DateWeatherService.a:19 cn.eben.newweather.DateWeatherService.a:0 cn.eben.newweather.DateWeatherService$1.handleMessage:7
05-12 10:55:52.772 543 543 I : read descriptors
05-12 10:55:52.772 543 543 I : read strings
05-12 10:33:05.002 1306 1306 W ContextImpl: Calling a method in the system process without a qualified user: android.app.ContextImpl.sendBroadcast:1181 android.content.ContextWrapper.sendBroadcast:479 cn.eben.newweather.DateWeatherService.a:19 cn.eben.newweather.DateWeatherService.a:0 cn.eben.newweather.DateWeatherService$1.handleMessage:7
05-12 10:55:53.829 543 543 I : read descriptors
05-12 10:55:53.829 543 543 I : read strings
05-12 10:55:53.831 1 1 I init : processing action (sys.usb.config=adb && sys.usb.configfs=1 && sys.usb.ffs.ready=1) from (/system/etc/init/hw/init.usb.configfs.rc:20)
05-12 10:55:53.835 1 1 I init : Command 'symlink /config/usb_gadget/g1/functions/ffs.adb /config/usb_gadget/g1/configs/b.1/f1' action=sys.usb.config=adb && sys.usb.configfs=1 && sys.usb.ffs.ready=1 (/system/etc/init/hw/init.usb.configfs.rc:22) took 1ms and failed: symlink() failed: File exists
05-12 10:55:53.837 1 1 I init : Command 'write /config/usb_gadget/g1/UDC ${sys.usb.controller}' action=sys.usb.config=adb && sys.usb.configfs=1 && sys.usb.ffs.ready=1 (/system/etc/init/hw/init.usb.configfs.rc:23) took 1ms and failed: Unable to write to file '/config/usb_gadget/g1/UDC': Unable to write file contents: Device or resource busy
05-12 10:33:06.002 1306 1306 W ContextImpl: Calling a method in the system process without a qualified user: android.app.ContextImpl.sendBroadcast:1181 android.content.ContextWrapper.sendBroadcast:479 cn.eben.newweather.DateWeatherService.a:19 cn.eben.newweather.DateWeatherService.a:0 cn.eben.newweather.DateWeatherService$1.handleMessage:7
05-12 10:55:54.892 543 543 I : read descriptors
05-12 10:55:54.892 543 543 I : read strings
05-12 10:55:54.894 1 1 I init : processing action (sys.usb.config=adb && sys.usb.configfs=1 && sys.usb.ffs.ready=1) from (/system/etc/init/hw/init.usb.configfs.rc:20)
05-12 10:55:54.897 1 1 I init : Command 'symlink /config/usb_gadget/g1/functions/ffs.adb /config/usb_gadget/g1/configs/b.1/f1' action=sys.usb.config=adb && sys.usb.configfs=1 && sys.usb.ffs.ready=1 (/system/etc/init/hw/init.usb.configfs.rc:22) took 0ms and failed: symlink() failed: File exists
05-12 10:55:54.899 1 1 I init : Command 'write /config/usb_gadget/g1/UDC ${sys.usb.controller}' action=sys.usb.config=adb && sys.usb.configfs=1 && sys.usb.ffs.ready=1 (/system/etc/init/hw/init.usb.configfs.rc:23) took 1ms and failed: Unable to write to file '/config/usb_gadget/g1/UDC': Unable to write file contents: Device or resource busy
05-12 10:33:07.003 1306 1306 W ContextImpl: Calling a method in the system process without a qualified user: android.app.ContextImpl.sendBroadcast:1181 android.content.ContextWrapper.sendBroadcast:479 cn.eben.newweather.DateWeatherService.a:19 cn.eben.newweather.DateWeatherService.a:0 cn.eben.newweather.DateWeatherService$1.handleMessage:7
05-12 10:55:55.956 543 543 I : read descriptors
05-12 10:55:55.956 543 543 I : read strings
05-12 10:55:55.958 1 1 I init : processing action (sys.usb.config=adb && sys.usb.configfs=1 && sys.usb.ffs.ready=1) from (/system/etc/init/hw/init.usb.configfs.rc:20)
05-12 10:55:55.961 1 1 I init : Command 'symlink /config/usb_gadget/g1/functions/ffs.adb /config/usb_gadget/g1/configs/b.1/f1' action=sys.usb.config=adb && sys.usb.configfs=1 && sys.usb.ffs.ready=1 (/system/etc/init/hw/init.usb.configfs.rc:22) took 0ms and failed: symlink() failed: File exists
05-12 10:55:55.962 1 1 I init : Command 'write /config/usb_gadget/g1/UDC ${sys.usb.controller}' action=sys.usb.config=adb && sys.usb.configfs=1 && sys.usb.ffs.ready=1 (/system/etc/init/hw/init.usb.configfs.rc:23) took 1ms and failed: Unable to write to file '/config/usb_gadget/g1/UDC': Unable to write file contents: Device or resource busy
05-12 10:33:08.002 1306 1306 W ContextImpl: Calling a method in the system process without a qualified user: android.app.ContextImpl.sendBroadcast:1181 android.content.ContextWrapper.sendBroadcast:479 cn.eben.newweather.DateWeatherService.a:19 cn.eben.newweather.DateWeatherService.a:0 cn.eben.newweather.DateWeatherService$1.handleMessage:7 --------- beginning of radio
05-12 10:33:08.300 462 487 D RIL-DEV : [05-12_10:33:08:300] idVendor = 0bda
05-12 10:33:08.300 462 487 D RIL-DEV :
05-12 10:33:08.300 462 487 D RIL-DEV : [05-12_10:33:08:301] idVendor = 05e3
05-12 10:33:08.300 462 487 D RIL-DEV :
05-12 10:33:08.301 462 487 D RIL-DEV : [05-12_10:33:08:301] idVendor = 1d6b
05-12 10:33:08.301 462 487 D RIL-DEV :
05-12 10:33:08.301 462 487 D RIL-DEV : [05-12_10:33:08:302] idVendor = 1d6b
05-12 10:33:08.301 462 487 D RIL-DEV :
05-12 10:33:08.301 462 487 D RIL-DEV : [05-12_10:33:08:302] idVendor = 0bda
05-12 10:33:08.301 462 487 D RIL-DEV :
05-12 10:33:08.302 462 487 D RIL-DEV : [05-12_10:33:08:302] idVendor = 1d6b
05-12 10:33:08.302 462 487 D RIL-DEV :
05-12 10:33:08.302 462 487 D RIL-DEV : [05-12_10:33:08:303] idVendor = 2109
05-12 10:33:08.302 462 487 D RIL-DEV :
05-12 10:33:08.303 462 487 D RIL-DEV : [05-12_10:33:08:303] idVendor = 2109
05-12 10:33:08.303 462 487 D RIL-DEV :
05-12 10:33:08.303 462 487 D RIL-DEV : [05-12_10:33:08:303] idVendor = 1d6b
05-12 10:33:08.303 462 487 D RIL-DEV :
05-12 10:33:08.303 462 487 D RIL-DEV : [05-12_10:33:08:304] idVendor = 0bda
05-12 10:33:08.303 462 487 D RIL-DEV :
05-12 10:33:08.304 462 487 D RIL-DEV : [05-12_10:33:08:304] idVendor = 2109
05-12 10:33:08.304 462 487 D RIL-DEV :
05-12 10:33:08.304 462 487 E RIL-DEV : Cannot find Meig devices
05-12 10:33:08.304 462 487 I RIL : ---> can't find meig usb devices
05-12 10:55:56.999 543 543 I : read descriptors
05-12 10:55:56.999 543 543 I : read strings
05-12 10:55:57.001 1 1 I init : processing action (sys.usb.config=adb && sys.usb.configfs=1 && sys.usb.ffs.ready=1) from (/system/etc/init/hw/init.usb.configfs.rc:20)
05-12 10:33:09.003 1306 1306 W ContextImpl: Calling a method in the system process without a qualified user: android.app.ContextImpl.sendBroadcast:1181 android.content.ContextWrapper.sendBroadcast:479 cn.eben.newweather.DateWeatherService.a:19 cn.eben.newweather.DateWeatherService.a:0 cn.eben.newweather.DateWeatherService$1.handleMessage:7
05-12 10:55:58.042 543 543 I : read descriptors
05-12 10:55:58.042 543 543 I : read strings
05-12 10:33:10.001 1306 1306 W ContextImpl: Calling a method in the system process without a qualified user: android.app.ContextImpl.sendBroadcast:1181 android.content.ContextWrapper.sendBroadcast:479 cn.eben.newweather.DateWeatherService.a:19 cn.eben.newweather.DateWeatherService.a:0 cn.eben.newweather.DateWeatherService$1.handleMessage:7
05-12 10:33:10.305 462 487 I RIL : ---> enter mainloop wait at port
05-12 10:33:10.305 462 487 D RIL-DEV : Get modem info
05-12 10:33:10.306 462 487 D RIL-DEV : [05-12_10:33:10:306] idVendor = 0bda
05-12 10:33:10.306 462 487 D RIL-DEV :
05-12 10:33:10.306 462 487 D RIL-DEV : [05-12_10:33:10:307] idVendor = 05e3
05-12 10:33:10.306 462 487 D RIL-DEV :
05-12 10:33:10.307 462 487 D RIL-DEV : [05-12_10:33:10:307] idVendor = 1d6b
05-12 10:33:10.307 462 487 D RIL-DEV :
05-12 10:33:10.307 462 487 D RIL-DEV : [05-12_10:33:10:307] idVendor = 1d6b
05-12 10:33:10.307 462 487 D RIL-DEV :
05-12 10:33:10.307 462 487 D RIL-DEV : [05-12_10:33:10:308] idVendor = 0bda
05-12 10:33:10.307 462 487 D RIL-DEV :
05-12 10:33:10.308 462 487 D RIL-DEV : [05-12_10:33:10:308] idVendor = 1d6b
05-12 10:33:10.308 462 487 D RIL-DEV :
05-12 10:33:10.308 462 487 D RIL-DEV : [05-12_10:33:10:308] idVendor = 2109
05-12 10:33:10.308 462 487 D RIL-DEV :
05-12 10:33:10.308 462 487 D RIL-DEV : [05-12_10:33:10:309] idVendor = 2109
05-12 10:33:10.308 462 487 D RIL-DEV :
05-12 10:33:10.309 462 487 D RIL-DEV : [05-12_10:33:10:309] idVendor = 1d6b
05-12 10:33:10.309 462 487 D RIL-DEV :
05-12 10:33:10.309 462 487 D RIL-DEV : [05-12_10:33:10:309] idVendor = 0bda
05-12 10:33:10.309 462 487 D RIL-DEV :
05-12 10:33:10.309 462 487 D RIL-DEV : [05-12_10:33:10:310] idVendor = 2109
05-12 10:33:10.309 462 487 D RIL-DEV :
05-12 10:33:10.310 462 487 E RIL-DEV : Cannot find Meig devices
05-12 10:33:10.310 462 487 I RIL : ---> can't find meig usb devices
05-12 10:33:11.002 1306 1306 W ContextImpl: Calling a method in the system process without a qualified user: android.app.ContextImpl.sendBroadcast:1181 android.content.ContextWrapper.sendBroadcast:479 cn.eben.newweather.DateWeatherService.a:19 cn.eben.newweather.DateWeatherService.a:0 cn.eben.newweather.DateWeatherService$1.handleMessage:7
05-12 10:55:59.085 543 543 I : read descriptors
05-12 10:55:59.085 543 543 I : read strings
05-12 10:55:59.088 1 1 I init : processing action (sys.usb.config=adb && sys.usb.configfs=1 && sys.usb.ffs.ready=1) from (/system/etc/init/hw/init.usb.configfs.rc:20)
05-12 10:55:59.091 1 1 I init : Command 'symlink /config/usb_gadget/g1/functions/ffs.adb /config/usb_gadget/g1/configs/b.1/f1' action=sys.usb.config=adb && sys.usb.configfs=1 && sys.usb.ffs.ready=1 (/system/etc/init/hw/init.usb.configfs.rc:22) took 0ms and failed: symlink() failed: File exists
05-12 10:55:59.092 1 1 I init : Command 'write /config/usb_gadget/g1/UDC ${sys.usb.controller}' action=sys.usb.config=adb && sys.usb.configfs=1 && sys.usb.ffs.ready=1 (/system/etc/init/hw/init.usb.configfs.rc:23) took 0ms and failed: Unable to write to file '/config/usb_gadget/g1/UDC': Unable to write file contents: Device or resource busy
05-12 10:33:12.002 1306 1306 W ContextImpl: Calling a method in the system process without a qualified user: android.app.ContextImpl.sendBroadcast:1181 android.content.ContextWrapper.sendBroadcast:479 cn.eben.newweather.DateWeatherService.a:19 cn.eben.newweather.DateWeatherService.a:0 cn.eben.newweather.DateWeatherService$1.handleMessage:7
05-12 10:56:00.132 543 543 I : read descriptors
05-12 10:56:00.132 543 543 I : read strings
05-12 10:56:00.135 1 1 I init : processing action (sys.usb.config=adb && sys.usb.configfs=1 && sys.usb.ffs.ready=1) from (/system/etc/init/hw/init.usb.configfs.rc:20)
05-12 10:56:00.137 1 1 I init : Command 'symlink /config/usb_gadget/g1/functions/ffs.adb /config/usb_gadget/g1/configs/b.1/f1' action=sys.usb.config=adb && sys.usb.configfs=1 && sys.usb.ffs.ready=1 (/system/etc/init/hw/init.usb.configfs.rc:22) took 0ms and failed: symlink() failed: File exists
05-12 10:56:00.137 1 1 I init : Command 'write /config/usb_gadget/g1/UDC ${sys.usb.controller}' action=sys.usb.config=adb && sys.usb.configfs=1 && sys.usb.ffs.ready=1 (/system/etc/init/hw/init.usb.configfs.rc:23) took 0ms and failed: Unable to write to file '/config/usb_gadget/g1/UDC': Unable to write file contents: Device or resource busy
05-12 10:33:12.310 462 487 I RIL : ---> enter mainloop wait at port
05-12 10:33:12.310 462 487 D RIL-DEV : Get modem info
05-12 10:33:12.311 462 487 D RIL-DEV : [05-12_10:33:12:312] idVendor = 0bda
05-12 10:33:12.311 462 487 D RIL-DEV :
05-12 10:33:12.312 462 487 D RIL-DEV : [05-12_10:33:12:312] idVendor = 05e3
05-12 10:33:12.312 462 487 D RIL-DEV :
05-12 10:33:12.312 462 487 D RIL-DEV : [05-12_10:33:12:312] idVendor = 1d6b
05-12 10:33:12.312 462 487 D RIL-DEV :
05-12 10:33:12.312 462 487 D RIL-DEV : [05-12_10:33:12:313] idVendor = 1d6b
05-12 10:33:12.312 462 487 D RIL-DEV :
05-12 10:33:12.313 462 487 D RIL-DEV : [05-12_10:33:12:313] idVendor = 0bda
05-12 10:33:12.313 462 487 D RIL-DEV :
05-12 10:33:12.313 462 487 D RIL-DEV : [05-12_10:33:12:314] idVendor = 1d6b
05-12 10:33:12.313 462 487 D RIL-DEV :
05-12 10:33:12.313 462 487 D RIL-DEV : [05-12_10:33:12:314] idVendor = 2109
05-12 10:33:12.313 462 487 D RIL-DEV :
05-12 10:33:12.314 462 487 D RIL-DEV : [05-12_10:33:12:314] idVendor = 2109
05-12 10:33:12.314 462 487 D RIL-DEV :
05-12 10:33:12.314 462 487 D RIL-DEV : [05-12_10:33:12:315] idVendor = 1d6b
05-12 10:33:12.314 462 487 D RIL-DEV :
05-12 10:33:12.315 462 487 D RIL-DEV : [05-12_10:33:12:315] idVendor = 0bda
05-12 10:33:12.315 462 487 D RIL-DEV :
05-12 10:33:12.315 462 487 D RIL-DEV : [05-12_10:33:12:315] idVendor = 2109
05-12 10:33:12.315 462 487 D RIL-DEV :
05-12 10:33:12.315 462 487 E RIL-DEV : Cannot find Meig devices
05-12 10:33:12.315 462 487 I RIL : ---> can't find meig usb devices
05-12 10:33:13.003 1306 1306 W ContextImpl: Calling a method in the system process without a qualified user: android.app.ContextImpl.sendBroadcast:1181 android.content.ContextWrapper.sendBroadcast:479 cn.eben.newweather.DateWeatherService.a:19 cn.eben.newweather.DateWeatherService.a:0 cn.eben.newweather.DateWeatherService$1.handleMessage:7
05-12 10:56:01.185 543 543 I : read descriptors
05-12 10:56:01.186 543 543 I : read strings
05-12 10:56:01.188 1 1 I init : processing action (sys.usb.config=adb && sys.usb.configfs=1 && sys.usb.ffs.ready=1) from (/system/etc/init/hw/init.usb.configfs.rc:20)
05-12 10:56:01.191 1 1 I init : Command 'symlink /config/usb_gadget/g1/functions/ffs.adb /config/usb_gadget/g1/configs/b.1/f1' action=sys.usb.config=adb && sys.usb.configfs=1 && sys.usb.ffs.ready=1 (/system/etc/init/hw/init.usb.configfs.rc:22) took 0ms and failed: symlink() failed: File exists
05-12 10:56:01.191 1 1 I init : Command 'write /config/usb_gadget/g1/UDC ${sys.usb.controller}' action=sys.usb.config=adb && sys.usb.configfs=1 && sys.usb.ffs.ready=1 (/system/etc/init/hw/init.usb.configfs.rc:23) took 0ms and failed: Unable to write to file '/config/usb_gadget/g1/UDC': Unable to write file contents: Device or resource busy
05-12 10:33:14.003 1306 1306 W ContextImpl: Calling a method in the system process without a qualified user: android.app.ContextImpl.sendBroadcast:1181 android.content.ContextWrapper.sendBroadcast:479 cn.eben.newweather.DateWeatherService.a:19 cn.eben.newweather.DateWeatherService.a:0 cn.eben.newweather.DateWeatherService$1.handleMessage:7
05-12 10:56:02.229 543 543 I : read descriptors
05-12 10:56:02.229 543 543 I : read strings
05-12 10:56:02.231 1 1 I init : processing action (sys.usb.config=adb && sys.usb.configfs=1 && sys.usb.ffs.ready=1) from (/system/etc/init/hw/init.usb.configfs.rc:20)
05-12 10:33:14.316 462 487 I RIL : ---> enter mainloop wait at port
05-12 10:33:14.316 462 487 D RIL-DEV : Get modem info
05-12 10:33:14.317 462 487 D RIL-DEV : [05-12_10:33:14:317] idVendor = 0bda
05-12 10:33:14.317 462 487 D RIL-DEV :
05-12 10:33:14.317 462 487 D RIL-DEV : [05-12_10:33:14:318] idVendor = 05e3
05-12 10:33:14.317 462 487 D RIL-DEV :
05-12 10:33:14.317 462 487 D RIL-DEV : [05-12_10:33:14:318] idVendor = 1d6b
05-12 10:33:14.317 462 487 D RIL-DEV :
05-12 10:33:14.318 462 487 D RIL-DEV : [05-12_10:33:14:318] idVendor = 1d6b
05-12 10:33:14.318 462 487 D RIL-DEV :
05-12 10:33:14.318 462 487 D RIL-DEV : [05-12_10:33:14:319] idVendor = 0bda
05-12 10:33:14.318 462 487 D RIL-DEV :
05-12 10:33:14.319 462 487 D RIL-DEV : [05-12_10:33:14:319] idVendor = 1d6b
05-12 10:33:14.319 462 487 D RIL-DEV :
05-12 10:33:14.319 462 487 D RIL-DEV : [05-12_10:33:14:319] idVendor = 2109
05-12 10:33:14.319 462 487 D RIL-DEV :
05-12 10:33:14.319 462 487 D RIL-DEV : [05-12_10:33:14:320] idVendor = 2109
05-12 10:33:14.319 462 487 D RIL-DEV :
05-12 10:33:14.320 462 487 D RIL-DEV : [05-12_10:33:14:320] idVendor = 1d6b
05-12 10:33:14.320 462 487 D RIL-DEV :
05-12 10:33:14.320 462 487 D RIL-DEV : [05-12_10:33:14:320] idVendor = 0bda
05-12 10:33:14.320 462 487 D RIL-DEV :
05-12 10:33:14.320 462 487 D RIL-DEV : [05-12_10:33:14:321] idVendor = 2109
05-12 10:33:14.320 462 487 D RIL-DEV :
05-12 10:33:14.321 462 487 E RIL-DEV : Cannot find Meig devices
05-12 10:33:14.321 462 487 I RIL : ---> can't find meig usb devices
05-12 10:33:15.003 1306 1306 W ContextImpl: Calling a method in the system process without a qualified user: android.app.ContextImpl.sendBroadcast:1181 android.content.ContextWrapper.sendBroadcast:479 cn.eben.newweather.DateWeatherService.a:19 cn.eben.newweather.DateWeatherService.a:0 cn.eben.newweather.DateWeatherService$1.handleMessage:7
05-12 10:56:03.292 543 543 I : read descriptors
05-12 10:56:03.292 543 543 I : read strings
05-12 10:33:16.004 1306 1306 W ContextImpl: Calling a method in the system process without a qualified user: android.app.ContextImpl.sendBroadcast:1181 android.content.ContextWrapper.sendBroadcast:479 cn.eben.newweather.DateWeatherService.a:19 cn.eben.newweather.DateWeatherService.a:0 cn.eben.newweather.DateWeatherService$1.handleMessage:7
05-12 10:56:04.335 543 543 I : read descriptors
05-12 10:56:04.335 543 543 I : read strings
05-12 10:56:04.337 1 1 I init : processing action (sys.usb.config=adb && sys.usb.configfs=1 && sys.usb.ffs.ready=1) from (/system/etc/init/hw/init.usb.configfs.rc:20)
05-12 10:56:04.341 1 1 I init : Command 'symlink /config/usb_gadget/g1/functions/ffs.adb /config/usb_gadget/g1/configs/b.1/f1' action=sys.usb.config=adb && sys.usb.configfs=1 && sys.usb.ffs.ready=1 (/system/etc/init/hw/init.usb.configfs.rc:22) took 0ms and failed: symlink() failed: File exists
05-12 10:56:04.342 1 1 I init : Command 'write /config/usb_gadget/g1/UDC ${sys.usb.controller}' action=sys.usb.config=adb && sys.usb.configfs=1 && sys.usb.ffs.ready=1 (/system/etc/init/hw/init.usb.configfs.rc:23) took 1ms and failed: Unable to write to file '/config/usb_gadget/g1/UDC': Unable to write file contents: Device or resource busy
05-12 10:33:16.321 462 487 I RIL : ---> enter mainloop wait at port
05-12 10:33:16.321 462 487 D RIL-DEV : Get modem info
05-12 10:33:16.322 462 487 D RIL-DEV : [05-12_10:33:16:322] idVendor = 0bda
05-12 10:33:16.322 462 487 D RIL-DEV :
05-12 10:33:16.322 462 487 D RIL-DEV : [05-12_10:33:16:323] idVendor = 05e3
05-12 10:33:16.322 462 487 D RIL-DEV :
05-12 10:33:16.322 462 487 D RIL-DEV : [05-12_10:33:16:323] idVendor = 1d6b
05-12 10:33:16.322 462 487 D RIL-DEV :
05-12 10:33:16.323 462 487 D RIL-DEV : [05-12_10:33:16:323] idVendor = 1d6b
05-12 10:33:16.323 462 487 D RIL-DEV :
05-12 10:33:16.323 462 487 D RIL-DEV : [05-12_10:33:16:323] idVendor = 0bda
05-12 10:33:16.323 462 487 D RIL-DEV :
05-12 10:33:16.323 462 487 D RIL-DEV : [05-12_10:33:16:324] idVendor = 1d6b
05-12 10:33:16.323 462 487 D RIL-DEV :
05-12 10:33:16.323 462 487 D RIL-DEV : [05-12_10:33:16:324] idVendor = 2109
05-12 10:33:16.323 462 487 D RIL-DEV :
05-12 10:33:16.324 462 487 D RIL-DEV : [05-12_10:33:16:324] idVendor = 2109
05-12 10:33:16.324 462 487 D RIL-DEV :
05-12 10:33:16.324 462 487 D RIL-DEV : [05-12_10:33:16:324] idVendor = 1d6b
05-12 10:33:16.324 462 487 D RIL-DEV :
05-12 10:33:16.324 462 487 D RIL-DEV : [05-12_10:33:16:325] idVendor = 0bda
05-12 10:33:16.324 462 487 D RIL-DEV :
05-12 10:33:16.324 462 487 D RIL-DEV : [05-12_10:33:16:325] idVendor = 2109
05-12 10:33:16.324 462 487 D RIL-DEV :
05-12 10:33:16.324 462 487 E RIL-DEV : Cannot find Meig devices
05-12 10:33:16.325 462 487 I RIL : ---> can't find meig usb devices
05-12 10:33:17.003 1306 1306 W ContextImpl: Calling a method in the system process without a qualified user: android.app.ContextImpl.sendBroadcast:1181 android.content.ContextWrapper.sendBroadcast:479 cn.eben.newweather.DateWeatherService.a:19 cn.eben.newweather.DateWeatherService.a:0 cn.eben.newweather.DateWeatherService$1.handleMessage:7
05-12 10:56:05.378 543 543 I : read descriptors
05-12 10:56:05.379 543 543 I : read strings
05-12 10:56:05.381 1 1 I init : processing action (sys.usb.config=adb && sys.usb.configfs=1 && sys.usb.ffs.ready=1) from (/system/etc/init/hw/init.usb.configfs.rc:20)
05-12 10:56:05.384 1 1 I init : Command 'symlink /config/usb_gadget/g1/functions/ffs.adb /config/usb_gadget/g1/configs/b.1/f1' action=sys.usb.config=adb && sys.usb.configfs=1 && sys.usb.ffs.ready=1 (/system/etc/init/hw/init.usb.configfs.rc:22) took 0ms and failed: symlink() failed: File exists
05-12 10:56:05.384 1 1 I init : Command 'write /config/usb_gadget/g1/UDC ${sys.usb.controller}' action=sys.usb.config=adb && sys.usb.configfs=1 && sys.usb.ffs.ready=1 (/system/etc/init/hw/init.usb.configfs.rc:23) took 0ms and failed: Unable to write to file '/config/usb_gadget/g1/UDC': Unable to write file contents: Device or resource busy
05-12 10:33:18.002 1306 1306 W ContextImpl: Calling a method in the system process without a qualified user: android.app.ContextImpl.sendBroadcast:1181 android.content.ContextWrapper.sendBroadcast:479 cn.eben.newweather.DateWeatherService.a:19 cn.eben.newweather.DateWeatherService.a:0 cn.eben.newweather.DateWeatherService$1.handleMessage:7
05-12 10:33:18.325 462 487 I RIL : ---> enter mainloop wait at port
05-12 10:33:18.325 462 487 D RIL-DEV : Get modem info
05-12 10:33:18.326 462 487 D RIL-DEV : [05-12_10:33:18:326] idVendor = 0bda
05-12 10:33:18.326 462 487 D RIL-DEV :
05-12 10:33:18.326 462 487 D RIL-DEV : [05-12_10:33:18:327] idVendor = 05e3
05-12 10:33:18.326 462 487 D RIL-DEV :
05-12 10:33:18.327 462 487 D RIL-DEV : [05-12_10:33:18:327] idVendor = 1d6b
05-12 10:33:18.327 462 487 D RIL-DEV :
05-12 10:33:18.327 462 487 D RIL-DEV : [05-12_10:33:18:327] idVendor = 1d6b
05-12 10:33:18.327 462 487 D RIL-DEV :
05-12 10:33:18.327 462 487 D RIL-DEV : [05-12_10:33:18:328] idVendor = 0bda
05-12 10:33:18.327 462 487 D RIL-DEV :
05-12 10:33:18.328 462 487 D RIL-DEV : [05-12_10:33:18:328] idVendor = 1d6b
05-12 10:33:18.328 462 487 D RIL-DEV :
05-12 10:33:18.328 462 487 D RIL-DEV : [05-12_10:33:18:329] idVendor = 2109
05-12 10:33:18.328 462 487 D RIL-DEV :
05-12 10:33:18.329 462 487 D RIL-DEV : [05-12_10:33:18:329] idVendor = 2109
05-12 10:33:18.329 462 487 D RIL-DEV :
05-12 10:33:18.329 462 487 D RIL-DEV : [05-12_10:33:18:329] idVendor = 1d6b
05-12 10:33:18.329 462 487 D RIL-DEV :
05-12 10:33:18.329 462 487 D RIL-DEV : [05-12_10:33:18:330] idVendor = 0bda
05-12 10:33:18.329 462 487 D RIL-DEV :
05-12 10:33:18.330 462 487 D RIL-DEV : [05-12_10:33:18:330] idVendor = 2109
05-12 10:33:18.330 462 487 D RIL-DEV :
05-12 10:33:18.330 462 487 E RIL-DEV : Cannot find Meig devices
05-12 10:33:18.330 462 487 I RIL : ---> can't find meig usb devices
05-12 10:56:06.419 543 543 I : read descriptors
05-12 10:56:06.419 543 543 I : read strings
05-12 10:56:06.421 1 1 I init : processing action (sys.usb.config=adb && sys.usb.configfs=1 && sys.usb.ffs.ready=1) from (/system/etc/init/hw/init.usb.configfs.rc:20)
05-12 10:56:06.424 1 1 I init : Command 'symlink /config/usb_gadget/g1/functions/ffs.adb /config/usb_gadget/g1/configs/b.1/f1' action=sys.usb.config=adb && sys.usb.configfs=1 && sys.usb.ffs.ready=1 (/system/etc/init/hw/init.usb.configfs.rc:22) took 0ms and failed: symlink() failed: File exists
05-12 10:56:06.426 1 1 I init : Command 'write /config/usb_gadget/g1/UDC ${sys.usb.controller}' action=sys.usb.config=adb && sys.usb.configfs=1 && sys.usb.ffs.ready=1 (/system/etc/init/hw/init.usb.configfs.rc:23) took 2ms and failed: Unable to write to file '/config/usb_gadget/g1/UDC': Unable to write file contents: Device or resource busy
05-12 10:33:19.003 1306 1306 W ContextImpl: Calling a method in the system process without a qualified user: android.app.ContextImpl.sendBroadcast:1181 android.content.ContextWrapper.sendBroadcast:479 cn.eben.newweather.DateWeatherService.a:19 cn.eben.newweather.DateWeatherService.a:0 cn.eben.newweather.DateWeatherService$1.handleMessage:7
05-12 10:56:07.479 543 543 I : read descriptors
05-12 10:56:07.479 543 543 I : read strings
05-12 10:56:07.481 1 1 I init : processing action (sys.usb.config=adb && sys.usb.configfs=1 && sys.usb.ffs.ready=1) from (/system/etc/init/hw/init.usb.configfs.rc:20)
05-12 10:33:20.003 1306 1306 W ContextImpl: Calling a method in the system process without a qualified user: android.app.ContextImpl.sendBroadcast:1181 android.content.ContextWrapper.sendBroadcast:479 cn.eben.newweather.DateWeatherService.a:19 cn.eben.newweather.DateWeatherService.a:0 cn.eben.newweather.DateWeatherService$1.handleMessage:7
05-12 10:33:20.088 621 662 V DisplayPowerController[0]: Brightness [0.05] reason changing to: 'manual [ dim ]', previous reason: 'manual'.
05-12 10:33:20.089 621 662 I sysui_multi_action: [757,1696,758,6,759,2]
05-12 10:33:20.330 462 487 I RIL : ---> enter mainloop wait at port
05-12 10:33:20.331 462 487 D RIL-DEV : Get modem info
05-12 10:33:20.331 462 487 D RIL-DEV : [05-12_10:33:20:332] idVendor = 0bda
05-12 10:33:20.331 462 487 D RIL-DEV :
05-12 10:33:20.332 462 487 D RIL-DEV : [05-12_10:33:20:332] idVendor = 05e3
05-12 10:33:20.332 462 487 D RIL-DEV :
05-12 10:33:20.332 462 487 D RIL-DEV : [05-12_10:33:20:333] idVendor = 1d6b
05-12 10:33:20.332 462 487 D RIL-DEV :
05-12 10:33:20.332 462 487 D RIL-DEV : [05-12_10:33:20:333] idVendor = 1d6b
05-12 10:33:20.332 462 487 D RIL-DEV :
05-12 10:33:20.333 462 487 D RIL-DEV : [05-12_10:33:20:333] idVendor = 0bda
05-12 10:33:20.333 462 487 D RIL-DEV :
05-12 10:33:20.333 462 487 D RIL-DEV : [05-12_10:33:20:334] idVendor = 1d6b
05-12 10:33:20.333 462 487 D RIL-DEV :
05-12 10:33:20.333 462 487 D RIL-DEV : [05-12_10:33:20:334] idVendor = 2109
05-12 10:33:20.333 462 487 D RIL-DEV :
05-12 10:33:20.334 462 487 D RIL-DEV : [05-12_10:33:20:334] idVendor = 2109
05-12 10:33:20.334 462 487 D RIL-DEV :
05-12 10:33:20.334 462 487 D RIL-DEV : [05-12_10:33:20:335] idVendor = 1d6b
05-12 10:33:20.334 462 487 D RIL-DEV :
05-12 10:33:20.335 462 487 D RIL-DEV : [05-12_10:33:20:335] idVendor = 0bda
05-12 10:33:20.335 462 487 D RIL-DEV :
05-12 10:33:20.335 462 487 D RIL-DEV : [05-12_10:33:20:335] idVendor = 2109
05-12 10:33:20.335 462 487 D RIL-DEV :
05-12 10:33:20.335 462 487 E RIL-DEV : Cannot find Meig devices
05-12 10:33:20.335 462 487 I RIL : ---> can't find meig usb devices
05-12 10:56:08.538 543 543 I : read descriptors
05-12 10:56:08.539 543 543 I : read strings
05-12 10:33:21.003 1306 1306 W ContextImpl: Calling a method in the system process without a qualified user: android.app.ContextImpl.sendBroadcast:1181 android.content.ContextWrapper.sendBroadcast:479 cn.eben.newweather.DateWeatherService.a:19 cn.eben.newweather.DateWeatherService.a:0 cn.eben.newweather.DateWeatherService$1.handleMessage:7
05-12 10:56:09.579 543 543 I : read descriptors
05-12 10:56:09.579 543 543 I : read strings
05-12 10:56:09.582 1 1 I init : processing action (sys.usb.config=adb && sys.usb.configfs=1 && sys.usb.ffs.ready=1) from (/system/etc/init/hw/init.usb.configfs.rc:20)
05-12 10:56:09.584 1 1 I init : Command 'symlink /config/usb_gadget/g1/functions/ffs.adb /config/usb_gadget/g1/configs/b.1/f1' action=sys.usb.config=adb && sys.usb.configfs=1 && sys.usb.ffs.ready=1 (/system/etc/init/hw/init.usb.configfs.rc:22) took 0ms and failed: symlink() failed: File exists
05-12 10:56:09.585 1 1 I init : Command 'write /config/usb_gadget/g1/UDC ${sys.usb.controller}' action=sys.usb.config=adb && sys.usb.configfs=1 && sys.usb.ffs.ready=1 (/system/etc/init/hw/init.usb.configfs.rc:23) took 0ms and failed: Unable to write to file '/config/usb_gadget/g1/UDC': Unable to write file contents: Device or resource busy
05-12 10:33:22.003 1306 1306 W ContextImpl: Calling a method in the system process without a qualified user: android.app.ContextImpl.sendBroadcast:1181 android.content.ContextWrapper.sendBroadcast:479 cn.eben.newweather.DateWeatherService.a:19 cn.eben.newweather.DateWeatherService.a:0 cn.eben.newweather.DateWeatherService$1.handleMessage:7
05-12 10:33:22.336 462 487 I RIL : ---> enter mainloop wait at port
05-12 10:33:22.336 462 487 D RIL-DEV : Get modem info
05-12 10:33:22.337 462 487 D RIL-DEV : [05-12_10:33:22:337] idVendor = 0bda
05-12 10:33:22.337 462 487 D RIL-DEV :
05-12 10:33:22.337 462 487 D RIL-DEV : [05-12_10:33:22:338] idVendor = 05e3
05-12 10:33:22.337 462 487 D RIL-DEV :
05-12 10:33:22.338 462 487 D RIL-DEV : [05-12_10:33:22:338] idVendor = 1d6b
05-12 10:33:22.338 462 487 D RIL-DEV :
05-12 10:33:22.338 462 487 D RIL-DEV : [05-12_10:33:22:338] idVendor = 1d6b
05-12 10:33:22.338 462 487 D RIL-DEV :
05-12 10:33:22.338 462 487 D RIL-DEV : [05-12_10:33:22:339] idVendor = 0bda
05-12 10:33:22.338 462 487 D RIL-DEV :
05-12 10:33:22.339 462 487 D RIL-DEV : [05-12_10:33:22:339] idVendor = 1d6b
05-12 10:33:22.339 462 487 D RIL-DEV :
05-12 10:33:22.339 462 487 D RIL-DEV : [05-12_10:33:22:339] idVendor = 2109
05-12 10:33:22.339 462 487 D RIL-DEV :
05-12 10:33:22.340 462 487 D RIL-DEV : [05-12_10:33:22:340] idVendor = 2109
05-12 10:33:22.340 462 487 D RIL-DEV :
05-12 10:33:22.340 462 487 D RIL-DEV : [05-12_10:33:22:340] idVendor = 1d6b
05-12 10:33:22.340 462 487 D RIL-DEV :
05-12 10:33:22.340 462 487 D RIL-DEV : [05-12_10:33:22:341] idVendor = 0bda
05-12 10:33:22.340 462 487 D RIL-DEV :
05-12 10:33:22.341 462 487 D RIL-DEV : [05-12_10:33:22:341] idVendor = 2109
05-12 10:33:22.341 462 487 D RIL-DEV :
05-12 10:33:22.341 462 487 E RIL-DEV : Cannot find Meig devices
05-12 10:33:22.341 462 487 I RIL : ---> can't find meig usb devices
05-12 10:56:10.646 543 543 I : read descriptors
05-12 10:56:10.646 543 543 I : read strings
05-12 10:56:10.649 1 1 I init : processing action (sys.usb.config=adb && sys.usb.configfs=1 && sys.usb.ffs.ready=1) from (/system/etc/init/hw/init.usb.configfs.rc:20)
05-12 10:56:10.651 1 1 I init : Command 'symlink /config/usb_gadget/g1/functions/ffs.adb /config/usb_gadget/g1/configs/b.1/f1' action=sys.usb.config=adb && sys.usb.configfs=1 && sys.usb.ffs.ready=1 (/system/etc/init/hw/init.usb.configfs.rc:22) took 0ms and failed: symlink() failed: File exists
05-12 10:56:10.652 1 1 I init : Command 'write /config/usb_gadget/g1/UDC ${sys.usb.controller}' action=sys.usb.config=adb && sys.usb.configfs=1 && sys.usb.ffs.ready=1 (/system/etc/init/hw/init.usb.configfs.rc:23) took 0ms and failed: Unable to write to file '/config/usb_gadget/g1/UDC': Unable to write file contents: Device or resource busy
05-12 10:33:23.003 1306 1306 W ContextImpl: Calling a method in the system process without a qualified user: android.app.ContextImpl.sendBroadcast:1181 android.content.ContextWrapper.sendBroadcast:479 cn.eben.newweather.DateWeatherService.a:19 cn.eben.newweather.DateWeatherService.a:0 cn.eben.newweather.DateWeatherService$1.handleMessage:7
05-12 10:56:11.712 543 543 I : read descriptors
05-12 10:56:11.712 543 543 I : read strings
05-12 10:56:11.715 1 1 I init : processing action (sys.usb.config=adb && sys.usb.configfs=1 && sys.usb.ffs.ready=1) from (/system/etc/init/hw/init.usb.configfs.rc:20)
05-12 10:56:11.717 1 1 I init : Command 'symlink /config/usb_gadget/g1/functions/ffs.adb /config/usb_gadget/g1/configs/b.1/f1' action=sys.usb.config=adb && sys.usb.configfs=1 && sys.usb.ffs.ready=1 (/system/etc/init/hw/init.usb.configfs.rc:22) took 0ms and failed: symlink() failed: File exists
05-12 10:56:11.718 1 1 I init : Command 'write /config/usb_gadget/g1/UDC ${sys.usb.controller}' action=sys.usb.config=adb && sys.usb.configfs=1 && sys.usb.ffs.ready=1 (/system/etc/init/hw/init.usb.configfs.rc:23) took 0ms and failed: Unable to write to file '/config/usb_gadget/g1/UDC': Unable to write file contents: Device or resource busy
05-12 10:33:24.004 1306 1306 W ContextImpl: Calling a method in the system process without a qualified user: android.app.ContextImpl.sendBroadcast:1181 android.content.ContextWrapper.sendBroadcast:479 cn.eben.newweather.DateWeatherService.a:19 cn.eben.newweather.DateWeatherService.a:0 cn.eben.newweather.DateWeatherService$1.handleMessage:7
05-12 10:33:24.341 462 487 I RIL : ---> enter mainloop wait at port
05-12 10:33:24.341 462 487 D RIL-DEV : Get modem info
05-12 10:33:24.342 462 487 D RIL-DEV : [05-12_10:33:24:343] idVendor = 0bda
05-12 10:33:24.342 462 487 D RIL-DEV :
05-12 10:33:24.343 462 487 D RIL-DEV : [05-12_10:33:24:343] idVendor = 05e3
05-12 10:33:24.343 462 487 D RIL-DEV :
05-12 10:33:24.343 462 487 D RIL-DEV : [05-12_10:33:24:344] idVendor = 1d6b
05-12 10:33:24.343 462 487 D RIL-DEV :
05-12 10:33:24.343 462 487 D RIL-DEV : [05-12_10:33:24:344] idVendor = 1d6b
05-12 10:33:24.343 462 487 D RIL-DEV :
05-12 10:33:24.344 462 487 D RIL-DEV : [05-12_10:33:24:344] idVendor = 0bda
05-12 10:33:24.344 462 487 D RIL-DEV :
05-12 10:33:24.344 462 487 D RIL-DEV : [05-12_10:33:24:345] idVendor = 1d6b
05-12 10:33:24.344 462 487 D RIL-DEV :
05-12 10:33:24.344 462 487 D RIL-DEV : [05-12_10:33:24:345] idVendor = 2109
05-12 10:33:24.344 462 487 D RIL-DEV :
05-12 10:33:24.345 462 487 D RIL-DEV : [05-12_10:33:24:345] idVendor = 2109
05-12 10:33:24.345 462 487 D RIL-DEV :
05-12 10:33:24.345 462 487 D RIL-DEV : [05-12_10:33:24:346] idVendor = 1d6b
05-12 10:33:24.345 462 487 D RIL-DEV :
05-12 10:33:24.346 462 487 D RIL-DEV : [05-12_10:33:24:346] idVendor = 0bda
05-12 10:33:24.346 462 487 D RIL-DEV :
05-12 10:33:24.346 462 487 D RIL-DEV : [05-12_10:33:24:346] idVendor = 2109
05-12 10:33:24.346 462 487 D RIL-DEV :
05-12 10:33:24.346 462 487 E RIL-DEV : Cannot find Meig devices
05-12 10:33:24.346 462 487 I RIL : ---> can't find meig usb devices
05-12 10:56:12.762 543 543 I : read descriptors
05-12 10:56:12.762 543 543 I : read strings
05-12 10:56:12.765 1 1 I init : processing action (sys.usb.config=adb && sys.usb.configfs=1 && sys.usb.ffs.ready=1) from (/system/etc/init/hw/init.usb.configfs.rc:20)
05-12 10:33:25.001 1306 1306 W ContextImpl: Calling a method in the system process without a qualified user: android.app.ContextImpl.sendBroadcast:1181 android.content.ContextWrapper.sendBroadcast:479 cn.eben.newweather.DateWeatherService.a:19 cn.eben.newweather.DateWeatherService.a:0 cn.eben.newweather.DateWeatherService$1.handleMessage:7
05-12 10:56:13.809 543 543 I : read descriptors
05-12 10:56:13.809 543 543 I : read strings
05-12 10:33:26.003 1306 1306 W ContextImpl: Calling a method in the system process without a qualified user: android.app.ContextImpl.sendBroadcast:1181 android.content.ContextWrapper.sendBroadcast:479 cn.eben.newweather.DateWeatherService.a:19 cn.eben.newweather.DateWeatherService.a:0 cn.eben.newweather.DateWeatherService$1.handleMessage:7
05-12 10:33:26.347 462 487 I RIL : ---> enter mainloop wait at port
05-12 10:33:26.347 462 487 D RIL-DEV : Get modem info
05-12 10:33:26.348 462 487 D RIL-DEV : [05-12_10:33:26:348] idVendor = 0bda
05-12 10:33:26.348 462 487 D RIL-DEV :
05-12 10:33:26.348 462 487 D RIL-DEV : [05-12_10:33:26:349] idVendor = 05e3
05-12 10:33:26.348 462 487 D RIL-DEV :
05-12 10:33:26.349 462 487 D RIL-DEV : [05-12_10:33:26:349] idVendor = 1d6b
05-12 10:33:26.349 462 487 D RIL-DEV :
05-12 10:33:26.349 462 487 D RIL-DEV : [05-12_10:33:26:349] idVendor = 1d6b
05-12 10:33:26.349 462 487 D RIL-DEV :
05-12 10:33:26.349 462 487 D RIL-DEV : [05-12_10:33:26:350] idVendor = 0bda
05-12 10:33:26.349 462 487 D RIL-DEV :
05-12 10:33:26.350 462 487 D RIL-DEV : [05-12_10:33:26:350] idVendor = 1d6b
05-12 10:33:26.350 462 487 D RIL-DEV :
05-12 10:33:26.350 462 487 D RIL-DEV : [05-12_10:33:26:351] idVendor = 2109
