--------- beginning of kernel
05-12 09:14:52.346 1 1 I rga : rga2 driver loaded successfully ver:3.2.63318
05-12 09:14:52.346 1 1 I rga : rga2 probe successfully
05-12 09:14:52.347 1 1 I rga : Module initialized. v1.2.15
05-12 09:14:52.380 217 217 I vcc3v0_tp_wacom: supplied by vcc_3v3_s3
05-12 09:14:52.380 7 7 I mali fb000000.gpu: Kernel DDK version g12p0-01eac0
05-12 09:14:52.380 217 217 I vcc3v0_wacom: supplied by vcc_3v3_s3
05-12 09:14:52.381 7 7 I mali fb000000.gpu: leakage=14
05-12 09:14:52.381 217 217 I vcc5v0_host: supplied by vcc5v0_usb
05-12 09:14:52.382 7 7 I mali fb000000.gpu: pvtm=861
05-12 09:14:52.382 7 7 I mali fb000000.gpu: pvtm-volt-sel=3
05-12 09:14:52.382 217 217 I rockchip-dmc dmc: leakage=35
05-12 09:14:52.382 217 217 I rockchip-dmc dmc: leakage-volt-sel=1
05-12 09:14:52.383 217 217 I rockchip-dmc dmc: avs=0
05-12 09:14:52.383 217 217 I rockchip-dmc dmc: current ATF version 0x100
05-12 09:14:52.383 217 217 I rockchip-dmc dmc: normal_rate = 1560000000
05-12 09:14:52.383 217 217 I rockchip-dmc dmc: reboot_rate = 2112000000
05-12 09:14:52.383 217 217 I rockchip-dmc dmc: suspend_rate = 528000000
05-12 09:14:52.383 217 217 I rockchip-dmc dmc: video_4k_rate = 1560000000
05-12 09:14:52.383 217 217 I rockchip-dmc dmc: video_4k_10b_rate = 1560000000
05-12 09:14:52.383 217 217 I rockchip-dmc dmc: boost_rate = 2112000000
05-12 09:14:52.383 217 217 I rockchip-dmc dmc: fixed_rate(isp|cif0|cif1|dualview) = 2112000000
05-12 09:14:52.383 217 217 I rockchip-dmc dmc: performance_rate = 2112000000
05-12 09:14:52.383 217 217 I rockchip-dmc dmc: hdmirx_rate = 2112000000
05-12 09:14:52.383 217 217 E rockchip-dmc dmc: failed to get vop bandwidth to dmc rate
05-12 09:14:52.383 217 217 E rockchip-dmc dmc: failed to get vop pn to msch rl
05-12 09:14:52.383 7 7 I mali fb000000.gpu: avs=0
05-12 09:14:52.383 217 217 I rockchip-dmc dmc: l=10000 h=2147483647 hyst=5000 l_limit=0 h_limit=0 h_table=0
05-12 09:14:52.383 217 217 E rockchip-dmc dmc: could not find power_model node
05-12 09:14:52.383 217 217 I rockchip-csi2-dphy csi2-dcphy0: dphy0 matches m01_f_gc08a3 7-0031:bus type 5
05-12 09:14:52.383 217 217 I gc08a3 7-0031: gc08a3_g_mbus_config(1722) enter!
05-12 09:14:52.383 217 217 E rockchip-csi2-dphy csi2-dcphy0: csi2_dphy_update_sensor_mbus fail to get dphy param, used default value
05-12 09:14:52.384 217 217 I gc08a3 7-0031: gc08a3_g_mbus_config(1722) enter!
05-12 09:14:52.384 217 217 E rockchip-csi2-dphy csi2-dcphy0: csi2_dphy_update_sensor_mbus fail to get dphy param, used default value
05-12 09:14:52.384 217 217 I gc08a3 7-0031: gc08a3_g_mbus_config(1722) enter!
05-12 09:14:52.384 217 217 I rkcif-mipi-lvds: Async subdev notifier completed
05-12 09:14:52.384 217 217 I rockchip-csi2-dphy csi2-dcphy0: csi2 dphy0 probe successfully!
05-12 09:14:52.384 190 190 I gc08a3 7-0031: gc08a3_g_mbus_config(1722) enter!
05-12 09:14:52.384 190 190 E rockchip-csi2-dphy csi2-dcphy0: csi2_dphy_update_sensor_mbus fail to get dphy param, used default value
05-12 09:14:52.384 190 190 I gc08a3 7-0031: gc08a3_g_mbus_config(1722) enter!
05-12 09:14:52.385 190 190 I rkisp0-vir0: Async subdev notifier completed
05-12 09:14:52.386 7 7 W : W : [File] : drivers/gpu/arm/bifrost/platform/rk/mali_kbase_config_rk.c; [Line] : 136; [Func] : kbase_platform_rk_init(); power-off-delay-ms not available.
05-12 09:14:52.387 196 196 I : mmc_host mmc0: Bus speed (slot 0) = 49500000Hz (slot req 50000000Hz, actual 49500000HZ div = 0)
05-12 09:14:52.388 196 196 I mmc0 : new high speed SDXC card at address e624
05-12 09:14:52.388 196 196 I mmcblk0 : mmc0:e624 SC64G 59.5 GiB
05-12 09:14:52.389 217 217 I rockchip-vop2 fdd90000.vop: [drm:vop2_bind] vp0 assign plane mask: 0x0, primary plane phy id: -1
05-12 09:14:52.389 217 217 I rockchip-vop2 fdd90000.vop: [drm:vop2_bind] vp1 assign plane mask: 0xf, primary plane phy id: 3
05-12 09:14:52.389 217 217 I rockchip-vop2 fdd90000.vop: [drm:vop2_bind] vp2 assign plane mask: 0x3c0, primary plane phy id: 8
05-12 09:14:52.389 217 217 I rockchip-vop2 fdd90000.vop: [drm:vop2_bind] vp3 assign plane mask: 0x0, primary plane phy id: -1
05-12 09:14:52.389 217 217 W rockchip-drm display-subsystem: failed to get hdmi0_phy_pll: -2
05-12 09:14:52.389 217 217 W rockchip-drm display-subsystem: failed to get hdmi1_phy_pll: -2
05-12 09:14:52.391 196 196 I mmcblk0 : p1
05-12 09:14:52.392 7 7 W mali fb000000.gpu: GPU hardware issue table may need updating:
05-12 09:14:52.392 7 7 W : r0p0 status 5 is unknown; treating as r0p0 status 0
05-12 09:14:52.392 7 7 I mali fb000000.gpu: GPU identified as 0x7 arch 10.8.6 r0p0 status 0
05-12 09:14:52.392 7 7 I mali fb000000.gpu: No priority control manager is configured
05-12 09:14:52.392 7 7 I mali fb000000.gpu: No memory group manager is configured
05-12 09:14:52.392 7 7 I mali fb000000.gpu: Protected memory allocator not available
05-12 09:14:52.393 7 7 W mali fb000000.gpu: Couldn't find power_model DT node matching 'arm,mali-simple-power-model'
05-12 09:14:52.393 7 7 W mali fb000000.gpu: Error -22, no DT entry: mali-simple-power-model.static-coefficient = 1*[0]
05-12 09:14:52.393 7 7 W mali fb000000.gpu: Error -22, no DT entry: mali-simple-power-model.dynamic-coefficient = 1*[0]
05-12 09:14:52.394 7 7 W mali fb000000.gpu: Error -22, no DT entry: mali-simple-power-model.ts = 4*[0]
05-12 09:14:52.394 7 7 W mali fb000000.gpu: Error -22, no DT entry: mali-simple-power-model.thermal-zone = ''
05-12 09:14:52.397 7 7 I mali fb000000.gpu: Using configured power model mali-lodx-power-model, and fallback mali-simple-power-model
05-12 09:14:52.397 7 7 I mali fb000000.gpu: l=10000 h=85000 hyst=5000 l_limit=0 h_limit=800000000 h_table=0
05-12 09:14:52.403 7 7 I mali fb000000.gpu: Probed as mali0
05-12 09:14:52.421 217 217 I rockchip-drm display-subsystem: bound fdd90000.vop (ops vop2_component_ops)
05-12 09:14:52.421 217 217 I rockchip-drm display-subsystem: bound fde20000.dsi (ops dw_mipi_dsi2_ops)
05-12 09:14:52.421 217 217 I rockchip-drm display-subsystem: bound fde30000.dsi (ops dw_mipi_dsi2_ops)
05-12 09:14:52.421 217 217 I rockchip-drm display-subsystem: bound fde50000.dp (ops dw_dp_component_ops)
05-12 09:14:52.448 217 217 I rockchip-drm display-subsystem: [drm] fb0: rockchipdrmfb frame buffer device
05-12 09:14:52.449 217 217 I : [drm] Initialized rockchip 3.0.0 20140818 for display-subsystem on minor 0
05-12 09:14:52.450 217 217 I input : adc-keys as /devices/platform/adc-keys/input/input10
05-12 09:14:52.481 217 217 I power_supply cw2017-battery: cw2017-battery: Found supply : bq25700-charger
05-12 09:14:52.482 217 217 W thermal_zone7: power_allocator: sustainable_power will be estimated
05-12 09:14:52.482 217 217 W cw2017 2-0063: No monitored battery, some properties will be missing
05-12 09:14:52.489 1 1 I ohci-platform: OHCI generic platform driver
05-12 09:14:52.489 1 1 I ohci-platform fc840000.usb: Generic Platform OHCI controller
05-12 09:14:52.490 1 1 I ohci-platform fc840000.usb: new USB bus registered, assigned bus number 2
05-12 09:14:52.490 1 1 I ohci-platform fc840000.usb: irq 21, io mem 0xfc840000
05-12 09:14:52.548 1 1 I usb2 : New USB device found, idVendor=1d6b, idProduct=0001, bcdDevice= 5.10
05-12 09:14:52.548 1 1 I usb2 : New USB device strings: Mfr=3, Product=2, SerialNumber=1
05-12 09:14:52.548 1 1 I usb2 : Product: Generic Platform OHCI controller
05-12 09:14:52.548 1 1 I usb2 : Manufacturer: Linux 5.10.66 ohci_hcd
05-12 09:14:52.548 1 1 I usb2 : SerialNumber: fc840000.usb
05-12 09:14:52.549 1 1 I hub 2-0 : 1.0: USB hub found
05-12 09:14:52.549 1 1 I hub 2-0 : 1.0: 1 port detected
05-12 09:14:52.550 1 1 I rkcif-mipi-lvds: clear unready subdev num: 0
05-12 09:14:52.550 1 1 I gc08a3 7-0031: gc08a3_g_mbus_config(1722) enter!
05-12 09:14:52.550 1 1 E rockchip-csi2-dphy csi2-dcphy0: csi2_dphy_update_sensor_mbus fail to get dphy param, used default value
05-12 09:14:52.550 1 1 I gc08a3 7-0031: gc08a3_g_mbus_config(1722) enter!
05-12 09:14:52.550 1 1 I rkcif-mipi-lvds2: clear unready subdev num: 0
05-12 09:14:52.551 1 1 I RKNPU fdab0000.npu: Adding to iommu group 0
05-12 09:14:52.551 1 1 I RKNPU fdab0000.npu: RKNPU: rknpu iommu is enabled, using iommu mode
05-12 09:14:52.552 1 1 E RKNPU fdab0000.npu: can't request region for resource [mem 0xfdab0000-0xfdabffff]
05-12 09:14:52.552 1 1 E RKNPU fdab0000.npu: can't request region for resource [mem 0xfdac0000-0xfdacffff]
05-12 09:14:52.552 1 1 E RKNPU fdab0000.npu: can't request region for resource [mem 0xfdad0000-0xfdadffff]
05-12 09:14:52.552 1 1 I : [drm] Initialized rknpu 0.9.8 20240828 for fdab0000.npu on minor 1
05-12 09:14:52.554 1 1 I RKNPU fdab0000.npu: RKNPU: bin=0
05-12 09:14:52.554 1 1 I RKNPU fdab0000.npu: leakage=8
05-12 09:14:52.557 1 1 I RKNPU fdab0000.npu: pvtm=866
05-12 09:14:52.557 1 1 I RKNPU fdab0000.npu: pvtm-volt-sel=3
05-12 09:14:52.557 1 1 E RKNPU fdab0000.npu: opp_parse_supplies: Invalid number of elements in opp-microvolt-L3 property (6) with supplies (1)
05-12 09:14:52.557 1 1 E RKNPU fdab0000.npu: _of_add_opp_table_v2: Failed to add OPP, -22
05-12 09:14:52.557 1 1 E RKNPU fdab0000.npu: Invalid operating-points in device tree.
05-12 09:14:52.557 1 1 E RKNPU fdab0000.npu: RKNPU: failed to init_opp_table
05-12 09:14:52.558 1 1 I cfg80211: Loading compiled-in X.509 certificates for regulatory database
05-12 09:14:52.560 1 1 I cfg80211: Loaded X.509 cert 'sforshee: 00b28ddf47aef9cea7'
05-12 09:14:52.561 57 57 W platform regulatory.0: Direct firmware load for regulatory.db failed with error -2
05-12 09:14:52.561 57 57 I cfg80211: failed to load regulatory.db
05-12 09:14:52.563 1 1 W rockchip-pm rockchip-suspend: not set pwm-regulator-config
05-12 09:14:52.564 1 1 I : I : [File] : drivers/gpu/arm/mali400/mali/linux/mali_kernel_linux.c; [Line] : 409; [Func] : mali_module_init(); svn_rev_string_from_arm of this mali_ko is '', rk_ko_ver is '5', built at '16:05:55', on 'Apr 1 2025'.
05-12 09:14:52.564 1 1 W Mali :
05-12 09:14:52.564 1 1 W : Mali device driver loaded
05-12 09:14:52.565 1 1 I rkisp0-vir0: clear unready subdev num: 0
05-12 09:14:52.565 1 1 I : ALSA device list:
05-12 09:14:52.565 1 1 I : #0: rockchip,dp0
05-12 09:14:52.565 1 1 I : #1: rockchip,es8388-codec
05-12 09:14:52.565 1 1 I : #2: rockchip,sound-micarray
05-12 09:14:52.565 1 1 I : Freeing unused kernel memory: 1344K
05-12 09:14:52.584 1 1 I : Run /init as init process
05-12 09:14:52.584 1 1 D with arguments:
05-12 09:14:52.584 1 1 D : /init
05-12 09:14:52.584 1 1 D : mmio32,0xfeb50000
05-12 09:14:52.584 1 1 D with environment:
05-12 09:14:52.584 1 1 D : HOME=/
05-12 09:14:52.584 1 1 D : TERM=linux
05-12 09:14:52.584 1 1 D : storagemedia=emmc
05-12 09:14:52.584 1 1 D : buildvariant=userdebug
05-12 09:14:52.587 1 1 I init : init first stage started!
05-12 09:14:52.587 1 1 I init : Unable to open /lib/modules, skipping module loading.
05-12 09:14:52.588 1 1 I init : Copied ramdisk prop to /second_stage_resources/system/etc/ramdisk/build.prop
05-12 09:14:52.588 1 1 I init : [libfs_mgr]ReadFstabFromDt(): failed to read fstab from dt
05-12 09:14:52.590 1 1 I init : Using Android DT directory /proc/device-tree/firmware/android/
05-12 09:14:52.663 1 1 I init : [libfs_mgr]superblock s_max_mnt_count:65535,/dev/block/by-name/metadata
05-12 09:14:52.663 1 1 W EXT4-fs (mmcblk1p11): Ignoring removed nomblk_io_submit option
05-12 09:14:52.666 1 1 I EXT4-fs (mmcblk1p11): mounted filesystem with ordered data mode. Opts: errors=remount-ro,nomblk_io_submit
05-12 09:14:52.666 1 1 W : ext4 filesystem being mounted at /metadata supports timestamps until 2038 (0x7fffffff)
05-12 09:14:52.666 1 1 I init : [libfs_mgr]check_fs(): mount(/dev/block/by-name/metadata,/metadata,ext4)=0: Success
05-12 09:14:52.668 1 1 I init : [libfs_mgr]umount_retry(): unmount(/metadata) succeeded
05-12 09:14:52.668 1 1 I init : [libfs_mgr]Not running /system/bin/e2fsck on /dev/block/mmcblk1p11 (executable not in system image)
05-12 09:14:52.669 1 1 I EXT4-fs (mmcblk1p11): mounted filesystem with ordered data mode. Opts: discard
05-12 09:14:52.669 1 1 W : ext4 filesystem being mounted at /metadata supports timestamps until 2038 (0x7fffffff)
05-12 09:14:52.669 1 1 I init : [libfs_mgr]__mount(source=/dev/block/by-name/metadata,target=/metadata,type=ext4)=0: Success
05-12 09:14:52.675 1 1 I EXT4-fs (dm-0): mounted filesystem without journal. Opts: barrier=1
05-12 09:14:52.679 1 1 I EXT4-fs (dm-2): mounted filesystem without journal. Opts: barrier=1
05-12 09:14:52.680 1 1 I EXT4-fs (dm-4): mounted filesystem without journal. Opts: barrier=1
05-12 09:14:52.682 1 1 I EXT4-fs (dm-1): mounted filesystem without journal. Opts: barrier=1
05-12 09:14:52.683 1 1 I EXT4-fs (dm-3): mounted filesystem without journal. Opts: barrier=1
05-12 09:14:52.684 1 1 I EXT4-fs (dm-5): mounted filesystem without journal. Opts: barrier=1
05-12 09:14:52.685 1 1 I EXT4-fs (dm-6): mounted filesystem without journal. Opts: barrier=1
05-12 09:14:52.693 1 1 W printk : init: 25 output lines suppressed due to ratelimiting
05-12 09:14:52.823 1 1 I init : Opening SELinux policy
05-12 09:14:52.830 1 1 I init : Loading SELinux policy
05-12 09:14:52.840 1 1 I SELinux : Permission nlmsg_getneigh in class netlink_route_socket not defined in policy.
05-12 09:14:52.840 1 1 I SELinux : Permission bpf in class capability2 not defined in policy.
05-12 09:14:52.840 1 1 I SELinux : Permission checkpoint_restore in class capability2 not defined in policy.
05-12 09:14:52.840 1 1 I SELinux : Permission bpf in class cap2_userns not defined in policy.
05-12 09:14:52.840 1 1 I SELinux : Permission checkpoint_restore in class cap2_userns not defined in policy.
05-12 09:14:52.840 1 1 I SELinux : the above unknown classes and permissions will be denied
05-12 09:14:52.843 1 1 I SELinux : policy capability network_peer_controls=1
05-12 09:14:52.843 1 1 I SELinux : policy capability open_perms=1
05-12 09:14:52.843 1 1 I SELinux : policy capability extended_socket_class=1
05-12 09:14:52.843 1 1 I SELinux : policy capability always_check_network=0
05-12 09:14:52.843 1 1 I SELinux : policy capability cgroup_seclabel=0
05-12 09:14:52.843 1 1 I SELinux : policy capability nnp_nosuid_transition=1
05-12 09:14:52.843 1 1 I SELinux : policy capability genfs_seclabel_symlinks=0
05-12 09:14:52.952 1 1 I selinux : SELinux: Loaded file_contexts
05-12 09:14:52.952 1 1 I selinux :
05-12 09:14:52.997 1 1 I init : init second stage started!
05-12 09:14:53.014 1 1 I init : Using Android DT directory /proc/device-tree/firmware/android/
05-12 09:14:53.016 1 1 W init : Overriding previous property 'persist.sys.usb.config':'none' with new value 'adb'
05-12 09:14:53.016 1 1 W init : Overriding previous property 'persist.sys.usb.config':'adb' with new value 'none'
05-12 09:14:53.016 1 1 W init : Couldn't load property file '/vendor/default.prop': open() failed: No such file or directory: No such file or directory
05-12 09:14:53.021 1 1 I init : Setting product property ro.product.brand to 'EBEN' (from ro.product.product.brand)
05-12 09:14:53.021 1 1 I init : Setting product property ro.product.device to '82005A' (from ro.product.product.device)
05-12 09:14:53.021 1 1 I init : Setting product property ro.product.manufacturer to 'EBEN' (from ro.product.product.manufacturer)
05-12 09:14:53.021 1 1 I init : Setting product property ro.product.model to 'M15T' (from ro.product.product.model)
05-12 09:14:53.021 1 1 I init : Setting product property ro.product.name to 'rk3588s_s' (from ro.product.product.name)
05-12 09:14:53.076 1 1 E cgroup : Unknown subsys name 'schedtune'
05-12 09:14:53.202 257 257 I ueventd : ueventd started!
05-12 09:14:53.203 257 257 I selinux : SELinux: Loaded file_contexts
05-12 09:14:53.203 257 257 I selinux :
05-12 09:14:53.203 257 257 I ueventd : Parsing file /system/etc/ueventd.rc...
05-12 09:14:53.204 257 257 I ueventd : Added '/vendor/etc/ueventd.rc' to import list
05-12 09:14:53.204 257 257 I ueventd : Added '/odm/etc/ueventd.rc' to import list
05-12 09:14:53.205 257 257 I ueventd : Parsing file /vendor/etc/ueventd.rc...
05-12 09:14:53.206 257 257 I ueventd : Parsing file /odm/etc/ueventd.rc...
05-12 09:14:53.206 257 257 I ueventd : Unable to read config file '/odm/etc/ueventd.rc': open() failed: No such file or directory
05-12 09:14:53.206 257 257 I ueventd : Parsing file /vendor/ueventd.rc...
05-12 09:14:53.507 275 275 I GobiNet : Meig_GobiNet_Driver_V1.3.2
05-12 09:14:53.507 275 275 I usbcore : registered new interface driver GobiNet
05-12 09:14:53.907 1 1 I : Registered swp emulation handler
05-12 09:14:53.939 1 1 W EXT4-fs (mmcblk1p10): Ignoring removed nomblk_io_submit option
05-12 09:14:53.949 1 1 I EXT4-fs (mmcblk1p10): mounted filesystem with ordered data mode. Opts: errors=remount-ro,nomblk_io_submit
05-12 09:14:53.952 1 1 W : ext4 filesystem being mounted at /cache supports timestamps until 2038 (0x7fffffff)
05-12 09:14:53.961 279 279 I logd.auditd: start
05-12 09:14:53.986 1 1 I e2fsck : e2fsck 1.45.4 (23-Sep-2019)
05-12 09:14:53.992 1 1 I e2fsck : /dev/block/by-name/cache: clean, 18/98304 files, 7214/98304 blocks
05-12 09:14:53.997 1 1 I EXT4-fs (mmcblk1p10): mounted filesystem with ordered data mode. Opts: noauto_da_alloc,discard
05-12 09:14:53.998 1 1 W : ext4 filesystem being mounted at /cache supports timestamps until 2038 (0x7fffffff)
05-12 09:14:54.000 1 1 W EXT4-fs (mmcblk1p14): Ignoring removed nomblk_io_submit option
05-12 09:14:54.001 1 1 I EXT4-fs (mmcblk1p14): mounted filesystem with ordered data mode. Opts: errors=remount-ro,nomblk_io_submit
05-12 09:14:54.016 1 1 I e2fsck : e2fsck 1.45.4 (23-Sep-2019)
05-12 09:14:54.020 1 1 I e2fsck : /dev/block/by-name/custom: clean, 11/32768 files, 6164/131072 blocks
05-12 09:14:54.024 1 1 I EXT4-fs (mmcblk1p14): mounted filesystem with ordered data mode. Opts: noauto_da_alloc,discard
05-12 09:14:54.110 329 329 I wait_for_keymaster: Waiting for Keymaster device
05-12 09:14:54.554 341 341 I mali fb000000.gpu: Loading Mali firmware 0x1010000
05-12 09:14:54.555 341 341 E mali fb000000.gpu: Protected memory allocator not found, Firmware protected mode entry will not be supported
05-12 09:14:54.555 341 341 E mali fb000000.gpu: Protected memory allocator not found, Firmware protected mode entry will not be supported
05-12 09:14:54.555 341 341 E mali fb000000.gpu: Protected memory allocator not found, Firmware protected mode entry will not be supported
05-12 09:14:54.754 217 217 I bq25700-charger 2-006b: change to USB_TYPE_DCP_CHARGER
05-12 09:14:54.757 217 217 I bq25700-charger 2-006b: INFO: INPUT_CURRENT:59,INPUT_VOLTAGE:184,CHARGE_CURRENT:72,
05-12 09:14:55.111 329 329 W ServiceManager: Waited one second for android.system.keystore2.IKeystoreService/default (is service started? are binder threads started and available?)
05-12 09:14:55.112 329 329 I wait_for_keymaster: Keymaster device ready
05-12 09:14:55.112 176 176 I binder : undelivered transaction 128, process died.
05-12 09:14:55.130 380 380 D vdc : Waited 0ms for vold
05-12 09:14:55.153 381 381 D vdc : Waited 0ms for vold
05-12 09:14:55.196 287 287 I fsck.f2fs: Info: Fix the reported corruption.
05-12 09:14:55.197 287 287 I fsck.f2fs: Info: No support kernel version!
05-12 09:14:55.197 287 287 I fsck.f2fs: Info: Segments per section = 1
05-12 09:14:55.197 287 287 I fsck.f2fs: Info: Sections per zone = 1
05-12 09:14:55.197 287 287 I fsck.f2fs: Info: sector size = 4096
05-12 09:14:55.197 287 287 I fsck.f2fs: Info: total sectors = 59987448 (234325 MB)
05-12 09:14:55.198 287 287 I fsck.f2fs: Info: MKFS version
05-12 09:14:55.198 287 287 I fsck.f2fs: "5.10.66"
05-12 09:14:55.198 287 287 I fsck.f2fs: Info: FSCK version
05-12 09:14:55.198 287 287 I fsck.f2fs: from "5.10.66"
05-12 09:14:55.207 287 287 I F2FS-fs (dm-7): Using encoding defined by superblock: utf8-12.1.0 with flags 0x0
05-12 09:14:55.261 60 60 I [Awinic] [3-005b]aw_check_acf_firmware: project name: [aw87xxx]
05-12 09:14:55.261 60 60 I [Awinic] [3-005b]aw_check_acf_firmware: custom name: [awinic]
05-12 09:14:55.261 60 60 I [Awinic] [3-005b]aw_check_acf_firmware: version name: []
05-12 09:14:55.261 60 60 I [Awinic] [3-005b]aw_check_acf_firmware: author_id: [905]
05-12 09:14:55.261 60 60 I [Awinic] [3-005b]aw_check_data_v_0_0_0_1: acf fimware check succeed
05-12 09:14:55.261 60 60 I [Awinic] [3-005b]aw_monitor_bin_parse: monitor bin parse version: V0.1.0
05-12 09:14:55.261 60 60 I [Awinic] [3-005b]aw_monitor_parse_data_v1: monitor_switch:0, monitor_time:3000 (ms), monitor_count:5, step_count:6
05-12 09:14:55.261 60 60 I [Awinic] [3-005b]aw_monitor_write_to_table_v1: vbat_min:0, vbat_max40, vmax_vol:0xff91072c
05-12 09:14:55.261 60 60 I [Awinic] [3-005b]aw_monitor_write_to_table_v1: vbat_min:40, vbat_max50, vmax_vol:0xffacea83
05-12 09:14:55.261 60 60 I [Awinic] [3-005b]aw_monitor_write_to_table_v1: vbat_min:50, vbat_max60, vmax_vol:0xffce6e6f
05-12 09:14:55.261 60 60 I [Awinic] [3-005b]aw_monitor_write_to_table_v1: vbat_min:60, vbat_max70, vmax_vol:0xffe0fd22
05-12 09:14:55.261 60 60 I [Awinic] [3-005b]aw_monitor_write_to_table_v1: vbat_min:70, vbat_max85, vmax_vol:0xffe96a00
05-12 09:14:55.261 60 60 I [Awinic] [3-005b]aw_monitor_write_to_table_v1: vbat_min:85, vbat_max100, vmax_vol:0x0
05-12 09:14:55.261 60 60 I [Awinic] [3-005b]aw_monitor_parse_vol_data_v1: vmax_data parse succeed
05-12 09:14:55.261 60 60 I [Awinic] [3-005b]aw_parse_monitor_config: monitor_bin parse succeed
05-12 09:14:55.261 60 60 W : AWINIC_BIN aw_parsing_bin_file,line= 442,aw_bin_parse code version:V0.0.7-V1.0.4
05-12 09:14:55.261 60 60 W : AWINIC_BIN aw_check_bin_header_version,line= 423,aw_bin_parse header_version 0x1000000
05-12 09:14:55.261 60 60 W : AWINIC_BIN aw_parse_bin_header_1_0_0,line= 372,enter aw_parse_bin_header_1_0_0
05-12 09:14:55.261 60 60 W : AWINIC_BIN aw_parse_bin_header_1_0_0,line= 376,aw_bin_parse bin_data_type 0x0
05-12 09:14:55.261 60 60 W : AWINIC_BIN aw_parse_bin_header_1_0_0,line= 384,aw_bin_parse enter single bin branch
05-12 09:14:55.261 60 60 W : AWINIC_BIN aw_parse_bin_header_1_0_0,line= 387,aw_parse_bin_header_1_0_0 bin->single_bin_parse_num is 1
05-12 09:14:55.261 60 60 W : AWINIC_BIN aw_get_single_bin_header_1_0_0,line= 260,enter aw_get_single_bin_header_1_0_0
05-12 09:14:55.261 60 60 W : AWINIC_BIN aw_check_sum,line= 93,enter
05-12 09:14:55.261 60 60 W : AWINIC_BIN aw_check_sum,line= 98,aw_bin_parse p_check_sum = 00000000bd9ab68d
05-12 09:14:55.261 60 60 W : AWINIC_BIN aw_check_sum,line= 110,aw_bin_parse bin_num=0, check_sum = 0x1c61, sum_data = 0x1c61
05-12 09:14:55.261 60 60 W : AWINIC_BIN aw_check_data_version,line= 125,enter
05-12 09:14:55.261 60 60 W : AWINIC_BIN aw_check_register_num_v1,line= 142,enter
05-12 09:14:55.261 60 60 W : AWINIC_BIN aw_check_register_num_v1,line= 146,aw_bin_parse p_check_sum = 000000007e18f9ce
05-12 09:14:55.261 60 60 W : AWINIC_BIN aw_check_register_num_v1,line= 155,aw_bin_parse bin_num=0, parse_register_num = 0x28, check_register_num = 0x28
05-12 09:14:55.261 60 60 W : AWINIC_BIN aw_parsing_bin_file,line= 509,aw_bin_parse parsing success
05-12 09:14:55.261 60 60 W : AWINIC_BIN aw_parsing_bin_file,line= 442,aw_bin_parse code version:V0.0.7-V1.0.4
05-12 09:14:55.261 60 60 W : AWINIC_BIN aw_check_bin_header_version,line= 423,aw_bin_parse header_version 0x1000000
05-12 09:14:55.261 60 60 W : AWINIC_BIN aw_parse_bin_header_1_0_0,line= 372,enter aw_parse_bin_header_1_0_0
05-12 09:14:55.261 60 60 W : AWINIC_BIN aw_parse_bin_header_1_0_0,line= 376,aw_bin_parse bin_data_type 0x0
05-12 09:14:55.261 60 60 W : AWINIC_BIN aw_parse_bin_header_1_0_0,line= 384,aw_bin_parse enter single bin branch
05-12 09:14:55.261 60 60 W : AWINIC_BIN aw_parse_bin_header_1_0_0,line= 387,aw_parse_bin_header_1_0_0 bin->single_bin_parse_num is 1
05-12 09:14:55.261 60 60 W : AWINIC_BIN aw_get_single_bin_header_1_0_0,line= 260,enter aw_get_single_bin_header_1_0_0
05-12 09:14:55.261 60 60 W : AWINIC_BIN aw_check_sum,line= 93,enter
05-12 09:14:55.261 60 60 W : AWINIC_BIN aw_check_sum,line= 98,aw_bin_parse p_check_sum = 00000000bd9ab68d
05-12 09:14:55.261 60 60 W : AWINIC_BIN aw_check_sum,line= 110,aw_bin_parse bin_num=0, check_sum = 0x210, sum_data = 0x210
05-12 09:14:55.261 60 60 W : AWINIC_BIN aw_check_data_version,line= 125,enter
05-12 09:14:55.261 60 60 W : AWINIC_BIN aw_check_register_num_v1,line= 142,enter
05-12 09:14:55.261 60 60 W : AWINIC_BIN aw_check_register_num_v1,line= 146,aw_bin_parse p_check_sum = 000000007e18f9ce
05-12 09:14:55.261 60 60 W : AWINIC_BIN aw_check_register_num_v1,line= 155,aw_bin_parse bin_num=0, parse_register_num = 0x1, check_register_num = 0x1
05-12 09:14:55.261 60 60 W : AWINIC_BIN aw_parsing_bin_file,line= 509,aw_bin_parse parsing success
05-12 09:14:55.261 60 60 W : AWINIC_BIN aw_parsing_bin_file,line= 442,aw_bin_parse code version:V0.0.7-V1.0.4
05-12 09:14:55.261 60 60 W : AWINIC_BIN aw_check_bin_header_version,line= 423,aw_bin_parse header_version 0x1000000
05-12 09:14:55.261 60 60 W : AWINIC_BIN aw_parse_bin_header_1_0_0,line= 372,enter aw_parse_bin_header_1_0_0
05-12 09:14:55.261 60 60 W : AWINIC_BIN aw_parse_bin_header_1_0_0,line= 376,aw_bin_parse bin_data_type 0x0
05-12 09:14:55.261 60 60 W : AWINIC_BIN aw_parse_bin_header_1_0_0,line= 384,aw_bin_parse enter single bin branch
05-12 09:14:55.261 60 60 W : AWINIC_BIN aw_parse_bin_header_1_0_0,line= 387,aw_parse_bin_header_1_0_0 bin->single_bin_parse_num is 1
05-12 09:14:55.261 60 60 W : AWINIC_BIN aw_get_single_bin_header_1_0_0,line= 260,enter aw_get_single_bin_header_1_0_0
05-12 09:14:55.261 60 60 W : AWINIC_BIN aw_check_sum,line= 93,enter
05-12 09:14:55.261 60 60 W : AWINIC_BIN aw_check_sum,line= 98,aw_bin_parse p_check_sum = 00000000bd9ab68d
05-12 09:14:55.261 60 60 W : AWINIC_BIN aw_check_sum,line= 110,aw_bin_parse bin_num=0, check_sum = 0x1c74, sum_data = 0x1c74
05-12 09:14:55.261 60 60 W : AWINIC_BIN aw_check_data_version,line= 125,enter
05-12 09:14:55.261 60 60 W : AWINIC_BIN aw_check_register_num_v1,line= 142,enter
05-12 09:14:55.261 60 60 W : AWINIC_BIN aw_check_register_num_v1,line= 146,aw_bin_parse p_check_sum = 000000007e18f9ce
05-12 09:14:55.261 60 60 W : AWINIC_BIN aw_check_register_num_v1,line= 155,aw_bin_parse bin_num=0, parse_register_num = 0x28, check_register_num = 0x28
05-12 09:14:55.261 60 60 W : AWINIC_BIN aw_parsing_bin_file,line= 509,aw_bin_parse parsing success
05-12 09:14:55.261 60 60 I [Awinic] [3-005b]aw_get_prof_count_v_0_0_0_1: get profile count=[3]
05-12 09:14:55.261 60 60 I [Awinic] [3-005b]aw_get_vaild_prof_v_0_0_0_1: product=[aw87559]----profile=[Music]
05-12 09:14:55.261 60 60 I [Awinic] [3-005b]aw_get_vaild_prof_v_0_0_0_1: product=[aw87559]----profile=[Receiver]
05-12 09:14:55.261 60 60 I [Awinic] [3-005b]aw_set_prof_off_info_v_0_0_0_1: product=[aw87559]----profile=[Off]
05-12 09:14:55.261 60 60 I [Awinic] [3-005b]aw_set_prof_name_list_v_0_0_0_1: index=[0], profile_name=[Music]
05-12 09:14:55.261 60 60 I [Awinic] [3-005b]aw_set_prof_name_list_v_0_0_0_1: index=[1], profile_name=[Receiver]
05-12 09:14:55.261 60 60 I [Awinic] [3-005b]aw_set_prof_name_list_v_0_0_0_1: index=[2], profile_name=[Off]
05-12 09:14:55.261 60 60 I [Awinic] [3-005b]aw_parse_acf_v_0_0_0_1: acf parse success
05-12 09:14:55.261 60 60 I [Awinic] [3-005b]aw87xxx_init_default_prof: init profile name [Off]
05-12 09:14:55.261 60 60 I [Awinic] [3-005b]aw87xxx_fw_load: acf parse succeed
05-12 09:14:55.261 198 198 I [Awinic] [3-0058]aw_check_acf_firmware: project name: [aw87xxx]
05-12 09:14:55.261 198 198 I [Awinic] [3-0058]aw_check_acf_firmware: custom name: [awinic]
05-12 09:14:55.261 198 198 I [Awinic] [3-0058]aw_check_acf_firmware: version name: []
05-12 09:14:55.261 198 198 I [Awinic] [3-0058]aw_check_acf_firmware: author_id: [905]
05-12 09:14:55.261 198 198 I [Awinic] [3-0058]aw_check_data_v_0_0_0_1: acf fimware check succeed
05-12 09:14:55.261 198 198 I [Awinic] [3-0058]aw_monitor_bin_parse: monitor bin parse version: V0.1.0
05-12 09:14:55.261 198 198 I [Awinic] [3-0058]aw_monitor_parse_data_v1: monitor_switch:0, monitor_time:3000 (ms), monitor_count:5, step_count:6
05-12 09:14:55.261 198 198 I [Awinic] [3-0058]aw_monitor_write_to_table_v1: vbat_min:0, vbat_max40, vmax_vol:0xff91072c
05-12 09:14:55.261 198 198 I [Awinic] [3-0058]aw_monitor_write_to_table_v1: vbat_min:40, vbat_max50, vmax_vol:0xffacea83
05-12 09:14:55.261 198 198 I [Awinic] [3-0058]aw_monitor_write_to_table_v1: vbat_min:50, vbat_max60, vmax_vol:0xffce6e6f
05-12 09:14:55.261 198 198 I [Awinic] [3-0058]aw_monitor_write_to_table_v1: vbat_min:60, vbat_max70, vmax_vol:0xffe0fd22
05-12 09:14:55.261 198 198 I [Awinic] [3-0058]aw_monitor_write_to_table_v1: vbat_min:70, vbat_max85, vmax_vol:0xffe96a00
05-12 09:14:55.261 198 198 I [Awinic] [3-0058]aw_monitor_write_to_table_v1: vbat_min:85, vbat_max100, vmax_vol:0x0
05-12 09:14:55.261 198 198 I [Awinic] [3-0058]aw_monitor_parse_vol_data_v1: vmax_data parse succeed
05-12 09:14:55.261 198 198 I [Awinic] [3-0058]aw_parse_monitor_config: monitor_bin parse succeed
05-12 09:14:55.261 198 198 W : AWINIC_BIN aw_parsing_bin_file,line= 442,aw_bin_parse code version:V0.0.7-V1.0.4
05-12 09:14:55.261 198 198 W : AWINIC_BIN aw_check_bin_header_version,line= 423,aw_bin_parse header_version 0x1000000
05-12 09:14:55.261 198 198 W : AWINIC_BIN aw_parse_bin_header_1_0_0,line= 372,enter aw_parse_bin_header_1_0_0
05-12 09:14:55.261 198 198 W : AWINIC_BIN aw_parse_bin_header_1_0_0,line= 376,aw_bin_parse bin_data_type 0x0
05-12 09:14:55.261 198 198 W : AWINIC_BIN aw_parse_bin_header_1_0_0,line= 384,aw_bin_parse enter single bin branch
05-12 09:14:55.261 198 198 W : AWINIC_BIN aw_parse_bin_header_1_0_0,line= 387,aw_parse_bin_header_1_0_0 bin->single_bin_parse_num is 1
05-12 09:14:55.261 198 198 W : AWINIC_BIN aw_get_single_bin_header_1_0_0,line= 260,enter aw_get_single_bin_header_1_0_0
05-12 09:14:55.261 198 198 W : AWINIC_BIN aw_check_sum,line= 93,enter
05-12 09:14:55.261 198 198 W : AWINIC_BIN aw_check_sum,line= 98,aw_bin_parse p_check_sum = 00000000bd9ab68d
05-12 09:14:55.261 198 198 W : AWINIC_BIN aw_check_sum,line= 110,aw_bin_parse bin_num=0, check_sum = 0x1c61, sum_data = 0x1c61
05-12 09:14:55.261 198 198 W : AWINIC_BIN aw_check_data_version,line= 125,enter
05-12 09:14:55.261 198 198 W : AWINIC_BIN aw_check_register_num_v1,line= 142,enter
05-12 09:14:55.261 198 198 W : AWINIC_BIN aw_check_register_num_v1,line= 146,aw_bin_parse p_check_sum = 000000007e18f9ce
05-12 09:14:55.261 198 198 W : AWINIC_BIN aw_check_register_num_v1,line= 155,aw_bin_parse bin_num=0, parse_register_num = 0x28, check_register_num = 0x28
05-12 09:14:55.261 198 198 W : AWINIC_BIN aw_parsing_bin_file,line= 509,aw_bin_parse parsing success
05-12 09:14:55.261 198 198 W : AWINIC_BIN aw_parsing_bin_file,line= 442,aw_bin_parse code version:V0.0.7-V1.0.4
05-12 09:14:55.261 198 198 W : AWINIC_BIN aw_check_bin_header_version,line= 423,aw_bin_parse header_version 0x1000000
05-12 09:14:55.261 198 198 W : AWINIC_BIN aw_parse_bin_header_1_0_0,line= 372,enter aw_parse_bin_header_1_0_0
05-12 09:14:55.261 198 198 W : AWINIC_BIN aw_parse_bin_header_1_0_0,line= 376,aw_bin_parse bin_data_type 0x0
05-12 09:14:55.261 198 198 W : AWINIC_BIN aw_parse_bin_header_1_0_0,line= 384,aw_bin_parse enter single bin branch
05-12 09:14:55.261 198 198 W : AWINIC_BIN aw_parse_bin_header_1_0_0,line= 387,aw_parse_bin_header_1_0_0 bin->single_bin_parse_num is 1
05-12 09:14:55.261 198 198 W : AWINIC_BIN aw_get_single_bin_header_1_0_0,line= 260,enter aw_get_single_bin_header_1_0_0
05-12 09:14:55.261 198 198 W : AWINIC_BIN aw_check_sum,line= 93,enter
05-12 09:14:55.261 198 198 W : AWINIC_BIN aw_check_sum,line= 98,aw_bin_parse p_check_sum = 00000000bd9ab68d
05-12 09:14:55.261 198 198 W : AWINIC_BIN aw_check_sum,line= 110,aw_bin_parse bin_num=0, check_sum = 0x210, sum_data = 0x210
05-12 09:14:55.261 198 198 W : AWINIC_BIN aw_check_data_version,line= 125,enter
05-12 09:14:55.261 198 198 W : AWINIC_BIN aw_check_register_num_v1,line= 142,enter
05-12 09:14:55.261 198 198 W : AWINIC_BIN aw_check_register_num_v1,line= 146,aw_bin_parse p_check_sum = 000000007e18f9ce
05-12 09:14:55.262 198 198 W : AWINIC_BIN aw_check_register_num_v1,line= 155,aw_bin_parse bin_num=0, parse_register_num = 0x1, check_register_num = 0x1
05-12 09:14:55.262 198 198 W : AWINIC_BIN aw_parsing_bin_file,line= 509,aw_bin_parse parsing success
05-12 09:14:55.262 198 198 W : AWINIC_BIN aw_parsing_bin_file,line= 442,aw_bin_parse code version:V0.0.7-V1.0.4
05-12 09:14:55.262 198 198 W : AWINIC_BIN aw_check_bin_header_version,line= 423,aw_bin_parse header_version 0x1000000
05-12 09:14:55.262 198 198 W : AWINIC_BIN aw_parse_bin_header_1_0_0,line= 372,enter aw_parse_bin_header_1_0_0
05-12 09:14:55.262 198 198 W : AWINIC_BIN aw_parse_bin_header_1_0_0,line= 376,aw_bin_parse bin_data_type 0x0
05-12 09:14:55.262 198 198 W : AWINIC_BIN aw_parse_bin_header_1_0_0,line= 384,aw_bin_parse enter single bin branch
05-12 09:14:55.262 198 198 W : AWINIC_BIN aw_parse_bin_header_1_0_0,line= 387,aw_parse_bin_header_1_0_0 bin->single_bin_parse_num is 1
05-12 09:14:55.262 198 198 W : AWINIC_BIN aw_get_single_bin_header_1_0_0,line= 260,enter aw_get_single_bin_header_1_0_0
05-12 09:14:55.262 198 198 W : AWINIC_BIN aw_check_sum,line= 93,enter
05-12 09:14:55.262 198 198 W : AWINIC_BIN aw_check_sum,line= 98,aw_bin_parse p_check_sum = 00000000bd9ab68d
05-12 09:14:55.262 198 198 W : AWINIC_BIN aw_check_sum,line= 110,aw_bin_parse bin_num=0, check_sum = 0x1c74, sum_data = 0x1c74
05-12 09:14:55.262 198 198 W : AWINIC_BIN aw_check_data_version,line= 125,enter
05-12 09:14:55.262 198 198 W : AWINIC_BIN aw_check_register_num_v1,line= 142,enter
05-12 09:14:55.262 198 198 W : AWINIC_BIN aw_check_register_num_v1,line= 146,aw_bin_parse p_check_sum = 000000007e18f9ce
05-12 09:14:55.262 198 198 W : AWINIC_BIN aw_check_register_num_v1,line= 155,aw_bin_parse bin_num=0, parse_register_num = 0x28, check_register_num = 0x28
05-12 09:14:55.262 198 198 W : AWINIC_BIN aw_parsing_bin_file,line= 509,aw_bin_parse parsing success
05-12 09:14:55.262 198 198 I [Awinic] [3-0058]aw_get_prof_count_v_0_0_0_1: get profile count=[3]
05-12 09:14:55.262 198 198 I [Awinic] [3-0058]aw_get_vaild_prof_v_0_0_0_1: product=[aw87559]----profile=[Music]
05-12 09:14:55.262 198 198 I [Awinic] [3-0058]aw_get_vaild_prof_v_0_0_0_1: product=[aw87559]----profile=[Receiver]
05-12 09:14:55.262 198 198 I [Awinic] [3-0058]aw_set_prof_off_info_v_0_0_0_1: product=[aw87559]----profile=[Off]
05-12 09:14:55.262 198 198 I [Awinic] [3-0058]aw_set_prof_name_list_v_0_0_0_1: index=[0], profile_name=[Music]
05-12 09:14:55.262 198 198 I [Awinic] [3-0058]aw_set_prof_name_list_v_0_0_0_1: index=[1], profile_name=[Receiver]
05-12 09:14:55.262 198 198 I [Awinic] [3-0058]aw_set_prof_name_list_v_0_0_0_1: index=[2], profile_name=[Off]
05-12 09:14:55.262 198 198 I [Awinic] [3-0058]aw_parse_acf_v_0_0_0_1: acf parse success
05-12 09:14:55.262 198 198 I [Awinic] [3-0058]aw87xxx_init_default_prof: init profile name [Off]
05-12 09:14:55.262 198 198 I [Awinic] [3-0058]aw87xxx_fw_load: acf parse succeed
05-12 09:14:55.384 287 287 I F2FS-fs (dm-7): Mounted with checkpoint version = 78f6b048
05-12 09:14:55.426 396 396 D vdc : Waited 0ms for vold
05-12 09:14:55.436 1 1 I fscrypt : AES-256-CTS-CBC using implementation "cts-cbc-aes-ce"
05-12 09:14:55.437 1 1 I fscrypt : AES-256-XTS using implementation "xts-aes-ce"
05-12 09:14:55.498 403 403 I apexd : This device does not support updatable APEX. Exiting
05-12 09:14:55.498 403 403 I apexd : Marking APEXd as activated
05-12 09:14:55.573 406 406 D vdc : Waited 0ms for vold
05-12 09:14:55.722 411 411 I apexd : This device does not support updatable APEX. Exiting
05-12 09:14:55.722 411 411 I apexd : Marking APEXd as ready
05-12 09:14:55.880 255 255 I init : Verified that /data/nfc has the encryption policy 0e6d05bc54e01230f00dee145552d068 v2 modes 1/4 flags 0xa
05-12 09:14:55.881 255 255 W init : Inferred action different from explicit one, expected 0 but got 2
05-12 09:14:55.881 255 255 I init : Verified that /data/nfc/param has the encryption policy 0e6d05bc54e01230f00dee145552d068 v2 modes 1/4 flags 0xa
05-12 09:14:55.994 255 255 I : file system registered
05-12 09:14:55.994 255 255 W : using random self ethernet address
05-12 09:14:55.994 255 255 W : using random host ethernet address
05-12 09:14:56.060 439 439 W healthd : BatteryHealthPath not found
05-12 09:14:56.060 439 439 W healthd : BatteryCycleCountPath not found
05-12 09:14:56.060 439 439 W healthd : batteryCapacityLevelPath not found
05-12 09:14:56.060 439 439 W healthd : batteryChargeTimeToFullNowPath. not found
05-12 09:14:56.064 439 439 W healthd : battery l=100 v=8696 t=32.0 h=1 st=5 c=0 fc=9700000 cc=7 chg=u
05-12 09:14:56.370 450 450 E : [dhd] STATIC-MSG) dhd_static_buf_init : 101.10.361.12 (wlan=r892223-20210928-1)
05-12 09:14:56.370 450 450 E : [dhd] STATIC-MSG) dhd_init_wlan_mem : prealloc ok for index 0: 8131584(7941K)
05-12 09:14:56.416 543 543 I : read descriptors
05-12 09:14:56.416 543 543 I : read strings
05-12 09:14:56.417 450 450 W [dhd] _dhd_module_init: in Dongle Host Driver, version 101.10.361.16 (wlan=r892223-20220221-1)
05-12 09:14:56.417 450 450 W : drivers/net/wireless/rockchip_wlan/rkwifi/bcmdhd compiled on Apr 1 2025 at 16:06:47
05-12 09:14:56.417 450 450 W : [dhd] ======== dhd_wlan_init_plat_data ========
05-12 09:14:56.417 450 450 I [WLAN_RFKILL]: rockchip_wifi_get_oob_irq: Enter
05-12 09:14:56.417 450 450 I [WLAN_RFKILL]: rockchip_wifi_get_oob_irq: rfkill-wlan driver has not Successful initialized
05-12 09:14:56.417 450 450 W dhd_wlan_init_gpio: unknown oob irqflags !
05-12 09:14:56.417 450 450 W [dhd] dhd_wlan_init_gpio: WL_HOST_WAKE=-1, oob_irq=-1, oob_irq_flags=0x0
05-12 09:14:56.417 450 450 W [dhd] dhd_wlan_init_gpio: WL_REG_ON=-1
05-12 09:14:56.417 450 450 W [dhd] dhd_wifi_platform_load: Enter
05-12 09:14:56.417 450 450 W : [dhd] No Broadcom PCI device enumerated!
05-12 09:14:56.417 450 450 W [dhd] dhd_wifi_platform_load_pcie: pcie_register_driver failed
05-12 09:14:56.417 450 450 W : [dhd] unregister wifi platform drivers
05-12 09:14:56.417 450 450 W : [dhd] wifi_platform_bus_enumerate device present 0
05-12 09:14:56.417 450 450 W : [dhd] ======== Card detection to remove PCIE card! ========
05-12 09:14:56.417 450 450 W : [dhd] ======== dhd_wlan_deinit_plat_data ========
05-12 09:14:56.417 450 450 W [dhd] dhd_wlan_deinit_gpio: gpio_free(WL_HOST_WAKE 0)
05-12 09:14:56.417 450 450 W [dhd] _dhd_module_init: Failed to load the driver, try cnt 0
05-12 09:14:56.417 450 450 W [dhd] _dhd_module_init: Failed to load driver max retry reached**
05-12 09:14:56.417 450 450 W [dhd] _dhd_module_init: Exit err=-1
05-12 09:14:56.713 565 565 I gc08a3 7-0031: gc08a3_g_mbus_config(1722) enter!
05-12 09:14:56.713 565 565 E rockchip-csi2-dphy csi2-dcphy0: csi2_dphy_update_sensor_mbus fail to get dphy param, used default value
05-12 09:14:56.713 565 565 I gc08a3 7-0031: gc08a3_g_mbus_config(1722) enter!
05-12 09:14:56.713 565 565 I gc08a3 7-0031: gc08a3_s_power(1536) on(1)
05-12 09:14:56.737 202 202 I : Freeing drm_logo memory: 9220K
05-12 09:14:56.835 565 565 I gc08a3 7-0031: gc08a3_s_power(1536) on(0)
05-12 09:14:56.835 565 565 I gc08a3 7-0031: gc08a3_g_mbus_config(1722) enter!
05-12 09:14:56.835 565 565 E rockchip-csi2-dphy csi2-dcphy0: csi2_dphy_update_sensor_mbus fail to get dphy param, used default value
05-12 09:14:56.835 565 565 I gc08a3 7-0031: gc08a3_g_mbus_config(1722) enter!
05-12 09:14:56.835 565 565 I gc08a3 7-0031: gc08a3_s_power(1536) on(1)
05-12 09:14:56.968 565 565 I gc08a3 7-0031: gc08a3_s_power(1536) on(0)
05-12 09:14:56.969 565 565 I gc08a3 7-0031: gc08a3_g_mbus_config(1722) enter!
05-12 09:14:56.969 565 565 E rockchip-csi2-dphy csi2-dcphy0: csi2_dphy_update_sensor_mbus fail to get dphy param, used default value
05-12 09:14:56.969 565 565 I gc08a3 7-0031: gc08a3_g_mbus_config(1722) enter!
05-12 09:14:56.969 565 565 I gc08a3 7-0031: gc08a3_s_power(1536) on(1)
05-12 09:14:57.131 565 565 I gc08a3 7-0031: gc08a3_s_power(1536) on(0)
05-12 09:14:57.131 565 565 I gc08a3 7-0031: gc08a3_g_mbus_config(1722) enter!
05-12 09:14:57.131 565 565 E rockchip-csi2-dphy csi2-dcphy0: csi2_dphy_update_sensor_mbus fail to get dphy param, used default value
05-12 09:14:57.131 565 565 I gc08a3 7-0031: gc08a3_g_mbus_config(1722) enter!
05-12 09:14:57.131 565 565 I gc08a3 7-0031: gc08a3_s_power(1536) on(1)
05-12 09:14:57.252 565 565 I gc08a3 7-0031: gc08a3_s_power(1536) on(0)
05-12 09:14:57.353 429 429 I gc08a3 7-0031: gc08a3_set_fmt: mode->mipi_freq_idx(0)
05-12 09:14:57.354 429 429 I gc08a3 7-0031: gc08a3_set_fmt: mode->mipi_freq_idx(0)
05-12 09:14:57.354 429 429 I gc08a3 7-0031: gc08a3_set_fmt: mode->mipi_freq_idx(1)
05-12 09:14:57.354 429 429 I gc08a3 7-0031: gc08a3_set_fmt: mode->mipi_freq_idx(1)
05-12 09:14:57.449 565 565 I gc08a3 7-0031: gc08a3_g_mbus_config(1722) enter!
05-12 09:14:57.449 565 565 E rockchip-csi2-dphy csi2-dcphy0: csi2_dphy_update_sensor_mbus fail to get dphy param, used default value
05-12 09:14:57.449 565 565 I gc08a3 7-0031: gc08a3_g_mbus_config(1722) enter!
05-12 09:14:57.449 565 565 I gc08a3 7-0031: gc08a3_s_power(1536) on(1)
05-12 09:14:57.571 565 565 I gc08a3 7-0031: gc08a3_s_power(1536) on(0)
05-12 09:14:57.571 565 565 I gc08a3 7-0031: gc08a3_g_mbus_config(1722) enter!
05-12 09:14:57.571 565 565 E rockchip-csi2-dphy csi2-dcphy0: csi2_dphy_update_sensor_mbus fail to get dphy param, used default value
05-12 09:14:57.571 565 565 I gc08a3 7-0031: gc08a3_g_mbus_config(1722) enter!
05-12 09:14:57.571 565 565 I gc08a3 7-0031: gc08a3_s_power(1536) on(1)
05-12 09:14:57.708 565 565 I gc08a3 7-0031: gc08a3_s_power(1536) on(0)
05-12 09:14:57.899 565 565 I gc08a3 7-0031: gc08a3_g_mbus_config(1722) enter!
05-12 09:14:57.899 565 565 E rockchip-csi2-dphy csi2-dcphy0: csi2_dphy_update_sensor_mbus fail to get dphy param, used default value
05-12 09:14:57.899 565 565 I gc08a3 7-0031: gc08a3_g_mbus_config(1722) enter!
05-12 09:14:57.899 565 565 I gc08a3 7-0031: gc08a3_s_power(1536) on(1)
05-12 09:14:58.022 565 565 I gc08a3 7-0031: gc08a3_s_power(1536) on(0)
05-12 09:14:58.022 565 565 I gc08a3 7-0031: gc08a3_g_mbus_config(1722) enter!
05-12 09:14:58.022 565 565 E rockchip-csi2-dphy csi2-dcphy0: csi2_dphy_update_sensor_mbus fail to get dphy param, used default value
05-12 09:14:58.022 565 565 I gc08a3 7-0031: gc08a3_g_mbus_config(1722) enter!
05-12 09:14:58.022 565 565 I gc08a3 7-0031: gc08a3_s_power(1536) on(1)
05-12 09:14:58.140 565 565 I gc08a3 7-0031: gc08a3_s_power(1536) on(0)
05-12 09:14:58.517 565 565 I gc08a3 7-0031: gc08a3_g_mbus_config(1722) enter!
05-12 09:14:58.517 565 565 E rockchip-csi2-dphy csi2-dcphy0: csi2_dphy_update_sensor_mbus fail to get dphy param, used default value
05-12 09:14:58.517 565 565 I gc08a3 7-0031: gc08a3_g_mbus_config(1722) enter!
05-12 09:14:58.517 565 565 I gc08a3 7-0031: gc08a3_s_power(1536) on(1)
05-12 09:14:58.643 565 565 I gc08a3 7-0031: gc08a3_s_power(1536) on(0)
05-12 09:14:58.643 565 565 I gc08a3 7-0031: gc08a3_g_mbus_config(1722) enter!
05-12 09:14:58.643 565 565 E rockchip-csi2-dphy csi2-dcphy0: csi2_dphy_update_sensor_mbus fail to get dphy param, used default value
05-12 09:14:58.643 565 565 I gc08a3 7-0031: gc08a3_g_mbus_config(1722) enter!
05-12 09:14:58.643 565 565 I gc08a3 7-0031: gc08a3_s_power(1536) on(1)
05-12 09:14:58.761 565 565 I gc08a3 7-0031: gc08a3_s_power(1536) on(0)
05-12 09:14:58.761 565 565 I gc08a3 7-0031: gc08a3_g_mbus_config(1722) enter!
05-12 09:14:58.761 565 565 E rockchip-csi2-dphy csi2-dcphy0: csi2_dphy_update_sensor_mbus fail to get dphy param, used default value
05-12 09:14:58.761 565 565 I gc08a3 7-0031: gc08a3_g_mbus_config(1722) enter!
05-12 09:14:58.762 565 565 I gc08a3 7-0031: gc08a3_s_power(1536) on(1)
05-12 09:14:58.894 565 565 I gc08a3 7-0031: gc08a3_s_power(1536) on(0)
05-12 09:14:58.895 565 565 I gc08a3 7-0031: gc08a3_g_mbus_config(1722) enter!
05-12 09:14:58.895 565 565 E rockchip-csi2-dphy csi2-dcphy0: csi2_dphy_update_sensor_mbus fail to get dphy param, used default value
05-12 09:14:58.895 565 565 I gc08a3 7-0031: gc08a3_g_mbus_config(1722) enter!
05-12 09:14:58.895 565 565 I gc08a3 7-0031: gc08a3_s_power(1536) on(1)
05-12 09:14:59.021 565 565 I gc08a3 7-0031: gc08a3_s_power(1536) on(0)
05-12 09:14:59.022 565 565 I gc08a3 7-0031: gc08a3_g_mbus_config(1722) enter!
05-12 09:14:59.022 565 565 E rockchip-csi2-dphy csi2-dcphy0: csi2_dphy_update_sensor_mbus fail to get dphy param, used default value
05-12 09:14:59.022 565 565 I gc08a3 7-0031: gc08a3_g_mbus_config(1722) enter!
05-12 09:14:59.022 565 565 I gc08a3 7-0031: gc08a3_s_power(1536) on(1)
05-12 09:14:59.150 565 565 I gc08a3 7-0031: gc08a3_s_power(1536) on(0)
05-12 09:14:59.150 565 565 I gc08a3 7-0031: gc08a3_g_mbus_config(1722) enter!
05-12 09:14:59.150 565 565 E rockchip-csi2-dphy csi2-dcphy0: csi2_dphy_update_sensor_mbus fail to get dphy param, used default value
05-12 09:14:59.150 565 565 I gc08a3 7-0031: gc08a3_g_mbus_config(1722) enter!
05-12 09:14:59.151 565 565 I gc08a3 7-0031: gc08a3_s_power(1536) on(1)
05-12 09:14:59.271 565 565 I gc08a3 7-0031: gc08a3_s_power(1536) on(0)
05-12 09:14:59.651 565 565 I gc08a3 7-0031: gc08a3_g_mbus_config(1722) enter!
05-12 09:14:59.651 565 565 E rockchip-csi2-dphy csi2-dcphy0: csi2_dphy_update_sensor_mbus fail to get dphy param, used default value
05-12 09:14:59.651 565 565 I gc08a3 7-0031: gc08a3_g_mbus_config(1722) enter!
05-12 09:14:59.651 565 565 I gc08a3 7-0031: gc08a3_s_power(1536) on(1)
05-12 09:14:59.770 565 565 I gc08a3 7-0031: gc08a3_s_power(1536) on(0)
05-12 09:14:59.771 565 565 I gc08a3 7-0031: gc08a3_g_mbus_config(1722) enter!
05-12 09:14:59.771 565 565 E rockchip-csi2-dphy csi2-dcphy0: csi2_dphy_update_sensor_mbus fail to get dphy param, used default value
05-12 09:14:59.771 565 565 I gc08a3 7-0031: gc08a3_g_mbus_config(1722) enter!
05-12 09:14:59.771 565 565 I gc08a3 7-0031: gc08a3_s_power(1536) on(1)
05-12 09:14:59.894 565 565 I gc08a3 7-0031: gc08a3_s_power(1536) on(0)
05-12 09:15:00.119 1 1 I init : Control message: Processed ctl.start for 'idmap2d' from pid: 621 (system_server)
05-12 09:15:00.156 439 439 W healthd : battery l=100 v=8696 t=32.0 h=1 st=5 c=0 fc=9700000 cc=7 chg=u
05-12 09:15:00.315 565 565 I gc08a3 7-0031: gc08a3_g_mbus_config(1722) enter!
05-12 09:15:00.315 565 565 E rockchip-csi2-dphy csi2-dcphy0: csi2_dphy_update_sensor_mbus fail to get dphy param, used default value
05-12 09:15:00.315 565 565 I gc08a3 7-0031: gc08a3_g_mbus_config(1722) enter!
05-12 09:15:00.315 565 565 I gc08a3 7-0031: gc08a3_s_power(1536) on(1)
05-12 09:15:00.377 1 1 I init : processing action (sys.sysctl.extra_free_kbytes=*) from (/system/etc/init/hw/init.rc:1217)
05-12 09:15:00.430 565 565 I gc08a3 7-0031: gc08a3_s_power(1536) on(0)
05-12 09:15:00.431 565 565 I gc08a3 7-0031: gc08a3_g_mbus_config(1722) enter!
05-12 09:15:00.431 565 565 E rockchip-csi2-dphy csi2-dcphy0: csi2_dphy_update_sensor_mbus fail to get dphy param, used default value
05-12 09:15:00.431 565 565 I gc08a3 7-0031: gc08a3_g_mbus_config(1722) enter!
05-12 09:15:00.431 565 565 I gc08a3 7-0031: gc08a3_s_power(1536) on(1)
05-12 09:15:00.547 565 565 I gc08a3 7-0031: gc08a3_s_power(1536) on(0)
05-12 09:15:00.547 565 565 I gc08a3 7-0031: gc08a3_g_mbus_config(1722) enter!
05-12 09:15:00.547 565 565 E rockchip-csi2-dphy csi2-dcphy0: csi2_dphy_update_sensor_mbus fail to get dphy param, used default value
05-12 09:15:00.547 565 565 I gc08a3 7-0031: gc08a3_g_mbus_config(1722) enter!
05-12 09:15:00.547 565 565 I gc08a3 7-0031: gc08a3_s_power(1536) on(1)
05-12 09:15:00.664 565 565 I gc08a3 7-0031: gc08a3_s_power(1536) on(0)
05-12 09:15:00.664 565 565 I gc08a3 7-0031: gc08a3_g_mbus_config(1722) enter!
05-12 09:15:00.664 565 565 E rockchip-csi2-dphy csi2-dcphy0: csi2_dphy_update_sensor_mbus fail to get dphy param, used default value
05-12 09:15:00.664 565 565 I gc08a3 7-0031: gc08a3_g_mbus_config(1722) enter!
05-12 09:15:00.664 565 565 I gc08a3 7-0031: gc08a3_s_power(1536) on(1)
05-12 09:15:00.784 565 565 I gc08a3 7-0031: gc08a3_s_power(1536) on(0)
05-12 09:15:00.784 565 565 I gc08a3 7-0031: gc08a3_g_mbus_config(1722) enter!
05-12 09:15:00.784 565 565 E rockchip-csi2-dphy csi2-dcphy0: csi2_dphy_update_sensor_mbus fail to get dphy param, used default value
05-12 09:15:00.785 565 565 I gc08a3 7-0031: gc08a3_g_mbus_config(1722) enter!
05-12 09:15:00.785 565 565 I gc08a3 7-0031: gc08a3_s_power(1536) on(1)
05-12 09:15:00.806 743 743 I : read descriptors
05-12 09:15:00.806 743 743 I : read strings
05-12 09:15:00.806 743 743 I : read descriptors
05-12 09:15:00.806 743 743 I : read strings
05-12 09:15:00.902 565 565 I gc08a3 7-0031: gc08a3_s_power(1536) on(0)
05-12 09:15:00.902 565 565 I gc08a3 7-0031: gc08a3_g_mbus_config(1722) enter!
05-12 09:15:00.902 565 565 E rockchip-csi2-dphy csi2-dcphy0: csi2_dphy_update_sensor_mbus fail to get dphy param, used default value
05-12 09:15:00.902 565 565 I gc08a3 7-0031: gc08a3_g_mbus_config(1722) enter!
05-12 09:15:00.903 565 565 I gc08a3 7-0031: gc08a3_s_power(1536) on(1)
05-12 09:15:00.919 418 418 E : rk_gmac-dwmac fe1c0000.ethernet eth0: no phy at addr -1
05-12 09:15:00.919 418 418 E : rk_gmac-dwmac fe1c0000.ethernet eth0: stmmac_open: Cannot attach to PHY (error: -19)
05-12 09:15:00.927 1 1 I init : Control message: Processed ctl.interface_start for 'android.hardware.wifi@1.0::IWifi/default' from pid: 282 (/system/bin/hwservicemanager)
05-12 09:15:00.927 1 1 I init : Control message: Processed ctl.interface_start for 'android.hardware.wifi@1.0::IWifi/default' from pid: 282 (/system/bin/hwservicemanager)
05-12 09:15:00.978 447 447 I gsensor_mxc6655 5-0015: set sensor poll time to 200ms
05-12 09:15:00.979 447 447 I gsensor_mxc6655 5-0015: sensor on: starting poll sensor data 196ms
05-12 09:15:01.025 565 565 I gc08a3 7-0031: gc08a3_s_power(1536) on(0)
05-12 09:15:01.928 1 1 I init : Control message: Processed ctl.interface_start for 'android.hardware.wifi@1.0::IWifi/default' from pid: 282 (/system/bin/hwservicemanager)
05-12 09:15:02.928 1 1 I init : Control message: Processed ctl.interface_start for 'android.hardware.wifi@1.0::IWifi/default' from pid: 282 (/system/bin/hwservicemanager)
