05-12 10:23:43.992 621 635 W WindowManager: App com.ebensz.softkeyboard has a system alert window (type = 2038) with FLAG_NOT_TOUCHABLE and LayoutParams.alpha = 1.00 > 0.80, setting alpha to 0.80 to let touches pass through (if this is isn't desirable, remove flag FLAG_NOT_TOUCHABLE).
05-12 10:23:43.995 621 703 I input_focus: [Focus leaving 2c83476 com.eben.browser/com.eben.browser.MainActivity (server),reason=Waiting for window because NO_WINDOW]
05-12 10:23:43.996 621 703 I input_focus: [Focus entering 6dd8f9f com.ebensz.softkeyboard (server),reason=Window became focusable. Previous reason: NO_WINDOW]
05-12 10:23:44.002 1306 1306 W ContextImpl: Calling a method in the system process without a qualified user: android.app.ContextImpl.sendBroadcast:1181 android.content.ContextWrapper.sendBroadcast:479 cn.eben.newweather.DateWeatherService.a:19 cn.eben.newweather.DateWeatherService.a:0 cn.eben.newweather.DateWeatherService$1.handleMessage:7
05-12 10:23:44.041 621 635 W WindowManager: App com.ebensz.softkeyboard has a system alert window (type = 2038) with FLAG_NOT_TOUCHABLE and LayoutParams.alpha = 1.00 > 0.80, setting alpha to 0.80 to let touches pass through (if this is isn't desirable, remove flag FLAG_NOT_TOUCHABLE).
05-12 10:23:44.063 621 693 I commit_sys_config_file: [settings-0-0,6]
05-12 10:23:45.002 1306 1306 W ContextImpl: Calling a method in the system process without a qualified user: android.app.ContextImpl.sendBroadcast:1181 android.content.ContextWrapper.sendBroadcast:479 cn.eben.newweather.DateWeatherService.a:19 cn.eben.newweather.DateWeatherService.a:0 cn.eben.newweather.DateWeatherService$1.handleMessage:7
05-12 10:23:45.173 621 703 I input_interaction: Interaction with: 6dd8f9f com.ebensz.softkeyboard (server), PointerEventDispatcher0 (server),
05-12 10:23:45.230 621 1268 E TaskPersister: File error accessing recents directory (directory doesn't exist?).
05-12 10:23:45.300 621 642 I input_focus: [Focus request 2c83476 com.eben.browser/com.eben.browser.MainActivity,reason=UpdateInputWindows]
05-12 10:23:45.309 621 641 V WindowManager: Unknown focus tokens, dropping reportFocusChanged
05-12 10:23:45.328 621 703 I input_focus: [Focus entering 2c83476 com.eben.browser/com.eben.browser.MainActivity (server),reason=setFocusedWindow]
05-12 10:23:46.003 1306 1306 W ContextImpl: Calling a method in the system process without a qualified user: android.app.ContextImpl.sendBroadcast:1181 android.content.ContextWrapper.sendBroadcast:479 cn.eben.newweather.DateWeatherService.a:19 cn.eben.newweather.DateWeatherService.a:0 cn.eben.newweather.DateWeatherService$1.handleMessage:7
05-12 10:23:46.280 621 703 I input_interaction: Interaction with: 2c83476 com.eben.browser/com.eben.browser.MainActivity (server), PointerEventDispatcher0 (server),
05-12 10:23:46.504 621 642 I input_focus: [Focus request e2f1a05 PopupWindow:4814cfb,reason=UpdateInputWindows]
05-12 10:23:46.530 621 703 I input_focus: [Focus leaving 2c83476 com.eben.browser/com.eben.browser.MainActivity (server),reason=Waiting for window because NOT_VISIBLE]
05-12 10:23:46.585 621 703 I input_focus: [Focus entering e2f1a05 PopupWindow:4814cfb (server),reason=Window became focusable. Previous reason: NOT_VISIBLE]
05-12 10:23:47.001 1306 1306 W ContextImpl: Calling a method in the system process without a qualified user: android.app.ContextImpl.sendBroadcast:1181 android.content.ContextWrapper.sendBroadcast:479 cn.eben.newweather.DateWeatherService.a:19 cn.eben.newweather.DateWeatherService.a:0 cn.eben.newweather.DateWeatherService$1.handleMessage:7
05-12 10:23:48.002 1306 1306 W ContextImpl: Calling a method in the system process without a qualified user: android.app.ContextImpl.sendBroadcast:1181 android.content.ContextWrapper.sendBroadcast:479 cn.eben.newweather.DateWeatherService.a:19 cn.eben.newweather.DateWeatherService.a:0 cn.eben.newweather.DateWeatherService$1.handleMessage:7
05-12 10:23:49.003 1306 1306 W ContextImpl: Calling a method in the system process without a qualified user: android.app.ContextImpl.sendBroadcast:1181 android.content.ContextWrapper.sendBroadcast:479 cn.eben.newweather.DateWeatherService.a:19 cn.eben.newweather.DateWeatherService.a:0 cn.eben.newweather.DateWeatherService$1.handleMessage:7
05-12 10:23:49.890 621 703 I input_interaction: Interaction with: e2f1a05 PopupWindow:4814cfb (server), PointerEventDispatcher0 (server),
05-12 10:23:50.002 1306 1306 W ContextImpl: Calling a method in the system process without a qualified user: android.app.ContextImpl.sendBroadcast:1181 android.content.ContextWrapper.sendBroadcast:479 cn.eben.newweather.DateWeatherService.a:19 cn.eben.newweather.DateWeatherService.a:0 cn.eben.newweather.DateWeatherService$1.handleMessage:7
05-12 10:23:51.003 1306 1306 W ContextImpl: Calling a method in the system process without a qualified user: android.app.ContextImpl.sendBroadcast:1181 android.content.ContextWrapper.sendBroadcast:479 cn.eben.newweather.DateWeatherService.a:19 cn.eben.newweather.DateWeatherService.a:0 cn.eben.newweather.DateWeatherService$1.handleMessage:7
05-12 10:23:51.349 3101 3101 I menu_item_selected: [0,添加到桌面]
05-12 10:23:51.381 621 642 I input_focus: [Focus request 2c83476 com.eben.browser/com.eben.browser.MainActivity,reason=UpdateInputWindows]
05-12 10:23:51.414 621 703 I input_focus: [Focus leaving e2f1a05 PopupWindow:4814cfb (server),reason=NOT_FOCUSABLE]
05-12 10:23:51.414 621 703 I input_focus: [Focus entering 2c83476 com.eben.browser/com.eben.browser.MainActivity (server),reason=setFocusedWindow]
05-12 10:23:52.002 1306 1306 W ContextImpl: Calling a method in the system process without a qualified user: android.app.ContextImpl.sendBroadcast:1181 android.content.ContextWrapper.sendBroadcast:479 cn.eben.newweather.DateWeatherService.a:19 cn.eben.newweather.DateWeatherService.a:0 cn.eben.newweather.DateWeatherService$1.handleMessage:7
05-12 10:23:53.003 1306 1306 W ContextImpl: Calling a method in the system process without a qualified user: android.app.ContextImpl.sendBroadcast:1181 android.content.ContextWrapper.sendBroadcast:479 cn.eben.newweather.DateWeatherService.a:19 cn.eben.newweather.DateWeatherService.a:0 cn.eben.newweather.DateWeatherService$1.handleMessage:7
05-12 10:23:54.001 1306 1306 W ContextImpl: Calling a method in the system process without a qualified user: android.app.ContextImpl.sendBroadcast:1181 android.content.ContextWrapper.sendBroadcast:479 cn.eben.newweather.DateWeatherService.a:19 cn.eben.newweather.DateWeatherService.a:0 cn.eben.newweather.DateWeatherService$1.handleMessage:7
05-12 10:23:54.326 621 703 I input_interaction: Interaction with: 85ec5f NavigationBar0 (server), PointerEventDispatcher0 (server),
05-12 10:23:54.332 775 775 I sysui_multi_action: [757,931,758,4,759,3,932,0,933,0]
05-12 10:23:54.442 775 775 I sysui_multi_action: [757,931,758,4,759,3,932,0,933,1]
05-12 10:23:54.457 621 639 I ActivityTaskManager: START u0 {act=android.intent.action.MAIN cat=[android.intent.category.HOME] flg=0x10000100 cmp=com.android.launcher3/.uioverrides.QuickstepLauncher (has extras)} from uid 0
05-12 10:23:54.458 621 638 D AutofillManagerService: Close system dialogs
05-12 10:23:54.459 621 639 I wm_task_moved: [1,1,8]
05-12 10:23:54.461 621 639 I wm_task_moved: [10757,1,2147483647]
05-12 10:23:54.461 621 639 I wm_task_to_front: [0,10757]
05-12 10:23:54.461 3101 3101 I wm_on_top_resumed_lost_called: [130231021,com.eben.browser.MainActivity,topStateChangedWhenResumed]
05-12 10:23:54.461 621 639 I wm_focused_root_task: [0,0,1,10773,bringingFoundTaskToFront]
05-12 10:23:54.462 621 639 I wm_set_resumed_activity: [0,com.android.launcher3/.uioverrides.QuickstepLauncher,bringingFoundTaskToFront]
05-12 10:23:54.463 621 639 I wm_new_intent: [0,50487918,10757,com.android.launcher3/.uioverrides.QuickstepLauncher,android.intent.action.MAIN,NULL,NULL,268435712]
05-12 10:23:54.464 621 639 I wm_pause_activity: [0,130231021,com.eben.browser/.MainActivity,userLeaving=true,pauseBackTasks]
05-12 10:23:54.465 621 639 I wm_add_to_stopping: [0,130231021,com.eben.browser/.MainActivity,makeInvisible]
05-12 10:23:54.465 621 639 I wm_set_resumed_activity: [0,com.android.launcher3/.uioverrides.QuickstepLauncher,resumeTopActivity]
05-12 10:23:54.467 621 639 I wm_resume_activity: [0,50487918,10757,com.android.launcher3/.uioverrides.QuickstepLauncher]
05-12 10:23:54.475 3101 3101 I wm_on_paused_called: [130231021,com.eben.browser.MainActivity,performPause]
05-12 10:23:54.477 621 641 I sysui_multi_action: [757,803,799,window_time_0,802,12]
05-12 10:23:54.479 1056 1056 I wm_on_restart_called: [50487918,com.android.launcher3.uioverrides.QuickstepLauncher,performRestartActivity]
05-12 10:23:54.481 1056 1056 I wm_on_start_called: [50487918,com.android.launcher3.uioverrides.QuickstepLauncher,handleStartActivity]
05-12 10:23:54.483 1056 1056 I wm_on_resume_called: [50487918,com.android.launcher3.uioverrides.QuickstepLauncher,RESUME_ACTIVITY]
05-12 10:23:54.483 1056 1056 I wm_on_top_resumed_gained_called: [50487918,com.android.launcher3.uioverrides.QuickstepLauncher,topStateChangedWhenResumed]
05-12 10:23:54.484 621 638 D AutofillManagerService: Close system dialogs
05-12 10:23:54.488 621 703 I input_focus: [Focus leaving 2c83476 com.eben.browser/com.eben.browser.MainActivity (server),reason=NO_WINDOW]
05-12 10:23:54.498 621 646 I am_pss : [3101,10057,com.eben.browser,124617728,112013312,0,269701120,0,2,10]
05-12 10:23:54.499 621 642 I input_focus: [Focus request e95dfe5 com.android.launcher3/com.android.launcher3.uioverrides.QuickstepLauncher,reason=UpdateInputWindows]
05-12 10:23:54.534 621 638 I sysui_multi_action: [319,66,322,57,325,2848,757,761,758,9,759,2,806,com.android.launcher3,871,com.android.launcher3.uioverrides.QuickstepLauncher,905,0,1320,4,1321,1]
05-12 10:23:54.544 621 703 I input_focus: [Focus entering e95dfe5 com.android.launcher3/com.android.launcher3.uioverrides.QuickstepLauncher (server),reason=Window became focusable. Previous reason: NOT_VISIBLE]
05-12 10:23:55.002 1306 1306 W ContextImpl: Calling a method in the system process without a qualified user: android.app.ContextImpl.sendBroadcast:1181 android.content.ContextWrapper.sendBroadcast:479 cn.eben.newweather.DateWeatherService.a:19 cn.eben.newweather.DateWeatherService.a:0 cn.eben.newweather.DateWeatherService$1.handleMessage:7
05-12 10:23:55.131 621 641 I wm_stop_activity: [0,130231021,com.eben.browser/.MainActivity]
05-12 10:23:55.179 3101 3101 I wm_on_stop_called: [130231021,com.eben.browser.MainActivity,STOP_ACTIVITY_ITEM]
05-12 10:23:55.873 621 703 I input_interaction: Interaction with: e95dfe5 com.android.launcher3/com.android.launcher3.uioverrides.QuickstepLauncher (server), 6bdff72 com.android.systemui.ImageWallpaper (server), PointerEventDispatcher0 (server),
05-12 10:23:56.002 1306 1306 W ContextImpl: Calling a method in the system process without a qualified user: android.app.ContextImpl.sendBroadcast:1181 android.content.ContextWrapper.sendBroadcast:479 cn.eben.newweather.DateWeatherService.a:19 cn.eben.newweather.DateWeatherService.a:0 cn.eben.newweather.DateWeatherService$1.handleMessage:7
05-12 10:23:57.003 1306 1306 W ContextImpl: Calling a method in the system process without a qualified user: android.app.ContextImpl.sendBroadcast:1181 android.content.ContextWrapper.sendBroadcast:479 cn.eben.newweather.DateWeatherService.a:19 cn.eben.newweather.DateWeatherService.a:0 cn.eben.newweather.DateWeatherService$1.handleMessage:7
05-12 10:23:58.003 1306 1306 W ContextImpl: Calling a method in the system process without a qualified user: android.app.ContextImpl.sendBroadcast:1181 android.content.ContextWrapper.sendBroadcast:479 cn.eben.newweather.DateWeatherService.a:19 cn.eben.newweather.DateWeatherService.a:0 cn.eben.newweather.DateWeatherService$1.handleMessage:7
05-12 10:23:59.002 1306 1306 W ContextImpl: Calling a method in the system process without a qualified user: android.app.ContextImpl.sendBroadcast:1181 android.content.ContextWrapper.sendBroadcast:479 cn.eben.newweather.DateWeatherService.a:19 cn.eben.newweather.DateWeatherService.a:0 cn.eben.newweather.DateWeatherService$1.handleMessage:7
05-12 10:23:59.547 621 3248 I ActivityTaskManager: START u0 {act=android.intent.action.MAIN cat=[android.intent.category.LAUNCHER] flg=0x10200000 cmp=com.eben.browser/.MainActivity bnds=[1004,1760][1240,1895]} from uid 10090
05-12 10:23:59.549 621 3248 I wm_task_moved: [10773,1,8]
05-12 10:23:59.549 621 3248 I wm_task_to_front: [0,10773]
05-12 10:23:59.551 621 3248 I wm_focused_root_task: [0,0,10773,1,bringingFoundTaskToFront]
05-12 10:23:59.552 621 3248 I wm_set_resumed_activity: [0,com.eben.browser/.MainActivity,bringingFoundTaskToFront]
05-12 10:23:59.553 621 3248 I wm_new_intent: [0,130231021,10773,com.eben.browser/.MainActivity,android.intent.action.MAIN,NULL,NULL,270532608]
05-12 10:23:59.554 621 3248 I wm_pause_activity: [0,50487918,com.android.launcher3/.uioverrides.QuickstepLauncher,userLeaving=true,pauseBackTasks]
05-12 10:23:59.558 1056 1056 I wm_on_top_resumed_lost_called: [50487918,com.android.launcher3.uioverrides.QuickstepLauncher,topStateChangedWhenResumed]
05-12 10:23:59.561 1056 1056 I wm_on_paused_called: [50487918,com.android.launcher3.uioverrides.QuickstepLauncher,performPause]
05-12 10:23:59.565 621 635 I wm_set_resumed_activity: [0,com.eben.browser/.MainActivity,resumeTopActivity]
05-12 10:23:59.566 621 635 I wm_add_to_stopping: [0,50487918,com.android.launcher3/.uioverrides.QuickstepLauncher,makeInvisible]
05-12 10:23:59.567 621 635 I wm_resume_activity: [0,130231021,10773,com.eben.browser/.MainActivity]
05-12 10:23:59.582 621 641 I sysui_multi_action: [757,803,799,window_time_0,802,5]
05-12 10:23:59.586 3101 3101 I wm_on_restart_called: [130231021,com.eben.browser.MainActivity,performRestartActivity]
05-12 10:23:59.587 3101 3101 I wm_on_start_called: [130231021,com.eben.browser.MainActivity,handleStartActivity]
05-12 10:23:59.591 621 703 I input_focus: [Focus leaving e95dfe5 com.android.launcher3/com.android.launcher3.uioverrides.QuickstepLauncher (server),reason=NO_WINDOW]
05-12 10:23:59.597 3101 3101 I wm_on_resume_called: [130231021,com.eben.browser.MainActivity,RESUME_ACTIVITY]
05-12 10:23:59.598 3101 3101 I wm_on_top_resumed_gained_called: [130231021,com.eben.browser.MainActivity,topWhenResuming]
05-12 10:23:59.612 621 642 I input_focus: [Focus request 2c83476 com.eben.browser/com.eben.browser.MainActivity,reason=UpdateInputWindows]
05-12 10:23:59.647 621 638 I sysui_multi_action: [319,30,321,23,322,92,325,2853,757,761,758,9,759,4,806,com.eben.browser,871,com.eben.browser.MainActivity,904,com.android.launcher3,905,0,1320,4,1321,2]
05-12 10:24:00.001 1306 1306 W ContextImpl: Calling a method in the system process without a qualified user: android.app.ContextImpl.sendBroadcast:1181 android.content.ContextWrapper.sendBroadcast:479 cn.eben.newweather.DateWeatherService.a:19 cn.eben.newweather.DateWeatherService.a:0 cn.eben.newweather.DateWeatherService$1.handleMessage:7
05-12 10:24:00.147 621 641 I wm_stop_activity: [0,50487918,com.android.launcher3/.uioverrides.QuickstepLauncher]
05-12 10:24:00.156 621 703 I input_focus: [Focus entering 2c83476 com.eben.browser/com.eben.browser.MainActivity (server),reason=Window became focusable. Previous reason: NOT_VISIBLE]
05-12 10:24:00.196 1056 1056 I wm_on_stop_called: [50487918,com.android.launcher3.uioverrides.QuickstepLauncher,STOP_ACTIVITY_ITEM]
05-12 10:24:00.219 1310 1310 W ContextImpl: Calling a method in the system process without a qualified user: android.app.ContextImpl.sendBroadcast:1181 android.content.ContextWrapper.sendBroadcast:479 com.ebensz.softkeyboard.n.d:116 com.ebensz.softkeyboard.n.a:226 com.ebensz.softkeyboard.n.c:59
05-12 10:24:00.221 621 647 I am_wtf : [0,621,system_server,-1,ActivityManager,Sending non-protected broadcast com.ebensz.softkeyboard.inputModeChange from system 1310:com.ebensz.softkeyboard/1000 pkg com.ebensz.softkeyboard]
05-12 10:24:00.222 621 647 I DropBoxManagerService: add tag=system_server_wtf isTagEnabled=true flags=0x2
05-12 10:24:00.225 621 647 W BroadcastQueue: Background execution not allowed: receiving Intent { act=com.ebensz.softkeyboard.inputModeChange flg=0x10 } to com.ebensz.softkeyboard/.util.InputModeChangeReceiver
05-12 10:24:00.352 621 635 W WindowManager: App com.ebensz.softkeyboard has a system alert window (type = 2038) with FLAG_NOT_TOUCHABLE and LayoutParams.alpha = 1.00 > 0.80, setting alpha to 0.80 to let touches pass through (if this is isn't desirable, remove flag FLAG_NOT_TOUCHABLE).
05-12 10:24:00.383 621 3248 W WindowManager: App com.ebensz.softkeyboard has a system alert window (type = 2038) with FLAG_NOT_TOUCHABLE and LayoutParams.alpha = 1.00 > 0.80, setting alpha to 0.80 to let touches pass through (if this is isn't desirable, remove flag FLAG_NOT_TOUCHABLE).
05-12 10:24:00.428 621 693 I commit_sys_config_file: [settings-0-0,8]
05-12 10:24:01.003 1306 1306 W ContextImpl: Calling a method in the system process without a qualified user: android.app.ContextImpl.sendBroadcast:1181 android.content.ContextWrapper.sendBroadcast:479 cn.eben.newweather.DateWeatherService.a:19 cn.eben.newweather.DateWeatherService.a:0 cn.eben.newweather.DateWeatherService$1.handleMessage:7
05-12 10:24:02.002 1306 1306 W ContextImpl: Calling a method in the system process without a qualified user: android.app.ContextImpl.sendBroadcast:1181 android.content.ContextWrapper.sendBroadcast:479 cn.eben.newweather.DateWeatherService.a:19 cn.eben.newweather.DateWeatherService.a:0 cn.eben.newweather.DateWeatherService$1.handleMessage:7
05-12 10:24:02.579 621 1268 E TaskPersister: File error accessing recents directory (directory doesn't exist?).
05-12 10:24:03.003 1306 1306 W ContextImpl: Calling a method in the system process without a qualified user: android.app.ContextImpl.sendBroadcast:1181 android.content.ContextWrapper.sendBroadcast:479 cn.eben.newweather.DateWeatherService.a:19 cn.eben.newweather.DateWeatherService.a:0 cn.eben.newweather.DateWeatherService$1.handleMessage:7
05-12 10:24:03.159 621 703 I input_interaction: Interaction with: 2c83476 com.eben.browser/com.eben.browser.MainActivity (server), PointerEventDispatcher0 (server),
05-12 10:24:03.385 621 642 I input_focus: [Focus request 4d8f515 PopupWindow:d204964,reason=UpdateInputWindows]
05-12 10:24:03.415 621 703 I input_focus: [Focus leaving 2c83476 com.eben.browser/com.eben.browser.MainActivity (server),reason=Waiting for window because NO_WINDOW]
05-12 10:24:03.488 621 703 I input_focus: [Focus entering 4d8f515 PopupWindow:d204964 (server),reason=Window became focusable. Previous reason: NOT_VISIBLE]
05-12 10:24:04.002 1306 1306 W ContextImpl: Calling a method in the system process without a qualified user: android.app.ContextImpl.sendBroadcast:1181 android.content.ContextWrapper.sendBroadcast:479 cn.eben.newweather.DateWeatherService.a:19 cn.eben.newweather.DateWeatherService.a:0 cn.eben.newweather.DateWeatherService$1.handleMessage:7
05-12 10:24:05.002 1306 1306 W ContextImpl: Calling a method in the system process without a qualified user: android.app.ContextImpl.sendBroadcast:1181 android.content.ContextWrapper.sendBroadcast:479 cn.eben.newweather.DateWeatherService.a:19 cn.eben.newweather.DateWeatherService.a:0 cn.eben.newweather.DateWeatherService$1.handleMessage:7
05-12 10:24:06.003 1306 1306 W ContextImpl: Calling a method in the system process without a qualified user: android.app.ContextImpl.sendBroadcast:1181 android.content.ContextWrapper.sendBroadcast:479 cn.eben.newweather.DateWeatherService.a:19 cn.eben.newweather.DateWeatherService.a:0 cn.eben.newweather.DateWeatherService$1.handleMessage:7
05-12 10:24:07.002 1306 1306 W ContextImpl: Calling a method in the system process without a qualified user: android.app.ContextImpl.sendBroadcast:1181 android.content.ContextWrapper.sendBroadcast:479 cn.eben.newweather.DateWeatherService.a:19 cn.eben.newweather.DateWeatherService.a:0 cn.eben.newweather.DateWeatherService$1.handleMessage:7
05-12 10:24:08.002 1306 1306 W ContextImpl: Calling a method in the system process without a qualified user: android.app.ContextImpl.sendBroadcast:1181 android.content.ContextWrapper.sendBroadcast:479 cn.eben.newweather.DateWeatherService.a:19 cn.eben.newweather.DateWeatherService.a:0 cn.eben.newweather.DateWeatherService$1.handleMessage:7
05-12 10:24:09.002 1306 1306 W ContextImpl: Calling a method in the system process without a qualified user: android.app.ContextImpl.sendBroadcast:1181 android.content.ContextWrapper.sendBroadcast:479 cn.eben.newweather.DateWeatherService.a:19 cn.eben.newweather.DateWeatherService.a:0 cn.eben.newweather.DateWeatherService$1.handleMessage:7
05-12 10:24:09.134 621 703 I input_interaction: Interaction with: 4d8f515 PopupWindow:d204964 (server), PointerEventDispatcher0 (server),
05-12 10:24:09.784 3101 3101 I menu_item_selected: [0,复制链接]
05-12 10:24:09.828 621 642 I input_focus: [Focus request 2c83476 com.eben.browser/com.eben.browser.MainActivity,reason=UpdateInputWindows]
05-12 10:24:09.847 621 703 I input_focus: [Focus leaving 4d8f515 PopupWindow:d204964 (server),reason=setFocusedWindow]
05-12 10:24:09.847 621 703 I input_focus: [Focus entering 2c83476 com.eben.browser/com.eben.browser.MainActivity (server),reason=setFocusedWindow]
05-12 10:24:10.002 1306 1306 W ContextImpl: Calling a method in the system process without a qualified user: android.app.ContextImpl.sendBroadcast:1181 android.content.ContextWrapper.sendBroadcast:479 cn.eben.newweather.DateWeatherService.a:19 cn.eben.newweather.DateWeatherService.a:0 cn.eben.newweather.DateWeatherService$1.handleMessage:7
05-12 10:24:11.002 1306 1306 W ContextImpl: Calling a method in the system process without a qualified user: android.app.ContextImpl.sendBroadcast:1181 android.content.ContextWrapper.sendBroadcast:479 cn.eben.newweather.DateWeatherService.a:19 cn.eben.newweather.DateWeatherService.a:0 cn.eben.newweather.DateWeatherService$1.handleMessage:7
05-12 10:24:11.356 621 703 I input_interaction: Interaction with: 85ec5f NavigationBar0 (server), PointerEventDispatcher0 (server),
05-12 10:24:11.362 775 775 I sysui_multi_action: [757,931,758,4,759,3,932,0,933,0]
05-12 10:24:11.439 775 775 I sysui_multi_action: [757,931,758,4,759,3,932,0,933,1]
05-12 10:24:11.445 621 638 D AutofillManagerService: Close system dialogs
05-12 10:24:11.448 621 639 I ActivityTaskManager: START u0 {act=android.intent.action.MAIN cat=[android.intent.category.HOME] flg=0x10000100 cmp=com.android.launcher3/.uioverrides.QuickstepLauncher (has extras)} from uid 0
05-12 10:24:11.449 621 639 I wm_task_moved: [1,1,8]
05-12 10:24:11.454 621 639 I wm_task_moved: [10757,1,2147483647]
05-12 10:24:11.455 621 639 I wm_task_to_front: [0,10757]
05-12 10:24:11.455 621 639 I wm_focused_root_task: [0,0,1,10773,bringingFoundTaskToFront]
05-12 10:24:11.455 3101 3101 I wm_on_top_resumed_lost_called: [130231021,com.eben.browser.MainActivity,topStateChangedWhenResumed]
05-12 10:24:11.455 621 639 I wm_set_resumed_activity: [0,com.android.launcher3/.uioverrides.QuickstepLauncher,bringingFoundTaskToFront]
05-12 10:24:11.455 621 639 I wm_new_intent: [0,50487918,10757,com.android.launcher3/.uioverrides.QuickstepLauncher,android.intent.action.MAIN,NULL,NULL,268435712]
05-12 10:24:11.456 621 639 I wm_pause_activity: [0,130231021,com.eben.browser/.MainActivity,userLeaving=true,pauseBackTasks]
05-12 10:24:11.457 621 639 I wm_add_to_stopping: [0,130231021,com.eben.browser/.MainActivity,makeInvisible]
05-12 10:24:11.457 621 639 I wm_set_resumed_activity: [0,com.android.launcher3/.uioverrides.QuickstepLauncher,resumeTopActivity]
05-12 10:24:11.458 621 639 I wm_resume_activity: [0,50487918,10757,com.android.launcher3/.uioverrides.QuickstepLauncher]
05-12 10:24:11.464 3101 3101 I wm_on_paused_called: [130231021,com.eben.browser.MainActivity,performPause]
05-12 10:24:11.466 621 641 I sysui_multi_action: [757,803,799,window_time_0,802,12]
05-12 10:24:11.472 1056 1056 I wm_on_restart_called: [50487918,com.android.launcher3.uioverrides.QuickstepLauncher,performRestartActivity]
05-12 10:24:11.474 1056 1056 I wm_on_start_called: [50487918,com.android.launcher3.uioverrides.QuickstepLauncher,handleStartActivity]
05-12 10:24:11.476 621 646 I am_pss : [3129,10081,com.android.webview:webview_service,14749696,3551232,0,87040000,0,19,4]
05-12 10:24:11.477 1056 1056 I wm_on_resume_called: [50487918,com.android.launcher3.uioverrides.QuickstepLauncher,RESUME_ACTIVITY]
05-12 10:24:11.477 1056 1056 I wm_on_top_resumed_gained_called: [50487918,com.android.launcher3.uioverrides.QuickstepLauncher,topStateChangedWhenResumed]
05-12 10:24:11.479 621 638 D AutofillManagerService: Close system dialogs
05-12 10:24:11.484 621 646 I am_pss : [2923,10089,com.android.systemui:screenshot,39240704,24891392,0,183521280,0,19,6]
05-12 10:24:11.486 621 703 I input_focus: [Focus leaving 2c83476 com.eben.browser/com.eben.browser.MainActivity (server),reason=NO_WINDOW]
05-12 10:24:11.497 621 642 I input_focus: [Focus request e95dfe5 com.android.launcher3/com.android.launcher3.uioverrides.QuickstepLauncher,reason=UpdateInputWindows]
05-12 10:24:11.522 621 703 I input_focus: [Focus entering e95dfe5 com.android.launcher3/com.android.launcher3.uioverrides.QuickstepLauncher (server),reason=setFocusedWindow]
05-12 10:24:11.528 621 638 I sysui_multi_action: [319,69,322,63,325,2865,757,761,758,9,759,2,806,com.android.launcher3,871,com.android.launcher3.uioverrides.QuickstepLauncher,905,0,1320,4,1321,1]
05-12 10:24:11.985 621 703 I input_interaction: Interaction with: e95dfe5 com.android.launcher3/com.android.launcher3.uioverrides.QuickstepLauncher (server), 6bdff72 com.android.systemui.ImageWallpaper (server), PointerEventDispatcher0 (server),
05-12 10:24:12.002 1306 1306 W ContextImpl: Calling a method in the system process without a qualified user: android.app.ContextImpl.sendBroadcast:1181 android.content.ContextWrapper.sendBroadcast:479 cn.eben.newweather.DateWeatherService.a:19 cn.eben.newweather.DateWeatherService.a:0 cn.eben.newweather.DateWeatherService$1.handleMessage:7
05-12 10:24:12.133 621 641 I wm_stop_activity: [0,130231021,com.eben.browser/.MainActivity]
05-12 10:24:12.157 3101 3101 I wm_on_stop_called: [130231021,com.eben.browser.MainActivity,STOP_ACTIVITY_ITEM]
05-12 10:24:13.002 1306 1306 W ContextImpl: Calling a method in the system process without a qualified user: android.app.ContextImpl.sendBroadcast:1181 android.content.ContextWrapper.sendBroadcast:479 cn.eben.newweather.DateWeatherService.a:19 cn.eben.newweather.DateWeatherService.a:0 cn.eben.newweather.DateWeatherService$1.handleMessage:7
05-12 10:24:13.170 621 694 D ActivityManager: freezing 1452 com.android.providers.calendar
05-12 10:24:13.173 621 694 D ActivityManager: froze 1452 com.android.providers.calendar
05-12 10:24:13.173 621 694 I am_freeze: [1452,com.android.providers.calendar]
05-12 10:24:14.002 1306 1306 W ContextImpl: Calling a method in the system process without a qualified user: android.app.ContextImpl.sendBroadcast:1181 android.content.ContextWrapper.sendBroadcast:479 cn.eben.newweather.DateWeatherService.a:19 cn.eben.newweather.DateWeatherService.a:0 cn.eben.newweather.DateWeatherService$1.handleMessage:7
05-12 10:24:15.002 1306 1306 W ContextImpl: Calling a method in the system process without a qualified user: android.app.ContextImpl.sendBroadcast:1181 android.content.ContextWrapper.sendBroadcast:479 cn.eben.newweather.DateWeatherService.a:19 cn.eben.newweather.DateWeatherService.a:0 cn.eben.newweather.DateWeatherService$1.handleMessage:7
05-12 10:24:16.003 1306 1306 W ContextImpl: Calling a method in the system process without a qualified user: android.app.ContextImpl.sendBroadcast:1181 android.content.ContextWrapper.sendBroadcast:479 cn.eben.newweather.DateWeatherService.a:19 cn.eben.newweather.DateWeatherService.a:0 cn.eben.newweather.DateWeatherService$1.handleMessage:7
05-12 10:24:17.002 1306 1306 W ContextImpl: Calling a method in the system process without a qualified user: android.app.ContextImpl.sendBroadcast:1181 android.content.ContextWrapper.sendBroadcast:479 cn.eben.newweather.DateWeatherService.a:19 cn.eben.newweather.DateWeatherService.a:0 cn.eben.newweather.DateWeatherService$1.handleMessage:7
05-12 10:24:18.003 1306 1306 W ContextImpl: Calling a method in the system process without a qualified user: android.app.ContextImpl.sendBroadcast:1181 android.content.ContextWrapper.sendBroadcast:479 cn.eben.newweather.DateWeatherService.a:19 cn.eben.newweather.DateWeatherService.a:0 cn.eben.newweather.DateWeatherService$1.handleMessage:7
05-12 10:24:18.345 621 647 I am_uid_idle: 10081
05-12 10:24:19.003 1306 1306 W ContextImpl: Calling a method in the system process without a qualified user: android.app.ContextImpl.sendBroadcast:1181 android.content.ContextWrapper.sendBroadcast:479 cn.eben.newweather.DateWeatherService.a:19 cn.eben.newweather.DateWeatherService.a:0 cn.eben.newweather.DateWeatherService$1.handleMessage:7
05-12 10:24:19.798 621 703 I input_interaction: Interaction with: 85ec5f NavigationBar0 (server), PointerEventDispatcher0 (server),
05-12 10:24:19.801 775 775 I sysui_multi_action: [757,931,758,4,759,4,932,0,933,0]
05-12 10:24:19.808 621 703 I input_interaction: Interaction with: e95dfe5 com.android.launcher3/com.android.launcher3.uioverrides.QuickstepLauncher (server), PointerEventDispatcher0 (server),
05-12 10:24:19.813 621 703 I input_interaction: Interaction with: 85ec5f NavigationBar0 (server), PointerEventDispatcher0 (server),
05-12 10:24:19.908 775 775 I sysui_multi_action: [757,931,758,4,759,4,932,0,933,1]
05-12 10:24:19.910 621 635 I sysui_multi_action: [757,803,799,key_back_press,802,1]
05-12 10:24:19.911 621 639 D AutofillManagerService: onBackKeyPressed()
05-12 10:24:20.001 1306 1306 W ContextImpl: Calling a method in the system process without a qualified user: android.app.ContextImpl.sendBroadcast:1181 android.content.ContextWrapper.sendBroadcast:479 cn.eben.newweather.DateWeatherService.a:19 cn.eben.newweather.DateWeatherService.a:0 cn.eben.newweather.DateWeatherService$1.handleMessage:7
05-12 10:24:21.003 1306 1306 W ContextImpl: Calling a method in the system process without a qualified user: android.app.ContextImpl.sendBroadcast:1181 android.content.ContextWrapper.sendBroadcast:479 cn.eben.newweather.DateWeatherService.a:19 cn.eben.newweather.DateWeatherService.a:0 cn.eben.newweather.DateWeatherService$1.handleMessage:7
05-12 10:24:21.299 621 703 I input_interaction: Interaction with: e95dfe5 com.android.launcher3/com.android.launcher3.uioverrides.QuickstepLauncher (server), 6bdff72 com.android.systemui.ImageWallpaper (server), PointerEventDispatcher0 (server),
05-12 10:24:21.430 621 635 I ActivityTaskManager: START u0 {act=android.intent.action.MAIN cat=[android.intent.category.LAUNCHER] flg=0x10200000 cmp=com.eben.browser/.MainActivity bnds=[1004,1760][1240,1895]} from uid 10090
05-12 10:24:21.431 621 635 I wm_task_moved: [10773,1,8]
05-12 10:24:21.431 621 635 I wm_task_to_front: [0,10773]
05-12 10:24:21.432 621 635 I wm_focused_root_task: [0,0,10773,1,bringingFoundTaskToFront]
05-12 10:24:21.433 621 635 I wm_set_resumed_activity: [0,com.eben.browser/.MainActivity,bringingFoundTaskToFront]
05-12 10:24:21.434 621 635 I wm_new_intent: [0,130231021,10773,com.eben.browser/.MainActivity,android.intent.action.MAIN,NULL,NULL,270532608]
05-12 10:24:21.435 621 635 I wm_pause_activity: [0,50487918,com.android.launcher3/.uioverrides.QuickstepLauncher,userLeaving=true,pauseBackTasks]
05-12 10:24:21.439 1056 1056 I wm_on_top_resumed_lost_called: [50487918,com.android.launcher3.uioverrides.QuickstepLauncher,topStateChangedWhenResumed]
05-12 10:24:21.440 1056 1056 I wm_on_paused_called: [50487918,com.android.launcher3.uioverrides.QuickstepLauncher,performPause]
05-12 10:24:21.441 621 635 I wm_set_resumed_activity: [0,com.eben.browser/.MainActivity,resumeTopActivity]
05-12 10:24:21.441 621 635 I wm_add_to_stopping: [0,50487918,com.android.launcher3/.uioverrides.QuickstepLauncher,makeInvisible]
05-12 10:24:21.442 621 635 I wm_resume_activity: [0,130231021,10773,com.eben.browser/.MainActivity]
05-12 10:24:21.450 621 641 I sysui_multi_action: [757,803,799,window_time_0,802,10]
05-12 10:24:21.459 3101 3101 I wm_on_restart_called: [130231021,com.eben.browser.MainActivity,performRestartActivity]
05-12 10:24:21.460 3101 3101 I wm_on_start_called: [130231021,com.eben.browser.MainActivity,handleStartActivity]
05-12 10:24:21.467 3101 3101 I wm_on_resume_called: [130231021,com.eben.browser.MainActivity,RESUME_ACTIVITY]
05-12 10:24:21.471 621 703 I input_focus: [Focus leaving e95dfe5 com.android.launcher3/com.android.launcher3.uioverrides.QuickstepLauncher (server),reason=NO_WINDOW]
05-12 10:24:21.471 3101 3101 I wm_on_top_resumed_gained_called: [130231021,com.eben.browser.MainActivity,topWhenResuming]
05-12 10:24:21.502 621 642 I input_focus: [Focus request 2c83476 com.eben.browser/com.eben.browser.MainActivity,reason=UpdateInputWindows]
05-12 10:24:21.532 621 638 I sysui_multi_action: [319,29,321,26,322,90,325,2874,757,761,758,9,759,4,806,com.eben.browser,871,com.eben.browser.MainActivity,904,com.android.launcher3,905,0,1320,4,1321,2]
05-12 10:24:22.002 1306 1306 W ContextImpl: Calling a method in the system process without a qualified user: android.app.ContextImpl.sendBroadcast:1181 android.content.ContextWrapper.sendBroadcast:479 cn.eben.newweather.DateWeatherService.a:19 cn.eben.newweather.DateWeatherService.a:0 cn.eben.newweather.DateWeatherService$1.handleMessage:7
05-12 10:24:22.018 621 641 I wm_stop_activity: [0,50487918,com.android.launcher3/.uioverrides.QuickstepLauncher]
05-12 10:24:22.028 621 703 I input_focus: [Focus entering 2c83476 com.eben.browser/com.eben.browser.MainActivity (server),reason=Window became focusable. Previous reason: NOT_VISIBLE]
05-12 10:24:22.068 1310 1310 W ContextImpl: Calling a method in the system process without a qualified user: android.app.ContextImpl.sendBroadcast:1181 android.content.ContextWrapper.sendBroadcast:479 com.ebensz.softkeyboard.n.d:116 com.ebensz.softkeyboard.n.a:226 com.ebensz.softkeyboard.n.c:59
05-12 10:24:22.073 621 647 I am_wtf : [0,621,system_server,-1,ActivityManager,Sending non-protected broadcast com.ebensz.softkeyboard.inputModeChange from system 1310:com.ebensz.softkeyboard/1000 pkg com.ebensz.softkeyboard]
05-12 10:24:22.074 621 647 I DropBoxManagerService: add tag=system_server_wtf isTagEnabled=true flags=0x2
05-12 10:24:22.076 621 647 W BroadcastQueue: Background execution not allowed: receiving Intent { act=com.ebensz.softkeyboard.inputModeChange flg=0x10 } to com.ebensz.softkeyboard/.util.InputModeChangeReceiver
05-12 10:24:22.083 1056 1056 I wm_on_stop_called: [50487918,com.android.launcher3.uioverrides.QuickstepLauncher,STOP_ACTIVITY_ITEM]
05-12 10:24:22.199 621 1125 W WindowManager: App com.ebensz.softkeyboard has a system alert window (type = 2038) with FLAG_NOT_TOUCHABLE and LayoutParams.alpha = 1.00 > 0.80, setting alpha to 0.80 to let touches pass through (if this is isn't desirable, remove flag FLAG_NOT_TOUCHABLE).
05-12 10:24:22.242 621 3248 W WindowManager: App com.ebensz.softkeyboard has a system alert window (type = 2038) with FLAG_NOT_TOUCHABLE and LayoutParams.alpha = 1.00 > 0.80, setting alpha to 0.80 to let touches pass through (if this is isn't desirable, remove flag FLAG_NOT_TOUCHABLE).
05-12 10:24:23.002 1306 1306 W ContextImpl: Calling a method in the system process without a qualified user: android.app.ContextImpl.sendBroadcast:1181 android.content.ContextWrapper.sendBroadcast:479 cn.eben.newweather.DateWeatherService.a:19 cn.eben.newweather.DateWeatherService.a:0 cn.eben.newweather.DateWeatherService$1.handleMessage:7
05-12 10:24:23.083 621 703 I input_interaction: Interaction with: 2c83476 com.eben.browser/com.eben.browser.MainActivity (server), PointerEventDispatcher0 (server),
05-12 10:24:23.332 621 642 I input_focus: [Focus request 5ee9add PopupWindow:ca3db40,reason=UpdateInputWindows]
05-12 10:24:23.364 621 703 I input_focus: [Focus leaving 2c83476 com.eben.browser/com.eben.browser.MainActivity (server),reason=Waiting for window because NOT_VISIBLE]
05-12 10:24:23.418 621 703 I input_focus: [Focus entering 5ee9add PopupWindow:ca3db40 (server),reason=Window became focusable. Previous reason: NOT_VISIBLE]
05-12 10:24:24.003 1306 1306 W ContextImpl: Calling a method in the system process without a qualified user: android.app.ContextImpl.sendBroadcast:1181 android.content.ContextWrapper.sendBroadcast:479 cn.eben.newweather.DateWeatherService.a:19 cn.eben.newweather.DateWeatherService.a:0 cn.eben.newweather.DateWeatherService$1.handleMessage:7
05-12 10:24:24.454 621 1268 E TaskPersister: File error accessing recents directory (directory doesn't exist?).
05-12 10:24:24.897 621 703 I input_interaction: Interaction with: 5ee9add PopupWindow:ca3db40 (server), PointerEventDispatcher0 (server),
05-12 10:24:24.921 621 642 I input_focus: [Focus request 2c83476 com.eben.browser/com.eben.browser.MainActivity,reason=UpdateInputWindows]
05-12 10:24:24.970 621 703 I input_focus: [Focus leaving 5ee9add PopupWindow:ca3db40 (server),reason=setFocusedWindow]
05-12 10:24:24.970 621 703 I input_focus: [Focus entering 2c83476 com.eben.browser/com.eben.browser.MainActivity (server),reason=setFocusedWindow]
05-12 10:24:25.002 1306 1306 W ContextImpl: Calling a method in the system process without a qualified user: android.app.ContextImpl.sendBroadcast:1181 android.content.ContextWrapper.sendBroadcast:479 cn.eben.newweather.DateWeatherService.a:19 cn.eben.newweather.DateWeatherService.a:0 cn.eben.newweather.DateWeatherService$1.handleMessage:7
05-12 10:24:25.561 621 703 I input_interaction: Interaction with: 343f0e8 InputMethod (server), PointerEventDispatcher0 (server),
05-12 10:24:25.672 621 3248 W WindowManager: Window types in WindowContext and LayoutParams.type should match! Type from LayoutParams is 2038, but type from WindowContext is 2011
05-12 10:24:26.001 1306 1306 W ContextImpl: Calling a method in the system process without a qualified user: android.app.ContextImpl.sendBroadcast:1181 android.content.ContextWrapper.sendBroadcast:479 cn.eben.newweather.DateWeatherService.a:19 cn.eben.newweather.DateWeatherService.a:0 cn.eben.newweather.DateWeatherService$1.handleMessage:7
05-12 10:24:27.001 1306 1306 W ContextImpl: Calling a method in the system process without a qualified user: android.app.ContextImpl.sendBroadcast:1181 android.content.ContextWrapper.sendBroadcast:479 cn.eben.newweather.DateWeatherService.a:19 cn.eben.newweather.DateWeatherService.a:0 cn.eben.newweather.DateWeatherService$1.handleMessage:7
05-12 10:24:27.978 621 3248 W WindowManager: Window types in WindowContext and LayoutParams.type should match! Type from LayoutParams is 2038, but type from WindowContext is 2011
05-12 10:24:28.002 1306 1306 W ContextImpl: Calling a method in the system process without a qualified user: android.app.ContextImpl.sendBroadcast:1181 android.content.ContextWrapper.sendBroadcast:479 cn.eben.newweather.DateWeatherService.a:19 cn.eben.newweather.DateWeatherService.a:0 cn.eben.newweather.DateWeatherService$1.handleMessage:7
05-12 10:24:29.003 1306 1306 W ContextImpl: Calling a method in the system process without a qualified user: android.app.ContextImpl.sendBroadcast:1181 android.content.ContextWrapper.sendBroadcast:479 cn.eben.newweather.DateWeatherService.a:19 cn.eben.newweather.DateWeatherService.a:0 cn.eben.newweather.DateWeatherService$1.handleMessage:7
05-12 10:24:30.003 1306 1306 W ContextImpl: Calling a method in the system process without a qualified user: android.app.ContextImpl.sendBroadcast:1181 android.content.ContextWrapper.sendBroadcast:479 cn.eben.newweather.DateWeatherService.a:19 cn.eben.newweather.DateWeatherService.a:0 cn.eben.newweather.DateWeatherService$1.handleMessage:7
05-12 10:24:31.002 1306 1306 W ContextImpl: Calling a method in the system process without a qualified user: android.app.ContextImpl.sendBroadcast:1181 android.content.ContextWrapper.sendBroadcast:479 cn.eben.newweather.DateWeatherService.a:19 cn.eben.newweather.DateWeatherService.a:0 cn.eben.newweather.DateWeatherService$1.handleMessage:7
05-12 10:24:32.002 1306 1306 W ContextImpl: Calling a method in the system process without a qualified user: android.app.ContextImpl.sendBroadcast:1181 android.content.ContextWrapper.sendBroadcast:479 cn.eben.newweather.DateWeatherService.a:19 cn.eben.newweather.DateWeatherService.a:0 cn.eben.newweather.DateWeatherService$1.handleMessage:7
05-12 10:24:32.486 621 703 I input_interaction: Interaction with: 2c83476 com.eben.browser/com.eben.browser.MainActivity (server), PointerEventDispatcher0 (server),
05-12 10:24:33.002 1306 1306 W ContextImpl: Calling a method in the system process without a qualified user: android.app.ContextImpl.sendBroadcast:1181 android.content.ContextWrapper.sendBroadcast:479 cn.eben.newweather.DateWeatherService.a:19 cn.eben.newweather.DateWeatherService.a:0 cn.eben.newweather.DateWeatherService$1.handleMessage:7
05-12 10:24:34.002 1306 1306 W ContextImpl: Calling a method in the system process without a qualified user: android.app.ContextImpl.sendBroadcast:1181 android.content.ContextWrapper.sendBroadcast:479 cn.eben.newweather.DateWeatherService.a:19 cn.eben.newweather.DateWeatherService.a:0 cn.eben.newweather.DateWeatherService$1.handleMessage:7
05-12 10:24:34.618 621 642 I input_focus: [Focus request 6565e57 PopupWindow:cf856fd,reason=UpdateInputWindows]
05-12 10:24:34.642 621 703 I input_focus: [Focus leaving 2c83476 com.eben.browser/com.eben.browser.MainActivity (server),reason=Waiting for window because NO_WINDOW]
05-12 10:24:34.735 621 703 I input_focus: [Focus entering 6565e57 PopupWindow:cf856fd (server),reason=Window became focusable. Previous reason: NOT_VISIBLE]
05-12 10:24:35.001 1306 1306 W ContextImpl: Calling a method in the system process without a qualified user: android.app.ContextImpl.sendBroadcast:1181 android.content.ContextWrapper.sendBroadcast:479 cn.eben.newweather.DateWeatherService.a:19 cn.eben.newweather.DateWeatherService.a:0 cn.eben.newweather.DateWeatherService$1.handleMessage:7
05-12 10:24:36.003 1306 1306 W ContextImpl: Calling a method in the system process without a qualified user: android.app.ContextImpl.sendBroadcast:1181 android.content.ContextWrapper.sendBroadcast:479 cn.eben.newweather.DateWeatherService.a:19 cn.eben.newweather.DateWeatherService.a:0 cn.eben.newweather.DateWeatherService$1.handleMessage:7
05-12 10:24:37.003 1306 1306 W ContextImpl: Calling a method in the system process without a qualified user: android.app.ContextImpl.sendBroadcast:1181 android.content.ContextWrapper.sendBroadcast:479 cn.eben.newweather.DateWeatherService.a:19 cn.eben.newweather.DateWeatherService.a:0 cn.eben.newweather.DateWeatherService$1.handleMessage:7
05-12 10:24:38.001 1306 1306 W ContextImpl: Calling a method in the system process without a qualified user: android.app.ContextImpl.sendBroadcast:1181 android.content.ContextWrapper.sendBroadcast:479 cn.eben.newweather.DateWeatherService.a:19 cn.eben.newweather.DateWeatherService.a:0 cn.eben.newweather.DateWeatherService$1.handleMessage:7
05-12 10:24:38.240 621 703 I input_interaction: Interaction with: 6565e57 PopupWindow:cf856fd (server), PointerEventDispatcher0 (server),
05-12 10:24:38.406 3101 3101 I menu_item_selected: [0,添加到桌面]
05-12 10:24:38.435 621 3248 I ActivityTaskManager: START u0 {act=android.content.pm.action.CONFIRM_PIN_SHORTCUT flg=0x10008000 cmp=com.android.launcher3/.dragndrop.AddItemActivity (has extras)} from uid 1000
05-12 10:24:38.437 621 3248 I wm_task_created: [10774,-1]
05-12 10:24:38.437 621 3248 W ActivityTaskManager: Can't find TaskDisplayArea to determine support for multi window. Task id=10774 attached=false
05-12 10:24:38.442 621 3248 I wm_task_moved: [10774,1,9]
05-12 10:24:38.442 621 3248 I wm_task_to_front: [0,10774]
05-12 10:24:38.443 621 3248 I wm_create_task: [0,10774]
05-12 10:24:38.443 621 3248 I wm_create_activity: [0,87696235,10774,com.android.launcher3/.dragndrop.AddItemActivity,android.content.pm.action.CONFIRM_PIN_SHORTCUT,NULL,NULL,276856832]
05-12 10:24:38.444 621 3248 I wm_task_moved: [10774,1,9]
05-12 10:24:38.446 621 3248 I wm_pause_activity: [0,130231021,com.eben.browser/.MainActivity,userLeaving=true,pauseBackTasks]
05-12 10:24:38.484 621 642 I input_focus: [Focus request 2c83476 com.eben.browser/com.eben.browser.MainActivity,reason=UpdateInputWindows]
05-12 10:24:38.488 3101 3101 I wm_on_top_resumed_lost_called: [130231021,com.eben.browser.MainActivity,topStateChangedWhenResumed]
05-12 10:24:38.494 3101 3101 I wm_on_paused_called: [130231021,com.eben.browser.MainActivity,performPause]
05-12 10:24:38.495 621 3248 W ActivityTaskManager: Tried to set launchTime (0) < mLastActivityLaunchTime (20504)
05-12 10:24:38.496 621 3248 I wm_restart_activity: [0,87696235,10774,com.android.launcher3/.dragndrop.AddItemActivity]
05-12 10:24:38.497 621 3248 I wm_set_resumed_activity: [0,com.android.launcher3/.dragndrop.AddItemActivity,minimalResumeActivityLocked]
05-12 10:24:38.504 621 703 I input_focus: [Focus leaving 6565e57 PopupWindow:cf856fd (server),reason=NOT_FOCUSABLE]
05-12 10:24:38.505 621 641 I sysui_multi_action: [757,803,799,window_time_0,802,17]
05-12 10:24:38.507 621 703 I input_focus: [Focus entering 2c83476 com.eben.browser/com.eben.browser.MainActivity (server),reason=setFocusedWindow]
05-12 10:24:38.529 1056 1056 I wm_on_create_called: [87696235,com.android.launcher3.dragndrop.AddItemActivity,performCreate]
05-12 10:24:38.529 1056 1056 I wm_on_start_called: [87696235,com.android.launcher3.dragndrop.AddItemActivity,handleStartActivity]
05-12 10:24:38.530 1056 1056 I wm_on_resume_called: [87696235,com.android.launcher3.dragndrop.AddItemActivity,RESUME_ACTIVITY]
05-12 10:24:38.533 1056 1056 I wm_on_top_resumed_gained_called: [87696235,com.android.launcher3.dragndrop.AddItemActivity,topStateChangedWhenResumed]
05-12 10:24:38.546 621 642 I input_focus: [Focus request 98a1255 com.android.launcher3/com.android.launcher3.dragndrop.AddItemActivity,reason=UpdateInputWindows]
05-12 10:24:38.559 621 703 I input_focus: [Focus leaving 2c83476 com.eben.browser/com.eben.browser.MainActivity (server),reason=Waiting for window because NO_WINDOW]
05-12 10:24:38.563 621 638 I sysui_multi_action: [319,119,322,119,325,2891,757,761,758,8,759,2,806,com.android.launcher3,871,com.android.launcher3.dragndrop.AddItemActivity,904,android,905,0,1320,4,1321,1]
05-12 10:24:38.564 621 638 I wm_activity_launch_time: [0,87696235,com.android.launcher3/.dragndrop.AddItemActivity,119]
05-12 10:24:38.617 621 703 I input_focus: [Focus entering 98a1255 com.android.launcher3/com.android.launcher3.dragndrop.AddItemActivity (server),reason=Window became focusable. Previous reason: NOT_VISIBLE]
05-12 10:24:39.003 1306 1306 W ContextImpl: Calling a method in the system process without a qualified user: android.app.ContextImpl.sendBroadcast:1181 android.content.ContextWrapper.sendBroadcast:479 cn.eben.newweather.DateWeatherService.a:19 cn.eben.newweather.DateWeatherService.a:0 cn.eben.newweather.DateWeatherService$1.handleMessage:7
05-12 10:24:40.003 1306 1306 W ContextImpl: Calling a method in the system process without a qualified user: android.app.ContextImpl.sendBroadcast:1181 android.content.ContextWrapper.sendBroadcast:479 cn.eben.newweather.DateWeatherService.a:19 cn.eben.newweather.DateWeatherService.a:0 cn.eben.newweather.DateWeatherService$1.handleMessage:7
05-12 10:24:41.003 1306 1306 W ContextImpl: Calling a method in the system process without a qualified user: android.app.ContextImpl.sendBroadcast:1181 android.content.ContextWrapper.sendBroadcast:479 cn.eben.newweather.DateWeatherService.a:19 cn.eben.newweather.DateWeatherService.a:0 cn.eben.newweather.DateWeatherService$1.handleMessage:7
05-12 10:24:41.035 621 703 I input_interaction: Interaction with: 98a1255 com.android.launcher3/com.android.launcher3.dragndrop.AddItemActivity (server), PointerEventDispatcher0 (server),
05-12 10:24:41.363 621 1125 I wm_finish_activity: [0,87696235,10774,com.android.launcher3/.dragndrop.AddItemActivity,app-request]
05-12 10:24:41.363 621 1125 I wm_task_moved: [10773,1,9]
05-12 10:24:41.363 621 1125 I wm_task_to_front: [0,10773]
05-12 10:24:41.370 621 1125 I wm_focused_root_task: [0,0,10773,10774,finish-top adjustFocusToNextFocusableTask]
05-12 10:24:41.386 621 1125 I wm_pause_activity: [0,87696235,com.android.launcher3/.dragndrop.AddItemActivity,userLeaving=false,finish]
05-12 10:24:41.390 621 642 I input_focus: [Focus request 2c83476 com.eben.browser/com.eben.browser.MainActivity,reason=UpdateInputWindows]
05-12 10:24:41.396 1056 1056 I wm_on_top_resumed_lost_called: [87696235,com.android.launcher3.dragndrop.AddItemActivity,topStateChangedWhenResumed]
05-12 10:24:41.397 1056 1056 I wm_on_paused_called: [87696235,com.android.launcher3.dragndrop.AddItemActivity,performPause]
05-12 10:24:41.398 621 1125 I wm_set_resumed_activity: [0,com.eben.browser/.MainActivity,resumeTopActivity]
05-12 10:24:41.400 621 1125 I wm_resume_activity: [0,130231021,10773,com.eben.browser/.MainActivity]
05-12 10:24:41.414 621 641 I sysui_multi_action: [757,803,799,window_time_0,802,3]
05-12 10:24:41.419 621 703 I input_focus: [Focus leaving 98a1255 com.android.launcher3/com.android.launcher3.dragndrop.AddItemActivity (server),reason=NO_WINDOW]
05-12 10:24:41.419 621 703 I input_focus: [Focus entering 2c83476 com.eben.browser/com.eben.browser.MainActivity (server),reason=setFocusedWindow]
05-12 10:24:41.428 3101 3101 I wm_on_resume_called: [130231021,com.eben.browser.MainActivity,RESUME_ACTIVITY]
05-12 10:24:41.429 3101 3101 I wm_on_top_resumed_gained_called: [130231021,com.eben.browser.MainActivity,topWhenResuming]
05-12 10:24:41.525 621 641 I wm_destroy_activity: [0,87696235,10774,com.android.launcher3/.dragndrop.AddItemActivity,finish-transit]
