05-12 10:19:47.178 621 876 W ContentProviderHelper: Permission Denial: opening provider com.android.providers.contacts.ContactsProvider2 from ProcessRecord{f2a0ab0 1686:cn.eben.sync/u0a63} (pid=1686, uid=10063) requires android.permission.READ_CONTACTS or android.permission.WRITE_CONTACTS
05-12 10:19:48.002 1306 1306 W ContextImpl: Calling a method in the system process without a qualified user: android.app.ContextImpl.sendBroadcast:1181 android.content.ContextWrapper.sendBroadcast:479 cn.eben.newweather.DateWeatherService.a:19 cn.eben.newweather.DateWeatherService.a:0 cn.eben.newweather.DateWeatherService$1.handleMessage:7
05-12 10:19:49.002 1306 1306 W ContextImpl: Calling a method in the system process without a qualified user: android.app.ContextImpl.sendBroadcast:1181 android.content.ContextWrapper.sendBroadcast:479 cn.eben.newweather.DateWeatherService.a:19 cn.eben.newweather.DateWeatherService.a:0 cn.eben.newweather.DateWeatherService$1.handleMessage:7
05-12 10:19:50.002 1306 1306 W ContextImpl: Calling a method in the system process without a qualified user: android.app.ContextImpl.sendBroadcast:1181 android.content.ContextWrapper.sendBroadcast:479 cn.eben.newweather.DateWeatherService.a:19 cn.eben.newweather.DateWeatherService.a:0 cn.eben.newweather.DateWeatherService$1.handleMessage:7
05-12 10:19:51.003 1306 1306 W ContextImpl: Calling a method in the system process without a qualified user: android.app.ContextImpl.sendBroadcast:1181 android.content.ContextWrapper.sendBroadcast:479 cn.eben.newweather.DateWeatherService.a:19 cn.eben.newweather.DateWeatherService.a:0 cn.eben.newweather.DateWeatherService$1.handleMessage:7
05-12 10:19:52.003 1306 1306 W ContextImpl: Calling a method in the system process without a qualified user: android.app.ContextImpl.sendBroadcast:1181 android.content.ContextWrapper.sendBroadcast:479 cn.eben.newweather.DateWeatherService.a:19 cn.eben.newweather.DateWeatherService.a:0 cn.eben.newweather.DateWeatherService$1.handleMessage:7
05-12 10:19:52.184 621 876 W ContentProviderHelper: Permission Denial: opening provider com.android.providers.contacts.ContactsProvider2 from ProcessRecord{f2a0ab0 1686:cn.eben.sync/u0a63} (pid=1686, uid=10063) requires android.permission.READ_CONTACTS or android.permission.WRITE_CONTACTS
05-12 10:19:53.002 1306 1306 W ContextImpl: Calling a method in the system process without a qualified user: android.app.ContextImpl.sendBroadcast:1181 android.content.ContextWrapper.sendBroadcast:479 cn.eben.newweather.DateWeatherService.a:19 cn.eben.newweather.DateWeatherService.a:0 cn.eben.newweather.DateWeatherService$1.handleMessage:7
05-12 10:19:54.002 1306 1306 W ContextImpl: Calling a method in the system process without a qualified user: android.app.ContextImpl.sendBroadcast:1181 android.content.ContextWrapper.sendBroadcast:479 cn.eben.newweather.DateWeatherService.a:19 cn.eben.newweather.DateWeatherService.a:0 cn.eben.newweather.DateWeatherService$1.handleMessage:7
05-12 10:19:55.002 1306 1306 W ContextImpl: Calling a method in the system process without a qualified user: android.app.ContextImpl.sendBroadcast:1181 android.content.ContextWrapper.sendBroadcast:479 cn.eben.newweather.DateWeatherService.a:19 cn.eben.newweather.DateWeatherService.a:0 cn.eben.newweather.DateWeatherService$1.handleMessage:7
05-12 10:19:56.003 1306 1306 W ContextImpl: Calling a method in the system process without a qualified user: android.app.ContextImpl.sendBroadcast:1181 android.content.ContextWrapper.sendBroadcast:479 cn.eben.newweather.DateWeatherService.a:19 cn.eben.newweather.DateWeatherService.a:0 cn.eben.newweather.DateWeatherService$1.handleMessage:7
05-12 10:19:57.002 1306 1306 W ContextImpl: Calling a method in the system process without a qualified user: android.app.ContextImpl.sendBroadcast:1181 android.content.ContextWrapper.sendBroadcast:479 cn.eben.newweather.DateWeatherService.a:19 cn.eben.newweather.DateWeatherService.a:0 cn.eben.newweather.DateWeatherService$1.handleMessage:7
05-12 10:19:57.189 621 876 W ContentProviderHelper: Permission Denial: opening provider com.android.providers.contacts.ContactsProvider2 from ProcessRecord{f2a0ab0 1686:cn.eben.sync/u0a63} (pid=1686, uid=10063) requires android.permission.READ_CONTACTS or android.permission.WRITE_CONTACTS
05-12 10:19:58.002 1306 1306 W ContextImpl: Calling a method in the system process without a qualified user: android.app.ContextImpl.sendBroadcast:1181 android.content.ContextWrapper.sendBroadcast:479 cn.eben.newweather.DateWeatherService.a:19 cn.eben.newweather.DateWeatherService.a:0 cn.eben.newweather.DateWeatherService$1.handleMessage:7
05-12 10:19:59.003 1306 1306 W ContextImpl: Calling a method in the system process without a qualified user: android.app.ContextImpl.sendBroadcast:1181 android.content.ContextWrapper.sendBroadcast:479 cn.eben.newweather.DateWeatherService.a:19 cn.eben.newweather.DateWeatherService.a:0 cn.eben.newweather.DateWeatherService$1.handleMessage:7
05-12 10:20:00.003 1306 1306 W ContextImpl: Calling a method in the system process without a qualified user: android.app.ContextImpl.sendBroadcast:1181 android.content.ContextWrapper.sendBroadcast:479 cn.eben.newweather.DateWeatherService.a:19 cn.eben.newweather.DateWeatherService.a:0 cn.eben.newweather.DateWeatherService$1.handleMessage:7
05-12 10:20:01.003 1306 1306 W ContextImpl: Calling a method in the system process without a qualified user: android.app.ContextImpl.sendBroadcast:1181 android.content.ContextWrapper.sendBroadcast:479 cn.eben.newweather.DateWeatherService.a:19 cn.eben.newweather.DateWeatherService.a:0 cn.eben.newweather.DateWeatherService$1.handleMessage:7
05-12 10:20:02.002 1306 1306 W ContextImpl: Calling a method in the system process without a qualified user: android.app.ContextImpl.sendBroadcast:1181 android.content.ContextWrapper.sendBroadcast:479 cn.eben.newweather.DateWeatherService.a:19 cn.eben.newweather.DateWeatherService.a:0 cn.eben.newweather.DateWeatherService$1.handleMessage:7
05-12 10:20:02.194 621 876 W ContentProviderHelper: Permission Denial: opening provider com.android.providers.contacts.ContactsProvider2 from ProcessRecord{f2a0ab0 1686:cn.eben.sync/u0a63} (pid=1686, uid=10063) requires android.permission.READ_CONTACTS or android.permission.WRITE_CONTACTS
05-12 10:20:03.003 1306 1306 W ContextImpl: Calling a method in the system process without a qualified user: android.app.ContextImpl.sendBroadcast:1181 android.content.ContextWrapper.sendBroadcast:479 cn.eben.newweather.DateWeatherService.a:19 cn.eben.newweather.DateWeatherService.a:0 cn.eben.newweather.DateWeatherService$1.handleMessage:7
05-12 10:20:04.003 1306 1306 W ContextImpl: Calling a method in the system process without a qualified user: android.app.ContextImpl.sendBroadcast:1181 android.content.ContextWrapper.sendBroadcast:479 cn.eben.newweather.DateWeatherService.a:19 cn.eben.newweather.DateWeatherService.a:0 cn.eben.newweather.DateWeatherService$1.handleMessage:7
05-12 10:20:05.003 1306 1306 W ContextImpl: Calling a method in the system process without a qualified user: android.app.ContextImpl.sendBroadcast:1181 android.content.ContextWrapper.sendBroadcast:479 cn.eben.newweather.DateWeatherService.a:19 cn.eben.newweather.DateWeatherService.a:0 cn.eben.newweather.DateWeatherService$1.handleMessage:7
05-12 10:20:06.003 1306 1306 W ContextImpl: Calling a method in the system process without a qualified user: android.app.ContextImpl.sendBroadcast:1181 android.content.ContextWrapper.sendBroadcast:479 cn.eben.newweather.DateWeatherService.a:19 cn.eben.newweather.DateWeatherService.a:0 cn.eben.newweather.DateWeatherService$1.handleMessage:7
05-12 10:20:07.002 1306 1306 W ContextImpl: Calling a method in the system process without a qualified user: android.app.ContextImpl.sendBroadcast:1181 android.content.ContextWrapper.sendBroadcast:479 cn.eben.newweather.DateWeatherService.a:19 cn.eben.newweather.DateWeatherService.a:0 cn.eben.newweather.DateWeatherService$1.handleMessage:7
05-12 10:20:07.199 621 876 W ContentProviderHelper: Permission Denial: opening provider com.android.providers.contacts.ContactsProvider2 from ProcessRecord{f2a0ab0 1686:cn.eben.sync/u0a63} (pid=1686, uid=10063) requires android.permission.READ_CONTACTS or android.permission.WRITE_CONTACTS
05-12 10:20:08.002 1306 1306 W ContextImpl: Calling a method in the system process without a qualified user: android.app.ContextImpl.sendBroadcast:1181 android.content.ContextWrapper.sendBroadcast:479 cn.eben.newweather.DateWeatherService.a:19 cn.eben.newweather.DateWeatherService.a:0 cn.eben.newweather.DateWeatherService$1.handleMessage:7
05-12 10:20:09.002 1306 1306 W ContextImpl: Calling a method in the system process without a qualified user: android.app.ContextImpl.sendBroadcast:1181 android.content.ContextWrapper.sendBroadcast:479 cn.eben.newweather.DateWeatherService.a:19 cn.eben.newweather.DateWeatherService.a:0 cn.eben.newweather.DateWeatherService$1.handleMessage:7
05-12 10:20:10.002 1306 1306 W ContextImpl: Calling a method in the system process without a qualified user: android.app.ContextImpl.sendBroadcast:1181 android.content.ContextWrapper.sendBroadcast:479 cn.eben.newweather.DateWeatherService.a:19 cn.eben.newweather.DateWeatherService.a:0 cn.eben.newweather.DateWeatherService$1.handleMessage:7
05-12 10:20:11.003 1306 1306 W ContextImpl: Calling a method in the system process without a qualified user: android.app.ContextImpl.sendBroadcast:1181 android.content.ContextWrapper.sendBroadcast:479 cn.eben.newweather.DateWeatherService.a:19 cn.eben.newweather.DateWeatherService.a:0 cn.eben.newweather.DateWeatherService$1.handleMessage:7
05-12 10:20:12.002 1306 1306 W ContextImpl: Calling a method in the system process without a qualified user: android.app.ContextImpl.sendBroadcast:1181 android.content.ContextWrapper.sendBroadcast:479 cn.eben.newweather.DateWeatherService.a:19 cn.eben.newweather.DateWeatherService.a:0 cn.eben.newweather.DateWeatherService$1.handleMessage:7
05-12 10:20:12.204 621 876 W ContentProviderHelper: Permission Denial: opening provider com.android.providers.contacts.ContactsProvider2 from ProcessRecord{f2a0ab0 1686:cn.eben.sync/u0a63} (pid=1686, uid=10063) requires android.permission.READ_CONTACTS or android.permission.WRITE_CONTACTS
05-12 10:20:13.002 1306 1306 W ContextImpl: Calling a method in the system process without a qualified user: android.app.ContextImpl.sendBroadcast:1181 android.content.ContextWrapper.sendBroadcast:479 cn.eben.newweather.DateWeatherService.a:19 cn.eben.newweather.DateWeatherService.a:0 cn.eben.newweather.DateWeatherService$1.handleMessage:7
05-12 10:20:14.003 1306 1306 W ContextImpl: Calling a method in the system process without a qualified user: android.app.ContextImpl.sendBroadcast:1181 android.content.ContextWrapper.sendBroadcast:479 cn.eben.newweather.DateWeatherService.a:19 cn.eben.newweather.DateWeatherService.a:0 cn.eben.newweather.DateWeatherService$1.handleMessage:7
05-12 10:20:15.002 1306 1306 W ContextImpl: Calling a method in the system process without a qualified user: android.app.ContextImpl.sendBroadcast:1181 android.content.ContextWrapper.sendBroadcast:479 cn.eben.newweather.DateWeatherService.a:19 cn.eben.newweather.DateWeatherService.a:0 cn.eben.newweather.DateWeatherService$1.handleMessage:7
05-12 10:20:16.003 1306 1306 W ContextImpl: Calling a method in the system process without a qualified user: android.app.ContextImpl.sendBroadcast:1181 android.content.ContextWrapper.sendBroadcast:479 cn.eben.newweather.DateWeatherService.a:19 cn.eben.newweather.DateWeatherService.a:0 cn.eben.newweather.DateWeatherService$1.handleMessage:7
05-12 10:20:17.002 1306 1306 W ContextImpl: Calling a method in the system process without a qualified user: android.app.ContextImpl.sendBroadcast:1181 android.content.ContextWrapper.sendBroadcast:479 cn.eben.newweather.DateWeatherService.a:19 cn.eben.newweather.DateWeatherService.a:0 cn.eben.newweather.DateWeatherService$1.handleMessage:7
05-12 10:20:17.208 621 876 W ContentProviderHelper: Permission Denial: opening provider com.android.providers.contacts.ContactsProvider2 from ProcessRecord{f2a0ab0 1686:cn.eben.sync/u0a63} (pid=1686, uid=10063) requires android.permission.READ_CONTACTS or android.permission.WRITE_CONTACTS
05-12 10:20:18.002 1306 1306 W ContextImpl: Calling a method in the system process without a qualified user: android.app.ContextImpl.sendBroadcast:1181 android.content.ContextWrapper.sendBroadcast:479 cn.eben.newweather.DateWeatherService.a:19 cn.eben.newweather.DateWeatherService.a:0 cn.eben.newweather.DateWeatherService$1.handleMessage:7
05-12 10:20:19.001 1306 1306 W ContextImpl: Calling a method in the system process without a qualified user: android.app.ContextImpl.sendBroadcast:1181 android.content.ContextWrapper.sendBroadcast:479 cn.eben.newweather.DateWeatherService.a:19 cn.eben.newweather.DateWeatherService.a:0 cn.eben.newweather.DateWeatherService$1.handleMessage:7
05-12 10:20:20.003 1306 1306 W ContextImpl: Calling a method in the system process without a qualified user: android.app.ContextImpl.sendBroadcast:1181 android.content.ContextWrapper.sendBroadcast:479 cn.eben.newweather.DateWeatherService.a:19 cn.eben.newweather.DateWeatherService.a:0 cn.eben.newweather.DateWeatherService$1.handleMessage:7
05-12 10:20:21.002 1306 1306 W ContextImpl: Calling a method in the system process without a qualified user: android.app.ContextImpl.sendBroadcast:1181 android.content.ContextWrapper.sendBroadcast:479 cn.eben.newweather.DateWeatherService.a:19 cn.eben.newweather.DateWeatherService.a:0 cn.eben.newweather.DateWeatherService$1.handleMessage:7
05-12 10:20:22.002 1306 1306 W ContextImpl: Calling a method in the system process without a qualified user: android.app.ContextImpl.sendBroadcast:1181 android.content.ContextWrapper.sendBroadcast:479 cn.eben.newweather.DateWeatherService.a:19 cn.eben.newweather.DateWeatherService.a:0 cn.eben.newweather.DateWeatherService$1.handleMessage:7
05-12 10:20:22.213 621 876 W ContentProviderHelper: Permission Denial: opening provider com.android.providers.contacts.ContactsProvider2 from ProcessRecord{f2a0ab0 1686:cn.eben.sync/u0a63} (pid=1686, uid=10063) requires android.permission.READ_CONTACTS or android.permission.WRITE_CONTACTS
05-12 10:20:23.003 1306 1306 W ContextImpl: Calling a method in the system process without a qualified user: android.app.ContextImpl.sendBroadcast:1181 android.content.ContextWrapper.sendBroadcast:479 cn.eben.newweather.DateWeatherService.a:19 cn.eben.newweather.DateWeatherService.a:0 cn.eben.newweather.DateWeatherService$1.handleMessage:7
05-12 10:20:24.002 1306 1306 W ContextImpl: Calling a method in the system process without a qualified user: android.app.ContextImpl.sendBroadcast:1181 android.content.ContextWrapper.sendBroadcast:479 cn.eben.newweather.DateWeatherService.a:19 cn.eben.newweather.DateWeatherService.a:0 cn.eben.newweather.DateWeatherService$1.handleMessage:7
05-12 10:20:25.003 1306 1306 W ContextImpl: Calling a method in the system process without a qualified user: android.app.ContextImpl.sendBroadcast:1181 android.content.ContextWrapper.sendBroadcast:479 cn.eben.newweather.DateWeatherService.a:19 cn.eben.newweather.DateWeatherService.a:0 cn.eben.newweather.DateWeatherService$1.handleMessage:7
05-12 10:20:26.002 1306 1306 W ContextImpl: Calling a method in the system process without a qualified user: android.app.ContextImpl.sendBroadcast:1181 android.content.ContextWrapper.sendBroadcast:479 cn.eben.newweather.DateWeatherService.a:19 cn.eben.newweather.DateWeatherService.a:0 cn.eben.newweather.DateWeatherService$1.handleMessage:7
05-12 10:20:27.002 1306 1306 W ContextImpl: Calling a method in the system process without a qualified user: android.app.ContextImpl.sendBroadcast:1181 android.content.ContextWrapper.sendBroadcast:479 cn.eben.newweather.DateWeatherService.a:19 cn.eben.newweather.DateWeatherService.a:0 cn.eben.newweather.DateWeatherService$1.handleMessage:7
05-12 10:20:27.218 621 876 W ContentProviderHelper: Permission Denial: opening provider com.android.providers.contacts.ContactsProvider2 from ProcessRecord{f2a0ab0 1686:cn.eben.sync/u0a63} (pid=1686, uid=10063) requires android.permission.READ_CONTACTS or android.permission.WRITE_CONTACTS
05-12 10:20:28.003 1306 1306 W ContextImpl: Calling a method in the system process without a qualified user: android.app.ContextImpl.sendBroadcast:1181 android.content.ContextWrapper.sendBroadcast:479 cn.eben.newweather.DateWeatherService.a:19 cn.eben.newweather.DateWeatherService.a:0 cn.eben.newweather.DateWeatherService$1.handleMessage:7
05-12 10:20:29.002 1306 1306 W ContextImpl: Calling a method in the system process without a qualified user: android.app.ContextImpl.sendBroadcast:1181 android.content.ContextWrapper.sendBroadcast:479 cn.eben.newweather.DateWeatherService.a:19 cn.eben.newweather.DateWeatherService.a:0 cn.eben.newweather.DateWeatherService$1.handleMessage:7
05-12 10:20:30.003 1306 1306 W ContextImpl: Calling a method in the system process without a qualified user: android.app.ContextImpl.sendBroadcast:1181 android.content.ContextWrapper.sendBroadcast:479 cn.eben.newweather.DateWeatherService.a:19 cn.eben.newweather.DateWeatherService.a:0 cn.eben.newweather.DateWeatherService$1.handleMessage:7
05-12 10:20:31.001 1306 1306 W ContextImpl: Calling a method in the system process without a qualified user: android.app.ContextImpl.sendBroadcast:1181 android.content.ContextWrapper.sendBroadcast:479 cn.eben.newweather.DateWeatherService.a:19 cn.eben.newweather.DateWeatherService.a:0 cn.eben.newweather.DateWeatherService$1.handleMessage:7
05-12 10:20:32.003 1306 1306 W ContextImpl: Calling a method in the system process without a qualified user: android.app.ContextImpl.sendBroadcast:1181 android.content.ContextWrapper.sendBroadcast:479 cn.eben.newweather.DateWeatherService.a:19 cn.eben.newweather.DateWeatherService.a:0 cn.eben.newweather.DateWeatherService$1.handleMessage:7
05-12 10:20:32.223 621 876 W ContentProviderHelper: Permission Denial: opening provider com.android.providers.contacts.ContactsProvider2 from ProcessRecord{f2a0ab0 1686:cn.eben.sync/u0a63} (pid=1686, uid=10063) requires android.permission.READ_CONTACTS or android.permission.WRITE_CONTACTS
05-12 10:20:33.002 1306 1306 W ContextImpl: Calling a method in the system process without a qualified user: android.app.ContextImpl.sendBroadcast:1181 android.content.ContextWrapper.sendBroadcast:479 cn.eben.newweather.DateWeatherService.a:19 cn.eben.newweather.DateWeatherService.a:0 cn.eben.newweather.DateWeatherService$1.handleMessage:7
05-12 10:20:34.003 1306 1306 W ContextImpl: Calling a method in the system process without a qualified user: android.app.ContextImpl.sendBroadcast:1181 android.content.ContextWrapper.sendBroadcast:479 cn.eben.newweather.DateWeatherService.a:19 cn.eben.newweather.DateWeatherService.a:0 cn.eben.newweather.DateWeatherService$1.handleMessage:7
05-12 10:20:35.002 1306 1306 W ContextImpl: Calling a method in the system process without a qualified user: android.app.ContextImpl.sendBroadcast:1181 android.content.ContextWrapper.sendBroadcast:479 cn.eben.newweather.DateWeatherService.a:19 cn.eben.newweather.DateWeatherService.a:0 cn.eben.newweather.DateWeatherService$1.handleMessage:7
05-12 10:20:36.001 1306 1306 W ContextImpl: Calling a method in the system process without a qualified user: android.app.ContextImpl.sendBroadcast:1181 android.content.ContextWrapper.sendBroadcast:479 cn.eben.newweather.DateWeatherService.a:19 cn.eben.newweather.DateWeatherService.a:0 cn.eben.newweather.DateWeatherService$1.handleMessage:7
05-12 10:20:36.214 621 700 I ActivityTaskManager: START u0 {act=android.settings.APPLICATION_DETAILS_SETTINGS dat=package:cn.eben.sync cmp=com.android.settings/.applications.InstalledAppDetails} from uid 1000
05-12 10:20:36.215 621 700 W ActivityTaskManager: startActivity called from non-Activity context; forcing Intent.FLAG_ACTIVITY_NEW_TASK for: Intent { act=android.settings.APPLICATION_DETAILS_SETTINGS dat=package:cn.eben.sync cmp=com.android.settings/.applications.InstalledAppDetails }
05-12 10:20:36.216 621 700 W ActivityTaskManager: Can't find TaskDisplayArea to determine support for multi window. Task id=10769 attached=false
05-12 10:20:36.241 621 700 W ActivityTaskManager: Tried to set launchTime (0) < mLastActivityLaunchTime (2266660)
05-12 10:20:36.248 621 700 I ActivityTaskManager: START u0 {act=android.settings.SETTINGS_EMBED_DEEP_LINK_ACTIVITY flg=0x2000000 pkg=com.android.settings cmp=com.android.settings/.homepage.DeepLinkHomepageActivity (has extras)} from uid 1000
05-12 10:20:36.261 621 1268 E TaskPersister: File error accessing recents directory (directory doesn't exist?).
05-12 10:20:36.267 621 700 I ActivityTaskManager: START u0 {cmp=com.android.settings/.Settings$NetworkDashboardActivity} from uid 1000
05-12 10:20:36.269 621 700 W ActivityTaskManager: Tried to set launchTime (0) < mLastActivityLaunchTime (2649799)
05-12 10:20:36.273 621 635 W ActivityTaskManager: Duplicate finish request for r=ActivityRecord{98adb70 u0 com.android.settings/.Settings$PowerUsageSummaryActivity t10764 f}}
05-12 10:20:36.283 621 635 I ActivityTaskManager: START u0 {act=android.settings.APPLICATION_DETAILS_SETTINGS dat=package:cn.eben.sync flg=0x2000000 cmp=com.android.settings/.applications.InstalledAppDetails (has extras)} from uid 1000
05-12 10:20:36.289 621 640 I DropBoxManagerService: add tag=system_app_strictmode isTagEnabled=true flags=0x2
05-12 10:20:36.302 621 635 E UserRestrictionsUtils: Unknown restriction queried by uid 1000 (com.android.networkstack.inprocess et al): null
05-12 10:20:36.302 621 635 E UserRestrictionsUtils: Unknown restriction queried by uid 1000 (com.android.networkstack.inprocess et al): null
05-12 10:20:36.304 621 2478 E UserRestrictionsUtils: Unknown restriction queried by uid 1000 (com.android.networkstack.inprocess et al): no_ethernet_settings
05-12 10:20:36.304 621 2478 E UserRestrictionsUtils: Unknown restriction queried by uid 1000 (com.android.networkstack.inprocess et al): no_ethernet_settings
05-12 10:20:36.305 621 647 I DropBoxManagerService: add tag=system_server_wtf isTagEnabled=true flags=0x2
05-12 10:20:36.306 621 647 I DropBoxManagerService: add tag=system_server_wtf isTagEnabled=true flags=0x2
05-12 10:20:36.413 621 700 W ActivityTaskManager: Tried to set launchTime (0) < mLastActivityLaunchTime (2649826)
05-12 10:20:36.487 621 700 W BatteryExternalStatsWorker: error reading modem stats:ERROR_INVALID_INFO_RECEIVED
05-12 10:42:19.844 331 331 W audit : audit_lost=503 audit_rate_limit=5 audit_backlog_limit=64
05-12 10:42:19.844 331 331 E audit : rate limit exceeded
05-12 10:20:36.913 621 641 W ActivityTaskManager: Activity top resumed state loss timeout for ActivityRecord{364a231 u0 com.android.settings/.homepage.DeepLinkHomepageActivity t10764}
05-12 10:20:37.001 1306 1306 W ContextImpl: Calling a method in the system process without a qualified user: android.app.ContextImpl.sendBroadcast:1181 android.content.ContextWrapper.sendBroadcast:479 cn.eben.newweather.DateWeatherService.a:19 cn.eben.newweather.DateWeatherService.a:0 cn.eben.newweather.DateWeatherService$1.handleMessage:7
05-12 10:20:37.226 621 1846 W ContentProviderHelper: Permission Denial: opening provider com.android.providers.contacts.ContactsProvider2 from ProcessRecord{f2a0ab0 1686:cn.eben.sync/u0a63} (pid=1686, uid=10063) requires android.permission.READ_CONTACTS or android.permission.WRITE_CONTACTS
05-12 10:20:37.504 621 642 W ActivityTaskManager: Can't find TaskDisplayArea to determine support for multi window. Task id=10769 attached=false
05-12 10:20:37.505 621 642 W ActivityTaskManager: Can't find TaskDisplayArea to determine support for multi window. Task id=10769 attached=false
05-12 10:20:38.000 1306 1306 W ContextImpl: Calling a method in the system process without a qualified user: android.app.ContextImpl.sendBroadcast:1181 android.content.ContextWrapper.sendBroadcast:479 cn.eben.newweather.DateWeatherService.a:19 cn.eben.newweather.DateWeatherService.a:0 cn.eben.newweather.DateWeatherService$1.handleMessage:7
05-12 10:20:38.055 621 876 D ActivityTaskManager: Remove task fragment: removeLastChild ActivityRecord{537c122 u0 com.android.settings/.Settings$NetworkDashboardActivity t-1 f}}
05-12 10:20:38.063 621 876 D ActivityTaskManager: Remove task fragment: removeLastChild ActivityRecord{98adb70 u0 com.android.settings/.Settings$PowerUsageSummaryActivity t-1 f}}
05-12 10:20:39.002 1306 1306 W ContextImpl: Calling a method in the system process without a qualified user: android.app.ContextImpl.sendBroadcast:1181 android.content.ContextWrapper.sendBroadcast:479 cn.eben.newweather.DateWeatherService.a:19 cn.eben.newweather.DateWeatherService.a:0 cn.eben.newweather.DateWeatherService$1.handleMessage:7
05-12 10:20:40.004 1306 1306 W ContextImpl: Calling a method in the system process without a qualified user: android.app.ContextImpl.sendBroadcast:1181 android.content.ContextWrapper.sendBroadcast:479 cn.eben.newweather.DateWeatherService.a:19 cn.eben.newweather.DateWeatherService.a:0 cn.eben.newweather.DateWeatherService$1.handleMessage:7
05-12 10:20:40.298 621 1268 E TaskPersister: File error accessing recents directory (directory doesn't exist?).
05-12 10:20:41.003 1306 1306 W ContextImpl: Calling a method in the system process without a qualified user: android.app.ContextImpl.sendBroadcast:1181 android.content.ContextWrapper.sendBroadcast:479 cn.eben.newweather.DateWeatherService.a:19 cn.eben.newweather.DateWeatherService.a:0 cn.eben.newweather.DateWeatherService$1.handleMessage:7
05-12 10:20:42.003 1306 1306 W ContextImpl: Calling a method in the system process without a qualified user: android.app.ContextImpl.sendBroadcast:1181 android.content.ContextWrapper.sendBroadcast:479 cn.eben.newweather.DateWeatherService.a:19 cn.eben.newweather.DateWeatherService.a:0 cn.eben.newweather.DateWeatherService$1.handleMessage:7
05-12 10:20:42.104 621 1011 I ActivityTaskManager: START u0 {act=android.intent.action.MAIN cat=[android.intent.category.LAUNCHER] flg=0x10000000 pkg=cn.eben.sync cmp=cn.eben.sync/cn.eben.mcloudlauncher.CloudLauncher} from uid 1000
05-12 10:20:42.108 621 1011 W ActivityTaskManager: Can't find TaskDisplayArea to determine support for multi window. Task id=10770 attached=false
05-12 10:20:42.141 621 1011 V SplashScreenExceptionList: SplashScreen checking exception for package cn.eben.sync (target sdk:27) -> false
05-12 10:20:42.145 775 884 W StartingSurfaceDrawer: Window background is transparent, fill background with black color
05-12 10:20:42.228 621 1011 W ContentProviderHelper: Permission Denial: opening provider com.android.providers.contacts.ContactsProvider2 from ProcessRecord{f2a0ab0 1686:cn.eben.sync/u0a63} (pid=1686, uid=10063) requires android.permission.READ_CONTACTS or android.permission.WRITE_CONTACTS
05-12 10:20:42.295 621 2266 I ActivityTaskManager: START u0 {flg=0x4000 cmp=cn.eben.sync/cn.eben.android.help.StatementActivity} from uid 10063
05-12 10:20:42.295 621 2266 W ActivityTaskManager: Can't find TaskDisplayArea to determine support for multi window. Task id=10771 attached=false
05-12 10:20:42.297 621 2266 V SplashScreenExceptionList: SplashScreen checking exception for package cn.eben.sync (target sdk:27) -> false
05-12 10:20:42.298 621 2266 I ActivityTaskManager: Add Task{6771b7 #10770 type=standard A=10063:cn.eben.sync U=0 visible=true visibleRequested=true mode=fullscreen translucent=false sz=1} to hidden list because adding Task{240d8cb #10771 type=standard A=10063:cn.eben.sync U=0 visible=true visibleRequested=false mode=fullscreen translucent=true sz=1}
05-12 10:20:42.328 621 2266 W ActivityTaskManager: Tried to set launchTime (0) < mLastActivityLaunchTime (2655780)
05-12 10:20:42.636 621 1011 W WindowManager: Failed looking up window session=Session{12c01ce 775:u0a10089} callers=com.android.server.wm.WindowManagerService.windowForClientLocked:5887 com.android.server.wm.WindowManagerService.relayoutWindow:2304 com.android.server.wm.Session.relayout:235
05-12 10:20:42.646 621 876 W WindowManager: Failed looking up window session=Session{12c01ce 775:u0a10089} callers=com.android.server.wm.WindowManagerService.windowForClientLocked:5887 com.android.server.wm.WindowManagerService.removeWindow:2108 com.android.server.wm.Session.remove:218
05-12 10:20:43.003 1306 1306 W ContextImpl: Calling a method in the system process without a qualified user: android.app.ContextImpl.sendBroadcast:1181 android.content.ContextWrapper.sendBroadcast:479 cn.eben.newweather.DateWeatherService.a:19 cn.eben.newweather.DateWeatherService.a:0 cn.eben.newweather.DateWeatherService$1.handleMessage:7
05-12 10:20:43.807 621 2266 I ActivityTaskManager: START u0 {flg=0x400000 cmp=cn.eben.sync/cn.eben.mcloudlauncher.CloudLauncher} from uid 10063
05-12 10:20:43.818 621 1011 I ActivityTaskManager: Add Task{240d8cb #10771 type=standard A=10063:cn.eben.sync U=0 visible=false visibleRequested=false mode=fullscreen translucent=true sz=1} to hidden list because adding Task{6771b7 #10770 type=standard A=10063:cn.eben.sync U=0 visible=true visibleRequested=true mode=fullscreen translucent=true sz=1}
05-12 10:20:43.825 621 1011 I ActivityTaskManager: START u0 {cmp=cn.eben.sync/cn.eben.android.help.PermissionsStorageActivity} from uid 10063
05-12 10:20:43.826 621 1011 W ActivityTaskManager: Can't find TaskDisplayArea to determine support for multi window. Task id=10772 attached=false
05-12 10:20:43.829 621 1011 V SplashScreenExceptionList: SplashScreen checking exception for package cn.eben.sync (target sdk:27) -> false
05-12 10:20:43.833 621 1011 I ActivityTaskManager: Add Task{6771b7 #10770 type=standard A=10063:cn.eben.sync U=0 visible=true visibleRequested=true mode=fullscreen translucent=false sz=1} to hidden list because adding Task{7b5a14c #10772 type=standard A=10063:cn.eben.sync U=0 visible=true visibleRequested=false mode=fullscreen translucent=true sz=1} --------- beginning of events
05-12 10:20:43.879 621 703 I input_focus: [Focus entering 49794c0 cn.eben.sync/cn.eben.mcloudlauncher.CloudLauncher (server),reason=Window became focusable. Previous reason: NOT_VISIBLE]
05-12 10:20:43.886 621 1011 I wm_add_to_stopping: [0,8292492,cn.eben.sync/cn.eben.mcloudlauncher.CloudLauncher,completeFinishing]
05-12 10:20:43.887 621 1011 W ActivityTaskManager: Tried to set launchTime (0) < mLastActivityLaunchTime (2655885)
05-12 10:20:43.888 621 1011 I wm_restart_activity: [0,169676159,10772,cn.eben.sync/cn.eben.android.help.PermissionsStorageActivity]
05-12 10:20:43.889 621 1011 I wm_set_resumed_activity: [0,cn.eben.sync/cn.eben.android.help.PermissionsStorageActivity,minimalResumeActivityLocked]
05-12 10:20:43.910 621 641 I sysui_multi_action: [757,803,799,window_time_0,802,0]
05-12 10:20:43.914 621 876 I ActivityTaskManager: START u0 {act=android.content.pm.action.REQUEST_PERMISSIONS pkg=com.android.permissioncontroller cmp=com.android.permissioncontroller/.permission.ui.GrantPermissionsActivity (has extras)} from uid 10063
05-12 10:20:43.916 621 703 I input_focus: [Focus leaving 49794c0 cn.eben.sync/cn.eben.mcloudlauncher.CloudLauncher (server),reason=NO_WINDOW]
05-12 10:20:43.917 621 876 I wm_task_moved: [10772,1,10]
05-12 10:20:43.917 621 876 I wm_set_resumed_activity: [0,cn.eben.sync/cn.eben.android.help.PermissionsStorageActivity,positionChildAt]
05-12 10:20:43.918 621 876 I wm_create_activity: [0,164626816,10772,com.android.permissioncontroller/.permission.ui.GrantPermissionsActivity,android.content.pm.action.REQUEST_PERMISSIONS,NULL,NULL,8388608]
05-12 10:20:43.918 621 876 I wm_pause_activity: [0,169676159,cn.eben.sync/cn.eben.android.help.PermissionsStorageActivity,userLeaving=true,resumeTopActivity]
05-12 10:20:43.921 1686 1686 I wm_on_create_called: [169676159,cn.eben.android.help.PermissionsStorageActivity,performCreate]
05-12 10:20:43.922 1686 1686 I wm_on_start_called: [169676159,cn.eben.android.help.PermissionsStorageActivity,handleStartActivity]
05-12 10:20:43.923 1686 1686 I wm_on_resume_called: [169676159,cn.eben.android.help.PermissionsStorageActivity,RESUME_ACTIVITY]
05-12 10:20:43.925 1686 1686 I wm_on_top_resumed_gained_called: [169676159,cn.eben.android.help.PermissionsStorageActivity,topStateChangedWhenResumed]
05-12 10:20:43.929 621 642 I input_focus: [Focus request e13b3fe cn.eben.sync/cn.eben.android.help.PermissionsStorageActivity,reason=UpdateInputWindows]
05-12 10:20:43.975 1686 1686 I wm_on_top_resumed_lost_called: [169676159,cn.eben.android.help.PermissionsStorageActivity,topStateChangedWhenResumed]
05-12 10:20:43.979 1686 1686 I wm_on_paused_called: [169676159,cn.eben.android.help.PermissionsStorageActivity,performPause]
05-12 10:20:43.981 621 1011 W ActivityTaskManager: Tried to set launchTime (0) < mLastActivityLaunchTime (202688)
05-12 10:20:43.982 621 1011 I wm_restart_activity: [0,164626816,10772,com.android.permissioncontroller/.permission.ui.GrantPermissionsActivity]
05-12 10:20:43.983 621 1011 I wm_set_resumed_activity: [0,com.android.permissioncontroller/.permission.ui.GrantPermissionsActivity,minimalResumeActivityLocked]
05-12 10:20:43.985 621 641 I sysui_multi_action: [757,803,799,window_time_0,802,0]
05-12 10:20:43.991 621 703 I input_focus: [Focus entering e13b3fe cn.eben.sync/cn.eben.android.help.PermissionsStorageActivity (server),reason=Window became focusable. Previous reason: NOT_VISIBLE]
05-12 10:20:44.002 1306 1306 W ContextImpl: Calling a method in the system process without a qualified user: android.app.ContextImpl.sendBroadcast:1181 android.content.ContextWrapper.sendBroadcast:479 cn.eben.newweather.DateWeatherService.a:19 cn.eben.newweather.DateWeatherService.a:0 cn.eben.newweather.DateWeatherService$1.handleMessage:7
05-12 10:20:44.017 1900 1900 I wm_on_create_called: [164626816,com.android.permissioncontroller.permission.ui.GrantPermissionsActivity,performCreate]
05-12 10:20:44.017 1900 1900 I wm_on_start_called: [164626816,com.android.permissioncontroller.permission.ui.GrantPermissionsActivity,handleStartActivity]
05-12 10:20:44.048 1900 1900 I wm_on_resume_called: [164626816,com.android.permissioncontroller.permission.ui.GrantPermissionsActivity,RESUME_ACTIVITY]
05-12 10:20:44.051 1900 1900 I wm_on_top_resumed_gained_called: [164626816,com.android.permissioncontroller.permission.ui.GrantPermissionsActivity,topStateChangedWhenResumed]
05-12 10:20:44.063 621 642 I input_focus: [Focus request 8cbd862 com.android.permissioncontroller/com.android.permissioncontroller.permission.ui.GrantPermissionsActivity,reason=UpdateInputWindows]
05-12 10:20:44.080 621 703 I input_focus: [Focus leaving e13b3fe cn.eben.sync/cn.eben.android.help.PermissionsStorageActivity (server),reason=setFocusedWindow]
05-12 10:20:44.080 621 703 I input_focus: [Focus entering 8cbd862 com.android.permissioncontroller/com.android.permissioncontroller.permission.ui.GrantPermissionsActivity (server),reason=setFocusedWindow]
05-12 10:20:44.123 621 1011 I wm_destroy_activity: [0,197298074,10771,cn.eben.sync/cn.eben.android.help.StatementActivity,finish-imm:idle]
05-12 10:20:44.143 621 641 I wm_destroy_activity: [0,8292492,10770,cn.eben.sync/cn.eben.mcloudlauncher.CloudLauncher,finish-imm:idle]
05-12 10:20:44.148 1686 1686 I wm_on_stop_called: [197298074,cn.eben.android.help.StatementActivity,LIFECYCLER_STOP_ACTIVITY]
05-12 10:20:44.148 1686 1686 I wm_on_destroy_called: [197298074,cn.eben.android.help.StatementActivity,performDestroy]
05-12 10:20:44.157 621 1011 I wm_task_removed: [10771,removeChild:removeChild last r=ActivityRecord{bc2879a u0 cn.eben.sync/cn.eben.android.help.StatementActivity t-1 f}} in t=Task{240d8cb #10771 type=standard A=10063:cn.eben.sync U=0 visible=false visibleRequested=false mode=fullscreen translucent=true sz=0}]
05-12 10:20:44.157 621 1011 I wm_task_removed: [10771,removeChild]
05-12 10:20:44.157 1686 1686 I wm_on_stop_called: [8292492,cn.eben.mcloudlauncher.CloudLauncher,LIFECYCLER_STOP_ACTIVITY]
05-12 10:20:44.158 1686 1686 I wm_on_destroy_called: [8292492,cn.eben.mcloudlauncher.CloudLauncher,performDestroy]
05-12 10:20:44.165 621 2266 W ActivityTaskManager: Can't find TaskDisplayArea to determine support for multi window. Task id=10771 attached=false
05-12 10:20:44.165 621 2266 W ActivityTaskManager: Can't find TaskDisplayArea to determine support for multi window. Task id=10771 attached=false
05-12 10:20:44.168 621 1011 I wm_task_removed: [10770,removeChild:removeChild last r=ActivityRecord{7e888c u0 cn.eben.sync/cn.eben.mcloudlauncher.CloudLauncher t-1 f}} in t=Task{6771b7 #10770 type=standard A=10063:cn.eben.sync U=0 visible=false visibleRequested=false mode=fullscreen translucent=true sz=0}]
05-12 10:20:44.168 621 1011 I wm_task_removed: [10770,removeChild]
05-12 10:20:44.171 621 642 W ActivityTaskManager: Can't find TaskDisplayArea to determine support for multi window. Task id=10770 attached=false
05-12 10:20:44.171 621 642 W ActivityTaskManager: Can't find TaskDisplayArea to determine support for multi window. Task id=10770 attached=false
05-12 10:20:44.983 621 703 I input_interaction: Interaction with: 8cbd862 com.android.permissioncontroller/com.android.permissioncontroller.permission.ui.GrantPermissionsActivity (server), PointerEventDispatcher0 (server),
05-12 10:20:45.002 1306 1306 W ContextImpl: Calling a method in the system process without a qualified user: android.app.ContextImpl.sendBroadcast:1181 android.content.ContextWrapper.sendBroadcast:479 cn.eben.newweather.DateWeatherService.a:19 cn.eben.newweather.DateWeatherService.a:0 cn.eben.newweather.DateWeatherService$1.handleMessage:7
05-12 10:20:45.213 621 2266 I sysui_multi_action: [757,1243,758,4,806,cn.eben.sync,1241,android.permission.WRITE_CONTACTS]
05-12 10:20:45.214 621 2266 I sysui_multi_action: [757,1243,758,4,806,cn.eben.sync,1241,android.permission.READ_CONTACTS]
05-12 10:20:45.933 621 2266 I sysui_multi_action: [757,1243,758,4,806,cn.eben.sync,1241,android.permission.CALL_PHONE]
05-12 10:20:45.934 621 2266 I sysui_multi_action: [757,1243,758,4,806,cn.eben.sync,1241,android.permission.READ_PHONE_STATE]
05-12 10:20:46.002 1306 1306 W ContextImpl: Calling a method in the system process without a qualified user: android.app.ContextImpl.sendBroadcast:1181 android.content.ContextWrapper.sendBroadcast:479 cn.eben.newweather.DateWeatherService.a:19 cn.eben.newweather.DateWeatherService.a:0 cn.eben.newweather.DateWeatherService$1.handleMessage:7
05-12 10:20:46.586 621 2266 I sysui_multi_action: [757,1243,758,4,806,cn.eben.sync,1241,android.permission.WRITE_EXTERNAL_STORAGE]
05-12 10:20:46.587 621 2266 I sysui_multi_action: [757,1243,758,4,806,cn.eben.sync,1241,android.permission.READ_EXTERNAL_STORAGE]
05-12 10:20:46.588 621 2266 I sysui_multi_action: [757,1243,758,4,806,cn.eben.sync,1241,android.permission.ACCESS_MEDIA_LOCATION]
05-12 10:20:46.589 1900 1900 I snet_event_log: [individual_permissions_requested,10063,cn.eben.sync:cn.eben.sync:;android.permission.WRITE_EXTERNAL_STORAGE|false|8960;android.permission.READ_EXTERNAL_STORAGE|false|8960;android.permission.ACCESS_MEDIA_LOCATION|false|896cn.eben.sync:;android.permission.READ_PHONE_STATE|false|768;android.permission.CALL_PHONE|false|768cn.eben.sync:;android.permission.READ_CONTACTS|false|768;android.permission.WRITE_CONTACTS|false|768;android.permission.GET_ACCOUNTS|false|768]
05-12 10:20:46.591 621 1846 I wm_finish_activity: [0,164626816,10772,com.android.permissioncontroller/.permission.ui.GrantPermissionsActivity,app-request]
05-12 10:20:46.598 621 1846 I wm_pause_activity: [0,164626816,com.android.permissioncontroller/.permission.ui.GrantPermissionsActivity,userLeaving=false,finish]
05-12 10:20:46.612 621 703 I input_focus: [Focus leaving 8cbd862 com.android.permissioncontroller/com.android.permissioncontroller.permission.ui.GrantPermissionsActivity (server),reason=NO_WINDOW]
05-12 10:20:46.649 621 1268 E TaskPersister: File error accessing recents directory (directory doesn't exist?).
05-12 10:20:46.651 1900 1900 I wm_on_top_resumed_lost_called: [164626816,com.android.permissioncontroller.permission.ui.GrantPermissionsActivity,topStateChangedWhenResumed]
05-12 10:20:46.652 1900 1900 I wm_on_paused_called: [164626816,com.android.permissioncontroller.permission.ui.GrantPermissionsActivity,performPause]
05-12 10:20:46.653 621 635 I wm_set_resumed_activity: [0,cn.eben.sync/cn.eben.android.help.PermissionsStorageActivity,resumeTopActivity]
05-12 10:20:46.654 621 635 I wm_resume_activity: [0,169676159,10772,cn.eben.sync/cn.eben.android.help.PermissionsStorageActivity]
05-12 10:20:46.660 621 642 I input_focus: [Focus request e13b3fe cn.eben.sync/cn.eben.android.help.PermissionsStorageActivity,reason=UpdateInputWindows]
05-12 10:20:46.660 621 641 I sysui_multi_action: [757,803,799,window_time_0,802,3]
05-12 10:20:46.671 1686 1686 I wm_on_activity_result_called: [169676159,cn.eben.android.help.PermissionsStorageActivity,ACTIVITY_RESULT]
05-12 10:20:46.672 1686 1686 I wm_on_resume_called: [169676159,cn.eben.android.help.PermissionsStorageActivity,RESUME_ACTIVITY]
05-12 10:20:46.672 1686 1686 I wm_on_top_resumed_gained_called: [169676159,cn.eben.android.help.PermissionsStorageActivity,topWhenResuming]
05-12 10:20:46.684 621 703 I input_focus: [Focus entering e13b3fe cn.eben.sync/cn.eben.android.help.PermissionsStorageActivity (server),reason=setFocusedWindow]
05-12 10:20:46.688 621 642 I input_focus: [Focus request 3f7087a cn.eben.sync/cn.eben.android.help.PermissionsStorageActivity,reason=UpdateInputWindows]
05-12 10:20:46.721 621 1846 I wm_destroy_activity: [0,164626816,10772,com.android.permissioncontroller/.permission.ui.GrantPermissionsActivity,finish-idle]
05-12 10:20:46.721 621 703 I input_focus: [Focus leaving e13b3fe cn.eben.sync/cn.eben.android.help.PermissionsStorageActivity (server),reason=setFocusedWindow]
05-12 10:20:46.721 621 703 I input_focus: [Focus entering 3f7087a cn.eben.sync/cn.eben.android.help.PermissionsStorageActivity (server),reason=setFocusedWindow]
05-12 10:20:46.768 1900 1900 I wm_on_stop_called: [164626816,com.android.permissioncontroller.permission.ui.GrantPermissionsActivity,LIFECYCLER_STOP_ACTIVITY]
05-12 10:20:46.768 1900 1900 I wm_on_destroy_called: [164626816,com.android.permissioncontroller.permission.ui.GrantPermissionsActivity,performDestroy]
05-12 10:20:47.002 1306 1306 W ContextImpl: Calling a method in the system process without a qualified user: android.app.ContextImpl.sendBroadcast:1181 android.content.ContextWrapper.sendBroadcast:479 cn.eben.newweather.DateWeatherService.a:19 cn.eben.newweather.DateWeatherService.a:0 cn.eben.newweather.DateWeatherService$1.handleMessage:7
05-12 10:20:47.479 621 703 I input_interaction: Interaction with: 3f7087a cn.eben.sync/cn.eben.android.help.PermissionsStorageActivity (server), PointerEventDispatcher0 (server),
05-12 10:20:47.714 621 876 I ActivityTaskManager: START u0 {flg=0x400000 cmp=com.android.settings/.activation.ActivationSettings} from uid 10063
05-12 10:20:47.715 621 876 I wm_finish_activity: [0,169676159,10772,cn.eben.sync/cn.eben.android.help.PermissionsStorageActivity,app-request]
05-12 10:20:47.715 621 876 I wm_task_moved: [1,1,8]
05-12 10:20:47.716 621 876 I wm_task_moved: [10757,1,2147483647]
05-12 10:20:47.716 621 876 I wm_task_to_front: [0,10757]
05-12 10:20:47.716 621 876 I wm_focused_root_task: [0,0,1,10772,finish-top adjustFocusToNextFocusableTask]
05-12 10:20:47.718 621 876 I wm_set_resumed_activity: [0,com.android.launcher3/.uioverrides.QuickstepLauncher,finish-top adjustFocusToNextFocusableTask]
05-12 10:20:47.731 621 876 I wm_pause_activity: [0,169676159,cn.eben.sync/cn.eben.android.help.PermissionsStorageActivity,userLeaving=false,finish]
05-12 10:20:47.744 621 642 I dvm_lock_sample: [system_server,1,android.anim,29,InputMonitor.java,156,void com.android.server.wm.InputMonitor$UpdateInputWindows.run(),TaskChangeNotificationController.java,342,void com.android.server.wm.TaskChangeNotificationController.forAllLocalListeners(com.android.server.wm.TaskChangeNotificationController$TaskStackConsumer, android.os.Message),5]
05-12 10:20:47.755 1686 1686 I wm_on_top_resumed_lost_called: [169676159,cn.eben.android.help.PermissionsStorageActivity,topStateChangedWhenResumed]
05-12 10:20:47.756 1686 1686 I wm_on_paused_called: [169676159,cn.eben.android.help.PermissionsStorageActivity,performPause]
05-12 10:20:47.757 621 876 I wm_add_to_stopping: [0,169676159,cn.eben.sync/cn.eben.android.help.PermissionsStorageActivity,completeFinishing]
05-12 10:20:47.757 621 876 I wm_set_resumed_activity: [0,com.android.launcher3/.uioverrides.QuickstepLauncher,resumeTopActivity]
05-12 10:20:47.761 621 876 I wm_resume_activity: [0,50487918,10757,com.android.launcher3/.uioverrides.QuickstepLauncher]
05-12 10:20:47.766 621 641 V WindowManager: Unknown focus tokens, dropping reportFocusChanged
05-12 10:20:47.767 621 641 I sysui_multi_action: [757,803,799,window_time_0,802,1]
05-12 10:20:47.779 1056 1056 I wm_on_restart_called: [50487918,com.android.launcher3.uioverrides.QuickstepLauncher,performRestartActivity]
05-12 10:20:47.780 1056 1056 I wm_on_start_called: [50487918,com.android.launcher3.uioverrides.QuickstepLauncher,handleStartActivity]
05-12 10:20:47.781 1056 1056 I wm_on_resume_called: [50487918,com.android.launcher3.uioverrides.QuickstepLauncher,RESUME_ACTIVITY]
05-12 10:20:47.781 1056 1056 I wm_on_top_resumed_gained_called: [50487918,com.android.launcher3.uioverrides.QuickstepLauncher,topWhenResuming]
05-12 10:20:47.804 621 642 I input_focus: [Focus request e95dfe5 com.android.launcher3/com.android.launcher3.uioverrides.QuickstepLauncher,reason=UpdateInputWindows]
05-12 10:20:47.851 621 703 I input_focus: [Focus entering e95dfe5 com.android.launcher3/com.android.launcher3.uioverrides.QuickstepLauncher (server),reason=Window became focusable. Previous reason: NOT_VISIBLE]
05-12 10:20:48.003 1306 1306 W ContextImpl: Calling a method in the system process without a qualified user: android.app.ContextImpl.sendBroadcast:1181 android.content.ContextWrapper.sendBroadcast:479 cn.eben.newweather.DateWeatherService.a:19 cn.eben.newweather.DateWeatherService.a:0 cn.eben.newweather.DateWeatherService$1.handleMessage:7
05-12 10:20:48.209 621 641 I wm_destroy_activity: [0,169676159,10772,cn.eben.sync/cn.eben.android.help.PermissionsStorageActivity,finish-imm:idle]
05-12 10:20:48.231 1686 1686 I wm_on_stop_called: [169676159,cn.eben.android.help.PermissionsStorageActivity,LIFECYCLER_STOP_ACTIVITY]
05-12 10:20:48.234 1686 1686 I wm_on_destroy_called: [169676159,cn.eben.android.help.PermissionsStorageActivity,performDestroy]
05-12 10:20:48.241 621 635 I wm_task_removed: [10772,removeChild:removeChild last r=ActivityRecord{a1d0d7f u0 cn.eben.sync/cn.eben.android.help.PermissionsStorageActivity t-1 f}} in t=Task{7b5a14c #10772 type=standard A=10063:cn.eben.sync U=0 visible=false visibleRequested=false mode=fullscreen translucent=true sz=0}]
05-12 10:20:48.241 621 635 I wm_task_removed: [10772,removeChild]
05-12 10:20:48.246 621 642 W ActivityTaskManager: Can't find TaskDisplayArea to determine support for multi window. Task id=10772 attached=false
05-12 10:20:48.246 621 642 W ActivityTaskManager: Can't find TaskDisplayArea to determine support for multi window. Task id=10772 attached=false
05-12 10:20:49.005 1306 1306 W ContextImpl: Calling a method in the system process without a qualified user: android.app.ContextImpl.sendBroadcast:1181 android.content.ContextWrapper.sendBroadcast:479 cn.eben.newweather.DateWeatherService.a:19 cn.eben.newweather.DateWeatherService.a:0 cn.eben.newweather.DateWeatherService$1.handleMessage:7
05-12 10:20:50.003 1306 1306 W ContextImpl: Calling a method in the system process without a qualified user: android.app.ContextImpl.sendBroadcast:1181 android.content.ContextWrapper.sendBroadcast:479 cn.eben.newweather.DateWeatherService.a:19 cn.eben.newweather.DateWeatherService.a:0 cn.eben.newweather.DateWeatherService$1.handleMessage:7
05-12 10:20:51.003 1306 1306 W ContextImpl: Calling a method in the system process without a qualified user: android.app.ContextImpl.sendBroadcast:1181 android.content.ContextWrapper.sendBroadcast:479 cn.eben.newweather.DateWeatherService.a:19 cn.eben.newweather.DateWeatherService.a:0 cn.eben.newweather.DateWeatherService$1.handleMessage:7
05-12 10:20:51.254 621 1268 E TaskPersister: File error accessing recents directory (directory doesn't exist?).
05-12 10:20:51.717 621 703 I input_interaction: Interaction with: 1b2034c StatusBar (server), PointerEventDispatcher0 (server),
05-12 10:20:51.724 775 775 I sysui_multi_action: [757,803,799,panel_open,802,1]
05-12 10:20:51.729 775 775 I sysui_multi_action: [757,1328,758,4,1326,16,1327,1,1329,0]
05-12 10:20:51.781 621 635 I sysui_multi_action: [757,127,758,1]
05-12 10:20:51.781 621 635 I sysui_multi_action: [757,804,799,note_load,801,2,802,1]
05-12 10:20:51.781 621 635 I notification_panel_revealed: 2
05-12 10:20:51.796 621 642 I input_focus: [Focus request 8c17c23 NotificationShade,reason=UpdateInputWindows]
05-12 10:20:51.822 621 703 I input_focus: [Focus leaving e95dfe5 com.android.launcher3/com.android.launcher3.uioverrides.QuickstepLauncher (server),reason=Waiting for window because NO_WINDOW]
05-12 10:20:51.822 621 703 I input_focus: [Focus entering 8c17c23 NotificationShade (server),reason=Window became focusable. Previous reason: NO_WINDOW]
05-12 10:20:52.002 1306 1306 W ContextImpl: Calling a method in the system process without a qualified user: android.app.ContextImpl.sendBroadcast:1181 android.content.ContextWrapper.sendBroadcast:479 cn.eben.newweather.DateWeatherService.a:19 cn.eben.newweather.DateWeatherService.a:0 cn.eben.newweather.DateWeatherService$1.handleMessage:7
05-12 10:20:52.320 621 635 I sysui_multi_action: [757,128,758,1,793,3948818,794,0,795,3948818,796,55,798,1,806,android,857,DEVELOPER,858,2,947,0,1395,2,1500,368898,1688,1]
