05-12 10:53:57.898 1 1 I init : Command 'write /config/usb_gadget/g1/UDC ${sys.usb.controller}' action=sys.usb.config=adb && sys.usb.configfs=1 && sys.usb.ffs.ready=1 (/system/etc/init/hw/init.usb.configfs.rc:23) took 0ms and failed: Unable to write to file '/config/usb_gadget/g1/UDC': Unable to write file contents: Device or resource busy
05-12 10:31:09.874 621 701 D WiredAccessoryManager: state.contains(CDP=) return
05-12 10:31:09.874 621 701 D WiredAccessoryManager: state.contains(CDP=) return
05-12 10:31:09.874 621 701 D WiredAccessoryManager: state.contains(CDP=) return
05-12 10:31:09.874 621 701 D WiredAccessoryManager: state.contains(CDP=) return
05-12 10:31:09.874 621 701 D WiredAccessoryManager: state.contains(CDP=) return
05-12 10:31:09.874 621 701 D WiredAccessoryManager: state.contains(CDP=) return
05-12 10:31:09.874 621 701 D WiredAccessoryManager: state.contains(CDP=) return
05-12 10:53:57.956 196 196 I xhci-hcd.9.auto: xHCI Host Controller
05-12 10:53:57.957 196 196 I xhci-hcd.9.auto: new USB bus registered, assigned bus number 3
05-12 10:53:57.957 196 196 I xhci-hcd.9.auto: hcc params 0x0220fe64 hci version 0x110 quirks 0x0000002002010010
05-12 10:53:57.957 196 196 I xhci-hcd.9.auto: irq 112, io mem 0xfc000000
05-12 10:53:57.957 196 196 I usb3 : New USB device found, idVendor=1d6b, idProduct=0002, bcdDevice= 5.10
05-12 10:53:57.957 196 196 I usb3 : New USB device strings: Mfr=3, Product=2, SerialNumber=1
05-12 10:53:57.957 196 196 I usb3 : Product: xHCI Host Controller
05-12 10:53:57.957 196 196 I usb3 : Manufacturer: Linux 5.10.66 xhci-hcd
05-12 10:53:57.957 196 196 I usb3 : SerialNumber: xhci-hcd.9.auto
05-12 10:53:57.957 196 196 I hub 3-0 : 1.0: USB hub found
05-12 10:53:57.957 196 196 I hub 3-0 : 1.0: 1 port detected
05-12 10:53:57.958 196 196 I xhci-hcd.9.auto: xHCI Host Controller
05-12 10:53:57.958 196 196 I xhci-hcd.9.auto: new USB bus registered, assigned bus number 4
05-12 10:53:57.958 196 196 I xhci-hcd.9.auto: Host supports USB 3.0 SuperSpeed
05-12 10:53:57.958 196 196 I usb4 : We don't know the algorithms for LPM for this host, disabling LPM.
05-12 10:53:57.958 196 196 I usb4 : New USB device found, idVendor=1d6b, idProduct=0003, bcdDevice= 5.10
05-12 10:53:57.958 196 196 I usb4 : New USB device strings: Mfr=3, Product=2, SerialNumber=1
05-12 10:53:57.958 196 196 I usb4 : Product: xHCI Host Controller
05-12 10:53:57.958 196 196 I usb4 : Manufacturer: Linux 5.10.66 xhci-hcd
05-12 10:53:57.958 196 196 I usb4 : SerialNumber: xhci-hcd.9.auto
05-12 10:53:57.958 196 196 I hub 4-0 : 1.0: USB hub found
05-12 10:53:57.958 196 196 I hub 4-0 : 1.0: 1 port detected
05-12 10:31:10.001 1306 1306 W ContextImpl: Calling a method in the system process without a qualified user: android.app.ContextImpl.sendBroadcast:1181 android.content.ContextWrapper.sendBroadcast:479 cn.eben.newweather.DateWeatherService.a:19 cn.eben.newweather.DateWeatherService.a:0 cn.eben.newweather.DateWeatherService$1.handleMessage:7
05-12 10:53:58.940 543 543 I : read descriptors
05-12 10:53:58.940 543 543 I : read strings
05-12 10:53:58.942 1 1 I init : processing action (sys.usb.config=adb && sys.usb.configfs=1 && sys.usb.ffs.ready=1) from (/system/etc/init/hw/init.usb.configfs.rc:20)
05-12 10:53:58.945 1 1 I init : Command 'symlink /config/usb_gadget/g1/functions/ffs.adb /config/usb_gadget/g1/configs/b.1/f1' action=sys.usb.config=adb && sys.usb.configfs=1 && sys.usb.ffs.ready=1 (/system/etc/init/hw/init.usb.configfs.rc:22) took 1ms and failed: symlink() failed: File exists
05-12 10:53:58.947 1 1 I init : Command 'write /config/usb_gadget/g1/UDC ${sys.usb.controller}' action=sys.usb.config=adb && sys.usb.configfs=1 && sys.usb.ffs.ready=1 (/system/etc/init/hw/init.usb.configfs.rc:23) took 1ms and failed: Unable to write to file '/config/usb_gadget/g1/UDC': Unable to write file contents: Device or resource busy
05-12 10:31:11.002 1306 1306 W ContextImpl: Calling a method in the system process without a qualified user: android.app.ContextImpl.sendBroadcast:1181 android.content.ContextWrapper.sendBroadcast:479 cn.eben.newweather.DateWeatherService.a:19 cn.eben.newweather.DateWeatherService.a:0 cn.eben.newweather.DateWeatherService$1.handleMessage:7
05-12 10:53:59.197 2922 2922 I usb 4-1 : new SuperSpeed Gen 1 USB device number 2 using xhci-hcd
05-12 10:53:59.215 2922 2922 I usb 4-1 : New USB device found, idVendor=2109, idProduct=0817, bcdDevice=90.43
05-12 10:53:59.215 2922 2922 I usb 4-1 : New USB device strings: Mfr=1, Product=2, SerialNumber=0
05-12 10:53:59.215 2922 2922 I usb 4-1 : Product: USB3.0 Hub
05-12 10:53:59.215 2922 2922 I usb 4-1 : Manufacturer: VIA Labs, Inc.
05-12 10:53:59.251 2922 2922 I hub 4-1 : 1.0: USB hub found
05-12 10:53:59.252 2922 2922 I hub 4-1 : 1.0: 4 ports detected
05-12 10:53:59.343 3256 3256 I usb 3-1 : new high-speed USB device number 2 using xhci-hcd
05-12 10:53:59.485 3256 3256 I usb 3-1 : New USB device found, idVendor=2109, idProduct=2817, bcdDevice=90.43
05-12 10:53:59.485 3256 3256 I usb 3-1 : New USB device strings: Mfr=1, Product=2, SerialNumber=0
05-12 10:53:59.485 3256 3256 I usb 3-1 : Product: USB2.0 Hub
05-12 10:53:59.485 3256 3256 I usb 3-1 : Manufacturer: VIA Labs, Inc.
05-12 10:53:59.539 3256 3256 I hub 3-1 : 1.0: USB hub found
05-12 10:53:59.540 3256 3256 I hub 3-1 : 1.0: 5 ports detected
05-12 10:53:59.900 3256 3256 I usb 4-1.1: new SuperSpeed Gen 1 USB device number 3 using xhci-hcd
05-12 10:53:59.922 3256 3256 I usb 4-1.1: New USB device found, idVendor=05e3, idProduct=0749, bcdDevice=15.35
05-12 10:53:59.922 3256 3256 I usb 4-1.1: New USB device strings: Mfr=3, Product=4, SerialNumber=5
05-12 10:53:59.922 3256 3256 I usb 4-1.1: Product: USB3.0 Card Reader
05-12 10:53:59.922 3256 3256 I usb 4-1.1: Manufacturer: Generic
05-12 10:53:59.922 3256 3256 I usb 4-1.1: SerialNumber: 000000001536
05-12 10:53:59.931 3256 3256 I usb-storage 4-1.1: 1.0: USB Mass Storage device detected
05-12 10:53:59.935 3256 3256 I usb-storage 4-1.1: 1.0: Quirks match for vid 05e3 pid 0749: 420
05-12 10:53:59.935 3256 3256 I scsi host0: usb-storage 4-1.1:1.0
05-12 10:31:11.858 621 774 D UsbHostManager: USB device attached: vidpid 05e3:0749 mfg/product/ver/serial Generic/USB3.0 Card Reader/15.35/000000001536 hasAudio/HID/Storage: false/false/true
05-12 10:31:11.865 621 774 D UsbHostManager: Ignore unallowed usb device
05-12 10:53:59.997 543 543 I : read descriptors
05-12 10:53:59.997 543 543 I : read strings
05-12 10:53:59.999 1 1 I init : processing action (sys.usb.config=adb && sys.usb.configfs=1 && sys.usb.ffs.ready=1) from (/system/etc/init/hw/init.usb.configfs.rc:20)
05-12 10:54:00.000 1 1 I init : Command 'symlink /config/usb_gadget/g1/functions/ffs.adb /config/usb_gadget/g1/configs/b.1/f1' action=sys.usb.config=adb && sys.usb.configfs=1 && sys.usb.ffs.ready=1 (/system/etc/init/hw/init.usb.configfs.rc:22) took 0ms and failed: symlink() failed: File exists
05-12 10:54:00.001 1 1 I init : Command 'write /config/usb_gadget/g1/UDC ${sys.usb.controller}' action=sys.usb.config=adb && sys.usb.configfs=1 && sys.usb.ffs.ready=1 (/system/etc/init/hw/init.usb.configfs.rc:23) took 0ms and failed: Unable to write to file '/config/usb_gadget/g1/UDC': Unable to write file contents: Device or resource busy
05-12 10:54:00.013 3256 3256 I usb 4-1.3: new SuperSpeed Gen 1 USB device number 4 using xhci-hcd
05-12 10:54:00.045 3256 3256 I usb 4-1.3: New USB device found, idVendor=0bda, idProduct=0412, bcdDevice= 1.43
05-12 10:54:00.045 3256 3256 I usb 4-1.3: New USB device strings: Mfr=1, Product=2, SerialNumber=0
05-12 10:54:00.045 3256 3256 I usb 4-1.3: Product: 4-Port USB 3.0 Hub
05-12 10:54:00.045 3256 3256 I usb 4-1.3: Manufacturer: Generic
05-12 10:54:00.072 3256 3256 I hub 4-1.3: 1.0: USB hub found
05-12 10:54:00.073 3256 3256 I hub 4-1.3: 1.0: 2 ports detected
05-12 10:31:12.002 1306 1306 W ContextImpl: Calling a method in the system process without a qualified user: android.app.ContextImpl.sendBroadcast:1181 android.content.ContextWrapper.sendBroadcast:479 cn.eben.newweather.DateWeatherService.a:19 cn.eben.newweather.DateWeatherService.a:0 cn.eben.newweather.DateWeatherService$1.handleMessage:7
05-12 10:54:00.319 2922 2922 I usb 3-1.3: new high-speed USB device number 3 using xhci-hcd
05-12 10:54:00.477 2922 2922 I usb 3-1.3: New USB device found, idVendor=0bda, idProduct=5412, bcdDevice= 1.43
05-12 10:54:00.477 2922 2922 I usb 3-1.3: New USB device strings: Mfr=1, Product=2, SerialNumber=0
05-12 10:54:00.477 2922 2922 I usb 3-1.3: Product: 4-Port USB 2.0 Hub
05-12 10:54:00.477 2922 2922 I usb 3-1.3: Manufacturer: Generic
05-12 10:54:00.532 2922 2922 I hub 3-1.3: 1.0: USB hub found
05-12 10:54:00.534 2922 2922 I hub 3-1.3: 1.0: 2 ports detected
05-12 10:54:00.952 3324 3324 I scsi 0 : 0:0:0: Direct-Access Generic MassStorageClass 1536 PQ: 0 ANSI: 6
05-12 10:54:00.954 3324 3324 I scsi 0 : 0:0:1: Direct-Access Generic MassStorageClass 1536 PQ: 0 ANSI: 6
05-12 10:54:00.958 3324 3324 I sd 0 : 0:0:0: Attached scsi generic sg0 type 0
05-12 10:54:00.964 3324 3324 I sd 0 : 0:0:1: Attached scsi generic sg1 type 0
05-12 10:54:01.087 543 543 I : read descriptors
05-12 10:54:01.087 543 543 I : read strings
05-12 10:54:01.089 1 1 I init : processing action (sys.usb.config=adb && sys.usb.configfs=1 && sys.usb.ffs.ready=1) from (/system/etc/init/hw/init.usb.configfs.rc:20)
05-12 10:31:13.002 1306 1306 W ContextImpl: Calling a method in the system process without a qualified user: android.app.ContextImpl.sendBroadcast:1181 android.content.ContextWrapper.sendBroadcast:479 cn.eben.newweather.DateWeatherService.a:19 cn.eben.newweather.DateWeatherService.a:0 cn.eben.newweather.DateWeatherService$1.handleMessage:7
05-12 10:31:13.096 52 52 I auditd : type=1400 audit(0.0:685): avc: denied { create } for comm="kdevtmpfs" name="sda" scontext=u:r:kernel:s0 tcontext=u:object_r:device:s0 tclass=blk_file permissive=1
05-12 10:31:13.096 52 52 I auditd : type=1400 audit(0.0:686): avc: denied { setattr } for comm="kdevtmpfs" name="sda" dev="devtmpfs" ino=225 scontext=u:r:kernel:s0 tcontext=u:object_r:device:s0 tclass=blk_file permissive=1
05-12 10:31:13.096 287 287 I auditd : type=1400 audit(0.0:687): avc: denied { open } for comm="Binder:287_2" path="/data/system/runtime_usbids" dev="dm-7" ino=1338 scontext=u:r:vold:s0 tcontext=u:object_r:system_data_file:s0 tclass=file permissive=1 bug=b/124108085
05-12 10:31:13.096 287 287 I auditd : type=1400 audit(0.0:688): avc: denied { getattr } for comm="Binder:287_2" path="/data/system/runtime_usbids" dev="dm-7" ino=1338 scontext=u:r:vold:s0 tcontext=u:object_r:system_data_file:s0 tclass=file permissive=1 bug=b/124108085
05-12 10:31:13.101 287 315 D vold : Unallowed device:
05-12 10:54:01.369 3325 3325 I sd 0 : 0:0:0: [sda] Attached SCSI removable disk
05-12 10:31:13.302 287 315 D vold : Unallowed device:
05-12 10:54:01.390 3032 3032 I sd 0 : 0:0:1: [sdb] Attached SCSI removable disk
05-12 10:54:01.393 3416 3416 I usb 4-1.4: new SuperSpeed Gen 1 USB device number 5 using xhci-hcd
05-12 10:54:01.411 3416 3416 I usb 4-1.4: New USB device found, idVendor=0bda, idProduct=8153, bcdDevice=31.00
05-12 10:54:01.411 3416 3416 I usb 4-1.4: New USB device strings: Mfr=1, Product=2, SerialNumber=6
05-12 10:54:01.411 3416 3416 I usb 4-1.4: Product: USB 10/100/1000 LAN
05-12 10:54:01.411 3416 3416 I usb 4-1.4: Manufacturer: Realtek
05-12 10:54:01.411 3416 3416 I usb 4-1.4: SerialNumber: 001000001
05-12 10:54:01.587 3416 3416 I usb 4-1.4: reset SuperSpeed Gen 1 USB device number 5 using xhci-hcd
05-12 10:54:01.626 2922 2922 W r8152 4-1.4: 1.0: Direct firmware load for rtl_nic/rtl8153b-2.fw failed with error -2
05-12 10:54:01.626 2922 2922 W r8152 4-1.4: 1.0: unable to load firmware patch rtl_nic/rtl8153b-2.fw (-2)
05-12 10:31:13.589 621 774 D UsbHostManager: USB device attached: vidpid 0bda:8153 mfg/product/ver/serial Realtek/USB 10/100/1000 LAN/31.00/001000001 hasAudio/HID/Storage: false/false/false
05-12 10:54:01.672 3416 3416 I r8152 4-1.4: 1.0 eth1: v1.11.11
05-12 10:31:13.594 621 774 D UsbHostManager: Added device UsbDevice[mName=/dev/bus/usb/004/005,mVendorId=3034,mProductId=33107,mClass=0,mSubclass=0,mProtocol=0,mManufacturerName=Realtek,mProductName=USB 10/100/1000 LAN,mVersion=31.00,mSerialNumberReader=com.android.server.usb.UsbSerialReader@f746460, mHasAudioPlayback=false, mHasAudioCapture=false, mHasMidi=false, mHasVideoCapture=false, mHasVideoPlayback=false, mConfigurations=[
05-12 10:31:13.594 621 774 D UsbHostManager: UsbConfiguration[mId=1,mName=null,mAttributes=160,mMaxPower=36,mInterfaces=[
05-12 10:31:13.594 621 774 D UsbHostManager: UsbInterface[mId=0,mAlternateSetting=0,mName=null,mClass=255,mSubclass=255,mProtocol=0,mEndpoints=[
05-12 10:31:13.594 621 774 D UsbHostManager: UsbEndpoint[mAddress=129,mAttributes=2,mMaxPacketSize=1024,mInterval=0]
05-12 10:31:13.594 621 774 D UsbHostManager: UsbEndpoint[mAddress=2,mAttributes=2,mMaxPacketSize=1024,mInterval=0]
05-12 10:31:13.594 621 774 D UsbHostManager: UsbEndpoint[mAddress=131,mAttributes=3,mMaxPacketSize=2,mInterval=8]]]
05-12 10:31:13.594 621 774 D UsbHostManager: UsbConfiguration[mId=2,mName=null,mAttributes=160,mMaxPower=36,mInterfaces=[
05-12 10:31:13.594 621 774 D UsbHostManager: UsbInterface[mId=0,mAlternateSetting=0,mName=CDC Communications Control,mClass=2,mSubclass=6,mProtocol=0,mEndpoints=[
05-12 10:31:13.594 621 774 D UsbHostManager: UsbEndpoint[mAddress=131,mAttributes=3,mMaxPacketSize=16,mInterval=8]]
05-12 10:31:13.594 621 774 D UsbHostManager: UsbInterface[mId=1,mAlternateSetting=0,mName=null,mClass=10,mSubclass=0,mProtocol=0,mEndpoints=[]
05-12 10:31:13.594 621 774 D UsbHostManager: UsbInterface[mId=1,mAlternateSetting=1,mName=Ethernet Data,mClass=10,mSubclass=0,mProtocol=0,mEndpoints=[
05-12 10:31:13.594 621 774 D UsbHostManager: UsbEndpoint[mAddress=129,mAttributes=2,mMaxPacketSize=1024,mInterval=0]
05-12 10:31:13.594 621 774 D UsbHostManager: UsbEndpoint[mAddress=2,mAttributes=2,mMaxPacketSize=1024,mInterval=0]]]]
05-12 10:31:13.598 621 647 I am_uid_running: 10019
05-12 10:31:13.604 621 774 I ActivityTaskManager: START u0 {act=android.hardware.usb.action.USB_DEVICE_ATTACHED flg=0x11000000 cmp=com.android.mtp/.ReceiverActivity (has extras)} from uid 1000
05-12 10:31:13.607 621 774 I wm_task_created: [10777,-1]
05-12 10:31:13.607 621 774 W ActivityTaskManager: Can't find TaskDisplayArea to determine support for multi window. Task id=10777 attached=false
05-12 10:31:13.613 621 648 I am_proc_start: [0,3423,10019,android.process.media,broadcast,{com.android.mtp/com.android.mtp.UsbIntentReceiver}]
05-12 10:31:13.613 621 648 I ActivityManager: Start proc 3423:android.process.media/u0a19 for broadcast {com.android.mtp/com.android.mtp.UsbIntentReceiver}
05-12 10:31:13.615 621 774 I wm_task_moved: [10777,1,9]
05-12 10:31:13.615 621 774 I wm_task_to_front: [0,10777]
05-12 10:31:13.617 621 774 I wm_create_task: [0,10777]
05-12 10:31:13.617 621 774 I wm_create_activity: [0,266692177,10777,com.android.mtp/.ReceiverActivity,android.hardware.usb.action.USB_DEVICE_ATTACHED,NULL,NULL,293601280]
05-12 10:31:13.617 621 774 I wm_task_moved: [10777,1,9]
05-12 10:31:13.619 621 774 I wm_pause_activity: [0,130231021,com.eben.browser/.MainActivity,userLeaving=true,pauseBackTasks]
05-12 10:31:13.620 3101 3101 I wm_on_top_resumed_lost_called: [130231021,com.eben.browser.MainActivity,topStateChangedWhenResumed]
05-12 10:31:13.632 621 3248 I am_proc_bound: [0,3423,android.process.media]
05-12 10:31:13.632 3101 3101 I wm_on_paused_called: [130231021,com.eben.browser.MainActivity,performPause]
05-12 10:31:13.637 621 3248 I wm_restart_activity: [0,266692177,10777,com.android.mtp/.ReceiverActivity]
05-12 10:31:13.638 621 3248 I wm_set_resumed_activity: [0,com.android.mtp/.ReceiverActivity,minimalResumeActivityLocked]
05-12 10:31:13.639 621 3248 I am_uid_active: 10019
05-12 10:31:13.641 621 641 I sysui_multi_action: [757,803,799,window_time_0,802,67]
05-12 10:31:13.682 621 3248 I wm_finish_activity: [0,266692177,10777,com.android.mtp/.ReceiverActivity,app-request]
05-12 10:31:13.682 621 3248 I wm_task_moved: [10773,1,9]
05-12 10:31:13.682 621 3248 I wm_task_to_front: [0,10773]
05-12 10:31:13.682 621 3248 I wm_focused_root_task: [0,0,10773,10777,finish-top adjustFocusToNextFocusableTask]
05-12 10:31:13.682 621 3248 I wm_pause_activity: [0,266692177,com.android.mtp/.ReceiverActivity,userLeaving=false,finish]
05-12 10:31:13.683 621 642 I input_focus: [Focus request 2c83476 com.eben.browser/com.eben.browser.MainActivity,reason=UpdateInputWindows]
05-12 10:31:13.683 3423 3423 I wm_on_create_called: [266692177,com.android.mtp.ReceiverActivity,performCreate]
05-12 10:31:13.683 621 641 I sysui_multi_action: [757,1144,758,8,806,com.android.mtp,871,com.android.mtp.ReceiverActivity]
05-12 10:31:13.687 621 635 I wm_set_resumed_activity: [0,com.eben.browser/.MainActivity,resumeTopActivity]
05-12 10:31:13.687 621 635 I wm_resume_activity: [0,130231021,10773,com.eben.browser/.MainActivity]
05-12 10:31:13.691 621 641 I sysui_multi_action: [757,803,799,window_time_0,802,0]
05-12 10:31:13.695 3101 3101 I wm_on_resume_called: [130231021,com.eben.browser.MainActivity,RESUME_ACTIVITY]
05-12 10:31:13.696 3101 3101 I wm_on_top_resumed_gained_called: [130231021,com.eben.browser.MainActivity,topWhenResuming]
05-12 10:31:13.703 621 646 I am_pss : [3101,10057,com.eben.browser,125870080,112234496,0,273612800,0,2,9]
05-12 10:31:14.002 1306 1306 W ContextImpl: Calling a method in the system process without a qualified user: android.app.ContextImpl.sendBroadcast:1181 android.content.ContextWrapper.sendBroadcast:479 cn.eben.newweather.DateWeatherService.a:19 cn.eben.newweather.DateWeatherService.a:0 cn.eben.newweather.DateWeatherService$1.handleMessage:7
05-12 10:54:02.123 543 543 I : read descriptors
05-12 10:54:02.123 543 543 I : read strings
05-12 10:31:14.081 621 635 I wm_destroy_activity: [0,266692177,10777,com.android.mtp/.ReceiverActivity,finish-idle]
05-12 10:31:14.084 3423 3423 I wm_on_destroy_called: [266692177,com.android.mtp.ReceiverActivity,performDestroy]
05-12 10:31:14.085 621 635 I wm_task_removed: [10777,removeChild:removeChild last r=ActivityRecord{fe56651 u0 com.android.mtp/.ReceiverActivity t-1 f}} in t=Task{b25f89b #10777 type=standard A=10019:com.android.mtp U=0 visible=false visibleRequested=false mode=fullscreen translucent=true sz=0}]
05-12 10:31:14.085 621 635 I wm_task_removed: [10777,removeChild]
05-12 10:31:15.002 1306 1306 W ContextImpl: Calling a method in the system process without a qualified user: android.app.ContextImpl.sendBroadcast:1181 android.content.ContextWrapper.sendBroadcast:479 cn.eben.newweather.DateWeatherService.a:19 cn.eben.newweather.DateWeatherService.a:0 cn.eben.newweather.DateWeatherService$1.handleMessage:7
05-12 10:54:03.177 543 543 I : read descriptors
05-12 10:54:03.177 543 543 I : read strings
05-12 10:54:03.180 1 1 I init : processing action (sys.usb.config=adb && sys.usb.configfs=1 && sys.usb.ffs.ready=1) from (/system/etc/init/hw/init.usb.configfs.rc:20)
05-12 10:54:03.182 1 1 I init : Command 'symlink /config/usb_gadget/g1/functions/ffs.adb /config/usb_gadget/g1/configs/b.1/f1' action=sys.usb.config=adb && sys.usb.configfs=1 && sys.usb.ffs.ready=1 (/system/etc/init/hw/init.usb.configfs.rc:22) took 0ms and failed: symlink() failed: File exists
05-12 10:54:03.183 1 1 I init : Command 'write /config/usb_gadget/g1/UDC ${sys.usb.controller}' action=sys.usb.config=adb && sys.usb.configfs=1 && sys.usb.ffs.ready=1 (/system/etc/init/hw/init.usb.configfs.rc:23) took 0ms and failed: Unable to write to file '/config/usb_gadget/g1/UDC': Unable to write file contents: Device or resource busy
05-12 10:31:16.002 1306 1306 W ContextImpl: Calling a method in the system process without a qualified user: android.app.ContextImpl.sendBroadcast:1181 android.content.ContextWrapper.sendBroadcast:479 cn.eben.newweather.DateWeatherService.a:19 cn.eben.newweather.DateWeatherService.a:0 cn.eben.newweather.DateWeatherService$1.handleMessage:7
05-12 10:54:04.224 543 543 I : read descriptors
05-12 10:54:04.224 543 543 I : read strings
05-12 10:54:04.226 1 1 I init : processing action (sys.usb.config=adb && sys.usb.configfs=1 && sys.usb.ffs.ready=1) from (/system/etc/init/hw/init.usb.configfs.rc:20)
05-12 10:54:04.230 1 1 I init : Command 'symlink /config/usb_gadget/g1/functions/ffs.adb /config/usb_gadget/g1/configs/b.1/f1' action=sys.usb.config=adb && sys.usb.configfs=1 && sys.usb.ffs.ready=1 (/system/etc/init/hw/init.usb.configfs.rc:22) took 1ms and failed: symlink() failed: File exists
05-12 10:54:04.231 1 1 I init : Command 'write /config/usb_gadget/g1/UDC ${sys.usb.controller}' action=sys.usb.config=adb && sys.usb.configfs=1 && sys.usb.ffs.ready=1 (/system/etc/init/hw/init.usb.configfs.rc:23) took 1ms and failed: Unable to write to file '/config/usb_gadget/g1/UDC': Unable to write file contents: Device or resource busy
05-12 10:54:04.333 3416 3416 I usb 3-1.5: new high-speed USB device number 5 using xhci-hcd
05-12 10:54:04.426 3416 3416 I usb 3-1.5: New USB device found, idVendor=2109, idProduct=8817, bcdDevice= 0.01
05-12 10:54:04.426 3416 3416 I usb 3-1.5: New USB device strings: Mfr=1, Product=2, SerialNumber=3
05-12 10:54:04.426 3416 3416 I usb 3-1.5: Product: USB Billboard Device
05-12 10:54:04.426 3416 3416 I usb 3-1.5: Manufacturer: VIA Labs, Inc.
05-12 10:54:04.426 3416 3416 I usb 3-1.5: SerialNumber: 0000000000000001
05-12 10:31:16.357 621 774 D UsbHostManager: USB device attached: vidpid 2109:8817 mfg/product/ver/serial VIA Labs, Inc. /USB Billboard Device /0.01/0000000000000001 hasAudio/HID/Storage: false/false/false
05-12 10:31:16.360 621 774 D UsbHostManager: Added device UsbDevice[mName=/dev/bus/usb/003/005,mVendorId=8457,mProductId=34839,mClass=17,mSubclass=0,mProtocol=0,mManufacturerName=VIA Labs, Inc. ,mProductName=USB Billboard Device ,mVersion=0.01,mSerialNumberReader=com.android.server.usb.UsbSerialReader@96f6a6f, mHasAudioPlayback=false, mHasAudioCapture=false, mHasMidi=false, mHasVideoCapture=false, mHasVideoPlayback=false, mConfigurations=[
05-12 10:31:16.360 621 774 D UsbHostManager: UsbConfiguration[mId=1,mName=0000000000000001,mAttributes=160,mMaxPower=50,mInterfaces=[
05-12 10:31:16.360 621 774 D UsbHostManager: UsbInterface[mId=0,mAlternateSetting=0,mName=0000000000000001,mClass=17,mSubclass=0,mProtocol=0,mEndpoints=[]]]
05-12 10:31:16.699 621 1268 E TaskPersister: File error accessing recents directory (directory doesn't exist?).
05-12 10:31:17.003 1306 1306 W ContextImpl: Calling a method in the system process without a qualified user: android.app.ContextImpl.sendBroadcast:1181 android.content.ContextWrapper.sendBroadcast:479 cn.eben.newweather.DateWeatherService.a:19 cn.eben.newweather.DateWeatherService.a:0 cn.eben.newweather.DateWeatherService$1.handleMessage:7
05-12 10:54:05.191 2922 2922 I IPv6 : ADDRCONF(NETDEV_CHANGE): eth1: link becomes ready
05-12 10:54:05.202 3416 3416 I r8152 4-1.4: 1.0 eth1: carrier on
05-12 10:54:05.300 543 543 I : read descriptors
05-12 10:54:05.300 543 543 I : read strings
05-12 10:54:05.304 1 1 I init : processing action (sys.usb.config=adb && sys.usb.configfs=1 && sys.usb.ffs.ready=1) from (/system/etc/init/hw/init.usb.configfs.rc:20)
05-12 10:54:05.306 1 1 I init : Command 'symlink /config/usb_gadget/g1/functions/ffs.adb /config/usb_gadget/g1/configs/b.1/f1' action=sys.usb.config=adb && sys.usb.configfs=1 && sys.usb.ffs.ready=1 (/system/etc/init/hw/init.usb.configfs.rc:22) took 0ms and failed: symlink() failed: File exists
05-12 10:54:05.307 1 1 I init : Command 'write /config/usb_gadget/g1/UDC ${sys.usb.controller}' action=sys.usb.config=adb && sys.usb.configfs=1 && sys.usb.ffs.ready=1 (/system/etc/init/hw/init.usb.configfs.rc:23) took 0ms and failed: Unable to write to file '/config/usb_gadget/g1/UDC': Unable to write file contents: Device or resource busy
05-12 10:31:18.002 1306 1306 W ContextImpl: Calling a method in the system process without a qualified user: android.app.ContextImpl.sendBroadcast:1181 android.content.ContextWrapper.sendBroadcast:479 cn.eben.newweather.DateWeatherService.a:19 cn.eben.newweather.DateWeatherService.a:0 cn.eben.newweather.DateWeatherService$1.handleMessage:7
05-12 10:54:06.364 543 543 I : read descriptors
05-12 10:54:06.364 543 543 I : read strings
05-12 10:54:06.366 1 1 I init : processing action (sys.usb.config=adb && sys.usb.configfs=1 && sys.usb.ffs.ready=1) from (/system/etc/init/hw/init.usb.configfs.rc:20)
05-12 10:54:06.746 0 0 I [ C0] nf_conntrack: default automatic helper assignment has been turned off for security reasons and CT-based firewall rule not found. Use the iptables CT target to attach helpers instead.
05-12 10:31:19.003 1306 1306 W ContextImpl: Calling a method in the system process without a qualified user: android.app.ContextImpl.sendBroadcast:1181 android.content.ContextWrapper.sendBroadcast:479 cn.eben.newweather.DateWeatherService.a:19 cn.eben.newweather.DateWeatherService.a:0 cn.eben.newweather.DateWeatherService$1.handleMessage:7
05-12 10:54:07.433 543 543 I : read descriptors
05-12 10:54:07.433 543 543 I : read strings
05-12 10:31:19.360 621 725 I netstats_mobile_sample: [0,0,0,0,0,0,0,0,0,0,0,0,1747017079359]
05-12 10:31:19.360 621 725 I netstats_wifi_sample: [0,0,0,0,0,0,0,0,0,0,0,0,1747017079359]
05-12 10:31:19.397 621 725 I netstats_mobile_sample: [0,0,0,0,0,0,0,0,0,0,0,0,1747017079397]
05-12 10:31:19.397 621 725 I netstats_wifi_sample: [0,0,0,0,0,0,0,0,0,0,0,0,1747017079397]
05-12 10:31:19.410 621 640 I DropBoxManagerService: add tag=system_server_strictmode isTagEnabled=true flags=0x2
05-12 10:31:19.420 621 725 W ContextImpl: Calling a method in the system process without a qualified user: android.app.ContextImpl.sendStickyBroadcast:1567 com.android.server.ConnectivityService.sendStickyBroadcast:2811 com.android.server.ConnectivityService.sendGeneralBroadcast:2786 com.android.server.ConnectivityService.sendConnectedBroadcast:2759 com.android.server.ConnectivityService.sendLegacyNetworkBroadcast:8704
05-12 10:31:19.423 621 647 W BroadcastQueue: Target SDK mismatch: receiver ActivityInfo{46ec207 com.xiaomi.push.service.receivers.NetworkStatusReceiver} targets 26 but delivery restricted to [0, 23] broadcasting Intent { act=android.net.conn.CONNECTIVITY_CHANGE flg=0x4200010 (has extras) } from android (pid=621, uid=1000) to com.zhangyue.read.iReader/com.xiaomi.push.service.receivers.NetworkStatusReceiver
05-12 10:31:19.423 621 647 W BroadcastQueue: Target SDK mismatch: receiver ActivityInfo{ab0ef34 cn.eben.help.LoadAllReceiver} targets 28 but delivery restricted to [0, 23] broadcasting Intent { act=android.net.conn.CONNECTIVITY_CHANGE flg=0x4200010 (has extras) } from android (pid=621, uid=1000) to cn.eben.help/.LoadAllReceiver
05-12 10:31:19.424 621 647 W BroadcastQueue: Target SDK mismatch: receiver ActivityInfo{c6fe15d cn.eben.android.receiver.AppSyncReceiver} targets 27 but delivery restricted to [0, 23] broadcasting Intent { act=android.net.conn.CONNECTIVITY_CHANGE flg=0x4200010 (has extras) } from android (pid=621, uid=1000) to cn.eben.sync/cn.eben.android.receiver.AppSyncReceiver
05-12 10:31:19.427 621 647 I ActivityManager: com.ebensz.appmanager is exempt from freezer
05-12 10:31:19.445 621 648 I am_proc_start: [0,3472,1000,com.ebensz.appmanager,broadcast,{com.ebensz.appmanager/com.ebensz.appmanager.receiver.UploadMyAppsInfoReceiver}]
05-12 10:31:19.445 621 648 I ActivityManager: Start proc 3472:com.ebensz.appmanager/1000 for broadcast {com.ebensz.appmanager/com.ebensz.appmanager.receiver.UploadMyAppsInfoReceiver}
05-12 10:31:19.480 621 2478 I am_proc_bound: [0,3472,com.ebensz.appmanager]
05-12 10:31:19.551 621 957 I ntp_success: [asia.pool.ntp.org/122.155.180.231,129,5173]
05-12 10:31:24.729 621 696 E LazyAlarmStore: Removed TIME_TICK alarm
05-12 10:31:24.730 621 647 I am_wtf : [0,621,system_server,-1,LazyAlarmStore,Removed TIME_TICK alarm]
05-12 10:31:24.731 621 647 I DropBoxManagerService: add tag=system_server_wtf isTagEnabled=true flags=0x2
05-12 10:31:24.737 621 647 D ActivityManager: sync unfroze 1452 com.android.providers.calendar
05-12 10:31:24.738 621 647 I am_uid_active: 10023
05-12 10:31:24.738 621 694 I am_unfreeze: [1452,com.android.providers.calendar]
05-12 10:31:24.740 621 647 I am_uid_active: 10080
05-12 10:31:24.742 621 621 D DevicePolicyManager: updateSystemUpdateFreezePeriodsRecord
05-12 10:31:24.742 621 621 D ConditionProviders.SCP: onReceive android.intent.action.TIME_SET
05-12 10:31:24.743 621 621 D ConditionProviders.SCP: evaluateSubscriptionLocked cal=ScheduleCalendar[mDays={1, 2, 3, 4, 5, 6, 7}, mSchedule=ScheduleInfo{days=[1, 2, 3, 4, 5, 6, 7], startHour=22, startMinute=0, endHour=7, endMinute=0, exitAtAlarm=true, nextAlarm=Thu Jan 01 08:00:00 GMT+08:00 1970 (0)}], now=Mon May 12 10:31:24 GMT+08:00 2025 (1747017084742), nextUserAlarmTime=Thu Jan 01 08:00:00 GMT+08:00 1970 (0)
05-12 10:31:24.743 621 621 D ConditionProviders.SCP: notifyCondition condition://android/schedule?days=1.2.3.4.5.6.7&start=22.0&end=7.0&exitAtAlarm=true STATE_FALSE reason=!meetsSchedule
05-12 10:31:24.744 621 621 D ConditionProviders.SCP: Scheduling evaluate for Mon May 12 22:00:00 GMT+08:00 2025 (1747058400000), in +11h28m35s258ms, now=Mon May 12 10:31:24 GMT+08:00 2025 (1747017084742)
05-12 10:31:24.749 621 646 I UsageStatsService: User[0] Time changed in by 5 seconds
05-12 10:31:24.749 621 646 I UsageStatsService: User[0] Flushing usage stats to disk
05-12 10:31:24.767 621 732 W PermissionManagerService: Datasource AttributionSource { uid = 10023, packageName = com.android.providers.calendar, attributionTag = null, token = android.os.BinderProxy@3dd523d, next = android.content.AttributionSourceState@c78ca32 } protecting data with platform defined runtime permission android.permission.READ_CALENDAR while not having android.permission.UPDATE_APP_OPS_STATS
05-12 10:31:24.769 3472 3472 W ContextImpl: Calling a method in the system process without a qualified user: android.app.ContextImpl.startService:1824 android.content.ContextWrapper.startService:774 com.ebensz.appmanager.service.InstallService.startInstall:541 com.ebensz.appmanager.EAppManagerApp.onCreate:307 android.app.Instrumentation.callApplicationOnCreate:1223
05-12 10:31:24.771 3472 3472 W ContextImpl: Calling a method in the system process without a qualified user: android.app.ContextImpl.startService:1824 android.content.ContextWrapper.startService:774 com.ebensz.appmanager.service.VirusDataUpdateService.startVirusDataUpdateService:130 com.ebensz.appmanager.EAppManagerApp.onCreate:308 android.app.Instrumentation.callApplicationOnCreate:1223
05-12 10:31:24.775 621 732 W PermissionManagerService: Datasource AttributionSource { uid = 10023, packageName = com.android.providers.calendar, attributionTag = null, token = android.os.BinderProxy@3dd523d, next = android.content.AttributionSourceState@ec2d4df } protecting data with platform defined runtime permission android.permission.READ_CALENDAR while not having android.permission.UPDATE_APP_OPS_STATS
05-12 10:31:24.789 621 1125 I ActivityManager: com.ebensz.appmanager is exempt from freezer
05-12 10:31:24.803 621 648 I am_proc_start: [0,3504,1000,com.ebensz.appmanager:remote,content provider,{com.ebensz.appmanager/com.ebensz.appmanager.mydownloadmanager.DownloadProvider}]
05-12 10:31:24.803 621 648 I ActivityManager: Start proc 3504:com.ebensz.appmanager:remote/1000 for content provider {com.ebensz.appmanager/com.ebensz.appmanager.mydownloadmanager.DownloadProvider}
05-12 10:31:24.821 621 621 I am_uid_running: 10086
05-12 10:31:24.821 1306 1381 W ContextImpl: Calling a method in the system process without a qualified user: android.app.ContextImpl.startForegroundService:1830 android.content.ContextWrapper.startForegroundService:779 android.content.ContextWrapper.startForegroundService:779 cn.eben.newweather.DateWeatherAppWidget.a:28 cn.eben.newweather.DateWeatherAppWidget.a:1
05-12 10:31:24.822 621 725 W ContextImpl: Calling a method in the system process without a qualified user: android.app.ContextImpl.sendStickyBroadcast:1567 com.android.server.ConnectivityService.sendStickyBroadcast:2811 com.android.server.ConnectivityService.sendGeneralBroadcast:2786 com.android.server.ConnectivityService.sendInetConditionBroadcast:2763 com.android.server.ConnectivityService.updateInetCondition:8451
05-12 10:31:24.839 621 648 I am_proc_start: [0,3520,10086,com.android.remoteprovisioner,service,{com.android.remoteprovisioner/com.android.remoteprovisioner.PeriodicProvisioner}]
05-12 10:31:24.839 621 648 I ActivityManager: Start proc 3520:com.android.remoteprovisioner/u0a86 for service {com.android.remoteprovisioner/com.android.remoteprovisioner.PeriodicProvisioner}
05-12 10:54:07.752 447 447 I gsensor_mxc6655 5-0015: set sensor poll time to 50ms
05-12 10:31:24.846 621 2478 I sysui_multi_action: [757,856,758,1,806,cn.eben.newweather,857,Weather001,858,1]
05-12 10:31:24.853 621 1125 I am_proc_bound: [0,3504,com.ebensz.appmanager:remote]
05-12 10:31:24.856 621 621 I dvm_lock_sample: [system_server,1,main,5,ConnectivityController.java,1108,void com.android.server.job.controllers.ConnectivityController$CcHandler.handleMessage(android.os.Message),QuotaController.java,1451,void com.android.server.job.controllers.QuotaController.saveTimingSession(int, java.lang.String, com.android.server.job.controllers.QuotaController$TimingSession, boolean, long),1]
05-12 10:31:24.860 621 647 V ActivityManager: Attempted to start a foreground service (cn.eben.newweather/.service.WeatherIntentService) with a broken notification (no icon: Notification(channel=Weather001 shortcut=null contentView=null vibrate=null sound=null defaults=0x0 flags=0x40 color=0x00000000 vis=PRIVATE))
05-12 10:31:24.863 621 647 I ActivityManager: Deferring FGS notification in legacy app cn.eben.newweather/1000 : Notification(channel=Weather001 shortcut=null contentView=null vibrate=null sound=null defaults=0x0 flags=0x40 color=0x00000000 vis=PRIVATE)
05-12 10:31:24.865 621 700 I am_proc_bound: [0,3520,com.android.remoteprovisioner]
05-12 10:31:24.872 1306 3551 W ContextImpl: Calling a method in the system process without a qualified user: android.app.ContextImpl.sendBroadcast:1181 android.content.ContextWrapper.sendBroadcast:479 cn.eben.newweather.service.WeatherIntentService.onHandleIntent:24 android.app.IntentService$ServiceHandler.handleMessage:78 android.os.Handler.dispatchMessage:106
05-12 10:31:24.874 621 647 I am_wtf : [0,621,system_server,-1,ActivityManager,Sending non-protected broadcast ebensz.internal.action.ACTION_LOADING_DATA from system 1306:cn.eben.newweather/1000 pkg cn.eben.newweather]
05-12 10:31:24.874 621 647 I DropBoxManagerService: add tag=system_server_wtf isTagEnabled=true flags=0x2
05-12 10:31:24.895 3504 3504 W ContextImpl: Calling a method in the system process without a qualified user: android.app.ContextImpl.startService:1824 android.content.ContextWrapper.startService:774 com.ebensz.appmanager.mydownloadmanager.DownloadProvider.onCreate:532 android.content.ContentProvider.attachInfo:2404 android.content.ContentProvider.attachInfo:2374
05-12 10:31:24.912 3504 3504 W ContextImpl: Calling a method in the system process without a qualified user: android.app.ContextImpl.startService:1824 android.content.ContextWrapper.startService:774 com.ebensz.appmanager.service.InstallService.startInstall:541 com.ebensz.appmanager.EAppManagerApp.onCreate:307 android.app.Instrumentation.callApplicationOnCreate:1223
05-12 10:31:24.912 3472 3472 W ContextImpl: Calling a method in the system process without a qualified user: android.app.ContextImpl.startService:1824 android.content.ContextWrapper.startService:774 android.content.ContextWrapper.startService:774 com.ebensz.appmanager.service.UploadMyAppsInfoService.startUploadMyAppsInfoService:78 com.ebensz.appmanager.receiver.UploadMyAppsInfoReceiver.onReceive:33
05-12 10:31:24.913 3504 3504 W ContextImpl: Calling a method in the system process without a qualified user: android.app.ContextImpl.startService:1824 android.content.ContextWrapper.startService:774 com.ebensz.appmanager.service.VirusDataUpdateService.startVirusDataUpdateService:130 com.ebensz.appmanager.EAppManagerApp.onCreate:308 android.app.Instrumentation.callApplicationOnCreate:1223
05-12 10:31:24.945 621 640 I DropBoxManagerService: add tag=system_app_strictmode isTagEnabled=true flags=0x2
05-12 10:31:24.946 621 621 I notification_cancel_all: [1000,3504,com.ebensz.appmanager,0,0,64,9,NULL]
05-12 10:31:24.960 1310 1310 I auditd : type=1400 audit(0.0:689): avc: denied { read } for comm="Thread-22" name="diskstats" dev="proc" ino=4026532286 scontext=u:r:system_app:s0 tcontext=u:object_r:proc_diskstats:s0 tclass=file permissive=1
05-12 10:31:24.960 1310 1310 I auditd : type=1400 audit(0.0:690): avc: denied { open } for comm="Thread-22" path="/proc/diskstats" dev="proc" ino=4026532286 scontext=u:r:system_app:s0 tcontext=u:object_r:proc_diskstats:s0 tclass=file permissive=1
05-12 10:31:24.960 1310 1310 I auditd : type=1400 audit(0.0:691): avc: denied { getattr } for comm="Thread-22" path="/proc/diskstats" dev="proc" ino=4026532286 scontext=u:r:system_app:s0 tcontext=u:object_r:proc_diskstats:s0 tclass=file permissive=1
05-12 10:31:24.983 1686 1686 I auditd : type=1400 audit(0.0:692): avc: denied { read } for comm="Thread-9" name="diskstats" dev="proc" ino=4026532286 scontext=u:r:platform_app:s0:c512,c768 tcontext=u:object_r:proc_diskstats:s0 tclass=file permissive=1 app=cn.eben.sync
05-12 10:31:24.983 1686 1686 I auditd : type=1400 audit(0.0:693): avc: denied { open } for comm="Thread-9" path="/proc/diskstats" dev="proc" ino=4026532286 scontext=u:r:platform_app:s0:c512,c768 tcontext=u:object_r:proc_diskstats:s0 tclass=file permissive=1 app=cn.eben.sync
05-12 10:31:24.983 1686 1686 I auditd : type=1400 audit(0.0:694): avc: denied { getattr } for comm="Thread-9" path="/proc/diskstats" dev="proc" ino=4026532286 scontext=u:r:platform_app:s0:c512,c768 tcontext=u:object_r:proc_diskstats:s0 tclass=file permissive=1 app=cn.eben.sync
05-12 10:31:24.991 3504 3504 W ContextImpl: Calling a method in the system process without a qualified user: android.app.ContextImpl.startService:1824 android.content.ContextWrapper.startService:774 android.content.ContextWrapper.startService:774 com.ebensz.appmanager.mydownloadmanager.DownloadReceiver.startService:245 com.ebensz.appmanager.mydownloadmanager.DownloadReceiver.onReceive:74
05-12 10:31:24.993 621 1292 W BroadcastQueue: Target SDK mismatch: receiver ActivityInfo{dbd779b com.ebensz.ota.ActionReceiver} targets 29 but delivery restricted to [0, 23] broadcasting Intent { act=android.net.conn.CONNECTIVITY_CHANGE flg=0x4200010 (has extras) } from android (pid=621, uid=1000) to com.ebensz.ota/.ActionReceiver
05-12 10:31:24.993 621 647 W BroadcastQueue: Target SDK mismatch: receiver ActivityInfo{ff5738 com.taobao.accs.EventReceiver} targets 26 but delivery restricted to [0, 23] broadcasting Intent { act=android.net.conn.CONNECTIVITY_CHANGE flg=0x4200010 (has extras) } from android (pid=621, uid=1000) to com.zhangyue.read.iReader/com.taobao.accs.EventReceiver
05-12 10:31:24.998 621 621 I notification_cancel_all: [1000,3504,com.ebensz.appmanager,0,0,64,9,NULL]
05-12 10:31:25.009 621 1125 I am_uid_active: 10021
05-12 10:31:25.010 621 1125 I am_uid_active: 10040
05-12 10:31:25.010 621 1125 D ActivityManager: sync unfroze 2394 com.eben.ebenback
05-12 10:31:25.010 621 694 I am_unfreeze: [2394,com.eben.ebenback]
05-12 10:31:25.020 621 647 I am_wtf : [0,621,system_server,-1,ActivityManager,Background started FGS: Allowed [callingPackage: com.eben.ebenback; callingUid: 10040; uidState: RCVR; intent: Intent { act=android.intent.action.TIME_SET flg=0x25200010 cmp=com.eben.ebenback/.redmind.NotificationService (has extras) }; code:TIME_CHANGED; tempAllowListReason:; targetSdkVersion:28; callerTargetSdkVersion:28; startForegroundCount:0; bindFromPackage:null]]
05-12 10:31:25.020 621 3248 I ActivityManager: Background started FGS: Allowed [callingPackage: com.eben.ebenback; callingUid: 10040; uidState: RCVR; intent: Intent { act=android.intent.action.TIME_SET flg=0x25200010 cmp=com.eben.ebenback/.redmind.NotificationService (has extras) }; code:TIME_CHANGED; tempAllowListReason:; targetSdkVersion:28; callerTargetSdkVersion:28; startForegroundCount:0; bindFromPackage:null]
05-12 10:31:25.020 621 647 I DropBoxManagerService: add tag=system_server_wtf isTagEnabled=true flags=0x2
05-12 10:31:25.023 621 3248 I am_uid_active: 10024
05-12 10:31:25.025 621 3248 D ActivityManager: sync unfroze 2416 com.eben.test
05-12 10:31:25.025 621 694 I am_unfreeze: [2416,com.eben.test]
05-12 10:31:25.026 621 1125 W ActivityManager: Foreground service started from background can not have location/camera/microphone access: service com.eben.ebenback/.redmind.NotificationService
05-12 10:31:25.027 621 647 V ActivityManager: Attempted to start a foreground service (com.eben.ebenback/.redmind.NotificationService) with a broken notification (no icon: Notification(channel=eback shortcut=null contentView=null vibrate=null sound=null defaults=0x0 flags=0x40 color=0x00000000 vis=PRIVATE))
05-12 10:31:25.032 621 621 I notification_enqueue: [10040,2394,com.eben.ebenback,1,NULL,0,Notification(channel=eback shortcut=null contentView=null vibrate=null sound=null defaults=0x0 flags=0x40 color=0x00000000 vis=PRIVATE),0]
05-12 10:31:25.033 621 621 I sysui_multi_action: [757,128,758,5,759,8,793,1,794,0,795,1,796,1,806,com.eben.ebenback,857,eback,858,2,947,0,1500,1,1688,4,1689,2,1690,1]
05-12 10:31:25.033 621 621 I notification_canceled: [0|com.eben.ebenback|1|null|10040,8,1,1,0,-1,-1,NULL]
05-12 10:31:25.034 621 3248 I am_uid_active: 10068
05-12 10:31:25.034 621 3248 D ActivityManager: sync unfroze 2432 com.ebensz.enote.calendar
05-12 10:31:25.034 621 694 I am_unfreeze: [2432,com.ebensz.enote.calendar]
05-12 10:31:25.039 621 1292 I am_uid_active: 10042
05-12 10:31:25.040 621 1292 D ActivityManager: sync unfroze 2455 com.ebensz.enote.meeting
05-12 10:31:25.040 621 694 I am_unfreeze: [2455,com.ebensz.enote.meeting]
05-12 10:31:25.042 621 3248 W PermissionManagerService: Datasource AttributionSource { uid = 10023, packageName = com.android.providers.calendar, attributionTag = null, token = android.os.BinderProxy@3dd523d, next = android.content.AttributionSourceState@94eccfe } protecting data with platform defined runtime permission android.permission.READ_CALENDAR while not having android.permission.UPDATE_APP_OPS_STATS
05-12 10:31:25.058 621 1292 W PermissionManagerService: Datasource AttributionSource { uid = 10023, packageName = com.android.providers.calendar, attributionTag = null, token = android.os.BinderProxy@3dd523d, next = android.content.AttributionSourceState@4d6df7b } protecting data with platform defined runtime permission android.permission.READ_CALENDAR while not having android.permission.UPDATE_APP_OPS_STATS
05-12 10:31:25.064 621 1125 W PermissionManagerService: Datasource AttributionSource { uid = 10023, packageName = com.android.providers.calendar, attributionTag = null, token = android.os.BinderProxy@3dd523d, next = android.content.AttributionSourceState@bb6d198 } protecting data with platform defined runtime permission android.permission.READ_CALENDAR while not having android.permission.UPDATE_APP_OPS_STATS
05-12 10:31:25.070 621 1125 D ActivityManager: sync unfroze 1490 com.ebensz.enote.entry
05-12 10:31:25.070 621 694 I am_unfreeze: [1490,com.ebensz.enote.entry]
05-12 10:31:25.083 621 1125 W PermissionManagerService: Datasource AttributionSource { uid = 10023, packageName = com.android.providers.calendar, attributionTag = null, token = android.os.BinderProxy@3dd523d, next = android.content.AttributionSourceState@869f857 } protecting data with platform defined runtime permission android.permission.READ_CALENDAR while not having android.permission.UPDATE_APP_OPS_STATS
05-12 10:31:25.099 621 640 I commit_sys_config_file: [notification-policy,3218730]
05-12 10:31:25.109 621 646 I UsageStatsDatabase: Time changed by +5s172ms. files deleted: 0 files moved: 6
05-12 10:31:25.117 621 712 I netstats_mobile_sample: [0,0,0,0,0,0,0,0,0,0,0,0,1747017085117]
05-12 10:31:25.117 621 712 I netstats_wifi_sample: [0,0,0,0,0,0,0,0,0,0,0,0,1747017085117]
05-12 10:31:25.172 1306 1306 W ContextImpl: Calling a method in the system process without a qualified user: android.app.ContextImpl.sendBroadcast:1181 android.content.ContextWrapper.sendBroadcast:479 cn.eben.newweather.DateWeatherService.a:19 cn.eben.newweather.DateWeatherService.a:0 cn.eben.newweather.DateWeatherService$1.handleMessage:7
05-12 10:31:25.204 621 693 I commit_sys_config_file: [settings-3-0,2]
05-12 10:31:25.213 621 1292 I service_manager_stats: [100,64,555413]
05-12 10:31:25.233 621 621 I NotificationService: Cannot find enqueued record for key: 0|com.eben.ebenback|1|null|10040
05-12 10:31:25.274 621 646 I UsageStatsService: User[0] Rollover scheduled @ 2025-05-12 18:00:28(1747044028116)
05-12 10:54:08.474 543 543 I : read descriptors
05-12 10:54:08.474 543 543 I : read strings
05-12 10:54:08.476 1 1 I init : processing action (sys.usb.config=adb && sys.usb.configfs=1 && sys.usb.ffs.ready=1) from (/system/etc/init/hw/init.usb.configfs.rc:20)
05-12 10:54:08.478 1 1 I init : Command 'symlink /config/usb_gadget/g1/functions/ffs.adb /config/usb_gadget/g1/configs/b.1/f1' action=sys.usb.config=adb && sys.usb.configfs=1 && sys.usb.ffs.ready=1 (/system/etc/init/hw/init.usb.configfs.rc:22) took 0ms and failed: symlink() failed: File exists
05-12 10:54:08.478 1 1 I init : Command 'write /config/usb_gadget/g1/UDC ${sys.usb.controller}' action=sys.usb.config=adb && sys.usb.configfs=1 && sys.usb.ffs.ready=1 (/system/etc/init/hw/init.usb.configfs.rc:23) took 0ms and failed: Unable to write to file '/config/usb_gadget/g1/UDC': Unable to write file contents: Device or resource busy
05-12 10:31:25.962 621 662 V DisplayPowerController[0]: Brightness [0.05] reason changing to: 'manual [ dim ]', previous reason: 'manual'.
05-12 10:31:25.963 621 662 I sysui_multi_action: [757,1696,758,6,759,2]
05-12 10:31:25.990 3472 3472 W ContextImpl: Calling a method in the system process without a qualified user: android.app.ContextImpl.startService:1824 android.content.ContextWrapper.startService:774 com.ebensz.appmanager.service.UploadMyAppsInfoService$1.handleMessage:63 android.os.Handler.dispatchMessage:106 android.os.Looper.loopOnce:201
05-12 10:31:26.001 1306 1306 W ContextImpl: Calling a method in the system process without a qualified user: android.app.ContextImpl.sendBroadcast:1181 android.content.ContextWrapper.sendBroadcast:479 cn.eben.newweather.DateWeatherService.a:19 cn.eben.newweather.DateWeatherService.a:0 cn.eben.newweather.DateWeatherService$1.handleMessage:7
05-12 10:54:09.550 543 543 I : read descriptors
05-12 10:54:09.550 543 543 I : read strings
05-12 10:54:09.552 1 1 I init : processing action (sys.usb.config=adb && sys.usb.configfs=1 && sys.usb.ffs.ready=1) from (/system/etc/init/hw/init.usb.configfs.rc:20)
05-12 10:54:09.554 1 1 I init : Command 'symlink /config/usb_gadget/g1/functions/ffs.adb /config/usb_gadget/g1/configs/b.1/f1' action=sys.usb.config=adb && sys.usb.configfs=1 && sys.usb.ffs.ready=1 (/system/etc/init/hw/init.usb.configfs.rc:22) took 0ms and failed: symlink() failed: File exists
05-12 10:54:09.555 1 1 I init : Command 'write /config/usb_gadget/g1/UDC ${sys.usb.controller}' action=sys.usb.config=adb && sys.usb.configfs=1 && sys.usb.ffs.ready=1 (/system/etc/init/hw/init.usb.configfs.rc:23) took 0ms and failed: Unable to write to file '/config/usb_gadget/g1/UDC': Unable to write file contents: Device or resource busy
05-12 10:31:27.002 1306 1306 W ContextImpl: Calling a method in the system process without a qualified user: android.app.ContextImpl.sendBroadcast:1181 android.content.ContextWrapper.sendBroadcast:479 cn.eben.newweather.DateWeatherService.a:19 cn.eben.newweather.DateWeatherService.a:0 cn.eben.newweather.DateWeatherService$1.handleMessage:7
05-12 10:54:10.647 543 543 I : read descriptors
05-12 10:54:10.647 543 543 I : read strings
05-12 10:54:10.650 1 1 I init : processing action (sys.usb.config=adb && sys.usb.configfs=1 && sys.usb.ffs.ready=1) from (/system/etc/init/hw/init.usb.configfs.rc:20)
05-12 10:54:10.652 1 1 I init : Command 'symlink /config/usb_gadget/g1/functions/ffs.adb /config/usb_gadget/g1/configs/b.1/f1' action=sys.usb.config=adb && sys.usb.configfs=1 && sys.usb.ffs.ready=1 (/system/etc/init/hw/init.usb.configfs.rc:22) took 0ms and failed: symlink() failed: File exists
05-12 10:54:10.653 1 1 I init : Command 'write /config/usb_gadget/g1/UDC ${sys.usb.controller}' action=sys.usb.config=adb && sys.usb.configfs=1 && sys.usb.ffs.ready=1 (/system/etc/init/hw/init.usb.configfs.rc:23) took 0ms and failed: Unable to write to file '/config/usb_gadget/g1/UDC': Unable to write file contents: Device or resource busy
05-12 10:31:28.003 1306 1306 W ContextImpl: Calling a method in the system process without a qualified user: android.app.ContextImpl.sendBroadcast:1181 android.content.ContextWrapper.sendBroadcast:479 cn.eben.newweather.DateWeatherService.a:19 cn.eben.newweather.DateWeatherService.a:0 cn.eben.newweather.DateWeatherService$1.handleMessage:7
05-12 10:54:11.687 543 543 I : read descriptors
05-12 10:54:11.687 543 543 I : read strings
05-12 10:54:11.689 1 1 I init : processing action (sys.usb.config=adb && sys.usb.configfs=1 && sys.usb.ffs.ready=1) from (/system/etc/init/hw/init.usb.configfs.rc:20)
05-12 10:31:29.002 1306 1306 W ContextImpl: Calling a method in the system process without a qualified user: android.app.ContextImpl.sendBroadcast:1181 android.content.ContextWrapper.sendBroadcast:479 cn.eben.newweather.DateWeatherService.a:19 cn.eben.newweather.DateWeatherService.a:0 cn.eben.newweather.DateWeatherService$1.handleMessage:7
