05-12 10:33:53.125 462 487 D RIL-DEV :
05-12 10:33:53.125 462 487 D RIL-DEV : [05-12_10:33:53:126] idVendor = 0bda
05-12 10:33:53.125 462 487 D RIL-DEV :
05-12 10:33:53.126 462 487 D RIL-DEV : [05-12_10:33:53:126] idVendor = 1d6b
05-12 10:33:53.126 462 487 D RIL-DEV :
05-12 10:33:53.126 462 487 D RIL-DEV : [05-12_10:33:53:126] idVendor = 2109
05-12 10:33:53.126 462 487 D RIL-DEV :
05-12 10:33:53.126 462 487 D RIL-DEV : [05-12_10:33:53:127] idVendor = 2109
05-12 10:33:53.126 462 487 D RIL-DEV :
05-12 10:33:53.127 462 487 D RIL-DEV : [05-12_10:33:53:127] idVendor = 1d6b
05-12 10:33:53.127 462 487 D RIL-DEV :
05-12 10:33:53.127 462 487 D RIL-DEV : [05-12_10:33:53:128] idVendor = 0bda
05-12 10:33:53.127 462 487 D RIL-DEV :
05-12 10:33:53.127 462 487 D RIL-DEV : [05-12_10:33:53:128] idVendor = 2109
05-12 10:33:53.127 462 487 D RIL-DEV :
05-12 10:33:53.128 462 487 E RIL-DEV : Cannot find Meig devices
05-12 10:33:53.128 462 487 I RIL : ---> can't find meig usb devices
05-12 10:33:54.002 1306 1306 W ContextImpl: Calling a method in the system process without a qualified user: android.app.ContextImpl.sendBroadcast:1181 android.content.ContextWrapper.sendBroadcast:479 cn.eben.newweather.DateWeatherService.a:19 cn.eben.newweather.DateWeatherService.a:0 cn.eben.newweather.DateWeatherService$1.handleMessage:7
05-12 10:56:42.330 543 543 I : read descriptors
05-12 10:56:42.330 543 543 I : read strings
05-12 10:56:42.331 1 1 I init : processing action (sys.usb.config=adb && sys.usb.configfs=1 && sys.usb.ffs.ready=1) from (/system/etc/init/hw/init.usb.configfs.rc:20)
05-12 10:56:42.340 1 1 I init : Command 'symlink /config/usb_gadget/g1/functions/ffs.adb /config/usb_gadget/g1/configs/b.1/f1' action=sys.usb.config=adb && sys.usb.configfs=1 && sys.usb.ffs.ready=1 (/system/etc/init/hw/init.usb.configfs.rc:22) took 6ms and failed: symlink() failed: File exists
05-12 10:56:42.340 1 1 I init : Command 'write /config/usb_gadget/g1/UDC ${sys.usb.controller}' action=sys.usb.config=adb && sys.usb.configfs=1 && sys.usb.ffs.ready=1 (/system/etc/init/hw/init.usb.configfs.rc:23) took 0ms and failed: Unable to write to file '/config/usb_gadget/g1/UDC': Unable to write file contents: Device or resource busy
05-12 10:33:55.002 1306 1306 W ContextImpl: Calling a method in the system process without a qualified user: android.app.ContextImpl.sendBroadcast:1181 android.content.ContextWrapper.sendBroadcast:479 cn.eben.newweather.DateWeatherService.a:19 cn.eben.newweather.DateWeatherService.a:0 cn.eben.newweather.DateWeatherService$1.handleMessage:7
05-12 10:56:43.393 543 543 I : read descriptors
05-12 10:56:43.393 543 543 I : read strings
05-12 10:56:43.395 1 1 I init : processing action (sys.usb.config=adb && sys.usb.configfs=1 && sys.usb.ffs.ready=1) from (/system/etc/init/hw/init.usb.configfs.rc:20)
05-12 10:33:55.128 462 487 I RIL : ---> enter mainloop wait at port
05-12 10:33:55.128 462 487 D RIL-DEV : Get modem info
05-12 10:33:55.129 462 487 D RIL-DEV : [05-12_10:33:55:129] idVendor = 0bda
05-12 10:33:55.129 462 487 D RIL-DEV :
05-12 10:33:55.129 462 487 D RIL-DEV : [05-12_10:33:55:129] idVendor = 05e3
05-12 10:33:55.129 462 487 D RIL-DEV :
05-12 10:33:55.129 462 487 D RIL-DEV : [05-12_10:33:55:129] idVendor = 1d6b
05-12 10:33:55.129 462 487 D RIL-DEV :
05-12 10:33:55.129 462 487 D RIL-DEV : [05-12_10:33:55:130] idVendor = 1d6b
05-12 10:33:55.129 462 487 D RIL-DEV :
05-12 10:33:55.129 462 487 D RIL-DEV : [05-12_10:33:55:130] idVendor = 0bda
05-12 10:33:55.129 462 487 D RIL-DEV :
05-12 10:33:55.129 462 487 D RIL-DEV : [05-12_10:33:55:130] idVendor = 1d6b
05-12 10:33:55.129 462 487 D RIL-DEV :
05-12 10:33:55.130 462 487 D RIL-DEV : [05-12_10:33:55:130] idVendor = 2109
05-12 10:33:55.130 462 487 D RIL-DEV :
05-12 10:33:55.130 462 487 D RIL-DEV : [05-12_10:33:55:130] idVendor = 2109
05-12 10:33:55.130 462 487 D RIL-DEV :
05-12 10:33:55.130 462 487 D RIL-DEV : [05-12_10:33:55:130] idVendor = 1d6b
05-12 10:33:55.130 462 487 D RIL-DEV :
05-12 10:33:55.130 462 487 D RIL-DEV : [05-12_10:33:55:131] idVendor = 0bda
05-12 10:33:55.130 462 487 D RIL-DEV :
05-12 10:33:55.130 462 487 D RIL-DEV : [05-12_10:33:55:131] idVendor = 2109
05-12 10:33:55.130 462 487 D RIL-DEV :
05-12 10:33:55.130 462 487 E RIL-DEV : Cannot find Meig devices
05-12 10:33:55.130 462 487 I RIL : ---> can't find meig usb devices
05-12 10:33:56.002 1306 1306 W ContextImpl: Calling a method in the system process without a qualified user: android.app.ContextImpl.sendBroadcast:1181 android.content.ContextWrapper.sendBroadcast:479 cn.eben.newweather.DateWeatherService.a:19 cn.eben.newweather.DateWeatherService.a:0 cn.eben.newweather.DateWeatherService$1.handleMessage:7
05-12 10:56:44.450 543 543 I : read descriptors
05-12 10:56:44.450 543 543 I : read strings
05-12 10:33:57.002 1306 1306 W ContextImpl: Calling a method in the system process without a qualified user: android.app.ContextImpl.sendBroadcast:1181 android.content.ContextWrapper.sendBroadcast:479 cn.eben.newweather.DateWeatherService.a:19 cn.eben.newweather.DateWeatherService.a:0 cn.eben.newweather.DateWeatherService$1.handleMessage:7
05-12 10:33:57.131 462 487 I RIL : ---> enter mainloop wait at port
05-12 10:33:57.131 462 487 D RIL-DEV : Get modem info
05-12 10:33:57.132 462 487 D RIL-DEV : [05-12_10:33:57:132] idVendor = 0bda
05-12 10:33:57.132 462 487 D RIL-DEV :
05-12 10:33:57.132 462 487 D RIL-DEV : [05-12_10:33:57:132] idVendor = 05e3
05-12 10:33:57.132 462 487 D RIL-DEV :
05-12 10:33:57.132 462 487 D RIL-DEV : [05-12_10:33:57:133] idVendor = 1d6b
05-12 10:33:57.132 462 487 D RIL-DEV :
05-12 10:33:57.133 462 487 D RIL-DEV : [05-12_10:33:57:133] idVendor = 1d6b
05-12 10:33:57.133 462 487 D RIL-DEV :
05-12 10:33:57.133 462 487 D RIL-DEV : [05-12_10:33:57:133] idVendor = 0bda
05-12 10:33:57.133 462 487 D RIL-DEV :
05-12 10:33:57.133 462 487 D RIL-DEV : [05-12_10:33:57:134] idVendor = 1d6b
05-12 10:33:57.133 462 487 D RIL-DEV :
05-12 10:33:57.134 462 487 D RIL-DEV : [05-12_10:33:57:134] idVendor = 2109
05-12 10:33:57.134 462 487 D RIL-DEV :
05-12 10:33:57.135 462 487 D RIL-DEV : [05-12_10:33:57:135] idVendor = 2109
05-12 10:33:57.135 462 487 D RIL-DEV :
05-12 10:33:57.135 462 487 D RIL-DEV : [05-12_10:33:57:136] idVendor = 1d6b
05-12 10:33:57.135 462 487 D RIL-DEV :
05-12 10:33:57.136 462 487 D RIL-DEV : [05-12_10:33:57:136] idVendor = 0bda
05-12 10:33:57.136 462 487 D RIL-DEV :
05-12 10:33:57.137 462 487 D RIL-DEV : [05-12_10:33:57:138] idVendor = 2109
05-12 10:33:57.137 462 487 D RIL-DEV :
05-12 10:33:57.138 462 487 E RIL-DEV : Cannot find Meig devices
05-12 10:33:57.138 462 487 I RIL : ---> can't find meig usb devices
05-12 10:56:45.503 543 543 I : read descriptors
05-12 10:56:45.503 543 543 I : read strings
05-12 10:56:45.505 1 1 I init : processing action (sys.usb.config=adb && sys.usb.configfs=1 && sys.usb.ffs.ready=1) from (/system/etc/init/hw/init.usb.configfs.rc:20)
05-12 10:56:45.508 1 1 I init : Command 'symlink /config/usb_gadget/g1/functions/ffs.adb /config/usb_gadget/g1/configs/b.1/f1' action=sys.usb.config=adb && sys.usb.configfs=1 && sys.usb.ffs.ready=1 (/system/etc/init/hw/init.usb.configfs.rc:22) took 0ms and failed: symlink() failed: File exists
05-12 10:56:45.512 1 1 I init : Command 'write /config/usb_gadget/g1/UDC ${sys.usb.controller}' action=sys.usb.config=adb && sys.usb.configfs=1 && sys.usb.ffs.ready=1 (/system/etc/init/hw/init.usb.configfs.rc:23) took 3ms and failed: Unable to write to file '/config/usb_gadget/g1/UDC': Unable to write file contents: Device or resource busy
05-12 10:33:58.003 1306 1306 W ContextImpl: Calling a method in the system process without a qualified user: android.app.ContextImpl.sendBroadcast:1181 android.content.ContextWrapper.sendBroadcast:479 cn.eben.newweather.DateWeatherService.a:19 cn.eben.newweather.DateWeatherService.a:0 cn.eben.newweather.DateWeatherService$1.handleMessage:7
05-12 10:56:46.556 543 543 I : read descriptors
05-12 10:56:46.556 543 543 I : read strings
05-12 10:56:46.558 1 1 I init : processing action (sys.usb.config=adb && sys.usb.configfs=1 && sys.usb.ffs.ready=1) from (/system/etc/init/hw/init.usb.configfs.rc:20)
05-12 10:56:46.560 1 1 I init : Command 'symlink /config/usb_gadget/g1/functions/ffs.adb /config/usb_gadget/g1/configs/b.1/f1' action=sys.usb.config=adb && sys.usb.configfs=1 && sys.usb.ffs.ready=1 (/system/etc/init/hw/init.usb.configfs.rc:22) took 0ms and failed: symlink() failed: File exists
05-12 10:56:46.560 1 1 I init : Command 'write /config/usb_gadget/g1/UDC ${sys.usb.controller}' action=sys.usb.config=adb && sys.usb.configfs=1 && sys.usb.ffs.ready=1 (/system/etc/init/hw/init.usb.configfs.rc:23) took 0ms and failed: Unable to write to file '/config/usb_gadget/g1/UDC': Unable to write file contents: Device or resource busy
05-12 10:33:59.003 1306 1306 W ContextImpl: Calling a method in the system process without a qualified user: android.app.ContextImpl.sendBroadcast:1181 android.content.ContextWrapper.sendBroadcast:479 cn.eben.newweather.DateWeatherService.a:19 cn.eben.newweather.DateWeatherService.a:0 cn.eben.newweather.DateWeatherService$1.handleMessage:7
05-12 10:33:59.138 462 487 I RIL : ---> enter mainloop wait at port
05-12 10:33:59.138 462 487 D RIL-DEV : Get modem info
05-12 10:33:59.139 462 487 D RIL-DEV : [05-12_10:33:59:139] idVendor = 0bda
05-12 10:33:59.139 462 487 D RIL-DEV :
05-12 10:33:59.139 462 487 D RIL-DEV : [05-12_10:33:59:140] idVendor = 05e3
05-12 10:33:59.139 462 487 D RIL-DEV :
05-12 10:33:59.140 462 487 D RIL-DEV : [05-12_10:33:59:140] idVendor = 1d6b
05-12 10:33:59.140 462 487 D RIL-DEV :
05-12 10:33:59.140 462 487 D RIL-DEV : [05-12_10:33:59:140] idVendor = 1d6b
05-12 10:33:59.140 462 487 D RIL-DEV :
05-12 10:33:59.140 462 487 D RIL-DEV : [05-12_10:33:59:141] idVendor = 0bda
05-12 10:33:59.140 462 487 D RIL-DEV :
05-12 10:33:59.141 462 487 D RIL-DEV : [05-12_10:33:59:141] idVendor = 1d6b
05-12 10:33:59.141 462 487 D RIL-DEV :
05-12 10:33:59.141 462 487 D RIL-DEV : [05-12_10:33:59:142] idVendor = 2109
05-12 10:33:59.141 462 487 D RIL-DEV :
05-12 10:33:59.144 462 487 D RIL-DEV : [05-12_10:33:59:144] idVendor = 2109
05-12 10:33:59.144 462 487 D RIL-DEV :
05-12 10:33:59.144 462 487 D RIL-DEV : [05-12_10:33:59:145] idVendor = 1d6b
05-12 10:33:59.144 462 487 D RIL-DEV :
05-12 10:33:59.144 462 487 D RIL-DEV : [05-12_10:33:59:145] idVendor = 0bda
05-12 10:33:59.144 462 487 D RIL-DEV :
05-12 10:33:59.145 462 487 D RIL-DEV : [05-12_10:33:59:145] idVendor = 2109
05-12 10:33:59.145 462 487 D RIL-DEV :
05-12 10:33:59.145 462 487 E RIL-DEV : Cannot find Meig devices
05-12 10:33:59.145 462 487 I RIL : ---> can't find meig usb devices
05-12 10:56:47.593 543 543 I : read descriptors
05-12 10:56:47.593 543 543 I : read strings
05-12 10:56:47.595 1 1 I init : processing action (sys.usb.config=adb && sys.usb.configfs=1 && sys.usb.ffs.ready=1) from (/system/etc/init/hw/init.usb.configfs.rc:20)
05-12 10:56:47.596 1 1 I init : Command 'symlink /config/usb_gadget/g1/functions/ffs.adb /config/usb_gadget/g1/configs/b.1/f1' action=sys.usb.config=adb && sys.usb.configfs=1 && sys.usb.ffs.ready=1 (/system/etc/init/hw/init.usb.configfs.rc:22) took 0ms and failed: symlink() failed: File exists
05-12 10:56:47.597 1 1 I init : Command 'write /config/usb_gadget/g1/UDC ${sys.usb.controller}' action=sys.usb.config=adb && sys.usb.configfs=1 && sys.usb.ffs.ready=1 (/system/etc/init/hw/init.usb.configfs.rc:23) took 0ms and failed: Unable to write to file '/config/usb_gadget/g1/UDC': Unable to write file contents: Device or resource busy
05-12 10:34:00.003 1306 1306 W ContextImpl: Calling a method in the system process without a qualified user: android.app.ContextImpl.sendBroadcast:1181 android.content.ContextWrapper.sendBroadcast:479 cn.eben.newweather.DateWeatherService.a:19 cn.eben.newweather.DateWeatherService.a:0 cn.eben.newweather.DateWeatherService$1.handleMessage:7
05-12 10:56:48.643 543 543 I : read descriptors
05-12 10:56:48.643 543 543 I : read strings
05-12 10:56:48.645 1 1 I init : processing action (sys.usb.config=adb && sys.usb.configfs=1 && sys.usb.ffs.ready=1) from (/system/etc/init/hw/init.usb.configfs.rc:20)
05-12 10:34:01.002 1306 1306 W ContextImpl: Calling a method in the system process without a qualified user: android.app.ContextImpl.sendBroadcast:1181 android.content.ContextWrapper.sendBroadcast:479 cn.eben.newweather.DateWeatherService.a:19 cn.eben.newweather.DateWeatherService.a:0 cn.eben.newweather.DateWeatherService$1.handleMessage:7
05-12 10:34:01.145 462 487 I RIL : ---> enter mainloop wait at port
05-12 10:34:01.146 462 487 D RIL-DEV : Get modem info
05-12 10:34:01.146 462 487 D RIL-DEV : [05-12_10:34:01:147] idVendor = 0bda
05-12 10:34:01.146 462 487 D RIL-DEV :
05-12 10:34:01.147 462 487 D RIL-DEV : [05-12_10:34:01:147] idVendor = 05e3
05-12 10:34:01.147 462 487 D RIL-DEV :
05-12 10:34:01.147 462 487 D RIL-DEV : [05-12_10:34:01:148] idVendor = 1d6b
05-12 10:34:01.147 462 487 D RIL-DEV :
05-12 10:34:01.147 462 487 D RIL-DEV : [05-12_10:34:01:148] idVendor = 1d6b
05-12 10:34:01.147 462 487 D RIL-DEV :
05-12 10:34:01.148 462 487 D RIL-DEV : [05-12_10:34:01:148] idVendor = 0bda
05-12 10:34:01.148 462 487 D RIL-DEV :
05-12 10:34:01.148 462 487 D RIL-DEV : [05-12_10:34:01:149] idVendor = 1d6b
05-12 10:34:01.148 462 487 D RIL-DEV :
05-12 10:34:01.148 462 487 D RIL-DEV : [05-12_10:34:01:149] idVendor = 2109
05-12 10:34:01.148 462 487 D RIL-DEV :
05-12 10:34:01.149 462 487 D RIL-DEV : [05-12_10:34:01:149] idVendor = 2109
05-12 10:34:01.149 462 487 D RIL-DEV :
05-12 10:34:01.149 462 487 D RIL-DEV : [05-12_10:34:01:150] idVendor = 1d6b
05-12 10:34:01.149 462 487 D RIL-DEV :
05-12 10:34:01.149 462 487 D RIL-DEV : [05-12_10:34:01:150] idVendor = 0bda
05-12 10:34:01.149 462 487 D RIL-DEV :
05-12 10:34:01.150 462 487 D RIL-DEV : [05-12_10:34:01:150] idVendor = 2109
05-12 10:34:01.150 462 487 D RIL-DEV :
05-12 10:34:01.150 462 487 E RIL-DEV : Cannot find Meig devices
05-12 10:34:01.150 462 487 I RIL : ---> can't find meig usb devices
05-12 10:56:49.689 543 543 I : read descriptors
05-12 10:56:49.689 543 543 I : read strings
05-12 10:34:02.002 1306 1306 W ContextImpl: Calling a method in the system process without a qualified user: android.app.ContextImpl.sendBroadcast:1181 android.content.ContextWrapper.sendBroadcast:479 cn.eben.newweather.DateWeatherService.a:19 cn.eben.newweather.DateWeatherService.a:0 cn.eben.newweather.DateWeatherService$1.handleMessage:7
05-12 10:56:50.736 543 543 I : read descriptors
05-12 10:56:50.736 543 543 I : read strings
05-12 10:56:50.738 1 1 I init : processing action (sys.usb.config=adb && sys.usb.configfs=1 && sys.usb.ffs.ready=1) from (/system/etc/init/hw/init.usb.configfs.rc:20)
05-12 10:56:50.741 1 1 I init : Command 'symlink /config/usb_gadget/g1/functions/ffs.adb /config/usb_gadget/g1/configs/b.1/f1' action=sys.usb.config=adb && sys.usb.configfs=1 && sys.usb.ffs.ready=1 (/system/etc/init/hw/init.usb.configfs.rc:22) took 0ms and failed: symlink() failed: File exists
05-12 10:56:50.742 1 1 I init : Command 'write /config/usb_gadget/g1/UDC ${sys.usb.controller}' action=sys.usb.config=adb && sys.usb.configfs=1 && sys.usb.ffs.ready=1 (/system/etc/init/hw/init.usb.configfs.rc:23) took 0ms and failed: Unable to write to file '/config/usb_gadget/g1/UDC': Unable to write file contents: Device or resource busy
05-12 10:34:03.004 1306 1306 W ContextImpl: Calling a method in the system process without a qualified user: android.app.ContextImpl.sendBroadcast:1181 android.content.ContextWrapper.sendBroadcast:479 cn.eben.newweather.DateWeatherService.a:19 cn.eben.newweather.DateWeatherService.a:0 cn.eben.newweather.DateWeatherService$1.handleMessage:7
05-12 10:34:03.151 462 487 I RIL : ---> enter mainloop wait at port
05-12 10:34:03.151 462 487 D RIL-DEV : Get modem info
05-12 10:34:03.152 462 487 D RIL-DEV : [05-12_10:34:03:152] idVendor = 0bda
05-12 10:34:03.152 462 487 D RIL-DEV :
05-12 10:34:03.153 462 487 D RIL-DEV : [05-12_10:34:03:153] idVendor = 05e3
05-12 10:34:03.153 462 487 D RIL-DEV :
05-12 10:34:03.153 462 487 D RIL-DEV : [05-12_10:34:03:154] idVendor = 1d6b
05-12 10:34:03.153 462 487 D RIL-DEV :
05-12 10:34:03.153 462 487 D RIL-DEV : [05-12_10:34:03:154] idVendor = 1d6b
05-12 10:34:03.153 462 487 D RIL-DEV :
05-12 10:34:03.154 462 487 D RIL-DEV : [05-12_10:34:03:154] idVendor = 0bda
05-12 10:34:03.154 462 487 D RIL-DEV :
05-12 10:34:03.154 462 487 D RIL-DEV : [05-12_10:34:03:155] idVendor = 1d6b
05-12 10:34:03.154 462 487 D RIL-DEV :
05-12 10:34:03.154 462 487 D RIL-DEV : [05-12_10:34:03:155] idVendor = 2109
05-12 10:34:03.154 462 487 D RIL-DEV :
05-12 10:34:03.155 462 487 D RIL-DEV : [05-12_10:34:03:155] idVendor = 2109
05-12 10:34:03.155 462 487 D RIL-DEV :
05-12 10:34:03.156 462 487 D RIL-DEV : [05-12_10:34:03:156] idVendor = 1d6b
05-12 10:34:03.156 462 487 D RIL-DEV :
05-12 10:34:03.156 462 487 D RIL-DEV : [05-12_10:34:03:157] idVendor = 0bda
05-12 10:34:03.156 462 487 D RIL-DEV :
05-12 10:34:03.157 462 487 D RIL-DEV : [05-12_10:34:03:157] idVendor = 2109
05-12 10:34:03.157 462 487 D RIL-DEV :
05-12 10:34:03.157 462 487 E RIL-DEV : Cannot find Meig devices
05-12 10:34:03.157 462 487 I RIL : ---> can't find meig usb devices
05-12 10:56:51.823 543 543 I : read descriptors
05-12 10:56:51.823 543 543 I : read strings
05-12 10:56:51.825 1 1 I init : processing action (sys.usb.config=adb && sys.usb.configfs=1 && sys.usb.ffs.ready=1) from (/system/etc/init/hw/init.usb.configfs.rc:20)
05-12 10:56:51.827 1 1 I init : Command 'symlink /config/usb_gadget/g1/functions/ffs.adb /config/usb_gadget/g1/configs/b.1/f1' action=sys.usb.config=adb && sys.usb.configfs=1 && sys.usb.ffs.ready=1 (/system/etc/init/hw/init.usb.configfs.rc:22) took 0ms and failed: symlink() failed: File exists
05-12 10:56:51.827 1 1 I init : Command 'write /config/usb_gadget/g1/UDC ${sys.usb.controller}' action=sys.usb.config=adb && sys.usb.configfs=1 && sys.usb.ffs.ready=1 (/system/etc/init/hw/init.usb.configfs.rc:23) took 0ms and failed: Unable to write to file '/config/usb_gadget/g1/UDC': Unable to write file contents: Device or resource busy
05-12 10:34:04.001 1306 1306 W ContextImpl: Calling a method in the system process without a qualified user: android.app.ContextImpl.sendBroadcast:1181 android.content.ContextWrapper.sendBroadcast:479 cn.eben.newweather.DateWeatherService.a:19 cn.eben.newweather.DateWeatherService.a:0 cn.eben.newweather.DateWeatherService$1.handleMessage:7
05-12 10:56:52.879 543 543 I : read descriptors
05-12 10:56:52.880 543 543 I : read strings
05-12 10:56:52.881 1 1 I init : processing action (sys.usb.config=adb && sys.usb.configfs=1 && sys.usb.ffs.ready=1) from (/system/etc/init/hw/init.usb.configfs.rc:20)
05-12 10:56:52.883 1 1 I init : Command 'symlink /config/usb_gadget/g1/functions/ffs.adb /config/usb_gadget/g1/configs/b.1/f1' action=sys.usb.config=adb && sys.usb.configfs=1 && sys.usb.ffs.ready=1 (/system/etc/init/hw/init.usb.configfs.rc:22) took 0ms and failed: symlink() failed: File exists
05-12 10:56:52.884 1 1 I init : Command 'write /config/usb_gadget/g1/UDC ${sys.usb.controller}' action=sys.usb.config=adb && sys.usb.configfs=1 && sys.usb.ffs.ready=1 (/system/etc/init/hw/init.usb.configfs.rc:23) took 0ms and failed: Unable to write to file '/config/usb_gadget/g1/UDC': Unable to write file contents: Device or resource busy
05-12 10:34:05.002 1306 1306 W ContextImpl: Calling a method in the system process without a qualified user: android.app.ContextImpl.sendBroadcast:1181 android.content.ContextWrapper.sendBroadcast:479 cn.eben.newweather.DateWeatherService.a:19 cn.eben.newweather.DateWeatherService.a:0 cn.eben.newweather.DateWeatherService$1.handleMessage:7
05-12 10:34:05.158 462 487 I RIL : ---> enter mainloop wait at port
05-12 10:34:05.158 462 487 D RIL-DEV : Get modem info
05-12 10:34:05.158 462 487 D RIL-DEV : [05-12_10:34:05:159] idVendor = 0bda
05-12 10:34:05.158 462 487 D RIL-DEV :
05-12 10:34:05.159 462 487 D RIL-DEV : [05-12_10:34:05:159] idVendor = 05e3
05-12 10:34:05.159 462 487 D RIL-DEV :
05-12 10:34:05.159 462 487 D RIL-DEV : [05-12_10:34:05:160] idVendor = 1d6b
05-12 10:34:05.159 462 487 D RIL-DEV :
05-12 10:34:05.159 462 487 D RIL-DEV : [05-12_10:34:05:160] idVendor = 1d6b
05-12 10:34:05.159 462 487 D RIL-DEV :
05-12 10:34:05.160 462 487 D RIL-DEV : [05-12_10:34:05:160] idVendor = 0bda
05-12 10:34:05.160 462 487 D RIL-DEV :
05-12 10:34:05.160 462 487 D RIL-DEV : [05-12_10:34:05:161] idVendor = 1d6b
05-12 10:34:05.160 462 487 D RIL-DEV :
05-12 10:34:05.160 462 487 D RIL-DEV : [05-12_10:34:05:161] idVendor = 2109
05-12 10:34:05.160 462 487 D RIL-DEV :
05-12 10:34:05.161 462 487 D RIL-DEV : [05-12_10:34:05:161] idVendor = 2109
05-12 10:34:05.161 462 487 D RIL-DEV :
05-12 10:34:05.161 462 487 D RIL-DEV : [05-12_10:34:05:162] idVendor = 1d6b
05-12 10:34:05.161 462 487 D RIL-DEV :
05-12 10:34:05.162 462 487 D RIL-DEV : [05-12_10:34:05:163] idVendor = 0bda
05-12 10:34:05.162 462 487 D RIL-DEV :
05-12 10:34:05.162 462 487 D RIL-DEV : [05-12_10:34:05:163] idVendor = 2109
05-12 10:34:05.162 462 487 D RIL-DEV :
05-12 10:34:05.163 462 487 E RIL-DEV : Cannot find Meig devices
05-12 10:34:05.163 462 487 I RIL : ---> can't find meig usb devices
05-12 10:56:53.930 543 543 I : read descriptors
05-12 10:56:53.930 543 543 I : read strings
05-12 10:56:53.931 1 1 I init : processing action (sys.usb.config=adb && sys.usb.configfs=1 && sys.usb.ffs.ready=1) from (/system/etc/init/hw/init.usb.configfs.rc:20)
05-12 10:34:06.001 1306 1306 W ContextImpl: Calling a method in the system process without a qualified user: android.app.ContextImpl.sendBroadcast:1181 android.content.ContextWrapper.sendBroadcast:479 cn.eben.newweather.DateWeatherService.a:19 cn.eben.newweather.DateWeatherService.a:0 cn.eben.newweather.DateWeatherService$1.handleMessage:7
05-12 10:56:54.973 543 543 I : read descriptors
05-12 10:56:54.973 543 543 I : read strings
05-12 10:34:07.003 1306 1306 W ContextImpl: Calling a method in the system process without a qualified user: android.app.ContextImpl.sendBroadcast:1181 android.content.ContextWrapper.sendBroadcast:479 cn.eben.newweather.DateWeatherService.a:19 cn.eben.newweather.DateWeatherService.a:0 cn.eben.newweather.DateWeatherService$1.handleMessage:7
05-12 10:34:07.163 462 487 I RIL : ---> enter mainloop wait at port
05-12 10:34:07.163 462 487 D RIL-DEV : Get modem info
05-12 10:34:07.164 462 487 D RIL-DEV : [05-12_10:34:07:164] idVendor = 0bda
05-12 10:34:07.164 462 487 D RIL-DEV :
05-12 10:34:07.164 462 487 D RIL-DEV : [05-12_10:34:07:165] idVendor = 05e3
05-12 10:34:07.164 462 487 D RIL-DEV :
05-12 10:34:07.165 462 487 D RIL-DEV : [05-12_10:34:07:165] idVendor = 1d6b
05-12 10:34:07.165 462 487 D RIL-DEV :
05-12 10:34:07.165 462 487 D RIL-DEV : [05-12_10:34:07:165] idVendor = 1d6b
05-12 10:34:07.165 462 487 D RIL-DEV :
05-12 10:34:07.165 462 487 D RIL-DEV : [05-12_10:34:07:166] idVendor = 0bda
05-12 10:34:07.165 462 487 D RIL-DEV :
05-12 10:34:07.166 462 487 D RIL-DEV : [05-12_10:34:07:166] idVendor = 1d6b
05-12 10:34:07.166 462 487 D RIL-DEV :
05-12 10:34:07.166 462 487 D RIL-DEV : [05-12_10:34:07:166] idVendor = 2109
05-12 10:34:07.166 462 487 D RIL-DEV :
05-12 10:34:07.167 462 487 D RIL-DEV : [05-12_10:34:07:167] idVendor = 2109
05-12 10:34:07.167 462 487 D RIL-DEV :
05-12 10:34:07.167 462 487 D RIL-DEV : [05-12_10:34:07:167] idVendor = 1d6b
05-12 10:34:07.167 462 487 D RIL-DEV :
05-12 10:34:07.167 462 487 D RIL-DEV : [05-12_10:34:07:168] idVendor = 0bda
05-12 10:34:07.167 462 487 D RIL-DEV :
05-12 10:34:07.167 462 487 D RIL-DEV : [05-12_10:34:07:168] idVendor = 2109
05-12 10:34:07.167 462 487 D RIL-DEV :
05-12 10:34:07.168 462 487 E RIL-DEV : Cannot find Meig devices
05-12 10:34:07.168 462 487 I RIL : ---> can't find meig usb devices
05-12 10:56:56.020 543 543 I : read descriptors
05-12 10:56:56.020 543 543 I : read strings
05-12 10:56:56.021 1 1 I init : processing action (sys.usb.config=adb && sys.usb.configfs=1 && sys.usb.ffs.ready=1) from (/system/etc/init/hw/init.usb.configfs.rc:20)
05-12 10:56:56.024 1 1 I init : Command 'symlink /config/usb_gadget/g1/functions/ffs.adb /config/usb_gadget/g1/configs/b.1/f1' action=sys.usb.config=adb && sys.usb.configfs=1 && sys.usb.ffs.ready=1 (/system/etc/init/hw/init.usb.configfs.rc:22) took 0ms and failed: symlink() failed: File exists
05-12 10:56:56.025 1 1 I init : Command 'write /config/usb_gadget/g1/UDC ${sys.usb.controller}' action=sys.usb.config=adb && sys.usb.configfs=1 && sys.usb.ffs.ready=1 (/system/etc/init/hw/init.usb.configfs.rc:23) took 0ms and failed: Unable to write to file '/config/usb_gadget/g1/UDC': Unable to write file contents: Device or resource busy
05-12 10:34:08.004 1306 1306 W ContextImpl: Calling a method in the system process without a qualified user: android.app.ContextImpl.sendBroadcast:1181 android.content.ContextWrapper.sendBroadcast:479 cn.eben.newweather.DateWeatherService.a:19 cn.eben.newweather.DateWeatherService.a:0 cn.eben.newweather.DateWeatherService$1.handleMessage:7
05-12 10:56:57.066 543 543 I : read descriptors
05-12 10:56:57.066 543 543 I : read strings
05-12 10:56:57.068 1 1 I init : processing action (sys.usb.config=adb && sys.usb.configfs=1 && sys.usb.ffs.ready=1) from (/system/etc/init/hw/init.usb.configfs.rc:20)
05-12 10:56:57.072 1 1 I init : Command 'symlink /config/usb_gadget/g1/functions/ffs.adb /config/usb_gadget/g1/configs/b.1/f1' action=sys.usb.config=adb && sys.usb.configfs=1 && sys.usb.ffs.ready=1 (/system/etc/init/hw/init.usb.configfs.rc:22) took 1ms and failed: symlink() failed: File exists
05-12 10:56:57.074 1 1 I init : Command 'write /config/usb_gadget/g1/UDC ${sys.usb.controller}' action=sys.usb.config=adb && sys.usb.configfs=1 && sys.usb.ffs.ready=1 (/system/etc/init/hw/init.usb.configfs.rc:23) took 2ms and failed: Unable to write to file '/config/usb_gadget/g1/UDC': Unable to write file contents: Device or resource busy
05-12 10:34:09.003 1306 1306 W ContextImpl: Calling a method in the system process without a qualified user: android.app.ContextImpl.sendBroadcast:1181 android.content.ContextWrapper.sendBroadcast:479 cn.eben.newweather.DateWeatherService.a:19 cn.eben.newweather.DateWeatherService.a:0 cn.eben.newweather.DateWeatherService$1.handleMessage:7
05-12 10:34:09.169 462 487 I RIL : ---> enter mainloop wait at port
05-12 10:34:09.169 462 487 D RIL-DEV : Get modem info
05-12 10:34:09.170 462 487 D RIL-DEV : [05-12_10:34:09:170] idVendor = 0bda
05-12 10:34:09.170 462 487 D RIL-DEV :
05-12 10:34:09.170 462 487 D RIL-DEV : [05-12_10:34:09:171] idVendor = 05e3
05-12 10:34:09.170 462 487 D RIL-DEV :
05-12 10:34:09.171 462 487 D RIL-DEV : [05-12_10:34:09:171] idVendor = 1d6b
05-12 10:34:09.171 462 487 D RIL-DEV :
05-12 10:34:09.171 462 487 D RIL-DEV : [05-12_10:34:09:171] idVendor = 1d6b
05-12 10:34:09.171 462 487 D RIL-DEV :
05-12 10:34:09.171 462 487 D RIL-DEV : [05-12_10:34:09:172] idVendor = 0bda
05-12 10:34:09.171 462 487 D RIL-DEV :
05-12 10:34:09.172 462 487 D RIL-DEV : [05-12_10:34:09:172] idVendor = 1d6b
05-12 10:34:09.172 462 487 D RIL-DEV :
05-12 10:34:09.172 462 487 D RIL-DEV : [05-12_10:34:09:173] idVendor = 2109
05-12 10:34:09.172 462 487 D RIL-DEV :
05-12 10:34:09.173 462 487 D RIL-DEV : [05-12_10:34:09:173] idVendor = 2109
05-12 10:34:09.173 462 487 D RIL-DEV :
05-12 10:34:09.173 462 487 D RIL-DEV : [05-12_10:34:09:173] idVendor = 1d6b
05-12 10:34:09.173 462 487 D RIL-DEV :
05-12 10:34:09.173 462 487 D RIL-DEV : [05-12_10:34:09:174] idVendor = 0bda
05-12 10:34:09.173 462 487 D RIL-DEV :
05-12 10:34:09.174 462 487 D RIL-DEV : [05-12_10:34:09:174] idVendor = 2109
05-12 10:34:09.174 462 487 D RIL-DEV :
05-12 10:34:09.174 462 487 E RIL-DEV : Cannot find Meig devices
05-12 10:34:09.174 462 487 I RIL : ---> can't find meig usb devices
05-12 10:56:58.120 543 543 I : read descriptors
05-12 10:56:58.120 543 543 I : read strings
05-12 10:56:58.121 1 1 I init : processing action (sys.usb.config=adb && sys.usb.configfs=1 && sys.usb.ffs.ready=1) from (/system/etc/init/hw/init.usb.configfs.rc:20)
05-12 10:56:58.124 1 1 I init : Command 'symlink /config/usb_gadget/g1/functions/ffs.adb /config/usb_gadget/g1/configs/b.1/f1' action=sys.usb.config=adb && sys.usb.configfs=1 && sys.usb.ffs.ready=1 (/system/etc/init/hw/init.usb.configfs.rc:22) took 0ms and failed: symlink() failed: File exists
05-12 10:56:58.124 1 1 I init : Command 'write /config/usb_gadget/g1/UDC ${sys.usb.controller}' action=sys.usb.config=adb && sys.usb.configfs=1 && sys.usb.ffs.ready=1 (/system/etc/init/hw/init.usb.configfs.rc:23) took 0ms and failed: Unable to write to file '/config/usb_gadget/g1/UDC': Unable to write file contents: Device or resource busy
05-12 10:34:10.002 1306 1306 W ContextImpl: Calling a method in the system process without a qualified user: android.app.ContextImpl.sendBroadcast:1181 android.content.ContextWrapper.sendBroadcast:479 cn.eben.newweather.DateWeatherService.a:19 cn.eben.newweather.DateWeatherService.a:0 cn.eben.newweather.DateWeatherService$1.handleMessage:7
05-12 10:56:59.180 543 543 I : read descriptors
05-12 10:56:59.180 543 543 I : read strings
05-12 10:56:59.181 1 1 I init : processing action (sys.usb.config=adb && sys.usb.configfs=1 && sys.usb.ffs.ready=1) from (/system/etc/init/hw/init.usb.configfs.rc:20)
05-12 10:34:11.001 1306 1306 W ContextImpl: Calling a method in the system process without a qualified user: android.app.ContextImpl.sendBroadcast:1181 android.content.ContextWrapper.sendBroadcast:479 cn.eben.newweather.DateWeatherService.a:19 cn.eben.newweather.DateWeatherService.a:0 cn.eben.newweather.DateWeatherService$1.handleMessage:7
05-12 10:34:11.174 462 487 I RIL : ---> enter mainloop wait at port
05-12 10:34:11.174 462 487 D RIL-DEV : Get modem info
05-12 10:34:11.175 462 487 D RIL-DEV : [05-12_10:34:11:176] idVendor = 0bda
05-12 10:34:11.175 462 487 D RIL-DEV :
05-12 10:34:11.175 462 487 D RIL-DEV : [05-12_10:34:11:176] idVendor = 05e3
05-12 10:34:11.175 462 487 D RIL-DEV :
05-12 10:34:11.176 462 487 D RIL-DEV : [05-12_10:34:11:176] idVendor = 1d6b
05-12 10:34:11.176 462 487 D RIL-DEV :
05-12 10:34:11.176 462 487 D RIL-DEV : [05-12_10:34:11:176] idVendor = 1d6b
05-12 10:34:11.176 462 487 D RIL-DEV :
05-12 10:34:11.176 462 487 D RIL-DEV : [05-12_10:34:11:177] idVendor = 0bda
05-12 10:34:11.176 462 487 D RIL-DEV :
05-12 10:34:11.177 462 487 D RIL-DEV : [05-12_10:34:11:177] idVendor = 1d6b
05-12 10:34:11.177 462 487 D RIL-DEV :
05-12 10:34:11.177 462 487 D RIL-DEV : [05-12_10:34:11:177] idVendor = 2109
05-12 10:34:11.177 462 487 D RIL-DEV :
05-12 10:34:11.178 462 487 D RIL-DEV : [05-12_10:34:11:178] idVendor = 2109
05-12 10:34:11.178 462 487 D RIL-DEV :
05-12 10:34:11.178 462 487 D RIL-DEV : [05-12_10:34:11:178] idVendor = 1d6b
05-12 10:34:11.178 462 487 D RIL-DEV :
05-12 10:34:11.178 462 487 D RIL-DEV : [05-12_10:34:11:179] idVendor = 0bda
05-12 10:34:11.178 462 487 D RIL-DEV :
05-12 10:34:11.179 462 487 D RIL-DEV : [05-12_10:34:11:179] idVendor = 2109
05-12 10:34:11.179 462 487 D RIL-DEV :
05-12 10:34:11.179 462 487 E RIL-DEV : Cannot find Meig devices
05-12 10:34:11.179 462 487 I RIL : ---> can't find meig usb devices
05-12 10:57:00.239 543 543 I : read descriptors
05-12 10:57:00.240 543 543 I : read strings
05-12 10:34:12.002 1306 1306 W ContextImpl: Calling a method in the system process without a qualified user: android.app.ContextImpl.sendBroadcast:1181 android.content.ContextWrapper.sendBroadcast:479 cn.eben.newweather.DateWeatherService.a:19 cn.eben.newweather.DateWeatherService.a:0 cn.eben.newweather.DateWeatherService$1.handleMessage:7
05-12 10:34:13.003 1306 1306 W ContextImpl: Calling a method in the system process without a qualified user: android.app.ContextImpl.sendBroadcast:1181 android.content.ContextWrapper.sendBroadcast:479 cn.eben.newweather.DateWeatherService.a:19 cn.eben.newweather.DateWeatherService.a:0 cn.eben.newweather.DateWeatherService$1.handleMessage:7
05-12 10:57:01.303 543 543 I : read descriptors
05-12 10:57:01.303 543 543 I : read strings
05-12 10:57:01.305 1 1 I init : processing action (sys.usb.config=adb && sys.usb.configfs=1 && sys.usb.ffs.ready=1) from (/system/etc/init/hw/init.usb.configfs.rc:20)
05-12 10:57:01.307 1 1 I init : Command 'symlink /config/usb_gadget/g1/functions/ffs.adb /config/usb_gadget/g1/configs/b.1/f1' action=sys.usb.config=adb && sys.usb.configfs=1 && sys.usb.ffs.ready=1 (/system/etc/init/hw/init.usb.configfs.rc:22) took 0ms and failed: symlink() failed: File exists
05-12 10:57:01.308 1 1 I init : Command 'write /config/usb_gadget/g1/UDC ${sys.usb.controller}' action=sys.usb.config=adb && sys.usb.configfs=1 && sys.usb.ffs.ready=1 (/system/etc/init/hw/init.usb.configfs.rc:23) took 0ms and failed: Unable to write to file '/config/usb_gadget/g1/UDC': Unable to write file contents: Device or resource busy
05-12 10:34:13.179 462 487 I RIL : ---> enter mainloop wait at port
05-12 10:34:13.180 462 487 D RIL-DEV : Get modem info
05-12 10:34:13.180 462 487 D RIL-DEV : [05-12_10:34:13:181] idVendor = 0bda
05-12 10:34:13.180 462 487 D RIL-DEV :
05-12 10:34:13.181 462 487 D RIL-DEV : [05-12_10:34:13:181] idVendor = 05e3
05-12 10:34:13.181 462 487 D RIL-DEV :
05-12 10:34:13.181 462 487 D RIL-DEV : [05-12_10:34:13:181] idVendor = 1d6b
05-12 10:34:13.181 462 487 D RIL-DEV :
05-12 10:34:13.181 462 487 D RIL-DEV : [05-12_10:34:13:182] idVendor = 1d6b
05-12 10:34:13.181 462 487 D RIL-DEV :
05-12 10:34:13.182 462 487 D RIL-DEV : [05-12_10:34:13:182] idVendor = 0bda
05-12 10:34:13.182 462 487 D RIL-DEV :
05-12 10:34:13.182 462 487 D RIL-DEV : [05-12_10:34:13:182] idVendor = 1d6b
05-12 10:34:13.182 462 487 D RIL-DEV :
05-12 10:34:13.182 462 487 D RIL-DEV : [05-12_10:34:13:183] idVendor = 2109
05-12 10:34:13.182 462 487 D RIL-DEV :
05-12 10:34:13.183 462 487 D RIL-DEV : [05-12_10:34:13:183] idVendor = 2109
05-12 10:34:13.183 462 487 D RIL-DEV :
05-12 10:34:13.183 462 487 D RIL-DEV : [05-12_10:34:13:183] idVendor = 1d6b
05-12 10:34:13.183 462 487 D RIL-DEV :
05-12 10:34:13.183 462 487 D RIL-DEV : [05-12_10:34:13:184] idVendor = 0bda
05-12 10:34:13.183 462 487 D RIL-DEV :
05-12 10:34:13.184 462 487 D RIL-DEV : [05-12_10:34:13:184] idVendor = 2109
05-12 10:34:13.184 462 487 D RIL-DEV :
05-12 10:34:13.184 462 487 E RIL-DEV : Cannot find Meig devices
05-12 10:34:13.184 462 487 I RIL : ---> can't find meig usb devices
05-12 10:34:14.003 1306 1306 W ContextImpl: Calling a method in the system process without a qualified user: android.app.ContextImpl.sendBroadcast:1181 android.content.ContextWrapper.sendBroadcast:479 cn.eben.newweather.DateWeatherService.a:19 cn.eben.newweather.DateWeatherService.a:0 cn.eben.newweather.DateWeatherService$1.handleMessage:7
05-12 10:57:02.346 543 543 I : read descriptors
05-12 10:57:02.346 543 543 I : read strings
05-12 10:57:02.348 1 1 I init : processing action (sys.usb.config=adb && sys.usb.configfs=1 && sys.usb.ffs.ready=1) from (/system/etc/init/hw/init.usb.configfs.rc:20)
05-12 10:57:02.350 1 1 I init : Command 'symlink /config/usb_gadget/g1/functions/ffs.adb /config/usb_gadget/g1/configs/b.1/f1' action=sys.usb.config=adb && sys.usb.configfs=1 && sys.usb.ffs.ready=1 (/system/etc/init/hw/init.usb.configfs.rc:22) took 0ms and failed: symlink() failed: File exists
05-12 10:57:02.350 1 1 I init : Command 'write /config/usb_gadget/g1/UDC ${sys.usb.controller}' action=sys.usb.config=adb && sys.usb.configfs=1 && sys.usb.ffs.ready=1 (/system/etc/init/hw/init.usb.configfs.rc:23) took 0ms and failed: Unable to write to file '/config/usb_gadget/g1/UDC': Unable to write file contents: Device or resource busy
05-12 10:34:15.002 1306 1306 W ContextImpl: Calling a method in the system process without a qualified user: android.app.ContextImpl.sendBroadcast:1181 android.content.ContextWrapper.sendBroadcast:479 cn.eben.newweather.DateWeatherService.a:19 cn.eben.newweather.DateWeatherService.a:0 cn.eben.newweather.DateWeatherService$1.handleMessage:7
05-12 10:57:03.323 439 439 W healthd : battery l=97 v=8188 t=29.5 h=1 st=3 c=-512000 fc=9700000 cc=7 chg=
05-12 10:34:15.029 621 769 I battery_level: [97,8188,295]
05-12 10:57:03.413 543 543 I : read descriptors
05-12 10:57:03.413 543 543 I : read strings
05-12 10:57:03.415 1 1 I init : processing action (sys.usb.config=adb && sys.usb.configfs=1 && sys.usb.ffs.ready=1) from (/system/etc/init/hw/init.usb.configfs.rc:20)
05-12 10:57:03.418 1 1 I init : Command 'symlink /config/usb_gadget/g1/functions/ffs.adb /config/usb_gadget/g1/configs/b.1/f1' action=sys.usb.config=adb && sys.usb.configfs=1 && sys.usb.ffs.ready=1 (/system/etc/init/hw/init.usb.configfs.rc:22) took 0ms and failed: symlink() failed: File exists
05-12 10:57:03.419 1 1 I init : Command 'write /config/usb_gadget/g1/UDC ${sys.usb.controller}' action=sys.usb.config=adb && sys.usb.configfs=1 && sys.usb.ffs.ready=1 (/system/etc/init/hw/init.usb.configfs.rc:23) took 0ms and failed: Unable to write to file '/config/usb_gadget/g1/UDC': Unable to write file contents: Device or resource busy
05-12 10:34:15.184 462 487 I RIL : ---> enter mainloop wait at port
05-12 10:34:15.184 462 487 D RIL-DEV : Get modem info
05-12 10:34:15.185 462 487 D RIL-DEV : [05-12_10:34:15:185] idVendor = 0bda
05-12 10:34:15.185 462 487 D RIL-DEV :
05-12 10:34:15.185 462 487 D RIL-DEV : [05-12_10:34:15:185] idVendor = 05e3
05-12 10:34:15.185 462 487 D RIL-DEV :
05-12 10:34:15.185 462 487 D RIL-DEV : [05-12_10:34:15:186] idVendor = 1d6b
05-12 10:34:15.185 462 487 D RIL-DEV :
05-12 10:34:15.185 462 487 D RIL-DEV : [05-12_10:34:15:186] idVendor = 1d6b
05-12 10:34:15.185 462 487 D RIL-DEV :
05-12 10:34:15.186 462 487 D RIL-DEV : [05-12_10:34:15:186] idVendor = 0bda
05-12 10:34:15.186 462 487 D RIL-DEV :
05-12 10:34:15.186 462 487 D RIL-DEV : [05-12_10:34:15:186] idVendor = 1d6b
05-12 10:34:15.186 462 487 D RIL-DEV :
05-12 10:34:15.186 462 487 D RIL-DEV : [05-12_10:34:15:187] idVendor = 2109
05-12 10:34:15.186 462 487 D RIL-DEV :
05-12 10:34:15.186 462 487 D RIL-DEV : [05-12_10:34:15:187] idVendor = 2109
05-12 10:34:15.186 462 487 D RIL-DEV :
05-12 10:34:15.187 462 487 D RIL-DEV : [05-12_10:34:15:187] idVendor = 1d6b
05-12 10:34:15.187 462 487 D RIL-DEV :
05-12 10:34:15.187 462 487 D RIL-DEV : [05-12_10:34:15:187] idVendor = 0bda
05-12 10:34:15.187 462 487 D RIL-DEV :
05-12 10:34:15.187 462 487 D RIL-DEV : [05-12_10:34:15:187] idVendor = 2109
05-12 10:34:15.187 462 487 D RIL-DEV :
05-12 10:34:15.187 462 487 E RIL-DEV : Cannot find Meig devices
05-12 10:34:15.187 462 487 I RIL : ---> can't find meig usb devices
05-12 10:34:16.002 1306 1306 W ContextImpl: Calling a method in the system process without a qualified user: android.app.ContextImpl.sendBroadcast:1181 android.content.ContextWrapper.sendBroadcast:479 cn.eben.newweather.DateWeatherService.a:19 cn.eben.newweather.DateWeatherService.a:0 cn.eben.newweather.DateWeatherService$1.handleMessage:7
05-12 10:57:04.453 543 543 I : read descriptors
05-12 10:57:04.453 543 543 I : read strings
05-12 10:57:04.455 1 1 I init : processing action (sys.usb.config=adb && sys.usb.configfs=1 && sys.usb.ffs.ready=1) from (/system/etc/init/hw/init.usb.configfs.rc:20)
05-12 10:34:17.002 1306 1306 W ContextImpl: Calling a method in the system process without a qualified user: android.app.ContextImpl.sendBroadcast:1181 android.content.ContextWrapper.sendBroadcast:479 cn.eben.newweather.DateWeatherService.a:19 cn.eben.newweather.DateWeatherService.a:0 cn.eben.newweather.DateWeatherService$1.handleMessage:7
05-12 10:34:17.188 462 487 I RIL : ---> enter mainloop wait at port
05-12 10:34:17.188 462 487 D RIL-DEV : Get modem info
05-12 10:34:17.188 462 487 D RIL-DEV : [05-12_10:34:17:189] idVendor = 0bda
05-12 10:34:17.188 462 487 D RIL-DEV :
05-12 10:34:17.189 462 487 D RIL-DEV : [05-12_10:34:17:189] idVendor = 05e3
05-12 10:34:17.189 462 487 D RIL-DEV :
05-12 10:34:17.189 462 487 D RIL-DEV : [05-12_10:34:17:190] idVendor = 1d6b
05-12 10:34:17.189 462 487 D RIL-DEV :
05-12 10:34:17.189 462 487 D RIL-DEV : [05-12_10:34:17:190] idVendor = 1d6b
05-12 10:34:17.189 462 487 D RIL-DEV :
05-12 10:34:17.190 462 487 D RIL-DEV : [05-12_10:34:17:190] idVendor = 0bda
05-12 10:34:17.190 462 487 D RIL-DEV :
05-12 10:34:17.190 462 487 D RIL-DEV : [05-12_10:34:17:191] idVendor = 1d6b
05-12 10:34:17.190 462 487 D RIL-DEV :
05-12 10:34:17.190 462 487 D RIL-DEV : [05-12_10:34:17:191] idVendor = 2109
05-12 10:34:17.190 462 487 D RIL-DEV :
05-12 10:34:17.191 462 487 D RIL-DEV : [05-12_10:34:17:191] idVendor = 2109
05-12 10:34:17.191 462 487 D RIL-DEV :
05-12 10:34:17.191 462 487 D RIL-DEV : [05-12_10:34:17:191] idVendor = 1d6b
05-12 10:34:17.191 462 487 D RIL-DEV :
05-12 10:34:17.192 462 487 D RIL-DEV : [05-12_10:34:17:192] idVendor = 0bda
05-12 10:34:17.192 462 487 D RIL-DEV :
05-12 10:34:17.192 462 487 D RIL-DEV : [05-12_10:34:17:193] idVendor = 2109
05-12 10:34:17.192 462 487 D RIL-DEV :
05-12 10:34:17.193 462 487 E RIL-DEV : Cannot find Meig devices
05-12 10:34:17.193 462 487 I RIL : ---> can't find meig usb devices
05-12 10:57:05.503 543 543 I : read descriptors
05-12 10:57:05.503 543 543 I : read strings
05-12 10:34:18.003 1306 1306 W ContextImpl: Calling a method in the system process without a qualified user: android.app.ContextImpl.sendBroadcast:1181 android.content.ContextWrapper.sendBroadcast:479 cn.eben.newweather.DateWeatherService.a:19 cn.eben.newweather.DateWeatherService.a:0 cn.eben.newweather.DateWeatherService$1.handleMessage:7
05-12 10:57:06.550 543 543 I : read descriptors
05-12 10:57:06.550 543 543 I : read strings
05-12 10:57:06.551 1 1 I init : processing action (sys.usb.config=adb && sys.usb.configfs=1 && sys.usb.ffs.ready=1) from (/system/etc/init/hw/init.usb.configfs.rc:20)
05-12 10:57:06.554 1 1 I init : Command 'symlink /config/usb_gadget/g1/functions/ffs.adb /config/usb_gadget/g1/configs/b.1/f1' action=sys.usb.config=adb && sys.usb.configfs=1 && sys.usb.ffs.ready=1 (/system/etc/init/hw/init.usb.configfs.rc:22) took 0ms and failed: symlink() failed: File exists
05-12 10:57:06.556 1 1 I init : Command 'write /config/usb_gadget/g1/UDC ${sys.usb.controller}' action=sys.usb.config=adb && sys.usb.configfs=1 && sys.usb.ffs.ready=1 (/system/etc/init/hw/init.usb.configfs.rc:23) took 0ms and failed: Unable to write to file '/config/usb_gadget/g1/UDC': Unable to write file contents: Device or resource busy
05-12 10:34:19.002 1306 1306 W ContextImpl: Calling a method in the system process without a qualified user: android.app.ContextImpl.sendBroadcast:1181 android.content.ContextWrapper.sendBroadcast:479 cn.eben.newweather.DateWeatherService.a:19 cn.eben.newweather.DateWeatherService.a:0 cn.eben.newweather.DateWeatherService$1.handleMessage:7
05-12 10:34:19.193 462 487 I RIL : ---> enter mainloop wait at port
05-12 10:34:19.193 462 487 D RIL-DEV : Get modem info
05-12 10:34:19.194 462 487 D RIL-DEV : [05-12_10:34:19:194] idVendor = 0bda
05-12 10:34:19.194 462 487 D RIL-DEV :
05-12 10:34:19.194 462 487 D RIL-DEV : [05-12_10:34:19:195] idVendor = 05e3
05-12 10:34:19.194 462 487 D RIL-DEV :
05-12 10:34:19.195 462 487 D RIL-DEV : [05-12_10:34:19:195] idVendor = 1d6b
05-12 10:34:19.195 462 487 D RIL-DEV :
05-12 10:34:19.195 462 487 D RIL-DEV : [05-12_10:34:19:195] idVendor = 1d6b
05-12 10:34:19.195 462 487 D RIL-DEV :
05-12 10:34:19.195 462 487 D RIL-DEV : [05-12_10:34:19:196] idVendor = 0bda
05-12 10:34:19.195 462 487 D RIL-DEV :
05-12 10:34:19.196 462 487 D RIL-DEV : [05-12_10:34:19:196] idVendor = 1d6b
05-12 10:34:19.196 462 487 D RIL-DEV :
05-12 10:34:19.196 462 487 D RIL-DEV : [05-12_10:34:19:196] idVendor = 2109
05-12 10:34:19.196 462 487 D RIL-DEV :
05-12 10:34:19.196 462 487 D RIL-DEV : [05-12_10:34:19:197] idVendor = 2109
05-12 10:34:19.196 462 487 D RIL-DEV :
05-12 10:34:19.197 462 487 D RIL-DEV : [05-12_10:34:19:197] idVendor = 1d6b
05-12 10:34:19.197 462 487 D RIL-DEV :
05-12 10:34:19.197 462 487 D RIL-DEV : [05-12_10:34:19:197] idVendor = 0bda
05-12 10:34:19.197 462 487 D RIL-DEV :
05-12 10:34:19.197 462 487 D RIL-DEV : [05-12_10:34:19:198] idVendor = 2109
05-12 10:34:19.197 462 487 D RIL-DEV :
05-12 10:34:19.198 462 487 E RIL-DEV : Cannot find Meig devices
05-12 10:34:19.198 462 487 I RIL : ---> can't find meig usb devices
05-12 10:57:07.609 543 543 I : read descriptors
05-12 10:57:07.609 543 543 I : read strings
05-12 10:57:07.611 1 1 I init : processing action (sys.usb.config=adb && sys.usb.configfs=1 && sys.usb.ffs.ready=1) from (/system/etc/init/hw/init.usb.configfs.rc:20)
05-12 10:57:07.614 1 1 I init : Command 'symlink /config/usb_gadget/g1/functions/ffs.adb /config/usb_gadget/g1/configs/b.1/f1' action=sys.usb.config=adb && sys.usb.configfs=1 && sys.usb.ffs.ready=1 (/system/etc/init/hw/init.usb.configfs.rc:22) took 0ms and failed: symlink() failed: File exists
05-12 10:57:07.614 1 1 I init : Command 'write /config/usb_gadget/g1/UDC ${sys.usb.controller}' action=sys.usb.config=adb && sys.usb.configfs=1 && sys.usb.ffs.ready=1 (/system/etc/init/hw/init.usb.configfs.rc:23) took 0ms and failed: Unable to write to file '/config/usb_gadget/g1/UDC': Unable to write file contents: Device or resource busy
05-12 10:34:20.002 1306 1306 W ContextImpl: Calling a method in the system process without a qualified user: android.app.ContextImpl.sendBroadcast:1181 android.content.ContextWrapper.sendBroadcast:479 cn.eben.newweather.DateWeatherService.a:19 cn.eben.newweather.DateWeatherService.a:0 cn.eben.newweather.DateWeatherService$1.handleMessage:7
05-12 10:57:08.656 543 543 I : read descriptors
05-12 10:57:08.656 543 543 I : read strings
05-12 10:57:08.658 1 1 I init : processing action (sys.usb.config=adb && sys.usb.configfs=1 && sys.usb.ffs.ready=1) from (/system/etc/init/hw/init.usb.configfs.rc:20)
05-12 10:57:08.661 1 1 I init : Command 'symlink /config/usb_gadget/g1/functions/ffs.adb /config/usb_gadget/g1/configs/b.1/f1' action=sys.usb.config=adb && sys.usb.configfs=1 && sys.usb.ffs.ready=1 (/system/etc/init/hw/init.usb.configfs.rc:22) took 0ms and failed: symlink() failed: File exists
05-12 10:57:08.662 1 1 I init : Command 'write /config/usb_gadget/g1/UDC ${sys.usb.controller}' action=sys.usb.config=adb && sys.usb.configfs=1 && sys.usb.ffs.ready=1 (/system/etc/init/hw/init.usb.configfs.rc:23) took 0ms and failed: Unable to write to file '/config/usb_gadget/g1/UDC': Unable to write file contents: Device or resource busy
05-12 10:34:21.004 1306 1306 W ContextImpl: Calling a method in the system process without a qualified user: android.app.ContextImpl.sendBroadcast:1181 android.content.ContextWrapper.sendBroadcast:479 cn.eben.newweather.DateWeatherService.a:19 cn.eben.newweather.DateWeatherService.a:0 cn.eben.newweather.DateWeatherService$1.handleMessage:7
05-12 10:34:21.198 462 487 I RIL : ---> enter mainloop wait at port
05-12 10:34:21.198 462 487 D RIL-DEV : Get modem info
05-12 10:34:21.199 462 487 D RIL-DEV : [05-12_10:34:21:199] idVendor = 0bda
05-12 10:34:21.199 462 487 D RIL-DEV :
05-12 10:34:21.199 462 487 D RIL-DEV : [05-12_10:34:21:200] idVendor = 05e3
05-12 10:34:21.199 462 487 D RIL-DEV :
05-12 10:34:21.200 462 487 D RIL-DEV : [05-12_10:34:21:200] idVendor = 1d6b
05-12 10:34:21.200 462 487 D RIL-DEV :
05-12 10:34:21.200 462 487 D RIL-DEV : [05-12_10:34:21:200] idVendor = 1d6b
05-12 10:34:21.200 462 487 D RIL-DEV :
05-12 10:34:21.200 462 487 D RIL-DEV : [05-12_10:34:21:201] idVendor = 0bda
05-12 10:34:21.200 462 487 D RIL-DEV :
05-12 10:34:21.201 462 487 D RIL-DEV : [05-12_10:34:21:201] idVendor = 1d6b
05-12 10:34:21.201 462 487 D RIL-DEV :
05-12 10:34:21.201 462 487 D RIL-DEV : [05-12_10:34:21:201] idVendor = 2109
05-12 10:34:21.201 462 487 D RIL-DEV :
05-12 10:34:21.202 462 487 D RIL-DEV : [05-12_10:34:21:202] idVendor = 2109
05-12 10:34:21.202 462 487 D RIL-DEV :
05-12 10:34:21.202 462 487 D RIL-DEV : [05-12_10:34:21:202] idVendor = 1d6b
05-12 10:34:21.202 462 487 D RIL-DEV :
05-12 10:34:21.202 462 487 D RIL-DEV : [05-12_10:34:21:203] idVendor = 0bda
05-12 10:34:21.202 462 487 D RIL-DEV :
05-12 10:34:21.203 462 487 D RIL-DEV : [05-12_10:34:21:203] idVendor = 2109
05-12 10:34:21.203 462 487 D RIL-DEV :
05-12 10:34:21.203 462 487 E RIL-DEV : Cannot find Meig devices
05-12 10:34:21.204 462 487 I RIL : ---> can't find meig usb devices
05-12 10:57:09.699 543 543 I : read descriptors
05-12 10:57:09.700 543 543 I : read strings
05-12 10:57:09.701 1 1 I init : processing action (sys.usb.config=adb && sys.usb.configfs=1 && sys.usb.ffs.ready=1) from (/system/etc/init/hw/init.usb.configfs.rc:20)
05-12 10:34:22.002 1306 1306 W ContextImpl: Calling a method in the system process without a qualified user: android.app.ContextImpl.sendBroadcast:1181 android.content.ContextWrapper.sendBroadcast:479 cn.eben.newweather.DateWeatherService.a:19 cn.eben.newweather.DateWeatherService.a:0 cn.eben.newweather.DateWeatherService$1.handleMessage:7
05-12 10:57:10.759 543 543 I : read descriptors
05-12 10:57:10.759 543 543 I : read strings
05-12 10:34:23.002 1306 1306 W ContextImpl: Calling a method in the system process without a qualified user: android.app.ContextImpl.sendBroadcast:1181 android.content.ContextWrapper.sendBroadcast:479 cn.eben.newweather.DateWeatherService.a:19 cn.eben.newweather.DateWeatherService.a:0 cn.eben.newweather.DateWeatherService$1.handleMessage:7
05-12 10:34:23.204 462 487 I RIL : ---> enter mainloop wait at port
05-12 10:34:23.204 462 487 D RIL-DEV : Get modem info
05-12 10:34:23.205 462 487 D RIL-DEV : [05-12_10:34:23:205] idVendor = 0bda
05-12 10:34:23.205 462 487 D RIL-DEV :
05-12 10:34:23.205 462 487 D RIL-DEV : [05-12_10:34:23:206] idVendor = 05e3
05-12 10:34:23.205 462 487 D RIL-DEV :
05-12 10:34:23.206 462 487 D RIL-DEV : [05-12_10:34:23:206] idVendor = 1d6b
05-12 10:34:23.206 462 487 D RIL-DEV :
05-12 10:34:23.206 462 487 D RIL-DEV : [05-12_10:34:23:206] idVendor = 1d6b
05-12 10:34:23.206 462 487 D RIL-DEV :
05-12 10:34:23.206 462 487 D RIL-DEV : [05-12_10:34:23:207] idVendor = 0bda
05-12 10:34:23.206 462 487 D RIL-DEV :
05-12 10:34:23.206 462 487 D RIL-DEV : [05-12_10:34:23:207] idVendor = 1d6b
05-12 10:34:23.206 462 487 D RIL-DEV :
05-12 10:34:23.207 462 487 D RIL-DEV : [05-12_10:34:23:207] idVendor = 2109
