05-12 10:56:26.419 543 543 I : read strings
05-12 10:56:26.420 1 1 I init : processing action (sys.usb.config=adb && sys.usb.configfs=1 && sys.usb.ffs.ready=1) from (/system/etc/init/hw/init.usb.configfs.rc:20)
05-12 10:56:26.421 1 1 I init : Command 'symlink /config/usb_gadget/g1/functions/ffs.adb /config/usb_gadget/g1/configs/b.1/f1' action=sys.usb.config=adb && sys.usb.configfs=1 && sys.usb.ffs.ready=1 (/system/etc/init/hw/init.usb.configfs.rc:22) took 0ms and failed: symlink() failed: File exists
05-12 10:56:26.422 1 1 I init : Command 'write /config/usb_gadget/g1/UDC ${sys.usb.controller}' action=sys.usb.config=adb && sys.usb.configfs=1 && sys.usb.ffs.ready=1 (/system/etc/init/hw/init.usb.configfs.rc:23) took 0ms and failed: Unable to write to file '/config/usb_gadget/g1/UDC': Unable to write file contents: Device or resource busy
05-12 10:33:38.131 621 641 I user_activity_timeout_override: -1
05-12 10:33:38.133 621 642 I input_focus: [Focus request 2542921 com.android.launcher3/com.android.launcher3.dragndrop.AddItemActivity,reason=UpdateInputWindows]
05-12 10:33:38.156 621 703 I input_focus: [Focus leaving 8c17c23 NotificationShade (server),reason=setFocusedWindow]
05-12 10:33:38.156 621 703 I input_focus: [Focus entering 2542921 com.android.launcher3/com.android.launcher3.dragndrop.AddItemActivity (server),reason=setFocusedWindow]
05-12 10:33:38.170 621 636 I sysui_multi_action: [757,128,758,2,793,4714669,794,2946,795,4714669,796,55,798,1,806,android,857,DEVELOPER,858,2,947,0,1395,2,1500,2946,1688,1]
05-12 10:33:38.170 621 636 I notification_visibility: [-1|android|55|null|1000,0,4714669,4714669,0,1]
05-12 10:33:38.170 621 636 I sysui_multi_action: [757,128,758,2,793,4698635,794,2945,795,4698635,796,1009,798,0,806,cn.eben.sync,857,CloudService,858,2,947,0,1395,2,1500,2944,1688,1]
05-12 10:33:38.170 621 636 I notification_visibility: [0|cn.eben.sync|1009|null|10063,0,4698635,4698635,0,0]
05-12 10:33:38.186 621 1125 I sysui_multi_action: [757,127,758,2]
05-12 10:33:38.186 621 1125 I notification_panel_hidden:
05-12 10:33:39.002 1306 1306 W ContextImpl: Calling a method in the system process without a qualified user: android.app.ContextImpl.sendBroadcast:1181 android.content.ContextWrapper.sendBroadcast:479 cn.eben.newweather.DateWeatherService.a:19 cn.eben.newweather.DateWeatherService.a:0 cn.eben.newweather.DateWeatherService$1.handleMessage:7
05-12 10:33:39.101 462 487 I RIL : ---> enter mainloop wait at port
05-12 10:33:39.102 462 487 D RIL-DEV : Get modem info
05-12 10:33:39.102 462 487 D RIL-DEV : [05-12_10:33:39:103] idVendor = 0bda
05-12 10:33:39.102 462 487 D RIL-DEV :
05-12 10:33:39.103 462 487 D RIL-DEV : [05-12_10:33:39:103] idVendor = 05e3
05-12 10:33:39.103 462 487 D RIL-DEV :
05-12 10:33:39.103 462 487 D RIL-DEV : [05-12_10:33:39:104] idVendor = 1d6b
05-12 10:33:39.103 462 487 D RIL-DEV :
05-12 10:33:39.103 462 487 D RIL-DEV : [05-12_10:33:39:104] idVendor = 1d6b
05-12 10:33:39.103 462 487 D RIL-DEV :
05-12 10:33:39.104 462 487 D RIL-DEV : [05-12_10:33:39:104] idVendor = 0bda
05-12 10:33:39.104 462 487 D RIL-DEV :
05-12 10:33:39.104 462 487 D RIL-DEV : [05-12_10:33:39:105] idVendor = 1d6b
05-12 10:33:39.104 462 487 D RIL-DEV :
05-12 10:33:39.105 462 487 D RIL-DEV : [05-12_10:33:39:105] idVendor = 2109
05-12 10:33:39.105 462 487 D RIL-DEV :
05-12 10:33:39.105 462 487 D RIL-DEV : [05-12_10:33:39:106] idVendor = 2109
05-12 10:33:39.105 462 487 D RIL-DEV :
05-12 10:33:39.106 462 487 D RIL-DEV : [05-12_10:33:39:106] idVendor = 1d6b
05-12 10:33:39.106 462 487 D RIL-DEV :
05-12 10:33:39.106 462 487 D RIL-DEV : [05-12_10:33:39:107] idVendor = 0bda
05-12 10:33:39.106 462 487 D RIL-DEV :
05-12 10:33:39.106 462 487 D RIL-DEV : [05-12_10:33:39:107] idVendor = 2109
05-12 10:33:39.106 462 487 D RIL-DEV :
05-12 10:33:39.107 462 487 E RIL-DEV : Cannot find Meig devices
05-12 10:33:39.107 462 487 I RIL : ---> can't find meig usb devices
05-12 10:56:27.476 543 543 I : read descriptors
05-12 10:56:27.476 543 543 I : read strings
05-12 10:56:27.478 1 1 I init : processing action (sys.usb.config=adb && sys.usb.configfs=1 && sys.usb.ffs.ready=1) from (/system/etc/init/hw/init.usb.configfs.rc:20)
05-12 10:33:39.224 621 641 I sysui_multi_action: [757,1144,758,8,806,com.android.mtp,871,com.android.mtp.ReceiverActivity]
05-12 10:33:39.248 621 703 I input_interaction: Interaction with: 2542921 com.android.launcher3/com.android.launcher3.dragndrop.AddItemActivity (server), PointerEventDispatcher0 (server),
05-12 10:56:27.712 425 425 W : abc audioDBG [es8323_mute] start mute:1
05-12 10:56:27.712 425 425 I [Awinic] [3-0058]aw_acf_get_prof_desc_form_name: get prof desc down
05-12 10:56:27.713 425 425 I [Awinic] [3-005b]aw_acf_get_prof_desc_form_name: get prof desc down
05-12 10:33:39.579 621 700 I wm_finish_activity: [0,204799600,10778,com.android.launcher3/.dragndrop.AddItemActivity,app-request]
05-12 10:33:39.579 621 700 I wm_task_moved: [10773,1,9]
05-12 10:33:39.579 621 700 I wm_task_to_front: [0,10773]
05-12 10:33:39.584 621 700 I wm_focused_root_task: [0,0,10773,10778,finish-top adjustFocusToNextFocusableTask]
05-12 10:33:39.601 621 700 I wm_pause_activity: [0,204799600,com.android.launcher3/.dragndrop.AddItemActivity,userLeaving=false,finish]
05-12 10:33:39.616 621 642 I input_focus: [Focus request 2c83476 com.eben.browser/com.eben.browser.MainActivity,reason=UpdateInputWindows]
05-12 10:33:39.627 1056 1056 I wm_on_top_resumed_lost_called: [204799600,com.android.launcher3.dragndrop.AddItemActivity,topStateChangedWhenResumed]
05-12 10:33:39.628 1056 1056 I wm_on_paused_called: [204799600,com.android.launcher3.dragndrop.AddItemActivity,performPause]
05-12 10:33:39.631 621 700 I wm_set_resumed_activity: [0,com.eben.browser/.MainActivity,resumeTopActivity]
05-12 10:33:39.632 621 700 I wm_resume_activity: [0,130231021,10773,com.eben.browser/.MainActivity]
05-12 10:33:39.650 621 703 I input_focus: [Focus leaving 2542921 com.android.launcher3/com.android.launcher3.dragndrop.AddItemActivity (server),reason=NO_WINDOW]
05-12 10:33:39.650 621 703 I input_focus: [Focus entering 2c83476 com.eben.browser/com.eben.browser.MainActivity (server),reason=setFocusedWindow]
05-12 10:33:39.656 621 641 I sysui_multi_action: [757,803,799,window_time_0,802,3]
05-12 10:33:39.677 3101 3101 I wm_on_resume_called: [130231021,com.eben.browser.MainActivity,RESUME_ACTIVITY]
05-12 10:33:39.678 3101 3101 I wm_on_top_resumed_gained_called: [130231021,com.eben.browser.MainActivity,topWhenResuming]
05-12 10:33:39.760 621 641 I wm_destroy_activity: [0,204799600,10778,com.android.launcher3/.dragndrop.AddItemActivity,finish-transit]
05-12 10:33:39.786 1056 1056 I wm_on_stop_called: [204799600,com.android.launcher3.dragndrop.AddItemActivity,LIFECYCLER_STOP_ACTIVITY]
05-12 10:33:39.786 1056 1056 I wm_on_destroy_called: [204799600,com.android.launcher3.dragndrop.AddItemActivity,performDestroy]
05-12 10:33:39.789 621 1125 I wm_task_removed: [10778,removeChild:removeChild last r=ActivityRecord{c34fe70 u0 com.android.launcher3/.dragndrop.AddItemActivity t-1 f}} in t=Task{27ce3a0 #10778 type=standard A=10090:com.android.launcher3 U=0 visible=false visibleRequested=false mode=fullscreen translucent=true sz=0}]
05-12 10:33:39.789 621 1125 I wm_task_removed: [10778,removeChild]
05-12 10:33:39.793 621 642 W ActivityTaskManager: Can't find TaskDisplayArea to determine support for multi window. Task id=10778 attached=false
05-12 10:33:39.793 621 642 W ActivityTaskManager: Can't find TaskDisplayArea to determine support for multi window. Task id=10778 attached=false
05-12 10:56:28.112 3415 3415 I IPv6 : ADDRCONF(NETDEV_CHANGE): eth1: link becomes ready
05-12 10:56:28.114 2922 2922 I r8152 4-1.4: 1.0 eth1: carrier on
05-12 10:33:40.002 1306 1306 W ContextImpl: Calling a method in the system process without a qualified user: android.app.ContextImpl.sendBroadcast:1181 android.content.ContextWrapper.sendBroadcast:479 cn.eben.newweather.DateWeatherService.a:19 cn.eben.newweather.DateWeatherService.a:0 cn.eben.newweather.DateWeatherService$1.handleMessage:7
05-12 10:56:28.536 543 543 I : read descriptors
05-12 10:56:28.537 543 543 I : read strings
05-12 10:33:40.332 621 703 I input_interaction: Interaction with: 85ec5f NavigationBar0 (server), PointerEventDispatcher0 (server),
05-12 10:33:40.340 775 775 I sysui_multi_action: [757,931,758,4,759,3,932,0,933,0]
05-12 10:33:40.414 775 775 I sysui_multi_action: [757,931,758,4,759,3,932,0,933,1]
05-12 10:33:40.421 621 638 D AutofillManagerService: Close system dialogs
05-12 10:33:40.430 621 639 I ActivityTaskManager: START u0 {act=android.intent.action.MAIN cat=[android.intent.category.HOME] flg=0x10000100 cmp=com.android.launcher3/.uioverrides.QuickstepLauncher (has extras)} from uid 0
05-12 10:33:40.433 621 639 I wm_task_moved: [1,1,8]
05-12 10:33:40.435 621 639 I wm_task_moved: [10757,1,2147483647]
05-12 10:33:40.435 621 639 I wm_task_to_front: [0,10757]
05-12 10:33:40.436 621 639 I wm_focused_root_task: [0,0,1,10773,bringingFoundTaskToFront]
05-12 10:33:40.437 621 639 I wm_set_resumed_activity: [0,com.android.launcher3/.uioverrides.QuickstepLauncher,bringingFoundTaskToFront]
05-12 10:33:40.437 621 639 I wm_new_intent: [0,50487918,10757,com.android.launcher3/.uioverrides.QuickstepLauncher,android.intent.action.MAIN,NULL,NULL,268435712]
05-12 10:33:40.438 621 639 I wm_pause_activity: [0,130231021,com.eben.browser/.MainActivity,userLeaving=true,pauseBackTasks]
05-12 10:33:40.438 3101 3101 I wm_on_top_resumed_lost_called: [130231021,com.eben.browser.MainActivity,topStateChangedWhenResumed]
05-12 10:33:40.439 621 639 I wm_add_to_stopping: [0,130231021,com.eben.browser/.MainActivity,makeInvisible]
05-12 10:33:40.439 621 639 I wm_set_resumed_activity: [0,com.android.launcher3/.uioverrides.QuickstepLauncher,resumeTopActivity]
05-12 10:33:40.440 621 639 I wm_resume_activity: [0,50487918,10757,com.android.launcher3/.uioverrides.QuickstepLauncher]
05-12 10:33:40.445 621 641 I sysui_multi_action: [757,803,799,window_time_0,802,1]
05-12 10:33:40.447 3101 3101 I wm_on_paused_called: [130231021,com.eben.browser.MainActivity,performPause]
05-12 10:33:40.454 1056 1056 I wm_on_restart_called: [50487918,com.android.launcher3.uioverrides.QuickstepLauncher,performRestartActivity]
05-12 10:33:40.455 1056 1056 I wm_on_start_called: [50487918,com.android.launcher3.uioverrides.QuickstepLauncher,handleStartActivity]
05-12 10:33:40.457 1056 1056 I wm_on_resume_called: [50487918,com.android.launcher3.uioverrides.QuickstepLauncher,RESUME_ACTIVITY]
05-12 10:33:40.457 1056 1056 I wm_on_top_resumed_gained_called: [50487918,com.android.launcher3.uioverrides.QuickstepLauncher,topStateChangedWhenResumed]
05-12 10:33:40.458 621 638 D AutofillManagerService: Close system dialogs
05-12 10:33:40.466 621 1125 I am_uid_active: 10023
05-12 10:33:40.468 621 1125 W PermissionManagerService: Datasource AttributionSource { uid = 10023, packageName = com.android.providers.calendar, attributionTag = null, token = android.os.BinderProxy@af8fbf4, next = android.content.AttributionSourceState@3f43592 } protecting data with platform defined runtime permission android.permission.READ_CALENDAR while not having android.permission.UPDATE_APP_OPS_STATS
05-12 10:33:40.472 621 703 I input_focus: [Focus leaving 2c83476 com.eben.browser/com.eben.browser.MainActivity (server),reason=NO_WINDOW]
05-12 10:33:40.473 621 3248 W PermissionManagerService: Datasource AttributionSource { uid = 10023, packageName = com.android.providers.calendar, attributionTag = null, token = android.os.BinderProxy@af8fbf4, next = android.content.AttributionSourceState@8397b63 } protecting data with platform defined runtime permission android.permission.READ_CALENDAR while not having android.permission.UPDATE_APP_OPS_STATS
05-12 10:33:40.477 621 642 I input_focus: [Focus request e95dfe5 com.android.launcher3/com.android.launcher3.uioverrides.QuickstepLauncher,reason=UpdateInputWindows]
05-12 10:33:40.503 621 638 I sysui_multi_action: [319,70,322,64,325,3363,757,761,758,9,759,2,806,com.android.launcher3,871,com.android.launcher3.uioverrides.QuickstepLauncher,905,0,1320,4,1321,1]
05-12 10:33:40.507 621 703 I input_focus: [Focus entering e95dfe5 com.android.launcher3/com.android.launcher3.uioverrides.QuickstepLauncher (server),reason=Window became focusable. Previous reason: NO_WINDOW]
05-12 10:33:41.002 1306 1306 W ContextImpl: Calling a method in the system process without a qualified user: android.app.ContextImpl.sendBroadcast:1181 android.content.ContextWrapper.sendBroadcast:479 cn.eben.newweather.DateWeatherService.a:19 cn.eben.newweather.DateWeatherService.a:0 cn.eben.newweather.DateWeatherService$1.handleMessage:7
05-12 10:33:41.107 462 487 I RIL : ---> enter mainloop wait at port
05-12 10:33:41.107 462 487 D RIL-DEV : Get modem info
05-12 10:33:41.108 462 487 D RIL-DEV : [05-12_10:33:41:108] idVendor = 0bda
05-12 10:33:41.108 462 487 D RIL-DEV :
05-12 10:33:41.108 462 487 D RIL-DEV : [05-12_10:33:41:108] idVendor = 05e3
05-12 10:33:41.108 462 487 D RIL-DEV :
05-12 10:33:41.108 462 487 D RIL-DEV : [05-12_10:33:41:108] idVendor = 1d6b
05-12 10:33:41.108 462 487 D RIL-DEV :
05-12 10:33:41.108 462 487 D RIL-DEV : [05-12_10:33:41:109] idVendor = 1d6b
05-12 10:33:41.108 462 487 D RIL-DEV :
05-12 10:33:41.108 462 487 D RIL-DEV : [05-12_10:33:41:109] idVendor = 0bda
05-12 10:33:41.108 462 487 D RIL-DEV :
05-12 10:33:41.108 462 487 D RIL-DEV : [05-12_10:33:41:109] idVendor = 1d6b
05-12 10:33:41.108 462 487 D RIL-DEV :
05-12 10:33:41.108 462 487 D RIL-DEV : [05-12_10:33:41:109] idVendor = 2109
05-12 10:33:41.108 462 487 D RIL-DEV :
05-12 10:33:41.109 462 487 D RIL-DEV : [05-12_10:33:41:109] idVendor = 2109
05-12 10:33:41.109 462 487 D RIL-DEV :
05-12 10:33:41.109 462 487 D RIL-DEV : [05-12_10:33:41:109] idVendor = 1d6b
05-12 10:33:41.109 462 487 D RIL-DEV :
05-12 10:33:41.109 462 487 D RIL-DEV : [05-12_10:33:41:109] idVendor = 0bda
05-12 10:33:41.109 462 487 D RIL-DEV :
05-12 10:33:41.109 462 487 D RIL-DEV : [05-12_10:33:41:109] idVendor = 2109
05-12 10:33:41.109 462 487 D RIL-DEV :
05-12 10:33:41.109 462 487 E RIL-DEV : Cannot find Meig devices
05-12 10:33:41.109 462 487 I RIL : ---> can't find meig usb devices
05-12 10:33:41.114 621 641 I wm_stop_activity: [0,130231021,com.eben.browser/.MainActivity]
05-12 10:33:41.161 3101 3101 I wm_on_stop_called: [130231021,com.eben.browser.MainActivity,STOP_ACTIVITY_ITEM]
05-12 10:56:29.609 543 543 I : read descriptors
05-12 10:56:29.609 543 543 I : read strings
05-12 10:56:29.610 1 1 I init : processing action (sys.usb.config=adb && sys.usb.configfs=1 && sys.usb.ffs.ready=1) from (/system/etc/init/hw/init.usb.configfs.rc:20)
05-12 10:56:29.611 1 1 I init : Command 'symlink /config/usb_gadget/g1/functions/ffs.adb /config/usb_gadget/g1/configs/b.1/f1' action=sys.usb.config=adb && sys.usb.configfs=1 && sys.usb.ffs.ready=1 (/system/etc/init/hw/init.usb.configfs.rc:22) took 0ms and failed: symlink() failed: File exists
05-12 10:56:29.612 1 1 I init : Command 'write /config/usb_gadget/g1/UDC ${sys.usb.controller}' action=sys.usb.config=adb && sys.usb.configfs=1 && sys.usb.ffs.ready=1 (/system/etc/init/hw/init.usb.configfs.rc:23) took 0ms and failed: Unable to write to file '/config/usb_gadget/g1/UDC': Unable to write file contents: Device or resource busy
05-12 10:33:42.002 1306 1306 W ContextImpl: Calling a method in the system process without a qualified user: android.app.ContextImpl.sendBroadcast:1181 android.content.ContextWrapper.sendBroadcast:479 cn.eben.newweather.DateWeatherService.a:19 cn.eben.newweather.DateWeatherService.a:0 cn.eben.newweather.DateWeatherService$1.handleMessage:7
05-12 10:33:42.009 621 725 I netstats_mobile_sample: [0,0,0,0,0,0,0,0,0,0,0,0,1747017222010]
05-12 10:33:42.010 621 725 I netstats_wifi_sample: [0,0,0,0,0,0,0,0,0,0,0,0,1747017222010]
05-12 10:33:42.061 621 725 I netstats_mobile_sample: [0,0,0,0,0,0,0,0,0,0,0,0,1747017222061]
05-12 10:33:42.061 621 725 I netstats_wifi_sample: [0,0,0,0,0,0,0,0,0,0,0,0,1747017222061]
05-12 10:33:42.068 621 725 W ContextImpl: Calling a method in the system process without a qualified user: android.app.ContextImpl.sendStickyBroadcast:1567 com.android.server.ConnectivityService.sendStickyBroadcast:2811 com.android.server.ConnectivityService.sendGeneralBroadcast:2786 com.android.server.ConnectivityService.sendConnectedBroadcast:2759 com.android.server.ConnectivityService.sendLegacyNetworkBroadcast:8704
05-12 10:33:42.071 621 647 W BroadcastQueue: Target SDK mismatch: receiver ActivityInfo{51d6ea2 com.xiaomi.push.service.receivers.NetworkStatusReceiver} targets 26 but delivery restricted to [0, 23] broadcasting Intent { act=android.net.conn.CONNECTIVITY_CHANGE flg=0x4200010 (has extras) } from android (pid=621, uid=1000) to com.zhangyue.read.iReader/com.xiaomi.push.service.receivers.NetworkStatusReceiver
05-12 10:33:42.071 621 647 W BroadcastQueue: Target SDK mismatch: receiver ActivityInfo{889a733 cn.eben.help.LoadAllReceiver} targets 28 but delivery restricted to [0, 23] broadcasting Intent { act=android.net.conn.CONNECTIVITY_CHANGE flg=0x4200010 (has extras) } from android (pid=621, uid=1000) to cn.eben.help/.LoadAllReceiver
05-12 10:33:42.071 621 647 W BroadcastQueue: Target SDK mismatch: receiver ActivityInfo{7ffeaf0 cn.eben.android.receiver.AppSyncReceiver} targets 27 but delivery restricted to [0, 23] broadcasting Intent { act=android.net.conn.CONNECTIVITY_CHANGE flg=0x4200010 (has extras) } from android (pid=621, uid=1000) to cn.eben.sync/cn.eben.android.receiver.AppSyncReceiver
05-12 10:33:42.076 3472 3472 W ContextImpl: Calling a method in the system process without a qualified user: android.app.ContextImpl.startService:1824 android.content.ContextWrapper.startService:774 android.content.ContextWrapper.startService:774 com.ebensz.appmanager.service.UploadMyAppsInfoService.startUploadMyAppsInfoService:78 com.ebensz.appmanager.receiver.UploadMyAppsInfoReceiver.onReceive:33
05-12 10:33:42.082 3504 3504 W ContextImpl: Calling a method in the system process without a qualified user: android.app.ContextImpl.startService:1824 android.content.ContextWrapper.startService:774 android.content.ContextWrapper.startService:774 com.ebensz.appmanager.mydownloadmanager.DownloadReceiver.startService:245 com.ebensz.appmanager.mydownloadmanager.DownloadReceiver.onReceive:74
05-12 10:33:42.085 621 700 W BroadcastQueue: Target SDK mismatch: receiver ActivityInfo{9222ffa com.ebensz.ota.ActionReceiver} targets 29 but delivery restricted to [0, 23] broadcasting Intent { act=android.net.conn.CONNECTIVITY_CHANGE flg=0x4200010 (has extras) } from android (pid=621, uid=1000) to com.ebensz.ota/.ActionReceiver
05-12 10:33:42.086 621 647 W BroadcastQueue: Target SDK mismatch: receiver ActivityInfo{47daba1 com.taobao.accs.EventReceiver} targets 26 but delivery restricted to [0, 23] broadcasting Intent { act=android.net.conn.CONNECTIVITY_CHANGE flg=0x4200010 (has extras) } from android (pid=621, uid=1000) to com.zhangyue.read.iReader/com.taobao.accs.EventReceiver
05-12 10:33:42.087 621 621 I notification_cancel_all: [1000,3504,com.ebensz.appmanager,0,0,64,9,NULL]
05-12 10:33:42.208 621 703 I input_interaction: Interaction with: e95dfe5 com.android.launcher3/com.android.launcher3.uioverrides.QuickstepLauncher (server), 6bdff72 com.android.systemui.ImageWallpaper (server), PointerEventDispatcher0 (server),
05-12 10:33:42.266 978 978 D TelephonyNetworkFactory[0]: onReleaseNetworkFor NetworkRequest [ REQUEST id=18, [ Capabilities: INTERNET&NOT_RESTRICTED&TRUSTED&NOT_VCN_MANAGED Uid: 10089 RequestorUid: 10089 RequestorPkg: com.android.systemui] ] applied false
05-12 10:33:42.267 978 978 D TelephonyNetworkFactory[0]: onReleaseNetworkFor NetworkRequest [ REQUEST id=71, [ Capabilities: INTERNET&NOT_RESTRICTED&TRUSTED&NOT_VCN_MANAGED Uid: 10081 RequestorUid: 1000 RequestorPkg: android] ] applied false
05-12 10:33:42.267 978 978 D TelephonyNetworkFactory[0]: onReleaseNetworkFor NetworkRequest [ REQUEST id=20, [ Capabilities: INTERNET&NOT_RESTRICTED&TRUSTED&NOT_VCN_MANAGED Uid: 10089 RequestorUid: 10089 RequestorPkg: com.android.systemui] ] applied false
05-12 10:33:42.268 978 978 D TelephonyNetworkFactory[0]: onReleaseNetworkFor NetworkRequest [ REQUEST id=36, [ Capabilities: INTERNET&NOT_RESTRICTED&TRUSTED&NOT_VCN_MANAGED Uid: 10086 RequestorUid: 1000 RequestorPkg: android] ] applied false
05-12 10:33:42.268 978 978 D TelephonyNetworkFactory[0]: onReleaseNetworkFor NetworkRequest [ REQUEST id=15, [ Capabilities: INTERNET&NOT_RESTRICTED&TRUSTED&NOT_VCN_MANAGED Uid: 1000 RequestorUid: 1000 RequestorPkg: android] ] applied false
05-12 10:33:42.268 978 978 D TelephonyNetworkFactory[0]: onReleaseNetworkFor NetworkRequest [ REQUEST id=38, [ Capabilities: INTERNET&NOT_RESTRICTED&TRUSTED&NOT_VCN_MANAGED Uid: 10021 RequestorUid: 1000 RequestorPkg: android] ] applied false
05-12 10:33:42.268 978 978 D TelephonyNetworkFactory[0]: onReleaseNetworkFor NetworkRequest [ REQUEST id=28, [ Capabilities: INTERNET&NOT_RESTRICTED&TRUSTED&NOT_VCN_MANAGED Uid: 1001 RequestorUid: 1001 RequestorPkg: com.android.phone] ] applied false
05-12 10:33:42.269 978 978 D TelephonyNetworkFactory[0]: onReleaseNetworkFor NetworkRequest [ REQUEST id=7, [ Capabilities: INTERNET&NOT_RESTRICTED&TRUSTED&NOT_VCN_MANAGED Uid: 1000 RequestorUid: 1000 RequestorPkg: android] ] applied false
05-12 10:33:42.269 978 978 D TelephonyNetworkFactory[0]: onReleaseNetworkFor NetworkRequest [ REQUEST id=23, [ Capabilities: INTERNET&NOT_RESTRICTED&TRUSTED&NOT_VCN_MANAGED Uid: 1000 RequestorUid: 1000 RequestorPkg: com.android.networkstack.inprocess] ] applied false
05-12 10:33:42.269 978 978 D TelephonyNetworkFactory[0]: onReleaseNetworkFor NetworkRequest [ REQUEST id=32, [ Capabilities: INTERNET&NOT_RESTRICTED&TRUSTED&NOT_VCN_MANAGED Uid: 1000 RequestorUid: 1000 RequestorPkg: android] ] applied false
05-12 10:33:42.269 978 978 D TelephonyNetworkFactory[0]: onReleaseNetworkFor NetworkRequest [ REQUEST id=1, [ Capabilities: INTERNET&NOT_RESTRICTED&TRUSTED&NOT_VPN&NOT_VCN_MANAGED RequestorUid: 1000 RequestorPkg: android] ] applied false
05-12 10:33:42.274 621 725 W ContextImpl: Calling a method in the system process without a qualified user: android.app.ContextImpl.sendStickyBroadcast:1567 com.android.server.ConnectivityService.sendStickyBroadcast:2811 com.android.server.ConnectivityService.sendGeneralBroadcast:2786 com.android.server.ConnectivityService.sendInetConditionBroadcast:2763 com.android.server.ConnectivityService.updateInetCondition:8451
05-12 10:33:42.319 621 700 I ActivityTaskManager: START u0 {act=android.intent.action.VIEW dat=https://www.baidu.com/... flg=0x10000000 cmp=com.eben.browser/.MainActivity bnds=[1240,716][1476,1042]} from uid 10057
05-12 10:33:42.320 621 700 I wm_task_moved: [10773,1,8]
05-12 10:33:42.320 621 700 I wm_task_to_front: [0,10773]
05-12 10:33:42.321 621 700 I wm_focused_root_task: [0,0,10773,1,bringingFoundTaskToFront]
05-12 10:33:42.321 621 700 I wm_set_resumed_activity: [0,com.eben.browser/.MainActivity,bringingFoundTaskToFront]
05-12 10:33:42.321 621 700 I wm_new_intent: [0,130231021,10773,com.eben.browser/.MainActivity,android.intent.action.MAIN,NULL,NULL,270532608]
05-12 10:33:42.321 621 700 I wm_pause_activity: [0,50487918,com.android.launcher3/.uioverrides.QuickstepLauncher,userLeaving=true,pauseBackTasks]
05-12 10:33:42.326 1056 1056 I wm_on_top_resumed_lost_called: [50487918,com.android.launcher3.uioverrides.QuickstepLauncher,topStateChangedWhenResumed]
05-12 10:33:42.327 1056 1056 I wm_on_paused_called: [50487918,com.android.launcher3.uioverrides.QuickstepLauncher,performPause]
05-12 10:33:42.328 621 3248 I wm_set_resumed_activity: [0,com.eben.browser/.MainActivity,resumeTopActivity]
05-12 10:33:42.328 621 3248 I wm_add_to_stopping: [0,50487918,com.android.launcher3/.uioverrides.QuickstepLauncher,makeInvisible]
05-12 10:33:42.329 621 3248 I wm_resume_activity: [0,130231021,10773,com.eben.browser/.MainActivity]
05-12 10:33:42.332 621 641 I sysui_multi_action: [757,803,799,window_time_0,802,2]
05-12 10:33:42.350 3101 3101 I wm_on_restart_called: [130231021,com.eben.browser.MainActivity,performRestartActivity]
05-12 10:33:42.351 3101 3101 I wm_on_start_called: [130231021,com.eben.browser.MainActivity,handleStartActivity]
05-12 10:33:42.364 621 703 I input_focus: [Focus leaving e95dfe5 com.android.launcher3/com.android.launcher3.uioverrides.QuickstepLauncher (server),reason=NO_WINDOW]
05-12 10:56:30.679 543 543 I : read descriptors
05-12 10:56:30.679 543 543 I : read strings
05-12 10:56:30.680 1 1 I init : processing action (sys.usb.config=adb && sys.usb.configfs=1 && sys.usb.ffs.ready=1) from (/system/etc/init/hw/init.usb.configfs.rc:20)
05-12 10:56:30.681 1 1 I init : Command 'symlink /config/usb_gadget/g1/functions/ffs.adb /config/usb_gadget/g1/configs/b.1/f1' action=sys.usb.config=adb && sys.usb.configfs=1 && sys.usb.ffs.ready=1 (/system/etc/init/hw/init.usb.configfs.rc:22) took 0ms and failed: symlink() failed: File exists
05-12 10:56:30.681 1 1 I init : Command 'write /config/usb_gadget/g1/UDC ${sys.usb.controller}' action=sys.usb.config=adb && sys.usb.configfs=1 && sys.usb.ffs.ready=1 (/system/etc/init/hw/init.usb.configfs.rc:23) took 0ms and failed: Unable to write to file '/config/usb_gadget/g1/UDC': Unable to write file contents: Device or resource busy
05-12 10:33:42.406 621 646 I sysui_multi_action: [757,1717,758,1,759,0]
05-12 10:33:42.406 621 646 I sysui_multi_action: [757,1717,758,2,759,0]
05-12 10:33:42.406 621 646 I sysui_multi_action: [757,1717,758,3,759,0]
05-12 10:33:42.429 3101 3101 I wm_on_resume_called: [130231021,com.eben.browser.MainActivity,RESUME_ACTIVITY]
05-12 10:33:42.429 3101 3101 I wm_on_top_resumed_gained_called: [130231021,com.eben.browser.MainActivity,topWhenResuming]
05-12 10:33:42.452 621 642 I input_focus: [Focus request 2c83476 com.eben.browser/com.eben.browser.MainActivity,reason=UpdateInputWindows]
05-12 10:33:42.501 621 638 I sysui_multi_action: [319,179,322,179,325,3365,757,761,758,9,759,2,806,com.eben.browser,871,com.eben.browser.MainActivity,904,com.android.launcher3,905,0,1320,4,1321,2]
05-12 10:33:42.510 621 703 I input_focus: [Focus entering 2c83476 com.eben.browser/com.eben.browser.MainActivity (server),reason=Window became focusable. Previous reason: NOT_VISIBLE]
05-12 10:33:43.002 1306 1306 W ContextImpl: Calling a method in the system process without a qualified user: android.app.ContextImpl.sendBroadcast:1181 android.content.ContextWrapper.sendBroadcast:479 cn.eben.newweather.DateWeatherService.a:19 cn.eben.newweather.DateWeatherService.a:0 cn.eben.newweather.DateWeatherService$1.handleMessage:7
05-12 10:33:43.040 621 641 I wm_stop_activity: [0,50487918,com.android.launcher3/.uioverrides.QuickstepLauncher]
05-12 10:33:43.045 1056 1056 I wm_on_stop_called: [50487918,com.android.launcher3.uioverrides.QuickstepLauncher,STOP_ACTIVITY_ITEM]
05-12 10:33:43.109 462 487 I RIL : ---> enter mainloop wait at port
05-12 10:33:43.109 462 487 D RIL-DEV : Get modem info
05-12 10:33:43.110 462 487 D RIL-DEV : [05-12_10:33:43:110] idVendor = 0bda
05-12 10:33:43.110 462 487 D RIL-DEV :
05-12 10:33:43.110 462 487 D RIL-DEV : [05-12_10:33:43:110] idVendor = 05e3
05-12 10:33:43.110 462 487 D RIL-DEV :
05-12 10:33:43.110 462 487 D RIL-DEV : [05-12_10:33:43:110] idVendor = 1d6b
05-12 10:33:43.110 462 487 D RIL-DEV :
05-12 10:33:43.110 462 487 D RIL-DEV : [05-12_10:33:43:110] idVendor = 1d6b
05-12 10:33:43.110 462 487 D RIL-DEV :
05-12 10:33:43.110 462 487 D RIL-DEV : [05-12_10:33:43:110] idVendor = 0bda
05-12 10:33:43.110 462 487 D RIL-DEV :
05-12 10:33:43.110 462 487 D RIL-DEV : [05-12_10:33:43:111] idVendor = 1d6b
05-12 10:33:43.110 462 487 D RIL-DEV :
05-12 10:33:43.110 462 487 D RIL-DEV : [05-12_10:33:43:111] idVendor = 2109
05-12 10:33:43.110 462 487 D RIL-DEV :
05-12 10:33:43.110 462 487 D RIL-DEV : [05-12_10:33:43:111] idVendor = 2109
05-12 10:33:43.110 462 487 D RIL-DEV :
05-12 10:33:43.110 462 487 D RIL-DEV : [05-12_10:33:43:111] idVendor = 1d6b
05-12 10:33:43.110 462 487 D RIL-DEV :
05-12 10:33:43.110 462 487 D RIL-DEV : [05-12_10:33:43:111] idVendor = 0bda
05-12 10:33:43.110 462 487 D RIL-DEV :
05-12 10:33:43.110 462 487 D RIL-DEV : [05-12_10:33:43:111] idVendor = 2109
05-12 10:33:43.110 462 487 D RIL-DEV :
05-12 10:33:43.110 462 487 E RIL-DEV : Cannot find Meig devices
05-12 10:33:43.111 462 487 I RIL : ---> can't find meig usb devices
05-12 10:33:43.118 3472 3472 W ContextImpl: Calling a method in the system process without a qualified user: android.app.ContextImpl.startService:1824 android.content.ContextWrapper.startService:774 com.ebensz.appmanager.service.UploadMyAppsInfoService$1.handleMessage:63 android.os.Handler.dispatchMessage:106 android.os.Looper.loopOnce:201
05-12 10:33:43.146 621 1268 E TaskPersister: File error accessing recents directory (directory doesn't exist?).
05-12 10:56:31.743 543 543 I : read descriptors
05-12 10:56:31.743 543 543 I : read strings
05-12 10:56:31.745 1 1 I init : processing action (sys.usb.config=adb && sys.usb.configfs=1 && sys.usb.ffs.ready=1) from (/system/etc/init/hw/init.usb.configfs.rc:20)
05-12 10:56:31.746 1 1 I init : Command 'symlink /config/usb_gadget/g1/functions/ffs.adb /config/usb_gadget/g1/configs/b.1/f1' action=sys.usb.config=adb && sys.usb.configfs=1 && sys.usb.ffs.ready=1 (/system/etc/init/hw/init.usb.configfs.rc:22) took 0ms and failed: symlink() failed: File exists
05-12 10:56:31.747 1 1 I init : Command 'write /config/usb_gadget/g1/UDC ${sys.usb.controller}' action=sys.usb.config=adb && sys.usb.configfs=1 && sys.usb.ffs.ready=1 (/system/etc/init/hw/init.usb.configfs.rc:23) took 0ms and failed: Unable to write to file '/config/usb_gadget/g1/UDC': Unable to write file contents: Device or resource busy
05-12 10:33:44.001 1306 1306 W ContextImpl: Calling a method in the system process without a qualified user: android.app.ContextImpl.sendBroadcast:1181 android.content.ContextWrapper.sendBroadcast:479 cn.eben.newweather.DateWeatherService.a:19 cn.eben.newweather.DateWeatherService.a:0 cn.eben.newweather.DateWeatherService$1.handleMessage:7
05-12 10:56:32.799 543 543 I : read descriptors
05-12 10:56:32.799 543 543 I : read strings
05-12 10:56:32.801 1 1 I init : processing action (sys.usb.config=adb && sys.usb.configfs=1 && sys.usb.ffs.ready=1) from (/system/etc/init/hw/init.usb.configfs.rc:20)
05-12 10:33:44.627 621 703 I input_interaction: Interaction with: 2c83476 com.eben.browser/com.eben.browser.MainActivity (server), PointerEventDispatcher0 (server),
05-12 10:33:45.002 1306 1306 W ContextImpl: Calling a method in the system process without a qualified user: android.app.ContextImpl.sendBroadcast:1181 android.content.ContextWrapper.sendBroadcast:479 cn.eben.newweather.DateWeatherService.a:19 cn.eben.newweather.DateWeatherService.a:0 cn.eben.newweather.DateWeatherService$1.handleMessage:7
05-12 10:33:45.111 462 487 I RIL : ---> enter mainloop wait at port
05-12 10:33:45.111 462 487 D RIL-DEV : Get modem info
05-12 10:33:45.111 462 487 D RIL-DEV : [05-12_10:33:45:112] idVendor = 0bda
05-12 10:33:45.111 462 487 D RIL-DEV :
05-12 10:33:45.111 462 487 D RIL-DEV : [05-12_10:33:45:112] idVendor = 05e3
05-12 10:33:45.111 462 487 D RIL-DEV :
05-12 10:33:45.111 462 487 D RIL-DEV : [05-12_10:33:45:112] idVendor = 1d6b
05-12 10:33:45.111 462 487 D RIL-DEV :
05-12 10:33:45.111 462 487 D RIL-DEV : [05-12_10:33:45:112] idVendor = 1d6b
05-12 10:33:45.111 462 487 D RIL-DEV :
05-12 10:33:45.111 462 487 D RIL-DEV : [05-12_10:33:45:112] idVendor = 0bda
05-12 10:33:45.111 462 487 D RIL-DEV :
05-12 10:33:45.112 462 487 D RIL-DEV : [05-12_10:33:45:112] idVendor = 1d6b
05-12 10:33:45.112 462 487 D RIL-DEV :
05-12 10:33:45.112 462 487 D RIL-DEV : [05-12_10:33:45:112] idVendor = 2109
05-12 10:33:45.112 462 487 D RIL-DEV :
05-12 10:33:45.112 462 487 D RIL-DEV : [05-12_10:33:45:112] idVendor = 2109
05-12 10:33:45.112 462 487 D RIL-DEV :
05-12 10:33:45.112 462 487 D RIL-DEV : [05-12_10:33:45:112] idVendor = 1d6b
05-12 10:33:45.112 462 487 D RIL-DEV :
05-12 10:33:45.112 462 487 D RIL-DEV : [05-12_10:33:45:112] idVendor = 0bda
05-12 10:33:45.112 462 487 D RIL-DEV :
05-12 10:33:45.112 462 487 D RIL-DEV : [05-12_10:33:45:112] idVendor = 2109
05-12 10:33:45.112 462 487 D RIL-DEV :
05-12 10:33:45.112 462 487 E RIL-DEV : Cannot find Meig devices
05-12 10:33:45.112 462 487 I RIL : ---> can't find meig usb devices
05-12 10:33:45.367 621 703 I input_interaction: Interaction with: 85ec5f NavigationBar0 (server), PointerEventDispatcher0 (server),
05-12 10:33:45.368 775 775 I sysui_multi_action: [757,931,758,4,759,4,932,0,933,0]
05-12 10:33:45.372 621 703 I input_interaction: Interaction with: 2c83476 com.eben.browser/com.eben.browser.MainActivity (server), PointerEventDispatcher0 (server),
05-12 10:33:45.384 621 703 I input_interaction: Interaction with: 85ec5f NavigationBar0 (server), PointerEventDispatcher0 (server),
05-12 10:33:45.433 775 775 I sysui_multi_action: [757,931,758,4,759,4,932,0,933,1]
05-12 10:33:45.433 621 1011 I sysui_multi_action: [757,803,799,key_back_press,802,1]
05-12 10:33:45.434 621 639 D AutofillManagerService: onBackKeyPressed()
05-12 10:33:45.488 621 1125 I ActivityTaskManager: moveTaskToBack: Task{bb94a07 #10773 type=standard A=10057:com.eben.browser U=0 visible=true visibleRequested=true mode=fullscreen translucent=false sz=1}
05-12 10:33:45.488 621 1125 I wm_task_moved: [10773,0,0]
05-12 10:33:45.490 621 1125 I wm_focused_root_task: [0,0,1,10773,moveTaskToBackLocked]
05-12 10:33:45.491 621 1125 I wm_add_to_stopping: [0,130231021,com.eben.browser/.MainActivity,makeInvisible]
05-12 10:33:45.491 621 1125 I wm_pause_activity: [0,130231021,com.eben.browser/.MainActivity,userLeaving=false,pauseBackTasks]
05-12 10:33:45.493 621 1125 I wm_set_resumed_activity: [0,com.android.launcher3/.uioverrides.QuickstepLauncher,resumeTopActivity]
05-12 10:33:45.494 621 1125 I wm_resume_activity: [0,50487918,10757,com.android.launcher3/.uioverrides.QuickstepLauncher]
05-12 10:33:45.496 621 641 I sysui_multi_action: [757,803,799,window_time_0,802,3]
05-12 10:33:45.497 621 703 I input_focus: [Focus leaving 2c83476 com.eben.browser/com.eben.browser.MainActivity (server),reason=NO_WINDOW]
05-12 10:33:45.500 1056 1056 I wm_on_restart_called: [50487918,com.android.launcher3.uioverrides.QuickstepLauncher,performRestartActivity]
05-12 10:33:45.502 1056 1056 I wm_on_start_called: [50487918,com.android.launcher3.uioverrides.QuickstepLauncher,handleStartActivity]
05-12 10:33:45.503 1056 1056 I wm_on_resume_called: [50487918,com.android.launcher3.uioverrides.QuickstepLauncher,RESUME_ACTIVITY]
05-12 10:33:45.520 3101 3101 I wm_on_top_resumed_lost_called: [130231021,com.eben.browser.MainActivity,topStateChangedWhenResumed]
05-12 10:33:45.520 621 642 I input_focus: [Focus request e95dfe5 com.android.launcher3/com.android.launcher3.uioverrides.QuickstepLauncher,reason=UpdateInputWindows]
05-12 10:33:45.524 3101 3101 I wm_on_paused_called: [130231021,com.eben.browser.MainActivity,performPause]
05-12 10:33:45.532 1056 1056 I wm_on_top_resumed_gained_called: [50487918,com.android.launcher3.uioverrides.QuickstepLauncher,topStateChangedWhenResumed]
05-12 10:33:45.552 621 703 I input_focus: [Focus entering e95dfe5 com.android.launcher3/com.android.launcher3.uioverrides.QuickstepLauncher (server),reason=Window became focusable. Previous reason: NO_WINDOW]
05-12 10:56:33.849 543 543 I : read descriptors
05-12 10:56:33.849 543 543 I : read strings
05-12 10:33:45.881 775 775 I sysui_multi_action: [757,931,758,4,759,3,932,0,933,0]
05-12 10:33:45.944 775 775 I sysui_multi_action: [757,931,758,4,759,3,932,0,933,1]
05-12 10:33:45.947 621 638 D AutofillManagerService: Close system dialogs
05-12 10:33:45.948 621 639 I ActivityTaskManager: START u0 {act=android.intent.action.MAIN cat=[android.intent.category.HOME] flg=0x10000100 cmp=com.android.launcher3/.uioverrides.QuickstepLauncher (has extras)} from uid 0
05-12 10:33:45.949 621 639 I wm_new_intent: [0,50487918,10757,com.android.launcher3/.uioverrides.QuickstepLauncher,android.intent.action.MAIN,NULL,NULL,268435712]
05-12 10:33:45.949 621 639 I wm_task_moved: [1,1,8]
05-12 10:33:45.950 1056 1056 I wm_on_top_resumed_lost_called: [50487918,com.android.launcher3.uioverrides.QuickstepLauncher,pausing]
05-12 10:33:45.950 621 639 I wm_set_resumed_activity: [0,com.android.launcher3/.uioverrides.QuickstepLauncher,positionChildAt]
05-12 10:33:45.950 1056 1056 I wm_on_paused_called: [50487918,com.android.launcher3.uioverrides.QuickstepLauncher,performPause]
05-12 10:33:45.952 1056 1056 I wm_on_resume_called: [50487918,com.android.launcher3.uioverrides.QuickstepLauncher,LIFECYCLER_RESUME_ACTIVITY]
05-12 10:33:45.952 1056 1056 I wm_on_top_resumed_gained_called: [50487918,com.android.launcher3.uioverrides.QuickstepLauncher,topWhenResuming]
05-12 10:33:45.957 621 638 D AutofillManagerService: Close system dialogs
05-12 10:33:46.002 1306 1306 W ContextImpl: Calling a method in the system process without a qualified user: android.app.ContextImpl.sendBroadcast:1181 android.content.ContextWrapper.sendBroadcast:479 cn.eben.newweather.DateWeatherService.a:19 cn.eben.newweather.DateWeatherService.a:0 cn.eben.newweather.DateWeatherService$1.handleMessage:7
05-12 10:33:46.143 621 641 I wm_stop_activity: [0,130231021,com.eben.browser/.MainActivity]
05-12 10:33:46.174 3101 3101 I wm_on_stop_called: [130231021,com.eben.browser.MainActivity,STOP_ACTIVITY_ITEM]
05-12 10:56:34.913 543 543 I : read descriptors
05-12 10:56:34.913 543 543 I : read strings
05-12 10:56:34.915 1 1 I init : processing action (sys.usb.config=adb && sys.usb.configfs=1 && sys.usb.ffs.ready=1) from (/system/etc/init/hw/init.usb.configfs.rc:20)
05-12 10:56:34.918 1 1 I init : Command 'symlink /config/usb_gadget/g1/functions/ffs.adb /config/usb_gadget/g1/configs/b.1/f1' action=sys.usb.config=adb && sys.usb.configfs=1 && sys.usb.ffs.ready=1 (/system/etc/init/hw/init.usb.configfs.rc:22) took 1ms and failed: symlink() failed: File exists
05-12 10:56:34.919 1 1 I init : Command 'write /config/usb_gadget/g1/UDC ${sys.usb.controller}' action=sys.usb.config=adb && sys.usb.configfs=1 && sys.usb.ffs.ready=1 (/system/etc/init/hw/init.usb.configfs.rc:23) took 1ms and failed: Unable to write to file '/config/usb_gadget/g1/UDC': Unable to write file contents: Device or resource busy
05-12 10:33:46.669 621 703 I input_interaction: Interaction with: e95dfe5 com.android.launcher3/com.android.launcher3.uioverrides.QuickstepLauncher (server), 6bdff72 com.android.systemui.ImageWallpaper (server), PointerEventDispatcher0 (server),
05-12 10:33:47.002 1306 1306 W ContextImpl: Calling a method in the system process without a qualified user: android.app.ContextImpl.sendBroadcast:1181 android.content.ContextWrapper.sendBroadcast:479 cn.eben.newweather.DateWeatherService.a:19 cn.eben.newweather.DateWeatherService.a:0 cn.eben.newweather.DateWeatherService$1.handleMessage:7
05-12 10:33:47.112 462 487 I RIL : ---> enter mainloop wait at port
05-12 10:33:47.112 462 487 D RIL-DEV : Get modem info
05-12 10:33:47.113 462 487 D RIL-DEV : [05-12_10:33:47:113] idVendor = 0bda
05-12 10:33:47.113 462 487 D RIL-DEV :
05-12 10:33:47.113 462 487 D RIL-DEV : [05-12_10:33:47:114] idVendor = 05e3
05-12 10:33:47.113 462 487 D RIL-DEV :
05-12 10:33:47.113 462 487 D RIL-DEV : [05-12_10:33:47:114] idVendor = 1d6b
05-12 10:33:47.113 462 487 D RIL-DEV :
05-12 10:33:47.114 462 487 D RIL-DEV : [05-12_10:33:47:114] idVendor = 1d6b
05-12 10:33:47.114 462 487 D RIL-DEV :
05-12 10:33:47.114 462 487 D RIL-DEV : [05-12_10:33:47:114] idVendor = 0bda
05-12 10:33:47.114 462 487 D RIL-DEV :
05-12 10:33:47.114 462 487 D RIL-DEV : [05-12_10:33:47:115] idVendor = 1d6b
05-12 10:33:47.114 462 487 D RIL-DEV :
05-12 10:33:47.114 462 487 D RIL-DEV : [05-12_10:33:47:115] idVendor = 2109
05-12 10:33:47.114 462 487 D RIL-DEV :
05-12 10:33:47.115 462 487 D RIL-DEV : [05-12_10:33:47:115] idVendor = 2109
05-12 10:33:47.115 462 487 D RIL-DEV :
05-12 10:33:47.115 462 487 D RIL-DEV : [05-12_10:33:47:115] idVendor = 1d6b
05-12 10:33:47.115 462 487 D RIL-DEV :
05-12 10:33:47.115 462 487 D RIL-DEV : [05-12_10:33:47:116] idVendor = 0bda
05-12 10:33:47.115 462 487 D RIL-DEV :
05-12 10:33:47.115 462 487 D RIL-DEV : [05-12_10:33:47:116] idVendor = 2109
05-12 10:33:47.115 462 487 D RIL-DEV :
05-12 10:33:47.116 462 487 E RIL-DEV : Cannot find Meig devices
05-12 10:33:47.116 462 487 I RIL : ---> can't find meig usb devices
05-12 10:56:35.970 543 543 I : read descriptors
05-12 10:56:35.970 543 543 I : read strings
05-12 10:56:35.971 1 1 I init : processing action (sys.usb.config=adb && sys.usb.configfs=1 && sys.usb.ffs.ready=1) from (/system/etc/init/hw/init.usb.configfs.rc:20)
05-12 10:56:35.974 1 1 I init : Command 'symlink /config/usb_gadget/g1/functions/ffs.adb /config/usb_gadget/g1/configs/b.1/f1' action=sys.usb.config=adb && sys.usb.configfs=1 && sys.usb.ffs.ready=1 (/system/etc/init/hw/init.usb.configfs.rc:22) took 0ms and failed: symlink() failed: File exists
05-12 10:56:35.975 1 1 I init : Command 'write /config/usb_gadget/g1/UDC ${sys.usb.controller}' action=sys.usb.config=adb && sys.usb.configfs=1 && sys.usb.ffs.ready=1 (/system/etc/init/hw/init.usb.configfs.rc:23) took 0ms and failed: Unable to write to file '/config/usb_gadget/g1/UDC': Unable to write file contents: Device or resource busy
05-12 10:33:48.002 1306 1306 W ContextImpl: Calling a method in the system process without a qualified user: android.app.ContextImpl.sendBroadcast:1181 android.content.ContextWrapper.sendBroadcast:479 cn.eben.newweather.DateWeatherService.a:19 cn.eben.newweather.DateWeatherService.a:0 cn.eben.newweather.DateWeatherService$1.handleMessage:7
05-12 10:56:37.049 543 543 I : read descriptors
05-12 10:56:37.049 543 543 I : read strings
05-12 10:56:37.050 1 1 I init : processing action (sys.usb.config=adb && sys.usb.configfs=1 && sys.usb.ffs.ready=1) from (/system/etc/init/hw/init.usb.configfs.rc:20)
05-12 10:56:37.052 1 1 I init : Command 'symlink /config/usb_gadget/g1/functions/ffs.adb /config/usb_gadget/g1/configs/b.1/f1' action=sys.usb.config=adb && sys.usb.configfs=1 && sys.usb.ffs.ready=1 (/system/etc/init/hw/init.usb.configfs.rc:22) took 0ms and failed: symlink() failed: File exists
05-12 10:56:37.052 1 1 I init : Command 'write /config/usb_gadget/g1/UDC ${sys.usb.controller}' action=sys.usb.config=adb && sys.usb.configfs=1 && sys.usb.ffs.ready=1 (/system/etc/init/hw/init.usb.configfs.rc:23) took 0ms and failed: Unable to write to file '/config/usb_gadget/g1/UDC': Unable to write file contents: Device or resource busy
05-12 10:33:49.004 1306 1306 W ContextImpl: Calling a method in the system process without a qualified user: android.app.ContextImpl.sendBroadcast:1181 android.content.ContextWrapper.sendBroadcast:479 cn.eben.newweather.DateWeatherService.a:19 cn.eben.newweather.DateWeatherService.a:0 cn.eben.newweather.DateWeatherService$1.handleMessage:7
05-12 10:33:49.116 462 487 I RIL : ---> enter mainloop wait at port
05-12 10:33:49.116 462 487 D RIL-DEV : Get modem info
05-12 10:33:49.116 462 487 D RIL-DEV : [05-12_10:33:49:117] idVendor = 0bda
05-12 10:33:49.116 462 487 D RIL-DEV :
05-12 10:33:49.117 462 487 D RIL-DEV : [05-12_10:33:49:117] idVendor = 05e3
05-12 10:33:49.117 462 487 D RIL-DEV :
05-12 10:33:49.117 462 487 D RIL-DEV : [05-12_10:33:49:117] idVendor = 1d6b
05-12 10:33:49.117 462 487 D RIL-DEV :
05-12 10:33:49.117 462 487 D RIL-DEV : [05-12_10:33:49:117] idVendor = 1d6b
05-12 10:33:49.117 462 487 D RIL-DEV :
05-12 10:33:49.117 462 487 D RIL-DEV : [05-12_10:33:49:118] idVendor = 0bda
05-12 10:33:49.117 462 487 D RIL-DEV :
05-12 10:33:49.118 462 487 D RIL-DEV : [05-12_10:33:49:118] idVendor = 1d6b
05-12 10:33:49.118 462 487 D RIL-DEV :
05-12 10:33:49.118 462 487 D RIL-DEV : [05-12_10:33:49:118] idVendor = 2109
05-12 10:33:49.118 462 487 D RIL-DEV :
05-12 10:33:49.118 462 487 D RIL-DEV : [05-12_10:33:49:118] idVendor = 2109
05-12 10:33:49.118 462 487 D RIL-DEV :
05-12 10:33:49.118 462 487 D RIL-DEV : [05-12_10:33:49:119] idVendor = 1d6b
05-12 10:33:49.118 462 487 D RIL-DEV :
05-12 10:33:49.118 462 487 D RIL-DEV : [05-12_10:33:49:119] idVendor = 0bda
05-12 10:33:49.118 462 487 D RIL-DEV :
05-12 10:33:49.119 462 487 D RIL-DEV : [05-12_10:33:49:119] idVendor = 2109
05-12 10:33:49.119 462 487 D RIL-DEV :
05-12 10:33:49.119 462 487 E RIL-DEV : Cannot find Meig devices
05-12 10:33:49.119 462 487 I RIL : ---> can't find meig usb devices
05-12 10:56:38.109 543 543 I : read descriptors
05-12 10:56:38.109 543 543 I : read strings
05-12 10:56:38.112 1 1 I init : processing action (sys.usb.config=adb && sys.usb.configfs=1 && sys.usb.ffs.ready=1) from (/system/etc/init/hw/init.usb.configfs.rc:20)
05-12 10:33:50.001 1306 1306 W ContextImpl: Calling a method in the system process without a qualified user: android.app.ContextImpl.sendBroadcast:1181 android.content.ContextWrapper.sendBroadcast:479 cn.eben.newweather.DateWeatherService.a:19 cn.eben.newweather.DateWeatherService.a:0 cn.eben.newweather.DateWeatherService$1.handleMessage:7
05-12 10:56:39.166 543 543 I : read descriptors
05-12 10:56:39.166 543 543 I : read strings
05-12 10:33:51.003 1306 1306 W ContextImpl: Calling a method in the system process without a qualified user: android.app.ContextImpl.sendBroadcast:1181 android.content.ContextWrapper.sendBroadcast:479 cn.eben.newweather.DateWeatherService.a:19 cn.eben.newweather.DateWeatherService.a:0 cn.eben.newweather.DateWeatherService$1.handleMessage:7
05-12 10:33:51.119 462 487 I RIL : ---> enter mainloop wait at port
05-12 10:33:51.119 462 487 D RIL-DEV : Get modem info
05-12 10:33:51.120 462 487 D RIL-DEV : [05-12_10:33:51:120] idVendor = 0bda
05-12 10:33:51.120 462 487 D RIL-DEV :
05-12 10:33:51.120 462 487 D RIL-DEV : [05-12_10:33:51:121] idVendor = 05e3
05-12 10:33:51.120 462 487 D RIL-DEV :
05-12 10:33:51.121 462 487 D RIL-DEV : [05-12_10:33:51:121] idVendor = 1d6b
05-12 10:33:51.121 462 487 D RIL-DEV :
05-12 10:33:51.121 462 487 D RIL-DEV : [05-12_10:33:51:121] idVendor = 1d6b
05-12 10:33:51.121 462 487 D RIL-DEV :
05-12 10:33:51.121 462 487 D RIL-DEV : [05-12_10:33:51:121] idVendor = 0bda
05-12 10:33:51.121 462 487 D RIL-DEV :
05-12 10:33:51.121 462 487 D RIL-DEV : [05-12_10:33:51:122] idVendor = 1d6b
05-12 10:33:51.121 462 487 D RIL-DEV :
05-12 10:33:51.122 462 487 D RIL-DEV : [05-12_10:33:51:122] idVendor = 2109
05-12 10:33:51.122 462 487 D RIL-DEV :
05-12 10:33:51.122 462 487 D RIL-DEV : [05-12_10:33:51:122] idVendor = 2109
05-12 10:33:51.122 462 487 D RIL-DEV :
05-12 10:33:51.122 462 487 D RIL-DEV : [05-12_10:33:51:123] idVendor = 1d6b
05-12 10:33:51.122 462 487 D RIL-DEV :
05-12 10:33:51.122 462 487 D RIL-DEV : [05-12_10:33:51:123] idVendor = 0bda
05-12 10:33:51.122 462 487 D RIL-DEV :
05-12 10:33:51.123 462 487 D RIL-DEV : [05-12_10:33:51:123] idVendor = 2109
05-12 10:33:51.123 462 487 D RIL-DEV :
05-12 10:33:51.123 462 487 E RIL-DEV : Cannot find Meig devices
05-12 10:33:51.123 462 487 I RIL : ---> can't find meig usb devices
05-12 10:56:40.219 543 543 I : read descriptors
05-12 10:56:40.219 543 543 I : read strings
05-12 10:56:40.223 1 1 I init : processing action (sys.usb.config=adb && sys.usb.configfs=1 && sys.usb.ffs.ready=1) from (/system/etc/init/hw/init.usb.configfs.rc:20)
05-12 10:56:40.228 1 1 I init : Command 'symlink /config/usb_gadget/g1/functions/ffs.adb /config/usb_gadget/g1/configs/b.1/f1' action=sys.usb.config=adb && sys.usb.configfs=1 && sys.usb.ffs.ready=1 (/system/etc/init/hw/init.usb.configfs.rc:22) took 2ms and failed: symlink() failed: File exists
05-12 10:56:40.234 1 1 I init : Command 'write /config/usb_gadget/g1/UDC ${sys.usb.controller}' action=sys.usb.config=adb && sys.usb.configfs=1 && sys.usb.ffs.ready=1 (/system/etc/init/hw/init.usb.configfs.rc:23) took 5ms and failed: Unable to write to file '/config/usb_gadget/g1/UDC': Unable to write file contents: Device or resource busy
05-12 10:33:52.003 1306 1306 W ContextImpl: Calling a method in the system process without a qualified user: android.app.ContextImpl.sendBroadcast:1181 android.content.ContextWrapper.sendBroadcast:479 cn.eben.newweather.DateWeatherService.a:19 cn.eben.newweather.DateWeatherService.a:0 cn.eben.newweather.DateWeatherService$1.handleMessage:7
05-12 10:56:41.264 543 543 I : read descriptors
05-12 10:56:41.264 543 543 I : read strings
05-12 10:56:41.266 1 1 I init : processing action (sys.usb.config=adb && sys.usb.configfs=1 && sys.usb.ffs.ready=1) from (/system/etc/init/hw/init.usb.configfs.rc:20)
05-12 10:56:41.268 1 1 I init : Command 'symlink /config/usb_gadget/g1/functions/ffs.adb /config/usb_gadget/g1/configs/b.1/f1' action=sys.usb.config=adb && sys.usb.configfs=1 && sys.usb.ffs.ready=1 (/system/etc/init/hw/init.usb.configfs.rc:22) took 0ms and failed: symlink() failed: File exists
05-12 10:56:41.269 1 1 I init : Command 'write /config/usb_gadget/g1/UDC ${sys.usb.controller}' action=sys.usb.config=adb && sys.usb.configfs=1 && sys.usb.ffs.ready=1 (/system/etc/init/hw/init.usb.configfs.rc:23) took 0ms and failed: Unable to write to file '/config/usb_gadget/g1/UDC': Unable to write file contents: Device or resource busy
05-12 10:33:53.002 1306 1306 W ContextImpl: Calling a method in the system process without a qualified user: android.app.ContextImpl.sendBroadcast:1181 android.content.ContextWrapper.sendBroadcast:479 cn.eben.newweather.DateWeatherService.a:19 cn.eben.newweather.DateWeatherService.a:0 cn.eben.newweather.DateWeatherService$1.handleMessage:7
05-12 10:33:53.123 462 487 I RIL : ---> enter mainloop wait at port
05-12 10:33:53.123 462 487 D RIL-DEV : Get modem info
05-12 10:33:53.124 462 487 D RIL-DEV : [05-12_10:33:53:124] idVendor = 0bda
05-12 10:33:53.124 462 487 D RIL-DEV :
05-12 10:33:53.124 462 487 D RIL-DEV : [05-12_10:33:53:125] idVendor = 05e3
05-12 10:33:53.124 462 487 D RIL-DEV :
05-12 10:33:53.125 462 487 D RIL-DEV : [05-12_10:33:53:125] idVendor = 1d6b
05-12 10:33:53.125 462 487 D RIL-DEV :
05-12 10:33:53.125 462 487 D RIL-DEV : [05-12_10:33:53:125] idVendor = 1d6b
