05-12 10:34:23.207 462 487 D RIL-DEV :
05-12 10:34:23.207 462 487 D RIL-DEV : [05-12_10:34:23:208] idVendor = 2109
05-12 10:34:23.207 462 487 D RIL-DEV :
05-12 10:34:23.209 462 487 D RIL-DEV : [05-12_10:34:23:209] idVendor = 1d6b
05-12 10:34:23.209 462 487 D RIL-DEV :
05-12 10:34:23.209 462 487 D RIL-DEV : [05-12_10:34:23:209] idVendor = 0bda
05-12 10:34:23.209 462 487 D RIL-DEV :
05-12 10:34:23.209 462 487 D RIL-DEV : [05-12_10:34:23:210] idVendor = 2109
05-12 10:34:23.209 462 487 D RIL-DEV :
05-12 10:34:23.210 462 487 E RIL-DEV : Cannot find Meig devices
05-12 10:34:23.211 462 487 I RIL : ---> can't find meig usb devices
05-12 10:57:11.803 543 543 I : read descriptors
05-12 10:57:11.803 543 543 I : read strings
05-12 10:57:11.805 1 1 I init : processing action (sys.usb.config=adb && sys.usb.configfs=1 && sys.usb.ffs.ready=1) from (/system/etc/init/hw/init.usb.configfs.rc:20)
05-12 10:57:11.807 1 1 I init : Command 'symlink /config/usb_gadget/g1/functions/ffs.adb /config/usb_gadget/g1/configs/b.1/f1' action=sys.usb.config=adb && sys.usb.configfs=1 && sys.usb.ffs.ready=1 (/system/etc/init/hw/init.usb.configfs.rc:22) took 0ms and failed: symlink() failed: File exists
05-12 10:57:11.807 1 1 I init : Command 'write /config/usb_gadget/g1/UDC ${sys.usb.controller}' action=sys.usb.config=adb && sys.usb.configfs=1 && sys.usb.ffs.ready=1 (/system/etc/init/hw/init.usb.configfs.rc:23) took 0ms and failed: Unable to write to file '/config/usb_gadget/g1/UDC': Unable to write file contents: Device or resource busy
05-12 10:34:24.001 1306 1306 W ContextImpl: Calling a method in the system process without a qualified user: android.app.ContextImpl.sendBroadcast:1181 android.content.ContextWrapper.sendBroadcast:479 cn.eben.newweather.DateWeatherService.a:19 cn.eben.newweather.DateWeatherService.a:0 cn.eben.newweather.DateWeatherService$1.handleMessage:7
05-12 10:57:12.843 543 543 I : read descriptors
05-12 10:57:12.843 543 543 I : read strings
05-12 10:57:12.845 1 1 I init : processing action (sys.usb.config=adb && sys.usb.configfs=1 && sys.usb.ffs.ready=1) from (/system/etc/init/hw/init.usb.configfs.rc:20)
05-12 10:57:12.846 1 1 I init : Command 'symlink /config/usb_gadget/g1/functions/ffs.adb /config/usb_gadget/g1/configs/b.1/f1' action=sys.usb.config=adb && sys.usb.configfs=1 && sys.usb.ffs.ready=1 (/system/etc/init/hw/init.usb.configfs.rc:22) took 0ms and failed: symlink() failed: File exists
05-12 10:57:12.847 1 1 I init : Command 'write /config/usb_gadget/g1/UDC ${sys.usb.controller}' action=sys.usb.config=adb && sys.usb.configfs=1 && sys.usb.ffs.ready=1 (/system/etc/init/hw/init.usb.configfs.rc:23) took 0ms and failed: Unable to write to file '/config/usb_gadget/g1/UDC': Unable to write file contents: Device or resource busy
05-12 10:34:25.003 1306 1306 W ContextImpl: Calling a method in the system process without a qualified user: android.app.ContextImpl.sendBroadcast:1181 android.content.ContextWrapper.sendBroadcast:479 cn.eben.newweather.DateWeatherService.a:19 cn.eben.newweather.DateWeatherService.a:0 cn.eben.newweather.DateWeatherService$1.handleMessage:7
05-12 10:34:25.211 462 487 I RIL : ---> enter mainloop wait at port
05-12 10:34:25.211 462 487 D RIL-DEV : Get modem info
05-12 10:34:25.212 462 487 D RIL-DEV : [05-12_10:34:25:212] idVendor = 0bda
05-12 10:34:25.212 462 487 D RIL-DEV :
05-12 10:34:25.212 462 487 D RIL-DEV : [05-12_10:34:25:213] idVendor = 05e3
05-12 10:34:25.212 462 487 D RIL-DEV :
05-12 10:34:25.213 462 487 D RIL-DEV : [05-12_10:34:25:213] idVendor = 1d6b
05-12 10:34:25.213 462 487 D RIL-DEV :
05-12 10:34:25.213 462 487 D RIL-DEV : [05-12_10:34:25:213] idVendor = 1d6b
05-12 10:34:25.213 462 487 D RIL-DEV :
05-12 10:34:25.213 462 487 D RIL-DEV : [05-12_10:34:25:214] idVendor = 0bda
05-12 10:34:25.213 462 487 D RIL-DEV :
05-12 10:34:25.213 462 487 D RIL-DEV : [05-12_10:34:25:214] idVendor = 1d6b
05-12 10:34:25.213 462 487 D RIL-DEV :
05-12 10:34:25.214 462 487 D RIL-DEV : [05-12_10:34:25:214] idVendor = 2109
05-12 10:34:25.214 462 487 D RIL-DEV :
05-12 10:34:25.214 462 487 D RIL-DEV : [05-12_10:34:25:215] idVendor = 2109
05-12 10:34:25.214 462 487 D RIL-DEV :
05-12 10:34:25.214 462 487 D RIL-DEV : [05-12_10:34:25:215] idVendor = 1d6b
05-12 10:34:25.214 462 487 D RIL-DEV :
05-12 10:34:25.216 462 487 D RIL-DEV : [05-12_10:34:25:216] idVendor = 0bda
05-12 10:34:25.216 462 487 D RIL-DEV :
05-12 10:34:25.216 462 487 D RIL-DEV : [05-12_10:34:25:217] idVendor = 2109
05-12 10:34:25.216 462 487 D RIL-DEV :
05-12 10:34:25.217 462 487 E RIL-DEV : Cannot find Meig devices
05-12 10:34:25.217 462 487 I RIL : ---> can't find meig usb devices
05-12 10:57:13.883 543 543 I : read descriptors
05-12 10:57:13.883 543 543 I : read strings
05-12 10:57:13.885 1 1 I init : processing action (sys.usb.config=adb && sys.usb.configfs=1 && sys.usb.ffs.ready=1) from (/system/etc/init/hw/init.usb.configfs.rc:20)
05-12 10:57:13.887 1 1 I init : Command 'symlink /config/usb_gadget/g1/functions/ffs.adb /config/usb_gadget/g1/configs/b.1/f1' action=sys.usb.config=adb && sys.usb.configfs=1 && sys.usb.ffs.ready=1 (/system/etc/init/hw/init.usb.configfs.rc:22) took 0ms and failed: symlink() failed: File exists
05-12 10:57:13.887 1 1 I init : Command 'write /config/usb_gadget/g1/UDC ${sys.usb.controller}' action=sys.usb.config=adb && sys.usb.configfs=1 && sys.usb.ffs.ready=1 (/system/etc/init/hw/init.usb.configfs.rc:23) took 0ms and failed: Unable to write to file '/config/usb_gadget/g1/UDC': Unable to write file contents: Device or resource busy
05-12 10:34:26.003 1306 1306 W ContextImpl: Calling a method in the system process without a qualified user: android.app.ContextImpl.sendBroadcast:1181 android.content.ContextWrapper.sendBroadcast:479 cn.eben.newweather.DateWeatherService.a:19 cn.eben.newweather.DateWeatherService.a:0 cn.eben.newweather.DateWeatherService$1.handleMessage:7
05-12 10:57:14.926 543 543 I : read descriptors
05-12 10:57:14.926 543 543 I : read strings
05-12 10:57:14.929 1 1 I init : processing action (sys.usb.config=adb && sys.usb.configfs=1 && sys.usb.ffs.ready=1) from (/system/etc/init/hw/init.usb.configfs.rc:20)
05-12 10:34:27.001 1306 1306 W ContextImpl: Calling a method in the system process without a qualified user: android.app.ContextImpl.sendBroadcast:1181 android.content.ContextWrapper.sendBroadcast:479 cn.eben.newweather.DateWeatherService.a:19 cn.eben.newweather.DateWeatherService.a:0 cn.eben.newweather.DateWeatherService$1.handleMessage:7
05-12 10:34:27.217 462 487 I RIL : ---> enter mainloop wait at port
05-12 10:34:27.217 462 487 D RIL-DEV : Get modem info
05-12 10:34:27.218 462 487 D RIL-DEV : [05-12_10:34:27:219] idVendor = 0bda
05-12 10:34:27.218 462 487 D RIL-DEV :
05-12 10:34:27.219 462 487 D RIL-DEV : [05-12_10:34:27:219] idVendor = 05e3
05-12 10:34:27.219 462 487 D RIL-DEV :
05-12 10:34:27.219 462 487 D RIL-DEV : [05-12_10:34:27:220] idVendor = 1d6b
05-12 10:34:27.219 462 487 D RIL-DEV :
05-12 10:34:27.220 462 487 D RIL-DEV : [05-12_10:34:27:220] idVendor = 1d6b
05-12 10:34:27.220 462 487 D RIL-DEV :
05-12 10:34:27.220 462 487 D RIL-DEV : [05-12_10:34:27:221] idVendor = 0bda
05-12 10:34:27.220 462 487 D RIL-DEV :
05-12 10:34:27.221 462 487 D RIL-DEV : [05-12_10:34:27:221] idVendor = 1d6b
05-12 10:34:27.221 462 487 D RIL-DEV :
05-12 10:34:27.221 462 487 D RIL-DEV : [05-12_10:34:27:221] idVendor = 2109
05-12 10:34:27.221 462 487 D RIL-DEV :
05-12 10:34:27.222 462 487 D RIL-DEV : [05-12_10:34:27:222] idVendor = 2109
05-12 10:34:27.222 462 487 D RIL-DEV :
05-12 10:34:27.222 462 487 D RIL-DEV : [05-12_10:34:27:222] idVendor = 1d6b
05-12 10:34:27.222 462 487 D RIL-DEV :
05-12 10:34:27.222 462 487 D RIL-DEV : [05-12_10:34:27:223] idVendor = 0bda
05-12 10:34:27.222 462 487 D RIL-DEV :
05-12 10:34:27.223 462 487 D RIL-DEV : [05-12_10:34:27:223] idVendor = 2109
05-12 10:34:27.223 462 487 D RIL-DEV :
05-12 10:34:27.223 462 487 E RIL-DEV : Cannot find Meig devices
05-12 10:34:27.223 462 487 I RIL : ---> can't find meig usb devices
05-12 10:57:15.986 543 543 I : read descriptors
05-12 10:57:15.986 543 543 I : read strings
05-12 10:34:28.002 1306 1306 W ContextImpl: Calling a method in the system process without a qualified user: android.app.ContextImpl.sendBroadcast:1181 android.content.ContextWrapper.sendBroadcast:479 cn.eben.newweather.DateWeatherService.a:19 cn.eben.newweather.DateWeatherService.a:0 cn.eben.newweather.DateWeatherService$1.handleMessage:7
05-12 10:34:28.589 621 694 D ActivityManager: freezing 3129 com.android.webview:webview_service
05-12 10:34:28.591 621 694 D ActivityManager: froze 3129 com.android.webview:webview_service
05-12 10:34:28.591 621 694 I am_freeze: [3129,com.android.webview:webview_service]
05-12 10:57:17.043 543 543 I : read descriptors
05-12 10:57:17.043 543 543 I : read strings
05-12 10:57:17.045 1 1 I init : processing action (sys.usb.config=adb && sys.usb.configfs=1 && sys.usb.ffs.ready=1) from (/system/etc/init/hw/init.usb.configfs.rc:20)
05-12 10:57:17.048 1 1 I init : Command 'symlink /config/usb_gadget/g1/functions/ffs.adb /config/usb_gadget/g1/configs/b.1/f1' action=sys.usb.config=adb && sys.usb.configfs=1 && sys.usb.ffs.ready=1 (/system/etc/init/hw/init.usb.configfs.rc:22) took 0ms and failed: symlink() failed: File exists
05-12 10:57:17.049 1 1 I init : Command 'write /config/usb_gadget/g1/UDC ${sys.usb.controller}' action=sys.usb.config=adb && sys.usb.configfs=1 && sys.usb.ffs.ready=1 (/system/etc/init/hw/init.usb.configfs.rc:23) took 0ms and failed: Unable to write to file '/config/usb_gadget/g1/UDC': Unable to write file contents: Device or resource busy
05-12 10:34:29.003 1306 1306 W ContextImpl: Calling a method in the system process without a qualified user: android.app.ContextImpl.sendBroadcast:1181 android.content.ContextWrapper.sendBroadcast:479 cn.eben.newweather.DateWeatherService.a:19 cn.eben.newweather.DateWeatherService.a:0 cn.eben.newweather.DateWeatherService$1.handleMessage:7
05-12 10:34:29.224 462 487 I RIL : ---> enter mainloop wait at port
05-12 10:34:29.224 462 487 D RIL-DEV : Get modem info
05-12 10:34:29.225 462 487 D RIL-DEV : [05-12_10:34:29:225] idVendor = 0bda
05-12 10:34:29.225 462 487 D RIL-DEV :
05-12 10:34:29.225 462 487 D RIL-DEV : [05-12_10:34:29:226] idVendor = 05e3
05-12 10:34:29.225 462 487 D RIL-DEV :
05-12 10:34:29.226 462 487 D RIL-DEV : [05-12_10:34:29:226] idVendor = 1d6b
05-12 10:34:29.226 462 487 D RIL-DEV :
05-12 10:34:29.226 462 487 D RIL-DEV : [05-12_10:34:29:226] idVendor = 1d6b
05-12 10:34:29.226 462 487 D RIL-DEV :
05-12 10:34:29.226 462 487 D RIL-DEV : [05-12_10:34:29:227] idVendor = 0bda
05-12 10:34:29.226 462 487 D RIL-DEV :
05-12 10:34:29.227 462 487 D RIL-DEV : [05-12_10:34:29:227] idVendor = 1d6b
05-12 10:34:29.227 462 487 D RIL-DEV :
05-12 10:34:29.227 462 487 D RIL-DEV : [05-12_10:34:29:227] idVendor = 2109
05-12 10:34:29.227 462 487 D RIL-DEV :
05-12 10:34:29.227 462 487 D RIL-DEV : [05-12_10:34:29:228] idVendor = 2109
05-12 10:34:29.227 462 487 D RIL-DEV :
05-12 10:34:29.228 462 487 D RIL-DEV : [05-12_10:34:29:228] idVendor = 1d6b
05-12 10:34:29.228 462 487 D RIL-DEV :
05-12 10:34:29.228 462 487 D RIL-DEV : [05-12_10:34:29:228] idVendor = 0bda
05-12 10:34:29.228 462 487 D RIL-DEV :
05-12 10:34:29.228 462 487 D RIL-DEV : [05-12_10:34:29:229] idVendor = 2109
05-12 10:34:29.228 462 487 D RIL-DEV :
05-12 10:34:29.229 462 487 E RIL-DEV : Cannot find Meig devices
05-12 10:34:29.229 462 487 I RIL : ---> can't find meig usb devices
05-12 10:57:18.110 543 543 I : read descriptors
05-12 10:57:18.110 543 543 I : read strings
05-12 10:57:18.112 1 1 I init : processing action (sys.usb.config=adb && sys.usb.configfs=1 && sys.usb.ffs.ready=1) from (/system/etc/init/hw/init.usb.configfs.rc:20)
05-12 10:57:18.116 1 1 I init : Command 'symlink /config/usb_gadget/g1/functions/ffs.adb /config/usb_gadget/g1/configs/b.1/f1' action=sys.usb.config=adb && sys.usb.configfs=1 && sys.usb.ffs.ready=1 (/system/etc/init/hw/init.usb.configfs.rc:22) took 1ms and failed: symlink() failed: File exists
05-12 10:57:18.118 1 1 I init : Command 'write /config/usb_gadget/g1/UDC ${sys.usb.controller}' action=sys.usb.config=adb && sys.usb.configfs=1 && sys.usb.ffs.ready=1 (/system/etc/init/hw/init.usb.configfs.rc:23) took 1ms and failed: Unable to write to file '/config/usb_gadget/g1/UDC': Unable to write file contents: Device or resource busy
05-12 10:34:30.002 1306 1306 W ContextImpl: Calling a method in the system process without a qualified user: android.app.ContextImpl.sendBroadcast:1181 android.content.ContextWrapper.sendBroadcast:479 cn.eben.newweather.DateWeatherService.a:19 cn.eben.newweather.DateWeatherService.a:0 cn.eben.newweather.DateWeatherService$1.handleMessage:7
05-12 10:57:19.173 543 543 I : read descriptors
05-12 10:57:19.173 543 543 I : read strings
05-12 10:57:19.175 1 1 I init : processing action (sys.usb.config=adb && sys.usb.configfs=1 && sys.usb.ffs.ready=1) from (/system/etc/init/hw/init.usb.configfs.rc:20)
05-12 10:57:19.179 1 1 I init : Command 'symlink /config/usb_gadget/g1/functions/ffs.adb /config/usb_gadget/g1/configs/b.1/f1' action=sys.usb.config=adb && sys.usb.configfs=1 && sys.usb.ffs.ready=1 (/system/etc/init/hw/init.usb.configfs.rc:22) took 1ms and failed: symlink() failed: File exists
05-12 10:57:19.180 1 1 I init : Command 'write /config/usb_gadget/g1/UDC ${sys.usb.controller}' action=sys.usb.config=adb && sys.usb.configfs=1 && sys.usb.ffs.ready=1 (/system/etc/init/hw/init.usb.configfs.rc:23) took 1ms and failed: Unable to write to file '/config/usb_gadget/g1/UDC': Unable to write file contents: Device or resource busy
05-12 10:34:31.002 1306 1306 W ContextImpl: Calling a method in the system process without a qualified user: android.app.ContextImpl.sendBroadcast:1181 android.content.ContextWrapper.sendBroadcast:479 cn.eben.newweather.DateWeatherService.a:19 cn.eben.newweather.DateWeatherService.a:0 cn.eben.newweather.DateWeatherService$1.handleMessage:7
05-12 10:34:31.229 462 487 I RIL : ---> enter mainloop wait at port
05-12 10:34:31.229 462 487 D RIL-DEV : Get modem info
05-12 10:34:31.230 462 487 D RIL-DEV : [05-12_10:34:31:231] idVendor = 0bda
05-12 10:34:31.230 462 487 D RIL-DEV :
05-12 10:34:31.231 462 487 D RIL-DEV : [05-12_10:34:31:231] idVendor = 05e3
05-12 10:34:31.231 462 487 D RIL-DEV :
05-12 10:34:31.231 462 487 D RIL-DEV : [05-12_10:34:31:231] idVendor = 1d6b
05-12 10:34:31.231 462 487 D RIL-DEV :
05-12 10:34:31.231 462 487 D RIL-DEV : [05-12_10:34:31:232] idVendor = 1d6b
05-12 10:34:31.231 462 487 D RIL-DEV :
05-12 10:34:31.232 462 487 D RIL-DEV : [05-12_10:34:31:232] idVendor = 0bda
05-12 10:34:31.232 462 487 D RIL-DEV :
05-12 10:34:31.232 462 487 D RIL-DEV : [05-12_10:34:31:233] idVendor = 1d6b
05-12 10:34:31.232 462 487 D RIL-DEV :
05-12 10:34:31.232 462 487 D RIL-DEV : [05-12_10:34:31:233] idVendor = 2109
05-12 10:34:31.232 462 487 D RIL-DEV :
05-12 10:34:31.233 462 487 D RIL-DEV : [05-12_10:34:31:233] idVendor = 2109
05-12 10:34:31.233 462 487 D RIL-DEV :
05-12 10:34:31.233 462 487 D RIL-DEV : [05-12_10:34:31:233] idVendor = 1d6b
05-12 10:34:31.233 462 487 D RIL-DEV :
05-12 10:34:31.233 462 487 D RIL-DEV : [05-12_10:34:31:234] idVendor = 0bda
05-12 10:34:31.233 462 487 D RIL-DEV :
05-12 10:34:31.234 462 487 D RIL-DEV : [05-12_10:34:31:234] idVendor = 2109
05-12 10:34:31.234 462 487 D RIL-DEV :
05-12 10:34:31.234 462 487 E RIL-DEV : Cannot find Meig devices
05-12 10:34:31.234 462 487 I RIL : ---> can't find meig usb devices
05-12 10:57:20.210 543 543 I : read descriptors
05-12 10:57:20.210 543 543 I : read strings
05-12 10:57:20.212 1 1 I init : processing action (sys.usb.config=adb && sys.usb.configfs=1 && sys.usb.ffs.ready=1) from (/system/etc/init/hw/init.usb.configfs.rc:20)
05-12 10:34:32.002 1306 1306 W ContextImpl: Calling a method in the system process without a qualified user: android.app.ContextImpl.sendBroadcast:1181 android.content.ContextWrapper.sendBroadcast:479 cn.eben.newweather.DateWeatherService.a:19 cn.eben.newweather.DateWeatherService.a:0 cn.eben.newweather.DateWeatherService$1.handleMessage:7
05-12 10:57:21.263 543 543 I : read descriptors
05-12 10:57:21.263 543 543 I : read strings
05-12 10:34:33.003 1306 1306 W ContextImpl: Calling a method in the system process without a qualified user: android.app.ContextImpl.sendBroadcast:1181 android.content.ContextWrapper.sendBroadcast:479 cn.eben.newweather.DateWeatherService.a:19 cn.eben.newweather.DateWeatherService.a:0 cn.eben.newweather.DateWeatherService$1.handleMessage:7
05-12 10:34:33.234 462 487 I RIL : ---> enter mainloop wait at port
05-12 10:34:33.235 462 487 D RIL-DEV : Get modem info
05-12 10:34:33.236 462 487 D RIL-DEV : [05-12_10:34:33:236] idVendor = 0bda
05-12 10:34:33.236 462 487 D RIL-DEV :
05-12 10:34:33.236 462 487 D RIL-DEV : [05-12_10:34:33:236] idVendor = 05e3
05-12 10:34:33.236 462 487 D RIL-DEV :
05-12 10:34:33.236 462 487 D RIL-DEV : [05-12_10:34:33:237] idVendor = 1d6b
05-12 10:34:33.236 462 487 D RIL-DEV :
05-12 10:34:33.237 462 487 D RIL-DEV : [05-12_10:34:33:237] idVendor = 1d6b
05-12 10:34:33.237 462 487 D RIL-DEV :
05-12 10:34:33.237 462 487 D RIL-DEV : [05-12_10:34:33:237] idVendor = 0bda
05-12 10:34:33.237 462 487 D RIL-DEV :
05-12 10:34:33.237 462 487 D RIL-DEV : [05-12_10:34:33:238] idVendor = 1d6b
05-12 10:34:33.237 462 487 D RIL-DEV :
05-12 10:34:33.238 462 487 D RIL-DEV : [05-12_10:34:33:238] idVendor = 2109
05-12 10:34:33.238 462 487 D RIL-DEV :
05-12 10:34:33.238 462 487 D RIL-DEV : [05-12_10:34:33:239] idVendor = 2109
05-12 10:34:33.238 462 487 D RIL-DEV :
05-12 10:34:33.239 462 487 D RIL-DEV : [05-12_10:34:33:239] idVendor = 1d6b
05-12 10:34:33.239 462 487 D RIL-DEV :
05-12 10:34:33.239 462 487 D RIL-DEV : [05-12_10:34:33:239] idVendor = 0bda
05-12 10:34:33.239 462 487 D RIL-DEV :
05-12 10:34:33.239 462 487 D RIL-DEV : [05-12_10:34:33:240] idVendor = 2109
05-12 10:34:33.239 462 487 D RIL-DEV :
05-12 10:34:33.240 462 487 E RIL-DEV : Cannot find Meig devices
05-12 10:34:33.240 462 487 I RIL : ---> can't find meig usb devices
05-12 10:34:34.004 1306 1306 W ContextImpl: Calling a method in the system process without a qualified user: android.app.ContextImpl.sendBroadcast:1181 android.content.ContextWrapper.sendBroadcast:479 cn.eben.newweather.DateWeatherService.a:19 cn.eben.newweather.DateWeatherService.a:0 cn.eben.newweather.DateWeatherService$1.handleMessage:7
05-12 10:57:22.316 543 543 I : read descriptors
05-12 10:57:22.316 543 543 I : read strings
05-12 10:57:22.318 1 1 I init : processing action (sys.usb.config=adb && sys.usb.configfs=1 && sys.usb.ffs.ready=1) from (/system/etc/init/hw/init.usb.configfs.rc:20)
05-12 10:57:22.322 1 1 I init : Command 'symlink /config/usb_gadget/g1/functions/ffs.adb /config/usb_gadget/g1/configs/b.1/f1' action=sys.usb.config=adb && sys.usb.configfs=1 && sys.usb.ffs.ready=1 (/system/etc/init/hw/init.usb.configfs.rc:22) took 0ms and failed: symlink() failed: File exists
05-12 10:57:22.323 1 1 I init : Command 'write /config/usb_gadget/g1/UDC ${sys.usb.controller}' action=sys.usb.config=adb && sys.usb.configfs=1 && sys.usb.ffs.ready=1 (/system/etc/init/hw/init.usb.configfs.rc:23) took 0ms and failed: Unable to write to file '/config/usb_gadget/g1/UDC': Unable to write file contents: Device or resource busy
05-12 10:34:35.003 1306 1306 W ContextImpl: Calling a method in the system process without a qualified user: android.app.ContextImpl.sendBroadcast:1181 android.content.ContextWrapper.sendBroadcast:479 cn.eben.newweather.DateWeatherService.a:19 cn.eben.newweather.DateWeatherService.a:0 cn.eben.newweather.DateWeatherService$1.handleMessage:7
05-12 10:57:23.383 543 543 I : read descriptors
05-12 10:57:23.383 543 543 I : read strings
05-12 10:57:23.385 1 1 I init : processing action (sys.usb.config=adb && sys.usb.configfs=1 && sys.usb.ffs.ready=1) from (/system/etc/init/hw/init.usb.configfs.rc:20)
05-12 10:57:23.389 1 1 I init : Command 'symlink /config/usb_gadget/g1/functions/ffs.adb /config/usb_gadget/g1/configs/b.1/f1' action=sys.usb.config=adb && sys.usb.configfs=1 && sys.usb.ffs.ready=1 (/system/etc/init/hw/init.usb.configfs.rc:22) took 1ms and failed: symlink() failed: File exists
05-12 10:57:23.390 1 1 I init : Command 'write /config/usb_gadget/g1/UDC ${sys.usb.controller}' action=sys.usb.config=adb && sys.usb.configfs=1 && sys.usb.ffs.ready=1 (/system/etc/init/hw/init.usb.configfs.rc:23) took 0ms and failed: Unable to write to file '/config/usb_gadget/g1/UDC': Unable to write file contents: Device or resource busy
05-12 10:34:35.240 462 487 I RIL : ---> enter mainloop wait at port
05-12 10:34:35.240 462 487 D RIL-DEV : Get modem info
05-12 10:34:35.241 462 487 D RIL-DEV : [05-12_10:34:35:241] idVendor = 0bda
05-12 10:34:35.241 462 487 D RIL-DEV :
05-12 10:34:35.242 462 487 D RIL-DEV : [05-12_10:34:35:242] idVendor = 05e3
05-12 10:34:35.242 462 487 D RIL-DEV :
05-12 10:34:35.242 462 487 D RIL-DEV : [05-12_10:34:35:242] idVendor = 1d6b
05-12 10:34:35.242 462 487 D RIL-DEV :
05-12 10:34:35.242 462 487 D RIL-DEV : [05-12_10:34:35:243] idVendor = 1d6b
05-12 10:34:35.242 462 487 D RIL-DEV :
05-12 10:34:35.242 462 487 D RIL-DEV : [05-12_10:34:35:243] idVendor = 0bda
05-12 10:34:35.242 462 487 D RIL-DEV :
05-12 10:34:35.243 462 487 D RIL-DEV : [05-12_10:34:35:243] idVendor = 1d6b
05-12 10:34:35.243 462 487 D RIL-DEV :
05-12 10:34:35.243 462 487 D RIL-DEV : [05-12_10:34:35:244] idVendor = 2109
05-12 10:34:35.243 462 487 D RIL-DEV :
05-12 10:34:35.244 462 487 D RIL-DEV : [05-12_10:34:35:244] idVendor = 2109
05-12 10:34:35.244 462 487 D RIL-DEV :
05-12 10:34:35.244 462 487 D RIL-DEV : [05-12_10:34:35:244] idVendor = 1d6b
05-12 10:34:35.244 462 487 D RIL-DEV :
05-12 10:34:35.244 462 487 D RIL-DEV : [05-12_10:34:35:245] idVendor = 0bda
05-12 10:34:35.244 462 487 D RIL-DEV :
05-12 10:34:35.245 462 487 D RIL-DEV : [05-12_10:34:35:246] idVendor = 2109
05-12 10:34:35.245 462 487 D RIL-DEV :
05-12 10:34:35.246 462 487 E RIL-DEV : Cannot find Meig devices
05-12 10:34:35.246 462 487 I RIL : ---> can't find meig usb devices
05-12 10:34:36.003 1306 1306 W ContextImpl: Calling a method in the system process without a qualified user: android.app.ContextImpl.sendBroadcast:1181 android.content.ContextWrapper.sendBroadcast:479 cn.eben.newweather.DateWeatherService.a:19 cn.eben.newweather.DateWeatherService.a:0 cn.eben.newweather.DateWeatherService$1.handleMessage:7
05-12 10:57:24.447 543 543 I : read descriptors
05-12 10:57:24.447 543 543 I : read strings
05-12 10:57:24.449 1 1 I init : processing action (sys.usb.config=adb && sys.usb.configfs=1 && sys.usb.ffs.ready=1) from (/system/etc/init/hw/init.usb.configfs.rc:20)
05-12 10:57:24.452 1 1 I init : Command 'symlink /config/usb_gadget/g1/functions/ffs.adb /config/usb_gadget/g1/configs/b.1/f1' action=sys.usb.config=adb && sys.usb.configfs=1 && sys.usb.ffs.ready=1 (/system/etc/init/hw/init.usb.configfs.rc:22) took 1ms and failed: symlink() failed: File exists
05-12 10:57:24.453 1 1 I init : Command 'write /config/usb_gadget/g1/UDC ${sys.usb.controller}' action=sys.usb.config=adb && sys.usb.configfs=1 && sys.usb.ffs.ready=1 (/system/etc/init/hw/init.usb.configfs.rc:23) took 0ms and failed: Unable to write to file '/config/usb_gadget/g1/UDC': Unable to write file contents: Device or resource busy
05-12 10:34:36.230 621 647 I am_uid_idle: 10019
05-12 10:34:37.002 1306 1306 W ContextImpl: Calling a method in the system process without a qualified user: android.app.ContextImpl.sendBroadcast:1181 android.content.ContextWrapper.sendBroadcast:479 cn.eben.newweather.DateWeatherService.a:19 cn.eben.newweather.DateWeatherService.a:0 cn.eben.newweather.DateWeatherService$1.handleMessage:7
05-12 10:57:25.493 543 543 I : read descriptors
05-12 10:57:25.493 543 543 I : read strings
05-12 10:57:25.495 1 1 I init : processing action (sys.usb.config=adb && sys.usb.configfs=1 && sys.usb.ffs.ready=1) from (/system/etc/init/hw/init.usb.configfs.rc:20)
05-12 10:34:37.246 462 487 I RIL : ---> enter mainloop wait at port
05-12 10:34:37.246 462 487 D RIL-DEV : Get modem info
05-12 10:34:37.247 462 487 D RIL-DEV : [05-12_10:34:37:247] idVendor = 0bda
05-12 10:34:37.247 462 487 D RIL-DEV :
05-12 10:34:37.247 462 487 D RIL-DEV : [05-12_10:34:37:247] idVendor = 05e3
05-12 10:34:37.247 462 487 D RIL-DEV :
05-12 10:34:37.247 462 487 D RIL-DEV : [05-12_10:34:37:248] idVendor = 1d6b
05-12 10:34:37.247 462 487 D RIL-DEV :
05-12 10:34:37.247 462 487 D RIL-DEV : [05-12_10:34:37:248] idVendor = 1d6b
05-12 10:34:37.247 462 487 D RIL-DEV :
05-12 10:34:37.247 462 487 D RIL-DEV : [05-12_10:34:37:248] idVendor = 0bda
05-12 10:34:37.247 462 487 D RIL-DEV :
05-12 10:34:37.248 462 487 D RIL-DEV : [05-12_10:34:37:248] idVendor = 1d6b
05-12 10:34:37.248 462 487 D RIL-DEV :
05-12 10:34:37.248 462 487 D RIL-DEV : [05-12_10:34:37:248] idVendor = 2109
05-12 10:34:37.248 462 487 D RIL-DEV :
05-12 10:34:37.248 462 487 D RIL-DEV : [05-12_10:34:37:249] idVendor = 2109
05-12 10:34:37.248 462 487 D RIL-DEV :
05-12 10:34:37.248 462 487 D RIL-DEV : [05-12_10:34:37:249] idVendor = 1d6b
05-12 10:34:37.248 462 487 D RIL-DEV :
05-12 10:34:37.249 462 487 D RIL-DEV : [05-12_10:34:37:249] idVendor = 0bda
05-12 10:34:37.249 462 487 D RIL-DEV :
05-12 10:34:37.249 462 487 D RIL-DEV : [05-12_10:34:37:250] idVendor = 2109
05-12 10:34:37.249 462 487 D RIL-DEV :
05-12 10:34:37.249 462 487 E RIL-DEV : Cannot find Meig devices
05-12 10:34:37.249 462 487 I RIL : ---> can't find meig usb devices
05-12 10:34:38.003 1306 1306 W ContextImpl: Calling a method in the system process without a qualified user: android.app.ContextImpl.sendBroadcast:1181 android.content.ContextWrapper.sendBroadcast:479 cn.eben.newweather.DateWeatherService.a:19 cn.eben.newweather.DateWeatherService.a:0 cn.eben.newweather.DateWeatherService$1.handleMessage:7
05-12 10:57:26.540 543 543 I : read descriptors
05-12 10:57:26.540 543 543 I : read strings
05-12 10:34:39.002 1306 1306 W ContextImpl: Calling a method in the system process without a qualified user: android.app.ContextImpl.sendBroadcast:1181 android.content.ContextWrapper.sendBroadcast:479 cn.eben.newweather.DateWeatherService.a:19 cn.eben.newweather.DateWeatherService.a:0 cn.eben.newweather.DateWeatherService$1.handleMessage:7
05-12 10:34:39.250 462 487 I RIL : ---> enter mainloop wait at port
05-12 10:34:39.250 462 487 D RIL-DEV : Get modem info
05-12 10:34:39.251 462 487 D RIL-DEV : [05-12_10:34:39:251] idVendor = 0bda
05-12 10:34:39.251 462 487 D RIL-DEV :
05-12 10:34:39.253 462 487 D RIL-DEV : [05-12_10:34:39:253] idVendor = 05e3
05-12 10:34:39.253 462 487 D RIL-DEV :
05-12 10:34:39.253 462 487 D RIL-DEV : [05-12_10:34:39:253] idVendor = 1d6b
05-12 10:34:39.253 462 487 D RIL-DEV :
05-12 10:34:39.253 462 487 D RIL-DEV : [05-12_10:34:39:253] idVendor = 1d6b
05-12 10:34:39.253 462 487 D RIL-DEV :
05-12 10:34:39.253 462 487 D RIL-DEV : [05-12_10:34:39:253] idVendor = 0bda
05-12 10:34:39.253 462 487 D RIL-DEV :
05-12 10:34:39.253 462 487 D RIL-DEV : [05-12_10:34:39:254] idVendor = 1d6b
05-12 10:34:39.253 462 487 D RIL-DEV :
05-12 10:34:39.253 462 487 D RIL-DEV : [05-12_10:34:39:254] idVendor = 2109
05-12 10:34:39.253 462 487 D RIL-DEV :
05-12 10:34:39.253 462 487 D RIL-DEV : [05-12_10:34:39:254] idVendor = 2109
05-12 10:34:39.253 462 487 D RIL-DEV :
05-12 10:34:39.254 462 487 D RIL-DEV : [05-12_10:34:39:254] idVendor = 1d6b
05-12 10:34:39.254 462 487 D RIL-DEV :
05-12 10:34:39.254 462 487 D RIL-DEV : [05-12_10:34:39:254] idVendor = 0bda
05-12 10:34:39.254 462 487 D RIL-DEV :
05-12 10:34:39.254 462 487 D RIL-DEV : [05-12_10:34:39:254] idVendor = 2109
05-12 10:34:39.254 462 487 D RIL-DEV :
05-12 10:34:39.254 462 487 E RIL-DEV : Cannot find Meig devices
05-12 10:34:39.254 462 487 I RIL : ---> can't find meig usb devices
05-12 10:57:27.593 543 543 I : read descriptors
05-12 10:57:27.593 543 543 I : read strings
05-12 10:57:27.595 1 1 I init : processing action (sys.usb.config=adb && sys.usb.configfs=1 && sys.usb.ffs.ready=1) from (/system/etc/init/hw/init.usb.configfs.rc:20)
05-12 10:57:27.598 1 1 I init : Command 'symlink /config/usb_gadget/g1/functions/ffs.adb /config/usb_gadget/g1/configs/b.1/f1' action=sys.usb.config=adb && sys.usb.configfs=1 && sys.usb.ffs.ready=1 (/system/etc/init/hw/init.usb.configfs.rc:22) took 0ms and failed: symlink() failed: File exists
05-12 10:57:27.599 1 1 I init : Command 'write /config/usb_gadget/g1/UDC ${sys.usb.controller}' action=sys.usb.config=adb && sys.usb.configfs=1 && sys.usb.ffs.ready=1 (/system/etc/init/hw/init.usb.configfs.rc:23) took 0ms and failed: Unable to write to file '/config/usb_gadget/g1/UDC': Unable to write file contents: Device or resource busy
05-12 10:34:40.003 1306 1306 W ContextImpl: Calling a method in the system process without a qualified user: android.app.ContextImpl.sendBroadcast:1181 android.content.ContextWrapper.sendBroadcast:479 cn.eben.newweather.DateWeatherService.a:19 cn.eben.newweather.DateWeatherService.a:0 cn.eben.newweather.DateWeatherService$1.handleMessage:7
05-12 10:57:28.650 543 543 I : read descriptors
05-12 10:57:28.650 543 543 I : read strings
05-12 10:57:28.652 1 1 I init : processing action (sys.usb.config=adb && sys.usb.configfs=1 && sys.usb.ffs.ready=1) from (/system/etc/init/hw/init.usb.configfs.rc:20)
05-12 10:57:28.655 1 1 I init : Command 'symlink /config/usb_gadget/g1/functions/ffs.adb /config/usb_gadget/g1/configs/b.1/f1' action=sys.usb.config=adb && sys.usb.configfs=1 && sys.usb.ffs.ready=1 (/system/etc/init/hw/init.usb.configfs.rc:22) took 0ms and failed: symlink() failed: File exists
05-12 10:57:28.659 1 1 I init : Command 'write /config/usb_gadget/g1/UDC ${sys.usb.controller}' action=sys.usb.config=adb && sys.usb.configfs=1 && sys.usb.ffs.ready=1 (/system/etc/init/hw/init.usb.configfs.rc:23) took 1ms and failed: Unable to write to file '/config/usb_gadget/g1/UDC': Unable to write file contents: Device or resource busy
05-12 10:34:41.002 1306 1306 W ContextImpl: Calling a method in the system process without a qualified user: android.app.ContextImpl.sendBroadcast:1181 android.content.ContextWrapper.sendBroadcast:479 cn.eben.newweather.DateWeatherService.a:19 cn.eben.newweather.DateWeatherService.a:0 cn.eben.newweather.DateWeatherService$1.handleMessage:7
05-12 10:34:41.254 462 487 I RIL : ---> enter mainloop wait at port
05-12 10:34:41.255 462 487 D RIL-DEV : Get modem info
05-12 10:34:41.255 462 487 D RIL-DEV : [05-12_10:34:41:256] idVendor = 0bda
05-12 10:34:41.255 462 487 D RIL-DEV :
05-12 10:34:41.256 462 487 D RIL-DEV : [05-12_10:34:41:256] idVendor = 05e3
05-12 10:34:41.256 462 487 D RIL-DEV :
05-12 10:34:41.256 462 487 D RIL-DEV : [05-12_10:34:41:257] idVendor = 1d6b
05-12 10:34:41.256 462 487 D RIL-DEV :
05-12 10:34:41.256 462 487 D RIL-DEV : [05-12_10:34:41:257] idVendor = 1d6b
05-12 10:34:41.256 462 487 D RIL-DEV :
05-12 10:34:41.257 462 487 D RIL-DEV : [05-12_10:34:41:257] idVendor = 0bda
05-12 10:34:41.257 462 487 D RIL-DEV :
05-12 10:34:41.257 462 487 D RIL-DEV : [05-12_10:34:41:258] idVendor = 1d6b
05-12 10:34:41.257 462 487 D RIL-DEV :
05-12 10:34:41.258 462 487 D RIL-DEV : [05-12_10:34:41:258] idVendor = 2109
05-12 10:34:41.258 462 487 D RIL-DEV :
05-12 10:34:41.259 462 487 D RIL-DEV : [05-12_10:34:41:259] idVendor = 2109
05-12 10:34:41.259 462 487 D RIL-DEV :
05-12 10:34:41.259 462 487 D RIL-DEV : [05-12_10:34:41:259] idVendor = 1d6b
05-12 10:34:41.259 462 487 D RIL-DEV :
05-12 10:34:41.259 462 487 D RIL-DEV : [05-12_10:34:41:260] idVendor = 0bda
05-12 10:34:41.259 462 487 D RIL-DEV :
05-12 10:34:41.260 462 487 D RIL-DEV : [05-12_10:34:41:260] idVendor = 2109
05-12 10:34:41.260 462 487 D RIL-DEV :
05-12 10:34:41.260 462 487 E RIL-DEV : Cannot find Meig devices
05-12 10:34:41.260 462 487 I RIL : ---> can't find meig usb devices
05-12 10:57:29.703 543 543 I : read descriptors
05-12 10:57:29.703 543 543 I : read strings
05-12 10:57:29.705 1 1 I init : processing action (sys.usb.config=adb && sys.usb.configfs=1 && sys.usb.ffs.ready=1) from (/system/etc/init/hw/init.usb.configfs.rc:20)
05-12 10:57:29.708 1 1 I init : Command 'symlink /config/usb_gadget/g1/functions/ffs.adb /config/usb_gadget/g1/configs/b.1/f1' action=sys.usb.config=adb && sys.usb.configfs=1 && sys.usb.ffs.ready=1 (/system/etc/init/hw/init.usb.configfs.rc:22) took 1ms and failed: symlink() failed: File exists
05-12 10:57:29.710 1 1 I init : Command 'write /config/usb_gadget/g1/UDC ${sys.usb.controller}' action=sys.usb.config=adb && sys.usb.configfs=1 && sys.usb.ffs.ready=1 (/system/etc/init/hw/init.usb.configfs.rc:23) took 1ms and failed: Unable to write to file '/config/usb_gadget/g1/UDC': Unable to write file contents: Device or resource busy
05-12 10:34:42.002 1306 1306 W ContextImpl: Calling a method in the system process without a qualified user: android.app.ContextImpl.sendBroadcast:1181 android.content.ContextWrapper.sendBroadcast:479 cn.eben.newweather.DateWeatherService.a:19 cn.eben.newweather.DateWeatherService.a:0 cn.eben.newweather.DateWeatherService$1.handleMessage:7
05-12 10:57:30.759 543 543 I : read descriptors
05-12 10:57:30.760 543 543 I : read strings
05-12 10:57:30.762 1 1 I init : processing action (sys.usb.config=adb && sys.usb.configfs=1 && sys.usb.ffs.ready=1) from (/system/etc/init/hw/init.usb.configfs.rc:20)
05-12 10:34:43.003 1306 1306 W ContextImpl: Calling a method in the system process without a qualified user: android.app.ContextImpl.sendBroadcast:1181 android.content.ContextWrapper.sendBroadcast:479 cn.eben.newweather.DateWeatherService.a:19 cn.eben.newweather.DateWeatherService.a:0 cn.eben.newweather.DateWeatherService$1.handleMessage:7
05-12 10:34:43.261 462 487 I RIL : ---> enter mainloop wait at port
05-12 10:34:43.261 462 487 D RIL-DEV : Get modem info
05-12 10:34:43.262 462 487 D RIL-DEV : [05-12_10:34:43:262] idVendor = 0bda
05-12 10:34:43.262 462 487 D RIL-DEV :
05-12 10:34:43.262 462 487 D RIL-DEV : [05-12_10:34:43:263] idVendor = 05e3
05-12 10:34:43.262 462 487 D RIL-DEV :
05-12 10:34:43.262 462 487 D RIL-DEV : [05-12_10:34:43:263] idVendor = 1d6b
05-12 10:34:43.262 462 487 D RIL-DEV :
05-12 10:34:43.263 462 487 D RIL-DEV : [05-12_10:34:43:263] idVendor = 1d6b
05-12 10:34:43.263 462 487 D RIL-DEV :
05-12 10:34:43.263 462 487 D RIL-DEV : [05-12_10:34:43:264] idVendor = 0bda
05-12 10:34:43.263 462 487 D RIL-DEV :
05-12 10:34:43.264 462 487 D RIL-DEV : [05-12_10:34:43:264] idVendor = 1d6b
05-12 10:34:43.264 462 487 D RIL-DEV :
05-12 10:34:43.264 462 487 D RIL-DEV : [05-12_10:34:43:264] idVendor = 2109
05-12 10:34:43.264 462 487 D RIL-DEV :
05-12 10:34:43.264 462 487 D RIL-DEV : [05-12_10:34:43:265] idVendor = 2109
05-12 10:34:43.264 462 487 D RIL-DEV :
05-12 10:34:43.264 462 487 D RIL-DEV : [05-12_10:34:43:265] idVendor = 1d6b
05-12 10:34:43.264 462 487 D RIL-DEV :
05-12 10:34:43.265 462 487 D RIL-DEV : [05-12_10:34:43:266] idVendor = 0bda
05-12 10:34:43.265 462 487 D RIL-DEV :
05-12 10:34:43.266 462 487 D RIL-DEV : [05-12_10:34:43:266] idVendor = 2109
05-12 10:34:43.266 462 487 D RIL-DEV :
05-12 10:34:43.266 462 487 E RIL-DEV : Cannot find Meig devices
05-12 10:34:43.266 462 487 I RIL : ---> can't find meig usb devices
05-12 10:57:31.809 543 543 I : read descriptors
05-12 10:57:31.809 543 543 I : read strings
05-12 10:34:44.003 1306 1306 W ContextImpl: Calling a method in the system process without a qualified user: android.app.ContextImpl.sendBroadcast:1181 android.content.ContextWrapper.sendBroadcast:479 cn.eben.newweather.DateWeatherService.a:19 cn.eben.newweather.DateWeatherService.a:0 cn.eben.newweather.DateWeatherService$1.handleMessage:7
05-12 10:57:32.880 543 543 I : read descriptors
05-12 10:57:32.880 543 543 I : read strings
05-12 10:57:32.884 1 1 I init : processing action (sys.usb.config=adb && sys.usb.configfs=1 && sys.usb.ffs.ready=1) from (/system/etc/init/hw/init.usb.configfs.rc:20)
05-12 10:57:32.885 1 1 I init : Command 'symlink /config/usb_gadget/g1/functions/ffs.adb /config/usb_gadget/g1/configs/b.1/f1' action=sys.usb.config=adb && sys.usb.configfs=1 && sys.usb.ffs.ready=1 (/system/etc/init/hw/init.usb.configfs.rc:22) took 0ms and failed: symlink() failed: File exists
05-12 10:57:32.886 1 1 I init : Command 'write /config/usb_gadget/g1/UDC ${sys.usb.controller}' action=sys.usb.config=adb && sys.usb.configfs=1 && sys.usb.ffs.ready=1 (/system/etc/init/hw/init.usb.configfs.rc:23) took 0ms and failed: Unable to write to file '/config/usb_gadget/g1/UDC': Unable to write file contents: Device or resource busy
05-12 10:34:45.004 1306 1306 W ContextImpl: Calling a method in the system process without a qualified user: android.app.ContextImpl.sendBroadcast:1181 android.content.ContextWrapper.sendBroadcast:479 cn.eben.newweather.DateWeatherService.a:19 cn.eben.newweather.DateWeatherService.a:0 cn.eben.newweather.DateWeatherService$1.handleMessage:7
05-12 10:34:45.267 462 487 I RIL : ---> enter mainloop wait at port
05-12 10:34:45.267 462 487 D RIL-DEV : Get modem info
05-12 10:34:45.268 462 487 D RIL-DEV : [05-12_10:34:45:268] idVendor = 0bda
05-12 10:34:45.268 462 487 D RIL-DEV :
05-12 10:34:45.268 462 487 D RIL-DEV : [05-12_10:34:45:269] idVendor = 05e3
05-12 10:34:45.268 462 487 D RIL-DEV :
05-12 10:34:45.269 462 487 D RIL-DEV : [05-12_10:34:45:269] idVendor = 1d6b
05-12 10:34:45.269 462 487 D RIL-DEV :
05-12 10:34:45.269 462 487 D RIL-DEV : [05-12_10:34:45:270] idVendor = 1d6b
05-12 10:34:45.269 462 487 D RIL-DEV :
05-12 10:34:45.269 462 487 D RIL-DEV : [05-12_10:34:45:270] idVendor = 0bda
05-12 10:34:45.269 462 487 D RIL-DEV :
05-12 10:34:45.270 462 487 D RIL-DEV : [05-12_10:34:45:270] idVendor = 1d6b
05-12 10:34:45.270 462 487 D RIL-DEV :
05-12 10:34:45.270 462 487 D RIL-DEV : [05-12_10:34:45:271] idVendor = 2109
05-12 10:34:45.270 462 487 D RIL-DEV :
05-12 10:34:45.271 462 487 D RIL-DEV : [05-12_10:34:45:271] idVendor = 2109
05-12 10:34:45.271 462 487 D RIL-DEV :
05-12 10:34:45.271 462 487 D RIL-DEV : [05-12_10:34:45:271] idVendor = 1d6b
05-12 10:34:45.271 462 487 D RIL-DEV :
05-12 10:34:45.272 462 487 D RIL-DEV : [05-12_10:34:45:272] idVendor = 0bda
05-12 10:34:45.272 462 487 D RIL-DEV :
05-12 10:34:45.272 462 487 D RIL-DEV : [05-12_10:34:45:273] idVendor = 2109
05-12 10:34:45.272 462 487 D RIL-DEV :
05-12 10:34:45.272 462 487 E RIL-DEV : Cannot find Meig devices
05-12 10:34:45.273 462 487 I RIL : ---> can't find meig usb devices
05-12 10:34:45.469 621 647 I am_uid_idle: 10023
05-12 10:57:33.929 543 543 I : read descriptors
05-12 10:57:33.930 543 543 I : read strings
05-12 10:57:33.933 1 1 I init : processing action (sys.usb.config=adb && sys.usb.configfs=1 && sys.usb.ffs.ready=1) from (/system/etc/init/hw/init.usb.configfs.rc:20)
05-12 10:57:33.935 1 1 I init : Command 'symlink /config/usb_gadget/g1/functions/ffs.adb /config/usb_gadget/g1/configs/b.1/f1' action=sys.usb.config=adb && sys.usb.configfs=1 && sys.usb.ffs.ready=1 (/system/etc/init/hw/init.usb.configfs.rc:22) took 0ms and failed: symlink() failed: File exists
05-12 10:57:33.936 1 1 I init : Command 'write /config/usb_gadget/g1/UDC ${sys.usb.controller}' action=sys.usb.config=adb && sys.usb.configfs=1 && sys.usb.ffs.ready=1 (/system/etc/init/hw/init.usb.configfs.rc:23) took 0ms and failed: Unable to write to file '/config/usb_gadget/g1/UDC': Unable to write file contents: Device or resource busy
05-12 10:34:46.003 1306 1306 W ContextImpl: Calling a method in the system process without a qualified user: android.app.ContextImpl.sendBroadcast:1181 android.content.ContextWrapper.sendBroadcast:479 cn.eben.newweather.DateWeatherService.a:19 cn.eben.newweather.DateWeatherService.a:0 cn.eben.newweather.DateWeatherService$1.handleMessage:7
05-12 10:34:46.146 621 647 I am_uid_idle: 99001
05-12 10:34:46.146 621 647 I am_uid_idle: 10057
05-12 10:57:34.970 543 543 I : read descriptors
05-12 10:57:34.970 543 543 I : read strings
05-12 10:57:34.972 1 1 I init : processing action (sys.usb.config=adb && sys.usb.configfs=1 && sys.usb.ffs.ready=1) from (/system/etc/init/hw/init.usb.configfs.rc:20)
05-12 10:57:34.975 1 1 I init : Command 'symlink /config/usb_gadget/g1/functions/ffs.adb /config/usb_gadget/g1/configs/b.1/f1' action=sys.usb.config=adb && sys.usb.configfs=1 && sys.usb.ffs.ready=1 (/system/etc/init/hw/init.usb.configfs.rc:22) took 1ms and failed: symlink() failed: File exists
05-12 10:57:34.977 1 1 I init : Command 'write /config/usb_gadget/g1/UDC ${sys.usb.controller}' action=sys.usb.config=adb && sys.usb.configfs=1 && sys.usb.ffs.ready=1 (/system/etc/init/hw/init.usb.configfs.rc:23) took 1ms and failed: Unable to write to file '/config/usb_gadget/g1/UDC': Unable to write file contents: Device or resource busy
05-12 10:34:47.003 1306 1306 W ContextImpl: Calling a method in the system process without a qualified user: android.app.ContextImpl.sendBroadcast:1181 android.content.ContextWrapper.sendBroadcast:479 cn.eben.newweather.DateWeatherService.a:19 cn.eben.newweather.DateWeatherService.a:0 cn.eben.newweather.DateWeatherService$1.handleMessage:7
05-12 10:34:47.273 462 487 I RIL : ---> enter mainloop wait at port
05-12 10:34:47.273 462 487 D RIL-DEV : Get modem info
05-12 10:34:47.274 462 487 D RIL-DEV : [05-12_10:34:47:274] idVendor = 0bda
05-12 10:34:47.274 462 487 D RIL-DEV :
05-12 10:34:47.274 462 487 D RIL-DEV : [05-12_10:34:47:275] idVendor = 05e3
05-12 10:34:47.274 462 487 D RIL-DEV :
05-12 10:34:47.275 462 487 D RIL-DEV : [05-12_10:34:47:275] idVendor = 1d6b
05-12 10:34:47.275 462 487 D RIL-DEV :
05-12 10:34:47.275 462 487 D RIL-DEV : [05-12_10:34:47:276] idVendor = 1d6b
05-12 10:34:47.275 462 487 D RIL-DEV :
05-12 10:34:47.276 462 487 D RIL-DEV : [05-12_10:34:47:276] idVendor = 0bda
05-12 10:34:47.276 462 487 D RIL-DEV :
05-12 10:34:47.276 462 487 D RIL-DEV : [05-12_10:34:47:277] idVendor = 1d6b
05-12 10:34:47.276 462 487 D RIL-DEV :
05-12 10:34:47.276 462 487 D RIL-DEV : [05-12_10:34:47:277] idVendor = 2109
05-12 10:34:47.276 462 487 D RIL-DEV :
05-12 10:34:47.277 462 487 D RIL-DEV : [05-12_10:34:47:277] idVendor = 2109
05-12 10:34:47.277 462 487 D RIL-DEV :
05-12 10:34:47.277 462 487 D RIL-DEV : [05-12_10:34:47:277] idVendor = 1d6b
05-12 10:34:47.277 462 487 D RIL-DEV :
05-12 10:34:47.277 462 487 D RIL-DEV : [05-12_10:34:47:278] idVendor = 0bda
05-12 10:34:47.277 462 487 D RIL-DEV :
05-12 10:34:47.278 462 487 D RIL-DEV : [05-12_10:34:47:278] idVendor = 2109
05-12 10:34:47.278 462 487 D RIL-DEV :
05-12 10:34:47.278 462 487 E RIL-DEV : Cannot find Meig devices
05-12 10:34:47.278 462 487 I RIL : ---> can't find meig usb devices
05-12 10:57:36.036 543 543 I : read descriptors
05-12 10:57:36.036 543 543 I : read strings
05-12 10:57:36.040 1 1 I init : processing action (sys.usb.config=adb && sys.usb.configfs=1 && sys.usb.ffs.ready=1) from (/system/etc/init/hw/init.usb.configfs.rc:20)
05-12 10:34:48.004 1306 1306 W ContextImpl: Calling a method in the system process without a qualified user: android.app.ContextImpl.sendBroadcast:1181 android.content.ContextWrapper.sendBroadcast:479 cn.eben.newweather.DateWeatherService.a:19 cn.eben.newweather.DateWeatherService.a:0 cn.eben.newweather.DateWeatherService$1.handleMessage:7
05-12 10:57:37.076 543 543 I : read descriptors
05-12 10:57:37.076 543 543 I : read strings
05-12 10:34:49.003 1306 1306 W ContextImpl: Calling a method in the system process without a qualified user: android.app.ContextImpl.sendBroadcast:1181 android.content.ContextWrapper.sendBroadcast:479 cn.eben.newweather.DateWeatherService.a:19 cn.eben.newweather.DateWeatherService.a:0 cn.eben.newweather.DateWeatherService$1.handleMessage:7
05-12 10:34:49.279 462 487 I RIL : ---> enter mainloop wait at port
05-12 10:34:49.279 462 487 D RIL-DEV : Get modem info
05-12 10:34:49.279 462 487 D RIL-DEV : [05-12_10:34:49:280] idVendor = 0bda
05-12 10:34:49.279 462 487 D RIL-DEV :
05-12 10:34:49.280 462 487 D RIL-DEV : [05-12_10:34:49:280] idVendor = 05e3
05-12 10:34:49.280 462 487 D RIL-DEV :
05-12 10:34:49.280 462 487 D RIL-DEV : [05-12_10:34:49:281] idVendor = 1d6b
05-12 10:34:49.280 462 487 D RIL-DEV :
05-12 10:34:49.280 462 487 D RIL-DEV : [05-12_10:34:49:281] idVendor = 1d6b
05-12 10:34:49.280 462 487 D RIL-DEV :
05-12 10:34:49.281 462 487 D RIL-DEV : [05-12_10:34:49:281] idVendor = 0bda
05-12 10:34:49.281 462 487 D RIL-DEV :
05-12 10:34:49.281 462 487 D RIL-DEV : [05-12_10:34:49:282] idVendor = 1d6b
05-12 10:34:49.281 462 487 D RIL-DEV :
05-12 10:34:49.282 462 487 D RIL-DEV : [05-12_10:34:49:282] idVendor = 2109
05-12 10:34:49.282 462 487 D RIL-DEV :
05-12 10:34:49.282 462 487 D RIL-DEV : [05-12_10:34:49:283] idVendor = 2109
05-12 10:34:49.282 462 487 D RIL-DEV :
05-12 10:34:49.282 462 487 D RIL-DEV : [05-12_10:34:49:283] idVendor = 1d6b
05-12 10:34:49.282 462 487 D RIL-DEV :
05-12 10:34:49.283 462 487 D RIL-DEV : [05-12_10:34:49:283] idVendor = 0bda
05-12 10:34:49.283 462 487 D RIL-DEV :
05-12 10:34:49.283 462 487 D RIL-DEV : [05-12_10:34:49:284] idVendor = 2109
05-12 10:34:49.283 462 487 D RIL-DEV :
05-12 10:34:49.283 462 487 E RIL-DEV : Cannot find Meig devices
05-12 10:34:49.284 462 487 I RIL : ---> can't find meig usb devices
05-12 10:57:38.126 543 543 I : read descriptors
05-12 10:57:38.126 543 543 I : read strings
05-12 10:57:38.129 1 1 I init : processing action (sys.usb.config=adb && sys.usb.configfs=1 && sys.usb.ffs.ready=1) from (/system/etc/init/hw/init.usb.configfs.rc:20)
05-12 10:57:38.131 1 1 I init : Command 'symlink /config/usb_gadget/g1/functions/ffs.adb /config/usb_gadget/g1/configs/b.1/f1' action=sys.usb.config=adb && sys.usb.configfs=1 && sys.usb.ffs.ready=1 (/system/etc/init/hw/init.usb.configfs.rc:22) took 0ms and failed: symlink() failed: File exists
05-12 10:57:38.132 1 1 I init : Command 'write /config/usb_gadget/g1/UDC ${sys.usb.controller}' action=sys.usb.config=adb && sys.usb.configfs=1 && sys.usb.ffs.ready=1 (/system/etc/init/hw/init.usb.configfs.rc:23) took 0ms and failed: Unable to write to file '/config/usb_gadget/g1/UDC': Unable to write file contents: Device or resource busy
05-12 10:34:50.003 1306 1306 W ContextImpl: Calling a method in the system process without a qualified user: android.app.ContextImpl.sendBroadcast:1181 android.content.ContextWrapper.sendBroadcast:479 cn.eben.newweather.DateWeatherService.a:19 cn.eben.newweather.DateWeatherService.a:0 cn.eben.newweather.DateWeatherService$1.handleMessage:7
05-12 10:57:39.166 543 543 I : read descriptors
05-12 10:57:39.167 543 543 I : read strings
05-12 10:57:39.170 1 1 I init : processing action (sys.usb.config=adb && sys.usb.configfs=1 && sys.usb.ffs.ready=1) from (/system/etc/init/hw/init.usb.configfs.rc:20)
05-12 10:57:39.172 1 1 I init : Command 'symlink /config/usb_gadget/g1/functions/ffs.adb /config/usb_gadget/g1/configs/b.1/f1' action=sys.usb.config=adb && sys.usb.configfs=1 && sys.usb.ffs.ready=1 (/system/etc/init/hw/init.usb.configfs.rc:22) took 0ms and failed: symlink() failed: File exists
05-12 10:57:39.172 1 1 I init : Command 'write /config/usb_gadget/g1/UDC ${sys.usb.controller}' action=sys.usb.config=adb && sys.usb.configfs=1 && sys.usb.ffs.ready=1 (/system/etc/init/hw/init.usb.configfs.rc:23) took 0ms and failed: Unable to write to file '/config/usb_gadget/g1/UDC': Unable to write file contents: Device or resource busy
05-12 10:34:51.002 1306 1306 W ContextImpl: Calling a method in the system process without a qualified user: android.app.ContextImpl.sendBroadcast:1181 android.content.ContextWrapper.sendBroadcast:479 cn.eben.newweather.DateWeatherService.a:19 cn.eben.newweather.DateWeatherService.a:0 cn.eben.newweather.DateWeatherService$1.handleMessage:7
05-12 10:34:51.284 462 487 I RIL : ---> enter mainloop wait at port
05-12 10:34:51.284 462 487 D RIL-DEV : Get modem info
05-12 10:34:51.285 462 487 D RIL-DEV : [05-12_10:34:51:286] idVendor = 0bda
05-12 10:34:51.285 462 487 D RIL-DEV :
05-12 10:34:51.286 462 487 D RIL-DEV : [05-12_10:34:51:286] idVendor = 05e3
05-12 10:34:51.286 462 487 D RIL-DEV :
05-12 10:34:51.286 462 487 D RIL-DEV : [05-12_10:34:51:286] idVendor = 1d6b
05-12 10:34:51.286 462 487 D RIL-DEV :
05-12 10:34:51.286 462 487 D RIL-DEV : [05-12_10:34:51:287] idVendor = 1d6b
05-12 10:34:51.286 462 487 D RIL-DEV :
05-12 10:34:51.287 462 487 D RIL-DEV : [05-12_10:34:51:287] idVendor = 0bda
05-12 10:34:51.287 462 487 D RIL-DEV :
05-12 10:34:51.287 462 487 D RIL-DEV : [05-12_10:34:51:288] idVendor = 1d6b
05-12 10:34:51.287 462 487 D RIL-DEV :
05-12 10:34:51.288 462 487 D RIL-DEV : [05-12_10:34:51:288] idVendor = 2109
05-12 10:34:51.288 462 487 D RIL-DEV :
05-12 10:34:51.288 462 487 D RIL-DEV : [05-12_10:34:51:289] idVendor = 2109
05-12 10:34:51.288 462 487 D RIL-DEV :
05-12 10:34:51.288 462 487 D RIL-DEV : [05-12_10:34:51:289] idVendor = 1d6b
05-12 10:34:51.288 462 487 D RIL-DEV :
05-12 10:34:51.289 462 487 D RIL-DEV : [05-12_10:34:51:289] idVendor = 0bda
05-12 10:34:51.289 462 487 D RIL-DEV :
05-12 10:34:51.289 462 487 D RIL-DEV : [05-12_10:34:51:290] idVendor = 2109
05-12 10:34:51.289 462 487 D RIL-DEV :
05-12 10:34:51.290 462 487 E RIL-DEV : Cannot find Meig devices
05-12 10:34:51.290 462 487 I RIL : ---> can't find meig usb devices
05-12 10:57:40.223 543 543 I : read descriptors
05-12 10:57:40.223 543 543 I : read strings
05-12 10:57:40.226 1 1 I init : processing action (sys.usb.config=adb && sys.usb.configfs=1 && sys.usb.ffs.ready=1) from (/system/etc/init/hw/init.usb.configfs.rc:20)
05-12 10:57:40.228 1 1 I init : Command 'symlink /config/usb_gadget/g1/functions/ffs.adb /config/usb_gadget/g1/configs/b.1/f1' action=sys.usb.config=adb && sys.usb.configfs=1 && sys.usb.ffs.ready=1 (/system/etc/init/hw/init.usb.configfs.rc:22) took 0ms and failed: symlink() failed: File exists
05-12 10:57:40.229 1 1 I init : Command 'write /config/usb_gadget/g1/UDC ${sys.usb.controller}' action=sys.usb.config=adb && sys.usb.configfs=1 && sys.usb.ffs.ready=1 (/system/etc/init/hw/init.usb.configfs.rc:23) took 0ms and failed: Unable to write to file '/config/usb_gadget/g1/UDC': Unable to write file contents: Device or resource busy
