05-12 10:12:20.589 439 439 W healthd : battery l=100 v=8600 t=27.5 h=1 st=3 c=0 fc=9700000 cc=7 chg=
05-12 10:12:20.590 2336 2336 W : done.
05-12 10:12:20.590 2665 2665 I : mmc_host mmc0: Bus speed (slot 0) = 400000Hz (slot req 400000Hz, actual 400000HZ div = 0)
05-12 10:12:20.595 2336 2336 I : Resume caused by IRQ 114, hym8563
05-12 10:12:20.595 2336 2336 I PM : suspend exit
05-12 10:12:20.696 2336 2336 I PM : suspend entry (deep)
05-12 10:12:20.774 2665 2665 I : mmc_host mmc0: Bus speed (slot 0) = 49500000Hz (slot req 50000000Hz, actual 49500000HZ div = 0)
05-12 09:56:00.422 1306 1306 W ContextImpl: Calling a method in the system process without a qualified user: android.app.ContextImpl.sendBroadcast:1181 android.content.ContextWrapper.sendBroadcast:479 cn.eben.newweather.DateWeatherService.a:19 cn.eben.newweather.DateWeatherService.a:0 cn.eben.newweather.DateWeatherService$1.handleMessage:7
05-12 10:12:21.349 2336 2336 I Filesystems sync: 0.652 seconds
05-12 10:12:21.349 2336 2336 I : Freezing user space processes ... (elapsed 0.006 seconds) done.
05-12 10:12:21.355 2336 2336 I : OOM killer disabled.
05-12 10:12:21.355 2336 2336 I : Freezing remaining freezable tasks ... (elapsed 0.058 seconds) done.
05-12 10:12:21.414 2336 2336 I printk : Suspending console(s) (use no_console_suspend to debug)
05-12 10:12:21.495 2336 2336 E regulator-dummy: Underflow of regulator enable count
05-12 10:12:21.495 2336 2336 E wacom_i2c 4-0009: disable regulator failed -22
05-12 10:12:21.745 2336 2336 I : Disabling non-boot CPUs ...
05-12 10:12:21.745 2336 2336 I psci : CPU1 killed (polled 0 ms)
05-12 10:12:21.747 2336 2336 I psci : CPU2 killed (polled 0 ms)
05-12 10:12:21.748 2336 2336 I psci : CPU3 killed (polled 0 ms)
05-12 10:12:21.749 2336 2336 I psci : CPU4 killed (polled 0 ms)
05-12 10:12:21.751 2336 2336 I psci : CPU5 killed (polled 0 ms)
05-12 10:12:21.752 2336 2336 I psci : CPU6 killed (polled 0 ms)
05-12 10:12:21.753 2336 2336 I psci : CPU7 killed (polled 0 ms)
05-12 10:14:54.282 0 0 W [ C0] PM: pm_system_irq_wakeup: 106 triggered rk806
05-12 10:14:54.282 2336 2336 I : Enabling non-boot CPUs ...
05-12 10:14:54.283 0 0 I : Detected VIPT I-cache on CPU1
05-12 10:14:54.283 0 0 I GICv3 : CPU1: found redistributor 100 region 0:0x00000000fe6a0000
05-12 10:14:54.283 0 0 I CPU1 : Booted secondary processor 0x0000000100 [0x412fd050]
05-12 10:14:54.284 2336 2336 I : CPU1 is up
05-12 10:14:54.285 0 0 I : Detected VIPT I-cache on CPU2
05-12 10:14:54.285 0 0 I GICv3 : CPU2: found redistributor 200 region 0:0x00000000fe6c0000
05-12 10:14:54.285 0 0 I CPU2 : Booted secondary processor 0x0000000200 [0x412fd050]
05-12 10:14:54.285 2336 2336 I : CPU2 is up
05-12 10:14:54.286 0 0 I : Detected VIPT I-cache on CPU3
05-12 10:14:54.286 0 0 I GICv3 : CPU3: found redistributor 300 region 0:0x00000000fe6e0000
05-12 10:14:54.286 0 0 I CPU3 : Booted secondary processor 0x0000000300 [0x412fd050]
05-12 10:14:54.287 2336 2336 I : CPU3 is up
05-12 10:14:54.287 0 0 I : Detected PIPT I-cache on CPU4
05-12 10:14:54.287 0 0 I GICv3 : CPU4: found redistributor 400 region 0:0x00000000fe700000
05-12 10:14:54.288 0 0 I CPU4 : Booted secondary processor 0x0000000400 [0x414fd0b0]
05-12 10:14:54.289 2336 2336 I : CPU4 is up
05-12 10:14:54.290 0 0 I : Detected PIPT I-cache on CPU5
05-12 10:14:54.290 0 0 I GICv3 : CPU5: found redistributor 500 region 0:0x00000000fe720000
05-12 10:14:54.290 0 0 I CPU5 : Booted secondary processor 0x0000000500 [0x414fd0b0]
05-12 10:14:54.290 2336 2336 I : CPU5 is up
05-12 10:14:54.291 0 0 I : Detected PIPT I-cache on CPU6
05-12 10:14:54.291 0 0 I GICv3 : CPU6: found redistributor 600 region 0:0x00000000fe740000
05-12 10:14:54.291 0 0 I CPU6 : Booted secondary processor 0x0000000600 [0x414fd0b0]
05-12 10:14:54.293 2336 2336 I : CPU6 is up
05-12 10:14:54.293 0 0 I : Detected PIPT I-cache on CPU7
05-12 10:14:54.294 0 0 I GICv3 : CPU7: found redistributor 700 region 0:0x00000000fe760000
05-12 10:14:54.294 0 0 I CPU7 : Booted secondary processor 0x0000000700 [0x414fd0b0]
05-12 10:14:54.295 2336 2336 I : CPU7 is up
05-12 10:14:54.300 2336 2336 I rk_gmac-dwmac fe1c0000.ethernet: init for RGMII
05-12 10:14:54.301 2675 2675 I usb1 : root hub lost power or was reset
05-12 10:14:54.306 2336 2336 E PM : dpm_run_callback(): wacom_i2c_resume+0x0/0xdc returns -6
05-12 10:14:54.306 2336 2336 E PM : Device 4-0009 failed to resume: error -6
05-12 10:14:54.367 2336 2336 I usb2 : root hub lost power or was reset
05-12 10:14:54.462 2336 2336 I : OOM killer enabled.
05-12 10:14:54.462 2336 2336 I : Restarting tasks ... done.
05-12 10:14:54.474 2336 2336 I : Resume caused by IRQ 106, rk806
05-12 10:14:54.474 2336 2336 I PM : suspend exit
05-12 09:58:34.087 621 704 I PowerManagerService: Powering on display group fromAsleep (groupId=0, uid=1000, reason=WAKE_REASON_POWER_BUTTON, details=android.policy:POWER)...
05-12 09:58:34.087 621 704 I PowerManagerService: Waking up from Asleep (uid=1000, reason=WAKE_REASON_POWER_BUTTON, details=android.policy:POWER)...
05-12 09:58:34.096 1306 1306 W ContextImpl: Calling a method in the system process without a qualified user: android.app.ContextImpl.sendBroadcast:1181 android.content.ContextWrapper.sendBroadcast:479 cn.eben.newweather.DateWeatherService.a:19 cn.eben.newweather.DateWeatherService.a:0 cn.eben.newweather.DateWeatherService$1.handleMessage:7
05-12 09:58:34.099 621 662 I DisplayPowerController[0]: Blocking screen on until initial contents have been drawn.
05-12 09:58:34.106 621 662 V DisplayPowerController[0]: Brightness [0.5472441] reason changing to: 'manual', previous reason: 'screen_off'.
05-12 09:58:34.108 621 641 I DisplayDeviceRepository: Display device changed state: "内置屏幕", ON
05-12 09:58:34.110 621 621 I WindowManager: Suppressed redundant power key press while already in the process of turning the screen on.
05-12 10:14:54.487 179 179 I : mmc_host mmc0: Bus speed (slot 0) = 400000Hz (slot req 400000Hz, actual 400000HZ div = 0)
05-12 10:14:54.513 447 447 I gsensor_mxc6655 5-0015: set sensor poll time to 200ms
05-12 10:14:54.515 447 447 I gsensor_mxc6655 5-0015: sensor on: starting poll sensor data 196ms
05-12 10:17:27.051 439 439 W healthd : battery l=100 v=8586 t=27.0 h=1 st=3 c=0 fc=9700000 cc=7 chg=
05-12 10:17:27.052 352 352 W : <<-GTP-ERROR->> I2C Read: 0x8047, 1 bytes failed, errcode: -6! Process reset.
05-12 10:17:27.095 447 447 I gsensor_mxc6655 5-0015: set sensor poll time to 66ms
05-12 09:58:34.180 621 662 I DisplayPowerController[0]: Unblocked screen on after 82 ms
05-12 10:17:27.152 352 352 W : <<-GTP-ERROR->> GTP i2c test failed time 1.
05-12 10:17:27.205 179 179 I : mmc_host mmc0: Bus speed (slot 0) = 49500000Hz (slot req 50000000Hz, actual 49500000HZ div = 0)
05-12 10:17:27.765 352 352 I rockchip-vop2 fdd90000.vop: [drm:vop2_crtc_atomic_enable] Update mode to 1536x2048p55, type: 16(if:60) for vp2 dclk: 192000000
05-12 10:17:27.767 352 352 I rockchip-vop2 fdd90000.vop: [drm:vop2_crtc_atomic_enable] dclk_out2 div: 2 dclk_core2 div: 1
05-12 10:17:27.767 352 352 I rockchip-vop2 fdd90000.vop: [drm:vop2_crtc_atomic_enable] set dclk_vop2 to 96000000, get 96000000
05-12 09:58:34.859 621 621 W Looper : Slow dispatch took 726ms main h=android.app.ActivityThread$H c=android.app.LoadedApk$ReceiverDispatcher$Args$$ExternalSyntheticLambda0@980286f m=0
05-12 09:58:34.861 621 621 W Looper : Slow delivery took 723ms main h=android.os.Handler c=com.android.server.BatteryService$$ExternalSyntheticLambda4@cbd397c m=0
05-12 09:58:34.863 621 621 W Looper : Drained
05-12 09:58:35.002 1306 1306 W ContextImpl: Calling a method in the system process without a qualified user: android.app.ContextImpl.sendBroadcast:1181 android.content.ContextWrapper.sendBroadcast:479 cn.eben.newweather.DateWeatherService.a:19 cn.eben.newweather.DateWeatherService.a:0 cn.eben.newweather.DateWeatherService$1.handleMessage:7
05-12 10:17:28.271 352 352 I dw-mipi-dsi2 fde20000.dsi: [drm:dw_mipi_dsi2_encoder_enable] final DSI-Link bandwidth: 639999 x 8 Kbps
05-12 09:58:35.375 621 662 W PowerManagerService: Screen on took 1464 ms
05-12 09:58:35.480 621 700 W ContentProviderHelper: Permission Denial: opening provider com.android.providers.contacts.ContactsProvider2 from ProcessRecord{f2a0ab0 1686:cn.eben.sync/u0a63} (pid=1686, uid=10063) requires android.permission.READ_CONTACTS or android.permission.WRITE_CONTACTS
05-12 09:58:36.003 1306 1306 W ContextImpl: Calling a method in the system process without a qualified user: android.app.ContextImpl.sendBroadcast:1181 android.content.ContextWrapper.sendBroadcast:479 cn.eben.newweather.DateWeatherService.a:19 cn.eben.newweather.DateWeatherService.a:0 cn.eben.newweather.DateWeatherService$1.handleMessage:7
05-12 09:58:37.002 1306 1306 W ContextImpl: Calling a method in the system process without a qualified user: android.app.ContextImpl.sendBroadcast:1181 android.content.ContextWrapper.sendBroadcast:479 cn.eben.newweather.DateWeatherService.a:19 cn.eben.newweather.DateWeatherService.a:0 cn.eben.newweather.DateWeatherService$1.handleMessage:7
05-12 09:58:38.002 1306 1306 W ContextImpl: Calling a method in the system process without a qualified user: android.app.ContextImpl.sendBroadcast:1181 android.content.ContextWrapper.sendBroadcast:479 cn.eben.newweather.DateWeatherService.a:19 cn.eben.newweather.DateWeatherService.a:0 cn.eben.newweather.DateWeatherService$1.handleMessage:7
05-12 09:58:39.003 1306 1306 W ContextImpl: Calling a method in the system process without a qualified user: android.app.ContextImpl.sendBroadcast:1181 android.content.ContextWrapper.sendBroadcast:479 cn.eben.newweather.DateWeatherService.a:19 cn.eben.newweather.DateWeatherService.a:0 cn.eben.newweather.DateWeatherService$1.handleMessage:7
05-12 09:58:40.003 1306 1306 W ContextImpl: Calling a method in the system process without a qualified user: android.app.ContextImpl.sendBroadcast:1181 android.content.ContextWrapper.sendBroadcast:479 cn.eben.newweather.DateWeatherService.a:19 cn.eben.newweather.DateWeatherService.a:0 cn.eben.newweather.DateWeatherService$1.handleMessage:7
05-12 09:58:40.485 621 700 W ContentProviderHelper: Permission Denial: opening provider com.android.providers.contacts.ContactsProvider2 from ProcessRecord{f2a0ab0 1686:cn.eben.sync/u0a63} (pid=1686, uid=10063) requires android.permission.READ_CONTACTS or android.permission.WRITE_CONTACTS
05-12 09:58:41.003 1306 1306 W ContextImpl: Calling a method in the system process without a qualified user: android.app.ContextImpl.sendBroadcast:1181 android.content.ContextWrapper.sendBroadcast:479 cn.eben.newweather.DateWeatherService.a:19 cn.eben.newweather.DateWeatherService.a:0 cn.eben.newweather.DateWeatherService$1.handleMessage:7
05-12 09:58:41.922 621 662 V DisplayPowerController[0]: Brightness [0.05] reason changing to: 'manual [ dim ]', previous reason: 'manual'.
05-12 09:58:42.002 1306 1306 W ContextImpl: Calling a method in the system process without a qualified user: android.app.ContextImpl.sendBroadcast:1181 android.content.ContextWrapper.sendBroadcast:479 cn.eben.newweather.DateWeatherService.a:19 cn.eben.newweather.DateWeatherService.a:0 cn.eben.newweather.DateWeatherService$1.handleMessage:7
05-12 09:58:43.002 1306 1306 W ContextImpl: Calling a method in the system process without a qualified user: android.app.ContextImpl.sendBroadcast:1181 android.content.ContextWrapper.sendBroadcast:479 cn.eben.newweather.DateWeatherService.a:19 cn.eben.newweather.DateWeatherService.a:0 cn.eben.newweather.DateWeatherService$1.handleMessage:7
05-12 09:58:43.912 621 662 I PowerManagerService: Powering off display group due to timeout (groupId= 0, uid= 1000)...
05-12 09:58:43.912 621 662 I PowerManagerService: Going to sleep due to timeout (uid 1000)...
05-12 09:58:44.003 621 662 V DisplayPowerController[0]: Brightness [0.5472441] reason changing to: 'manual', previous reason: 'manual [ dim ]'.
05-12 09:58:44.010 1306 1306 W ContextImpl: Calling a method in the system process without a qualified user: android.app.ContextImpl.sendBroadcast:1181 android.content.ContextWrapper.sendBroadcast:479 cn.eben.newweather.DateWeatherService.a:19 cn.eben.newweather.DateWeatherService.a:0 cn.eben.newweather.DateWeatherService$1.handleMessage:7
05-12 09:58:44.430 621 662 I DisplayPowerController[0]: Blocking screen off
05-12 09:58:44.433 621 662 I DisplayPowerController[0]: Unblocked screen off after 3 ms
05-12 10:17:37.370 447 447 I gsensor_mxc6655 5-0015: set sensor poll time to 200ms
05-12 09:58:44.461 621 662 V DisplayPowerController[0]: Brightness [0.003937008] reason changing to: 'screen_off', previous reason: 'manual'.
05-12 09:58:44.463 621 641 I DisplayDeviceRepository: Display device changed state: "内置屏幕", OFF
05-12 10:17:37.400 439 439 W healthd : battery l=100 v=8520 t=27.5 h=1 st=3 c=0 fc=9700000 cc=7 chg=
05-12 10:17:37.668 352 352 I rockchip-vop2 fdd90000.vop: [drm:vop2_crtc_atomic_disable] Crtc atomic disable vp2
05-12 09:58:44.766 621 662 I PowerManagerService: Sleeping display group (groupId=0, uid=1000)...
05-12 09:58:44.766 621 662 I PowerManagerService: Sleeping (uid 1000)...
05-12 09:58:44.799 621 700 W ActivityManager: Ignoring request to force stop protected package u0
05-12 10:17:37.829 2336 2336 I PM : suspend entry (deep)
05-12 10:17:37.843 2336 2336 I Filesystems sync: 0.013 seconds
05-12 10:17:37.843 2336 2336 I : Freezing user space processes ... (elapsed 0.005 seconds) done.
05-12 09:59:54.496 1306 1306 W ContextImpl: Calling a method in the system process without a qualified user: android.app.ContextImpl.sendBroadcast:1181 android.content.ContextWrapper.sendBroadcast:479 cn.eben.newweather.DateWeatherService.a:19 cn.eben.newweather.DateWeatherService.a:0 cn.eben.newweather.DateWeatherService$1.handleMessage:7
05-12 09:59:54.497 621 700 W ContentProviderHelper: Permission Denial: opening provider com.android.providers.contacts.ContactsProvider2 from ProcessRecord{f2a0ab0 1686:cn.eben.sync/u0a63} (pid=1686, uid=10063) requires android.permission.READ_CONTACTS or android.permission.WRITE_CONTACTS
05-12 09:59:54.502 621 704 I PowerManagerService: Powering on display group fromAsleep (groupId=0, uid=1000, reason=WAKE_REASON_POWER_BUTTON, details=android.policy:POWER)...
05-12 09:59:54.503 621 704 I PowerManagerService: Waking up from Asleep (uid=1000, reason=WAKE_REASON_POWER_BUTTON, details=android.policy:POWER)...
05-12 09:59:54.507 621 662 I DisplayPowerController[0]: Blocking screen on until initial contents have been drawn.
05-12 09:59:54.509 621 662 V DisplayPowerController[0]: Brightness [0.5472441] reason changing to: 'manual', previous reason: 'screen_off'.
05-12 09:59:54.511 621 641 I DisplayDeviceRepository: Display device changed state: "内置屏幕", ON
05-12 09:59:54.530 621 621 I WindowManager: Suppressed redundant power key press while already in the process of turning the screen on.
05-12 10:17:37.848 2336 2336 I : OOM killer disabled.
05-12 10:17:37.848 2336 2336 I : Freezing remaining freezable tasks ... (elapsed 0.106 seconds) done.
05-12 10:17:37.954 2336 2336 I printk : Suspending console(s) (use no_console_suspend to debug)
05-12 10:17:38.039 2336 2336 E regulator-dummy: Underflow of regulator enable count
05-12 10:17:38.039 2336 2336 E wacom_i2c 4-0009: disable regulator failed -22
05-12 10:17:38.267 2336 2336 I : Disabling non-boot CPUs ...
05-12 10:17:38.268 2336 2336 I psci : CPU1 killed (polled 0 ms)
05-12 10:17:38.270 2336 2336 I psci : CPU2 killed (polled 0 ms)
05-12 10:17:38.272 2336 2336 I psci : CPU3 killed (polled 0 ms)
05-12 10:17:38.275 2336 2336 I psci : CPU4 killed (polled 4 ms)
05-12 10:17:38.276 2336 2336 I psci : CPU5 killed (polled 0 ms)
05-12 10:17:38.277 2336 2336 I psci : CPU6 killed (polled 0 ms)
05-12 10:17:38.279 2336 2336 I psci : CPU7 killed (polled 0 ms)
05-12 10:18:47.220 0 0 W [ C0] PM: pm_system_irq_wakeup: 106 triggered rk806
05-12 10:18:47.220 2336 2336 I : Enabling non-boot CPUs ...
05-12 10:18:47.221 0 0 I : Detected VIPT I-cache on CPU1
05-12 10:18:47.221 0 0 I GICv3 : CPU1: found redistributor 100 region 0:0x00000000fe6a0000
05-12 10:18:47.221 0 0 I CPU1 : Booted secondary processor 0x0000000100 [0x412fd050]
05-12 10:18:47.222 2336 2336 I : CPU1 is up
05-12 10:18:47.223 0 0 I : Detected VIPT I-cache on CPU2
05-12 10:18:47.223 0 0 I GICv3 : CPU2: found redistributor 200 region 0:0x00000000fe6c0000
05-12 10:18:47.223 0 0 I CPU2 : Booted secondary processor 0x0000000200 [0x412fd050]
05-12 10:18:47.223 2336 2336 I : CPU2 is up
05-12 10:18:47.224 0 0 I : Detected VIPT I-cache on CPU3
05-12 10:18:47.224 0 0 I GICv3 : CPU3: found redistributor 300 region 0:0x00000000fe6e0000
05-12 10:18:47.224 0 0 I CPU3 : Booted secondary processor 0x0000000300 [0x412fd050]
05-12 10:18:47.225 2336 2336 I : CPU3 is up
05-12 10:18:47.226 0 0 I : Detected PIPT I-cache on CPU4
05-12 10:18:47.226 0 0 I GICv3 : CPU4: found redistributor 400 region 0:0x00000000fe700000
05-12 10:18:47.226 0 0 I CPU4 : Booted secondary processor 0x0000000400 [0x414fd0b0]
05-12 10:18:47.227 2336 2336 I : CPU4 is up
05-12 10:18:47.228 0 0 I : Detected PIPT I-cache on CPU5
05-12 10:18:47.228 0 0 I GICv3 : CPU5: found redistributor 500 region 0:0x00000000fe720000
05-12 10:18:47.228 0 0 I CPU5 : Booted secondary processor 0x0000000500 [0x414fd0b0]
05-12 10:18:47.229 2336 2336 I : CPU5 is up
05-12 10:18:47.230 0 0 I : Detected PIPT I-cache on CPU6
05-12 10:18:47.230 0 0 I GICv3 : CPU6: found redistributor 600 region 0:0x00000000fe740000
05-12 10:18:47.230 0 0 I CPU6 : Booted secondary processor 0x0000000600 [0x414fd0b0]
05-12 10:18:47.231 2336 2336 I : CPU6 is up
05-12 10:18:47.232 0 0 I : Detected PIPT I-cache on CPU7
05-12 10:18:47.232 0 0 I GICv3 : CPU7: found redistributor 700 region 0:0x00000000fe760000
05-12 10:18:47.232 0 0 I CPU7 : Booted secondary processor 0x0000000700 [0x414fd0b0]
05-12 10:18:47.233 2336 2336 I : CPU7 is up
05-12 10:18:47.238 2336 2336 I rk_gmac-dwmac fe1c0000.ethernet: init for RGMII
05-12 10:18:47.239 2670 2670 I usb1 : root hub lost power or was reset
05-12 10:18:47.244 2336 2336 E PM : dpm_run_callback(): wacom_i2c_resume+0x0/0xdc returns -6
05-12 10:18:47.244 2336 2336 E PM : Device 4-0009 failed to resume: error -6
05-12 10:18:47.305 2336 2336 I usb2 : root hub lost power or was reset
05-12 10:18:47.403 2336 2336 I : OOM killer enabled.
05-12 10:18:47.403 2336 2336 I : Restarting tasks ... done.
05-12 10:18:47.414 2336 2336 I : Resume caused by IRQ 106, rk806
05-12 10:18:47.414 2336 2336 I PM : suspend exit
05-12 10:18:47.424 2665 2665 I : mmc_host mmc0: Bus speed (slot 0) = 400000Hz (slot req 400000Hz, actual 400000HZ div = 0)
05-12 10:19:56.390 439 439 W healthd : battery l=100 v=8592 t=27.0 h=1 st=3 c=0 fc=9700000 cc=7 chg=
05-12 10:19:56.396 352 352 W : <<-GTP-ERROR->> I2C Read: 0x8047, 1 bytes failed, errcode: -6! Process reset.
05-12 10:19:56.411 447 447 I gsensor_mxc6655 5-0015: set sensor poll time to 200ms
05-12 10:19:56.412 447 447 I gsensor_mxc6655 5-0015: sensor on: starting poll sensor data 196ms
05-12 10:19:56.461 447 447 I gsensor_mxc6655 5-0015: set sensor poll time to 66ms
05-12 09:59:54.607 621 662 I DisplayPowerController[0]: Unblocked screen on after 100 ms
05-12 10:19:56.502 352 352 W : <<-GTP-ERROR->> GTP i2c test failed time 1.
05-12 10:19:56.549 2665 2665 I : mmc_host mmc0: Bus speed (slot 0) = 49500000Hz (slot req 50000000Hz, actual 49500000HZ div = 0)
05-12 09:59:55.002 1306 1306 W ContextImpl: Calling a method in the system process without a qualified user: android.app.ContextImpl.sendBroadcast:1181 android.content.ContextWrapper.sendBroadcast:479 cn.eben.newweather.DateWeatherService.a:19 cn.eben.newweather.DateWeatherService.a:0 cn.eben.newweather.DateWeatherService$1.handleMessage:7
05-12 10:19:57.135 352 352 I rockchip-vop2 fdd90000.vop: [drm:vop2_crtc_atomic_enable] Update mode to 1536x2048p55, type: 16(if:60) for vp2 dclk: 192000000
05-12 10:19:57.137 352 352 I rockchip-vop2 fdd90000.vop: [drm:vop2_crtc_atomic_enable] dclk_out2 div: 2 dclk_core2 div: 1
05-12 10:19:57.137 352 352 I rockchip-vop2 fdd90000.vop: [drm:vop2_crtc_atomic_enable] set dclk_vop2 to 96000000, get 96000000
05-12 09:59:55.294 621 621 W Looper : Slow dispatch took 722ms main h=android.app.ActivityThread$H c=android.app.LoadedApk$ReceiverDispatcher$Args$$ExternalSyntheticLambda0@c2d0de3 m=0
05-12 09:59:55.295 621 621 W Looper : Slow delivery took 723ms main h=com.android.server.notification.NotificationManagerService$WorkerHandler c=com.android.server.notification.NotificationManagerService$NotificationAssistants$$ExternalSyntheticLambda3@9fc43e0 m=0
05-12 09:59:55.296 621 621 W Looper : Drained
05-12 10:19:57.642 352 352 I dw-mipi-dsi2 fde20000.dsi: [drm:dw_mipi_dsi2_encoder_enable] final DSI-Link bandwidth: 639999 x 8 Kbps
05-12 09:59:55.794 621 662 W PowerManagerService: Screen on took 1474 ms
05-12 09:59:56.003 1306 1306 W ContextImpl: Calling a method in the system process without a qualified user: android.app.ContextImpl.sendBroadcast:1181 android.content.ContextWrapper.sendBroadcast:479 cn.eben.newweather.DateWeatherService.a:19 cn.eben.newweather.DateWeatherService.a:0 cn.eben.newweather.DateWeatherService$1.handleMessage:7
05-12 09:59:57.001 1306 1306 W ContextImpl: Calling a method in the system process without a qualified user: android.app.ContextImpl.sendBroadcast:1181 android.content.ContextWrapper.sendBroadcast:479 cn.eben.newweather.DateWeatherService.a:19 cn.eben.newweather.DateWeatherService.a:0 cn.eben.newweather.DateWeatherService$1.handleMessage:7
05-12 09:59:57.681 621 876 D ActivityTaskManager: Top Process State changed to PROCESS_STATE_TOP
05-12 09:59:57.736 621 1846 W WindowManager: Attempted to add starting window to token but already cleaned
05-12 09:59:57.737 775 883 W StartingSurfaceDrawer: Failed to add snapshot starting window res=-5
05-12 10:19:59.605 1230 1230 W : abc audioDBG [es8323_mute] start mute:0
05-12 10:19:59.615 1230 1230 I [Awinic] [3-0058]aw_acf_get_prof_desc_form_name: get prof desc down
05-12 10:19:59.629 1230 1230 I [Awinic] [3-005b]aw_acf_get_prof_desc_form_name: get prof desc down
05-12 09:59:57.792 621 647 W BroadcastQueue: Background execution not allowed: receiving Intent { act=android.intent.action.USER_PRESENT flg=0x24200010 } to com.zhangyue.read.iReader/com.taobao.accs.EventReceiver
05-12 09:59:58.001 1306 1306 W ContextImpl: Calling a method in the system process without a qualified user: android.app.ContextImpl.sendBroadcast:1181 android.content.ContextWrapper.sendBroadcast:479 cn.eben.newweather.DateWeatherService.a:19 cn.eben.newweather.DateWeatherService.a:0 cn.eben.newweather.DateWeatherService$1.handleMessage:7
05-12 09:59:59.002 1306 1306 W ContextImpl: Calling a method in the system process without a qualified user: android.app.ContextImpl.sendBroadcast:1181 android.content.ContextWrapper.sendBroadcast:479 cn.eben.newweather.DateWeatherService.a:19 cn.eben.newweather.DateWeatherService.a:0 cn.eben.newweather.DateWeatherService$1.handleMessage:7
05-12 10:20:00.921 528 528 W : abc audioDBG [es8323_mute] start mute:1
05-12 10:20:00.921 528 528 I [Awinic] [3-0058]aw_acf_get_prof_desc_form_name: get prof desc down
05-12 10:20:00.922 528 528 I [Awinic] [3-005b]aw_acf_get_prof_desc_form_name: get prof desc down
05-12 09:59:59.501 621 876 W ContentProviderHelper: Permission Denial: opening provider com.android.providers.contacts.ContactsProvider2 from ProcessRecord{f2a0ab0 1686:cn.eben.sync/u0a63} (pid=1686, uid=10063) requires android.permission.READ_CONTACTS or android.permission.WRITE_CONTACTS
05-12 10:00:00.001 1306 1306 W ContextImpl: Calling a method in the system process without a qualified user: android.app.ContextImpl.sendBroadcast:1181 android.content.ContextWrapper.sendBroadcast:479 cn.eben.newweather.DateWeatherService.a:19 cn.eben.newweather.DateWeatherService.a:0 cn.eben.newweather.DateWeatherService$1.handleMessage:7
05-12 10:00:00.963 621 638 D AutofillManagerService: Close system dialogs
05-12 10:00:00.966 621 639 I ActivityTaskManager: START u0 {act=android.intent.action.MAIN cat=[android.intent.category.HOME] flg=0x10000100 cmp=com.android.launcher3/.uioverrides.QuickstepLauncher (has extras)} from uid 0
05-12 10:00:01.002 1306 1306 W ContextImpl: Calling a method in the system process without a qualified user: android.app.ContextImpl.sendBroadcast:1181 android.content.ContextWrapper.sendBroadcast:479 cn.eben.newweather.DateWeatherService.a:19 cn.eben.newweather.DateWeatherService.a:0 cn.eben.newweather.DateWeatherService$1.handleMessage:7
05-12 10:00:01.013 621 638 D AutofillManagerService: Close system dialogs
05-12 10:00:01.294 621 638 D AutofillManagerService: Close system dialogs
05-12 10:00:01.295 621 639 I ActivityTaskManager: START u0 {act=android.intent.action.MAIN cat=[android.intent.category.HOME] flg=0x10000100 cmp=com.android.launcher3/.uioverrides.QuickstepLauncher (has extras)} from uid 0
05-12 10:00:01.329 621 638 D AutofillManagerService: Close system dialogs
05-12 10:00:02.001 1306 1306 W ContextImpl: Calling a method in the system process without a qualified user: android.app.ContextImpl.sendBroadcast:1181 android.content.ContextWrapper.sendBroadcast:479 cn.eben.newweather.DateWeatherService.a:19 cn.eben.newweather.DateWeatherService.a:0 cn.eben.newweather.DateWeatherService$1.handleMessage:7
05-12 10:00:02.107 621 635 I ActivityTaskManager: START u0 {act=android.intent.action.MAIN cat=[android.intent.category.LAUNCHER] flg=0x10200000 cmp=com.android.settings/.Settings bnds=[296,716][532,1042]} from uid 10090
05-12 10:00:02.111 621 640 I DropBoxManagerService: add tag=system_app_strictmode isTagEnabled=true flags=0x2
05-12 10:00:02.112 621 635 W ActivityTaskManager: Can't find TaskDisplayArea to determine support for multi window. Task id=10761 attached=false
05-12 10:00:02.126 621 641 I ActivityManager: com.android.settings is exempt from freezer
05-12 10:00:02.147 621 648 I ActivityManager: Start proc 2712:com.android.settings/1000 for pre-top-activity {com.android.settings/com.android.settings.Settings}
05-12 10:00:02.236 621 635 W ActivityTaskManager: setResumedActivity on non-leaf task fragment Task{9559e90 #10761 type=standard A=1000:com.android.settings.root U=0 visible=true visibleRequested=true mode=fullscreen translucent=false sz=1}
05-12 10:00:02.238 621 635 I ActivityTaskManager: START u0 {cmp=com.android.settings/.Settings$NetworkDashboardActivity} from uid 1000
05-12 10:00:02.239 621 635 W ActivityTaskManager: Tried to set launchTime (0) < mLastActivityLaunchTime (1517203)
05-12 10:00:02.252 621 1996 E UserRestrictionsUtils: Unknown restriction queried by uid 1000 (com.android.networkstack.inprocess et al): null
05-12 10:00:02.277 621 876 W BatteryExternalStatsWorker: error reading modem stats:ERROR_INVALID_INFO_RECEIVED
05-12 10:20:04.139 331 331 W audit : audit_lost=484 audit_rate_limit=5 audit_backlog_limit=64
05-12 10:20:04.139 331 331 E audit : rate limit exceeded
05-12 10:00:02.290 621 2478 W BatteryExternalStatsWorker: error reading modem stats:ERROR_INVALID_INFO_RECEIVED
05-12 10:00:02.326 621 1996 E UserRestrictionsUtils: Unknown restriction queried by uid 1000 (com.android.networkstack.inprocess et al): null
05-12 10:00:02.327 621 1996 E UserRestrictionsUtils: Unknown restriction queried by uid 1000 (com.android.networkstack.inprocess et al): null
05-12 10:00:02.329 621 1996 E UserRestrictionsUtils: Unknown restriction queried by uid 1000 (com.android.networkstack.inprocess et al): no_ethernet_settings
05-12 10:00:02.329 621 1996 E UserRestrictionsUtils: Unknown restriction queried by uid 1000 (com.android.networkstack.inprocess et al): no_ethernet_settings
05-12 10:00:02.329 621 647 I DropBoxManagerService: add tag=system_server_wtf isTagEnabled=true flags=0x2
05-12 10:00:02.331 621 647 I DropBoxManagerService: add tag=system_server_wtf isTagEnabled=true flags=0x2
05-12 10:00:02.369 621 700 D ActivityManager: sync unfroze 1900 com.android.permissioncontroller
05-12 10:00:03.002 1306 1306 W ContextImpl: Calling a method in the system process without a qualified user: android.app.ContextImpl.sendBroadcast:1181 android.content.ContextWrapper.sendBroadcast:479 cn.eben.newweather.DateWeatherService.a:19 cn.eben.newweather.DateWeatherService.a:0 cn.eben.newweather.DateWeatherService$1.handleMessage:7
05-12 10:00:04.002 1306 1306 W ContextImpl: Calling a method in the system process without a qualified user: android.app.ContextImpl.sendBroadcast:1181 android.content.ContextWrapper.sendBroadcast:479 cn.eben.newweather.DateWeatherService.a:19 cn.eben.newweather.DateWeatherService.a:0 cn.eben.newweather.DateWeatherService$1.handleMessage:7
05-12 10:00:04.505 621 876 W ContentProviderHelper: Permission Denial: opening provider com.android.providers.contacts.ContactsProvider2 from ProcessRecord{f2a0ab0 1686:cn.eben.sync/u0a63} (pid=1686, uid=10063) requires android.permission.READ_CONTACTS or android.permission.WRITE_CONTACTS
05-12 10:00:05.002 1306 1306 W ContextImpl: Calling a method in the system process without a qualified user: android.app.ContextImpl.sendBroadcast:1181 android.content.ContextWrapper.sendBroadcast:479 cn.eben.newweather.DateWeatherService.a:19 cn.eben.newweather.DateWeatherService.a:0 cn.eben.newweather.DateWeatherService$1.handleMessage:7
05-12 10:00:05.647 621 1268 E TaskPersister: File error accessing recents directory (directory doesn't exist?).
05-12 10:00:06.003 1306 1306 W ContextImpl: Calling a method in the system process without a qualified user: android.app.ContextImpl.sendBroadcast:1181 android.content.ContextWrapper.sendBroadcast:479 cn.eben.newweather.DateWeatherService.a:19 cn.eben.newweather.DateWeatherService.a:0 cn.eben.newweather.DateWeatherService$1.handleMessage:7
05-12 10:00:07.003 1306 1306 W ContextImpl: Calling a method in the system process without a qualified user: android.app.ContextImpl.sendBroadcast:1181 android.content.ContextWrapper.sendBroadcast:479 cn.eben.newweather.DateWeatherService.a:19 cn.eben.newweather.DateWeatherService.a:0 cn.eben.newweather.DateWeatherService$1.handleMessage:7
05-12 10:00:07.562 621 1846 W ActivityTaskManager: Duplicate finish request for r=ActivityRecord{16a23b5 u0 com.android.settings/.Settings$NetworkDashboardActivity t10761 f}}
05-12 10:00:07.564 621 1846 I ActivityTaskManager: START u0 {act=android.intent.action.MAIN cmp=com.android.settings/.SubSettings (has extras)} from uid 1000
05-12 10:00:07.640 621 1846 W ActivityTaskManager: Tried to set launchTime (0) < mLastActivityLaunchTime (1517284)
05-12 10:00:07.742 621 642 W WindowManager: Unable to find process with pid=2712 uid=1000
05-12 10:00:07.962 621 1846 W WindowManager: Unable to find process with pid=2712 uid=1000
05-12 10:00:07.974 621 876 D ActivityTaskManager: Remove task fragment: removeLastChild ActivityRecord{16a23b5 u0 com.android.settings/.Settings$NetworkDashboardActivity t-1 f}}
05-12 10:00:08.002 1306 1306 W ContextImpl: Calling a method in the system process without a qualified user: android.app.ContextImpl.sendBroadcast:1181 android.content.ContextWrapper.sendBroadcast:479 cn.eben.newweather.DateWeatherService.a:19 cn.eben.newweather.DateWeatherService.a:0 cn.eben.newweather.DateWeatherService$1.handleMessage:7
05-12 10:00:08.574 621 876 I ActivityTaskManager: START u0 {act=android.intent.action.MAIN cmp=com.android.settings/.SubSettings (has extras)} from uid 1000
05-12 10:00:08.601 621 876 W ActivityTaskManager: Tried to set launchTime (0) < mLastActivityLaunchTime (1522685)
05-12 10:00:08.679 621 642 W WindowManager: Unable to find process with pid=2712 uid=1000
05-12 10:00:08.897 621 1846 W WindowManager: Unable to find process with pid=2712 uid=1000
05-12 10:00:09.003 1306 1306 W ContextImpl: Calling a method in the system process without a qualified user: android.app.ContextImpl.sendBroadcast:1181 android.content.ContextWrapper.sendBroadcast:479 cn.eben.newweather.DateWeatherService.a:19 cn.eben.newweather.DateWeatherService.a:0 cn.eben.newweather.DateWeatherService$1.handleMessage:7
05-12 10:00:09.510 621 1846 W ContentProviderHelper: Permission Denial: opening provider com.android.providers.contacts.ContactsProvider2 from ProcessRecord{f2a0ab0 1686:cn.eben.sync/u0a63} (pid=1686, uid=10063) requires android.permission.READ_CONTACTS or android.permission.WRITE_CONTACTS
05-12 10:00:10.003 1306 1306 W ContextImpl: Calling a method in the system process without a qualified user: android.app.ContextImpl.sendBroadcast:1181 android.content.ContextWrapper.sendBroadcast:479 cn.eben.newweather.DateWeatherService.a:19 cn.eben.newweather.DateWeatherService.a:0 cn.eben.newweather.DateWeatherService$1.handleMessage:7
05-12 10:00:10.056 2712 2712 W ContextImpl: Calling a method in the system process without a qualified user: android.app.ContextImpl.sendBroadcast:1181 android.content.ContextWrapper.sendBroadcast:479 com.android.settings.datetime.TimeFormatPreferenceController.timeUpdated:116 com.android.settings.datetime.TimeFormatPreferenceController.update24HourFormat:102 com.android.settings.datetime.AutoTimeFormatPreferenceController.handlePreferenceTreeClick:74
05-12 10:00:10.066 621 621 D DevicePolicyManager: updateSystemUpdateFreezePeriodsRecord
05-12 10:00:10.066 621 621 D ConditionProviders.SCP: onReceive android.intent.action.TIME_SET
05-12 10:00:10.069 621 621 D ConditionProviders.SCP: evaluateSubscriptionLocked cal=ScheduleCalendar[mDays={1, 2, 3, 4, 5, 6, 7}, mSchedule=ScheduleInfo{days=[1, 2, 3, 4, 5, 6, 7], startHour=22, startMinute=0, endHour=7, endMinute=0, exitAtAlarm=true, nextAlarm=Thu Jan 01 08:00:00 GMT+08:00 1970 (0)}], now=Mon May 12 10:00:10 GMT+08:00 2025 (1747015210066), nextUserAlarmTime=Thu Jan 01 08:00:00 GMT+08:00 1970 (0)
05-12 10:00:10.069 621 647 D ActivityManager: sync unfroze 2351 com.android.deskclock
05-12 10:00:10.069 621 621 D ConditionProviders.SCP: notifyCondition condition://android/schedule?days=1.2.3.4.5.6.7&start=22.0&end=7.0&exitAtAlarm=true STATE_FALSE reason=!meetsSchedule
05-12 10:00:10.072 621 621 D ConditionProviders.SCP: Scheduling evaluate for Mon May 12 22:00:00 GMT+08:00 2025 (1747058400000), in +11h59m49s934ms, now=Mon May 12 10:00:10 GMT+08:00 2025 (1747015210066)
05-12 10:00:10.087 621 732 W PermissionManagerService: Datasource AttributionSource { uid = 10023, packageName = com.android.providers.calendar, attributionTag = null, token = android.os.BinderProxy@caae772, next = android.content.AttributionSourceState@b7577c3 } protecting data with platform defined runtime permission android.permission.READ_CALENDAR while not having android.permission.UPDATE_APP_OPS_STATS
05-12 10:00:10.089 621 732 W PermissionManagerService: Datasource AttributionSource { uid = 10023, packageName = com.android.providers.calendar, attributionTag = null, token = android.os.BinderProxy@caae772, next = android.content.AttributionSourceState@f539840 } protecting data with platform defined runtime permission android.permission.READ_CALENDAR while not having android.permission.UPDATE_APP_OPS_STATS
05-12 10:00:10.097 621 876 D ActivityManager: sync unfroze 2394 com.eben.ebenback
05-12 10:00:10.104 621 876 W ActivityManager: Background started FGS: Disallowed [callingPackage: com.eben.ebenback; callingUid: 10040; uidState: RCVR; intent: Intent { act=android.intent.action.TIME_SET flg=0x1000010 cmp=com.eben.ebenback/.redmind.NotificationService (has extras) }; code:DENIED; tempAllowListReason:; targetSdkVersion:28; callerTargetSdkVersion:28; startForegroundCount:0; bindFromPackage:null]
05-12 10:00:10.106 621 876 D ActivityManager: sync unfroze 2416 com.eben.test
05-12 10:00:10.107 621 647 I DropBoxManagerService: add tag=system_server_wtf isTagEnabled=true flags=0x2
05-12 10:00:10.108 621 2478 D ActivityManager: sync unfroze 2432 com.ebensz.enote.calendar
05-12 10:00:10.114 621 876 D ActivityManager: sync unfroze 2455 com.ebensz.enote.meeting
05-12 10:00:10.117 621 876 W PermissionManagerService: Datasource AttributionSource { uid = 10023, packageName = com.android.providers.calendar, attributionTag = null, token = android.os.BinderProxy@caae772, next = android.content.AttributionSourceState@b0528b1 } protecting data with platform defined runtime permission android.permission.READ_CALENDAR while not having android.permission.UPDATE_APP_OPS_STATS
05-12 10:00:10.121 621 1846 W ActivityManager: Foreground service started from background can not have location/camera/microphone access: service com.eben.ebenback/.redmind.NotificationService
05-12 10:00:10.122 621 647 V ActivityManager: Attempted to start a foreground service (com.eben.ebenback/.redmind.NotificationService) with a broken notification (no icon: Notification(channel=eback shortcut=null contentView=null vibrate=null sound=null defaults=0x0 flags=0x40 color=0x00000000 vis=PRIVATE))
05-12 10:00:10.123 621 876 W PermissionManagerService: Datasource AttributionSource { uid = 10023, packageName = com.android.providers.calendar, attributionTag = null, token = android.os.BinderProxy@caae772, next = android.content.AttributionSourceState@7073ce9 } protecting data with platform defined runtime permission android.permission.READ_CALENDAR while not having android.permission.UPDATE_APP_OPS_STATS
05-12 10:00:10.127 621 1846 W PermissionManagerService: Datasource AttributionSource { uid = 10023, packageName = com.android.providers.calendar, attributionTag = null, token = android.os.BinderProxy@caae772, next = android.content.AttributionSourceState@f40a021 } protecting data with platform defined runtime permission android.permission.READ_CALENDAR while not having android.permission.UPDATE_APP_OPS_STATS
05-12 10:00:10.136 621 1846 D ActivityManager: sync unfroze 1490 com.ebensz.enote.entry
05-12 10:00:10.154 621 876 W PermissionManagerService: Datasource AttributionSource { uid = 10023, packageName = com.android.providers.calendar, attributionTag = null, token = android.os.BinderProxy@caae772, next = android.content.AttributionSourceState@9d46c46 } protecting data with platform defined runtime permission android.permission.READ_CALENDAR while not having android.permission.UPDATE_APP_OPS_STATS
05-12 10:00:10.327 621 621 I NotificationService: Cannot find enqueued record for key: 0|com.eben.ebenback|1|null|10040
05-12 10:00:10.782 2712 2712 W ContextImpl: Calling a method in the system process without a qualified user: android.app.ContextImpl.sendBroadcast:1181 android.content.ContextWrapper.sendBroadcast:479 com.android.settings.datetime.TimeFormatPreferenceController.timeUpdated:116 com.android.settings.datetime.TimeFormatPreferenceController.update24HourFormat:102 com.android.settings.datetime.TimeFormatPreferenceController.handlePreferenceTreeClick:86
05-12 10:00:10.791 621 621 D DevicePolicyManager: updateSystemUpdateFreezePeriodsRecord
05-12 10:00:10.791 621 621 D ConditionProviders.SCP: onReceive android.intent.action.TIME_SET
05-12 10:00:10.792 621 621 D ConditionProviders.SCP: evaluateSubscriptionLocked cal=ScheduleCalendar[mDays={1, 2, 3, 4, 5, 6, 7}, mSchedule=ScheduleInfo{days=[1, 2, 3, 4, 5, 6, 7], startHour=22, startMinute=0, endHour=7, endMinute=0, exitAtAlarm=true, nextAlarm=Thu Jan 01 08:00:00 GMT+08:00 1970 (0)}], now=Mon May 12 10:00:10 GMT+08:00 2025 (1747015210791), nextUserAlarmTime=Thu Jan 01 08:00:00 GMT+08:00 1970 (0)
05-12 10:00:10.792 621 621 D ConditionProviders.SCP: notifyCondition condition://android/schedule?days=1.2.3.4.5.6.7&start=22.0&end=7.0&exitAtAlarm=true STATE_FALSE reason=!meetsSchedule
05-12 10:00:10.792 621 621 D ConditionProviders.SCP: Scheduling evaluate for Mon May 12 22:00:00 GMT+08:00 2025 (1747058400000), in +11h59m49s209ms, now=Mon May 12 10:00:10 GMT+08:00 2025 (1747015210791)
05-12 10:00:10.807 621 732 W PermissionManagerService: Datasource AttributionSource { uid = 10023, packageName = com.android.providers.calendar, attributionTag = null, token = android.os.BinderProxy@caae772, next = android.content.AttributionSourceState@e3ebe1e } protecting data with platform defined runtime permission android.permission.READ_CALENDAR while not having android.permission.UPDATE_APP_OPS_STATS
05-12 10:00:10.811 621 732 W PermissionManagerService: Datasource AttributionSource { uid = 10023, packageName = com.android.providers.calendar, attributionTag = null, token = android.os.BinderProxy@caae772, next = android.content.AttributionSourceState@1a49b15 } protecting data with platform defined runtime permission android.permission.READ_CALENDAR while not having android.permission.UPDATE_APP_OPS_STATS
05-12 10:00:10.831 621 1846 W ActivityManager: Background started FGS: Disallowed [callingPackage: com.eben.ebenback; callingUid: 10040; uidState: RCVR; intent: Intent { act=android.intent.action.TIME_SET flg=0x1000010 cmp=com.eben.ebenback/.redmind.NotificationService (has extras) }; code:DENIED; tempAllowListReason:; targetSdkVersion:28; callerTargetSdkVersion:28; startForegroundCount:0; bindFromPackage:null]
05-12 10:00:10.832 621 647 I DropBoxManagerService: add tag=system_server_wtf isTagEnabled=true flags=0x2
05-12 10:00:10.844 621 2478 W PermissionManagerService: Datasource AttributionSource { uid = 10023, packageName = com.android.providers.calendar, attributionTag = null, token = android.os.BinderProxy@caae772, next = android.content.AttributionSourceState@28e17cd } protecting data with platform defined runtime permission android.permission.READ_CALENDAR while not having android.permission.UPDATE_APP_OPS_STATS
05-12 10:00:10.849 621 876 W ActivityManager: Foreground service started from background can not have location/camera/microphone access: service com.eben.ebenback/.redmind.NotificationService
05-12 10:00:10.851 621 647 V ActivityManager: Attempted to start a foreground service (com.eben.ebenback/.redmind.NotificationService) with a broken notification (no icon: Notification(channel=eback shortcut=null contentView=null vibrate=null sound=null defaults=0x0 flags=0x40 color=0x00000000 vis=PRIVATE))
05-12 10:00:10.853 621 647 I ActivityManager: Deferring FGS notification in legacy app com.eben.ebenback/u0a40 : Notification(channel=eback shortcut=null contentView=null vibrate=null sound=null defaults=0x0 flags=0x40 color=0x00000000 vis=PRIVATE)
05-12 10:00:10.853 621 2478 W PermissionManagerService: Datasource AttributionSource { uid = 10023, packageName = com.android.providers.calendar, attributionTag = null, token = android.os.BinderProxy@caae772, next = android.content.AttributionSourceState@724eace } protecting data with platform defined runtime permission android.permission.READ_CALENDAR while not having android.permission.UPDATE_APP_OPS_STATS
05-12 10:00:10.858 621 876 W PermissionManagerService: Datasource AttributionSource { uid = 10023, packageName = com.android.providers.calendar, attributionTag = null, token = android.os.BinderProxy@caae772, next = android.content.AttributionSourceState@396edef } protecting data with platform defined runtime permission android.permission.READ_CALENDAR while not having android.permission.UPDATE_APP_OPS_STATS
05-12 10:00:10.880 621 2478 W PermissionManagerService: Datasource AttributionSource { uid = 10023, packageName = com.android.providers.calendar, attributionTag = null, token = android.os.BinderProxy@caae772, next = android.content.AttributionSourceState@99c50fc } protecting data with platform defined runtime permission android.permission.READ_CALENDAR while not having android.permission.UPDATE_APP_OPS_STATS
05-12 10:00:11.001 1306 1306 W ContextImpl: Calling a method in the system process without a qualified user: android.app.ContextImpl.sendBroadcast:1181 android.content.ContextWrapper.sendBroadcast:479 cn.eben.newweather.DateWeatherService.a:19 cn.eben.newweather.DateWeatherService.a:0 cn.eben.newweather.DateWeatherService$1.handleMessage:7
05-12 10:00:11.089 621 1268 E TaskPersister: File error accessing recents directory (directory doesn't exist?).
05-12 10:00:12.002 1306 1306 W ContextImpl: Calling a method in the system process without a qualified user: android.app.ContextImpl.sendBroadcast:1181 android.content.ContextWrapper.sendBroadcast:479 cn.eben.newweather.DateWeatherService.a:19 cn.eben.newweather.DateWeatherService.a:0 cn.eben.newweather.DateWeatherService$1.handleMessage:7
05-12 10:00:13.002 1306 1306 W ContextImpl: Calling a method in the system process without a qualified user: android.app.ContextImpl.sendBroadcast:1181 android.content.ContextWrapper.sendBroadcast:479 cn.eben.newweather.DateWeatherService.a:19 cn.eben.newweather.DateWeatherService.a:0 cn.eben.newweather.DateWeatherService$1.handleMessage:7
05-12 10:00:14.002 1306 1306 W ContextImpl: Calling a method in the system process without a qualified user: android.app.ContextImpl.sendBroadcast:1181 android.content.ContextWrapper.sendBroadcast:479 cn.eben.newweather.DateWeatherService.a:19 cn.eben.newweather.DateWeatherService.a:0 cn.eben.newweather.DateWeatherService$1.handleMessage:7
05-12 10:00:14.516 621 2478 W ContentProviderHelper: Permission Denial: opening provider com.android.providers.contacts.ContactsProvider2 from ProcessRecord{f2a0ab0 1686:cn.eben.sync/u0a63} (pid=1686, uid=10063) requires android.permission.READ_CONTACTS or android.permission.WRITE_CONTACTS
05-12 10:00:15.001 1306 1306 W ContextImpl: Calling a method in the system process without a qualified user: android.app.ContextImpl.sendBroadcast:1181 android.content.ContextWrapper.sendBroadcast:479 cn.eben.newweather.DateWeatherService.a:19 cn.eben.newweather.DateWeatherService.a:0 cn.eben.newweather.DateWeatherService$1.handleMessage:7
05-12 10:00:15.080 621 2478 I ActivityManager: Background started FGS: Allowed [callingPackage: com.android.providers.calendar; callingUid: 10023; uidState: BFGS; intent: Intent { act=com.android.providers.calendar.intent.CalendarProvider2 flg=0x14 cmp=com.android.providers.calendar/.CalendarProviderIntentService (has extras) }; code:ACTIVITY_STARTER; tempAllowListReason:<,reasonCode:SYSTEM_ALLOW_LISTED,duration:9223372036854775807,callingUid:-1>; targetSdkVersion:24; callerTargetSdkVersion:24; startForegroundCount:0; bindFromPackage:null]
05-12 10:00:15.092 621 876 W ProcessStats: Tracking association SourceState{d6c791e system/1000 BTopFgs #4121} whose proc state 2 is better than process ProcessState{f4ae5ff com.android.providers.calendar/10023 pkg=com.android.providers.calendar} proc state 3 (0 skipped)
05-12 10:00:15.093 621 647 V ActivityManager: Attempted to start a foreground service (com.android.providers.calendar/.CalendarProviderIntentService) with a broken notification (no icon: Notification(channel=com.android.providers.calendar shortcut=null contentView=null vibrate=null sound=null defaults=0x0 flags=0x40 color=0x00000000 vis=PRIVATE))
05-12 10:00:15.096 621 647 I ActivityManager: Deferring FGS notification in legacy app com.android.providers.calendar/u0a23 : Notification(channel=com.android.providers.calendar shortcut=null contentView=null vibrate=null sound=null defaults=0x0 flags=0x40 color=0x00000000 vis=PRIVATE)
05-12 10:00:16.001 1306 1306 W ContextImpl: Calling a method in the system process without a qualified user: android.app.ContextImpl.sendBroadcast:1181 android.content.ContextWrapper.sendBroadcast:479 cn.eben.newweather.DateWeatherService.a:19 cn.eben.newweather.DateWeatherService.a:0 cn.eben.newweather.DateWeatherService$1.handleMessage:7
05-12 10:00:17.003 1306 1306 W ContextImpl: Calling a method in the system process without a qualified user: android.app.ContextImpl.sendBroadcast:1181 android.content.ContextWrapper.sendBroadcast:479 cn.eben.newweather.DateWeatherService.a:19 cn.eben.newweather.DateWeatherService.a:0 cn.eben.newweather.DateWeatherService$1.handleMessage:7
05-12 10:00:18.003 1306 1306 W ContextImpl: Calling a method in the system process without a qualified user: android.app.ContextImpl.sendBroadcast:1181 android.content.ContextWrapper.sendBroadcast:479 cn.eben.newweather.DateWeatherService.a:19 cn.eben.newweather.DateWeatherService.a:0 cn.eben.newweather.DateWeatherService$1.handleMessage:7
05-12 10:00:19.003 1306 1306 W ContextImpl: Calling a method in the system process without a qualified user: android.app.ContextImpl.sendBroadcast:1181 android.content.ContextWrapper.sendBroadcast:479 cn.eben.newweather.DateWeatherService.a:19 cn.eben.newweather.DateWeatherService.a:0 cn.eben.newweather.DateWeatherService$1.handleMessage:7
05-12 10:00:19.521 621 2478 W ContentProviderHelper: Permission Denial: opening provider com.android.providers.contacts.ContactsProvider2 from ProcessRecord{f2a0ab0 1686:cn.eben.sync/u0a63} (pid=1686, uid=10063) requires android.permission.READ_CONTACTS or android.permission.WRITE_CONTACTS
05-12 10:00:20.003 1306 1306 W ContextImpl: Calling a method in the system process without a qualified user: android.app.ContextImpl.sendBroadcast:1181 android.content.ContextWrapper.sendBroadcast:479 cn.eben.newweather.DateWeatherService.a:19 cn.eben.newweather.DateWeatherService.a:0 cn.eben.newweather.DateWeatherService$1.handleMessage:7
05-12 10:00:21.003 1306 1306 W ContextImpl: Calling a method in the system process without a qualified user: android.app.ContextImpl.sendBroadcast:1181 android.content.ContextWrapper.sendBroadcast:479 cn.eben.newweather.DateWeatherService.a:19 cn.eben.newweather.DateWeatherService.a:0 cn.eben.newweather.DateWeatherService$1.handleMessage:7
05-12 10:00:22.003 1306 1306 W ContextImpl: Calling a method in the system process without a qualified user: android.app.ContextImpl.sendBroadcast:1181 android.content.ContextWrapper.sendBroadcast:479 cn.eben.newweather.DateWeatherService.a:19 cn.eben.newweather.DateWeatherService.a:0 cn.eben.newweather.DateWeatherService$1.handleMessage:7
05-12 10:00:23.003 1306 1306 W ContextImpl: Calling a method in the system process without a qualified user: android.app.ContextImpl.sendBroadcast:1181 android.content.ContextWrapper.sendBroadcast:479 cn.eben.newweather.DateWeatherService.a:19 cn.eben.newweather.DateWeatherService.a:0 cn.eben.newweather.DateWeatherService$1.handleMessage:7
