05-12 10:33:26.350 462 487 D RIL-DEV :
05-12 10:33:26.351 462 487 D RIL-DEV : [05-12_10:33:26:351] idVendor = 2109
05-12 10:33:26.351 462 487 D RIL-DEV :
05-12 10:33:26.351 462 487 D RIL-DEV : [05-12_10:33:26:351] idVendor = 1d6b
05-12 10:33:26.351 462 487 D RIL-DEV :
05-12 10:33:26.351 462 487 D RIL-DEV : [05-12_10:33:26:352] idVendor = 0bda
05-12 10:33:26.351 462 487 D RIL-DEV :
05-12 10:33:26.352 462 487 D RIL-DEV : [05-12_10:33:26:352] idVendor = 2109
05-12 10:33:26.352 462 487 D RIL-DEV :
05-12 10:33:26.352 462 487 E RIL-DEV : Cannot find Meig devices
05-12 10:33:26.352 462 487 I RIL : ---> can't find meig usb devices
05-12 10:56:14.855 543 543 I : read descriptors
05-12 10:56:14.856 543 543 I : read strings
05-12 10:56:14.859 1 1 I init : processing action (sys.usb.config=adb && sys.usb.configfs=1 && sys.usb.ffs.ready=1) from (/system/etc/init/hw/init.usb.configfs.rc:20)
05-12 10:56:14.861 1 1 I init : Command 'symlink /config/usb_gadget/g1/functions/ffs.adb /config/usb_gadget/g1/configs/b.1/f1' action=sys.usb.config=adb && sys.usb.configfs=1 && sys.usb.ffs.ready=1 (/system/etc/init/hw/init.usb.configfs.rc:22) took 0ms and failed: symlink() failed: File exists
05-12 10:56:14.861 1 1 I init : Command 'write /config/usb_gadget/g1/UDC ${sys.usb.controller}' action=sys.usb.config=adb && sys.usb.configfs=1 && sys.usb.ffs.ready=1 (/system/etc/init/hw/init.usb.configfs.rc:23) took 0ms and failed: Unable to write to file '/config/usb_gadget/g1/UDC': Unable to write file contents: Device or resource busy
05-12 10:33:27.002 1306 1306 W ContextImpl: Calling a method in the system process without a qualified user: android.app.ContextImpl.sendBroadcast:1181 android.content.ContextWrapper.sendBroadcast:479 cn.eben.newweather.DateWeatherService.a:19 cn.eben.newweather.DateWeatherService.a:0 cn.eben.newweather.DateWeatherService$1.handleMessage:7
05-12 10:33:27.085 621 662 I PowerManagerService: Powering off display group due to timeout (groupId= 0, uid= 1000)...
05-12 10:33:27.085 621 662 I PowerManagerService: Going to sleep due to timeout (uid 1000)...
05-12 10:33:27.087 621 662 I power_sleep_requested: 0
05-12 10:33:27.112 621 646 I am_pss : [3520,10086,com.android.remoteprovisioner,7339008,4407296,0,95072256,0,19,15]
05-12 10:33:27.128 621 646 I am_pss : [3423,10019,android.process.media,10775552,7208960,0,108105728,0,19,13]
05-12 10:33:27.179 621 662 V DisplayPowerController[0]: Brightness [0.39640424] reason changing to: 'manual', previous reason: 'manual [ dim ]'.
05-12 10:33:27.179 621 662 I sysui_multi_action: [757,1696,758,6,759,0]
05-12 10:33:27.604 621 662 I DisplayPowerController[0]: Blocking screen off
05-12 10:33:27.604 621 662 I DisplayPowerController[0]: Unblocked screen off after 1 ms
05-12 10:33:27.639 621 662 D ActivityTaskManager: Top Process State changed to PROCESS_STATE_TOP_SLEEPING
05-12 10:56:15.726 439 439 W healthd : battery l=98 v=8274 t=29.0 h=1 st=3 c=-512000 fc=9700000 cc=7 chg=
05-12 10:33:27.641 621 662 I wm_pause_activity: [0,204799600,com.android.launcher3/.dragndrop.AddItemActivity,userLeaving=false,sleep]
05-12 10:33:27.641 1056 1056 I wm_on_top_resumed_lost_called: [204799600,com.android.launcher3.dragndrop.AddItemActivity,topStateChangedWhenResumed]
05-12 10:33:27.646 621 621 I battery_saving_stats: [0,1,0,105654,0,1,3253150,0,2]
05-12 10:33:27.646 621 662 I wm_add_to_stopping: [0,130231021,com.eben.browser/.MainActivity,makeInvisible]
05-12 10:56:15.738 447 447 I gsensor_mxc6655 5-0015: set sensor poll time to 200ms
05-12 10:33:27.662 621 662 V DisplayPowerController[0]: Brightness [0.003937008] reason changing to: 'screen_off', previous reason: 'manual'.
05-12 10:33:27.663 621 641 I wm_add_to_stopping: [0,204799600,com.android.launcher3/.dragndrop.AddItemActivity,makeInvisible]
05-12 10:33:27.663 621 641 I wm_stop_activity: [0,130231021,com.eben.browser/.MainActivity]
05-12 10:33:27.669 621 641 I DisplayDeviceRepository: Display device changed state: "内置屏幕", OFF
05-12 10:33:27.671 1056 1056 I wm_on_paused_called: [204799600,com.android.launcher3.dragndrop.AddItemActivity,performPause]
05-12 10:33:27.678 978 978 D RILJ : [0076]> SEND_DEVICE_STATE 2:true [PHONE0]
05-12 10:33:27.678 462 462 D RILC : sendDeviceState: calling screen state 0
05-12 10:33:27.678 462 462 D RIL : onRequest number : 61
05-12 10:33:27.678 462 462 D RIL : onRequest: SCREEN_STATE
05-12 10:33:27.678 462 462 D RIL : onRequest in unavalable state
05-12 10:33:27.679 621 641 I wm_stop_activity: [0,204799600,com.android.launcher3/.dragndrop.AddItemActivity]
05-12 10:33:27.679 978 1126 D RILJ : [0076]< SEND_DEVICE_STATE error 1 [PHONE0]
05-12 10:33:27.679 978 1126 D RilRequest: [0076]< SEND_DEVICE_STATE error: com.android.internal.telephony.CommandException: RADIO_NOT_AVAILABLE ret= result=null
05-12 10:33:27.679 621 641 I sysui_multi_action: [757,803,799,window_time_0,802,60]
05-12 10:33:27.679 978 978 D RILJ : [0077]> SET_UNSOLICITED_RESPONSE_FILTER 32 [PHONE0]
05-12 10:33:27.679 978 1126 D RILJ : [0077]< SET_UNSOLICITED_RESPONSE_FILTER error 6 [PHONE0]
05-12 10:33:27.680 978 1126 D RilRequest: [0077]< SET_UNSOLICITED_RESPONSE_FILTER error: com.android.internal.telephony.CommandException: REQUEST_NOT_SUPPORTED ret= result=null
05-12 10:33:27.680 978 978 E RILJ : setSignalStrengthReportingCriteria ignored on IRadio version less than 1.2 [PHONE0]
05-12 10:33:27.680 978 978 E RILJ : setSignalStrengthReportingCriteria ignored on IRadio version less than 1.2 [PHONE0]
05-12 10:33:27.680 978 978 E RILJ : setSignalStrengthReportingCriteria ignored on IRadio version less than 1.2 [PHONE0]
05-12 10:33:27.680 978 978 D NetworkTypeController: [0] LegacyState: process EVENT_PHYSICAL_CHANNEL_CONFIG_NOTIF_CHANGED
05-12 10:33:27.680 978 978 D NetworkTypeController: [0] Remove all timers
05-12 10:33:27.680 978 978 D NetworkTypeController: [0] DefaultState: process EVENT_PHYSICAL_CHANNEL_CONFIG_NOTIF_CHANGED
05-12 10:33:27.680 978 978 D NetworkTypeController: [0] mIsPhysicalChannelConfigOn changed to: false
05-12 10:33:27.680 978 978 D NetworkTypeController: [0] Remove all timers
05-12 10:33:27.705 1056 1056 I wm_on_stop_called: [204799600,com.android.launcher3.dragndrop.AddItemActivity,STOP_ACTIVITY_ITEM]
05-12 10:33:27.717 3101 3101 I wm_on_stop_called: [130231021,com.eben.browser.MainActivity,STOP_ACTIVITY_ITEM]
05-12 10:56:15.908 543 543 I : read descriptors
05-12 10:56:15.908 543 543 I : read strings
05-12 10:56:15.909 1 1 I init : processing action (sys.usb.config=adb && sys.usb.configfs=1 && sys.usb.ffs.ready=1) from (/system/etc/init/hw/init.usb.configfs.rc:20)
05-12 10:56:15.911 1 1 I init : Command 'symlink /config/usb_gadget/g1/functions/ffs.adb /config/usb_gadget/g1/configs/b.1/f1' action=sys.usb.config=adb && sys.usb.configfs=1 && sys.usb.ffs.ready=1 (/system/etc/init/hw/init.usb.configfs.rc:22) took 0ms and failed: symlink() failed: File exists
05-12 10:56:15.911 1 1 I init : Command 'write /config/usb_gadget/g1/UDC ${sys.usb.controller}' action=sys.usb.config=adb && sys.usb.configfs=1 && sys.usb.ffs.ready=1 (/system/etc/init/hw/init.usb.configfs.rc:23) took 0ms and failed: Unable to write to file '/config/usb_gadget/g1/UDC': Unable to write file contents: Device or resource busy
05-12 10:33:28.002 1306 1306 W ContextImpl: Calling a method in the system process without a qualified user: android.app.ContextImpl.sendBroadcast:1181 android.content.ContextWrapper.sendBroadcast:479 cn.eben.newweather.DateWeatherService.a:19 cn.eben.newweather.DateWeatherService.a:0 cn.eben.newweather.DateWeatherService$1.handleMessage:7
05-12 10:56:16.101 352 352 I rockchip-vop2 fdd90000.vop: [drm:vop2_crtc_atomic_disable] Crtc atomic disable vp2
05-12 10:56:16.115 352 352 E rockchip-vop2 fdd90000.vop: [drm:vop2_crtc_atomic_disable] *ERROR* unexpected power on pd7
05-12 10:33:28.032 621 662 I PowerManagerService: Sleeping display group (groupId=0, uid=1000)...
05-12 10:33:28.032 621 662 I PowerManagerService: Sleeping (uid 1000)...
05-12 10:33:28.035 621 703 I input_focus: [Focus leaving 2542921 com.android.launcher3/com.android.launcher3.dragndrop.AddItemActivity (server),reason=NO_WINDOW]
05-12 10:33:28.035 621 621 I sysui_multi_action: [757,198,758,2,759,3,1359,949,1695,2]
05-12 10:33:28.035 621 621 I power_screen_state: [0,3,0,0,949]
05-12 10:33:28.035 621 621 I screen_toggled: 0
05-12 10:33:28.035 621 621 I sysui_multi_action: [757,804,799,screen_timeout,801,60,802,1]
05-12 10:33:28.036 621 621 I sysui_multi_action: [757,1594,758,4,759,-2147483648,1359,105480]
05-12 10:33:28.036 621 621 I power_screen_broadcast_send: 1
05-12 10:33:28.054 621 621 I device_idle: [1,no activity]
05-12 10:33:28.055 621 621 I device_idle_light: [1,no activity]
05-12 10:33:28.059 978 978 D DCT-C-0 : screen off
05-12 10:33:28.059 978 978 D DCT-C-0 : stopNetStatPoll
05-12 10:33:28.067 621 1125 W ActivityManager: Ignoring request to force stop protected package u0
05-12 10:33:28.080 621 621 I power_screen_broadcast_done: [0,45,1]
05-12 10:56:16.266 2336 2336 I PM : suspend entry (deep)
05-12 10:56:16.291 2336 2336 I Filesystems sync: 0.025 seconds
05-12 10:56:16.291 2336 2336 I : Freezing user space processes ... (elapsed 0.002 seconds) done.
05-12 10:56:16.294 2336 2336 I : OOM killer disabled.
05-12 10:33:35.091 462 487 I RIL : ---> enter mainloop wait at port
05-12 10:33:35.091 462 487 D RIL-DEV : Get modem info
05-12 10:33:35.094 1306 1306 W ContextImpl: Calling a method in the system process without a qualified user: android.app.ContextImpl.sendBroadcast:1181 android.content.ContextWrapper.sendBroadcast:479 cn.eben.newweather.DateWeatherService.a:19 cn.eben.newweather.DateWeatherService.a:0 cn.eben.newweather.DateWeatherService$1.handleMessage:7
05-12 10:33:35.096 621 621 W Looper : Slow delivery took 6458ms main h=android.os.Handler c=com.android.internal.os.BinderCallsStats$1@12efbec m=0
05-12 10:33:35.097 462 487 D RIL-DEV : [05-12_10:33:35:097] idVendor = 0bda
05-12 10:33:35.097 462 487 D RIL-DEV :
05-12 10:33:35.097 462 487 D RIL-DEV : [05-12_10:33:35:097] idVendor = 05e3
05-12 10:33:35.097 462 487 D RIL-DEV :
05-12 10:33:35.097 462 487 D RIL-DEV : [05-12_10:33:35:097] idVendor = 1d6b
05-12 10:33:35.097 462 487 D RIL-DEV :
05-12 10:33:35.097 462 487 D RIL-DEV : [05-12_10:33:35:098] idVendor = 1d6b
05-12 10:33:35.097 462 487 D RIL-DEV :
05-12 10:33:35.097 462 487 D RIL-DEV : [05-12_10:33:35:098] idVendor = 0bda
05-12 10:33:35.097 462 487 D RIL-DEV :
05-12 10:33:35.097 462 487 D RIL-DEV : [05-12_10:33:35:098] idVendor = 1d6b
05-12 10:33:35.097 462 487 D RIL-DEV :
05-12 10:33:35.097 462 487 D RIL-DEV : [05-12_10:33:35:098] idVendor = 2109
05-12 10:33:35.097 462 487 D RIL-DEV :
05-12 10:33:35.097 462 487 D RIL-DEV : [05-12_10:33:35:098] idVendor = 2109
05-12 10:33:35.097 462 487 D RIL-DEV :
05-12 10:33:35.098 462 487 D RIL-DEV : [05-12_10:33:35:098] idVendor = 1d6b
05-12 10:33:35.098 462 487 D RIL-DEV :
05-12 10:33:35.098 462 487 D RIL-DEV : [05-12_10:33:35:098] idVendor = 0bda
05-12 10:33:35.098 462 487 D RIL-DEV :
05-12 10:33:35.098 462 487 D RIL-DEV : [05-12_10:33:35:098] idVendor = 2109
05-12 10:33:35.098 462 487 D RIL-DEV :
05-12 10:33:35.098 462 487 E RIL-DEV : Cannot find Meig devices
05-12 10:33:35.098 462 487 I RIL : ---> can't find meig usb devices
05-12 10:33:35.098 621 704 I sysui_multi_action: [757,804,799,power_consecutive_short_tap_count,801,1,802,1]
05-12 10:33:35.098 621 704 I sysui_multi_action: [757,804,799,power_double_tap_interval,801,107892,802,1]
05-12 10:33:35.098 621 704 I intercept_power: [ACTION_DOWN,0,0]
05-12 10:33:35.098 621 621 W Looper : Drained
05-12 10:33:35.099 621 704 I PowerManagerService: Powering on display group fromAsleep (groupId=0, uid=1000, reason=WAKE_REASON_POWER_BUTTON, details=android.policy:POWER)...
05-12 10:33:35.100 621 704 I PowerManagerService: Waking up from Asleep (uid=1000, reason=WAKE_REASON_POWER_BUTTON, details=android.policy:POWER)...
05-12 10:56:16.294 2336 2336 I : Freezing remaining freezable tasks ... (elapsed 0.141 seconds) done.
05-12 10:56:16.436 2336 2336 I printk : Suspending console(s) (use no_console_suspend to debug)
05-12 10:56:16.521 2336 2336 E regulator-dummy: Underflow of regulator enable count
05-12 10:56:16.521 2336 2336 E wacom_i2c 4-0009: disable regulator failed -22
05-12 10:56:16.766 2336 2336 I : Disabling non-boot CPUs ...
05-12 10:56:16.767 2336 2336 I psci : CPU1 killed (polled 0 ms)
05-12 10:56:16.769 2336 2336 I psci : CPU2 killed (polled 0 ms)
05-12 10:56:16.771 2336 2336 I psci : CPU3 killed (polled 4 ms)
05-12 10:56:16.773 2336 2336 I psci : CPU4 killed (polled 0 ms)
05-12 10:56:16.775 2336 2336 I psci : CPU5 killed (polled 0 ms)
05-12 10:56:16.777 2336 2336 I psci : CPU6 killed (polled 0 ms)
05-12 10:56:16.779 2336 2336 I psci : CPU7 killed (polled 0 ms)
05-12 10:56:16.992 0 0 W [ C0] PM: pm_system_irq_wakeup: 121 triggered husb311
05-12 10:56:16.993 2336 2336 I : Enabling non-boot CPUs ...
05-12 10:56:16.994 0 0 I : Detected VIPT I-cache on CPU1
05-12 10:56:16.994 0 0 I GICv3 : CPU1: found redistributor 100 region 0:0x00000000fe6a0000
05-12 10:56:16.994 0 0 I CPU1 : Booted secondary processor 0x0000000100 [0x412fd050]
05-12 10:56:16.994 2336 2336 I : CPU1 is up
05-12 10:56:16.995 0 0 I : Detected VIPT I-cache on CPU2
05-12 10:56:16.995 0 0 I GICv3 : CPU2: found redistributor 200 region 0:0x00000000fe6c0000
05-12 10:56:16.995 0 0 I CPU2 : Booted secondary processor 0x0000000200 [0x412fd050]
05-12 10:56:16.996 2336 2336 I : CPU2 is up
05-12 10:56:16.997 0 0 I : Detected VIPT I-cache on CPU3
05-12 10:56:16.997 0 0 I GICv3 : CPU3: found redistributor 300 region 0:0x00000000fe6e0000
05-12 10:56:16.997 0 0 I CPU3 : Booted secondary processor 0x0000000300 [0x412fd050]
05-12 10:56:16.997 2336 2336 I : CPU3 is up
05-12 10:56:16.998 0 0 I : Detected PIPT I-cache on CPU4
05-12 10:56:16.998 0 0 I GICv3 : CPU4: found redistributor 400 region 0:0x00000000fe700000
05-12 10:56:16.998 0 0 I CPU4 : Booted secondary processor 0x0000000400 [0x414fd0b0]
05-12 10:56:16.999 2336 2336 I : CPU4 is up
05-12 10:56:17.000 0 0 I : Detected PIPT I-cache on CPU5
05-12 10:56:17.000 0 0 I GICv3 : CPU5: found redistributor 500 region 0:0x00000000fe720000
05-12 10:33:35.102 621 704 I intercept_power: [ACTION_UP,0,0]
05-12 10:56:17.000 0 0 I CPU5 : Booted secondary processor 0x0000000500 [0x414fd0b0]
05-12 10:33:35.102 621 662 I DisplayPowerController[0]: Blocking screen on until initial contents have been drawn.
05-12 10:33:35.102 621 704 I sysui_multi_action: [757,804,799,power_consecutive_short_tap_count,801,1,802,1]
05-12 10:33:35.102 621 662 D ActivityTaskManager: Top Process State changed to PROCESS_STATE_TOP
05-12 10:33:35.102 621 704 I sysui_multi_action: [757,804,799,power_double_tap_interval,801,2604,802,1]
05-12 10:33:35.102 621 704 I intercept_power: [ACTION_DOWN,0,0]
05-12 10:56:17.001 2336 2336 I : CPU5 is up
05-12 10:56:17.002 0 0 I : Detected PIPT I-cache on CPU6
05-12 10:56:17.002 0 0 I GICv3 : CPU6: found redistributor 600 region 0:0x00000000fe740000
05-12 10:56:17.002 0 0 I CPU6 : Booted secondary processor 0x0000000600 [0x414fd0b0]
05-12 10:56:17.003 2336 2336 I : CPU6 is up
05-12 10:56:17.004 0 0 I : Detected PIPT I-cache on CPU7
05-12 10:56:17.004 0 0 I GICv3 : CPU7: found redistributor 700 region 0:0x00000000fe760000
05-12 10:56:17.004 0 0 I CPU7 : Booted secondary processor 0x0000000700 [0x414fd0b0]
05-12 10:56:17.005 2336 2336 I : CPU7 is up
05-12 10:56:17.013 2336 2336 I rk_gmac-dwmac fe1c0000.ethernet: init for RGMII
05-12 10:56:17.013 3887 3887 I usb1 : root hub lost power or was reset
05-12 10:56:17.020 3323 3323 I usb3 : root hub lost power or was reset
05-12 10:56:17.020 3323 3323 I usb4 : root hub lost power or was reset
05-12 10:56:17.021 2336 2336 E PM : dpm_run_callback(): wacom_i2c_resume+0x0/0xdc returns -6
05-12 10:56:17.021 2336 2336 E PM : Device 4-0009 failed to resume: error -6
05-12 10:56:17.084 2336 2336 I usb2 : root hub lost power or was reset
05-12 10:56:18.698 227 227 W typec port0-partner.0: parent port0-partner should not be sleeping
05-12 10:56:19.617 3879 3879 I usb 3-1 : reset high-speed USB device number 2 using xhci-hcd
05-12 10:56:19.892 3327 3327 I usb 4-1 : reset SuperSpeed Gen 1 USB device number 2 using xhci-hcd
05-12 10:56:20.524 3897 3897 I usb 3-1.3: reset high-speed USB device number 3 using xhci-hcd
05-12 10:56:20.744 3880 3880 I usb 4-1.1: reset SuperSpeed Gen 1 USB device number 3 using xhci-hcd
05-12 10:56:20.838 3878 3878 I usb 4-1.3: reset SuperSpeed Gen 1 USB device number 4 using xhci-hcd
05-12 10:56:23.170 2336 2336 I : OOM killer enabled.
05-12 10:33:35.104 320 320 I auditd : type=1400 audit(0.0:715): avc: denied { read } for comm="Binder:320_2" name="wakeup4" dev="sysfs" ino=24387 scontext=u:r:system_suspend:s0 tcontext=u:object_r:sysfs:s0 tclass=dir permissive=1
05-12 10:33:35.104 621 662 I wm_set_resumed_activity: [0,com.android.launcher3/.dragndrop.AddItemActivity,resumeTopActivity]
05-12 10:33:35.105 621 704 I intercept_power: [ACTION_UP,0,0]
05-12 10:33:35.106 621 704 I sysui_multi_action: [757,804,799,power_consecutive_short_tap_count,801,1,802,1]
05-12 10:33:35.106 621 704 I sysui_multi_action: [757,804,799,power_double_tap_interval,801,2445,802,1]
05-12 10:33:35.106 621 704 I intercept_power: [ACTION_DOWN,0,0]
05-12 10:33:35.106 621 621 I screen_toggled: 1
05-12 10:33:35.111 621 662 I wm_resume_activity: [0,204799600,10778,com.android.launcher3/.dragndrop.AddItemActivity]
05-12 10:33:35.113 621 662 V DisplayPowerController[0]: Brightness [0.39640424] reason changing to: 'manual', previous reason: 'screen_off'.
05-12 10:33:35.113 621 662 I sysui_multi_action: [757,1696,758,6,759,3]
05-12 10:33:35.104 320 320 I auditd : type=1400 audit(0.0:716): avc: denied { open } for comm="Binder:320_2" path="/sys/devices/platform/fdba8000.jpege-core/wakeup/wakeup4" dev="sysfs" ino=24387 scontext=u:r:system_suspend:s0 tcontext=u:object_r:sysfs:s0 tclass=dir permissive=1
05-12 10:56:23.170 2336 2336 I : Restarting tasks ...
05-12 10:56:23.181 2922 2922 I usb 4-1.4: USB disconnect, device number 5
05-12 10:56:23.184 2336 2336 W : done.
05-12 10:56:23.184 2336 2336 I : Resume caused by IRQ 121, husb311
05-12 10:56:23.184 2336 2336 I PM : suspend exit
05-12 10:56:23.184 3320 3320 I : mmc_host mmc0: Bus speed (slot 0) = 400000Hz (slot req 400000Hz, actual 400000HZ div = 0)
05-12 10:33:35.116 621 621 I power_screen_broadcast_send: 1
05-12 10:33:35.117 621 621 I WindowManager: Suppressed redundant power key press while already in the process of turning the screen on.
05-12 10:33:35.121 621 1125 I wm_set_keyguard_shown: [1,0,0,setKeyguardShown]
05-12 10:33:35.121 621 1125 D ActivityTaskManager: Top Process State changed to PROCESS_STATE_TOP_SLEEPING
05-12 10:33:35.121 621 1125 I wm_pause_activity: [0,204799600,com.android.launcher3/.dragndrop.AddItemActivity,userLeaving=false,sleep]
05-12 10:33:35.124 621 1125 I wm_add_to_stopping: [0,130231021,com.eben.browser/.MainActivity,makeInvisible]
05-12 10:33:35.124 320 320 I auditd : type=1400 audit(0.0:717): avc: denied { read } for comm="Binder:320_2" name="wakeup25" dev="sysfs" ino=42260 scontext=u:r:system_suspend:s0 tcontext=u:object_r:power_supply_tcpm:s0 tclass=dir permissive=1
05-12 10:33:35.124 320 320 I auditd : type=1400 audit(0.0:718): avc: denied { open } for comm="Binder:320_2" path="/sys/devices/platform/feaa0000.i2c/i2c-2/2-004e/power_supply/tcpm-source-psy-2-004e/wakeup25" dev="sysfs" ino=42260 scontext=u:r:system_suspend:s0 tcontext=u:object_r:power_supply_tcpm:s0 tclass=dir permissive=1
05-12 10:33:35.126 418 465 D NetlinkEvent: Unknown ifindex 9 in RTM_DELADDR
05-12 10:33:35.126 621 1125 I wm_add_to_stopping: [0,204799600,com.android.launcher3/.dragndrop.AddItemActivity,makeInvisible]
05-12 10:33:35.127 621 641 I DisplayDeviceRepository: Display device changed state: "内置屏幕", ON
05-12 10:33:35.130 1056 1056 I wm_on_restart_called: [204799600,com.android.launcher3.dragndrop.AddItemActivity,performRestartActivity]
05-12 10:33:35.130 1056 1056 I wm_on_start_called: [204799600,com.android.launcher3.dragndrop.AddItemActivity,handleStartActivity]
05-12 10:33:35.131 1056 1056 I wm_on_resume_called: [204799600,com.android.launcher3.dragndrop.AddItemActivity,RESUME_ACTIVITY]
05-12 10:33:35.131 1056 1056 I wm_on_top_resumed_gained_called: [204799600,com.android.launcher3.dragndrop.AddItemActivity,topWhenResuming]
05-12 10:33:35.131 1056 1056 I wm_on_top_resumed_lost_called: [204799600,com.android.launcher3.dragndrop.AddItemActivity,topStateChangedWhenResumed]
05-12 10:56:23.215 447 447 I gsensor_mxc6655 5-0015: set sensor poll time to 200ms
05-12 10:56:23.217 447 447 I gsensor_mxc6655 5-0015: sensor on: starting poll sensor data 196ms
05-12 10:33:35.132 621 641 I wm_stop_activity: [0,130231021,com.eben.browser/.MainActivity]
05-12 10:33:35.133 3101 3101 I wm_on_restart_called: [130231021,com.eben.browser.MainActivity,performRestartActivity]
05-12 10:33:35.134 3101 3101 I wm_on_start_called: [130231021,com.eben.browser.MainActivity,handleStartActivity]
05-12 10:33:35.135 1056 1056 I wm_on_paused_called: [204799600,com.android.launcher3.dragndrop.AddItemActivity,performPause]
05-12 10:33:35.140 621 641 I wm_stop_activity: [0,204799600,com.android.launcher3/.dragndrop.AddItemActivity]
05-12 10:33:35.141 621 641 I sysui_multi_action: [757,803,799,window_time_0,802,7]
05-12 10:33:35.145 978 978 D RILJ : [0078]> SEND_DEVICE_STATE 2:false [PHONE0]
05-12 10:33:35.146 462 462 D RILC : sendDeviceState: calling screen state 1
05-12 10:33:35.146 462 462 D RIL : onRequest number : 61
05-12 10:33:35.146 462 462 D RIL : onRequest: SCREEN_STATE
05-12 10:33:35.146 462 462 D RIL : onRequest in unavalable state
05-12 10:33:35.146 1056 1056 I wm_on_stop_called: [204799600,com.android.launcher3.dragndrop.AddItemActivity,STOP_ACTIVITY_ITEM]
05-12 10:33:35.146 978 1126 D RILJ : [0078]< SEND_DEVICE_STATE error 1 [PHONE0]
05-12 10:33:35.146 978 1126 D RilRequest: [0078]< SEND_DEVICE_STATE error: com.android.internal.telephony.CommandException: RADIO_NOT_AVAILABLE ret= result=null
05-12 10:33:35.147 978 978 D RILJ : [0079]> SET_UNSOLICITED_RESPONSE_FILTER 127 [PHONE0]
05-12 10:33:35.147 978 1126 D RILJ : [0079]< SET_UNSOLICITED_RESPONSE_FILTER error 6 [PHONE0]
05-12 10:33:35.147 978 1126 D RilRequest: [0079]< SET_UNSOLICITED_RESPONSE_FILTER error: com.android.internal.telephony.CommandException: REQUEST_NOT_SUPPORTED ret= result=null
05-12 10:33:35.148 978 978 E RILJ : setSignalStrengthReportingCriteria ignored on IRadio version less than 1.2 [PHONE0]
05-12 10:56:23.231 352 352 W : <<-GTP-ERROR->> I2C Read: 0x8047, 1 bytes failed, errcode: -6! Process reset.
05-12 10:56:23.444 439 439 W healthd : battery l=98 v=8330 t=29.0 h=1 st=3 c=0 fc=9700000 cc=7 chg=
05-12 10:33:35.148 978 978 E RILJ : setSignalStrengthReportingCriteria ignored on IRadio version less than 1.2 [PHONE0]
05-12 10:33:35.148 978 978 E RILJ : setSignalStrengthReportingCriteria ignored on IRadio version less than 1.2 [PHONE0]
05-12 10:33:35.148 978 978 D NetworkTypeController: [0] LegacyState: process EVENT_PHYSICAL_CHANNEL_CONFIG_NOTIF_CHANGED
05-12 10:33:35.148 978 978 D NetworkTypeController: [0] Remove all timers
05-12 10:33:35.149 978 978 D NetworkTypeController: [0] DefaultState: process EVENT_PHYSICAL_CHANNEL_CONFIG_NOTIF_CHANGED
05-12 10:33:35.149 978 978 D NetworkTypeController: [0] mIsPhysicalChannelConfigOn changed to: true
05-12 10:33:35.150 775 775 I sysui_multi_action: [757,111,758,1]
05-12 10:33:35.150 775 775 I sysui_multi_action: [757,0,758,1,759,0,927,0,1593,0]
05-12 10:33:35.150 775 775 I sysui_multi_action: [757,123,758,1,759,123,927,1,928,1,1593,0]
05-12 10:33:35.150 775 775 I sysui_multi_action: [757,261,758,1,759,261,927,2,928,0,1593,0]
05-12 10:33:35.151 775 775 I sysui_multi_action: [757,0,758,1,759,0,927,3,1593,0]
05-12 10:33:35.151 775 775 I sysui_multi_action: [757,0,758,1,759,0,927,4,928,0,1593,0]
05-12 10:33:35.151 3101 3101 I wm_on_stop_called: [130231021,com.eben.browser.MainActivity,STOP_ACTIVITY_ITEM]
05-12 10:33:35.151 775 775 I sysui_multi_action: [757,1800,758,1,759,1800,927,5,928,0,1593,0]
05-12 10:33:35.166 621 646 W UsageStatsService: Unexpected activity event reported! (com.eben.browser/com.eben.browser.MainActivity event : 23 instanceId : 208907096)
05-12 10:33:35.167 775 775 I sysui_multi_action: [757,196,758,1,759,0]
05-12 10:33:35.168 775 775 I sysui_status_bar_state: [1,1,0,0,0,1]
05-12 10:56:23.468 447 447 I gsensor_mxc6655 5-0015: set sensor poll time to 66ms
05-12 10:33:35.173 621 662 I DisplayPowerController[0]: Unblocked screen on after 70 ms
05-12 10:33:35.180 621 641 I user_activity_timeout_override: 10000
05-12 10:33:35.181 621 642 I input_focus: [Focus request 8c17c23 NotificationShade,reason=UpdateInputWindows]
05-12 10:33:35.217 621 774 D UsbHostManager: Removed device at /dev/bus/usb/004/005: USB 10/100/1000 LAN
05-12 10:33:35.218 621 774 I UsbAlsaManager: USB Audio Device Removed: null
05-12 10:33:35.221 621 636 I sysui_multi_action: [757,127,758,1]
05-12 10:33:35.221 621 636 I sysui_multi_action: [757,804,799,note_load,801,2,802,1]
05-12 10:33:35.221 621 636 I notification_panel_revealed: 2
05-12 10:33:35.224 621 700 I sysui_multi_action: [757,128,758,1,793,4711723,794,0,795,4711723,796,55,798,1,806,android,857,DEVELOPER,858,2,947,0,1395,2,1500,113207,1688,1]
05-12 10:33:35.224 621 700 I sysui_multi_action: [757,1501,758,1,793,4711723,794,0,795,4711723,796,55,806,android,857,DEVELOPER,858,2,947,0,1500,0,1688,1]
05-12 10:33:35.225 621 700 I sysui_multi_action: [757,804,799,note_interruptive,801,0,802,1]
05-12 10:33:35.225 621 700 I sysui_multi_action: [757,804,799,note_freshness,801,4711723,802,1]
05-12 10:33:35.225 621 700 I notification_visibility: [-1|android|55|null|1000,1,4711723,4711723,0,1]
05-12 10:33:35.225 621 700 I sysui_multi_action: [757,128,758,1,793,4695690,794,0,795,4695690,796,1009,798,0,806,cn.eben.sync,857,CloudService,858,2,947,0,1395,2,1500,113207,1688,1]
05-12 10:33:35.226 621 700 I sysui_multi_action: [757,1501,758,1,793,4695691,794,1,795,4695691,796,1009,806,cn.eben.sync,857,CloudService,858,2,947,0,1500,0,1688,1]
05-12 10:33:35.226 621 700 I sysui_multi_action: [757,804,799,note_interruptive,801,0,802,1]
05-12 10:33:35.226 621 700 I sysui_multi_action: [757,804,799,note_freshness,801,4695690,802,1]
05-12 10:33:35.226 621 700 I notification_visibility: [0|cn.eben.sync|1009|null|10063,1,4695690,4695690,0,0]
05-12 10:33:35.238 621 725 I netstats_mobile_sample: [0,0,0,0,0,0,0,0,0,0,0,0,1747017215239]
05-12 10:33:35.238 621 725 I netstats_wifi_sample: [0,0,0,0,0,0,0,0,0,0,0,0,1747017215239]
05-12 10:56:23.542 352 352 W : <<-GTP-ERROR->> GTP i2c test failed time 1.
05-12 10:33:35.245 621 725 W ContextImpl: Calling a method in the system process without a qualified user: android.app.ContextImpl.sendStickyBroadcast:1567 com.android.server.ConnectivityService.sendStickyBroadcast:2811 com.android.server.ConnectivityService.sendLegacyNetworkBroadcast:8732 com.android.server.ConnectivityService$LegacyTypeTracker.remove:1007 com.android.server.ConnectivityService$LegacyTypeTracker.remove:1024
05-12 10:33:35.246 978 978 D TelephonyNetworkFactory[0]: onNeedNetworkFor NetworkRequest [ REQUEST id=1, [ Capabilities: INTERNET&NOT_RESTRICTED&TRUSTED&NOT_VPN&NOT_VCN_MANAGED RequestorUid: 1000 RequestorPkg: android] ] shouldApply false
05-12 10:33:35.247 978 978 D TelephonyNetworkFactory[0]: onNeedNetworkFor NetworkRequest [ REQUEST id=7, [ Capabilities: INTERNET&NOT_RESTRICTED&TRUSTED&NOT_VCN_MANAGED Uid: 1000 RequestorUid: 1000 RequestorPkg: android] ] shouldApply false
05-12 10:33:35.247 621 647 W BroadcastQueue: Target SDK mismatch: receiver ActivityInfo{654a66f com.xiaomi.push.service.receivers.NetworkStatusReceiver} targets 26 but delivery restricted to [0, 23] broadcasting Intent { act=android.net.conn.CONNECTIVITY_CHANGE flg=0x4200010 (has extras) } from android (pid=621, uid=1000) to com.zhangyue.read.iReader/com.xiaomi.push.service.receivers.NetworkStatusReceiver
05-12 10:33:35.247 621 647 W BroadcastQueue: Target SDK mismatch: receiver ActivityInfo{59adf7c cn.eben.help.LoadAllReceiver} targets 28 but delivery restricted to [0, 23] broadcasting Intent { act=android.net.conn.CONNECTIVITY_CHANGE flg=0x4200010 (has extras) } from android (pid=621, uid=1000) to cn.eben.help/.LoadAllReceiver
05-12 10:33:35.248 621 647 W BroadcastQueue: Target SDK mismatch: receiver ActivityInfo{8f12005 cn.eben.android.receiver.AppSyncReceiver} targets 27 but delivery restricted to [0, 23] broadcasting Intent { act=android.net.conn.CONNECTIVITY_CHANGE flg=0x4200010 (has extras) } from android (pid=621, uid=1000) to cn.eben.sync/cn.eben.android.receiver.AppSyncReceiver
05-12 10:33:35.248 978 978 D TelephonyNetworkFactory[0]: onNeedNetworkFor NetworkRequest [ REQUEST id=15, [ Capabilities: INTERNET&NOT_RESTRICTED&TRUSTED&NOT_VCN_MANAGED Uid: 1000 RequestorUid: 1000 RequestorPkg: android] ] shouldApply false
05-12 10:33:35.248 978 978 D TelephonyNetworkFactory[0]: onNeedNetworkFor NetworkRequest [ REQUEST id=18, [ Capabilities: INTERNET&NOT_RESTRICTED&TRUSTED&NOT_VCN_MANAGED Uid: 10089 RequestorUid: 10089 RequestorPkg: com.android.systemui] ] shouldApply false
05-12 10:33:35.248 978 978 D TelephonyNetworkFactory[0]: onNeedNetworkFor NetworkRequest [ REQUEST id=20, [ Capabilities: INTERNET&NOT_RESTRICTED&TRUSTED&NOT_VCN_MANAGED Uid: 10089 RequestorUid: 10089 RequestorPkg: com.android.systemui] ] shouldApply false
05-12 10:33:35.249 978 978 D TelephonyNetworkFactory[0]: onNeedNetworkFor NetworkRequest [ REQUEST id=23, [ Capabilities: INTERNET&NOT_RESTRICTED&TRUSTED&NOT_VCN_MANAGED Uid: 1000 RequestorUid: 1000 RequestorPkg: com.android.networkstack.inprocess] ] shouldApply false
05-12 10:33:35.249 978 978 D TelephonyNetworkFactory[0]: onNeedNetworkFor NetworkRequest [ REQUEST id=28, [ Capabilities: INTERNET&NOT_RESTRICTED&TRUSTED&NOT_VCN_MANAGED Uid: 1001 RequestorUid: 1001 RequestorPkg: com.android.phone] ] shouldApply false
05-12 10:33:35.249 978 978 D TelephonyNetworkFactory[0]: onNeedNetworkFor NetworkRequest [ REQUEST id=32, [ Capabilities: INTERNET&NOT_RESTRICTED&TRUSTED&NOT_VCN_MANAGED Uid: 1000 RequestorUid: 1000 RequestorPkg: android] ] shouldApply false
05-12 10:33:35.250 978 978 D TelephonyNetworkFactory[0]: onNeedNetworkFor NetworkRequest [ REQUEST id=36, [ Capabilities: INTERNET&NOT_RESTRICTED&TRUSTED&NOT_VCN_MANAGED Uid: 10086 RequestorUid: 1000 RequestorPkg: android] ] shouldApply false
05-12 10:33:35.250 978 978 D TelephonyNetworkFactory[0]: onNeedNetworkFor NetworkRequest [ REQUEST id=38, [ Capabilities: INTERNET&NOT_RESTRICTED&TRUSTED&NOT_VCN_MANAGED Uid: 10021 RequestorUid: 1000 RequestorPkg: android] ] shouldApply false
05-12 10:33:35.250 978 978 D TelephonyNetworkFactory[0]: onNeedNetworkFor NetworkRequest [ REQUEST id=71, [ Capabilities: INTERNET&NOT_RESTRICTED&TRUSTED&NOT_VCN_MANAGED Uid: 10081 RequestorUid: 1000 RequestorPkg: android] ] shouldApply false
05-12 10:33:35.255 3472 3472 W ContextImpl: Calling a method in the system process without a qualified user: android.app.ContextImpl.startService:1824 android.content.ContextWrapper.startService:774 android.content.ContextWrapper.startService:774 com.ebensz.appmanager.service.UploadMyAppsInfoService.startUploadMyAppsInfoService:78 com.ebensz.appmanager.receiver.UploadMyAppsInfoReceiver.onReceive:33
05-12 10:33:35.262 621 700 W BroadcastQueue: Target SDK mismatch: receiver ActivityInfo{f747768 com.ebensz.ota.ActionReceiver} targets 29 but delivery restricted to [0, 23] broadcasting Intent { act=android.net.conn.CONNECTIVITY_CHANGE flg=0x4200010 (has extras) } from android (pid=621, uid=1000) to com.ebensz.ota/.ActionReceiver
05-12 10:33:35.262 621 647 W BroadcastQueue: Target SDK mismatch: receiver ActivityInfo{368b781 com.taobao.accs.EventReceiver} targets 26 but delivery restricted to [0, 23] broadcasting Intent { act=android.net.conn.CONNECTIVITY_CHANGE flg=0x4200010 (has extras) } from android (pid=621, uid=1000) to com.zhangyue.read.iReader/com.taobao.accs.EventReceiver
05-12 10:56:23.577 3320 3320 I : mmc_host mmc0: Bus speed (slot 0) = 49500000Hz (slot req 50000000Hz, actual 49500000HZ div = 0)
05-12 10:56:24.053 543 543 I : read descriptors
05-12 10:56:24.053 543 543 I : read strings
05-12 10:56:24.137 3416 3416 I usb 3-1.5: USB disconnect, device number 5
05-12 10:33:35.842 621 774 D UsbHostManager: Removed device at /dev/bus/usb/003/005: USB Billboard Device
05-12 10:33:35.842 621 774 I UsbAlsaManager: USB Audio Device Removed: null
05-12 10:56:24.212 2922 2922 I usb 4-1.4: new SuperSpeed Gen 1 USB device number 6 using xhci-hcd
05-12 10:56:24.230 2922 2922 I usb 4-1.4: New USB device found, idVendor=0bda, idProduct=8153, bcdDevice=31.00
05-12 10:56:24.230 2922 2922 I usb 4-1.4: New USB device strings: Mfr=1, Product=2, SerialNumber=6
05-12 10:56:24.230 2922 2922 I usb 4-1.4: Product: USB 10/100/1000 LAN
05-12 10:56:24.230 2922 2922 I usb 4-1.4: Manufacturer: Realtek
05-12 10:56:24.230 2922 2922 I usb 4-1.4: SerialNumber: 001000001
05-12 10:33:36.003 621 704 I intercept_power: [ACTION_UP,0,0]
05-12 10:33:36.004 1306 1306 W ContextImpl: Calling a method in the system process without a qualified user: android.app.ContextImpl.sendBroadcast:1181 android.content.ContextWrapper.sendBroadcast:479 cn.eben.newweather.DateWeatherService.a:19 cn.eben.newweather.DateWeatherService.a:0 cn.eben.newweather.DateWeatherService$1.handleMessage:7
05-12 10:56:24.300 352 352 I rockchip-vop2 fdd90000.vop: [drm:vop2_crtc_atomic_enable] Update mode to 1536x2048p55, type: 16(if:60) for vp2 dclk: 192000000
05-12 10:56:24.301 352 352 I rockchip-vop2 fdd90000.vop: [drm:vop2_crtc_atomic_enable] dclk_out2 div: 2 dclk_core2 div: 1
05-12 10:56:24.301 352 352 I rockchip-vop2 fdd90000.vop: [drm:vop2_crtc_atomic_enable] set dclk_vop2 to 96000000, get 96000000
05-12 10:56:24.301 1 1 I init : processing action (sys.usb.config=adb && sys.usb.configfs=1 && sys.usb.ffs.ready=1) from (/system/etc/init/hw/init.usb.configfs.rc:20)
05-12 10:56:24.305 1 1 I init : Command 'symlink /config/usb_gadget/g1/functions/ffs.adb /config/usb_gadget/g1/configs/b.1/f1' action=sys.usb.config=adb && sys.usb.configfs=1 && sys.usb.ffs.ready=1 (/system/etc/init/hw/init.usb.configfs.rc:22) took 1ms and failed: symlink() failed: File exists
05-12 10:56:24.305 1 1 I init : Command 'write /config/usb_gadget/g1/UDC ${sys.usb.controller}' action=sys.usb.config=adb && sys.usb.configfs=1 && sys.usb.ffs.ready=1 (/system/etc/init/hw/init.usb.configfs.rc:23) took 0ms and failed: Unable to write to file '/config/usb_gadget/g1/UDC': Unable to write file contents: Device or resource busy
05-12 10:33:36.012 621 621 W Looper : Slow dispatch took 870ms main h=android.app.ActivityThread$H c=android.app.LoadedApk$ReceiverDispatcher$Args$$ExternalSyntheticLambda0@e684abd m=0
05-12 10:33:36.012 621 621 W Looper : Slow delivery took 869ms main h=com.android.server.power.Notifier$NotifierHandler c=null m=7
05-12 10:33:36.015 621 621 W Looper : Drained
05-12 10:33:36.016 621 621 I battery_saving_stats: [0,0,0,8369,0,0,542941,0,0]
05-12 10:33:36.019 978 978 D DCT-C-0 : screen on
05-12 10:33:36.019 978 978 D DCT-C-0 : stopNetStatPoll
05-12 10:33:36.023 621 621 I power_screen_broadcast_done: [1,906,1]
05-12 10:56:24.399 2922 2922 I usb 4-1.4: reset SuperSpeed Gen 1 USB device number 6 using xhci-hcd
05-12 10:56:24.436 3415 3415 W r8152 4-1.4: 1.0: Direct firmware load for rtl_nic/rtl8153b-2.fw failed with error -2
05-12 10:56:24.436 3415 3415 W r8152 4-1.4: 1.0: unable to load firmware patch rtl_nic/rtl8153b-2.fw (-2)
05-12 10:56:24.474 2922 2922 I r8152 4-1.4: 1.0 eth1: v1.11.11
05-12 10:33:36.180 621 774 D UsbHostManager: USB device attached: vidpid 0bda:8153 mfg/product/ver/serial Realtek/USB 10/100/1000 LAN/31.00/001000001 hasAudio/HID/Storage: false/false/false
05-12 10:33:36.183 621 774 D UsbHostManager: Added device UsbDevice[mName=/dev/bus/usb/004/006,mVendorId=3034,mProductId=33107,mClass=0,mSubclass=0,mProtocol=0,mManufacturerName=Realtek,mProductName=USB 10/100/1000 LAN,mVersion=31.00,mSerialNumberReader=com.android.server.usb.UsbSerialReader@45b98b2, mHasAudioPlayback=false, mHasAudioCapture=false, mHasMidi=false, mHasVideoCapture=false, mHasVideoPlayback=false, mConfigurations=[
05-12 10:33:36.183 621 774 D UsbHostManager: UsbConfiguration[mId=1,mName=null,mAttributes=160,mMaxPower=36,mInterfaces=[
05-12 10:33:36.183 621 774 D UsbHostManager: UsbInterface[mId=0,mAlternateSetting=0,mName=null,mClass=255,mSubclass=255,mProtocol=0,mEndpoints=[
05-12 10:33:36.183 621 774 D UsbHostManager: UsbEndpoint[mAddress=129,mAttributes=2,mMaxPacketSize=1024,mInterval=0]
05-12 10:33:36.183 621 774 D UsbHostManager: UsbEndpoint[mAddress=2,mAttributes=2,mMaxPacketSize=1024,mInterval=0]
05-12 10:33:36.183 621 774 D UsbHostManager: UsbEndpoint[mAddress=131,mAttributes=3,mMaxPacketSize=2,mInterval=8]]]
05-12 10:33:36.183 621 774 D UsbHostManager: UsbConfiguration[mId=2,mName=null,mAttributes=160,mMaxPower=36,mInterfaces=[
05-12 10:33:36.183 621 774 D UsbHostManager: UsbInterface[mId=0,mAlternateSetting=0,mName=CDC Communications Control,mClass=2,mSubclass=6,mProtocol=0,mEndpoints=[
05-12 10:33:36.183 621 774 D UsbHostManager: UsbEndpoint[mAddress=131,mAttributes=3,mMaxPacketSize=16,mInterval=8]]
05-12 10:33:36.183 621 774 D UsbHostManager: UsbInterface[mId=1,mAlternateSetting=0,mName=null,mClass=10,mSubclass=0,mProtocol=0,mEndpoints=[]
05-12 10:33:36.183 621 774 D UsbHostManager: UsbInterface[mId=1,mAlternateSetting=1,mName=Ethernet Data,mClass=10,mSubclass=0,mProtocol=0,mEndpoints=[
05-12 10:33:36.183 621 774 D UsbHostManager: UsbEndpoint[mAddress=129,mAttributes=2,mMaxPacketSize=1024,mInterval=0]
05-12 10:33:36.183 621 774 D UsbHostManager: UsbEndpoint[mAddress=2,mAttributes=2,mMaxPacketSize=1024,mInterval=0]]]]
05-12 10:33:36.200 621 774 I ActivityTaskManager: START u0 {act=android.hardware.usb.action.USB_DEVICE_ATTACHED flg=0x11000000 cmp=com.android.mtp/.ReceiverActivity (has extras)} from uid 1000
05-12 10:33:36.203 621 774 I wm_task_created: [10779,-1]
05-12 10:33:36.204 621 774 W ActivityTaskManager: Can't find TaskDisplayArea to determine support for multi window. Task id=10779 attached=false
05-12 10:33:36.210 621 774 I wm_task_moved: [10779,1,10]
05-12 10:33:36.210 621 774 I wm_task_to_front: [0,10779]
05-12 10:33:36.211 621 774 I wm_create_task: [0,10779]
05-12 10:33:36.211 621 774 I wm_create_activity: [0,122445526,10779,com.android.mtp/.ReceiverActivity,android.hardware.usb.action.USB_DEVICE_ATTACHED,NULL,NULL,293601280]
05-12 10:33:36.211 621 774 D ActivityTaskManager: Temporarily retain top process state for launching app
05-12 10:33:36.211 621 774 I wm_task_moved: [10779,1,10]
05-12 10:33:36.213 621 774 W ActivityTaskManager: Tried to set launchTime (0) < mLastActivityLaunchTime (3222452)
05-12 10:33:36.216 621 774 I wm_restart_activity: [0,122445526,10779,com.android.mtp/.ReceiverActivity]
05-12 10:33:36.217 621 774 I wm_set_resumed_activity: [0,com.android.mtp/.ReceiverActivity,minimalResumeActivityLocked]
05-12 10:33:36.218 621 774 I wm_add_to_stopping: [0,122445526,com.android.mtp/.ReceiverActivity,makeInvisible]
05-12 10:33:36.219 621 774 I wm_pause_activity: [0,122445526,com.android.mtp/.ReceiverActivity,userLeaving=false,sleep]
05-12 10:33:36.223 621 641 I am_uid_active: 10019
05-12 10:33:36.231 621 700 I wm_finish_activity: [0,122445526,10779,com.android.mtp/.ReceiverActivity,app-request]
05-12 10:33:36.231 621 700 I wm_task_moved: [10778,1,10]
05-12 10:33:36.232 621 700 I wm_task_to_front: [0,10778]
05-12 10:33:36.232 621 700 I wm_focused_root_task: [0,0,10778,10779,finish-top adjustFocusToNextFocusableTask]
05-12 10:33:36.236 3423 3423 I wm_on_create_called: [122445526,com.android.mtp.ReceiverActivity,performCreate]
05-12 10:33:36.243 621 700 I wm_set_resumed_activity: [0,com.android.launcher3/.dragndrop.AddItemActivity,resumeTopActivity]
05-12 10:33:36.244 621 700 I wm_add_to_stopping: [0,204799600,com.android.launcher3/.dragndrop.AddItemActivity,makeInvisible]
05-12 10:33:36.246 621 700 I wm_resume_activity: [0,204799600,10778,com.android.launcher3/.dragndrop.AddItemActivity]
05-12 10:33:36.246 621 700 I wm_add_to_stopping: [0,204799600,com.android.launcher3/.dragndrop.AddItemActivity,makeInvisible]
05-12 10:33:36.247 1056 1056 I wm_on_restart_called: [204799600,com.android.launcher3.dragndrop.AddItemActivity,performRestartActivity]
05-12 10:33:36.247 1056 1056 I wm_on_start_called: [204799600,com.android.launcher3.dragndrop.AddItemActivity,handleStartActivity]
05-12 10:33:36.247 1056 1056 I wm_on_resume_called: [204799600,com.android.launcher3.dragndrop.AddItemActivity,RESUME_ACTIVITY]
05-12 10:33:36.247 1056 1056 I wm_on_top_resumed_gained_called: [204799600,com.android.launcher3.dragndrop.AddItemActivity,topWhenResuming]
05-12 10:33:36.247 621 700 I wm_pause_activity: [0,204799600,com.android.launcher3/.dragndrop.AddItemActivity,userLeaving=false,sleep]
05-12 10:33:36.257 621 641 I wm_destroy_activity: [0,122445526,10779,com.android.mtp/.ReceiverActivity,finish-imm:idle]
05-12 10:33:36.257 621 641 I sysui_multi_action: [757,803,799,window_time_0,802,2]
05-12 10:33:36.259 3423 3423 I wm_on_destroy_called: [122445526,com.android.mtp.ReceiverActivity,performDestroy]
05-12 10:33:36.261 621 1996 I wm_task_removed: [10779,removeChild:removeChild last r=ActivityRecord{74c5ed6 u0 com.android.mtp/.ReceiverActivity t-1 f}} in t=Task{ec6084f #10779 type=standard A=10019:com.android.mtp U=0 visible=false visibleRequested=false mode=fullscreen translucent=true sz=0}]
05-12 10:33:36.261 621 1996 I wm_task_removed: [10779,removeChild]
05-12 10:33:36.272 1056 1056 I wm_on_top_resumed_lost_called: [204799600,com.android.launcher3.dragndrop.AddItemActivity,topStateChangedWhenResumed]
05-12 10:33:36.273 1056 1056 I wm_on_paused_called: [204799600,com.android.launcher3.dragndrop.AddItemActivity,performPause]
05-12 10:33:36.275 621 641 I wm_stop_activity: [0,204799600,com.android.launcher3/.dragndrop.AddItemActivity]
05-12 10:33:36.296 3472 3472 W ContextImpl: Calling a method in the system process without a qualified user: android.app.ContextImpl.startService:1824 android.content.ContextWrapper.startService:774 com.ebensz.appmanager.service.UploadMyAppsInfoService$1.handleMessage:63 android.os.Handler.dispatchMessage:106 android.os.Looper.loopOnce:201
05-12 10:33:36.297 1056 1056 I wm_on_stop_called: [204799600,com.android.launcher3.dragndrop.AddItemActivity,STOP_ACTIVITY_ITEM]
05-12 10:56:24.806 352 352 I dw-mipi-dsi2 fde20000.dsi: [drm:dw_mipi_dsi2_encoder_enable] final DSI-Link bandwidth: 639999 x 8 Kbps
05-12 10:33:36.517 621 662 I sysui_latency: [5,1417]
05-12 10:33:36.517 621 662 W PowerManagerService: Screen on took 6470 ms
05-12 10:33:36.517 621 621 I sysui_multi_action: [757,198,758,1,759,1,1359,6470,1694,1]
05-12 10:33:36.518 621 621 I power_screen_state: [1,0,0,0,6470]
05-12 10:33:36.535 621 703 I input_focus: [Focus entering 8c17c23 NotificationShade (server),reason=Window became focusable. Previous reason: NO_WINDOW]
05-12 10:33:36.597 621 703 I input_interaction: Interaction with: 8c17c23 NotificationShade (server), PointerEventDispatcher0 (server),
05-12 10:33:37.002 1306 1306 W ContextImpl: Calling a method in the system process without a qualified user: android.app.ContextImpl.sendBroadcast:1181 android.content.ContextWrapper.sendBroadcast:479 cn.eben.newweather.DateWeatherService.a:19 cn.eben.newweather.DateWeatherService.a:0 cn.eben.newweather.DateWeatherService$1.handleMessage:7
05-12 10:56:25.356 543 543 I : read descriptors
05-12 10:56:25.356 543 543 I : read strings
05-12 10:56:25.357 1 1 I init : processing action (sys.usb.config=adb && sys.usb.configfs=1 && sys.usb.ffs.ready=1) from (/system/etc/init/hw/init.usb.configfs.rc:20)
05-12 10:56:25.363 1 1 I init : Command 'symlink /config/usb_gadget/g1/functions/ffs.adb /config/usb_gadget/g1/configs/b.1/f1' action=sys.usb.config=adb && sys.usb.configfs=1 && sys.usb.ffs.ready=1 (/system/etc/init/hw/init.usb.configfs.rc:22) took 4ms and failed: symlink() failed: File exists
05-12 10:56:25.365 1 1 I init : Command 'write /config/usb_gadget/g1/UDC ${sys.usb.controller}' action=sys.usb.config=adb && sys.usb.configfs=1 && sys.usb.ffs.ready=1 (/system/etc/init/hw/init.usb.configfs.rc:23) took 0ms and failed: Unable to write to file '/config/usb_gadget/g1/UDC': Unable to write file contents: Device or resource busy
05-12 10:33:37.098 462 487 I RIL : ---> enter mainloop wait at port
05-12 10:33:37.098 462 487 D RIL-DEV : Get modem info
05-12 10:33:37.099 462 487 D RIL-DEV : [05-12_10:33:37:099] idVendor = 0bda
05-12 10:33:37.099 462 487 D RIL-DEV :
05-12 10:33:37.099 462 487 D RIL-DEV : [05-12_10:33:37:099] idVendor = 05e3
05-12 10:33:37.099 462 487 D RIL-DEV :
05-12 10:33:37.099 462 487 D RIL-DEV : [05-12_10:33:37:100] idVendor = 1d6b
05-12 10:33:37.099 462 487 D RIL-DEV :
05-12 10:33:37.099 462 487 D RIL-DEV : [05-12_10:33:37:100] idVendor = 1d6b
05-12 10:33:37.099 462 487 D RIL-DEV :
05-12 10:33:37.100 462 487 D RIL-DEV : [05-12_10:33:37:100] idVendor = 0bda
05-12 10:33:37.100 462 487 D RIL-DEV :
05-12 10:33:37.100 462 487 D RIL-DEV : [05-12_10:33:37:100] idVendor = 1d6b
05-12 10:33:37.100 462 487 D RIL-DEV :
05-12 10:33:37.100 462 487 D RIL-DEV : [05-12_10:33:37:100] idVendor = 2109
05-12 10:33:37.100 462 487 D RIL-DEV :
05-12 10:33:37.100 462 487 D RIL-DEV : [05-12_10:33:37:101] idVendor = 1d6b
05-12 10:33:37.100 462 487 D RIL-DEV :
05-12 10:33:37.100 462 487 D RIL-DEV : [05-12_10:33:37:101] idVendor = 0bda
05-12 10:33:37.100 462 487 D RIL-DEV :
05-12 10:33:37.101 462 487 D RIL-DEV : [05-12_10:33:37:101] idVendor = 2109
05-12 10:33:37.101 462 487 D RIL-DEV :
05-12 10:33:37.101 462 487 E RIL-DEV : Cannot find Meig devices
05-12 10:33:37.101 462 487 I RIL : ---> can't find meig usb devices
05-12 10:56:26.012 2922 2922 I usb 3-1.5: new high-speed USB device number 7 using xhci-hcd
05-12 10:56:26.105 2922 2922 I usb 3-1.5: New USB device found, idVendor=2109, idProduct=8817, bcdDevice= 0.01
05-12 10:56:26.105 2922 2922 I usb 3-1.5: New USB device strings: Mfr=1, Product=2, SerialNumber=3
05-12 10:56:26.105 2922 2922 I usb 3-1.5: Product: USB Billboard Device
05-12 10:56:26.105 2922 2922 I usb 3-1.5: Manufacturer: VIA Labs, Inc.
05-12 10:56:26.105 2922 2922 I usb 3-1.5: SerialNumber: 0000000000000001
05-12 10:33:37.829 621 774 D UsbHostManager: USB device attached: vidpid 2109:8817 mfg/product/ver/serial VIA Labs, Inc. /USB Billboard Device /0.01/0000000000000001 hasAudio/HID/Storage: false/false/false
05-12 10:33:37.831 621 774 D UsbHostManager: Added device UsbDevice[mName=/dev/bus/usb/003/007,mVendorId=8457,mProductId=34839,mClass=17,mSubclass=0,mProtocol=0,mManufacturerName=VIA Labs, Inc. ,mProductName=USB Billboard Device ,mVersion=0.01,mSerialNumberReader=com.android.server.usb.UsbSerialReader@367ea4b, mHasAudioPlayback=false, mHasAudioCapture=false, mHasMidi=false, mHasVideoCapture=false, mHasVideoPlayback=false, mConfigurations=[
05-12 10:33:37.831 621 774 D UsbHostManager: UsbConfiguration[mId=1,mName=0000000000000001,mAttributes=160,mMaxPower=50,mInterfaces=[
05-12 10:33:37.831 621 774 D UsbHostManager: UsbInterface[mId=0,mAlternateSetting=0,mName=0000000000000001,mClass=17,mSubclass=0,mProtocol=0,mEndpoints=[]]]
05-12 10:33:37.945 621 700 I wm_set_keyguard_shown: [1,0,1,keyguardGoingAway]
05-12 10:33:37.946 621 700 D ActivityTaskManager: Top Process State changed to PROCESS_STATE_TOP
05-12 10:33:37.948 621 700 I wm_set_resumed_activity: [0,com.android.launcher3/.dragndrop.AddItemActivity,resumeTopActivity]
05-12 10:33:37.956 621 700 I wm_resume_activity: [0,204799600,10778,com.android.launcher3/.dragndrop.AddItemActivity]
05-12 10:33:37.970 1056 1056 I wm_on_restart_called: [204799600,com.android.launcher3.dragndrop.AddItemActivity,performRestartActivity]
05-12 10:33:37.970 1056 1056 I wm_on_start_called: [204799600,com.android.launcher3.dragndrop.AddItemActivity,handleStartActivity]
05-12 10:33:37.971 1056 1056 I wm_on_resume_called: [204799600,com.android.launcher3.dragndrop.AddItemActivity,RESUME_ACTIVITY]
05-12 10:33:37.971 1056 1056 I wm_on_top_resumed_gained_called: [204799600,com.android.launcher3.dragndrop.AddItemActivity,topWhenResuming]
05-12 10:33:37.982 3101 3101 I wm_on_restart_called: [130231021,com.eben.browser.MainActivity,performRestartActivity]
05-12 10:33:37.983 3101 3101 I wm_on_start_called: [130231021,com.eben.browser.MainActivity,handleStartActivity]
05-12 10:33:38.002 1306 1306 W ContextImpl: Calling a method in the system process without a qualified user: android.app.ContextImpl.sendBroadcast:1181 android.content.ContextWrapper.sendBroadcast:479 cn.eben.newweather.DateWeatherService.a:19 cn.eben.newweather.DateWeatherService.a:0 cn.eben.newweather.DateWeatherService$1.handleMessage:7
05-12 10:33:38.016 621 636 W WindowManager: Attempted to add starting window to token but already cleaned
05-12 10:33:38.016 775 883 W StartingSurfaceDrawer: Failed to add snapshot starting window res=-5
05-12 10:56:26.355 1230 1230 W : abc audioDBG [es8323_mute] start mute:0
05-12 10:56:26.365 1230 1230 I [Awinic] [3-0058]aw_acf_get_prof_desc_form_name: get prof desc down
05-12 10:33:38.076 775 775 I sysui_multi_action: [757,111,758,2]
05-12 10:56:26.380 1230 1230 I [Awinic] [3-005b]aw_acf_get_prof_desc_form_name: get prof desc down
05-12 10:33:38.096 775 775 I sysui_multi_action: [757,196,758,2,759,0]
05-12 10:33:38.096 775 775 I sysui_status_bar_state: [0,0,0,0,0,1]
05-12 10:33:38.102 621 636 I wm_set_keyguard_shown: [0,0,1,setKeyguardShown]
05-12 10:33:38.103 621 641 I device_idle: [0,unlocked]
05-12 10:33:38.103 621 641 I device_idle_light: [0,unlocked]
05-12 10:33:38.104 621 683 I device_idle_off_start: unlocked
05-12 10:33:38.104 621 683 I device_idle_off_complete:
05-12 10:33:38.115 621 647 W BroadcastQueue: Background execution not allowed: receiving Intent { act=android.intent.action.USER_PRESENT flg=0x24200010 } to com.zhangyue.read.iReader/com.taobao.accs.EventReceiver
05-12 10:56:26.419 543 543 I : read descriptors
