05-12 10:48:40.468 2336 2336 I : Resume caused by IRQ 106, rk806
05-12 10:26:57.141 621 621 I screen_toggled: 1
05-12 10:48:40.468 2336 2336 I PM : suspend exit
05-12 10:26:57.147 320 320 I auditd : type=1400 audit(0.0:666): avc: denied { read } for comm="Binder:320_2" name="event_count" dev="sysfs" ino=42267 scontext=u:r:system_suspend:s0 tcontext=u:object_r:power_supply_tcpm:s0 tclass=file permissive=1
05-12 10:48:40.482 2861 2861 I : mmc_host mmc0: Bus speed (slot 0) = 400000Hz (slot req 400000Hz, actual 400000HZ div = 0)
05-12 10:48:40.502 447 447 I gsensor_mxc6655 5-0015: set sensor poll time to 200ms
05-12 10:26:57.152 621 621 I power_screen_broadcast_send: 1
05-12 10:26:57.153 621 621 I WindowManager: Suppressed redundant power key press while already in the process of turning the screen on.
05-12 10:26:57.147 320 320 I auditd : type=1400 audit(0.0:668): avc: denied { getattr } for comm="Binder:320_2" path="/sys/devices/platform/feaa0000.i2c/i2c-2/2-004e/power_supply/tcpm-source-psy-2-004e/wakeup25/event_count" dev="sysfs" ino=42267 scontext=u:r:system_suspend:s0 tcontext=u:object_r:power_supply_tcpm:s0 tclass=file permissive=1
05-12 10:26:57.170 621 621 I battery_saving_stats: [0,0,0,66383,0,0,523365,0,0]
05-12 10:49:44.204 439 439 W healthd : battery l=100 v=8526 t=28.5 h=1 st=3 c=0 fc=9700000 cc=7 chg=
05-12 10:49:44.205 447 447 I gsensor_mxc6655 5-0015: sensor on: starting poll sensor data 196ms
05-12 10:49:44.209 352 352 W : <<-GTP-ERROR->> I2C Read: 0x8047, 1 bytes failed, errcode: -6! Process reset.
05-12 10:26:57.201 621 1125 I sysui_multi_action: [757,127,758,1]
05-12 10:26:57.201 621 1125 I sysui_multi_action: [757,804,799,note_load,801,2,802,1]
05-12 10:26:57.201 621 1125 I notification_panel_revealed: 2
05-12 10:26:57.207 621 1125 I sysui_multi_action: [757,128,758,1,793,4313706,794,0,795,4313706,796,55,798,1,806,android,857,DEVELOPER,858,2,947,0,1395,2,1500,356087,1688,1]
05-12 10:26:57.208 621 1125 I sysui_multi_action: [757,1501,758,1,793,4313707,794,1,795,4313707,796,55,806,android,857,DEVELOPER,858,2,947,0,1500,0,1688,1]
05-12 10:26:57.208 621 1125 I sysui_multi_action: [757,804,799,note_interruptive,801,0,802,1]
05-12 10:26:57.208 621 1125 I sysui_multi_action: [757,804,799,note_freshness,801,4313706,802,1]
05-12 10:26:57.208 621 1125 I notification_visibility: [-1|android|55|null|1000,1,4313706,4313706,0,1]
05-12 10:26:57.209 621 1125 I sysui_multi_action: [757,128,758,1,793,4297673,794,0,795,4297673,796,1009,798,0,806,cn.eben.sync,857,CloudService,858,2,947,0,1395,2,1500,356086,1688,1]
05-12 10:26:57.209 621 1125 I sysui_multi_action: [757,1501,758,1,793,4297674,794,1,795,4297674,796,1009,806,cn.eben.sync,857,CloudService,858,2,947,0,1500,0,1688,1]
05-12 10:26:57.209 621 1125 I sysui_multi_action: [757,804,799,note_interruptive,801,0,802,1]
05-12 10:26:57.209 621 1125 I sysui_multi_action: [757,804,799,note_freshness,801,4297673,802,1]
05-12 10:26:57.209 621 1125 I notification_visibility: [0|cn.eben.sync|1009|null|10063,1,4297673,4297673,0,0]
05-12 10:26:57.229 621 662 I DisplayPowerController[0]: Unblocked screen on after 100 ms
05-12 10:49:44.272 447 447 I gsensor_mxc6655 5-0015: set sensor poll time to 66ms
05-12 10:49:44.306 352 352 W : <<-GTP-ERROR->> GTP i2c test failed time 1.
05-12 10:49:44.369 2861 2861 I : mmc_host mmc0: Bus speed (slot 0) = 49500000Hz (slot req 50000000Hz, actual 49500000HZ div = 0)
05-12 10:26:57.362 1306 1306 W ContextImpl: Calling a method in the system process without a qualified user: android.app.ContextImpl.sendBroadcast:1181 android.content.ContextWrapper.sendBroadcast:479 cn.eben.newweather.DateWeatherService.a:19 cn.eben.newweather.DateWeatherService.a:0 cn.eben.newweather.DateWeatherService$1.handleMessage:7
05-12 10:49:44.792 352 352 I rockchip-vop2 fdd90000.vop: [drm:vop2_crtc_atomic_enable] Update mode to 1536x2048p55, type: 16(if:60) for vp2 dclk: 192000000
05-12 10:49:44.793 352 352 I rockchip-vop2 fdd90000.vop: [drm:vop2_crtc_atomic_enable] dclk_out2 div: 2 dclk_core2 div: 1
05-12 10:49:44.793 352 352 I rockchip-vop2 fdd90000.vop: [drm:vop2_crtc_atomic_enable] set dclk_vop2 to 96000000, get 96000000
05-12 10:26:57.758 621 621 W Looper : Slow dispatch took 588ms main h=android.app.ActivityThread$H c=android.app.LoadedApk$ReceiverDispatcher$Args$$ExternalSyntheticLambda0@7ac4315 m=0
05-12 10:26:57.758 621 621 W Looper : Slow delivery took 559ms main h=com.android.server.notification.NotificationManagerService$WorkerHandler c=com.android.server.notification.NotificationManagerService$CancelNotificationRunnable@807262a m=0
05-12 10:26:57.760 621 621 W Looper : Drained
05-12 10:26:57.783 621 621 I power_screen_broadcast_done: [1,632,1]
05-12 10:26:58.001 1306 1306 W ContextImpl: Calling a method in the system process without a qualified user: android.app.ContextImpl.sendBroadcast:1181 android.content.ContextWrapper.sendBroadcast:479 cn.eben.newweather.DateWeatherService.a:19 cn.eben.newweather.DateWeatherService.a:0 cn.eben.newweather.DateWeatherService$1.handleMessage:7
05-12 10:49:45.299 352 352 I dw-mipi-dsi2 fde20000.dsi: [drm:dw_mipi_dsi2_encoder_enable] final DSI-Link bandwidth: 639999 x 8 Kbps
05-12 10:26:58.262 621 662 I sysui_latency: [5,1134]
05-12 10:26:58.262 621 662 W PowerManagerService: Screen on took 1315 ms
05-12 10:26:58.270 621 621 I sysui_multi_action: [757,198,758,1,759,1,1359,1316,1694,1]
05-12 10:26:58.271 621 621 I power_screen_state: [1,0,0,0,1316]
05-12 10:26:58.633 621 703 I input_interaction: Interaction with: 8c17c23 NotificationShade (server), PointerEventDispatcher0 (server),
05-12 10:26:58.745 621 700 I wm_set_keyguard_shown: [1,0,1,keyguardGoingAway]
05-12 10:26:58.746 621 700 D ActivityTaskManager: Top Process State changed to PROCESS_STATE_TOP
05-12 10:26:58.748 621 700 I wm_set_resumed_activity: [0,com.android.launcher3/.uioverrides.QuickstepLauncher,resumeTopActivity]
05-12 10:26:58.750 621 700 I wm_resume_activity: [0,50487918,10757,com.android.launcher3/.uioverrides.QuickstepLauncher]
05-12 10:26:58.764 1056 1056 I wm_on_restart_called: [50487918,com.android.launcher3.uioverrides.QuickstepLauncher,performRestartActivity]
05-12 10:26:58.769 1056 1056 I wm_on_start_called: [50487918,com.android.launcher3.uioverrides.QuickstepLauncher,handleStartActivity]
05-12 10:26:58.771 1056 1056 I wm_on_resume_called: [50487918,com.android.launcher3.uioverrides.QuickstepLauncher,RESUME_ACTIVITY]
05-12 10:26:58.771 1056 1056 I wm_on_top_resumed_gained_called: [50487918,com.android.launcher3.uioverrides.QuickstepLauncher,topWhenResuming]
05-12 10:26:58.839 775 775 I sysui_multi_action: [757,186,758,4,826,516,827,6151]
05-12 10:26:58.839 775 775 I sysui_lockscreen_gesture: [1,516,6151]
05-12 10:49:45.908 1230 1230 W : abc audioDBG [es8323_mute] start mute:0
05-12 10:49:45.918 1230 1230 I [Awinic] [3-0058]aw_acf_get_prof_desc_form_name: get prof desc down
05-12 10:26:58.875 775 775 I sysui_multi_action: [757,111,758,2]
05-12 10:49:45.933 1230 1230 I [Awinic] [3-005b]aw_acf_get_prof_desc_form_name: get prof desc down
05-12 10:26:58.891 775 775 I sysui_multi_action: [757,196,758,2,759,0]
05-12 10:26:58.891 775 775 I sysui_status_bar_state: [0,0,0,0,0,1]
05-12 10:26:58.895 621 1125 I wm_set_keyguard_shown: [0,0,1,setKeyguardShown]
05-12 10:26:58.896 621 641 I device_idle: [0,unlocked]
05-12 10:26:58.896 621 641 I device_idle_light: [0,unlocked]
05-12 10:26:58.896 621 683 I device_idle_off_start: unlocked
05-12 10:26:58.896 621 683 I device_idle_off_complete:
05-12 10:26:58.896 621 647 W BroadcastQueue: Background execution not allowed: receiving Intent { act=android.intent.action.USER_PRESENT flg=0x24200010 } to com.zhangyue.read.iReader/com.taobao.accs.EventReceiver
05-12 10:26:58.912 621 641 I user_activity_timeout_override: -1
05-12 10:26:58.913 621 642 I input_focus: [Focus request e95dfe5 com.android.launcher3/com.android.launcher3.uioverrides.QuickstepLauncher,reason=UpdateInputWindows]
05-12 10:26:58.936 621 703 I input_focus: [Focus leaving 8c17c23 NotificationShade (server),reason=setFocusedWindow]
05-12 10:26:58.936 621 703 I input_focus: [Focus entering e95dfe5 com.android.launcher3/com.android.launcher3.uioverrides.QuickstepLauncher (server),reason=setFocusedWindow]
05-12 10:26:58.965 621 1125 I sysui_multi_action: [757,128,758,2,793,4315464,794,1758,795,4315464,796,55,798,1,806,android,857,DEVELOPER,858,2,947,0,1395,2,1500,1757,1688,1]
05-12 10:26:58.966 621 1125 I notification_visibility: [-1|android|55|null|1000,0,4315464,4315464,0,1]
05-12 10:26:58.966 621 1125 I sysui_multi_action: [757,128,758,2,793,4299431,794,1758,795,4299431,796,1009,798,0,806,cn.eben.sync,857,CloudService,858,2,947,0,1395,2,1500,1757,1688,1]
05-12 10:26:58.966 621 1125 I notification_visibility: [0|cn.eben.sync|1009|null|10063,0,4299431,4299431,0,0]
05-12 10:26:58.967 621 1125 I sysui_multi_action: [757,127,758,2]
05-12 10:26:58.967 621 1125 I notification_panel_hidden:
05-12 10:26:59.001 1306 1306 W ContextImpl: Calling a method in the system process without a qualified user: android.app.ContextImpl.sendBroadcast:1181 android.content.ContextWrapper.sendBroadcast:479 cn.eben.newweather.DateWeatherService.a:19 cn.eben.newweather.DateWeatherService.a:0 cn.eben.newweather.DateWeatherService$1.handleMessage:7
05-12 10:27:00.003 1306 1306 W ContextImpl: Calling a method in the system process without a qualified user: android.app.ContextImpl.sendBroadcast:1181 android.content.ContextWrapper.sendBroadcast:479 cn.eben.newweather.DateWeatherService.a:19 cn.eben.newweather.DateWeatherService.a:0 cn.eben.newweather.DateWeatherService$1.handleMessage:7
05-12 10:49:47.233 528 528 W : abc audioDBG [es8323_mute] start mute:1
05-12 10:49:47.233 528 528 I [Awinic] [3-0058]aw_acf_get_prof_desc_form_name: get prof desc down
05-12 10:49:47.233 528 528 I [Awinic] [3-005b]aw_acf_get_prof_desc_form_name: get prof desc down
05-12 10:27:01.003 1306 1306 W ContextImpl: Calling a method in the system process without a qualified user: android.app.ContextImpl.sendBroadcast:1181 android.content.ContextWrapper.sendBroadcast:479 cn.eben.newweather.DateWeatherService.a:19 cn.eben.newweather.DateWeatherService.a:0 cn.eben.newweather.DateWeatherService$1.handleMessage:7
05-12 10:27:02.003 1306 1306 W ContextImpl: Calling a method in the system process without a qualified user: android.app.ContextImpl.sendBroadcast:1181 android.content.ContextWrapper.sendBroadcast:479 cn.eben.newweather.DateWeatherService.a:19 cn.eben.newweather.DateWeatherService.a:0 cn.eben.newweather.DateWeatherService$1.handleMessage:7
05-12 10:27:03.002 1306 1306 W ContextImpl: Calling a method in the system process without a qualified user: android.app.ContextImpl.sendBroadcast:1181 android.content.ContextWrapper.sendBroadcast:479 cn.eben.newweather.DateWeatherService.a:19 cn.eben.newweather.DateWeatherService.a:0 cn.eben.newweather.DateWeatherService$1.handleMessage:7
05-12 10:27:04.003 1306 1306 W ContextImpl: Calling a method in the system process without a qualified user: android.app.ContextImpl.sendBroadcast:1181 android.content.ContextWrapper.sendBroadcast:479 cn.eben.newweather.DateWeatherService.a:19 cn.eben.newweather.DateWeatherService.a:0 cn.eben.newweather.DateWeatherService$1.handleMessage:7
05-12 10:27:05.003 1306 1306 W ContextImpl: Calling a method in the system process without a qualified user: android.app.ContextImpl.sendBroadcast:1181 android.content.ContextWrapper.sendBroadcast:479 cn.eben.newweather.DateWeatherService.a:19 cn.eben.newweather.DateWeatherService.a:0 cn.eben.newweather.DateWeatherService$1.handleMessage:7
05-12 10:27:05.752 621 703 I input_interaction: Interaction with: e95dfe5 com.android.launcher3/com.android.launcher3.uioverrides.QuickstepLauncher (server), 6bdff72 com.android.systemui.ImageWallpaper (server), PointerEventDispatcher0 (server),
05-12 10:27:05.825 621 1125 I sysui_multi_action: [757,127,758,1]
05-12 10:27:05.825 621 1125 I sysui_multi_action: [757,804,799,note_load,801,2,802,1]
05-12 10:27:05.825 621 1125 I notification_panel_revealed: 2
05-12 10:27:05.869 621 642 I input_focus: [Focus request 8c17c23 NotificationShade,reason=UpdateInputWindows]
05-12 10:27:05.895 621 703 I input_focus: [Focus leaving e95dfe5 com.android.launcher3/com.android.launcher3.uioverrides.QuickstepLauncher (server),reason=setFocusedWindow]
05-12 10:27:05.895 621 703 I input_focus: [Focus entering 8c17c23 NotificationShade (server),reason=setFocusedWindow]
05-12 10:27:05.901 621 703 I input_interaction: Interaction with: e95dfe5 com.android.launcher3/com.android.launcher3.uioverrides.QuickstepLauncher (server), 6bdff72 com.android.systemui.ImageWallpaper (server), 8c17c23 NotificationShade (server), PointerEventDispatcher0 (server),
05-12 10:27:05.901 1056 1056 I view_enqueue_input_event: [Motion - Cancel,com.android.launcher3/com.android.launcher3.uioverrides.QuickstepLauncher]
05-12 10:27:05.915 621 703 I input_interaction: Interaction with: 6bdff72 com.android.systemui.ImageWallpaper (server), 8c17c23 NotificationShade (server), PointerEventDispatcher0 (server),
05-12 10:27:05.918 775 775 I sysui_multi_action: [757,803,799,panel_open,802,1]
05-12 10:27:05.920 775 775 I sysui_multi_action: [757,1328,758,4,1326,17,1327,26,1329,0]
05-12 10:27:05.947 775 775 I sysui_latency: [0,142]
05-12 10:27:06.001 1306 1306 W ContextImpl: Calling a method in the system process without a qualified user: android.app.ContextImpl.sendBroadcast:1181 android.content.ContextWrapper.sendBroadcast:479 cn.eben.newweather.DateWeatherService.a:19 cn.eben.newweather.DateWeatherService.a:0 cn.eben.newweather.DateWeatherService$1.handleMessage:7
05-12 10:27:06.358 621 1125 I sysui_multi_action: [757,128,758,1,793,4322856,794,0,795,4322856,796,55,798,1,806,android,857,DEVELOPER,858,2,947,0,1395,2,1500,9149,1688,1]
05-12 10:27:06.358 621 1125 I sysui_multi_action: [757,1501,758,1,793,4322857,794,1,795,4322857,796,55,806,android,857,DEVELOPER,858,2,947,0,1500,0,1688,1]
05-12 10:27:06.358 621 1125 I sysui_multi_action: [757,804,799,note_interruptive,801,0,802,1]
05-12 10:27:06.358 621 1125 I sysui_multi_action: [757,804,799,note_freshness,801,4322856,802,1]
05-12 10:27:06.358 621 1125 I notification_visibility: [-1|android|55|null|1000,1,4322856,4322856,0,1]
05-12 10:27:06.359 621 1125 I sysui_multi_action: [757,128,758,1,793,4306824,794,0,795,4306824,796,1009,798,0,806,cn.eben.sync,857,CloudService,858,2,947,0,1395,2,1500,9150,1688,1]
05-12 10:27:06.359 621 1125 I sysui_multi_action: [757,1501,758,1,793,4306824,794,0,795,4306824,796,1009,806,cn.eben.sync,857,CloudService,858,2,947,0,1500,0,1688,1]
05-12 10:27:06.359 621 1125 I sysui_multi_action: [757,804,799,note_interruptive,801,0,802,1]
05-12 10:27:06.359 621 1125 I sysui_multi_action: [757,804,799,note_freshness,801,4306824,802,1]
05-12 10:27:06.359 621 1125 I notification_visibility: [0|cn.eben.sync|1009|null|10063,1,4306824,4306824,0,0]
05-12 10:27:07.003 1306 1306 W ContextImpl: Calling a method in the system process without a qualified user: android.app.ContextImpl.sendBroadcast:1181 android.content.ContextWrapper.sendBroadcast:479 cn.eben.newweather.DateWeatherService.a:19 cn.eben.newweather.DateWeatherService.a:0 cn.eben.newweather.DateWeatherService$1.handleMessage:7
05-12 10:27:07.037 621 703 I input_interaction: Interaction with: 8c17c23 NotificationShade (server), PointerEventDispatcher0 (server),
05-12 10:27:07.245 775 775 I sysui_multi_action: [757,111,758,1]
05-12 10:27:07.246 775 775 I sysui_multi_action: [757,0,758,1,759,0,927,0,1593,1]
05-12 10:27:07.248 775 775 I sysui_multi_action: [757,123,758,1,759,123,927,1,928,1,1593,1]
05-12 10:27:07.248 775 775 I sysui_multi_action: [757,261,758,1,759,261,927,2,928,0,1593,1]
05-12 10:27:07.248 775 775 I sysui_multi_action: [757,0,758,1,759,0,927,3,1593,1]
05-12 10:27:07.249 775 775 I sysui_multi_action: [757,0,758,1,759,0,927,4,928,0,1593,1]
05-12 10:27:07.249 775 775 I sysui_multi_action: [757,1800,758,1,759,1800,927,5,928,0,1593,1]
05-12 10:27:07.249 775 775 I sysui_multi_action: [757,116,758,1,759,116,927,6,928,0,1593,1]
05-12 10:27:07.249 775 775 I sysui_multi_action: [757,1706,758,1,759,1706,927,7,928,0,1593,1]
05-12 10:27:07.250 775 775 I sysui_multi_action: [757,0,758,1,759,0,927,8,1593,0]
05-12 10:27:07.250 775 775 I sysui_multi_action: [757,111,758,1]
05-12 10:27:07.251 775 775 I sysui_multi_action: [757,0,758,1,759,0,927,0,1593,1]
05-12 10:27:07.251 775 775 I sysui_multi_action: [757,123,758,1,759,123,927,1,928,1,1593,1]
05-12 10:27:07.251 775 775 I sysui_multi_action: [757,261,758,1,759,261,927,2,928,0,1593,1]
05-12 10:27:07.251 775 775 I sysui_multi_action: [757,0,758,1,759,0,927,3,1593,1]
05-12 10:27:07.252 775 775 I sysui_multi_action: [757,0,758,1,759,0,927,4,928,0,1593,1]
05-12 10:27:07.252 775 775 I sysui_multi_action: [757,1800,758,1,759,1800,927,5,928,0,1593,1]
05-12 10:27:07.269 775 775 I sysui_multi_action: [757,194,758,4,826,12,827,897]
05-12 10:27:07.270 775 775 I sysui_lockscreen_gesture: [9,12,897]
05-12 10:27:08.001 1306 1306 W ContextImpl: Calling a method in the system process without a qualified user: android.app.ContextImpl.sendBroadcast:1181 android.content.ContextWrapper.sendBroadcast:479 cn.eben.newweather.DateWeatherService.a:19 cn.eben.newweather.DateWeatherService.a:0 cn.eben.newweather.DateWeatherService$1.handleMessage:7
05-12 10:27:08.300 775 775 I sysui_multi_action: [757,111,758,2]
05-12 10:27:08.301 775 775 I sysui_multi_action: [757,111,758,2]
05-12 10:27:09.002 1306 1306 W ContextImpl: Calling a method in the system process without a qualified user: android.app.ContextImpl.sendBroadcast:1181 android.content.ContextWrapper.sendBroadcast:479 cn.eben.newweather.DateWeatherService.a:19 cn.eben.newweather.DateWeatherService.a:0 cn.eben.newweather.DateWeatherService$1.handleMessage:7
05-12 10:27:09.193 621 642 I input_focus: [Focus request e95dfe5 com.android.launcher3/com.android.launcher3.uioverrides.QuickstepLauncher,reason=UpdateInputWindows]
05-12 10:27:09.209 621 700 I sysui_multi_action: [757,128,758,2,793,4325708,794,2852,795,4325708,796,55,798,1,806,android,857,DEVELOPER,858,2,947,0,1395,2,1500,2851,1688,1]
05-12 10:27:09.209 621 700 I notification_visibility: [-1|android|55|null|1000,0,4325708,4325708,0,1]
05-12 10:27:09.210 621 700 I sysui_multi_action: [757,128,758,2,793,4309674,794,2850,795,4309674,796,1009,798,0,806,cn.eben.sync,857,CloudService,858,2,947,0,1395,2,1500,2850,1688,1]
05-12 10:27:09.210 621 700 I notification_visibility: [0|cn.eben.sync|1009|null|10063,0,4309674,4309674,0,0]
05-12 10:27:09.211 621 1125 I sysui_multi_action: [757,127,758,2]
05-12 10:27:09.211 621 1125 I notification_panel_hidden:
05-12 10:27:09.232 621 703 I input_focus: [Focus leaving 8c17c23 NotificationShade (server),reason=NO_WINDOW]
05-12 10:27:09.233 621 703 I input_focus: [Focus entering e95dfe5 com.android.launcher3/com.android.launcher3.uioverrides.QuickstepLauncher (server),reason=setFocusedWindow]
05-12 10:27:10.004 1306 1306 W ContextImpl: Calling a method in the system process without a qualified user: android.app.ContextImpl.sendBroadcast:1181 android.content.ContextWrapper.sendBroadcast:479 cn.eben.newweather.DateWeatherService.a:19 cn.eben.newweather.DateWeatherService.a:0 cn.eben.newweather.DateWeatherService$1.handleMessage:7
05-12 10:27:11.003 1306 1306 W ContextImpl: Calling a method in the system process without a qualified user: android.app.ContextImpl.sendBroadcast:1181 android.content.ContextWrapper.sendBroadcast:479 cn.eben.newweather.DateWeatherService.a:19 cn.eben.newweather.DateWeatherService.a:0 cn.eben.newweather.DateWeatherService$1.handleMessage:7
05-12 10:27:12.003 1306 1306 W ContextImpl: Calling a method in the system process without a qualified user: android.app.ContextImpl.sendBroadcast:1181 android.content.ContextWrapper.sendBroadcast:479 cn.eben.newweather.DateWeatherService.a:19 cn.eben.newweather.DateWeatherService.a:0 cn.eben.newweather.DateWeatherService$1.handleMessage:7
05-12 10:49:59.438 439 439 W healthd : battery l=99 v=8400 t=29.0 h=1 st=3 c=-256000 fc=9700000 cc=7 chg=
05-12 10:27:12.399 621 769 I battery_level: [99,8400,290]
05-12 10:27:13.002 1306 1306 W ContextImpl: Calling a method in the system process without a qualified user: android.app.ContextImpl.sendBroadcast:1181 android.content.ContextWrapper.sendBroadcast:479 cn.eben.newweather.DateWeatherService.a:19 cn.eben.newweather.DateWeatherService.a:0 cn.eben.newweather.DateWeatherService$1.handleMessage:7
05-12 10:27:14.001 1306 1306 W ContextImpl: Calling a method in the system process without a qualified user: android.app.ContextImpl.sendBroadcast:1181 android.content.ContextWrapper.sendBroadcast:479 cn.eben.newweather.DateWeatherService.a:19 cn.eben.newweather.DateWeatherService.a:0 cn.eben.newweather.DateWeatherService$1.handleMessage:7
05-12 10:27:14.597 621 703 I input_interaction: Interaction with: e95dfe5 com.android.launcher3/com.android.launcher3.uioverrides.QuickstepLauncher (server), 6bdff72 com.android.systemui.ImageWallpaper (server), PointerEventDispatcher0 (server),
05-12 10:27:15.002 1306 1306 W ContextImpl: Calling a method in the system process without a qualified user: android.app.ContextImpl.sendBroadcast:1181 android.content.ContextWrapper.sendBroadcast:479 cn.eben.newweather.DateWeatherService.a:19 cn.eben.newweather.DateWeatherService.a:0 cn.eben.newweather.DateWeatherService$1.handleMessage:7
05-12 10:27:16.003 1306 1306 W ContextImpl: Calling a method in the system process without a qualified user: android.app.ContextImpl.sendBroadcast:1181 android.content.ContextWrapper.sendBroadcast:479 cn.eben.newweather.DateWeatherService.a:19 cn.eben.newweather.DateWeatherService.a:0 cn.eben.newweather.DateWeatherService$1.handleMessage:7
05-12 10:27:17.003 1306 1306 W ContextImpl: Calling a method in the system process without a qualified user: android.app.ContextImpl.sendBroadcast:1181 android.content.ContextWrapper.sendBroadcast:479 cn.eben.newweather.DateWeatherService.a:19 cn.eben.newweather.DateWeatherService.a:0 cn.eben.newweather.DateWeatherService$1.handleMessage:7
05-12 10:27:18.003 1306 1306 W ContextImpl: Calling a method in the system process without a qualified user: android.app.ContextImpl.sendBroadcast:1181 android.content.ContextWrapper.sendBroadcast:479 cn.eben.newweather.DateWeatherService.a:19 cn.eben.newweather.DateWeatherService.a:0 cn.eben.newweather.DateWeatherService$1.handleMessage:7
05-12 10:27:19.003 1306 1306 W ContextImpl: Calling a method in the system process without a qualified user: android.app.ContextImpl.sendBroadcast:1181 android.content.ContextWrapper.sendBroadcast:479 cn.eben.newweather.DateWeatherService.a:19 cn.eben.newweather.DateWeatherService.a:0 cn.eben.newweather.DateWeatherService$1.handleMessage:7
05-12 10:27:20.002 1306 1306 W ContextImpl: Calling a method in the system process without a qualified user: android.app.ContextImpl.sendBroadcast:1181 android.content.ContextWrapper.sendBroadcast:479 cn.eben.newweather.DateWeatherService.a:19 cn.eben.newweather.DateWeatherService.a:0 cn.eben.newweather.DateWeatherService$1.handleMessage:7
05-12 10:27:21.002 1306 1306 W ContextImpl: Calling a method in the system process without a qualified user: android.app.ContextImpl.sendBroadcast:1181 android.content.ContextWrapper.sendBroadcast:479 cn.eben.newweather.DateWeatherService.a:19 cn.eben.newweather.DateWeatherService.a:0 cn.eben.newweather.DateWeatherService$1.handleMessage:7
05-12 10:27:22.003 1306 1306 W ContextImpl: Calling a method in the system process without a qualified user: android.app.ContextImpl.sendBroadcast:1181 android.content.ContextWrapper.sendBroadcast:479 cn.eben.newweather.DateWeatherService.a:19 cn.eben.newweather.DateWeatherService.a:0 cn.eben.newweather.DateWeatherService$1.handleMessage:7
05-12 10:27:23.002 1306 1306 W ContextImpl: Calling a method in the system process without a qualified user: android.app.ContextImpl.sendBroadcast:1181 android.content.ContextWrapper.sendBroadcast:479 cn.eben.newweather.DateWeatherService.a:19 cn.eben.newweather.DateWeatherService.a:0 cn.eben.newweather.DateWeatherService$1.handleMessage:7
05-12 10:27:24.002 1306 1306 W ContextImpl: Calling a method in the system process without a qualified user: android.app.ContextImpl.sendBroadcast:1181 android.content.ContextWrapper.sendBroadcast:479 cn.eben.newweather.DateWeatherService.a:19 cn.eben.newweather.DateWeatherService.a:0 cn.eben.newweather.DateWeatherService$1.handleMessage:7
05-12 10:27:25.003 1306 1306 W ContextImpl: Calling a method in the system process without a qualified user: android.app.ContextImpl.sendBroadcast:1181 android.content.ContextWrapper.sendBroadcast:479 cn.eben.newweather.DateWeatherService.a:19 cn.eben.newweather.DateWeatherService.a:0 cn.eben.newweather.DateWeatherService$1.handleMessage:7
05-12 10:27:26.003 1306 1306 W ContextImpl: Calling a method in the system process without a qualified user: android.app.ContextImpl.sendBroadcast:1181 android.content.ContextWrapper.sendBroadcast:479 cn.eben.newweather.DateWeatherService.a:19 cn.eben.newweather.DateWeatherService.a:0 cn.eben.newweather.DateWeatherService$1.handleMessage:7
05-12 10:27:27.003 1306 1306 W ContextImpl: Calling a method in the system process without a qualified user: android.app.ContextImpl.sendBroadcast:1181 android.content.ContextWrapper.sendBroadcast:479 cn.eben.newweather.DateWeatherService.a:19 cn.eben.newweather.DateWeatherService.a:0 cn.eben.newweather.DateWeatherService$1.handleMessage:7
05-12 10:27:28.002 1306 1306 W ContextImpl: Calling a method in the system process without a qualified user: android.app.ContextImpl.sendBroadcast:1181 android.content.ContextWrapper.sendBroadcast:479 cn.eben.newweather.DateWeatherService.a:19 cn.eben.newweather.DateWeatherService.a:0 cn.eben.newweather.DateWeatherService$1.handleMessage:7
05-12 10:27:29.002 1306 1306 W ContextImpl: Calling a method in the system process without a qualified user: android.app.ContextImpl.sendBroadcast:1181 android.content.ContextWrapper.sendBroadcast:479 cn.eben.newweather.DateWeatherService.a:19 cn.eben.newweather.DateWeatherService.a:0 cn.eben.newweather.DateWeatherService$1.handleMessage:7
05-12 10:27:30.003 1306 1306 W ContextImpl: Calling a method in the system process without a qualified user: android.app.ContextImpl.sendBroadcast:1181 android.content.ContextWrapper.sendBroadcast:479 cn.eben.newweather.DateWeatherService.a:19 cn.eben.newweather.DateWeatherService.a:0 cn.eben.newweather.DateWeatherService$1.handleMessage:7
05-12 10:27:31.003 1306 1306 W ContextImpl: Calling a method in the system process without a qualified user: android.app.ContextImpl.sendBroadcast:1181 android.content.ContextWrapper.sendBroadcast:479 cn.eben.newweather.DateWeatherService.a:19 cn.eben.newweather.DateWeatherService.a:0 cn.eben.newweather.DateWeatherService$1.handleMessage:7
05-12 10:27:32.003 1306 1306 W ContextImpl: Calling a method in the system process without a qualified user: android.app.ContextImpl.sendBroadcast:1181 android.content.ContextWrapper.sendBroadcast:479 cn.eben.newweather.DateWeatherService.a:19 cn.eben.newweather.DateWeatherService.a:0 cn.eben.newweather.DateWeatherService$1.handleMessage:7
05-12 10:27:33.003 1306 1306 W ContextImpl: Calling a method in the system process without a qualified user: android.app.ContextImpl.sendBroadcast:1181 android.content.ContextWrapper.sendBroadcast:479 cn.eben.newweather.DateWeatherService.a:19 cn.eben.newweather.DateWeatherService.a:0 cn.eben.newweather.DateWeatherService$1.handleMessage:7
05-12 10:27:34.003 1306 1306 W ContextImpl: Calling a method in the system process without a qualified user: android.app.ContextImpl.sendBroadcast:1181 android.content.ContextWrapper.sendBroadcast:479 cn.eben.newweather.DateWeatherService.a:19 cn.eben.newweather.DateWeatherService.a:0 cn.eben.newweather.DateWeatherService$1.handleMessage:7
05-12 10:27:35.003 1306 1306 W ContextImpl: Calling a method in the system process without a qualified user: android.app.ContextImpl.sendBroadcast:1181 android.content.ContextWrapper.sendBroadcast:479 cn.eben.newweather.DateWeatherService.a:19 cn.eben.newweather.DateWeatherService.a:0 cn.eben.newweather.DateWeatherService$1.handleMessage:7
05-12 10:27:36.003 1306 1306 W ContextImpl: Calling a method in the system process without a qualified user: android.app.ContextImpl.sendBroadcast:1181 android.content.ContextWrapper.sendBroadcast:479 cn.eben.newweather.DateWeatherService.a:19 cn.eben.newweather.DateWeatherService.a:0 cn.eben.newweather.DateWeatherService$1.handleMessage:7
05-12 10:27:37.002 1306 1306 W ContextImpl: Calling a method in the system process without a qualified user: android.app.ContextImpl.sendBroadcast:1181 android.content.ContextWrapper.sendBroadcast:479 cn.eben.newweather.DateWeatherService.a:19 cn.eben.newweather.DateWeatherService.a:0 cn.eben.newweather.DateWeatherService$1.handleMessage:7
05-12 10:27:38.002 1306 1306 W ContextImpl: Calling a method in the system process without a qualified user: android.app.ContextImpl.sendBroadcast:1181 android.content.ContextWrapper.sendBroadcast:479 cn.eben.newweather.DateWeatherService.a:19 cn.eben.newweather.DateWeatherService.a:0 cn.eben.newweather.DateWeatherService$1.handleMessage:7
05-12 10:27:39.002 1306 1306 W ContextImpl: Calling a method in the system process without a qualified user: android.app.ContextImpl.sendBroadcast:1181 android.content.ContextWrapper.sendBroadcast:479 cn.eben.newweather.DateWeatherService.a:19 cn.eben.newweather.DateWeatherService.a:0 cn.eben.newweather.DateWeatherService$1.handleMessage:7
05-12 10:27:40.002 1306 1306 W ContextImpl: Calling a method in the system process without a qualified user: android.app.ContextImpl.sendBroadcast:1181 android.content.ContextWrapper.sendBroadcast:479 cn.eben.newweather.DateWeatherService.a:19 cn.eben.newweather.DateWeatherService.a:0 cn.eben.newweather.DateWeatherService$1.handleMessage:7
05-12 10:27:41.002 1306 1306 W ContextImpl: Calling a method in the system process without a qualified user: android.app.ContextImpl.sendBroadcast:1181 android.content.ContextWrapper.sendBroadcast:479 cn.eben.newweather.DateWeatherService.a:19 cn.eben.newweather.DateWeatherService.a:0 cn.eben.newweather.DateWeatherService$1.handleMessage:7
05-12 10:27:42.003 1306 1306 W ContextImpl: Calling a method in the system process without a qualified user: android.app.ContextImpl.sendBroadcast:1181 android.content.ContextWrapper.sendBroadcast:479 cn.eben.newweather.DateWeatherService.a:19 cn.eben.newweather.DateWeatherService.a:0 cn.eben.newweather.DateWeatherService$1.handleMessage:7
05-12 10:27:43.002 1306 1306 W ContextImpl: Calling a method in the system process without a qualified user: android.app.ContextImpl.sendBroadcast:1181 android.content.ContextWrapper.sendBroadcast:479 cn.eben.newweather.DateWeatherService.a:19 cn.eben.newweather.DateWeatherService.a:0 cn.eben.newweather.DateWeatherService$1.handleMessage:7
05-12 10:27:44.001 1306 1306 W ContextImpl: Calling a method in the system process without a qualified user: android.app.ContextImpl.sendBroadcast:1181 android.content.ContextWrapper.sendBroadcast:479 cn.eben.newweather.DateWeatherService.a:19 cn.eben.newweather.DateWeatherService.a:0 cn.eben.newweather.DateWeatherService$1.handleMessage:7
05-12 10:27:45.002 1306 1306 W ContextImpl: Calling a method in the system process without a qualified user: android.app.ContextImpl.sendBroadcast:1181 android.content.ContextWrapper.sendBroadcast:479 cn.eben.newweather.DateWeatherService.a:19 cn.eben.newweather.DateWeatherService.a:0 cn.eben.newweather.DateWeatherService$1.handleMessage:7
05-12 10:27:46.002 1306 1306 W ContextImpl: Calling a method in the system process without a qualified user: android.app.ContextImpl.sendBroadcast:1181 android.content.ContextWrapper.sendBroadcast:479 cn.eben.newweather.DateWeatherService.a:19 cn.eben.newweather.DateWeatherService.a:0 cn.eben.newweather.DateWeatherService$1.handleMessage:7
05-12 10:27:47.001 1306 1306 W ContextImpl: Calling a method in the system process without a qualified user: android.app.ContextImpl.sendBroadcast:1181 android.content.ContextWrapper.sendBroadcast:479 cn.eben.newweather.DateWeatherService.a:19 cn.eben.newweather.DateWeatherService.a:0 cn.eben.newweather.DateWeatherService$1.handleMessage:7
05-12 10:27:48.003 1306 1306 W ContextImpl: Calling a method in the system process without a qualified user: android.app.ContextImpl.sendBroadcast:1181 android.content.ContextWrapper.sendBroadcast:479 cn.eben.newweather.DateWeatherService.a:19 cn.eben.newweather.DateWeatherService.a:0 cn.eben.newweather.DateWeatherService$1.handleMessage:7
05-12 10:27:49.002 1306 1306 W ContextImpl: Calling a method in the system process without a qualified user: android.app.ContextImpl.sendBroadcast:1181 android.content.ContextWrapper.sendBroadcast:479 cn.eben.newweather.DateWeatherService.a:19 cn.eben.newweather.DateWeatherService.a:0 cn.eben.newweather.DateWeatherService$1.handleMessage:7
05-12 10:27:50.003 1306 1306 W ContextImpl: Calling a method in the system process without a qualified user: android.app.ContextImpl.sendBroadcast:1181 android.content.ContextWrapper.sendBroadcast:479 cn.eben.newweather.DateWeatherService.a:19 cn.eben.newweather.DateWeatherService.a:0 cn.eben.newweather.DateWeatherService$1.handleMessage:7
05-12 10:27:51.003 1306 1306 W ContextImpl: Calling a method in the system process without a qualified user: android.app.ContextImpl.sendBroadcast:1181 android.content.ContextWrapper.sendBroadcast:479 cn.eben.newweather.DateWeatherService.a:19 cn.eben.newweather.DateWeatherService.a:0 cn.eben.newweather.DateWeatherService$1.handleMessage:7
05-12 10:27:52.003 1306 1306 W ContextImpl: Calling a method in the system process without a qualified user: android.app.ContextImpl.sendBroadcast:1181 android.content.ContextWrapper.sendBroadcast:479 cn.eben.newweather.DateWeatherService.a:19 cn.eben.newweather.DateWeatherService.a:0 cn.eben.newweather.DateWeatherService$1.handleMessage:7
05-12 10:27:53.003 1306 1306 W ContextImpl: Calling a method in the system process without a qualified user: android.app.ContextImpl.sendBroadcast:1181 android.content.ContextWrapper.sendBroadcast:479 cn.eben.newweather.DateWeatherService.a:19 cn.eben.newweather.DateWeatherService.a:0 cn.eben.newweather.DateWeatherService$1.handleMessage:7
05-12 10:27:54.001 1306 1306 W ContextImpl: Calling a method in the system process without a qualified user: android.app.ContextImpl.sendBroadcast:1181 android.content.ContextWrapper.sendBroadcast:479 cn.eben.newweather.DateWeatherService.a:19 cn.eben.newweather.DateWeatherService.a:0 cn.eben.newweather.DateWeatherService$1.handleMessage:7
05-12 10:27:54.125 621 2478 I ActivityTaskManager: START u0 {flg=0x10208000 cmp=com.android.launcher3/.proxy.ProxyActivityStarter (has extras)} from uid 10090
05-12 10:27:54.127 621 2478 I wm_task_created: [10775,-1]
05-12 10:27:54.127 621 2478 W ActivityTaskManager: Can't find TaskDisplayArea to determine support for multi window. Task id=10775 attached=false
05-12 10:27:54.130 621 2478 I wm_task_moved: [10775,1,9]
05-12 10:27:54.130 621 2478 I wm_task_to_front: [0,10775]
05-12 10:27:54.131 621 2478 I wm_create_task: [0,10775]
05-12 10:27:54.131 621 2478 I wm_create_activity: [0,105650794,10775,com.android.launcher3/.proxy.ProxyActivityStarter,NULL,NULL,NULL,270565376]
05-12 10:27:54.131 621 2478 I wm_task_moved: [10775,1,9]
05-12 10:27:54.131 621 2478 I wm_pause_activity: [0,50487918,com.android.launcher3/.uioverrides.QuickstepLauncher,userLeaving=true,pauseBackTasks]
05-12 10:27:54.146 1056 1056 I wm_on_top_resumed_lost_called: [50487918,com.android.launcher3.uioverrides.QuickstepLauncher,topStateChangedWhenResumed]
05-12 10:27:54.146 1056 1056 I wm_on_paused_called: [50487918,com.android.launcher3.uioverrides.QuickstepLauncher,performPause]
05-12 10:27:54.147 621 700 W ActivityTaskManager: Tried to set launchTime (0) < mLastActivityLaunchTime (2892053)
05-12 10:27:54.147 621 700 I wm_restart_activity: [0,105650794,10775,com.android.launcher3/.proxy.ProxyActivityStarter]
05-12 10:27:54.148 621 700 I wm_set_resumed_activity: [0,com.android.launcher3/.proxy.ProxyActivityStarter,minimalResumeActivityLocked]
05-12 10:27:54.149 621 1125 I am_uid_running: 10025
05-12 10:27:54.151 621 700 I ActivityTaskManager: START u0 {act=android.appwidget.action.APPWIDGET_CONFIGURE cmp=com.android.systemui/.people.PeopleSpaceActivity (has extras)} from uid 1000
05-12 10:27:54.155 621 700 I wm_task_moved: [10775,1,9]
05-12 10:27:54.155 621 700 I wm_set_resumed_activity: [0,com.android.launcher3/.proxy.ProxyActivityStarter,positionChildAt]
05-12 10:27:54.155 621 700 I wm_create_activity: [0,19885121,10775,com.android.systemui/.people.PeopleSpaceActivity,android.appwidget.action.APPWIDGET_CONFIGURE,NULL,NULL,0]
05-12 10:27:54.156 621 700 I wm_pause_activity: [0,105650794,com.android.launcher3/.proxy.ProxyActivityStarter,userLeaving=true,resumeTopActivity]
05-12 10:27:54.158 621 648 I am_proc_start: [0,3345,10025,android.process.acore,content provider,{com.android.providers.contacts/com.android.providers.contacts.ContactsProvider2}]
05-12 10:27:54.158 621 648 I ActivityManager: Start proc 3345:android.process.acore/u0a25 for content provider {com.android.providers.contacts/com.android.providers.contacts.ContactsProvider2}
05-12 10:27:54.158 1056 1056 I wm_on_create_called: [105650794,com.android.launcher3.proxy.ProxyActivityStarter,performCreate]
05-12 10:27:54.159 1056 1056 I wm_on_start_called: [105650794,com.android.launcher3.proxy.ProxyActivityStarter,handleStartActivity]
05-12 10:27:54.159 1056 1056 I wm_on_resume_called: [105650794,com.android.launcher3.proxy.ProxyActivityStarter,RESUME_ACTIVITY]
05-12 10:27:54.159 621 641 I sysui_multi_action: [757,803,799,window_time_0,802,124]
05-12 10:27:54.163 1056 1056 I wm_on_top_resumed_gained_called: [105650794,com.android.launcher3.proxy.ProxyActivityStarter,topStateChangedWhenResumed]
05-12 10:27:54.168 621 642 I input_focus: [Focus request c4aaa72 com.android.launcher3/com.android.launcher3.proxy.ProxyActivityStarter,reason=UpdateInputWindows]
05-12 10:27:54.174 1056 1056 I wm_on_top_resumed_lost_called: [105650794,com.android.launcher3.proxy.ProxyActivityStarter,topStateChangedWhenResumed]
05-12 10:27:54.177 1056 1056 I wm_on_paused_called: [105650794,com.android.launcher3.proxy.ProxyActivityStarter,performPause]
05-12 10:27:54.177 621 1125 I wm_add_to_stopping: [0,105650794,com.android.launcher3/.proxy.ProxyActivityStarter,makeInvisible]
05-12 10:27:54.177 621 1125 I wm_add_to_stopping: [0,50487918,com.android.launcher3/.uioverrides.QuickstepLauncher,makeInvisible]
05-12 10:27:54.178 621 1125 I wm_restart_activity: [0,19885121,10775,com.android.systemui/.people.PeopleSpaceActivity]
05-12 10:27:54.180 621 1125 I wm_set_resumed_activity: [0,com.android.systemui/.people.PeopleSpaceActivity,minimalResumeActivityLocked]
05-12 10:27:54.181 621 700 I am_proc_bound: [0,3345,android.process.acore]
05-12 10:27:54.183 621 641 I wm_stop_activity: [0,105650794,com.android.launcher3/.proxy.ProxyActivityStarter]
05-12 10:27:54.184 621 700 I am_uid_active: 10025
05-12 10:27:54.184 621 641 I sysui_multi_action: [757,803,799,window_time_0,802,0]
05-12 10:27:54.187 1056 1056 I wm_on_stop_called: [105650794,com.android.launcher3.proxy.ProxyActivityStarter,STOP_ACTIVITY_ITEM]
05-12 10:27:54.190 621 703 I input_focus: [Focus leaving e95dfe5 com.android.launcher3/com.android.launcher3.uioverrides.QuickstepLauncher (server),reason=NO_WINDOW]
05-12 10:27:54.191 775 775 I wm_on_create_called: [19885121,com.android.systemui.people.PeopleSpaceActivity,performCreate]
05-12 10:27:54.192 775 775 I wm_on_start_called: [19885121,com.android.systemui.people.PeopleSpaceActivity,handleStartActivity]
05-12 10:27:54.197 621 646 I am_pss : [3101,10057,com.eben.browser,125290496,111554560,0,272351232,0,15,10]
05-12 10:27:54.201 775 775 I wm_on_resume_called: [19885121,com.android.systemui.people.PeopleSpaceActivity,RESUME_ACTIVITY]
05-12 10:27:54.203 621 646 I am_pss : [3139,99001,com.android.webview:sandboxed_process0:org.chromium.content.app.SandboxedProcessService0:0,59933696,47190016,0,135561216,0,15,6]
05-12 10:27:54.203 775 775 I wm_on_top_resumed_gained_called: [19885121,com.android.systemui.people.PeopleSpaceActivity,topStateChangedWhenResumed]
05-12 10:27:54.211 621 642 I input_focus: [Focus request 2d5d06e com.android.systemui/com.android.systemui.people.PeopleSpaceActivity,reason=UpdateInputWindows]
05-12 10:27:54.221 3345 3368 D ActivityThread: Loading provider call_log_shadow: com.android.providers.contacts.ShadowCallLogProvider
05-12 10:27:54.222 621 638 I wm_activity_launch_time: [0,19885121,com.android.systemui/.people.PeopleSpaceActivity,97]
05-12 10:27:54.226 621 703 I input_focus: [Focus entering 2d5d06e com.android.systemui/com.android.systemui.people.PeopleSpaceActivity (server),reason=Window became focusable. Previous reason: NO_WINDOW]
05-12 10:27:54.250 621 1125 D CountryDetector: The first listener is added
05-12 10:27:54.356 621 641 I wm_stop_activity: [0,50487918,com.android.launcher3/.uioverrides.QuickstepLauncher]
05-12 10:27:54.366 1056 1056 I wm_on_stop_called: [50487918,com.android.launcher3.uioverrides.QuickstepLauncher,STOP_ACTIVITY_ITEM]
05-12 10:27:55.003 1306 1306 W ContextImpl: Calling a method in the system process without a qualified user: android.app.ContextImpl.sendBroadcast:1181 android.content.ContextWrapper.sendBroadcast:479 cn.eben.newweather.DateWeatherService.a:19 cn.eben.newweather.DateWeatherService.a:0 cn.eben.newweather.DateWeatherService$1.handleMessage:7
05-12 10:27:55.462 621 703 I input_interaction: Interaction with: 2d5d06e com.android.systemui/com.android.systemui.people.PeopleSpaceActivity (server), PointerEventDispatcher0 (server),
05-12 10:27:55.529 621 1125 I wm_finish_activity: [0,19885121,10775,com.android.systemui/.people.PeopleSpaceActivity,app-request]
05-12 10:27:55.550 621 1125 I wm_pause_activity: [0,19885121,com.android.systemui/.people.PeopleSpaceActivity,userLeaving=false,finish]
05-12 10:27:55.556 775 775 I wm_on_top_resumed_lost_called: [19885121,com.android.systemui.people.PeopleSpaceActivity,topStateChangedWhenResumed]
05-12 10:27:55.558 775 775 I wm_on_paused_called: [19885121,com.android.systemui.people.PeopleSpaceActivity,performPause]
05-12 10:27:55.558 621 635 I wm_add_to_stopping: [0,19885121,com.android.systemui/.people.PeopleSpaceActivity,completeFinishing]
05-12 10:27:55.559 621 635 I wm_set_resumed_activity: [0,com.android.launcher3/.proxy.ProxyActivityStarter,resumeTopActivity]
05-12 10:27:55.565 621 635 I wm_resume_activity: [0,105650794,10775,com.android.launcher3/.proxy.ProxyActivityStarter]
05-12 10:27:55.568 621 641 I sysui_multi_action: [757,803,799,window_time_0,802,1]
05-12 10:27:55.575 621 703 I input_focus: [Focus leaving 2d5d06e com.android.systemui/com.android.systemui.people.PeopleSpaceActivity (server),reason=NO_WINDOW]
05-12 10:27:55.575 1056 1056 I wm_on_restart_called: [50487918,com.android.launcher3.uioverrides.QuickstepLauncher,performRestartActivity]
05-12 10:27:55.576 1056 1056 I wm_on_start_called: [50487918,com.android.launcher3.uioverrides.QuickstepLauncher,handleStartActivity]
05-12 10:27:55.576 1056 1056 I wm_on_restart_called: [105650794,com.android.launcher3.proxy.ProxyActivityStarter,performRestartActivity]
05-12 10:27:55.577 1056 1056 I wm_on_start_called: [105650794,com.android.launcher3.proxy.ProxyActivityStarter,handleStartActivity]
05-12 10:27:55.578 621 2478 I wm_finish_activity: [0,105650794,10775,com.android.launcher3/.proxy.ProxyActivityStarter,finish-activity]
05-12 10:27:55.578 621 2478 I wm_task_moved: [1,1,9]
05-12 10:27:55.578 621 2478 I wm_task_moved: [10757,1,2147483647]
05-12 10:27:55.578 621 2478 I wm_task_to_front: [0,10757]
05-12 10:27:55.579 621 2478 I wm_focused_root_task: [0,0,1,-1,finish-top adjustFocusToNextFocusableTask]
05-12 10:27:55.586 621 2478 I wm_pause_activity: [0,105650794,com.android.launcher3/.proxy.ProxyActivityStarter,userLeaving=false,finish]
05-12 10:27:55.588 1056 1056 I wm_on_activity_result_called: [105650794,com.android.launcher3.proxy.ProxyActivityStarter,ACTIVITY_RESULT]
05-12 10:27:55.592 621 641 I sysui_multi_action: [757,803,799,window_time_0,802,0]
05-12 10:27:55.596 621 1268 E TaskPersister: File error accessing recents directory (directory doesn't exist?).
05-12 10:27:55.613 621 642 I input_focus: [Focus request e95dfe5 com.android.launcher3/com.android.launcher3.uioverrides.QuickstepLauncher,reason=UpdateInputWindows]
05-12 10:27:55.633 621 1292 I wm_add_to_stopping: [0,105650794,com.android.launcher3/.proxy.ProxyActivityStarter,completeFinishing]
05-12 10:27:55.634 621 1292 I wm_set_resumed_activity: [0,com.android.launcher3/.uioverrides.QuickstepLauncher,resumeTopActivity]
05-12 10:27:55.635 621 1292 I wm_resume_activity: [0,50487918,10757,com.android.launcher3/.uioverrides.QuickstepLauncher]
05-12 10:27:55.654 621 641 I sysui_multi_action: [757,803,799,window_time_0,802,0]
05-12 10:27:55.657 1056 1056 I wm_on_activity_result_called: [50487918,com.android.launcher3.uioverrides.QuickstepLauncher,ACTIVITY_RESULT]
05-12 10:27:55.657 1056 1056 I wm_on_resume_called: [50487918,com.android.launcher3.uioverrides.QuickstepLauncher,RESUME_ACTIVITY]
05-12 10:27:55.657 1056 1056 I wm_on_top_resumed_gained_called: [50487918,com.android.launcher3.uioverrides.QuickstepLauncher,topWhenResuming]
05-12 10:27:55.669 621 703 I input_focus: [Focus entering e95dfe5 com.android.launcher3/com.android.launcher3.uioverrides.QuickstepLauncher (server),reason=Window became focusable. Previous reason: NOT_VISIBLE]
05-12 10:27:56.001 1306 1306 W ContextImpl: Calling a method in the system process without a qualified user: android.app.ContextImpl.sendBroadcast:1181 android.content.ContextWrapper.sendBroadcast:479 cn.eben.newweather.DateWeatherService.a:19 cn.eben.newweather.DateWeatherService.a:0 cn.eben.newweather.DateWeatherService$1.handleMessage:7
05-12 10:27:56.015 621 641 I wm_destroy_activity: [0,105650794,10775,com.android.launcher3/.proxy.ProxyActivityStarter,finish-imm:idle]
05-12 10:27:56.016 621 641 I wm_destroy_activity: [0,19885121,10775,com.android.systemui/.people.PeopleSpaceActivity,finish-imm:idle]
05-12 10:27:56.031 1056 1056 I wm_on_stop_called: [105650794,com.android.launcher3.proxy.ProxyActivityStarter,LIFECYCLER_STOP_ACTIVITY]
05-12 10:27:56.033 1056 1056 I wm_on_destroy_called: [105650794,com.android.launcher3.proxy.ProxyActivityStarter,performDestroy]
05-12 10:27:56.046 775 775 I wm_on_stop_called: [19885121,com.android.systemui.people.PeopleSpaceActivity,LIFECYCLER_STOP_ACTIVITY]
05-12 10:27:56.047 775 775 I wm_on_destroy_called: [19885121,com.android.systemui.people.PeopleSpaceActivity,performDestroy]
05-12 10:27:56.054 621 635 I wm_task_removed: [10775,removeChild:removeChild last r=ActivityRecord{12f6c41 u0 com.android.systemui/.people.PeopleSpaceActivity t-1 f}} in t=Task{6a3a36c #10775 type=standard A=10090:com.android.launcher3 U=0 visible=false visibleRequested=false mode=fullscreen translucent=true sz=0}]
05-12 10:27:56.054 621 635 I wm_task_removed: [10775,removeChild]
05-12 10:27:56.058 621 642 W ActivityTaskManager: Can't find TaskDisplayArea to determine support for multi window. Task id=10775 attached=false
05-12 10:27:56.058 621 642 W ActivityTaskManager: Can't find TaskDisplayArea to determine support for multi window. Task id=10775 attached=false
05-12 10:27:56.472 621 703 I input_interaction: Interaction with: e95dfe5 com.android.launcher3/com.android.launcher3.uioverrides.QuickstepLauncher (server), 6bdff72 com.android.systemui.ImageWallpaper (server), PointerEventDispatcher0 (server),
05-12 10:27:57.002 1306 1306 W ContextImpl: Calling a method in the system process without a qualified user: android.app.ContextImpl.sendBroadcast:1181 android.content.ContextWrapper.sendBroadcast:479 cn.eben.newweather.DateWeatherService.a:19 cn.eben.newweather.DateWeatherService.a:0 cn.eben.newweather.DateWeatherService$1.handleMessage:7
05-12 10:27:58.002 1306 1306 W ContextImpl: Calling a method in the system process without a qualified user: android.app.ContextImpl.sendBroadcast:1181 android.content.ContextWrapper.sendBroadcast:479 cn.eben.newweather.DateWeatherService.a:19 cn.eben.newweather.DateWeatherService.a:0 cn.eben.newweather.DateWeatherService$1.handleMessage:7
05-12 10:27:59.001 1306 1306 W ContextImpl: Calling a method in the system process without a qualified user: android.app.ContextImpl.sendBroadcast:1181 android.content.ContextWrapper.sendBroadcast:479 cn.eben.newweather.DateWeatherService.a:19 cn.eben.newweather.DateWeatherService.a:0 cn.eben.newweather.DateWeatherService$1.handleMessage:7
05-12 10:27:59.543 621 1268 E TaskPersister: File error accessing recents directory (directory doesn't exist?).
05-12 10:28:00.002 1306 1306 W ContextImpl: Calling a method in the system process without a qualified user: android.app.ContextImpl.sendBroadcast:1181 android.content.ContextWrapper.sendBroadcast:479 cn.eben.newweather.DateWeatherService.a:19 cn.eben.newweather.DateWeatherService.a:0 cn.eben.newweather.DateWeatherService$1.handleMessage:7
05-12 10:28:01.003 1306 1306 W ContextImpl: Calling a method in the system process without a qualified user: android.app.ContextImpl.sendBroadcast:1181 android.content.ContextWrapper.sendBroadcast:479 cn.eben.newweather.DateWeatherService.a:19 cn.eben.newweather.DateWeatherService.a:0 cn.eben.newweather.DateWeatherService$1.handleMessage:7
05-12 10:28:02.001 1306 1306 W ContextImpl: Calling a method in the system process without a qualified user: android.app.ContextImpl.sendBroadcast:1181 android.content.ContextWrapper.sendBroadcast:479 cn.eben.newweather.DateWeatherService.a:19 cn.eben.newweather.DateWeatherService.a:0 cn.eben.newweather.DateWeatherService$1.handleMessage:7
