05-12 09:51:11.003 1306 1306 W ContextImpl: Calling a method in the system process without a qualified user: android.app.ContextImpl.sendBroadcast:1181 android.content.ContextWrapper.sendBroadcast:479 cn.eben.newweather.DateWeatherService.a:19 cn.eben.newweather.DateWeatherService.a:0 cn.eben.newweather.DateWeatherService$1.handleMessage:7
05-12 09:51:12.003 1306 1306 W ContextImpl: Calling a method in the system process without a qualified user: android.app.ContextImpl.sendBroadcast:1181 android.content.ContextWrapper.sendBroadcast:479 cn.eben.newweather.DateWeatherService.a:19 cn.eben.newweather.DateWeatherService.a:0 cn.eben.newweather.DateWeatherService$1.handleMessage:7
05-12 09:51:13.002 1306 1306 W ContextImpl: Calling a method in the system process without a qualified user: android.app.ContextImpl.sendBroadcast:1181 android.content.ContextWrapper.sendBroadcast:479 cn.eben.newweather.DateWeatherService.a:19 cn.eben.newweather.DateWeatherService.a:0 cn.eben.newweather.DateWeatherService$1.handleMessage:7
05-12 09:51:13.532 621 2478 W ContentProviderHelper: Permission Denial: opening provider com.android.providers.contacts.ContactsProvider2 from ProcessRecord{f2a0ab0 1686:cn.eben.sync/u0a63} (pid=1686, uid=10063) requires android.permission.READ_CONTACTS or android.permission.WRITE_CONTACTS
05-12 09:51:14.003 1306 1306 W ContextImpl: Calling a method in the system process without a qualified user: android.app.ContextImpl.sendBroadcast:1181 android.content.ContextWrapper.sendBroadcast:479 cn.eben.newweather.DateWeatherService.a:19 cn.eben.newweather.DateWeatherService.a:0 cn.eben.newweather.DateWeatherService$1.handleMessage:7
05-12 09:51:15.002 1306 1306 W ContextImpl: Calling a method in the system process without a qualified user: android.app.ContextImpl.sendBroadcast:1181 android.content.ContextWrapper.sendBroadcast:479 cn.eben.newweather.DateWeatherService.a:19 cn.eben.newweather.DateWeatherService.a:0 cn.eben.newweather.DateWeatherService$1.handleMessage:7
05-12 09:51:16.001 1306 1306 W ContextImpl: Calling a method in the system process without a qualified user: android.app.ContextImpl.sendBroadcast:1181 android.content.ContextWrapper.sendBroadcast:479 cn.eben.newweather.DateWeatherService.a:19 cn.eben.newweather.DateWeatherService.a:0 cn.eben.newweather.DateWeatherService$1.handleMessage:7
05-12 09:51:17.002 1306 1306 W ContextImpl: Calling a method in the system process without a qualified user: android.app.ContextImpl.sendBroadcast:1181 android.content.ContextWrapper.sendBroadcast:479 cn.eben.newweather.DateWeatherService.a:19 cn.eben.newweather.DateWeatherService.a:0 cn.eben.newweather.DateWeatherService$1.handleMessage:7
05-12 09:51:18.002 1306 1306 W ContextImpl: Calling a method in the system process without a qualified user: android.app.ContextImpl.sendBroadcast:1181 android.content.ContextWrapper.sendBroadcast:479 cn.eben.newweather.DateWeatherService.a:19 cn.eben.newweather.DateWeatherService.a:0 cn.eben.newweather.DateWeatherService$1.handleMessage:7
05-12 09:51:18.538 621 2478 W ContentProviderHelper: Permission Denial: opening provider com.android.providers.contacts.ContactsProvider2 from ProcessRecord{f2a0ab0 1686:cn.eben.sync/u0a63} (pid=1686, uid=10063) requires android.permission.READ_CONTACTS or android.permission.WRITE_CONTACTS
05-12 09:51:19.002 1306 1306 W ContextImpl: Calling a method in the system process without a qualified user: android.app.ContextImpl.sendBroadcast:1181 android.content.ContextWrapper.sendBroadcast:479 cn.eben.newweather.DateWeatherService.a:19 cn.eben.newweather.DateWeatherService.a:0 cn.eben.newweather.DateWeatherService$1.handleMessage:7
05-12 09:51:20.002 1306 1306 W ContextImpl: Calling a method in the system process without a qualified user: android.app.ContextImpl.sendBroadcast:1181 android.content.ContextWrapper.sendBroadcast:479 cn.eben.newweather.DateWeatherService.a:19 cn.eben.newweather.DateWeatherService.a:0 cn.eben.newweather.DateWeatherService$1.handleMessage:7
05-12 09:51:21.002 1306 1306 W ContextImpl: Calling a method in the system process without a qualified user: android.app.ContextImpl.sendBroadcast:1181 android.content.ContextWrapper.sendBroadcast:479 cn.eben.newweather.DateWeatherService.a:19 cn.eben.newweather.DateWeatherService.a:0 cn.eben.newweather.DateWeatherService$1.handleMessage:7
05-12 09:51:22.002 1306 1306 W ContextImpl: Calling a method in the system process without a qualified user: android.app.ContextImpl.sendBroadcast:1181 android.content.ContextWrapper.sendBroadcast:479 cn.eben.newweather.DateWeatherService.a:19 cn.eben.newweather.DateWeatherService.a:0 cn.eben.newweather.DateWeatherService$1.handleMessage:7
05-12 09:51:23.001 1306 1306 W ContextImpl: Calling a method in the system process without a qualified user: android.app.ContextImpl.sendBroadcast:1181 android.content.ContextWrapper.sendBroadcast:479 cn.eben.newweather.DateWeatherService.a:19 cn.eben.newweather.DateWeatherService.a:0 cn.eben.newweather.DateWeatherService$1.handleMessage:7
05-12 09:51:23.543 621 2478 W ContentProviderHelper: Permission Denial: opening provider com.android.providers.contacts.ContactsProvider2 from ProcessRecord{f2a0ab0 1686:cn.eben.sync/u0a63} (pid=1686, uid=10063) requires android.permission.READ_CONTACTS or android.permission.WRITE_CONTACTS
05-12 09:51:24.001 1306 1306 W ContextImpl: Calling a method in the system process without a qualified user: android.app.ContextImpl.sendBroadcast:1181 android.content.ContextWrapper.sendBroadcast:479 cn.eben.newweather.DateWeatherService.a:19 cn.eben.newweather.DateWeatherService.a:0 cn.eben.newweather.DateWeatherService$1.handleMessage:7
05-12 09:51:25.002 1306 1306 W ContextImpl: Calling a method in the system process without a qualified user: android.app.ContextImpl.sendBroadcast:1181 android.content.ContextWrapper.sendBroadcast:479 cn.eben.newweather.DateWeatherService.a:19 cn.eben.newweather.DateWeatherService.a:0 cn.eben.newweather.DateWeatherService$1.handleMessage:7
05-12 09:51:26.003 1306 1306 W ContextImpl: Calling a method in the system process without a qualified user: android.app.ContextImpl.sendBroadcast:1181 android.content.ContextWrapper.sendBroadcast:479 cn.eben.newweather.DateWeatherService.a:19 cn.eben.newweather.DateWeatherService.a:0 cn.eben.newweather.DateWeatherService$1.handleMessage:7
05-12 09:51:27.003 1306 1306 W ContextImpl: Calling a method in the system process without a qualified user: android.app.ContextImpl.sendBroadcast:1181 android.content.ContextWrapper.sendBroadcast:479 cn.eben.newweather.DateWeatherService.a:19 cn.eben.newweather.DateWeatherService.a:0 cn.eben.newweather.DateWeatherService$1.handleMessage:7
05-12 09:51:28.002 1306 1306 W ContextImpl: Calling a method in the system process without a qualified user: android.app.ContextImpl.sendBroadcast:1181 android.content.ContextWrapper.sendBroadcast:479 cn.eben.newweather.DateWeatherService.a:19 cn.eben.newweather.DateWeatherService.a:0 cn.eben.newweather.DateWeatherService$1.handleMessage:7
05-12 09:51:28.548 621 2478 W ContentProviderHelper: Permission Denial: opening provider com.android.providers.contacts.ContactsProvider2 from ProcessRecord{f2a0ab0 1686:cn.eben.sync/u0a63} (pid=1686, uid=10063) requires android.permission.READ_CONTACTS or android.permission.WRITE_CONTACTS
05-12 09:51:29.001 1306 1306 W ContextImpl: Calling a method in the system process without a qualified user: android.app.ContextImpl.sendBroadcast:1181 android.content.ContextWrapper.sendBroadcast:479 cn.eben.newweather.DateWeatherService.a:19 cn.eben.newweather.DateWeatherService.a:0 cn.eben.newweather.DateWeatherService$1.handleMessage:7
05-12 09:51:30.001 1306 1306 W ContextImpl: Calling a method in the system process without a qualified user: android.app.ContextImpl.sendBroadcast:1181 android.content.ContextWrapper.sendBroadcast:479 cn.eben.newweather.DateWeatherService.a:19 cn.eben.newweather.DateWeatherService.a:0 cn.eben.newweather.DateWeatherService$1.handleMessage:7
05-12 09:51:31.002 1306 1306 W ContextImpl: Calling a method in the system process without a qualified user: android.app.ContextImpl.sendBroadcast:1181 android.content.ContextWrapper.sendBroadcast:479 cn.eben.newweather.DateWeatherService.a:19 cn.eben.newweather.DateWeatherService.a:0 cn.eben.newweather.DateWeatherService$1.handleMessage:7
05-12 09:51:32.001 1306 1306 W ContextImpl: Calling a method in the system process without a qualified user: android.app.ContextImpl.sendBroadcast:1181 android.content.ContextWrapper.sendBroadcast:479 cn.eben.newweather.DateWeatherService.a:19 cn.eben.newweather.DateWeatherService.a:0 cn.eben.newweather.DateWeatherService$1.handleMessage:7
05-12 09:51:33.002 1306 1306 W ContextImpl: Calling a method in the system process without a qualified user: android.app.ContextImpl.sendBroadcast:1181 android.content.ContextWrapper.sendBroadcast:479 cn.eben.newweather.DateWeatherService.a:19 cn.eben.newweather.DateWeatherService.a:0 cn.eben.newweather.DateWeatherService$1.handleMessage:7
05-12 09:51:33.554 621 2478 W ContentProviderHelper: Permission Denial: opening provider com.android.providers.contacts.ContactsProvider2 from ProcessRecord{f2a0ab0 1686:cn.eben.sync/u0a63} (pid=1686, uid=10063) requires android.permission.READ_CONTACTS or android.permission.WRITE_CONTACTS
05-12 09:51:34.002 1306 1306 W ContextImpl: Calling a method in the system process without a qualified user: android.app.ContextImpl.sendBroadcast:1181 android.content.ContextWrapper.sendBroadcast:479 cn.eben.newweather.DateWeatherService.a:19 cn.eben.newweather.DateWeatherService.a:0 cn.eben.newweather.DateWeatherService$1.handleMessage:7
05-12 09:51:35.002 1306 1306 W ContextImpl: Calling a method in the system process without a qualified user: android.app.ContextImpl.sendBroadcast:1181 android.content.ContextWrapper.sendBroadcast:479 cn.eben.newweather.DateWeatherService.a:19 cn.eben.newweather.DateWeatherService.a:0 cn.eben.newweather.DateWeatherService$1.handleMessage:7
05-12 09:51:36.001 1306 1306 W ContextImpl: Calling a method in the system process without a qualified user: android.app.ContextImpl.sendBroadcast:1181 android.content.ContextWrapper.sendBroadcast:479 cn.eben.newweather.DateWeatherService.a:19 cn.eben.newweather.DateWeatherService.a:0 cn.eben.newweather.DateWeatherService$1.handleMessage:7
05-12 09:51:37.001 1306 1306 W ContextImpl: Calling a method in the system process without a qualified user: android.app.ContextImpl.sendBroadcast:1181 android.content.ContextWrapper.sendBroadcast:479 cn.eben.newweather.DateWeatherService.a:19 cn.eben.newweather.DateWeatherService.a:0 cn.eben.newweather.DateWeatherService$1.handleMessage:7
05-12 09:51:38.002 1306 1306 W ContextImpl: Calling a method in the system process without a qualified user: android.app.ContextImpl.sendBroadcast:1181 android.content.ContextWrapper.sendBroadcast:479 cn.eben.newweather.DateWeatherService.a:19 cn.eben.newweather.DateWeatherService.a:0 cn.eben.newweather.DateWeatherService$1.handleMessage:7
05-12 09:51:38.559 621 2478 W ContentProviderHelper: Permission Denial: opening provider com.android.providers.contacts.ContactsProvider2 from ProcessRecord{f2a0ab0 1686:cn.eben.sync/u0a63} (pid=1686, uid=10063) requires android.permission.READ_CONTACTS or android.permission.WRITE_CONTACTS
05-12 09:51:39.002 1306 1306 W ContextImpl: Calling a method in the system process without a qualified user: android.app.ContextImpl.sendBroadcast:1181 android.content.ContextWrapper.sendBroadcast:479 cn.eben.newweather.DateWeatherService.a:19 cn.eben.newweather.DateWeatherService.a:0 cn.eben.newweather.DateWeatherService$1.handleMessage:7
05-12 09:51:40.002 1306 1306 W ContextImpl: Calling a method in the system process without a qualified user: android.app.ContextImpl.sendBroadcast:1181 android.content.ContextWrapper.sendBroadcast:479 cn.eben.newweather.DateWeatherService.a:19 cn.eben.newweather.DateWeatherService.a:0 cn.eben.newweather.DateWeatherService$1.handleMessage:7
05-12 09:51:41.002 1306 1306 W ContextImpl: Calling a method in the system process without a qualified user: android.app.ContextImpl.sendBroadcast:1181 android.content.ContextWrapper.sendBroadcast:479 cn.eben.newweather.DateWeatherService.a:19 cn.eben.newweather.DateWeatherService.a:0 cn.eben.newweather.DateWeatherService$1.handleMessage:7
05-12 09:51:42.002 1306 1306 W ContextImpl: Calling a method in the system process without a qualified user: android.app.ContextImpl.sendBroadcast:1181 android.content.ContextWrapper.sendBroadcast:479 cn.eben.newweather.DateWeatherService.a:19 cn.eben.newweather.DateWeatherService.a:0 cn.eben.newweather.DateWeatherService$1.handleMessage:7
05-12 09:51:43.002 1306 1306 W ContextImpl: Calling a method in the system process without a qualified user: android.app.ContextImpl.sendBroadcast:1181 android.content.ContextWrapper.sendBroadcast:479 cn.eben.newweather.DateWeatherService.a:19 cn.eben.newweather.DateWeatherService.a:0 cn.eben.newweather.DateWeatherService$1.handleMessage:7
05-12 09:51:43.564 621 2478 W ContentProviderHelper: Permission Denial: opening provider com.android.providers.contacts.ContactsProvider2 from ProcessRecord{f2a0ab0 1686:cn.eben.sync/u0a63} (pid=1686, uid=10063) requires android.permission.READ_CONTACTS or android.permission.WRITE_CONTACTS
05-12 09:51:44.002 1306 1306 W ContextImpl: Calling a method in the system process without a qualified user: android.app.ContextImpl.sendBroadcast:1181 android.content.ContextWrapper.sendBroadcast:479 cn.eben.newweather.DateWeatherService.a:19 cn.eben.newweather.DateWeatherService.a:0 cn.eben.newweather.DateWeatherService$1.handleMessage:7
05-12 09:51:45.003 1306 1306 W ContextImpl: Calling a method in the system process without a qualified user: android.app.ContextImpl.sendBroadcast:1181 android.content.ContextWrapper.sendBroadcast:479 cn.eben.newweather.DateWeatherService.a:19 cn.eben.newweather.DateWeatherService.a:0 cn.eben.newweather.DateWeatherService$1.handleMessage:7
05-12 09:51:46.001 1306 1306 W ContextImpl: Calling a method in the system process without a qualified user: android.app.ContextImpl.sendBroadcast:1181 android.content.ContextWrapper.sendBroadcast:479 cn.eben.newweather.DateWeatherService.a:19 cn.eben.newweather.DateWeatherService.a:0 cn.eben.newweather.DateWeatherService$1.handleMessage:7
05-12 09:51:46.875 621 662 V DisplayPowerController[0]: Brightness [0.05] reason changing to: 'manual [ dim ]', previous reason: 'manual'.
05-12 09:51:47.001 1306 1306 W ContextImpl: Calling a method in the system process without a qualified user: android.app.ContextImpl.sendBroadcast:1181 android.content.ContextWrapper.sendBroadcast:479 cn.eben.newweather.DateWeatherService.a:19 cn.eben.newweather.DateWeatherService.a:0 cn.eben.newweather.DateWeatherService$1.handleMessage:7
05-12 09:51:48.003 1306 1306 W ContextImpl: Calling a method in the system process without a qualified user: android.app.ContextImpl.sendBroadcast:1181 android.content.ContextWrapper.sendBroadcast:479 cn.eben.newweather.DateWeatherService.a:19 cn.eben.newweather.DateWeatherService.a:0 cn.eben.newweather.DateWeatherService$1.handleMessage:7
05-12 09:51:48.569 621 2478 W ContentProviderHelper: Permission Denial: opening provider com.android.providers.contacts.ContactsProvider2 from ProcessRecord{f2a0ab0 1686:cn.eben.sync/u0a63} (pid=1686, uid=10063) requires android.permission.READ_CONTACTS or android.permission.WRITE_CONTACTS
05-12 09:51:49.002 1306 1306 W ContextImpl: Calling a method in the system process without a qualified user: android.app.ContextImpl.sendBroadcast:1181 android.content.ContextWrapper.sendBroadcast:479 cn.eben.newweather.DateWeatherService.a:19 cn.eben.newweather.DateWeatherService.a:0 cn.eben.newweather.DateWeatherService$1.handleMessage:7
05-12 09:51:50.001 1306 1306 W ContextImpl: Calling a method in the system process without a qualified user: android.app.ContextImpl.sendBroadcast:1181 android.content.ContextWrapper.sendBroadcast:479 cn.eben.newweather.DateWeatherService.a:19 cn.eben.newweather.DateWeatherService.a:0 cn.eben.newweather.DateWeatherService$1.handleMessage:7
05-12 09:51:51.002 1306 1306 W ContextImpl: Calling a method in the system process without a qualified user: android.app.ContextImpl.sendBroadcast:1181 android.content.ContextWrapper.sendBroadcast:479 cn.eben.newweather.DateWeatherService.a:19 cn.eben.newweather.DateWeatherService.a:0 cn.eben.newweather.DateWeatherService$1.handleMessage:7
05-12 09:51:52.003 1306 1306 W ContextImpl: Calling a method in the system process without a qualified user: android.app.ContextImpl.sendBroadcast:1181 android.content.ContextWrapper.sendBroadcast:479 cn.eben.newweather.DateWeatherService.a:19 cn.eben.newweather.DateWeatherService.a:0 cn.eben.newweather.DateWeatherService$1.handleMessage:7
05-12 09:51:53.002 1306 1306 W ContextImpl: Calling a method in the system process without a qualified user: android.app.ContextImpl.sendBroadcast:1181 android.content.ContextWrapper.sendBroadcast:479 cn.eben.newweather.DateWeatherService.a:19 cn.eben.newweather.DateWeatherService.a:0 cn.eben.newweather.DateWeatherService$1.handleMessage:7
05-12 09:51:53.575 621 2478 W ContentProviderHelper: Permission Denial: opening provider com.android.providers.contacts.ContactsProvider2 from ProcessRecord{f2a0ab0 1686:cn.eben.sync/u0a63} (pid=1686, uid=10063) requires android.permission.READ_CONTACTS or android.permission.WRITE_CONTACTS
05-12 09:51:54.002 1306 1306 W ContextImpl: Calling a method in the system process without a qualified user: android.app.ContextImpl.sendBroadcast:1181 android.content.ContextWrapper.sendBroadcast:479 cn.eben.newweather.DateWeatherService.a:19 cn.eben.newweather.DateWeatherService.a:0 cn.eben.newweather.DateWeatherService$1.handleMessage:7
05-12 09:51:55.002 1306 1306 W ContextImpl: Calling a method in the system process without a qualified user: android.app.ContextImpl.sendBroadcast:1181 android.content.ContextWrapper.sendBroadcast:479 cn.eben.newweather.DateWeatherService.a:19 cn.eben.newweather.DateWeatherService.a:0 cn.eben.newweather.DateWeatherService$1.handleMessage:7
05-12 09:51:55.164 621 662 I PowerManagerService: Powering off display group due to timeout (groupId= 0, uid= 1000)...
05-12 09:51:55.164 621 662 I PowerManagerService: Going to sleep due to timeout (uid 1000)...
05-12 09:51:55.227 621 662 V DisplayPowerController[0]: Brightness [0.5472441] reason changing to: 'manual', previous reason: 'manual [ dim ]'.
05-12 09:51:55.663 621 662 I DisplayPowerController[0]: Blocking screen off
05-12 09:51:55.672 621 662 I DisplayPowerController[0]: Unblocked screen off after 9 ms
05-12 09:51:55.688 621 662 D ActivityTaskManager: Top Process State changed to PROCESS_STATE_TOP_SLEEPING
05-12 09:51:55.721 621 662 V DisplayPowerController[0]: Brightness [0.003937008] reason changing to: 'screen_off', previous reason: 'manual'.
05-12 10:04:26.740 477 477 I gsensor_mxc6655 5-0015: set sensor poll time to 200ms
05-12 10:04:26.749 331 331 W audit : audit_lost=479 audit_rate_limit=5 audit_backlog_limit=64
05-12 10:04:26.749 331 331 E audit : rate limit exceeded
05-12 10:04:26.764 439 439 W healthd : battery l=100 v=8500 t=27.5 h=1 st=3 c=-256000 fc=9700000 cc=7 chg=
05-12 09:51:55.733 621 641 I DisplayDeviceRepository: Display device changed state: "内置屏幕", OFF
05-12 09:51:56.002 1306 1306 W ContextImpl: Calling a method in the system process without a qualified user: android.app.ContextImpl.sendBroadcast:1181 android.content.ContextWrapper.sendBroadcast:479 cn.eben.newweather.DateWeatherService.a:19 cn.eben.newweather.DateWeatherService.a:0 cn.eben.newweather.DateWeatherService$1.handleMessage:7
05-12 10:04:27.109 352 352 I rockchip-vop2 fdd90000.vop: [drm:vop2_crtc_atomic_disable] Crtc atomic disable vp2
05-12 10:04:27.122 352 352 E rockchip-vop2 fdd90000.vop: [drm:vop2_crtc_atomic_disable] *ERROR* unexpected power on pd7
05-12 09:51:56.093 621 662 I PowerManagerService: Sleeping display group (groupId=0, uid=1000)...
05-12 09:51:56.093 621 662 I PowerManagerService: Sleeping (uid 1000)...
05-12 09:51:56.131 621 635 W ActivityManager: Ignoring request to force stop protected package u0
05-12 10:04:27.255 2336 2336 I PM : suspend entry (deep)
05-12 10:04:27.275 2336 2336 I Filesystems sync: 0.019 seconds
05-12 10:04:27.275 2336 2336 I : Freezing user space processes ... (elapsed 0.005 seconds) done.
05-12 10:04:27.280 2336 2336 I : OOM killer disabled.
05-12 10:04:27.281 2336 2336 I : Freezing remaining freezable tasks ... (elapsed 0.118 seconds) done.
05-12 10:04:27.399 2336 2336 I printk : Suspending console(s) (use no_console_suspend to debug)
05-12 10:04:27.487 2336 2336 E regulator-dummy: Underflow of regulator enable count
05-12 10:04:27.487 2336 2336 E wacom_i2c 4-0009: disable regulator failed -22
05-12 10:04:27.728 2336 2336 I : Disabling non-boot CPUs ...
05-12 10:04:27.729 2336 2336 I psci : CPU1 killed (polled 0 ms)
05-12 10:04:27.731 2336 2336 I psci : CPU2 killed (polled 0 ms)
05-12 10:04:27.733 2336 2336 I psci : CPU3 killed (polled 0 ms)
05-12 10:04:27.734 2336 2336 I psci : CPU4 killed (polled 0 ms)
05-12 10:04:27.736 2336 2336 I psci : CPU5 killed (polled 0 ms)
05-12 10:04:27.738 2336 2336 I psci : CPU6 killed (polled 0 ms)
05-12 10:04:27.740 2336 2336 I psci : CPU7 killed (polled 0 ms)
05-12 10:04:31.041 0 0 W [ C0] PM: pm_system_irq_wakeup: 114 triggered hym8563
05-12 10:04:31.041 2336 2336 I : Enabling non-boot CPUs ...
05-12 10:04:31.042 0 0 I : Detected VIPT I-cache on CPU1
05-12 10:04:31.042 0 0 I GICv3 : CPU1: found redistributor 100 region 0:0x00000000fe6a0000
05-12 10:04:31.042 0 0 I CPU1 : Booted secondary processor 0x0000000100 [0x412fd050]
05-12 10:04:31.043 2336 2336 I : CPU1 is up
05-12 10:04:31.044 0 0 I : Detected VIPT I-cache on CPU2
05-12 10:04:31.044 0 0 I GICv3 : CPU2: found redistributor 200 region 0:0x00000000fe6c0000
05-12 10:04:31.044 0 0 I CPU2 : Booted secondary processor 0x0000000200 [0x412fd050]
05-12 10:04:31.044 2336 2336 I : CPU2 is up
05-12 10:04:31.045 0 0 I : Detected VIPT I-cache on CPU3
05-12 10:04:31.045 0 0 I GICv3 : CPU3: found redistributor 300 region 0:0x00000000fe6e0000
05-12 10:04:31.045 0 0 I CPU3 : Booted secondary processor 0x0000000300 [0x412fd050]
05-12 10:04:31.045 2336 2336 I : CPU3 is up
05-12 10:04:31.046 0 0 I : Detected PIPT I-cache on CPU4
05-12 10:04:31.046 0 0 I GICv3 : CPU4: found redistributor 400 region 0:0x00000000fe700000
05-12 10:04:31.046 0 0 I CPU4 : Booted secondary processor 0x0000000400 [0x414fd0b0]
05-12 10:04:31.047 2336 2336 I : CPU4 is up
05-12 10:04:31.048 0 0 I : Detected PIPT I-cache on CPU5
05-12 10:04:31.048 0 0 I GICv3 : CPU5: found redistributor 500 region 0:0x00000000fe720000
05-12 10:04:31.048 0 0 I CPU5 : Booted secondary processor 0x0000000500 [0x414fd0b0]
05-12 10:04:31.049 2336 2336 I : CPU5 is up
05-12 10:04:31.050 0 0 I : Detected PIPT I-cache on CPU6
05-12 10:04:31.050 0 0 I GICv3 : CPU6: found redistributor 600 region 0:0x00000000fe740000
05-12 10:04:31.050 0 0 I CPU6 : Booted secondary processor 0x0000000600 [0x414fd0b0]
05-12 10:04:31.051 2336 2336 I : CPU6 is up
05-12 10:04:31.052 0 0 I : Detected PIPT I-cache on CPU7
05-12 10:04:31.052 0 0 I GICv3 : CPU7: found redistributor 700 region 0:0x00000000fe760000
05-12 10:04:31.052 0 0 I CPU7 : Booted secondary processor 0x0000000700 [0x414fd0b0]
05-12 10:04:31.053 2336 2336 I : CPU7 is up
05-12 10:04:31.059 2336 2336 I rk_gmac-dwmac fe1c0000.ethernet: init for RGMII
05-12 10:04:31.059 2673 2673 I usb1 : root hub lost power or was reset
05-12 10:04:31.064 2336 2336 E PM : dpm_run_callback(): wacom_i2c_resume+0x0/0xdc returns -6
05-12 10:04:31.064 2336 2336 E PM : Device 4-0009 failed to resume: error -6
05-12 10:04:31.126 2336 2336 I usb2 : root hub lost power or was reset
05-12 10:04:31.220 2336 2336 I : OOM killer enabled.
05-12 10:04:31.220 2336 2336 I : Restarting tasks ... done.
05-12 10:04:31.232 2635 2635 I : mmc_host mmc0: Bus speed (slot 0) = 400000Hz (slot req 400000Hz, actual 400000HZ div = 0)
05-12 10:04:31.233 2336 2336 I : Resume caused by IRQ 114, hym8563
05-12 10:04:31.233 2336 2336 I PM : suspend exit
05-12 09:52:00.301 1306 1306 W ContextImpl: Calling a method in the system process without a qualified user: android.app.ContextImpl.sendBroadcast:1181 android.content.ContextWrapper.sendBroadcast:479 cn.eben.newweather.DateWeatherService.a:19 cn.eben.newweather.DateWeatherService.a:0 cn.eben.newweather.DateWeatherService$1.handleMessage:7
05-12 10:04:31.333 2336 2336 I PM : suspend entry (deep)
05-12 10:04:31.410 2635 2635 I : mmc_host mmc0: Bus speed (slot 0) = 49500000Hz (slot req 50000000Hz, actual 49500000HZ div = 0)
05-12 09:52:00.430 621 2478 I WindowManager: finishDrawing of orientation change: Window{8c17c23 u0 NotificationShade} 107ms
05-12 10:04:32.023 2336 2336 I Filesystems sync: 0.689 seconds
05-12 10:04:32.023 2336 2336 I : Freezing user space processes ...
05-12 10:04:32.029 2336 2336 I PM : PM: Last active Wakeup Source: gpu
05-12 10:04:32.029 2336 2336 E : Freezing of tasks aborted after 0.006 seconds
05-12 10:04:32.029 2336 2336 I : OOM killer enabled.
05-12 10:04:32.029 2336 2336 I : Restarting tasks ... done.
05-12 10:04:32.034 2336 2336 I Abort : Last active Wakeup Source: gpu
05-12 10:04:32.034 2336 2336 I PM : suspend exit
05-12 09:52:01.003 1306 1306 W ContextImpl: Calling a method in the system process without a qualified user: android.app.ContextImpl.sendBroadcast:1181 android.content.ContextWrapper.sendBroadcast:479 cn.eben.newweather.DateWeatherService.a:19 cn.eben.newweather.DateWeatherService.a:0 cn.eben.newweather.DateWeatherService$1.handleMessage:7
05-12 10:04:32.236 2336 2336 I PM : suspend entry (deep)
05-12 10:04:32.242 2336 2336 I Filesystems sync: 0.005 seconds
05-12 10:04:32.242 2336 2336 I : Freezing user space processes ... (elapsed 0.007 seconds) done.
05-12 10:04:32.250 2336 2336 I : OOM killer disabled.
05-12 10:04:32.250 2336 2336 I : Freezing remaining freezable tasks ... (elapsed 0.006 seconds) done.
05-12 10:04:32.256 2336 2336 I printk : Suspending console(s) (use no_console_suspend to debug)
05-12 10:04:32.334 2336 2336 E regulator-dummy: Underflow of regulator enable count
05-12 10:04:32.334 2336 2336 E wacom_i2c 4-0009: disable regulator failed -22
05-12 10:04:32.574 2336 2336 I : Disabling non-boot CPUs ...
05-12 10:04:32.576 2336 2336 I psci : CPU1 killed (polled 0 ms)
05-12 10:04:32.578 2336 2336 I psci : CPU2 killed (polled 4 ms)
05-12 10:04:32.580 2336 2336 I psci : CPU3 killed (polled 0 ms)
05-12 10:04:32.582 2336 2336 I psci : CPU4 killed (polled 0 ms)
05-12 10:04:32.583 2336 2336 I psci : CPU5 killed (polled 0 ms)
05-12 10:04:32.584 2336 2336 I psci : CPU6 killed (polled 0 ms)
05-12 10:04:32.586 2336 2336 I psci : CPU7 killed (polled 0 ms)
05-12 10:06:31.040 0 0 W [ C0] PM: pm_system_irq_wakeup: 114 triggered hym8563
05-12 10:06:31.041 2336 2336 I : Enabling non-boot CPUs ...
05-12 10:06:31.042 0 0 I : Detected VIPT I-cache on CPU1
05-12 10:06:31.042 0 0 I GICv3 : CPU1: found redistributor 100 region 0:0x00000000fe6a0000
05-12 10:06:31.042 0 0 I CPU1 : Booted secondary processor 0x0000000100 [0x412fd050]
05-12 10:06:31.042 2336 2336 I : CPU1 is up
05-12 10:06:31.043 0 0 I : Detected VIPT I-cache on CPU2
05-12 10:06:31.043 0 0 I GICv3 : CPU2: found redistributor 200 region 0:0x00000000fe6c0000
05-12 10:06:31.043 0 0 I CPU2 : Booted secondary processor 0x0000000200 [0x412fd050]
05-12 10:06:31.044 2336 2336 I : CPU2 is up
05-12 10:06:31.045 0 0 I : Detected VIPT I-cache on CPU3
05-12 10:06:31.045 0 0 I GICv3 : CPU3: found redistributor 300 region 0:0x00000000fe6e0000
05-12 10:06:31.045 0 0 I CPU3 : Booted secondary processor 0x0000000300 [0x412fd050]
05-12 10:06:31.045 2336 2336 I : CPU3 is up
05-12 10:06:31.046 0 0 I : Detected PIPT I-cache on CPU4
05-12 10:06:31.046 0 0 I GICv3 : CPU4: found redistributor 400 region 0:0x00000000fe700000
05-12 10:06:31.047 0 0 I CPU4 : Booted secondary processor 0x0000000400 [0x414fd0b0]
05-12 10:06:31.047 2336 2336 I : CPU4 is up
05-12 10:06:31.048 0 0 I : Detected PIPT I-cache on CPU5
05-12 10:06:31.048 0 0 I GICv3 : CPU5: found redistributor 500 region 0:0x00000000fe720000
05-12 10:06:31.049 0 0 I CPU5 : Booted secondary processor 0x0000000500 [0x414fd0b0]
05-12 10:06:31.049 2336 2336 I : CPU5 is up
05-12 10:06:31.050 0 0 I : Detected PIPT I-cache on CPU6
05-12 10:06:31.050 0 0 I GICv3 : CPU6: found redistributor 600 region 0:0x00000000fe740000
05-12 10:06:31.050 0 0 I CPU6 : Booted secondary processor 0x0000000600 [0x414fd0b0]
05-12 10:06:31.051 2336 2336 I : CPU6 is up
05-12 10:06:31.052 0 0 I : Detected PIPT I-cache on CPU7
05-12 10:06:31.052 0 0 I GICv3 : CPU7: found redistributor 700 region 0:0x00000000fe760000
05-12 10:06:31.052 0 0 I CPU7 : Booted secondary processor 0x0000000700 [0x414fd0b0]
05-12 10:06:31.053 2336 2336 I : CPU7 is up
05-12 10:06:31.059 2336 2336 I rk_gmac-dwmac fe1c0000.ethernet: init for RGMII
05-12 10:06:31.059 2670 2670 I usb1 : root hub lost power or was reset
05-12 10:06:31.065 2336 2336 E PM : dpm_run_callback(): wacom_i2c_resume+0x0/0xdc returns -6
05-12 10:06:31.065 2336 2336 E PM : Device 4-0009 failed to resume: error -6
05-12 10:06:31.126 2336 2336 I usb2 : root hub lost power or was reset
05-12 10:06:31.223 2336 2336 I : OOM killer enabled.
05-12 10:06:31.223 2336 2336 I : Restarting tasks ... done.
05-12 10:06:31.234 2336 2336 I : Resume caused by IRQ 114, hym8563
05-12 10:06:31.234 2336 2336 I PM : suspend exit
05-12 10:06:31.236 2665 2665 I : mmc_host mmc0: Bus speed (slot 0) = 400000Hz (slot req 400000Hz, actual 400000HZ div = 0)
05-12 10:06:31.335 2336 2336 I PM : suspend entry (deep)
05-12 09:54:00.334 621 700 W ContentProviderHelper: Permission Denial: opening provider com.android.providers.contacts.ContactsProvider2 from ProcessRecord{f2a0ab0 1686:cn.eben.sync/u0a63} (pid=1686, uid=10063) requires android.permission.READ_CONTACTS or android.permission.WRITE_CONTACTS
05-12 10:06:31.420 2665 2665 I : mmc_host mmc0: Bus speed (slot 0) = 49500000Hz (slot req 50000000Hz, actual 49500000HZ div = 0)
05-12 10:06:31.436 2336 2336 I Filesystems sync: 0.101 seconds
05-12 09:54:25.309 1306 1306 W ContextImpl: Calling a method in the system process without a qualified user: android.app.ContextImpl.sendBroadcast:1181 android.content.ContextWrapper.sendBroadcast:479 cn.eben.newweather.DateWeatherService.a:19 cn.eben.newweather.DateWeatherService.a:0 cn.eben.newweather.DateWeatherService$1.handleMessage:7
05-12 10:06:31.436 2336 2336 I : Freezing user space processes ... (elapsed 0.006 seconds) done.
05-12 10:06:31.443 2336 2336 I : OOM killer disabled.
05-12 10:06:31.443 2336 2336 I : Freezing remaining freezable tasks ... (elapsed 0.208 seconds) done.
05-12 10:06:31.652 2336 2336 I printk : Suspending console(s) (use no_console_suspend to debug)
05-12 10:06:31.725 2336 2336 E regulator-dummy: Underflow of regulator enable count
05-12 10:06:31.725 2336 2336 E wacom_i2c 4-0009: disable regulator failed -22
05-12 10:06:31.961 2336 2336 I : Disabling non-boot CPUs ...
05-12 10:06:31.962 2336 2336 I psci : CPU1 killed (polled 0 ms)
05-12 10:06:31.964 2336 2336 I psci : CPU2 killed (polled 0 ms)
05-12 10:06:31.965 2336 2336 I psci : CPU3 killed (polled 0 ms)
05-12 10:06:31.966 2336 2336 I psci : CPU4 killed (polled 0 ms)
05-12 10:06:31.968 2336 2336 I psci : CPU5 killed (polled 0 ms)
05-12 10:06:31.969 2336 2336 I psci : CPU6 killed (polled 0 ms)
05-12 10:06:31.970 2336 2336 I psci : CPU7 killed (polled 0 ms)
05-12 10:06:56.152 0 0 W [ C0] PM: pm_system_irq_wakeup: 106 triggered rk806
05-12 10:06:56.152 2336 2336 I : Enabling non-boot CPUs ...
05-12 10:06:56.153 0 0 I : Detected VIPT I-cache on CPU1
05-12 10:06:56.153 0 0 I GICv3 : CPU1: found redistributor 100 region 0:0x00000000fe6a0000
05-12 10:06:56.153 0 0 I CPU1 : Booted secondary processor 0x0000000100 [0x412fd050]
05-12 10:06:56.154 2336 2336 I : CPU1 is up
05-12 10:06:56.155 0 0 I : Detected VIPT I-cache on CPU2
05-12 10:06:56.155 0 0 I GICv3 : CPU2: found redistributor 200 region 0:0x00000000fe6c0000
05-12 10:06:56.155 0 0 I CPU2 : Booted secondary processor 0x0000000200 [0x412fd050]
05-12 10:06:56.156 2336 2336 I : CPU2 is up
05-12 10:06:56.157 0 0 I : Detected VIPT I-cache on CPU3
05-12 10:06:56.157 0 0 I GICv3 : CPU3: found redistributor 300 region 0:0x00000000fe6e0000
05-12 10:06:56.157 0 0 I CPU3 : Booted secondary processor 0x0000000300 [0x412fd050]
05-12 10:06:56.157 2336 2336 I : CPU3 is up
05-12 10:06:56.158 0 0 I : Detected PIPT I-cache on CPU4
05-12 10:06:56.158 0 0 I GICv3 : CPU4: found redistributor 400 region 0:0x00000000fe700000
05-12 10:06:56.158 0 0 I CPU4 : Booted secondary processor 0x0000000400 [0x414fd0b0]
05-12 10:06:56.159 2336 2336 I : CPU4 is up
05-12 10:06:56.160 0 0 I : Detected PIPT I-cache on CPU5
05-12 10:06:56.160 0 0 I GICv3 : CPU5: found redistributor 500 region 0:0x00000000fe720000
05-12 10:06:56.160 0 0 I CPU5 : Booted secondary processor 0x0000000500 [0x414fd0b0]
05-12 09:54:25.312 621 704 I PowerManagerService: Powering on display group fromAsleep (groupId=0, uid=1000, reason=WAKE_REASON_POWER_BUTTON, details=android.policy:POWER)...
05-12 10:06:56.161 2336 2336 I : CPU5 is up
05-12 10:06:56.162 0 0 I : Detected PIPT I-cache on CPU6
05-12 09:54:25.312 621 704 I PowerManagerService: Waking up from Asleep (uid=1000, reason=WAKE_REASON_POWER_BUTTON, details=android.policy:POWER)...
05-12 10:06:56.162 0 0 I GICv3 : CPU6: found redistributor 600 region 0:0x00000000fe740000
05-12 10:06:56.162 0 0 I CPU6 : Booted secondary processor 0x0000000600 [0x414fd0b0]
05-12 10:06:56.163 2336 2336 I : CPU6 is up
05-12 10:06:56.164 0 0 I : Detected PIPT I-cache on CPU7
05-12 10:06:56.164 0 0 I GICv3 : CPU7: found redistributor 700 region 0:0x00000000fe760000
05-12 10:06:56.164 0 0 I CPU7 : Booted secondary processor 0x0000000700 [0x414fd0b0]
05-12 10:06:56.165 2336 2336 I : CPU7 is up
05-12 10:06:56.171 2336 2336 I rk_gmac-dwmac fe1c0000.ethernet: init for RGMII
05-12 10:06:56.172 2345 2345 I usb1 : root hub lost power or was reset
05-12 10:06:56.177 2336 2336 E PM : dpm_run_callback(): wacom_i2c_resume+0x0/0xdc returns -6
05-12 10:06:56.177 2336 2336 E PM : Device 4-0009 failed to resume: error -6
05-12 10:06:56.238 2336 2336 I usb2 : root hub lost power or was reset
05-12 10:06:56.333 2336 2336 I : OOM killer enabled.
05-12 10:06:56.333 2336 2336 I : Restarting tasks ... done.
05-12 10:06:56.344 2336 2336 I : Resume caused by IRQ 106, rk806
05-12 10:06:56.344 2336 2336 I PM : suspend exit
05-12 09:54:25.314 621 662 I DisplayPowerController[0]: Blocking screen on until initial contents have been drawn.
05-12 09:54:25.315 621 662 V DisplayPowerController[0]: Brightness [0.5472441] reason changing to: 'manual', previous reason: 'screen_off'.
05-12 09:54:25.316 621 621 I WindowManager: Suppressed redundant power key press while already in the process of turning the screen on.
05-12 09:54:25.316 621 641 I DisplayDeviceRepository: Display device changed state: "内置屏幕", ON
05-12 09:54:25.320 2559 2559 W ViewRootImpl[SoundRecorder]: Cancelling event (window is stopped):MotionEvent { action=ACTION_CANCEL, actionButton=0, id[0]=0, x[0]=976.1573, y[0]=1913.7373, toolType[0]=TOOL_TYPE_STYLUS, buttonState=0, classification=NONE, metaState=0, flags=0x0, edgeFlags=0x0, pointerCount=1, historySize=0, eventTime=1485251, downTime=1419557, deviceId=7, source=0x5002, displayId=0, eventId=1554152657 }
05-12 09:54:25.320 1056 1056 W ViewRootImpl[QuickstepLauncher]: Cancelling event (window is stopped):MotionEvent { action=ACTION_CANCEL, actionButton=0, id[0]=0, x[0]=194.87733, y[0]=239.56871, toolType[0]=TOOL_TYPE_STYLUS, buttonState=0, classification=NONE, metaState=0, flags=0x0, edgeFlags=0x0, pointerCount=1, historySize=0, eventTime=1485251, downTime=202497, deviceId=7, source=0x5002, displayId=0, eventId=1274190729 }
05-12 09:54:25.320 2559 2559 W ViewRootImpl[SoundRecorder]: Cancelling event (window is stopped):MotionEvent { action=ACTION_CANCEL, actionButton=0, id[0]=0, x[0]=976.1573, y[0]=1913.7373, toolType[0]=TOOL_TYPE_STYLUS, buttonState=0, classification=NONE, metaState=0, flags=0x0, edgeFlags=0x0, pointerCount=1, historySize=0, eventTime=1485251, downTime=1419557, deviceId=7, source=0x5002, displayId=0, eventId=1554152657 }
05-12 09:54:25.320 1056 1056 W ViewRootImpl[QuickstepLauncher]: Cancelling event (window is stopped):MotionEvent { action=ACTION_CANCEL, actionButton=0, id[0]=0, x[0]=194.87733, y[0]=239.56871, toolType[0]=TOOL_TYPE_STYLUS, buttonState=0, classification=NONE, metaState=0, flags=0x0, edgeFlags=0x0, pointerCount=1, historySize=0, eventTime=1485251, downTime=202497, deviceId=7, source=0x5002, displayId=0, eventId=1274190729 }
05-12 10:06:56.350 2635 2635 I : mmc_host mmc0: Bus speed (slot 0) = 400000Hz (slot req 400000Hz, actual 400000HZ div = 0)
05-12 09:54:25.320 2559 2559 W ViewRootImpl[SoundRecorder]: Cancelling event (window is stopped):MotionEvent { action=ACTION_CANCEL, actionButton=0, id[0]=0, x[0]=976.1573, y[0]=1913.7373, toolType[0]=TOOL_TYPE_STYLUS, buttonState=0, classification=NONE, metaState=0, flags=0x0, edgeFlags=0x0, pointerCount=1, historySize=0, eventTime=1485251, downTime=1419557, deviceId=7, source=0x5002, displayId=0, eventId=1554152657 }
05-12 09:54:25.320 1056 1056 W ViewRootImpl[QuickstepLauncher]: Cancelling event (window is stopped):MotionEvent { action=ACTION_CANCEL, actionButton=0, id[0]=0, x[0]=194.87733, y[0]=239.56871, toolType[0]=TOOL_TYPE_STYLUS, buttonState=0, classification=NONE, metaState=0, flags=0x0, edgeFlags=0x0, pointerCount=1, historySize=0, eventTime=1485251, downTime=202497, deviceId=7, source=0x5002, displayId=0, eventId=1274190729 }
05-12 09:54:25.320 2559 2559 W ViewRootImpl[SoundRecorder]: Cancelling event (window is stopped):MotionEvent { action=ACTION_CANCEL, actionButton=0, id[0]=0, x[0]=976.1573, y[0]=1913.7373, toolType[0]=TOOL_TYPE_STYLUS, buttonState=0, classification=NONE, metaState=0, flags=0x0, edgeFlags=0x0, pointerCount=1, historySize=0, eventTime=1485251, downTime=1419557, deviceId=7, source=0x5002, displayId=0, eventId=1554152657 }
05-12 09:54:25.320 1056 1056 W ViewRootImpl[QuickstepLauncher]: Cancelling event (window is stopped):MotionEvent { action=ACTION_CANCEL, actionButton=0, id[0]=0, x[0]=194.87733, y[0]=239.56871, toolType[0]=TOOL_TYPE_STYLUS, buttonState=0, classification=NONE, metaState=0, flags=0x0, edgeFlags=0x0, pointerCount=1, historySize=0, eventTime=1485251, downTime=202497, deviceId=7, source=0x5002, displayId=0, eventId=1274190729 }
05-12 10:06:56.360 447 447 I gsensor_mxc6655 5-0015: set sensor poll time to 200ms
05-12 10:06:56.361 447 447 I gsensor_mxc6655 5-0015: sensor on: starting poll sensor data 196ms
05-12 10:06:56.378 352 352 W : <<-GTP-ERROR->> I2C Read: 0x8047, 1 bytes failed, errcode: -6! Process reset.
05-12 10:09:22.324 439 439 W healthd : battery l=100 v=8592 t=27.5 h=1 st=3 c=0 fc=9700000 cc=7 chg=
05-12 10:09:22.385 447 447 I gsensor_mxc6655 5-0015: set sensor poll time to 66ms
05-12 09:54:25.419 621 662 I DisplayPowerController[0]: Unblocked screen on after 104 ms
05-12 10:09:22.410 352 352 W : <<-GTP-ERROR->> GTP i2c test failed time 1.
05-12 10:09:22.471 2635 2635 I : mmc_host mmc0: Bus speed (slot 0) = 49500000Hz (slot req 50000000Hz, actual 49500000HZ div = 0)
05-12 09:54:26.002 1306 1306 W ContextImpl: Calling a method in the system process without a qualified user: android.app.ContextImpl.sendBroadcast:1181 android.content.ContextWrapper.sendBroadcast:479 cn.eben.newweather.DateWeatherService.a:19 cn.eben.newweather.DateWeatherService.a:0 cn.eben.newweather.DateWeatherService$1.handleMessage:7
05-12 10:09:23.001 352 352 I rockchip-vop2 fdd90000.vop: [drm:vop2_crtc_atomic_enable] Update mode to 1536x2048p55, type: 16(if:60) for vp2 dclk: 192000000
05-12 10:09:23.002 352 352 I rockchip-vop2 fdd90000.vop: [drm:vop2_crtc_atomic_enable] dclk_out2 div: 2 dclk_core2 div: 1
05-12 10:09:23.002 352 352 I rockchip-vop2 fdd90000.vop: [drm:vop2_crtc_atomic_enable] set dclk_vop2 to 96000000, get 96000000
05-12 09:54:26.042 621 621 W Looper : Slow dispatch took 706ms main h=android.app.ActivityThread$H c=android.app.LoadedApk$ReceiverDispatcher$Args$$ExternalSyntheticLambda0@16980ec m=0
05-12 09:54:26.042 621 621 W Looper : Slow delivery took 703ms main h=com.android.server.notification.NotificationManagerService$WorkerHandler c=com.android.server.notification.NotificationManagerService$NotificationAssistants$$ExternalSyntheticLambda5@1bbfcb5 m=0
05-12 09:54:26.045 621 621 W Looper : Drained
05-12 10:09:23.510 352 352 I dw-mipi-dsi2 fde20000.dsi: [drm:dw_mipi_dsi2_encoder_enable] final DSI-Link bandwidth: 639999 x 8 Kbps
05-12 09:54:26.549 621 662 W PowerManagerService: Screen on took 1413 ms
05-12 09:54:27.002 1306 1306 W ContextImpl: Calling a method in the system process without a qualified user: android.app.ContextImpl.sendBroadcast:1181 android.content.ContextWrapper.sendBroadcast:479 cn.eben.newweather.DateWeatherService.a:19 cn.eben.newweather.DateWeatherService.a:0 cn.eben.newweather.DateWeatherService$1.handleMessage:7
05-12 09:54:28.002 1306 1306 W ContextImpl: Calling a method in the system process without a qualified user: android.app.ContextImpl.sendBroadcast:1181 android.content.ContextWrapper.sendBroadcast:479 cn.eben.newweather.DateWeatherService.a:19 cn.eben.newweather.DateWeatherService.a:0 cn.eben.newweather.DateWeatherService$1.handleMessage:7
05-12 09:54:29.002 1306 1306 W ContextImpl: Calling a method in the system process without a qualified user: android.app.ContextImpl.sendBroadcast:1181 android.content.ContextWrapper.sendBroadcast:479 cn.eben.newweather.DateWeatherService.a:19 cn.eben.newweather.DateWeatherService.a:0 cn.eben.newweather.DateWeatherService$1.handleMessage:7
05-12 09:54:29.522 621 2478 W ContentProviderHelper: Permission Denial: opening provider com.android.providers.contacts.ContactsProvider2 from ProcessRecord{f2a0ab0 1686:cn.eben.sync/u0a63} (pid=1686, uid=10063) requires android.permission.READ_CONTACTS or android.permission.WRITE_CONTACTS
05-12 09:54:30.002 1306 1306 W ContextImpl: Calling a method in the system process without a qualified user: android.app.ContextImpl.sendBroadcast:1181 android.content.ContextWrapper.sendBroadcast:479 cn.eben.newweather.DateWeatherService.a:19 cn.eben.newweather.DateWeatherService.a:0 cn.eben.newweather.DateWeatherService$1.handleMessage:7
05-12 09:54:31.002 1306 1306 W ContextImpl: Calling a method in the system process without a qualified user: android.app.ContextImpl.sendBroadcast:1181 android.content.ContextWrapper.sendBroadcast:479 cn.eben.newweather.DateWeatherService.a:19 cn.eben.newweather.DateWeatherService.a:0 cn.eben.newweather.DateWeatherService$1.handleMessage:7
05-12 09:54:32.002 1306 1306 W ContextImpl: Calling a method in the system process without a qualified user: android.app.ContextImpl.sendBroadcast:1181 android.content.ContextWrapper.sendBroadcast:479 cn.eben.newweather.DateWeatherService.a:19 cn.eben.newweather.DateWeatherService.a:0 cn.eben.newweather.DateWeatherService$1.handleMessage:7
05-12 09:54:33.002 1306 1306 W ContextImpl: Calling a method in the system process without a qualified user: android.app.ContextImpl.sendBroadcast:1181 android.content.ContextWrapper.sendBroadcast:479 cn.eben.newweather.DateWeatherService.a:19 cn.eben.newweather.DateWeatherService.a:0 cn.eben.newweather.DateWeatherService$1.handleMessage:7
05-12 09:54:33.145 621 662 V DisplayPowerController[0]: Brightness [0.05] reason changing to: 'manual [ dim ]', previous reason: 'manual'.
05-12 09:54:34.003 1306 1306 W ContextImpl: Calling a method in the system process without a qualified user: android.app.ContextImpl.sendBroadcast:1181 android.content.ContextWrapper.sendBroadcast:479 cn.eben.newweather.DateWeatherService.a:19 cn.eben.newweather.DateWeatherService.a:0 cn.eben.newweather.DateWeatherService$1.handleMessage:7
05-12 09:54:34.527 621 2478 W ContentProviderHelper: Permission Denial: opening provider com.android.providers.contacts.ContactsProvider2 from ProcessRecord{f2a0ab0 1686:cn.eben.sync/u0a63} (pid=1686, uid=10063) requires android.permission.READ_CONTACTS or android.permission.WRITE_CONTACTS
05-12 09:54:35.003 1306 1306 W ContextImpl: Calling a method in the system process without a qualified user: android.app.ContextImpl.sendBroadcast:1181 android.content.ContextWrapper.sendBroadcast:479 cn.eben.newweather.DateWeatherService.a:19 cn.eben.newweather.DateWeatherService.a:0 cn.eben.newweather.DateWeatherService$1.handleMessage:7
05-12 09:54:35.137 621 662 I PowerManagerService: Powering off display group due to timeout (groupId= 0, uid= 1000)...
05-12 09:54:35.138 621 662 I PowerManagerService: Going to sleep due to timeout (uid 1000)...
05-12 09:54:35.304 621 662 V DisplayPowerController[0]: Brightness [0.5472441] reason changing to: 'manual', previous reason: 'manual [ dim ]'.
05-12 09:54:35.724 621 662 I DisplayPowerController[0]: Blocking screen off
05-12 09:54:35.727 621 662 I DisplayPowerController[0]: Unblocked screen off after 3 ms
05-12 10:09:32.699 447 447 I gsensor_mxc6655 5-0015: set sensor poll time to 200ms
05-12 09:54:35.749 621 662 V DisplayPowerController[0]: Brightness [0.003937008] reason changing to: 'screen_off', previous reason: 'manual'.
05-12 09:54:35.752 621 641 I DisplayDeviceRepository: Display device changed state: "内置屏幕", OFF
05-12 10:09:32.739 439 439 W healthd : battery l=100 v=8494 t=27.5 h=1 st=3 c=-256000 fc=9700000 cc=7 chg=
05-12 09:54:36.002 1306 1306 W ContextImpl: Calling a method in the system process without a qualified user: android.app.ContextImpl.sendBroadcast:1181 android.content.ContextWrapper.sendBroadcast:479 cn.eben.newweather.DateWeatherService.a:19 cn.eben.newweather.DateWeatherService.a:0 cn.eben.newweather.DateWeatherService$1.handleMessage:7
05-12 10:09:33.013 352 352 I rockchip-vop2 fdd90000.vop: [drm:vop2_crtc_atomic_disable] Crtc atomic disable vp2
05-12 09:54:36.057 621 662 I PowerManagerService: Sleeping display group (groupId=0, uid=1000)...
05-12 09:54:36.057 621 662 I PowerManagerService: Sleeping (uid 1000)...
05-12 09:54:36.087 621 1996 W ActivityManager: Ignoring request to force stop protected package u0
05-12 10:09:33.173 2336 2336 I PM : suspend entry (deep)
05-12 10:09:33.185 2336 2336 I Filesystems sync: 0.012 seconds
05-12 10:09:33.185 2336 2336 I : Freezing user space processes ... (elapsed 0.007 seconds) done.
05-12 10:09:33.193 2336 2336 I : OOM killer disabled.
05-12 10:09:33.193 2336 2336 I : Freezing remaining freezable tasks ... (elapsed 0.050 seconds) done.
05-12 10:09:33.244 2336 2336 I printk : Suspending console(s) (use no_console_suspend to debug)
05-12 10:09:33.319 2336 2336 E regulator-dummy: Underflow of regulator enable count
05-12 10:09:33.319 2336 2336 E wacom_i2c 4-0009: disable regulator failed -22
05-12 10:09:33.546 2336 2336 I : Disabling non-boot CPUs ...
05-12 10:09:33.547 2336 2336 I psci : CPU1 killed (polled 0 ms)
05-12 10:09:33.549 2336 2336 I psci : CPU2 killed (polled 0 ms)
05-12 10:09:33.550 2336 2336 I psci : CPU3 killed (polled 0 ms)
05-12 10:09:33.552 2336 2336 I psci : CPU4 killed (polled 0 ms)
05-12 10:09:33.553 2336 2336 I psci : CPU5 killed (polled 0 ms)
05-12 10:09:33.555 2336 2336 I psci : CPU6 killed (polled 0 ms)
05-12 10:09:33.556 2336 2336 I psci : CPU7 killed (polled 0 ms)
05-12 10:10:56.976 0 0 W [ C0] PM: pm_system_irq_wakeup: 114 triggered hym8563
05-12 10:10:56.976 2336 2336 I : Enabling non-boot CPUs ...
05-12 10:10:56.977 0 0 I : Detected VIPT I-cache on CPU1
05-12 10:10:56.977 0 0 I GICv3 : CPU1: found redistributor 100 region 0:0x00000000fe6a0000
05-12 10:10:56.977 0 0 I CPU1 : Booted secondary processor 0x0000000100 [0x412fd050]
05-12 10:10:56.978 2336 2336 I : CPU1 is up
05-12 10:10:56.979 0 0 I : Detected VIPT I-cache on CPU2
05-12 10:10:56.979 0 0 I GICv3 : CPU2: found redistributor 200 region 0:0x00000000fe6c0000
05-12 10:10:56.979 0 0 I CPU2 : Booted secondary processor 0x0000000200 [0x412fd050]
05-12 10:10:56.979 2336 2336 I : CPU2 is up
05-12 10:10:56.980 0 0 I : Detected VIPT I-cache on CPU3
05-12 10:10:56.980 0 0 I GICv3 : CPU3: found redistributor 300 region 0:0x00000000fe6e0000
05-12 10:10:56.980 0 0 I CPU3 : Booted secondary processor 0x0000000300 [0x412fd050]
05-12 10:10:56.981 2336 2336 I : CPU3 is up
05-12 10:10:56.982 0 0 I : Detected PIPT I-cache on CPU4
05-12 10:10:56.982 0 0 I GICv3 : CPU4: found redistributor 400 region 0:0x00000000fe700000
05-12 10:10:56.982 0 0 I CPU4 : Booted secondary processor 0x0000000400 [0x414fd0b0]
05-12 10:10:56.983 2336 2336 I : CPU4 is up
05-12 10:10:56.984 0 0 I : Detected PIPT I-cache on CPU5
05-12 10:10:56.984 0 0 I GICv3 : CPU5: found redistributor 500 region 0:0x00000000fe720000
05-12 10:10:56.984 0 0 I CPU5 : Booted secondary processor 0x0000000500 [0x414fd0b0]
05-12 10:10:56.985 2336 2336 I : CPU5 is up
05-12 10:10:56.986 0 0 I : Detected PIPT I-cache on CPU6
05-12 10:10:56.986 0 0 I GICv3 : CPU6: found redistributor 600 region 0:0x00000000fe740000
05-12 10:10:56.986 0 0 I CPU6 : Booted secondary processor 0x0000000600 [0x414fd0b0]
05-12 10:10:56.987 2336 2336 I : CPU6 is up
05-12 10:10:56.988 0 0 I : Detected PIPT I-cache on CPU7
05-12 10:10:56.988 0 0 I GICv3 : CPU7: found redistributor 700 region 0:0x00000000fe760000
05-12 10:10:56.988 0 0 I CPU7 : Booted secondary processor 0x0000000700 [0x414fd0b0]
05-12 10:10:56.989 2336 2336 I : CPU7 is up
05-12 10:10:56.995 2336 2336 I rk_gmac-dwmac fe1c0000.ethernet: init for RGMII
05-12 10:10:56.995 2672 2672 I usb1 : root hub lost power or was reset
05-12 10:10:57.000 2336 2336 E PM : dpm_run_callback(): wacom_i2c_resume+0x0/0xdc returns -6
05-12 10:10:57.000 2336 2336 E PM : Device 4-0009 failed to resume: error -6
05-12 10:10:57.063 2336 2336 I usb2 : root hub lost power or was reset
05-12 10:10:57.158 2336 2336 I : OOM killer enabled.
05-12 10:10:57.158 2336 2336 I : Restarting tasks ...
