05-15 10:51:48.727 925 925 W ResourcesManager: failed to preload asset path '/data/resource-cache/com.android.systemui-accent-b2QH.frro'
05-15 10:51:48.727 925 925 W ResourcesManager: java.io.IOException: Failed to load asset path /data/resource-cache/data@resource-cache@com.android.systemui-accent-b2QH.frro@idmap
05-15 10:51:48.727 925 925 W ResourcesManager: at android.content.res.ApkAssets.nativeLoad(Native Method)
05-15 10:51:48.727 925 925 W ResourcesManager: at android.content.res.ApkAssets.(ApkAssets.java:295)
05-15 10:51:48.727 925 925 W ResourcesManager: at android.content.res.ApkAssets.loadOverlayFromPath(ApkAssets.java:215)
05-15 10:51:48.727 925 925 W ResourcesManager: at android.app.ResourcesManager.loadApkAssets(ResourcesManager.java:466)
05-15 10:51:48.727 925 925 W ResourcesManager: at android.app.ResourcesManager.access$000(ResourcesManager.java:85)
05-15 10:51:48.727 925 925 W ResourcesManager: at android.app.ResourcesManager$ApkAssetsSupplier.load(ResourcesManager.java:182)
05-15 10:51:48.727 925 925 W ResourcesManager: at android.app.ResourcesManager.createApkAssetsSupplierNotLocked(ResourcesManager.java:1035)
05-15 10:51:48.727 925 925 W ResourcesManager: at android.app.ResourcesManager.getResources(ResourcesManager.java:1156)
05-15 10:51:48.727 925 925 W ResourcesManager: at android.app.ContextImpl.createResources(ContextImpl.java:2463)
05-15 10:51:48.727 925 925 W ResourcesManager: at android.app.ContextImpl.createPackageContextAsUser(ContextImpl.java:2533)
05-15 10:51:48.727 925 925 W ResourcesManager: at android.app.ContextImpl.createContextAsUser(ContextImpl.java:2548)
05-15 10:51:48.727 925 925 W ResourcesManager: at android.content.ContextWrapper.createContextAsUser(ContextWrapper.java:1013)
05-15 10:51:48.727 925 925 W ResourcesManager: at android.content.ContextWrapper.createContextAsUser(ContextWrapper.java:1013)
05-15 10:51:48.727 925 925 W ResourcesManager: at com.android.internal.telephony.PackageChangeReceiver.register(PackageChangeReceiver.java:62)
05-15 10:51:48.727 925 925 W ResourcesManager: at com.android.internal.telephony.SmsApplication.initSmsPackageMonitor(SmsApplication.java:898)
05-15 10:51:48.727 925 925 W ResourcesManager: at com.android.internal.telephony.PhoneFactory.makeDefaultPhone(PhoneFactory.java:230)
05-15 10:51:48.727 925 925 W ResourcesManager: at com.android.internal.telephony.PhoneFactory.makeDefaultPhones(PhoneFactory.java:108)
05-15 10:51:48.727 925 925 W ResourcesManager: at com.android.phone.PhoneGlobals.onCreate(PhoneGlobals.java:400)
05-15 10:51:48.727 925 925 W ResourcesManager: at com.android.phone.PhoneApp.onCreate(PhoneApp.java:39)
05-15 10:51:48.727 925 925 W ResourcesManager: at android.app.Instrumentation.callApplicationOnCreate(Instrumentation.java:1223)
05-15 10:51:48.727 925 925 W ResourcesManager: at android.app.ActivityThread.handleBindApplication(ActivityThread.java:6762)
05-15 10:51:48.727 925 925 W ResourcesManager: at android.app.ActivityThread.access$1500(ActivityThread.java:256)
05-15 10:51:48.727 925 925 W ResourcesManager: at android.app.ActivityThread$H.handleMessage(ActivityThread.java:2091)
05-15 10:51:48.727 925 925 W ResourcesManager: at android.os.Handler.dispatchMessage(Handler.java:106)
05-15 10:51:48.727 925 925 W ResourcesManager: at android.os.Looper.loopOnce(Looper.java:201)
05-15 10:51:48.727 925 925 W ResourcesManager: at android.os.Looper.loop(Looper.java:288)
05-15 10:51:48.727 925 925 W ResourcesManager: at android.app.ActivityThread.main(ActivityThread.java:7870)
05-15 10:51:48.727 925 925 W ResourcesManager: at java.lang.reflect.Method.invoke(Native Method)
05-15 10:51:48.727 925 925 W ResourcesManager: at com.android.internal.os.RuntimeInit$MethodAndArgsCaller.run(RuntimeInit.java:548)
05-15 10:51:48.727 925 925 W ResourcesManager: at com.android.internal.os.ZygoteInit.main(ZygoteInit.java:1003)
05-15 10:51:48.728 1076 1076 I WebViewZygoteInit: Application preload done
05-15 10:51:48.728 621 782 D system_server: [c2.android.vorbis.decoder#939] MediaCodec discarded an unknown buffer
05-15 10:51:48.728 621 782 D system_server: [c2.android.vorbis.decoder#939] MediaCodec discarded an unknown buffer
05-15 10:51:48.729 621 782 I hw-BpHwBinder: onLastStrongRef automatically unlinking death recipients
05-15 10:51:48.729 526 1093 I hw-BpHwBinder: onLastStrongRef automatically unlinking death recipients
05-15 10:51:48.730 925 925 I PhoneFactory: Creating SubInfoRecordUpdater
05-15 10:51:48.730 925 925 D SubscriptionInfoUpdater: Constructor invoked
05-15 10:51:48.731 925 925 E m.android.phon: Invalid Idmap file: bad magic value (was 0x00000000, expected 0x504d4449)
05-15 10:51:48.731 925 925 E m.android.phon: failed to load IDMAP /data/resource-cache/data@resource-cache@com.android.systemui-neutral-TLBr.frro@idmap
05-15 10:51:48.732 621 778 D system_server: codecHandlesFormat: no format, so no extra checks
05-15 10:51:48.732 621 778 D system_server: codecHandlesFormat: no format, so no extra checks
05-15 10:51:48.732 925 925 W ResourcesManager: failed to preload asset path '/data/resource-cache/com.android.systemui-neutral-TLBr.frro'
05-15 10:51:48.732 925 925 W ResourcesManager: java.io.IOException: Failed to load asset path /data/resource-cache/data@resource-cache@com.android.systemui-neutral-TLBr.frro@idmap
05-15 10:51:48.732 925 925 W ResourcesManager: at android.content.res.ApkAssets.nativeLoad(Native Method)
05-15 10:51:48.732 925 925 W ResourcesManager: at android.content.res.ApkAssets.(ApkAssets.java:295)
05-15 10:51:48.732 925 925 W ResourcesManager: at android.content.res.ApkAssets.loadOverlayFromPath(ApkAssets.java:215)
05-15 10:51:48.732 925 925 W ResourcesManager: at android.app.ResourcesManager.loadApkAssets(ResourcesManager.java:466)
05-15 10:51:48.732 925 925 W ResourcesManager: at android.app.ResourcesManager.access$000(ResourcesManager.java:85)
05-15 10:51:48.732 925 925 W ResourcesManager: at android.app.ResourcesManager$ApkAssetsSupplier.load(ResourcesManager.java:182)
05-15 10:51:48.732 925 925 W ResourcesManager: at android.app.ResourcesManager.createApkAssetsSupplierNotLocked(ResourcesManager.java:1035)
05-15 10:51:48.732 925 925 W ResourcesManager: at android.app.ResourcesManager.getResources(ResourcesManager.java:1156)
05-15 10:51:48.732 925 925 W ResourcesManager: at android.app.ContextImpl.createResources(ContextImpl.java:2463)
05-15 10:51:48.732 925 925 W ResourcesManager: at android.app.ContextImpl.createPackageContextAsUser(ContextImpl.java:2533)
05-15 10:51:48.732 925 925 W ResourcesManager: at android.app.ContextImpl.createContextAsUser(ContextImpl.java:2548)
05-15 10:51:48.732 925 925 W ResourcesManager: at android.content.ContextWrapper.createContextAsUser(ContextWrapper.java:1013)
05-15 10:51:48.732 925 925 W ResourcesManager: at android.content.ContextWrapper.createContextAsUser(ContextWrapper.java:1013)
05-15 10:51:48.732 925 925 W ResourcesManager: at com.android.internal.telephony.PackageChangeReceiver.register(PackageChangeReceiver.java:62)
05-15 10:51:48.732 925 925 W ResourcesManager: at com.android.internal.telephony.CarrierServiceBindHelper.(CarrierServiceBindHelper.java:135)
05-15 10:51:48.732 925 925 W ResourcesManager: at com.android.internal.telephony.SubscriptionInfoUpdater.(SubscriptionInfoUpdater.java:145)
05-15 10:51:48.732 925 925 W ResourcesManager: at com.android.internal.telephony.TelephonyComponentFactory.makeSubscriptionInfoUpdater(TelephonyComponentFactory.java:450)
05-15 10:51:48.732 925 925 W ResourcesManager: at com.android.internal.telephony.PhoneFactory.makeDefaultPhone(PhoneFactory.java:239)
05-15 10:51:48.732 925 925 W ResourcesManager: at com.android.internal.telephony.PhoneFactory.makeDefaultPhones(PhoneFactory.java:108)
05-15 10:51:48.732 925 925 W ResourcesManager: at com.android.phone.PhoneGlobals.onCreate(PhoneGlobals.java:400)
05-15 10:51:48.732 925 925 W ResourcesManager: at com.android.phone.PhoneApp.onCreate(PhoneApp.java:39)
05-15 10:51:48.732 925 925 W ResourcesManager: at android.app.Instrumentation.callApplicationOnCreate(Instrumentation.java:1223)
05-15 10:51:48.732 925 925 W ResourcesManager: at android.app.ActivityThread.handleBindApplication(ActivityThread.java:6762)
05-15 10:51:48.732 925 925 W ResourcesManager: at android.app.ActivityThread.access$1500(ActivityThread.java:256)
05-15 10:51:48.732 925 925 W ResourcesManager: at android.app.ActivityThread$H.handleMessage(ActivityThread.java:2091)
05-15 10:51:48.732 925 925 W ResourcesManager: at android.os.Handler.dispatchMessage(Handler.java:106)
05-15 10:51:48.732 925 925 W ResourcesManager: at android.os.Looper.loopOnce(Looper.java:201)
05-15 10:51:48.732 925 925 W ResourcesManager: at android.os.Looper.loop(Looper.java:288)
05-15 10:51:48.732 925 925 W ResourcesManager: at android.app.ActivityThread.main(ActivityThread.java:7870)
05-15 10:51:48.732 925 925 W ResourcesManager: at java.lang.reflect.Method.invoke(Native Method)
05-15 10:51:48.732 925 925 W ResourcesManager: at com.android.internal.os.RuntimeInit$MethodAndArgsCaller.run(RuntimeInit.java:548)
05-15 10:51:48.732 925 925 W ResourcesManager: at com.android.internal.os.ZygoteInit.main(ZygoteInit.java:1003)
05-15 10:51:48.732 621 1151 D system_server: allocate(c2.android.vorbis.decoder)
05-15 10:51:48.732 925 925 E m.android.phon: Invalid Idmap file: bad magic value (was 0x00000000, expected 0x504d4449)
05-15 10:51:48.732 925 925 E m.android.phon: failed to load IDMAP /data/resource-cache/data@resource-cache@com.android.systemui-accent-b2QH.frro@idmap
05-15 10:51:48.733 621 779 D system_server: codecHandlesFormat: no format, so no extra checks
05-15 10:51:48.733 925 925 W ResourcesManager: failed to preload asset path '/data/resource-cache/com.android.systemui-accent-b2QH.frro'
05-15 10:51:48.733 925 925 W ResourcesManager: java.io.IOException: Failed to load asset path /data/resource-cache/data@resource-cache@com.android.systemui-accent-b2QH.frro@idmap
05-15 10:51:48.733 925 925 W ResourcesManager: at android.content.res.ApkAssets.nativeLoad(Native Method)
05-15 10:51:48.733 925 925 W ResourcesManager: at android.content.res.ApkAssets.(ApkAssets.java:295)
05-15 10:51:48.733 925 925 W ResourcesManager: at android.content.res.ApkAssets.loadOverlayFromPath(ApkAssets.java:215)
05-15 10:51:48.733 925 925 W ResourcesManager: at android.app.ResourcesManager.loadApkAssets(ResourcesManager.java:466)
05-15 10:51:48.733 925 925 W ResourcesManager: at android.app.ResourcesManager.access$000(ResourcesManager.java:85)
05-15 10:51:48.733 925 925 W ResourcesManager: at android.app.ResourcesManager$ApkAssetsSupplier.load(ResourcesManager.java:182)
05-15 10:51:48.733 925 925 W ResourcesManager: at android.app.ResourcesManager.createApkAssetsSupplierNotLocked(ResourcesManager.java:1035)
05-15 10:51:48.733 925 925 W ResourcesManager: at android.app.ResourcesManager.getResources(ResourcesManager.java:1156)
05-15 10:51:48.733 925 925 W ResourcesManager: at android.app.ContextImpl.createResources(ContextImpl.java:2463)
05-15 10:51:48.733 925 925 W ResourcesManager: at android.app.ContextImpl.createPackageContextAsUser(ContextImpl.java:2533)
05-15 10:51:48.733 925 925 W ResourcesManager: at android.app.ContextImpl.createContextAsUser(ContextImpl.java:2548)
05-15 10:51:48.733 925 925 W ResourcesManager: at android.content.ContextWrapper.createContextAsUser(ContextWrapper.java:1013)
05-15 10:51:48.733 925 925 W ResourcesManager: at android.content.ContextWrapper.createContextAsUser(ContextWrapper.java:1013)
05-15 10:51:48.733 925 925 W ResourcesManager: at com.android.internal.telephony.PackageChangeReceiver.register(PackageChangeReceiver.java:62)
05-15 10:51:48.733 925 925 W ResourcesManager: at com.android.internal.telephony.CarrierServiceBindHelper.(CarrierServiceBindHelper.java:135)
05-15 10:51:48.733 925 925 W ResourcesManager: at com.android.internal.telephony.SubscriptionInfoUpdater.(SubscriptionInfoUpdater.java:145)
05-15 10:51:48.733 925 925 W ResourcesManager: at com.android.internal.telephony.TelephonyComponentFactory.makeSubscriptionInfoUpdater(TelephonyComponentFactory.java:450)
05-15 10:51:48.733 925 925 W ResourcesManager: at com.android.internal.telephony.PhoneFactory.makeDefaultPhone(PhoneFactory.java:239)
05-15 10:51:48.733 925 925 W ResourcesManager: at com.android.internal.telephony.PhoneFactory.makeDefaultPhones(PhoneFactory.java:108)
05-15 10:51:48.733 925 925 W ResourcesManager: at com.android.phone.PhoneGlobals.onCreate(PhoneGlobals.java:400)
05-15 10:51:48.733 925 925 W ResourcesManager: at com.android.phone.PhoneApp.onCreate(PhoneApp.java:39)
05-15 10:51:48.733 925 925 W ResourcesManager: at android.app.Instrumentation.callApplicationOnCreate(Instrumentation.java:1223)
05-15 10:51:48.733 925 925 W ResourcesManager: at android.app.ActivityThread.handleBindApplication(ActivityThread.java:6762)
05-15 10:51:48.733 925 925 W ResourcesManager: at android.app.ActivityThread.access$1500(ActivityThread.java:256)
05-15 10:51:48.733 925 925 W ResourcesManager: at android.app.ActivityThread$H.handleMessage(ActivityThread.java:2091)
05-15 10:51:48.733 925 925 W ResourcesManager: at android.os.Handler.dispatchMessage(Handler.java:106)
05-15 10:51:48.733 925 925 W ResourcesManager: at android.os.Looper.loopOnce(Looper.java:201)
05-15 10:51:48.733 925 925 W ResourcesManager: at android.os.Looper.loop(Looper.java:288)
05-15 10:51:48.733 925 925 W ResourcesManager: at android.app.ActivityThread.main(ActivityThread.java:7870)
05-15 10:51:48.733 925 925 W ResourcesManager: at java.lang.reflect.Method.invoke(Native Method)
05-15 10:51:48.733 925 925 W ResourcesManager: at com.android.internal.os.RuntimeInit$MethodAndArgsCaller.run(RuntimeInit.java:548)
05-15 10:51:48.733 925 925 W ResourcesManager: at com.android.internal.os.ZygoteInit.main(ZygoteInit.java:1003)
05-15 10:51:48.733 621 779 D system_server: codecHandlesFormat: no format, so no extra checks
05-15 10:51:48.733 621 1151 I system_server: setting up 'default' as default (vendor) store
05-15 10:51:48.734 621 1152 D system_server: allocate(c2.android.vorbis.decoder)
05-15 10:51:48.734 526 1135 D SimpleC2Component: Using output block pool with poolID 18 => got 18 - 0
05-15 10:51:48.735 925 925 E m.android.phon: Invalid Idmap file: bad magic value (was 0x00000000, expected 0x504d4449)
05-15 10:51:48.735 925 925 E m.android.phon: failed to load IDMAP /data/resource-cache/data@resource-cache@com.android.systemui-neutral-TLBr.frro@idmap
05-15 10:51:48.735 621 1151 I system_server: Created component [c2.android.vorbis.decoder]
05-15 10:51:48.735 621 1152 I system_server: setting up 'default' as default (vendor) store
05-15 10:51:48.735 621 1151 D system_server: read media type: audio/vorbis
05-15 10:51:48.736 925 925 W ResourcesManager: failed to preload asset path '/data/resource-cache/com.android.systemui-neutral-TLBr.frro'
05-15 10:51:48.736 925 925 W ResourcesManager: java.io.IOException: Failed to load asset path /data/resource-cache/data@resource-cache@com.android.systemui-neutral-TLBr.frro@idmap
05-15 10:51:48.736 925 925 W ResourcesManager: at android.content.res.ApkAssets.nativeLoad(Native Method)
05-15 10:51:48.736 925 925 W ResourcesManager: at android.content.res.ApkAssets.(ApkAssets.java:295)
05-15 10:51:48.736 925 925 W ResourcesManager: at android.content.res.ApkAssets.loadOverlayFromPath(ApkAssets.java:215)
05-15 10:51:48.736 925 925 W ResourcesManager: at android.app.ResourcesManager.loadApkAssets(ResourcesManager.java:466)
05-15 10:51:48.736 925 925 W ResourcesManager: at android.app.ResourcesManager.access$000(ResourcesManager.java:85)
05-15 10:51:48.736 925 925 W ResourcesManager: at android.app.ResourcesManager$ApkAssetsSupplier.load(ResourcesManager.java:182)
05-15 10:51:48.736 925 925 W ResourcesManager: at android.app.ResourcesManager.createApkAssetsSupplierNotLocked(ResourcesManager.java:1035)
05-15 10:51:48.736 925 925 W ResourcesManager: at android.app.ResourcesManager.getResources(ResourcesManager.java:1156)
05-15 10:51:48.736 925 925 W ResourcesManager: at android.app.ContextImpl.createResources(ContextImpl.java:2463)
05-15 10:51:48.736 925 925 W ResourcesManager: at android.app.ContextImpl.createPackageContextAsUser(ContextImpl.java:2533)
05-15 10:51:48.736 925 925 W ResourcesManager: at android.content.ContextWrapper.createPackageContextAsUser(ContextWrapper.java:1007)
05-15 10:51:48.736 925 925 W ResourcesManager: at android.content.ContextWrapper.createPackageContextAsUser(ContextWrapper.java:1007)
05-15 10:51:48.736 925 925 W ResourcesManager: at com.android.internal.telephony.CarrierServiceBindHelper.(CarrierServiceBindHelper.java:138)
05-15 10:51:48.736 925 925 W ResourcesManager: at com.android.internal.telephony.SubscriptionInfoUpdater.(SubscriptionInfoUpdater.java:145)
05-15 10:51:48.736 925 925 W ResourcesManager: at com.android.internal.telephony.TelephonyComponentFactory.makeSubscriptionInfoUpdater(TelephonyComponentFactory.java:450)
05-15 10:51:48.736 925 925 W ResourcesManager: at com.android.internal.telephony.PhoneFactory.makeDefaultPhone(PhoneFactory.java:239)
05-15 10:51:48.736 925 925 W ResourcesManager: at com.android.internal.telephony.PhoneFactory.makeDefaultPhones(PhoneFactory.java:108)
05-15 10:51:48.736 925 925 W ResourcesManager: at com.android.phone.PhoneGlobals.onCreate(PhoneGlobals.java:400)
05-15 10:51:48.736 925 925 W ResourcesManager: at com.android.phone.PhoneApp.onCreate(PhoneApp.java:39)
05-15 10:51:48.736 925 925 W ResourcesManager: at android.app.Instrumentation.callApplicationOnCreate(Instrumentation.java:1223)
05-15 10:51:48.736 925 925 W ResourcesManager: at android.app.ActivityThread.handleBindApplication(ActivityThread.java:6762)
05-15 10:51:48.736 925 925 W ResourcesManager: at android.app.ActivityThread.access$1500(ActivityThread.java:256)
05-15 10:51:48.736 925 925 W ResourcesManager: at android.app.ActivityThread$H.handleMessage(ActivityThread.java:2091)
05-15 10:51:48.736 925 925 W ResourcesManager: at android.os.Handler.dispatchMessage(Handler.java:106)
05-15 10:51:48.736 925 925 W ResourcesManager: at android.os.Looper.loopOnce(Looper.java:201)
05-15 10:51:48.736 925 925 W ResourcesManager: at android.os.Looper.loop(Looper.java:288)
05-15 10:51:48.736 925 925 W ResourcesManager: at android.app.ActivityThread.main(ActivityThread.java:7870)
05-15 10:51:48.736 925 925 W ResourcesManager: at java.lang.reflect.Method.invoke(Native Method)
05-15 10:51:48.736 925 925 W ResourcesManager: at com.android.internal.os.RuntimeInit$MethodAndArgsCaller.run(RuntimeInit.java:548)
05-15 10:51:48.736 925 925 W ResourcesManager: at com.android.internal.os.ZygoteInit.main(ZygoteInit.java:1003)
05-15 10:51:48.736 925 925 E m.android.phon: Invalid Idmap file: bad magic value (was 0x00000000, expected 0x504d4449)
05-15 10:51:48.736 925 925 E m.android.phon: failed to load IDMAP /data/resource-cache/data@resource-cache@com.android.systemui-accent-b2QH.frro@idmap
05-15 10:51:48.736 925 925 W ResourcesManager: failed to preload asset path '/data/resource-cache/com.android.systemui-accent-b2QH.frro'
05-15 10:51:48.736 925 925 W ResourcesManager: java.io.IOException: Failed to load asset path /data/resource-cache/data@resource-cache@com.android.systemui-accent-b2QH.frro@idmap
05-15 10:51:48.736 925 925 W ResourcesManager: at android.content.res.ApkAssets.nativeLoad(Native Method)
05-15 10:51:48.736 925 925 W ResourcesManager: at android.content.res.ApkAssets.(ApkAssets.java:295)
05-15 10:51:48.736 925 925 W ResourcesManager: at android.content.res.ApkAssets.loadOverlayFromPath(ApkAssets.java:215)
05-15 10:51:48.736 925 925 W ResourcesManager: at android.app.ResourcesManager.loadApkAssets(ResourcesManager.java:466)
05-15 10:51:48.736 925 925 W ResourcesManager: at android.app.ResourcesManager.access$000(ResourcesManager.java:85)
05-15 10:51:48.736 925 925 W ResourcesManager: at android.app.ResourcesManager$ApkAssetsSupplier.load(ResourcesManager.java:182)
05-15 10:51:48.736 925 925 W ResourcesManager: at android.app.ResourcesManager.createApkAssetsSupplierNotLocked(ResourcesManager.java:1035)
05-15 10:51:48.736 925 925 W ResourcesManager: at android.app.ResourcesManager.getResources(ResourcesManager.java:1156)
05-15 10:51:48.736 925 925 W ResourcesManager: at android.app.ContextImpl.createResources(ContextImpl.java:2463)
05-15 10:51:48.736 925 925 W ResourcesManager: at android.app.ContextImpl.createPackageContextAsUser(ContextImpl.java:2533)
05-15 10:51:48.736 925 925 W ResourcesManager: at android.content.ContextWrapper.createPackageContextAsUser(ContextWrapper.java:1007)
05-15 10:51:48.736 925 925 W ResourcesManager: at android.content.ContextWrapper.createPackageContextAsUser(ContextWrapper.java:1007)
05-15 10:51:48.736 925 925 W ResourcesManager: at com.android.internal.telephony.CarrierServiceBindHelper.(CarrierServiceBindHelper.java:138)
05-15 10:51:48.736 925 925 W ResourcesManager: at com.android.internal.telephony.SubscriptionInfoUpdater.(SubscriptionInfoUpdater.java:145)
05-15 10:51:48.736 925 925 W ResourcesManager: at com.android.internal.telephony.TelephonyComponentFactory.makeSubscriptionInfoUpdater(TelephonyComponentFactory.java:450)
05-15 10:51:48.736 925 925 W ResourcesManager: at com.android.internal.telephony.PhoneFactory.makeDefaultPhone(PhoneFactory.java:239)
05-15 10:51:48.736 925 925 W ResourcesManager: at com.android.internal.telephony.PhoneFactory.makeDefaultPhones(PhoneFactory.java:108)
05-15 10:51:48.736 925 925 W ResourcesManager: at com.android.phone.PhoneGlobals.onCreate(PhoneGlobals.java:400)
05-15 10:51:48.736 925 925 W ResourcesManager: at com.android.phone.PhoneApp.onCreate(PhoneApp.java:39)
05-15 10:51:48.736 925 925 W ResourcesManager: at android.app.Instrumentation.callApplicationOnCreate(Instrumentation.java:1223)
05-15 10:51:48.736 925 925 W ResourcesManager: at android.app.ActivityThread.handleBindApplication(ActivityThread.java:6762)
05-15 10:51:48.736 925 925 W ResourcesManager: at android.app.ActivityThread.access$1500(ActivityThread.java:256)
05-15 10:51:48.736 925 925 W ResourcesManager: at android.app.ActivityThread$H.handleMessage(ActivityThread.java:2091)
05-15 10:51:48.736 925 925 W ResourcesManager: at android.os.Handler.dispatchMessage(Handler.java:106)
05-15 10:51:48.736 925 925 W ResourcesManager: at android.os.Looper.loopOnce(Looper.java:201)
05-15 10:51:48.736 925 925 W ResourcesManager: at android.os.Looper.loop(Looper.java:288)
05-15 10:51:48.736 925 925 W ResourcesManager: at android.app.ActivityThread.main(ActivityThread.java:7870)
05-15 10:51:48.736 925 925 W ResourcesManager: at java.lang.reflect.Method.invoke(Native Method)
05-15 10:51:48.736 925 925 W ResourcesManager: at com.android.internal.os.RuntimeInit$MethodAndArgsCaller.run(RuntimeInit.java:548)
05-15 10:51:48.736 925 925 W ResourcesManager: at com.android.internal.os.ZygoteInit.main(ZygoteInit.java:1003)
05-15 10:51:48.736 621 1152 I system_server: Created component [c2.android.vorbis.decoder]
05-15 10:51:48.737 621 1151 D system_server: extent() != 1 for single value type: algo.buffers.max-count.values
05-15 10:51:48.737 621 1152 D system_server: read media type: audio/vorbis
05-15 10:51:48.737 621 1151 D system_server: extent() != 1 for single value type: output.subscribed-indices.values
05-15 10:51:48.737 621 1151 D system_server: extent() != 1 for single value type: input.buffers.allocator-ids.values
05-15 10:51:48.737 621 1151 D system_server: extent() != 1 for single value type: output.buffers.allocator-ids.values
05-15 10:51:48.737 621 1151 D system_server: extent() != 1 for single value type: algo.buffers.allocator-ids.values
05-15 10:51:48.737 621 1151 D system_server: extent() != 1 for single value type: output.buffers.pool-ids.values
05-15 10:51:48.737 621 1151 D system_server: extent() != 1 for single value type: algo.buffers.pool-ids.values
05-15 10:51:48.738 621 1151 I system_server: query failed after returning 7 values (BAD_INDEX)
05-15 10:51:48.738 621 1151 D system_server: c2 config diff is Dict {
05-15 10:51:48.738 621 1151 D system_server: c2::u32 coded.bitrate.value = 64000
05-15 10:51:48.738 621 1151 D system_server: c2::u32 input.buffers.max-size.value = 32768
05-15 10:51:48.738 621 1151 D system_server: c2::u32 input.delay.value = 0
05-15 10:51:48.738 621 1151 D system_server: string input.media-type.value = "audio/vorbis"
05-15 10:51:48.738 621 1151 D system_server: string output.media-type.value = "audio/raw"
05-15 10:51:48.738 621 1151 D system_server: c2::u32 raw.channel-count.value = 1
05-15 10:51:48.738 621 1151 D system_server: c2::u32 raw.sample-rate.value = 48000
05-15 10:51:48.738 621 1151 D system_server: }
05-15 10:51:48.738 621 1151 D system_server: [c2.android.vorbis.decoder] buffers are bound to CCodec for this session
05-15 10:51:48.738 621 1151 D system_server: no c2 equivalents for durationUs
05-15 10:51:48.738 621 1151 D system_server: no c2 equivalents for track-id
05-15 10:51:48.738 621 1151 D system_server: no c2 equivalents for csd-1
05-15 10:51:48.738 621 1151 D system_server: no c2 equivalents for channel-mask
05-15 10:51:48.738 621 1151 D system_server: no c2 equivalents for flags
05-15 10:51:48.738 621 1151 D system_server: c2 config diff is c2::u32 coded.bitrate.value = 140000
05-15 10:51:48.738 621 1151 W system_server: query -- param skipped: index = 1107298332.
05-15 10:51:48.738 621 1151 D system_server: setup formats input: AMessage(what = 0x00000000) = {
05-15 10:51:48.738 621 1151 D system_server: int32_t bitrate = 140000
05-15 10:51:48.738 621 1151 D system_server: int32_t channel-count = 1
05-15 10:51:48.738 621 1151 D system_server: int32_t max-input-size = 32768
05-15 10:51:48.738 621 1151 D system_server: string mime = "audio/vorbis"
05-15 10:51:48.738 621 1151 D system_server: int32_t sample-rate = 48000
05-15 10:51:48.738 621 1151 D system_server: }
05-15 10:51:48.738 621 1151 D system_server: setup formats output: AMessage(what = 0x00000000) = {
05-15 10:51:48.738 621 1151 D system_server: int32_t channel-count = 1
05-15 10:51:48.738 621 1151 D system_server: string mime = "audio/raw"
05-15 10:51:48.738 621 1151 D system_server: int32_t sample-rate = 48000
05-15 10:51:48.738 621 1151 D system_server: int32_t channel-mask = 1
05-15 10:51:48.738 621 1151 D system_server: }
05-15 10:51:48.738 621 1152 D system_server: extent() != 1 for single value type: algo.buffers.max-count.values
05-15 10:51:48.738 621 1151 I system_server: query failed after returning 7 values (BAD_INDEX)
05-15 10:51:48.739 621 1152 D system_server: extent() != 1 for single value type: output.subscribed-indices.values
05-15 10:51:48.739 621 1152 D system_server: extent() != 1 for single value type: input.buffers.allocator-ids.values
05-15 10:51:48.739 621 1152 D system_server: extent() != 1 for single value type: output.buffers.allocator-ids.values
05-15 10:51:48.739 621 1151 W system_server: query -- param skipped: index = 1342179345.
05-15 10:51:48.739 621 1151 W system_server: query -- param skipped: index = 2415921170.
05-15 10:51:48.739 621 1152 D system_server: extent() != 1 for single value type: algo.buffers.allocator-ids.values
05-15 10:51:48.739 621 1152 D system_server: extent() != 1 for single value type: output.buffers.pool-ids.values
05-15 10:51:48.739 621 1151 D system_server: [c2.android.vorbis.decoder#425] Created input block pool with allocatorID 16 => poolID 19 - OK (0)
05-15 10:51:48.739 621 1152 D system_server: extent() != 1 for single value type: algo.buffers.pool-ids.values
05-15 10:51:48.740 777 777 E ndroid.systemu: Invalid Idmap file: bad magic value (was 0x00000000, expected 0x504d4449)
05-15 10:51:48.740 777 777 E ndroid.systemu: failed to load IDMAP /data/resource-cache/data@resource-cache@com.android.systemui-neutral-TLBr.frro@idmap
05-15 10:51:48.740 621 1151 I system_server: [c2.android.vorbis.decoder#425] Created output block pool with allocatorID 16 => poolID 21 - OK
05-15 10:51:48.740 621 1151 D system_server: [c2.android.vorbis.decoder#425] Configured output block pool ids 21 => OK
05-15 10:51:48.740 621 1152 I system_server: query failed after returning 7 values (BAD_INDEX)
05-15 10:51:48.740 621 1152 D system_server: c2 config diff is Dict {
05-15 10:51:48.740 621 1152 D system_server: c2::u32 coded.bitrate.value = 64000
05-15 10:51:48.740 621 1152 D system_server: c2::u32 input.buffers.max-size.value = 32768
05-15 10:51:48.740 621 1152 D system_server: c2::u32 input.delay.value = 0
05-15 10:51:48.740 621 1152 D system_server: string input.media-type.value = "audio/vorbis"
05-15 10:51:48.740 621 1152 D system_server: string output.media-type.value = "audio/raw"
05-15 10:51:48.740 621 1152 D system_server: c2::u32 raw.channel-count.value = 1
05-15 10:51:48.740 621 1152 D system_server: c2::u32 raw.sample-rate.value = 48000
05-15 10:51:48.740 621 1152 D system_server: }
05-15 10:51:48.740 925 925 E m.android.phon: Invalid Idmap file: bad magic value (was 0x00000000, expected 0x504d4449)
05-15 10:51:48.740 925 925 E m.android.phon: failed to load IDMAP /data/resource-cache/data@resource-cache@com.android.systemui-neutral-TLBr.frro@idmap
05-15 10:51:48.741 777 777 W ResourcesManager: failed to preload asset path '/data/resource-cache/com.android.systemui-neutral-TLBr.frro'
05-15 10:51:48.741 777 777 W ResourcesManager: java.io.IOException: Failed to load asset path /data/resource-cache/data@resource-cache@com.android.systemui-neutral-TLBr.frro@idmap
05-15 10:51:48.741 777 777 W ResourcesManager: at android.content.res.ApkAssets.nativeLoad(Native Method)
05-15 10:51:48.741 777 777 W ResourcesManager: at android.content.res.ApkAssets.(ApkAssets.java:295)
05-15 10:51:48.741 777 777 W ResourcesManager: at android.content.res.ApkAssets.loadOverlayFromPath(ApkAssets.java:215)
05-15 10:51:48.741 777 777 W ResourcesManager: at android.app.ResourcesManager.loadApkAssets(ResourcesManager.java:466)
05-15 10:51:48.741 777 777 W ResourcesManager: at android.app.ResourcesManager.access$000(ResourcesManager.java:85)
05-15 10:51:48.741 777 777 W ResourcesManager: at android.app.ResourcesManager$ApkAssetsSupplier.load(ResourcesManager.java:182)
05-15 10:51:48.741 777 777 W ResourcesManager: at android.app.ResourcesManager.createApkAssetsSupplierNotLocked(ResourcesManager.java:1035)
05-15 10:51:48.741 777 777 W ResourcesManager: at android.app.ResourcesManager.getResources(ResourcesManager.java:1156)
05-15 10:51:48.741 777 777 W ResourcesManager: at android.app.ActivityThread.getTopLevelResources(ActivityThread.java:2415)
05-15 10:51:48.741 777 777 W ResourcesManager: at android.app.ApplicationPackageManager.getResourcesForApplication(ApplicationPackageManager.java:1781)
05-15 10:51:48.741 777 777 W ResourcesManager: at android.app.ApplicationPackageManager.getResourcesForApplication(ApplicationPackageManager.java:1767)
05-15 10:51:48.741 777 777 W ResourcesManager: at android.app.ApplicationPackageManager.getResourcesForApplication(ApplicationPackageManager.java:1795)
05-15 10:51:48.741 777 777 W ResourcesManager: at com.android.systemui.navigationbar.gestural.EdgeBackGestureHandler.(EdgeBackGestureHandler.java:322)
05-15 10:51:48.741 777 777 W ResourcesManager: at com.android.systemui.navigationbar.gestural.EdgeBackGestureHandler$Factory.create(EdgeBackGestureHandler.java:988)
05-15 10:51:48.741 777 777 W ResourcesManager: at com.android.systemui.navigationbar.TaskbarDelegate.(TaskbarDelegate.java:149)
05-15 10:51:48.741 777 777 W ResourcesManager: at com.android.systemui.navigationbar.TaskbarDelegate_Factory.newInstance(TaskbarDelegate_Factory.java:33)
05-15 10:51:48.741 777 777 W ResourcesManager: at com.android.systemui.navigationbar.TaskbarDelegate_Factory.get(TaskbarDelegate_Factory.java:25)
05-15 10:51:48.741 777 777 W ResourcesManager: at com.android.systemui.navigationbar.TaskbarDelegate_Factory.get(TaskbarDelegate_Factory.java:8)
05-15 10:51:48.741 777 777 W ResourcesManager: at dagger.internal.DoubleCheck.get(DoubleCheck.java:47)
05-15 10:51:48.741 777 777 W ResourcesManager: at com.android.systemui.navigationbar.NavigationBarController_Factory.get(NavigationBarController_Factory.java:86)
05-15 10:51:48.741 777 777 W ResourcesManager: at com.android.systemui.navigationbar.NavigationBarController_Factory.get(NavigationBarController_Factory.java:18)
05-15 10:51:48.741 777 777 W ResourcesManager: at dagger.internal.DoubleCheck.get(DoubleCheck.java:47)
05-15 10:51:48.741 777 777 W ResourcesManager: at com.android.systemui.statusbar.phone.dagger.StatusBarPhoneModule_ProvideStatusBarFactory.get(StatusBarPhoneModule_ProvideStatusBarFactory.java:519)
05-15 10:51:48.741 777 777 W ResourcesManager: at com.android.systemui.statusbar.phone.dagger.StatusBarPhoneModule_ProvideStatusBarFactory.get(StatusBarPhoneModule_ProvideStatusBarFactory.java:110)
05-15 10:51:48.741 777 777 W ResourcesManager: at dagger.internal.DoubleCheck.get(DoubleCheck.java:47)
05-15 10:51:48.741 777 777 W ResourcesManager: at com.android.systemui.dagger.ContextComponentResolver.resolve(ContextComponentResolver.java:99)
05-15 10:51:48.741 777 777 W ResourcesManager: at com.android.systemui.dagger.ContextComponentResolver.resolveSystemUI(ContextComponentResolver.java:92)
05-15 10:51:48.741 777 777 W ResourcesManager: at com.android.systemui.SystemUIApplication.startServicesIfNeeded(SystemUIApplication.java:209)
05-15 10:51:48.741 777 777 W ResourcesManager: at com.android.systemui.SystemUIApplication.startServicesIfNeeded(SystemUIApplication.java:163)
05-15 10:51:48.741 777 777 W ResourcesManager: at com.android.systemui.SystemUIService.onCreate(SystemUIService.java:70)
05-15 10:51:48.741 777 777 W ResourcesManager: at android.app.ActivityThread.handleCreateService(ActivityThread.java:4554)
05-15 10:51:48.741 777 777 W ResourcesManager: at android.app.ActivityThread.access$1700(ActivityThread.java:256)
05-15 10:51:48.741 777 777 W ResourcesManager: at android.app.ActivityThread$H.handleMessage(ActivityThread.java:2110)
05-15 10:51:48.741 777 777 W ResourcesManager: at android.os.Handler.dispatchMessage(Handler.java:106)
05-15 10:51:48.741 777 777 W ResourcesManager: at android.os.Looper.loopOnce(Looper.java:201)
05-15 10:51:48.741 777 777 W ResourcesManager: at android.os.Looper.loop(Looper.java:288)
05-15 10:51:48.741 777 777 W ResourcesManager: at android.app.ActivityThread.main(ActivityThread.java:7870)
05-15 10:51:48.741 777 777 W ResourcesManager: at java.lang.reflect.Method.invoke(Native Method)
05-15 10:51:48.741 777 777 W ResourcesManager: at com.android.internal.os.RuntimeInit$MethodAndArgsCaller.run(RuntimeInit.java:548)
05-15 10:51:48.741 777 777 W ResourcesManager: at com.android.internal.os.ZygoteInit.main(ZygoteInit.java:1003)
05-15 10:51:48.741 777 777 E ndroid.systemu: Invalid Idmap file: bad magic value (was 0x00000000, expected 0x504d4449)
05-15 10:51:48.741 777 777 E ndroid.systemu: failed to load IDMAP /data/resource-cache/data@resource-cache@com.android.systemui-accent-b2QH.frro@idmap
05-15 10:51:48.741 621 1152 D system_server: [c2.android.vorbis.decoder] buffers are bound to CCodec for this session
05-15 10:51:48.741 621 1152 D system_server: no c2 equivalents for durationUs
05-15 10:51:48.741 621 1152 D system_server: no c2 equivalents for track-id
05-15 10:51:48.741 621 1152 D system_server: no c2 equivalents for csd-1
05-15 10:51:48.741 621 1152 D system_server: no c2 equivalents for channel-mask
05-15 10:51:48.741 621 1152 D system_server: no c2 equivalents for flags
05-15 10:51:48.741 925 925 W ResourcesManager: failed to preload asset path '/data/resource-cache/com.android.systemui-neutral-TLBr.frro'
05-15 10:51:48.741 925 925 W ResourcesManager: java.io.IOException: Failed to load asset path /data/resource-cache/data@resource-cache@com.android.systemui-neutral-TLBr.frro@idmap
05-15 10:51:48.741 925 925 W ResourcesManager: at android.content.res.ApkAssets.nativeLoad(Native Method)
05-15 10:51:48.741 925 925 W ResourcesManager: at android.content.res.ApkAssets.(ApkAssets.java:295)
05-15 10:51:48.741 925 925 W ResourcesManager: at android.content.res.ApkAssets.loadOverlayFromPath(ApkAssets.java:215)
05-15 10:51:48.741 925 925 W ResourcesManager: at android.app.ResourcesManager.loadApkAssets(ResourcesManager.java:466)
05-15 10:51:48.741 925 925 W ResourcesManager: at android.app.ResourcesManager.access$000(ResourcesManager.java:85)
05-15 10:51:48.741 925 925 W ResourcesManager: at android.app.ResourcesManager$ApkAssetsSupplier.load(ResourcesManager.java:182)
05-15 10:51:48.741 925 925 W ResourcesManager: at android.app.ResourcesManager.createApkAssetsSupplierNotLocked(ResourcesManager.java:1035)
05-15 10:51:48.741 925 925 W ResourcesManager: at android.app.ResourcesManager.getResources(ResourcesManager.java:1156)
05-15 10:51:48.741 925 925 W ResourcesManager: at android.app.ContextImpl.createResources(ContextImpl.java:2463)
05-15 10:51:48.741 925 925 W ResourcesManager: at android.app.ContextImpl.createPackageContextAsUser(ContextImpl.java:2533)
05-15 10:51:48.741 925 925 W ResourcesManager: at android.app.ContextImpl.createContextAsUser(ContextImpl.java:2548)
05-15 10:51:48.741 925 925 W ResourcesManager: at android.content.ContextWrapper.createContextAsUser(ContextWrapper.java:1013)
05-15 10:51:48.741 925 925 W ResourcesManager: at android.content.ContextWrapper.createContextAsUser(ContextWrapper.java:1013)
05-15 10:51:48.741 925 925 W ResourcesManager: at com.android.internal.telephony.CarrierAppUtils.getContentResolverForUser(CarrierAppUtils.java:124)
05-15 10:51:48.741 925 925 W ResourcesManager: at com.android.internal.telephony.CarrierAppUtils.disableCarrierAppsUntilPrivileged(CarrierAppUtils.java:88)
05-15 10:51:48.741 925 925 W ResourcesManager: at com.android.internal.telephony.SubscriptionInfoUpdater.initializeCarrierApps(SubscriptionInfoUpdater.java:173)
05-15 10:51:48.741 925 925 W ResourcesManager: at com.android.internal.telephony.SubscriptionInfoUpdater.(SubscriptionInfoUpdater.java:146)
05-15 10:51:48.741 925 925 W ResourcesManager: at com.android.internal.telephony.TelephonyComponentFactory.makeSubscriptionInfoUpdater(TelephonyComponentFactory.java:450)
05-15 10:51:48.741 925 925 W ResourcesManager: at com.android.internal.telephony.PhoneFactory.makeDefaultPhone(PhoneFactory.java:239)
05-15 10:51:48.741 925 925 W ResourcesManager: at com.android.internal.telephony.PhoneFactory.makeDefaultPhones(PhoneFactory.java:108)
05-15 10:51:48.741 925 925 W ResourcesManager: at com.android.phone.PhoneGlobals.onCreate(PhoneGlobals.java:400)
05-15 10:51:48.741 925 925 W ResourcesManager: at com.android.phone.PhoneApp.onCreate(PhoneApp.java:39)
05-15 10:51:48.741 925 925 W ResourcesManager: at android.app.Instrumentation.callApplicationOnCreate(Instrumentation.java:1223)
05-15 10:51:48.741 925 925 W ResourcesManager: at android.app.ActivityThread.handleBindApplication(ActivityThread.java:6762)
05-15 10:51:48.741 925 925 W ResourcesManager: at android.app.ActivityThread.access$1500(ActivityThread.java:256)
05-15 10:51:48.741 925 925 W ResourcesManager: at android.app.ActivityThread$H.handleMessage(ActivityThread.java:2091)
05-15 10:51:48.741 925 925 W ResourcesManager: at android.os.Handler.dispatchMessage(Handler.java:106)
05-15 10:51:48.741 925 925 W ResourcesManager: at android.os.Looper.loopOnce(Looper.java:201)
05-15 10:51:48.741 925 925 W ResourcesManager: at android.os.Looper.loop(Looper.java:288)
05-15 10:51:48.741 925 925 W ResourcesManager: at android.app.ActivityThread.main(ActivityThread.java:7870)
05-15 10:51:48.741 925 925 W ResourcesManager: at java.lang.reflect.Method.invoke(Native Method)
05-15 10:51:48.741 925 925 W ResourcesManager: at com.android.internal.os.RuntimeInit$MethodAndArgsCaller.run(RuntimeInit.java:548)
05-15 10:51:48.741 925 925 W ResourcesManager: at com.android.internal.os.ZygoteInit.main(ZygoteInit.java:1003)
05-15 10:51:48.741 925 925 E m.android.phon: Invalid Idmap file: bad magic value (was 0x00000000, expected 0x504d4449)
05-15 10:51:48.741 621 1152 D system_server: c2 config diff is c2::u32 coded.bitrate.value = 140000
05-15 10:51:48.741 925 925 E m.android.phon: failed to load IDMAP /data/resource-cache/data@resource-cache@com.android.systemui-accent-b2QH.frro@idmap
05-15 10:51:48.741 621 1152 W system_server: query -- param skipped: index = 1107298332.
05-15 10:51:48.741 621 1152 D system_server: setup formats input: AMessage(what = 0x00000000) = {
05-15 10:51:48.741 621 1152 D system_server: int32_t bitrate = 140000
05-15 10:51:48.741 621 1152 D system_server: int32_t channel-count = 1
05-15 10:51:48.741 621 1152 D system_server: int32_t max-input-size = 32768
05-15 10:51:48.741 621 1152 D system_server: string mime = "audio/vorbis"
05-15 10:51:48.741 621 1152 D system_server: int32_t sample-rate = 48000
05-15 10:51:48.741 621 1152 D system_server: }
05-15 10:51:48.741 621 1152 D system_server: setup formats output: AMessage(what = 0x00000000) = {
05-15 10:51:48.741 621 1152 D system_server: int32_t channel-count = 1
05-15 10:51:48.741 621 1152 D system_server: string mime = "audio/raw"
05-15 10:51:48.741 621 1152 D system_server: int32_t sample-rate = 48000
05-15 10:51:48.741 621 1152 D system_server: int32_t channel-mask = 1
05-15 10:51:48.741 621 1152 D system_server: }
05-15 10:51:48.741 621 1152 I system_server: query failed after returning 7 values (BAD_INDEX)
05-15 10:51:48.741 777 777 W ResourcesManager: failed to preload asset path '/data/resource-cache/com.android.systemui-accent-b2QH.frro'
05-15 10:51:48.741 777 777 W ResourcesManager: java.io.IOException: Failed to load asset path /data/resource-cache/data@resource-cache@com.android.systemui-accent-b2QH.frro@idmap
05-15 10:51:48.741 777 777 W ResourcesManager: at android.content.res.ApkAssets.nativeLoad(Native Method)
05-15 10:51:48.741 777 777 W ResourcesManager: at android.content.res.ApkAssets.(ApkAssets.java:295)
05-15 10:51:48.741 777 777 W ResourcesManager: at android.content.res.ApkAssets.loadOverlayFromPath(ApkAssets.java:215)
05-15 10:51:48.741 777 777 W ResourcesManager: at android.app.ResourcesManager.loadApkAssets(ResourcesManager.java:466)
05-15 10:51:48.741 777 777 W ResourcesManager: at android.app.ResourcesManager.access$000(ResourcesManager.java:85)
05-15 10:51:48.741 777 777 W ResourcesManager: at android.app.ResourcesManager$ApkAssetsSupplier.load(ResourcesManager.java:182)
05-15 10:51:48.741 777 777 W ResourcesManager: at android.app.ResourcesManager.createApkAssetsSupplierNotLocked(ResourcesManager.java:1035)
05-15 10:51:48.741 777 777 W ResourcesManager: at android.app.ResourcesManager.getResources(ResourcesManager.java:1156)
05-15 10:51:48.741 777 777 W ResourcesManager: at android.app.ActivityThread.getTopLevelResources(ActivityThread.java:2415)
05-15 10:51:48.741 777 777 W ResourcesManager: at android.app.ApplicationPackageManager.getResourcesForApplication(ApplicationPackageManager.java:1781)
05-15 10:51:48.741 777 777 W ResourcesManager: at android.app.ApplicationPackageManager.getResourcesForApplication(ApplicationPackageManager.java:1767)
05-15 10:51:48.741 777 777 W ResourcesManager: at android.app.ApplicationPackageManager.getResourcesForApplication(ApplicationPackageManager.java:1795)
05-15 10:51:48.741 777 777 W ResourcesManager: at com.android.systemui.navigationbar.gestural.EdgeBackGestureHandler.(EdgeBackGestureHandler.java:322)
05-15 10:51:48.741 777 777 W ResourcesManager: at com.android.systemui.navigationbar.gestural.EdgeBackGestureHandler$Factory.create(EdgeBackGestureHandler.java:988)
05-15 10:51:48.741 777 777 W ResourcesManager: at com.android.systemui.navigationbar.TaskbarDelegate.(TaskbarDelegate.java:149)
05-15 10:51:48.741 777 777 W ResourcesManager: at com.android.systemui.navigationbar.TaskbarDelegate_Factory.newInstance(TaskbarDelegate_Factory.java:33)
05-15 10:51:48.741 777 777 W ResourcesManager: at com.android.systemui.navigationbar.TaskbarDelegate_Factory.get(TaskbarDelegate_Factory.java:25)
05-15 10:51:48.741 777 777 W ResourcesManager: at com.android.systemui.navigationbar.TaskbarDelegate_Factory.get(TaskbarDelegate_Factory.java:8)
05-15 10:51:48.741 777 777 W ResourcesManager: at dagger.internal.DoubleCheck.get(DoubleCheck.java:47)
05-15 10:51:48.741 777 777 W ResourcesManager: at com.android.systemui.navigationbar.NavigationBarController_Factory.get(NavigationBarController_Factory.java:86)
05-15 10:51:48.741 777 777 W ResourcesManager: at com.android.systemui.navigationbar.NavigationBarController_Factory.get(NavigationBarController_Factory.java:18)
05-15 10:51:48.741 777 777 W ResourcesManager: at dagger.internal.DoubleCheck.get(DoubleCheck.java:47)
05-15 10:51:48.741 777 777 W ResourcesManager: at com.android.systemui.statusbar.phone.dagger.StatusBarPhoneModule_ProvideStatusBarFactory.get(StatusBarPhoneModule_ProvideStatusBarFactory.java:519)
05-15 10:51:48.741 777 777 W ResourcesManager: at com.android.systemui.statusbar.phone.dagger.StatusBarPhoneModule_ProvideStatusBarFactory.get(StatusBarPhoneModule_ProvideStatusBarFactory.java:110)
05-15 10:51:48.741 777 777 W ResourcesManager: at dagger.internal.DoubleCheck.get(DoubleCheck.java:47)
05-15 10:51:48.741 777 777 W ResourcesManager: at com.android.systemui.dagger.ContextComponentResolver.resolve(ContextComponentResolver.java:99)
05-15 10:51:48.741 777 777 W ResourcesManager: at com.android.systemui.dagger.ContextComponentResolver.resolveSystemUI(ContextComponentResolver.java:92)
05-15 10:51:48.741 777 777 W ResourcesManager: at com.android.systemui.SystemUIApplication.startServicesIfNeeded(SystemUIApplication.java:209)
05-15 10:51:48.741 777 777 W ResourcesManager: at com.android.systemui.SystemUIApplication.startServicesIfNeeded(SystemUIApplication.java:163)
05-15 10:51:48.741 777 777 W ResourcesManager: at com.android.systemui.SystemUIService.onCreate(SystemUIService.java:70)
05-15 10:51:48.741 777 777 W ResourcesManager: at android.app.ActivityThread.handleCreateService(ActivityThread.java:4554)
05-15 10:51:48.741 777 777 W ResourcesManager: at android.app.ActivityThread.access$1700(ActivityThread.java:256)
05-15 10:51:48.741 777 777 W ResourcesManager: at android.app.ActivityThread$H.handleMessage(ActivityThread.java:2110)
05-15 10:51:48.741 777 777 W ResourcesManager: at android.os.Handler.dispatchMessage(Handler.java:106)
05-15 10:51:48.741 777 777 W ResourcesManager: at android.os.Looper.loopOnce(Looper.java:201)
05-15 10:51:48.741 777 777 W ResourcesManager: at android.os.Looper.loop(Looper.java:288)
05-15 10:51:48.741 777 777 W ResourcesManager: at android.app.ActivityThread.main(ActivityThread.java:7870)
05-15 10:51:48.741 777 777 W ResourcesManager: at java.lang.reflect.Method.invoke(Native Method)
05-15 10:51:48.741 777 777 W ResourcesManager: at com.android.internal.os.RuntimeInit$MethodAndArgsCaller.run(RuntimeInit.java:548)
05-15 10:51:48.741 777 777 W ResourcesManager: at com.android.internal.os.ZygoteInit.main(ZygoteInit.java:1003)
05-15 10:51:48.742 777 777 E ndroid.systemu: Invalid Idmap file: bad magic value (was 0x00000000, expected 0x504d4449)
05-15 10:51:48.742 777 777 E ndroid.systemu: failed to load IDMAP /data/resource-cache/data@resource-cache@com.android.systemui-neutral-TLBr.frro@idmap
05-15 10:51:48.742 621 1152 W system_server: query -- param skipped: index = 1342179345.
05-15 10:51:48.742 621 1152 W system_server: query -- param skipped: index = 2415921170.
05-15 10:51:48.742 925 925 W ResourcesManager: failed to preload asset path '/data/resource-cache/com.android.systemui-accent-b2QH.frro'
05-15 10:51:48.742 925 925 W ResourcesManager: java.io.IOException: Failed to load asset path /data/resource-cache/data@resource-cache@com.android.systemui-accent-b2QH.frro@idmap
05-15 10:51:48.742 925 925 W ResourcesManager: at android.content.res.ApkAssets.nativeLoad(Native Method)
05-15 10:51:48.742 925 925 W ResourcesManager: at android.content.res.ApkAssets.(ApkAssets.java:295)
05-15 10:51:48.742 925 925 W ResourcesManager: at android.content.res.ApkAssets.loadOverlayFromPath(ApkAssets.java:215)
05-15 10:51:48.742 925 925 W ResourcesManager: at android.app.ResourcesManager.loadApkAssets(ResourcesManager.java:466)
05-15 10:51:48.742 925 925 W ResourcesManager: at android.app.ResourcesManager.access$000(ResourcesManager.java:85)
05-15 10:51:48.742 925 925 W ResourcesManager: at android.app.ResourcesManager$ApkAssetsSupplier.load(ResourcesManager.java:182)
05-15 10:51:48.742 925 925 W ResourcesManager: at android.app.ResourcesManager.createApkAssetsSupplierNotLocked(ResourcesManager.java:1035)
05-15 10:51:48.742 925 925 W ResourcesManager: at android.app.ResourcesManager.getResources(ResourcesManager.java:1156)
05-15 10:51:48.742 925 925 W ResourcesManager: at android.app.ContextImpl.createResources(ContextImpl.java:2463)
05-15 10:51:48.742 925 925 W ResourcesManager: at android.app.ContextImpl.createPackageContextAsUser(ContextImpl.java:2533)
05-15 10:51:48.742 925 925 W ResourcesManager: at android.app.ContextImpl.createContextAsUser(ContextImpl.java:2548)
05-15 10:51:48.742 925 925 W ResourcesManager: at android.content.ContextWrapper.createContextAsUser(ContextWrapper.java:1013)
05-15 10:51:48.742 925 925 W ResourcesManager: at android.content.ContextWrapper.createContextAsUser(ContextWrapper.java:1013)
05-15 10:51:48.742 925 925 W ResourcesManager: at com.android.internal.telephony.CarrierAppUtils.getContentResolverForUser(CarrierAppUtils.java:124)
05-15 10:51:48.742 925 925 W ResourcesManager: at com.android.internal.telephony.CarrierAppUtils.disableCarrierAppsUntilPrivileged(CarrierAppUtils.java:88)
05-15 10:51:48.742 925 925 W ResourcesManager: at com.android.internal.telephony.SubscriptionInfoUpdater.initializeCarrierApps(SubscriptionInfoUpdater.java:173)
05-15 10:51:48.742 925 925 W ResourcesManager: at com.android.internal.telephony.SubscriptionInfoUpdater.(SubscriptionInfoUpdater.java:146)
05-15 10:51:48.742 925 925 W ResourcesManager: at com.android.internal.telephony.TelephonyComponentFactory.makeSubscriptionInfoUpdater(TelephonyComponentFactory.java:450)
