05-15 10:51:48.708 621 890 W ContextImpl: Calling a method in the system process without a qualified user: android.app.ContextImpl.sendBroadcastMultiplePermissions:1264 com.android.server.TelephonyRegistry.broadcastDataConnectionStateChanged:3061 com.android.server.TelephonyRegistry.notifyDataConnectionForSubscriber:2023 com.android.internal.telephony.ITelephonyRegistry$Stub.onTransact:544 android.os.Binder.execTransactInternal:1179
05-15 10:51:48.708 621 783 D system_server: extent() != 1 for single value type: output.subscribed-indices.values
05-15 10:51:48.708 621 783 D system_server: extent() != 1 for single value type: input.buffers.allocator-ids.values
05-15 10:51:48.708 621 890 D TelephonyRegistry: notifyDataConnectionForSubscriber: phoneId=0 subId=-1 state: DISCONNECTED, transport: WWAN, id: -1, network type: UNKNOWN, APN Setting: [ApnSettingV7] null, 0, null, null, null, null, null, null, null, 0, hipri, null, null, false, 0, false, 0, 0, 0, 0, null, null, false, 0, 0, -1, -1, link properties: null, fail cause: NONE
05-15 10:51:48.708 621 783 D system_server: extent() != 1 for single value type: output.buffers.allocator-ids.values
05-15 10:51:48.708 621 783 D system_server: extent() != 1 for single value type: algo.buffers.allocator-ids.values
05-15 10:51:48.708 925 925 D DCT-C-0 : initApnContexts: apnContext=hipri
05-15 10:51:48.708 621 783 D system_server: extent() != 1 for single value type: output.buffers.pool-ids.values
05-15 10:51:48.708 621 783 D system_server: extent() != 1 for single value type: algo.buffers.pool-ids.values
05-15 10:51:48.708 621 782 D system_server: extent() != 1 for single value type: algo.buffers.max-count.values
05-15 10:51:48.708 621 890 W ContextImpl: Calling a method in the system process without a qualified user: android.app.ContextImpl.sendBroadcastMultiplePermissions:1264 com.android.server.TelephonyRegistry.broadcastDataConnectionStateChanged:3061 com.android.server.TelephonyRegistry.notifyDataConnectionForSubscriber:2023 com.android.internal.telephony.ITelephonyRegistry$Stub.onTransact:544 android.os.Binder.execTransactInternal:1179
05-15 10:51:48.709 621 782 D system_server: extent() != 1 for single value type: output.subscribed-indices.values
05-15 10:51:48.709 621 890 D TelephonyRegistry: notifyDataConnectionForSubscriber: phoneId=0 subId=-1 state: DISCONNECTED, transport: WWAN, id: -1, network type: UNKNOWN, APN Setting: [ApnSettingV7] null, 0, null, null, null, null, null, null, null, 0, hipri | default, null, null, false, 0, false, 0, 0, 0, 0, null, null, false, 0, 0, -1, -1, link properties: null, fail cause: NONE
05-15 10:51:48.709 925 925 D DCT-C-0 : initApnContexts: apnContext=default
05-15 10:51:48.709 621 782 D system_server: extent() != 1 for single value type: input.buffers.allocator-ids.values
05-15 10:51:48.709 925 925 D DCT-C-0 : default emergency apn is created
05-15 10:51:48.709 621 782 D system_server: extent() != 1 for single value type: output.buffers.allocator-ids.values
05-15 10:51:48.709 621 783 I system_server: query failed after returning 7 values (BAD_INDEX)
05-15 10:51:48.709 621 783 D system_server: c2 config diff is Dict {
05-15 10:51:48.709 621 783 D system_server: c2::u32 coded.bitrate.value = 64000
05-15 10:51:48.709 621 783 D system_server: c2::u32 input.buffers.max-size.value = 32768
05-15 10:51:48.709 621 783 D system_server: c2::u32 input.delay.value = 0
05-15 10:51:48.709 621 783 D system_server: string input.media-type.value = "audio/vorbis"
05-15 10:51:48.709 621 783 D system_server: string output.media-type.value = "audio/raw"
05-15 10:51:48.709 621 783 D system_server: c2::u32 raw.channel-count.value = 1
05-15 10:51:48.709 621 783 D system_server: c2::u32 raw.sample-rate.value = 48000
05-15 10:51:48.709 621 783 D system_server: }
05-15 10:51:48.709 621 782 D system_server: extent() != 1 for single value type: algo.buffers.allocator-ids.values
05-15 10:51:48.709 621 782 D system_server: extent() != 1 for single value type: output.buffers.pool-ids.values
05-15 10:51:48.709 621 782 D system_server: extent() != 1 for single value type: algo.buffers.pool-ids.values
05-15 10:51:48.709 777 1052 D ndroid.systemu: extent() != 1 for single value type: algo.buffers.max-count.values
05-15 10:51:48.709 621 783 D system_server: [c2.android.vorbis.decoder] buffers are bound to CCodec for this session
05-15 10:51:48.709 621 783 D system_server: no c2 equivalents for durationUs
05-15 10:51:48.709 621 783 D system_server: no c2 equivalents for track-id
05-15 10:51:48.709 418 418 I netd : tetherGetStats() -> {[]} <0.81ms>
05-15 10:51:48.709 621 783 D system_server: no c2 equivalents for csd-1
05-15 10:51:48.709 621 783 D system_server: no c2 equivalents for channel-mask
05-15 10:51:48.709 621 783 D system_server: no c2 equivalents for flags
05-15 10:51:48.709 777 1052 D ndroid.systemu: extent() != 1 for single value type: output.subscribed-indices.values
05-15 10:51:48.709 777 1047 D ndroid.systemu: extent() != 1 for single value type: algo.buffers.max-count.values
05-15 10:51:48.709 777 1052 D ndroid.systemu: extent() != 1 for single value type: input.buffers.allocator-ids.values
05-15 10:51:48.709 777 1052 D ndroid.systemu: extent() != 1 for single value type: output.buffers.allocator-ids.values
05-15 10:51:48.709 777 1052 D ndroid.systemu: extent() != 1 for single value type: algo.buffers.allocator-ids.values
05-15 10:51:48.709 777 1047 D ndroid.systemu: extent() != 1 for single value type: output.subscribed-indices.values
05-15 10:51:48.709 777 1052 D ndroid.systemu: extent() != 1 for single value type: output.buffers.pool-ids.values
05-15 10:51:48.709 777 1047 D ndroid.systemu: extent() != 1 for single value type: input.buffers.allocator-ids.values
05-15 10:51:48.709 925 925 D CarrierResolver: Creating CarrierResolver[0]
05-15 10:51:48.709 777 1052 D ndroid.systemu: extent() != 1 for single value type: algo.buffers.pool-ids.values
05-15 10:51:48.709 777 1047 D ndroid.systemu: extent() != 1 for single value type: output.buffers.allocator-ids.values
05-15 10:51:48.710 777 1047 D ndroid.systemu: extent() != 1 for single value type: algo.buffers.allocator-ids.values
05-15 10:51:48.710 777 1047 D ndroid.systemu: extent() != 1 for single value type: output.buffers.pool-ids.values
05-15 10:51:48.710 777 1047 D ndroid.systemu: extent() != 1 for single value type: algo.buffers.pool-ids.values
05-15 10:51:48.710 621 782 I system_server: query failed after returning 7 values (BAD_INDEX)
05-15 10:51:48.710 621 782 D system_server: c2 config diff is Dict {
05-15 10:51:48.710 621 782 D system_server: c2::u32 coded.bitrate.value = 64000
05-15 10:51:48.710 621 782 D system_server: c2::u32 input.buffers.max-size.value = 32768
05-15 10:51:48.710 621 782 D system_server: c2::u32 input.delay.value = 0
05-15 10:51:48.710 621 782 D system_server: string input.media-type.value = "audio/vorbis"
05-15 10:51:48.710 621 782 D system_server: string output.media-type.value = "audio/raw"
05-15 10:51:48.710 621 782 D system_server: c2::u32 raw.channel-count.value = 1
05-15 10:51:48.710 621 782 D system_server: c2::u32 raw.sample-rate.value = 48000
05-15 10:51:48.710 621 782 D system_server: }
05-15 10:51:48.710 777 1052 I ndroid.systemu: query failed after returning 7 values (BAD_INDEX)
05-15 10:51:48.710 777 1047 I ndroid.systemu: query failed after returning 7 values (BAD_INDEX)
05-15 10:51:48.710 777 1052 D ndroid.systemu: c2 config diff is Dict {
05-15 10:51:48.710 777 1052 D ndroid.systemu: c2::u32 coded.bitrate.value = 64000
05-15 10:51:48.710 777 1052 D ndroid.systemu: c2::u32 input.buffers.max-size.value = 32768
05-15 10:51:48.710 777 1052 D ndroid.systemu: c2::u32 input.delay.value = 0
05-15 10:51:48.710 777 1052 D ndroid.systemu: string input.media-type.value = "audio/vorbis"
05-15 10:51:48.710 777 1052 D ndroid.systemu: string output.media-type.value = "audio/raw"
05-15 10:51:48.710 777 1052 D ndroid.systemu: c2::u32 raw.channel-count.value = 1
05-15 10:51:48.710 777 1052 D ndroid.systemu: c2::u32 raw.sample-rate.value = 48000
05-15 10:51:48.710 777 1052 D ndroid.systemu: }
05-15 10:51:48.710 777 1047 D ndroid.systemu: c2 config diff is Dict {
05-15 10:51:48.710 777 1047 D ndroid.systemu: c2::u32 coded.bitrate.value = 64000
05-15 10:51:48.710 777 1047 D ndroid.systemu: c2::u32 input.buffers.max-size.value = 32768
05-15 10:51:48.710 777 1047 D ndroid.systemu: c2::u32 input.delay.value = 0
05-15 10:51:48.710 777 1047 D ndroid.systemu: string input.media-type.value = "audio/vorbis"
05-15 10:51:48.710 777 1047 D ndroid.systemu: string output.media-type.value = "audio/raw"
05-15 10:51:48.710 777 1047 D ndroid.systemu: c2::u32 raw.channel-count.value = 1
05-15 10:51:48.710 777 1047 D ndroid.systemu: c2::u32 raw.sample-rate.value = 48000
05-15 10:51:48.710 777 1047 D ndroid.systemu: }
05-15 10:51:48.710 621 646 I netstats_mobile_sample: [0,0,0,0,0,0,0,0,0,0,0,0,1747277508710]
05-15 10:51:48.710 621 646 I netstats_wifi_sample: [0,0,0,0,0,0,0,0,0,0,0,0,1747277508710]
05-15 10:51:48.710 925 925 D SST : [0] notifyVoiceRegStateRilRadioTechnologyChanged: vrs=1 rat=0
05-15 10:51:48.711 621 782 D system_server: [c2.android.vorbis.decoder] buffers are bound to CCodec for this session
05-15 10:51:48.711 777 1052 D ndroid.systemu: [c2.android.vorbis.decoder] buffers are bound to CCodec for this session
05-15 10:51:48.711 621 782 D system_server: no c2 equivalents for durationUs
05-15 10:51:48.711 621 782 D system_server: no c2 equivalents for track-id
05-15 10:51:48.711 777 1052 D ndroid.systemu: no c2 equivalents for durationUs
05-15 10:51:48.711 621 782 D system_server: no c2 equivalents for csd-1
05-15 10:51:48.711 777 1052 D ndroid.systemu: no c2 equivalents for track-id
05-15 10:51:48.711 777 1052 D ndroid.systemu: no c2 equivalents for csd-1
05-15 10:51:48.711 621 782 D system_server: no c2 equivalents for channel-mask
05-15 10:51:48.711 621 782 D system_server: no c2 equivalents for flags
05-15 10:51:48.711 777 1052 D ndroid.systemu: no c2 equivalents for channel-mask
05-15 10:51:48.711 777 1052 D ndroid.systemu: no c2 equivalents for flags
05-15 10:51:48.711 777 1047 D ndroid.systemu: [c2.android.vorbis.decoder] buffers are bound to CCodec for this session
05-15 10:51:48.711 777 1047 D ndroid.systemu: no c2 equivalents for durationUs
05-15 10:51:48.711 777 1047 D ndroid.systemu: no c2 equivalents for track-id
05-15 10:51:48.711 777 1047 D ndroid.systemu: no c2 equivalents for csd-1
05-15 10:51:48.711 777 1047 D ndroid.systemu: no c2 equivalents for channel-mask
05-15 10:51:48.711 777 1047 D ndroid.systemu: no c2 equivalents for flags
05-15 10:51:48.711 1056 1056 W ResourcesManager: failed to add overlay path '/data/resource-cache/com.android.systemui-neutral-TLBr.frro'
05-15 10:51:48.711 1056 1056 W ResourcesManager: java.io.IOException: Failed to load asset path /data/resource-cache/data@resource-cache@com.android.systemui-neutral-TLBr.frro@idmap
05-15 10:51:48.711 1056 1056 W ResourcesManager: at android.content.res.ApkAssets.nativeLoad(Native Method)
05-15 10:51:48.711 1056 1056 W ResourcesManager: at android.content.res.ApkAssets.(ApkAssets.java:295)
05-15 10:51:48.711 1056 1056 W ResourcesManager: at android.content.res.ApkAssets.loadOverlayFromPath(ApkAssets.java:215)
05-15 10:51:48.711 1056 1056 W ResourcesManager: at android.app.ResourcesManager.loadApkAssets(ResourcesManager.java:466)
05-15 10:51:48.711 1056 1056 W ResourcesManager: at android.app.ResourcesManager.createAssetManager(ResourcesManager.java:544)
05-15 10:51:48.711 1056 1056 W ResourcesManager: at android.app.ResourcesManager.createResourcesImpl(ResourcesManager.java:626)
05-15 10:51:48.711 1056 1056 W ResourcesManager: at android.app.ResourcesManager.findOrCreateResourcesImplForKeyLocked(ResourcesManager.java:719)
05-15 10:51:48.711 1056 1056 W ResourcesManager: at android.app.ResourcesManager.createResourcesForActivity(ResourcesManager.java:1087)
05-15 10:51:48.711 1056 1056 W ResourcesManager: at android.app.ResourcesManager.createBaseTokenResources(ResourcesManager.java:916)
05-15 10:51:48.711 1056 1056 W ResourcesManager: at android.app.ContextImpl.createWindowContextResources(ContextImpl.java:2778)
05-15 10:51:48.711 1056 1056 W ResourcesManager: at android.app.ContextImpl.createWindowContextBase(ContextImpl.java:2743)
05-15 10:51:48.711 1056 1056 W ResourcesManager: at android.app.ContextImpl.createWindowContextInternal(ContextImpl.java:2693)
05-15 10:51:48.711 1056 1056 W ResourcesManager: at android.app.ContextImpl.createWindowContext(ContextImpl.java:2672)
05-15 10:51:48.711 1056 1056 W ResourcesManager: at android.app.ContextImpl.createWindowContext(ContextImpl.java:190)
05-15 10:51:48.711 1056 1056 W ResourcesManager: at android.content.ContextWrapper.createWindowContext(ContextWrapper.java:1063)
05-15 10:51:48.711 1056 1056 W ResourcesManager: at com.android.launcher3.util.DisplayController.(DisplayController.java:95)
05-15 10:51:48.711 1056 1056 W ResourcesManager: at com.android.launcher3.util.DisplayController.$r8$lambda$QjdXHmv721WSoJW-MI-3oZlD7FY(Unknown Source:2)
05-15 10:51:48.711 1056 1056 W ResourcesManager: at com.android.launcher3.util.DisplayController$$ExternalSyntheticLambda0.get(Unknown Source:0)
05-15 10:51:48.711 1056 1056 W ResourcesManager: at com.android.launcher3.util.MainThreadInitializedObject.lambda$get$0$MainThreadInitializedObject(MainThreadInitializedObject.java:58)
05-15 10:51:48.711 1056 1056 W ResourcesManager: at com.android.launcher3.util.MainThreadInitializedObject$$ExternalSyntheticLambda2.get(Unknown Source:4)
05-15 10:51:48.711 1056 1056 W ResourcesManager: at com.android.launcher3.util.TraceHelper.allowIpcs(TraceHelper.java:84)
05-15 10:51:48.711 1056 1056 W ResourcesManager: at com.android.launcher3.util.MainThreadInitializedObject.get(MainThreadInitializedObject.java:57)
05-15 10:51:48.711 1056 1056 W ResourcesManager: at com.android.quickstep.RecentsAnimationDeviceState.(RecentsAnimationDeviceState.java:145)
05-15 10:51:48.711 1056 1056 W ResourcesManager: at com.android.quickstep.TouchInteractionService.onCreate(TouchInteractionService.java:367)
05-15 10:51:48.711 1056 1056 W ResourcesManager: at android.app.ActivityThread.handleCreateService(ActivityThread.java:4554)
05-15 10:51:48.711 1056 1056 W ResourcesManager: at android.app.ActivityThread.access$1700(ActivityThread.java:256)
05-15 10:51:48.711 1056 1056 W ResourcesManager: at android.app.ActivityThread$H.handleMessage(ActivityThread.java:2110)
05-15 10:51:48.711 1056 1056 W ResourcesManager: at android.os.Handler.dispatchMessage(Handler.java:106)
05-15 10:51:48.711 1056 1056 W ResourcesManager: at android.os.Looper.loopOnce(Looper.java:201)
05-15 10:51:48.711 1056 1056 W ResourcesManager: at android.os.Looper.loop(Looper.java:288)
05-15 10:51:48.711 1056 1056 W ResourcesManager: at android.app.ActivityThread.main(ActivityThread.java:7870)
05-15 10:51:48.711 1056 1056 W ResourcesManager: at java.lang.reflect.Method.invoke(Native Method)
05-15 10:51:48.711 1056 1056 W ResourcesManager: at com.android.internal.os.RuntimeInit$MethodAndArgsCaller.run(RuntimeInit.java:548)
05-15 10:51:48.711 1056 1056 W ResourcesManager: at com.android.internal.os.ZygoteInit.main(ZygoteInit.java:1003)
05-15 10:51:48.711 1056 1056 E droid.launcher: Invalid Idmap file: bad magic value (was 0x00000000, expected 0x504d4449)
05-15 10:51:48.711 1056 1056 E droid.launcher: failed to load IDMAP /data/resource-cache/data@resource-cache@com.android.systemui-accent-b2QH.frro@idmap
05-15 10:51:48.711 621 782 D system_server: c2 config diff is c2::u32 coded.bitrate.value = 140000
05-15 10:51:48.711 1094 1094 E android.smspus: Invalid Idmap file: bad magic value (was 0x00000000, expected 0x504d4449)
05-15 10:51:48.711 1094 1094 E android.smspus: failed to load IDMAP /data/resource-cache/data@resource-cache@com.android.systemui-neutral-TLBr.frro@idmap
05-15 10:51:48.712 1056 1056 W ResourcesManager: failed to add overlay path '/data/resource-cache/com.android.systemui-accent-b2QH.frro'
05-15 10:51:48.712 1056 1056 W ResourcesManager: java.io.IOException: Failed to load asset path /data/resource-cache/data@resource-cache@com.android.systemui-accent-b2QH.frro@idmap
05-15 10:51:48.712 1056 1056 W ResourcesManager: at android.content.res.ApkAssets.nativeLoad(Native Method)
05-15 10:51:48.712 1056 1056 W ResourcesManager: at android.content.res.ApkAssets.(ApkAssets.java:295)
05-15 10:51:48.712 1056 1056 W ResourcesManager: at android.content.res.ApkAssets.loadOverlayFromPath(ApkAssets.java:215)
05-15 10:51:48.712 1056 1056 W ResourcesManager: at android.app.ResourcesManager.loadApkAssets(ResourcesManager.java:466)
05-15 10:51:48.712 1056 1056 W ResourcesManager: at android.app.ResourcesManager.createAssetManager(ResourcesManager.java:544)
05-15 10:51:48.712 1056 1056 W ResourcesManager: at android.app.ResourcesManager.createResourcesImpl(ResourcesManager.java:626)
05-15 10:51:48.712 1056 1056 W ResourcesManager: at android.app.ResourcesManager.findOrCreateResourcesImplForKeyLocked(ResourcesManager.java:719)
05-15 10:51:48.712 1056 1056 W ResourcesManager: at android.app.ResourcesManager.createResourcesForActivity(ResourcesManager.java:1087)
05-15 10:51:48.712 1056 1056 W ResourcesManager: at android.app.ResourcesManager.createBaseTokenResources(ResourcesManager.java:916)
05-15 10:51:48.712 1056 1056 W ResourcesManager: at android.app.ContextImpl.createWindowContextResources(ContextImpl.java:2778)
05-15 10:51:48.712 1056 1056 W ResourcesManager: at android.app.ContextImpl.createWindowContextBase(ContextImpl.java:2743)
05-15 10:51:48.712 1056 1056 W ResourcesManager: at android.app.ContextImpl.createWindowContextInternal(ContextImpl.java:2693)
05-15 10:51:48.712 1056 1056 W ResourcesManager: at android.app.ContextImpl.createWindowContext(ContextImpl.java:2672)
05-15 10:51:48.712 1056 1056 W ResourcesManager: at android.app.ContextImpl.createWindowContext(ContextImpl.java:190)
05-15 10:51:48.712 1056 1056 W ResourcesManager: at android.content.ContextWrapper.createWindowContext(ContextWrapper.java:1063)
05-15 10:51:48.712 1056 1056 W ResourcesManager: at com.android.launcher3.util.DisplayController.(DisplayController.java:95)
05-15 10:51:48.712 1056 1056 W ResourcesManager: at com.android.launcher3.util.DisplayController.$r8$lambda$QjdXHmv721WSoJW-MI-3oZlD7FY(Unknown Source:2)
05-15 10:51:48.712 1056 1056 W ResourcesManager: at com.android.launcher3.util.DisplayController$$ExternalSyntheticLambda0.get(Unknown Source:0)
05-15 10:51:48.712 1056 1056 W ResourcesManager: at com.android.launcher3.util.MainThreadInitializedObject.lambda$get$0$MainThreadInitializedObject(MainThreadInitializedObject.java:58)
05-15 10:51:48.712 1056 1056 W ResourcesManager: at com.android.launcher3.util.MainThreadInitializedObject$$ExternalSyntheticLambda2.get(Unknown Source:4)
05-15 10:51:48.712 1056 1056 W ResourcesManager: at com.android.launcher3.util.TraceHelper.allowIpcs(TraceHelper.java:84)
05-15 10:51:48.712 1056 1056 W ResourcesManager: at com.android.launcher3.util.MainThreadInitializedObject.get(MainThreadInitializedObject.java:57)
05-15 10:51:48.712 1056 1056 W ResourcesManager: at com.android.quickstep.RecentsAnimationDeviceState.(RecentsAnimationDeviceState.java:145)
05-15 10:51:48.712 1056 1056 W ResourcesManager: at com.android.quickstep.TouchInteractionService.onCreate(TouchInteractionService.java:367)
05-15 10:51:48.712 1056 1056 W ResourcesManager: at android.app.ActivityThread.handleCreateService(ActivityThread.java:4554)
05-15 10:51:48.712 1056 1056 W ResourcesManager: at android.app.ActivityThread.access$1700(ActivityThread.java:256)
05-15 10:51:48.712 1056 1056 W ResourcesManager: at android.app.ActivityThread$H.handleMessage(ActivityThread.java:2110)
05-15 10:51:48.712 1056 1056 W ResourcesManager: at android.os.Handler.dispatchMessage(Handler.java:106)
05-15 10:51:48.712 1056 1056 W ResourcesManager: at android.os.Looper.loopOnce(Looper.java:201)
05-15 10:51:48.712 1056 1056 W ResourcesManager: at android.os.Looper.loop(Looper.java:288)
05-15 10:51:48.712 1056 1056 W ResourcesManager: at android.app.ActivityThread.main(ActivityThread.java:7870)
05-15 10:51:48.712 1056 1056 W ResourcesManager: at java.lang.reflect.Method.invoke(Native Method)
05-15 10:51:48.712 1056 1056 W ResourcesManager: at com.android.internal.os.RuntimeInit$MethodAndArgsCaller.run(RuntimeInit.java:548)
05-15 10:51:48.712 1056 1056 W ResourcesManager: at com.android.internal.os.ZygoteInit.main(ZygoteInit.java:1003)
05-15 10:51:48.712 777 1052 D ndroid.systemu: c2 config diff is c2::u32 coded.bitrate.value = 160000
05-15 10:51:48.712 777 1052 D ndroid.systemu: c2::u32 raw.channel-count.value = 2
05-15 10:51:48.712 777 1052 D ndroid.systemu: c2::u32 raw.sample-rate.value = 44100
05-15 10:51:48.712 777 1047 D ndroid.systemu: c2 config diff is c2::u32 coded.bitrate.value = 160000
05-15 10:51:48.712 777 1047 D ndroid.systemu: c2::u32 raw.channel-count.value = 2
05-15 10:51:48.712 777 1047 D ndroid.systemu: c2::u32 raw.sample-rate.value = 44100
05-15 10:51:48.712 621 783 D system_server: c2 config diff is c2::u32 coded.bitrate.value = 160000
05-15 10:51:48.712 621 783 D system_server: c2::u32 raw.channel-count.value = 2
05-15 10:51:48.712 1094 1094 W ResourcesManager: failed to preload asset path '/data/resource-cache/com.android.systemui-neutral-TLBr.frro'
05-15 10:51:48.712 1094 1094 W ResourcesManager: java.io.IOException: Failed to load asset path /data/resource-cache/data@resource-cache@com.android.systemui-neutral-TLBr.frro@idmap
05-15 10:51:48.712 1094 1094 W ResourcesManager: at android.content.res.ApkAssets.nativeLoad(Native Method)
05-15 10:51:48.712 1094 1094 W ResourcesManager: at android.content.res.ApkAssets.(ApkAssets.java:295)
05-15 10:51:48.712 1094 1094 W ResourcesManager: at android.content.res.ApkAssets.loadOverlayFromPath(ApkAssets.java:215)
05-15 10:51:48.712 1094 1094 W ResourcesManager: at android.app.ResourcesManager.loadApkAssets(ResourcesManager.java:466)
05-15 10:51:48.712 1094 1094 W ResourcesManager: at android.app.ResourcesManager.access$000(ResourcesManager.java:85)
05-15 10:51:48.712 1094 1094 W ResourcesManager: at android.app.ResourcesManager$ApkAssetsSupplier.load(ResourcesManager.java:182)
05-15 10:51:48.712 1094 1094 W ResourcesManager: at android.app.ResourcesManager.createApkAssetsSupplierNotLocked(ResourcesManager.java:1035)
05-15 10:51:48.712 1094 1094 W ResourcesManager: at android.app.ResourcesManager.getResources(ResourcesManager.java:1156)
05-15 10:51:48.712 1094 1094 W ResourcesManager: at android.app.LoadedApk.getResources(LoadedApk.java:1307)
05-15 10:51:48.712 1094 1094 W ResourcesManager: at android.app.ContextImpl.createAppContext(ContextImpl.java:3036)
05-15 10:51:48.712 1094 1094 W ResourcesManager: at android.app.ContextImpl.createAppContext(ContextImpl.java:3028)
05-15 10:51:48.712 1094 1094 W ResourcesManager: at android.app.ActivityThread.handleBindApplication(ActivityThread.java:6660)
05-15 10:51:48.712 1094 1094 W ResourcesManager: at android.app.ActivityThread.access$1500(ActivityThread.java:256)
05-15 10:51:48.712 1094 1094 W ResourcesManager: at android.app.ActivityThread$H.handleMessage(ActivityThread.java:2091)
05-15 10:51:48.712 1094 1094 W ResourcesManager: at android.os.Handler.dispatchMessage(Handler.java:106)
05-15 10:51:48.712 1094 1094 W ResourcesManager: at android.os.Looper.loopOnce(Looper.java:201)
05-15 10:51:48.712 1094 1094 W ResourcesManager: at android.os.Looper.loop(Looper.java:288)
05-15 10:51:48.712 1094 1094 W ResourcesManager: at android.app.ActivityThread.main(ActivityThread.java:7870)
05-15 10:51:48.712 1094 1094 W ResourcesManager: at java.lang.reflect.Method.invoke(Native Method)
05-15 10:51:48.712 1094 1094 W ResourcesManager: at com.android.internal.os.RuntimeInit$MethodAndArgsCaller.run(RuntimeInit.java:548)
05-15 10:51:48.712 1094 1094 W ResourcesManager: at com.android.internal.os.ZygoteInit.main(ZygoteInit.java:1003)
05-15 10:51:48.712 1094 1094 E android.smspus: Invalid Idmap file: bad magic value (was 0x00000000, expected 0x504d4449)
05-15 10:51:48.712 777 1052 W ndroid.systemu: query -- param skipped: index = 1107298332.
05-15 10:51:48.712 1094 1094 E android.smspus: failed to load IDMAP /data/resource-cache/data@resource-cache@com.android.systemui-accent-b2QH.frro@idmap
05-15 10:51:48.712 777 1052 D ndroid.systemu: setup formats input: AMessage(what = 0x00000000) = {
05-15 10:51:48.712 777 1052 D ndroid.systemu: int32_t bitrate = 160000
05-15 10:51:48.712 777 1052 D ndroid.systemu: int32_t channel-count = 2
05-15 10:51:48.712 777 1052 D ndroid.systemu: int32_t max-input-size = 32768
05-15 10:51:48.712 777 1052 D ndroid.systemu: string mime = "audio/vorbis"
05-15 10:51:48.712 777 1052 D ndroid.systemu: int32_t sample-rate = 44100
05-15 10:51:48.712 777 1052 D ndroid.systemu: }
05-15 10:51:48.712 777 1047 W ndroid.systemu: query -- param skipped: index = 1107298332.
05-15 10:51:48.712 777 1052 D ndroid.systemu: setup formats output: AMessage(what = 0x00000000) = {
05-15 10:51:48.712 777 1052 D ndroid.systemu: int32_t channel-count = 2
05-15 10:51:48.712 777 1052 D ndroid.systemu: string mime = "audio/raw"
05-15 10:51:48.712 777 1052 D ndroid.systemu: int32_t sample-rate = 44100
05-15 10:51:48.712 777 1052 D ndroid.systemu: int32_t channel-mask = 3
05-15 10:51:48.712 777 1052 D ndroid.systemu: }
05-15 10:51:48.712 777 1047 D ndroid.systemu: setup formats input: AMessage(what = 0x00000000) = {
05-15 10:51:48.712 777 1047 D ndroid.systemu: int32_t bitrate = 160000
05-15 10:51:48.712 777 1047 D ndroid.systemu: int32_t channel-count = 2
05-15 10:51:48.712 777 1047 D ndroid.systemu: int32_t max-input-size = 32768
05-15 10:51:48.712 777 1047 D ndroid.systemu: string mime = "audio/vorbis"
05-15 10:51:48.712 777 1047 D ndroid.systemu: int32_t sample-rate = 44100
05-15 10:51:48.712 777 1047 D ndroid.systemu: }
05-15 10:51:48.712 777 1052 I ndroid.systemu: query failed after returning 7 values (BAD_INDEX)
05-15 10:51:48.712 777 1047 D ndroid.systemu: setup formats output: AMessage(what = 0x00000000) = {
05-15 10:51:48.712 777 1047 D ndroid.systemu: int32_t channel-count = 2
05-15 10:51:48.712 777 1047 D ndroid.systemu: string mime = "audio/raw"
05-15 10:51:48.712 777 1047 D ndroid.systemu: int32_t sample-rate = 44100
05-15 10:51:48.712 777 1047 D ndroid.systemu: int32_t channel-mask = 3
05-15 10:51:48.712 777 1047 D ndroid.systemu: }
05-15 10:51:48.712 777 1047 I ndroid.systemu: query failed after returning 7 values (BAD_INDEX)
05-15 10:51:48.712 777 1052 W ndroid.systemu: query -- param skipped: index = 1342179345.
05-15 10:51:48.712 777 1052 W ndroid.systemu: query -- param skipped: index = 2415921170.
05-15 10:51:48.713 1094 1094 W ResourcesManager: failed to preload asset path '/data/resource-cache/com.android.systemui-accent-b2QH.frro'
05-15 10:51:48.713 1094 1094 W ResourcesManager: java.io.IOException: Failed to load asset path /data/resource-cache/data@resource-cache@com.android.systemui-accent-b2QH.frro@idmap
05-15 10:51:48.713 1094 1094 W ResourcesManager: at android.content.res.ApkAssets.nativeLoad(Native Method)
05-15 10:51:48.713 1094 1094 W ResourcesManager: at android.content.res.ApkAssets.(ApkAssets.java:295)
05-15 10:51:48.713 1094 1094 W ResourcesManager: at android.content.res.ApkAssets.loadOverlayFromPath(ApkAssets.java:215)
05-15 10:51:48.713 1094 1094 W ResourcesManager: at android.app.ResourcesManager.loadApkAssets(ResourcesManager.java:466)
05-15 10:51:48.713 1094 1094 W ResourcesManager: at android.app.ResourcesManager.access$000(ResourcesManager.java:85)
05-15 10:51:48.713 1094 1094 W ResourcesManager: at android.app.ResourcesManager$ApkAssetsSupplier.load(ResourcesManager.java:182)
05-15 10:51:48.713 1094 1094 W ResourcesManager: at android.app.ResourcesManager.createApkAssetsSupplierNotLocked(ResourcesManager.java:1035)
05-15 10:51:48.713 1094 1094 W ResourcesManager: at android.app.ResourcesManager.getResources(ResourcesManager.java:1156)
05-15 10:51:48.713 1094 1094 W ResourcesManager: at android.app.LoadedApk.getResources(LoadedApk.java:1307)
05-15 10:51:48.713 1094 1094 W ResourcesManager: at android.app.ContextImpl.createAppContext(ContextImpl.java:3036)
05-15 10:51:48.713 1094 1094 W ResourcesManager: at android.app.ContextImpl.createAppContext(ContextImpl.java:3028)
05-15 10:51:48.713 1094 1094 W ResourcesManager: at android.app.ActivityThread.handleBindApplication(ActivityThread.java:6660)
05-15 10:51:48.713 1094 1094 W ResourcesManager: at android.app.ActivityThread.access$1500(ActivityThread.java:256)
05-15 10:51:48.713 1094 1094 W ResourcesManager: at android.app.ActivityThread$H.handleMessage(ActivityThread.java:2091)
05-15 10:51:48.713 1094 1094 W ResourcesManager: at android.os.Handler.dispatchMessage(Handler.java:106)
05-15 10:51:48.713 1094 1094 W ResourcesManager: at android.os.Looper.loopOnce(Looper.java:201)
05-15 10:51:48.713 1094 1094 W ResourcesManager: at android.os.Looper.loop(Looper.java:288)
05-15 10:51:48.713 1094 1094 W ResourcesManager: at android.app.ActivityThread.main(ActivityThread.java:7870)
05-15 10:51:48.713 1094 1094 W ResourcesManager: at java.lang.reflect.Method.invoke(Native Method)
05-15 10:51:48.713 1094 1094 W ResourcesManager: at com.android.internal.os.RuntimeInit$MethodAndArgsCaller.run(RuntimeInit.java:548)
05-15 10:51:48.713 1094 1094 W ResourcesManager: at com.android.internal.os.ZygoteInit.main(ZygoteInit.java:1003)
05-15 10:51:48.713 621 783 W system_server: query -- param skipped: index = 1107298332.
05-15 10:51:48.713 1094 1094 E android.smspus: Invalid Idmap file: bad magic value (was 0x00000000, expected 0x504d4449)
05-15 10:51:48.713 777 1047 W ndroid.systemu: query -- param skipped: index = 1342179345.
05-15 10:51:48.713 1094 1094 E android.smspus: failed to load IDMAP /data/resource-cache/data@resource-cache@com.android.systemui-neutral-TLBr.frro@idmap
05-15 10:51:48.713 777 1047 W ndroid.systemu: query -- param skipped: index = 2415921170.
05-15 10:51:48.713 621 783 D system_server: setup formats input: AMessage(what = 0x00000000) = {
05-15 10:51:48.713 621 783 D system_server: int32_t bitrate = 160000
05-15 10:51:48.713 621 783 D system_server: int32_t channel-count = 2
05-15 10:51:48.713 621 783 D system_server: int32_t max-input-size = 32768
05-15 10:51:48.713 621 783 D system_server: string mime = "audio/vorbis"
05-15 10:51:48.713 621 783 D system_server: int32_t sample-rate = 48000
05-15 10:51:48.713 621 783 D system_server: }
05-15 10:51:48.713 621 783 D system_server: setup formats output: AMessage(what = 0x00000000) = {
05-15 10:51:48.713 621 783 D system_server: int32_t channel-count = 2
05-15 10:51:48.713 621 783 D system_server: string mime = "audio/raw"
05-15 10:51:48.713 621 783 D system_server: int32_t sample-rate = 48000
05-15 10:51:48.713 621 783 D system_server: int32_t channel-mask = 3
05-15 10:51:48.713 621 783 D system_server: }
05-15 10:51:48.713 621 782 W system_server: query -- param skipped: index = 1107298332.
05-15 10:51:48.713 621 782 D system_server: setup formats input: AMessage(what = 0x00000000) = {
05-15 10:51:48.713 621 782 D system_server: int32_t bitrate = 140000
05-15 10:51:48.713 621 782 D system_server: int32_t channel-count = 1
05-15 10:51:48.713 621 782 D system_server: int32_t max-input-size = 32768
05-15 10:51:48.713 621 782 D system_server: string mime = "audio/vorbis"
05-15 10:51:48.713 621 782 D system_server: int32_t sample-rate = 48000
05-15 10:51:48.713 621 782 D system_server: }
05-15 10:51:48.713 1094 1094 W ResourcesManager: failed to add overlay path '/data/resource-cache/com.android.systemui-neutral-TLBr.frro'
05-15 10:51:48.713 1094 1094 W ResourcesManager: java.io.IOException: Failed to load asset path /data/resource-cache/data@resource-cache@com.android.systemui-neutral-TLBr.frro@idmap
05-15 10:51:48.713 1094 1094 W ResourcesManager: at android.content.res.ApkAssets.nativeLoad(Native Method)
05-15 10:51:48.713 1094 1094 W ResourcesManager: at android.content.res.ApkAssets.(ApkAssets.java:295)
05-15 10:51:48.713 1094 1094 W ResourcesManager: at android.content.res.ApkAssets.loadOverlayFromPath(ApkAssets.java:215)
05-15 10:51:48.713 1094 1094 W ResourcesManager: at android.app.ResourcesManager.loadApkAssets(ResourcesManager.java:466)
05-15 10:51:48.713 1094 1094 W ResourcesManager: at android.app.ResourcesManager.access$000(ResourcesManager.java:85)
05-15 10:51:48.713 1094 1094 W ResourcesManager: at android.app.ResourcesManager$ApkAssetsSupplier.load(ResourcesManager.java:182)
05-15 10:51:48.713 1094 1094 W ResourcesManager: at android.app.ResourcesManager.createAssetManager(ResourcesManager.java:544)
05-15 10:51:48.713 1094 1094 W ResourcesManager: at android.app.ResourcesManager.createResourcesImpl(ResourcesManager.java:626)
05-15 10:51:48.713 1094 1094 W ResourcesManager: at android.app.ResourcesManager.findOrCreateResourcesImplForKeyLocked(ResourcesManager.java:719)
05-15 10:51:48.713 1094 1094 W ResourcesManager: at android.app.ResourcesManager.createResources(ResourcesManager.java:1066)
05-15 10:51:48.713 1094 1094 W ResourcesManager: at android.app.ResourcesManager.getResources(ResourcesManager.java:1169)
05-15 10:51:48.713 1094 1094 W ResourcesManager: at android.app.LoadedApk.getResources(LoadedApk.java:1307)
05-15 10:51:48.713 1094 1094 W ResourcesManager: at android.app.ContextImpl.createAppContext(ContextImpl.java:3036)
05-15 10:51:48.713 1094 1094 W ResourcesManager: at android.app.ContextImpl.createAppContext(ContextImpl.java:3028)
05-15 10:51:48.713 1094 1094 W ResourcesManager: at android.app.ActivityThread.handleBindApplication(ActivityThread.java:6660)
05-15 10:51:48.713 1094 1094 W ResourcesManager: at android.app.ActivityThread.access$1500(ActivityThread.java:256)
05-15 10:51:48.713 1094 1094 W ResourcesManager: at android.app.ActivityThread$H.handleMessage(ActivityThread.java:2091)
05-15 10:51:48.713 1094 1094 W ResourcesManager: at android.os.Handler.dispatchMessage(Handler.java:106)
05-15 10:51:48.713 1094 1094 W ResourcesManager: at android.os.Looper.loopOnce(Looper.java:201)
05-15 10:51:48.713 1094 1094 W ResourcesManager: at android.os.Looper.loop(Looper.java:288)
05-15 10:51:48.713 1094 1094 W ResourcesManager: at android.app.ActivityThread.main(ActivityThread.java:7870)
05-15 10:51:48.713 1094 1094 W ResourcesManager: at java.lang.reflect.Method.invoke(Native Method)
05-15 10:51:48.713 1094 1094 W ResourcesManager: at com.android.internal.os.RuntimeInit$MethodAndArgsCaller.run(RuntimeInit.java:548)
05-15 10:51:48.713 1094 1094 W ResourcesManager: at com.android.internal.os.ZygoteInit.main(ZygoteInit.java:1003)
05-15 10:51:48.713 621 782 D system_server: setup formats output: AMessage(what = 0x00000000) = {
05-15 10:51:48.713 621 782 D system_server: int32_t channel-count = 1
05-15 10:51:48.713 621 782 D system_server: string mime = "audio/raw"
05-15 10:51:48.713 621 782 D system_server: int32_t sample-rate = 48000
05-15 10:51:48.713 621 782 D system_server: int32_t channel-mask = 1
05-15 10:51:48.713 621 782 D system_server: }
05-15 10:51:48.713 1094 1094 E android.smspus: Invalid Idmap file: bad magic value (was 0x00000000, expected 0x504d4449)
05-15 10:51:48.713 1094 1094 E android.smspus: failed to load IDMAP /data/resource-cache/data@resource-cache@com.android.systemui-accent-b2QH.frro@idmap
05-15 10:51:48.713 621 783 I system_server: query failed after returning 7 values (BAD_INDEX)
05-15 10:51:48.713 777 1052 D ndroid.systemu: [c2.android.vorbis.decoder#444] Created input block pool with allocatorID 16 => poolID 17 - OK (0)
05-15 10:51:48.713 621 782 I system_server: query failed after returning 7 values (BAD_INDEX)
05-15 10:51:48.713 777 1047 D ndroid.systemu: [c2.android.vorbis.decoder#145] Created input block pool with allocatorID 16 => poolID 18 - OK (0)
05-15 10:51:48.713 1094 1094 W ResourcesManager: failed to add overlay path '/data/resource-cache/com.android.systemui-accent-b2QH.frro'
05-15 10:51:48.713 1094 1094 W ResourcesManager: java.io.IOException: Failed to load asset path /data/resource-cache/data@resource-cache@com.android.systemui-accent-b2QH.frro@idmap
05-15 10:51:48.713 1094 1094 W ResourcesManager: at android.content.res.ApkAssets.nativeLoad(Native Method)
05-15 10:51:48.713 1094 1094 W ResourcesManager: at android.content.res.ApkAssets.(ApkAssets.java:295)
05-15 10:51:48.713 1094 1094 W ResourcesManager: at android.content.res.ApkAssets.loadOverlayFromPath(ApkAssets.java:215)
05-15 10:51:48.713 1094 1094 W ResourcesManager: at android.app.ResourcesManager.loadApkAssets(ResourcesManager.java:466)
05-15 10:51:48.713 1094 1094 W ResourcesManager: at android.app.ResourcesManager.access$000(ResourcesManager.java:85)
05-15 10:51:48.713 1094 1094 W ResourcesManager: at android.app.ResourcesManager$ApkAssetsSupplier.load(ResourcesManager.java:182)
05-15 10:51:48.713 1094 1094 W ResourcesManager: at android.app.ResourcesManager.createAssetManager(ResourcesManager.java:544)
05-15 10:51:48.713 1094 1094 W ResourcesManager: at android.app.ResourcesManager.createResourcesImpl(ResourcesManager.java:626)
05-15 10:51:48.713 1094 1094 W ResourcesManager: at android.app.ResourcesManager.findOrCreateResourcesImplForKeyLocked(ResourcesManager.java:719)
05-15 10:51:48.713 1094 1094 W ResourcesManager: at android.app.ResourcesManager.createResources(ResourcesManager.java:1066)
05-15 10:51:48.713 1094 1094 W ResourcesManager: at android.app.ResourcesManager.getResources(ResourcesManager.java:1169)
05-15 10:51:48.713 1094 1094 W ResourcesManager: at android.app.LoadedApk.getResources(LoadedApk.java:1307)
05-15 10:51:48.713 1094 1094 W ResourcesManager: at android.app.ContextImpl.createAppContext(ContextImpl.java:3036)
05-15 10:51:48.713 1094 1094 W ResourcesManager: at android.app.ContextImpl.createAppContext(ContextImpl.java:3028)
05-15 10:51:48.713 1094 1094 W ResourcesManager: at android.app.ActivityThread.handleBindApplication(ActivityThread.java:6660)
05-15 10:51:48.713 1094 1094 W ResourcesManager: at android.app.ActivityThread.access$1500(ActivityThread.java:256)
05-15 10:51:48.713 1094 1094 W ResourcesManager: at android.app.ActivityThread$H.handleMessage(ActivityThread.java:2091)
05-15 10:51:48.713 1094 1094 W ResourcesManager: at android.os.Handler.dispatchMessage(Handler.java:106)
05-15 10:51:48.713 1094 1094 W ResourcesManager: at android.os.Looper.loopOnce(Looper.java:201)
05-15 10:51:48.713 1094 1094 W ResourcesManager: at android.os.Looper.loop(Looper.java:288)
05-15 10:51:48.713 1094 1094 W ResourcesManager: at android.app.ActivityThread.main(ActivityThread.java:7870)
05-15 10:51:48.713 1094 1094 W ResourcesManager: at java.lang.reflect.Method.invoke(Native Method)
05-15 10:51:48.713 1094 1094 W ResourcesManager: at com.android.internal.os.RuntimeInit$MethodAndArgsCaller.run(RuntimeInit.java:548)
05-15 10:51:48.713 1094 1094 W ResourcesManager: at com.android.internal.os.ZygoteInit.main(ZygoteInit.java:1003)
05-15 10:51:48.713 621 783 W system_server: query -- param skipped: index = 1342179345.
05-15 10:51:48.713 621 783 W system_server: query -- param skipped: index = 2415921170.
05-15 10:51:48.713 621 782 W system_server: query -- param skipped: index = 1342179345.
05-15 10:51:48.714 621 782 W system_server: query -- param skipped: index = 2415921170.
05-15 10:51:48.714 621 890 D ConnectivityService: requestNetwork for uid/pid:1001/925 activeRequest: null callbackRequest: 27 [NetworkRequest [ REQUEST id=28, [ Capabilities: INTERNET&NOT_RESTRICTED&TRUSTED&NOT_VCN_MANAGED Uid: 1001 RequestorUid: 1001 RequestorPkg: com.android.phone] ]] callback flags: 0 priority: 2147483647
05-15 10:51:48.714 621 727 D ConnectivityService: NetReassign [no changes]
05-15 10:51:48.714 621 621 I ConnectivityModuleConnector: Networking module service connected
05-15 10:51:48.714 621 621 I ConnectivityModuleConnector: Networking module service connected
05-15 10:51:48.714 621 621 D EbenSystemService_core: Bind success : android.os.IEbenSystemService$Stub$Proxy@efaac0c
05-15 10:51:48.715 777 1047 I ndroid.systemu: [c2.android.vorbis.decoder#145] Created output block pool with allocatorID 16 => poolID 17 - OK
05-15 10:51:48.715 777 1047 D ndroid.systemu: [c2.android.vorbis.decoder#145] Configured output block pool ids 17 => OK
05-15 10:51:48.715 777 1052 I ndroid.systemu: [c2.android.vorbis.decoder#444] Created output block pool with allocatorID 16 => poolID 18 - OK
05-15 10:51:48.715 621 783 D system_server: [c2.android.vorbis.decoder#884] Created input block pool with allocatorID 16 => poolID 17 - OK (0)
05-15 10:51:48.715 777 1047 I DMABUFHEAPS: Using DMA-BUF heap named: system
05-15 10:51:48.715 621 782 D system_server: [c2.android.vorbis.decoder#939] Created input block pool with allocatorID 16 => poolID 18 - OK (0)
05-15 10:51:48.716 621 621 V NotificationAssistants: 0 notification assistant service connected: ComponentInfo{android.ext.services/android.ext.services.notification.Assistant}
05-15 10:51:48.716 777 1052 D ndroid.systemu: [c2.android.vorbis.decoder#444] Configured output block pool ids 18 => OK
05-15 10:51:48.716 621 783 I system_server: [c2.android.vorbis.decoder#884] Created output block pool with allocatorID 16 => poolID 19 - OK
05-15 10:51:48.716 621 783 D system_server: [c2.android.vorbis.decoder#884] Configured output block pool ids 19 => OK
05-15 10:51:48.716 526 1138 D SimpleC2Component: Using output block pool with poolID 17 => got 17 - 0
05-15 10:51:48.717 621 782 I system_server: [c2.android.vorbis.decoder#939] Created output block pool with allocatorID 16 => poolID 20 - OK
05-15 10:51:48.717 621 782 D system_server: [c2.android.vorbis.decoder#939] Configured output block pool ids 20 => OK
05-15 10:51:48.717 621 691 I commit_sys_config_file: [log-files,986]
05-15 10:51:48.717 621 783 I DMABUFHEAPS: Using DMA-BUF heap named: system
05-15 10:51:48.717 621 640 I DropBoxManagerService: add tag=system_app_strictmode isTagEnabled=true flags=0x2
05-15 10:51:48.718 526 1134 D SimpleC2Component: Using output block pool with poolID 19 => got 19 - 0
05-15 10:51:48.718 621 621 D TelephonyRegistry: notifyCellLocationForSubscriber: subId=2147483647 cellIdentity=null
05-15 10:51:48.718 621 621 I notification_enqueue: [1000,621,android,32,NULL,-1,Notification(channel=USB shortcut=null contentView=null vibrate=null sound=null tick defaults=0x0 flags=0x2 color=0x00000000 vis=PUBLIC),0]
05-15 10:51:48.719 526 1136 D SimpleC2Component: Using output block pool with poolID 20 => got 20 - 0
05-15 10:51:48.719 621 640 I DropBoxManagerService: add tag=system_app_strictmode isTagEnabled=true flags=0x2
05-15 10:51:48.719 621 691 I commit_sys_config_file: [log-files,988]
05-15 10:51:48.720 925 925 I GsmCdmaPhone: [0] updateTtyMode ttyMode=0
05-15 10:51:48.720 621 621 I Telecom : WiredHeadsetManager: ACTION_HEADSET_PLUG event, plugged in: false, : WHC.oADA@AAI
05-15 10:51:48.720 621 895 W ServiceManager: Permission failure: android.permission.HIGH_SAMPLING_RATE_SENSORS from uid=10079 pid=1056
05-15 10:51:48.721 1094 1094 V GraphicsEnvironment: ANGLE Developer option for 'com.android.smspush' set to: 'default'
05-15 10:51:48.721 1094 1094 V GraphicsEnvironment: ANGLE GameManagerService for com.android.smspush: false
05-15 10:51:48.721 1094 1094 V GraphicsEnvironment: Neither updatable production driver nor prerelease driver is supported.
05-15 10:51:48.721 621 621 D MediaSessionService: Global priority session is changed from null to com.android.server.telecom/HeadsetMediaButton (userId=0)
05-15 10:51:48.721 621 621 I PackageWatchdog: Syncing health check requests for packages: {}
05-15 10:51:48.721 621 621 D ExplicitHealthCheckController: Getting health check supported packages
05-15 10:51:48.721 1094 1094 D NetworkSecurityConfig: No Network Security Config specified, using platform default
05-15 10:51:48.722 1094 1094 D NetworkSecurityConfig: No Network Security Config specified, using platform default
05-15 10:51:48.722 621 621 W Looper : Drained
05-15 10:51:48.722 925 925 D RILJ : [0005]> SET_TTY_MODE ttyMode = 0 [PHONE0]
05-15 10:51:48.722 522 522 D RILC : onRequest: SET_TTY_MODE datalen=4 request_value:80
05-15 10:51:48.722 925 1054 D RILJ : [0005]< SET_TTY_MODE [PHONE0]
05-15 10:51:48.723 526 1134 I DMABUFHEAPS: Using DMA-BUF heap named: system
05-15 10:51:48.723 621 1026 I ExplicitHealthCheckController: Explicit health check supported packages []
05-15 10:51:48.723 621 1026 D PackageWatchdog: Received supported packages []
05-15 10:51:48.723 621 1026 D ExplicitHealthCheckController: Getting health check requested packages
05-15 10:51:48.724 925 925 I GsmCdmaPhone: [0] updateUiTtyMode ttyMode=0
05-15 10:51:48.724 925 925 D CallManager: registerPhone(GSM Handler (com.android.internal.telephony.GsmCdmaPhone) {ce9df0e})
05-15 10:51:48.724 925 925 D GsmCdmaPhone: [0] GsmCdmaPhone: constructor: sub = 0
05-15 10:51:48.725 621 691 E NativeTombstoneManager: Tombstone has invalid selinux label (u:r:remote_prov_app:s0:c76,c256,c512,c768), ignoring
05-15 10:51:48.725 925 925 I PhoneFactory: defaultSmsApplication: NONE
05-15 10:51:48.725 621 1027 I ExplicitHealthCheckController: Explicit health check requested packages []
05-15 10:51:48.725 925 925 E m.android.phon: Invalid Idmap file: bad magic value (was 0x00000000, expected 0x504d4449)
05-15 10:51:48.725 925 925 E m.android.phon: failed to load IDMAP /data/resource-cache/data@resource-cache@com.android.systemui-neutral-TLBr.frro@idmap
05-15 10:51:48.725 621 1027 I ExplicitHealthCheckController: No more health check requests, unbinding...
05-15 10:51:48.726 621 691 I DropBoxManagerService: add tag=SYSTEM_TOMBSTONE_PROTO isTagEnabled=true flags=0x4
05-15 10:51:48.726 925 925 W ResourcesManager: failed to preload asset path '/data/resource-cache/com.android.systemui-neutral-TLBr.frro'
05-15 10:51:48.726 925 925 W ResourcesManager: java.io.IOException: Failed to load asset path /data/resource-cache/data@resource-cache@com.android.systemui-neutral-TLBr.frro@idmap
05-15 10:51:48.726 925 925 W ResourcesManager: at android.content.res.ApkAssets.nativeLoad(Native Method)
05-15 10:51:48.726 925 925 W ResourcesManager: at android.content.res.ApkAssets.(ApkAssets.java:295)
05-15 10:51:48.726 925 925 W ResourcesManager: at android.content.res.ApkAssets.loadOverlayFromPath(ApkAssets.java:215)
05-15 10:51:48.726 925 925 W ResourcesManager: at android.app.ResourcesManager.loadApkAssets(ResourcesManager.java:466)
05-15 10:51:48.726 925 925 W ResourcesManager: at android.app.ResourcesManager.access$000(ResourcesManager.java:85)
05-15 10:51:48.726 925 925 W ResourcesManager: at android.app.ResourcesManager$ApkAssetsSupplier.load(ResourcesManager.java:182)
05-15 10:51:48.726 925 925 W ResourcesManager: at android.app.ResourcesManager.createApkAssetsSupplierNotLocked(ResourcesManager.java:1035)
05-15 10:51:48.726 925 925 W ResourcesManager: at android.app.ResourcesManager.getResources(ResourcesManager.java:1156)
05-15 10:51:48.726 925 925 W ResourcesManager: at android.app.ContextImpl.createResources(ContextImpl.java:2463)
05-15 10:51:48.726 925 925 W ResourcesManager: at android.app.ContextImpl.createPackageContextAsUser(ContextImpl.java:2533)
05-15 10:51:48.726 925 925 W ResourcesManager: at android.app.ContextImpl.createContextAsUser(ContextImpl.java:2548)
05-15 10:51:48.726 925 925 W ResourcesManager: at android.content.ContextWrapper.createContextAsUser(ContextWrapper.java:1013)
05-15 10:51:48.726 925 925 W ResourcesManager: at android.content.ContextWrapper.createContextAsUser(ContextWrapper.java:1013)
05-15 10:51:48.726 925 925 W ResourcesManager: at com.android.internal.telephony.PackageChangeReceiver.register(PackageChangeReceiver.java:62)
05-15 10:51:48.726 925 925 W ResourcesManager: at com.android.internal.telephony.SmsApplication.initSmsPackageMonitor(SmsApplication.java:898)
05-15 10:51:48.726 925 925 W ResourcesManager: at com.android.internal.telephony.PhoneFactory.makeDefaultPhone(PhoneFactory.java:230)
05-15 10:51:48.726 925 925 W ResourcesManager: at com.android.internal.telephony.PhoneFactory.makeDefaultPhones(PhoneFactory.java:108)
05-15 10:51:48.726 925 925 W ResourcesManager: at com.android.phone.PhoneGlobals.onCreate(PhoneGlobals.java:400)
05-15 10:51:48.726 925 925 W ResourcesManager: at com.android.phone.PhoneApp.onCreate(PhoneApp.java:39)
05-15 10:51:48.726 925 925 W ResourcesManager: at android.app.Instrumentation.callApplicationOnCreate(Instrumentation.java:1223)
05-15 10:51:48.726 925 925 W ResourcesManager: at android.app.ActivityThread.handleBindApplication(ActivityThread.java:6762)
05-15 10:51:48.726 925 925 W ResourcesManager: at android.app.ActivityThread.access$1500(ActivityThread.java:256)
05-15 10:51:48.726 925 925 W ResourcesManager: at android.app.ActivityThread$H.handleMessage(ActivityThread.java:2091)
05-15 10:51:48.726 925 925 W ResourcesManager: at android.os.Handler.dispatchMessage(Handler.java:106)
05-15 10:51:48.726 925 925 W ResourcesManager: at android.os.Looper.loopOnce(Looper.java:201)
05-15 10:51:48.726 925 925 W ResourcesManager: at android.os.Looper.loop(Looper.java:288)
05-15 10:51:48.726 925 925 W ResourcesManager: at android.app.ActivityThread.main(ActivityThread.java:7870)
05-15 10:51:48.726 925 925 W ResourcesManager: at java.lang.reflect.Method.invoke(Native Method)
05-15 10:51:48.726 925 925 W ResourcesManager: at com.android.internal.os.RuntimeInit$MethodAndArgsCaller.run(RuntimeInit.java:548)
05-15 10:51:48.726 925 925 W ResourcesManager: at com.android.internal.os.ZygoteInit.main(ZygoteInit.java:1003)
05-15 10:51:48.726 925 925 E m.android.phon: Invalid Idmap file: bad magic value (was 0x00000000, expected 0x504d4449)
05-15 10:51:48.726 925 925 E m.android.phon: failed to load IDMAP /data/resource-cache/data@resource-cache@com.android.systemui-accent-b2QH.frro@idmap
05-15 10:51:48.727 621 783 I hw-BpHwBinder: onLastStrongRef automatically unlinking death recipients
05-15 10:51:48.727 621 1027 I ExplicitHealthCheckController: Explicit health check service is unbound
