05-15 10:51:48.417 925 925 W ResourcesManager: at android.app.ContextImpl.createPackageContext(ContextImpl.java:2506)
05-15 10:51:48.417 925 925 W ResourcesManager: at android.content.ContextWrapper.createPackageContext(ContextWrapper.java:1000)
05-15 10:51:48.417 925 925 W ResourcesManager: at android.app.ActivityThread.installProvider(ActivityThread.java:7414)
05-15 10:51:48.417 925 925 W ResourcesManager: at android.app.ActivityThread.installContentProviders(ActivityThread.java:6976)
05-15 10:51:48.417 925 925 W ResourcesManager: at android.app.ActivityThread.handleBindApplication(ActivityThread.java:6747)
05-15 10:51:48.417 925 925 W ResourcesManager: at android.app.ActivityThread.access$1500(ActivityThread.java:256)
05-15 10:51:48.417 925 925 W ResourcesManager: at android.app.ActivityThread$H.handleMessage(ActivityThread.java:2091)
05-15 10:51:48.417 925 925 W ResourcesManager: at android.os.Handler.dispatchMessage(Handler.java:106)
05-15 10:51:48.417 925 925 W ResourcesManager: at android.os.Looper.loopOnce(Looper.java:201)
05-15 10:51:48.417 925 925 W ResourcesManager: at android.os.Looper.loop(Looper.java:288)
05-15 10:51:48.417 925 925 W ResourcesManager: at android.app.ActivityThread.main(ActivityThread.java:7870)
05-15 10:51:48.417 925 925 W ResourcesManager: at java.lang.reflect.Method.invoke(Native Method)
05-15 10:51:48.417 925 925 W ResourcesManager: at com.android.internal.os.RuntimeInit$MethodAndArgsCaller.run(RuntimeInit.java:548)
05-15 10:51:48.417 925 925 W ResourcesManager: at com.android.internal.os.ZygoteInit.main(ZygoteInit.java:1003)
05-15 10:51:48.417 777 777 D MediaResumeListener: loaded resume components []
05-15 10:51:48.417 418 418 I netd : trafficSwapActiveStatsMap() <17.95ms>
05-15 10:51:48.419 777 777 D LocalBluetoothProfileManager: LocalBluetoothProfileManager construction complete
05-15 10:51:48.419 777 777 D LocalBluetoothProfileManager: supportedList is null
05-15 10:51:48.419 418 418 I netd : tetherGetStats() -> {[]} <0.90ms>
05-15 10:51:48.419 621 691 I commit_sys_config_file: [log-files,688]
05-15 10:51:48.419 925 925 D DeferredSmsMmsRestoreService: startIfFilesExist: no files to restore
05-15 10:51:48.419 925 925 D DeferredSmsMmsRestoreService: addAllSharedPrefToLocalLog
05-15 10:51:48.420 621 646 I netstats_mobile_sample: [0,0,0,0,0,0,0,0,0,0,0,0,1747277508420]
05-15 10:51:48.420 621 646 I netstats_wifi_sample: [0,0,0,0,0,0,0,0,0,0,0,0,1747277508420]
05-15 10:51:48.421 925 925 E m.android.phon: Invalid Idmap file: bad magic value (was 0x00000000, expected 0x504d4449)
05-15 10:51:48.421 925 925 E m.android.phon: failed to load IDMAP /data/resource-cache/data@resource-cache@com.android.systemui-neutral-TLBr.frro@idmap
05-15 10:51:48.422 925 925 W ResourcesManager: failed to preload asset path '/data/resource-cache/com.android.systemui-neutral-TLBr.frro'
05-15 10:51:48.422 925 925 W ResourcesManager: java.io.IOException: Failed to load asset path /data/resource-cache/data@resource-cache@com.android.systemui-neutral-TLBr.frro@idmap
05-15 10:51:48.422 925 925 W ResourcesManager: at android.content.res.ApkAssets.nativeLoad(Native Method)
05-15 10:51:48.422 925 925 W ResourcesManager: at android.content.res.ApkAssets.(ApkAssets.java:295)
05-15 10:51:48.422 925 925 W ResourcesManager: at android.content.res.ApkAssets.loadOverlayFromPath(ApkAssets.java:215)
05-15 10:51:48.422 925 925 W ResourcesManager: at android.app.ResourcesManager.loadApkAssets(ResourcesManager.java:466)
05-15 10:51:48.422 925 925 W ResourcesManager: at android.app.ResourcesManager.access$000(ResourcesManager.java:85)
05-15 10:51:48.422 925 925 W ResourcesManager: at android.app.ResourcesManager$ApkAssetsSupplier.load(ResourcesManager.java:182)
05-15 10:51:48.422 925 925 W ResourcesManager: at android.app.ResourcesManager.createApkAssetsSupplierNotLocked(ResourcesManager.java:1035)
05-15 10:51:48.422 925 925 W ResourcesManager: at android.app.ResourcesManager.getResources(ResourcesManager.java:1156)
05-15 10:51:48.422 925 925 W ResourcesManager: at android.app.ContextImpl.createResources(ContextImpl.java:2463)
05-15 10:51:48.422 925 925 W ResourcesManager: at android.app.ContextImpl.createPackageContextAsUser(ContextImpl.java:2533)
05-15 10:51:48.422 925 925 W ResourcesManager: at android.app.ContextImpl.createPackageContext(ContextImpl.java:2506)
05-15 10:51:48.422 925 925 W ResourcesManager: at android.content.ContextWrapper.createPackageContext(ContextWrapper.java:1000)
05-15 10:51:48.422 925 925 W ResourcesManager: at android.app.ActivityThread.installProvider(ActivityThread.java:7414)
05-15 10:51:48.422 925 925 W ResourcesManager: at android.app.ActivityThread.installContentProviders(ActivityThread.java:6976)
05-15 10:51:48.422 925 925 W ResourcesManager: at android.app.ActivityThread.handleBindApplication(ActivityThread.java:6747)
05-15 10:51:48.422 925 925 W ResourcesManager: at android.app.ActivityThread.access$1500(ActivityThread.java:256)
05-15 10:51:48.422 925 925 W ResourcesManager: at android.app.ActivityThread$H.handleMessage(ActivityThread.java:2091)
05-15 10:51:48.422 925 925 W ResourcesManager: at android.os.Handler.dispatchMessage(Handler.java:106)
05-15 10:51:48.422 925 925 W ResourcesManager: at android.os.Looper.loopOnce(Looper.java:201)
05-15 10:51:48.422 925 925 W ResourcesManager: at android.os.Looper.loop(Looper.java:288)
05-15 10:51:48.422 925 925 W ResourcesManager: at android.app.ActivityThread.main(ActivityThread.java:7870)
05-15 10:51:48.422 925 925 W ResourcesManager: at java.lang.reflect.Method.invoke(Native Method)
05-15 10:51:48.422 925 925 W ResourcesManager: at com.android.internal.os.RuntimeInit$MethodAndArgsCaller.run(RuntimeInit.java:548)
05-15 10:51:48.422 925 925 W ResourcesManager: at com.android.internal.os.ZygoteInit.main(ZygoteInit.java:1003)
05-15 10:51:48.422 925 925 E m.android.phon: Invalid Idmap file: bad magic value (was 0x00000000, expected 0x504d4449)
05-15 10:51:48.422 925 925 E m.android.phon: failed to load IDMAP /data/resource-cache/data@resource-cache@com.android.systemui-accent-b2QH.frro@idmap
05-15 10:51:48.422 925 925 W ResourcesManager: failed to preload asset path '/data/resource-cache/com.android.systemui-accent-b2QH.frro'
05-15 10:51:48.422 925 925 W ResourcesManager: java.io.IOException: Failed to load asset path /data/resource-cache/data@resource-cache@com.android.systemui-accent-b2QH.frro@idmap
05-15 10:51:48.422 925 925 W ResourcesManager: at android.content.res.ApkAssets.nativeLoad(Native Method)
05-15 10:51:48.422 925 925 W ResourcesManager: at android.content.res.ApkAssets.(ApkAssets.java:295)
05-15 10:51:48.422 925 925 W ResourcesManager: at android.content.res.ApkAssets.loadOverlayFromPath(ApkAssets.java:215)
05-15 10:51:48.422 925 925 W ResourcesManager: at android.app.ResourcesManager.loadApkAssets(ResourcesManager.java:466)
05-15 10:51:48.422 925 925 W ResourcesManager: at android.app.ResourcesManager.access$000(ResourcesManager.java:85)
05-15 10:51:48.422 925 925 W ResourcesManager: at android.app.ResourcesManager$ApkAssetsSupplier.load(ResourcesManager.java:182)
05-15 10:51:48.422 925 925 W ResourcesManager: at android.app.ResourcesManager.createApkAssetsSupplierNotLocked(ResourcesManager.java:1035)
05-15 10:51:48.422 925 925 W ResourcesManager: at android.app.ResourcesManager.getResources(ResourcesManager.java:1156)
05-15 10:51:48.422 925 925 W ResourcesManager: at android.app.ContextImpl.createResources(ContextImpl.java:2463)
05-15 10:51:48.422 925 925 W ResourcesManager: at android.app.ContextImpl.createPackageContextAsUser(ContextImpl.java:2533)
05-15 10:51:48.422 925 925 W ResourcesManager: at android.app.ContextImpl.createPackageContext(ContextImpl.java:2506)
05-15 10:51:48.422 925 925 W ResourcesManager: at android.content.ContextWrapper.createPackageContext(ContextWrapper.java:1000)
05-15 10:51:48.422 925 925 W ResourcesManager: at android.app.ActivityThread.installProvider(ActivityThread.java:7414)
05-15 10:51:48.422 925 925 W ResourcesManager: at android.app.ActivityThread.installContentProviders(ActivityThread.java:6976)
05-15 10:51:48.422 925 925 W ResourcesManager: at android.app.ActivityThread.handleBindApplication(ActivityThread.java:6747)
05-15 10:51:48.422 925 925 W ResourcesManager: at android.app.ActivityThread.access$1500(ActivityThread.java:256)
05-15 10:51:48.422 925 925 W ResourcesManager: at android.app.ActivityThread$H.handleMessage(ActivityThread.java:2091)
05-15 10:51:48.422 925 925 W ResourcesManager: at android.os.Handler.dispatchMessage(Handler.java:106)
05-15 10:51:48.422 925 925 W ResourcesManager: at android.os.Looper.loopOnce(Looper.java:201)
05-15 10:51:48.422 925 925 W ResourcesManager: at android.os.Looper.loop(Looper.java:288)
05-15 10:51:48.422 925 925 W ResourcesManager: at android.app.ActivityThread.main(ActivityThread.java:7870)
05-15 10:51:48.422 925 925 W ResourcesManager: at java.lang.reflect.Method.invoke(Native Method)
05-15 10:51:48.422 925 925 W ResourcesManager: at com.android.internal.os.RuntimeInit$MethodAndArgsCaller.run(RuntimeInit.java:548)
05-15 10:51:48.422 925 925 W ResourcesManager: at com.android.internal.os.ZygoteInit.main(ZygoteInit.java:1003)
05-15 10:51:48.422 925 925 D CarrierIdProvider: onCreate
05-15 10:51:48.422 925 925 D CarrierIdDatabaseHelper: CarrierIdDatabaseHelper: 5
05-15 10:51:48.426 959 959 D SettingsSliceProvider: init
05-15 10:51:48.426 959 959 D SettingsSliceProvider: onCreateSliceProvider
05-15 10:51:48.426 621 621 E system_server: Invalid Idmap file: bad magic value (was 0x00000000, expected 0x504d4449)
05-15 10:51:48.426 621 621 E system_server: failed to load IDMAP /data/resource-cache/data@resource-cache@com.android.systemui-neutral-TLBr.frro@idmap
05-15 10:51:48.427 621 621 W ResourcesManager: failed to preload asset path '/data/resource-cache/com.android.systemui-neutral-TLBr.frro'
05-15 10:51:48.427 621 621 W ResourcesManager: java.io.IOException: Failed to load asset path /data/resource-cache/data@resource-cache@com.android.systemui-neutral-TLBr.frro@idmap
05-15 10:51:48.427 621 621 W ResourcesManager: at android.content.res.ApkAssets.nativeLoad(Native Method)
05-15 10:51:48.427 621 621 W ResourcesManager: at android.content.res.ApkAssets.(ApkAssets.java:295)
05-15 10:51:48.427 621 621 W ResourcesManager: at android.content.res.ApkAssets.loadOverlayFromPath(ApkAssets.java:215)
05-15 10:51:48.427 621 621 W ResourcesManager: at android.app.ResourcesManager.loadApkAssets(ResourcesManager.java:466)
05-15 10:51:48.427 621 621 W ResourcesManager: at android.app.ResourcesManager.access$000(ResourcesManager.java:85)
05-15 10:51:48.427 621 621 W ResourcesManager: at android.app.ResourcesManager$ApkAssetsSupplier.load(ResourcesManager.java:182)
05-15 10:51:48.427 621 621 W ResourcesManager: at android.app.ResourcesManager.createApkAssetsSupplierNotLocked(ResourcesManager.java:1035)
05-15 10:51:48.427 621 621 W ResourcesManager: at android.app.ResourcesManager.getResources(ResourcesManager.java:1156)
05-15 10:51:48.427 621 621 W ResourcesManager: at android.app.LoadedApk.getResources(LoadedApk.java:1307)
05-15 10:51:48.427 621 621 W ResourcesManager: at android.app.LoadedApk.getAssets(LoadedApk.java:1289)
05-15 10:51:48.427 621 621 W ResourcesManager: at android.app.LoadedApk.makeApplication(LoadedApk.java:1341)
05-15 10:51:48.427 621 621 W ResourcesManager: at android.app.ActivityThread.handleCreateService(ActivityThread.java:4527)
05-15 10:51:48.427 621 621 W ResourcesManager: at android.app.ActivityThread.access$1700(ActivityThread.java:256)
05-15 10:51:48.427 621 621 W ResourcesManager: at android.app.ActivityThread$H.handleMessage(ActivityThread.java:2110)
05-15 10:51:48.427 621 621 W ResourcesManager: at android.os.Handler.dispatchMessage(Handler.java:106)
05-15 10:51:48.427 621 621 W ResourcesManager: at android.os.Looper.loopOnce(Looper.java:201)
05-15 10:51:48.427 621 621 W ResourcesManager: at android.os.Looper.loop(Looper.java:288)
05-15 10:51:48.427 621 621 W ResourcesManager: at com.android.server.SystemServer.run(SystemServer.java:914)
05-15 10:51:48.427 621 621 W ResourcesManager: at com.android.server.SystemServer.main(SystemServer.java:623)
05-15 10:51:48.427 621 621 W ResourcesManager: at java.lang.reflect.Method.invoke(Native Method)
05-15 10:51:48.427 621 621 W ResourcesManager: at com.android.internal.os.RuntimeInit$MethodAndArgsCaller.run(RuntimeInit.java:548)
05-15 10:51:48.427 621 621 W ResourcesManager: at com.android.internal.os.ZygoteInit.main(ZygoteInit.java:981)
05-15 10:51:48.427 621 621 E system_server: Invalid Idmap file: bad magic value (was 0x00000000, expected 0x504d4449)
05-15 10:51:48.427 621 621 E system_server: failed to load IDMAP /data/resource-cache/data@resource-cache@com.android.systemui-accent-b2QH.frro@idmap
05-15 10:51:48.427 621 621 W ResourcesManager: failed to preload asset path '/data/resource-cache/com.android.systemui-accent-b2QH.frro'
05-15 10:51:48.427 621 621 W ResourcesManager: java.io.IOException: Failed to load asset path /data/resource-cache/data@resource-cache@com.android.systemui-accent-b2QH.frro@idmap
05-15 10:51:48.427 621 621 W ResourcesManager: at android.content.res.ApkAssets.nativeLoad(Native Method)
05-15 10:51:48.427 621 621 W ResourcesManager: at android.content.res.ApkAssets.(ApkAssets.java:295)
05-15 10:51:48.427 621 621 W ResourcesManager: at android.content.res.ApkAssets.loadOverlayFromPath(ApkAssets.java:215)
05-15 10:51:48.427 621 621 W ResourcesManager: at android.app.ResourcesManager.loadApkAssets(ResourcesManager.java:466)
05-15 10:51:48.427 621 621 W ResourcesManager: at android.app.ResourcesManager.access$000(ResourcesManager.java:85)
05-15 10:51:48.427 621 621 W ResourcesManager: at android.app.ResourcesManager$ApkAssetsSupplier.load(ResourcesManager.java:182)
05-15 10:51:48.427 621 621 W ResourcesManager: at android.app.ResourcesManager.createApkAssetsSupplierNotLocked(ResourcesManager.java:1035)
05-15 10:51:48.427 621 621 W ResourcesManager: at android.app.ResourcesManager.getResources(ResourcesManager.java:1156)
05-15 10:51:48.427 621 621 W ResourcesManager: at android.app.LoadedApk.getResources(LoadedApk.java:1307)
05-15 10:51:48.427 621 621 W ResourcesManager: at android.app.LoadedApk.getAssets(LoadedApk.java:1289)
05-15 10:51:48.427 621 621 W ResourcesManager: at android.app.LoadedApk.makeApplication(LoadedApk.java:1341)
05-15 10:51:48.427 621 621 W ResourcesManager: at android.app.ActivityThread.handleCreateService(ActivityThread.java:4527)
05-15 10:51:48.427 621 621 W ResourcesManager: at android.app.ActivityThread.access$1700(ActivityThread.java:256)
05-15 10:51:48.427 621 621 W ResourcesManager: at android.app.ActivityThread$H.handleMessage(ActivityThread.java:2110)
05-15 10:51:48.427 621 621 W ResourcesManager: at android.os.Handler.dispatchMessage(Handler.java:106)
05-15 10:51:48.427 621 621 W ResourcesManager: at android.os.Looper.loopOnce(Looper.java:201)
05-15 10:51:48.427 621 621 W ResourcesManager: at android.os.Looper.loop(Looper.java:288)
05-15 10:51:48.427 621 621 W ResourcesManager: at com.android.server.SystemServer.run(SystemServer.java:914)
05-15 10:51:48.427 621 621 W ResourcesManager: at com.android.server.SystemServer.main(SystemServer.java:623)
05-15 10:51:48.427 621 621 W ResourcesManager: at java.lang.reflect.Method.invoke(Native Method)
05-15 10:51:48.427 621 621 W ResourcesManager: at com.android.internal.os.RuntimeInit$MethodAndArgsCaller.run(RuntimeInit.java:548)
05-15 10:51:48.427 621 621 W ResourcesManager: at com.android.internal.os.ZygoteInit.main(ZygoteInit.java:981)
05-15 10:51:48.427 621 621 E system_server: Invalid Idmap file: bad magic value (was 0x00000000, expected 0x504d4449)
05-15 10:51:48.427 621 621 E system_server: failed to load IDMAP /data/resource-cache/data@resource-cache@com.android.systemui-neutral-TLBr.frro@idmap
05-15 10:51:48.427 621 621 W ResourcesManager: failed to add overlay path '/data/resource-cache/com.android.systemui-neutral-TLBr.frro'
05-15 10:51:48.427 621 621 W ResourcesManager: java.io.IOException: Failed to load asset path /data/resource-cache/data@resource-cache@com.android.systemui-neutral-TLBr.frro@idmap
05-15 10:51:48.427 621 621 W ResourcesManager: at android.content.res.ApkAssets.nativeLoad(Native Method)
05-15 10:51:48.427 621 621 W ResourcesManager: at android.content.res.ApkAssets.(ApkAssets.java:295)
05-15 10:51:48.427 621 621 W ResourcesManager: at android.content.res.ApkAssets.loadOverlayFromPath(ApkAssets.java:215)
05-15 10:51:48.427 621 621 W ResourcesManager: at android.app.ResourcesManager.loadApkAssets(ResourcesManager.java:466)
05-15 10:51:48.427 621 621 W ResourcesManager: at android.app.ResourcesManager.access$000(ResourcesManager.java:85)
05-15 10:51:48.427 621 621 W ResourcesManager: at android.app.ResourcesManager$ApkAssetsSupplier.load(ResourcesManager.java:182)
05-15 10:51:48.427 621 621 W ResourcesManager: at android.app.ResourcesManager.createAssetManager(ResourcesManager.java:544)
05-15 10:51:48.427 621 621 W ResourcesManager: at android.app.ResourcesManager.createResourcesImpl(ResourcesManager.java:626)
05-15 10:51:48.427 621 621 W ResourcesManager: at android.app.ResourcesManager.findOrCreateResourcesImplForKeyLocked(ResourcesManager.java:719)
05-15 10:51:48.427 621 621 W ResourcesManager: at android.app.ResourcesManager.createResources(ResourcesManager.java:1066)
05-15 10:51:48.427 621 621 W ResourcesManager: at android.app.ResourcesManager.getResources(ResourcesManager.java:1169)
05-15 10:51:48.427 621 621 W ResourcesManager: at android.app.LoadedApk.getResources(LoadedApk.java:1307)
05-15 10:51:48.427 621 621 W ResourcesManager: at android.app.LoadedApk.getAssets(LoadedApk.java:1289)
05-15 10:51:48.427 621 621 W ResourcesManager: at android.app.LoadedApk.makeApplication(LoadedApk.java:1341)
05-15 10:51:48.427 621 621 W ResourcesManager: at android.app.ActivityThread.handleCreateService(ActivityThread.java:4527)
05-15 10:51:48.427 621 621 W ResourcesManager: at android.app.ActivityThread.access$1700(ActivityThread.java:256)
05-15 10:51:48.427 621 621 W ResourcesManager: at android.app.ActivityThread$H.handleMessage(ActivityThread.java:2110)
05-15 10:51:48.427 621 621 W ResourcesManager: at android.os.Handler.dispatchMessage(Handler.java:106)
05-15 10:51:48.427 621 621 W ResourcesManager: at android.os.Looper.loopOnce(Looper.java:201)
05-15 10:51:48.427 621 621 W ResourcesManager: at android.os.Looper.loop(Looper.java:288)
05-15 10:51:48.427 621 621 W ResourcesManager: at com.android.server.SystemServer.run(SystemServer.java:914)
05-15 10:51:48.427 621 621 W ResourcesManager: at com.android.server.SystemServer.main(SystemServer.java:623)
05-15 10:51:48.427 621 621 W ResourcesManager: at java.lang.reflect.Method.invoke(Native Method)
05-15 10:51:48.427 621 621 W ResourcesManager: at com.android.internal.os.RuntimeInit$MethodAndArgsCaller.run(RuntimeInit.java:548)
05-15 10:51:48.427 621 621 W ResourcesManager: at com.android.internal.os.ZygoteInit.main(ZygoteInit.java:981)
05-15 10:51:48.427 621 621 E system_server: Invalid Idmap file: bad magic value (was 0x00000000, expected 0x504d4449)
05-15 10:51:48.427 621 621 E system_server: failed to load IDMAP /data/resource-cache/data@resource-cache@com.android.systemui-accent-b2QH.frro@idmap
05-15 10:51:48.427 621 621 W ResourcesManager: failed to add overlay path '/data/resource-cache/com.android.systemui-accent-b2QH.frro'
05-15 10:51:48.427 621 621 W ResourcesManager: java.io.IOException: Failed to load asset path /data/resource-cache/data@resource-cache@com.android.systemui-accent-b2QH.frro@idmap
05-15 10:51:48.427 621 621 W ResourcesManager: at android.content.res.ApkAssets.nativeLoad(Native Method)
05-15 10:51:48.427 621 621 W ResourcesManager: at android.content.res.ApkAssets.(ApkAssets.java:295)
05-15 10:51:48.427 621 621 W ResourcesManager: at android.content.res.ApkAssets.loadOverlayFromPath(ApkAssets.java:215)
05-15 10:51:48.427 621 621 W ResourcesManager: at android.app.ResourcesManager.loadApkAssets(ResourcesManager.java:466)
05-15 10:51:48.427 621 621 W ResourcesManager: at android.app.ResourcesManager.access$000(ResourcesManager.java:85)
05-15 10:51:48.427 621 621 W ResourcesManager: at android.app.ResourcesManager$ApkAssetsSupplier.load(ResourcesManager.java:182)
05-15 10:51:48.427 621 621 W ResourcesManager: at android.app.ResourcesManager.createAssetManager(ResourcesManager.java:544)
05-15 10:51:48.427 621 621 W ResourcesManager: at android.app.ResourcesManager.createResourcesImpl(ResourcesManager.java:626)
05-15 10:51:48.427 621 621 W ResourcesManager: at android.app.ResourcesManager.findOrCreateResourcesImplForKeyLocked(ResourcesManager.java:719)
05-15 10:51:48.427 621 621 W ResourcesManager: at android.app.ResourcesManager.createResources(ResourcesManager.java:1066)
05-15 10:51:48.427 621 621 W ResourcesManager: at android.app.ResourcesManager.getResources(ResourcesManager.java:1169)
05-15 10:51:48.427 621 621 W ResourcesManager: at android.app.LoadedApk.getResources(LoadedApk.java:1307)
05-15 10:51:48.427 621 621 W ResourcesManager: at android.app.LoadedApk.getAssets(LoadedApk.java:1289)
05-15 10:51:48.427 621 621 W ResourcesManager: at android.app.LoadedApk.makeApplication(LoadedApk.java:1341)
05-15 10:51:48.427 621 621 W ResourcesManager: at android.app.ActivityThread.handleCreateService(ActivityThread.java:4527)
05-15 10:51:48.427 621 621 W ResourcesManager: at android.app.ActivityThread.access$1700(ActivityThread.java:256)
05-15 10:51:48.427 621 621 W ResourcesManager: at android.app.ActivityThread$H.handleMessage(ActivityThread.java:2110)
05-15 10:51:48.427 621 621 W ResourcesManager: at android.os.Handler.dispatchMessage(Handler.java:106)
05-15 10:51:48.427 621 621 W ResourcesManager: at android.os.Looper.loopOnce(Looper.java:201)
05-15 10:51:48.427 621 621 W ResourcesManager: at android.os.Looper.loop(Looper.java:288)
05-15 10:51:48.427 621 621 W ResourcesManager: at com.android.server.SystemServer.run(SystemServer.java:914)
05-15 10:51:48.427 621 621 W ResourcesManager: at com.android.server.SystemServer.main(SystemServer.java:623)
05-15 10:51:48.427 621 621 W ResourcesManager: at java.lang.reflect.Method.invoke(Native Method)
05-15 10:51:48.427 621 621 W ResourcesManager: at com.android.internal.os.RuntimeInit$MethodAndArgsCaller.run(RuntimeInit.java:548)
05-15 10:51:48.427 621 621 W ResourcesManager: at com.android.internal.os.ZygoteInit.main(ZygoteInit.java:981)
05-15 10:51:48.428 621 621 D NetworkSecurityConfig: No Network Security Config specified, using platform default
05-15 10:51:48.428 621 621 W nsconfig: com.android.networkstack.inprocess: New config does not match the previously set config.
05-15 10:51:48.429 959 959 D EmbeddingCompat: Embedding extension version not found
05-15 10:51:48.429 959 959 D EmbeddingBackend: No supported embedding extension found
05-15 10:51:48.430 959 959 D ActivityEmbeddingUtils: isFlagEnabled = true
05-15 10:51:48.430 959 959 D ActivityEmbeddingUtils: isSplitSupported = false
05-15 10:51:48.430 959 959 D ActivityEmbeddingCtrl: Not support this feature now
05-15 10:51:48.432 959 959 E ndroid.setting: Invalid Idmap file: bad magic value (was 0x00000000, expected 0x504d4449)
05-15 10:51:48.432 959 959 E ndroid.setting: failed to load IDMAP /data/resource-cache/data@resource-cache@com.android.systemui-neutral-TLBr.frro@idmap
05-15 10:51:48.433 959 959 W ResourcesManager: failed to add overlay path '/data/resource-cache/com.android.systemui-neutral-TLBr.frro'
05-15 10:51:48.433 959 959 W ResourcesManager: java.io.IOException: Failed to load asset path /data/resource-cache/data@resource-cache@com.android.systemui-neutral-TLBr.frro@idmap
05-15 10:51:48.433 959 959 W ResourcesManager: at android.content.res.ApkAssets.nativeLoad(Native Method)
05-15 10:51:48.433 959 959 W ResourcesManager: at android.content.res.ApkAssets.(ApkAssets.java:295)
05-15 10:51:48.433 959 959 W ResourcesManager: at android.content.res.ApkAssets.loadOverlayFromPath(ApkAssets.java:215)
05-15 10:51:48.433 959 959 W ResourcesManager: at android.app.ResourcesManager.loadApkAssets(ResourcesManager.java:466)
05-15 10:51:48.433 959 959 W ResourcesManager: at android.app.ResourcesManager.createAssetManager(ResourcesManager.java:544)
05-15 10:51:48.433 959 959 W ResourcesManager: at android.app.ResourcesManager.createResourcesImpl(ResourcesManager.java:626)
05-15 10:51:48.433 959 959 W ResourcesManager: at android.app.ResourcesManager.findOrCreateResourcesImplForKeyLocked(ResourcesManager.java:719)
05-15 10:51:48.433 959 959 W ResourcesManager: at android.app.ResourcesManager.createResourcesForActivity(ResourcesManager.java:1087)
05-15 10:51:48.433 959 959 W ResourcesManager: at android.app.ResourcesManager.createBaseTokenResources(ResourcesManager.java:916)
05-15 10:51:48.433 959 959 W ResourcesManager: at android.app.ContextImpl.createActivityContext(ContextImpl.java:3088)
05-15 10:51:48.433 959 959 W ResourcesManager: at android.app.ActivityThread.createBaseContextForActivity(ActivityThread.java:3790)
05-15 10:51:48.433 959 959 W ResourcesManager: at android.app.ActivityThread.performLaunchActivity(ActivityThread.java:3596)
05-15 10:51:48.433 959 959 W ResourcesManager: at android.app.ActivityThread.handleLaunchActivity(ActivityThread.java:3864)
05-15 10:51:48.433 959 959 W ResourcesManager: at android.app.servertransaction.LaunchActivityItem.execute(LaunchActivityItem.java:103)
05-15 10:51:48.433 959 959 W ResourcesManager: at android.app.servertransaction.TransactionExecutor.executeCallbacks(TransactionExecutor.java:135)
05-15 10:51:48.433 959 959 W ResourcesManager: at android.app.servertransaction.TransactionExecutor.execute(TransactionExecutor.java:95)
05-15 10:51:48.433 959 959 W ResourcesManager: at android.app.ActivityThread$H.handleMessage(ActivityThread.java:2253)
05-15 10:51:48.433 959 959 W ResourcesManager: at android.os.Handler.dispatchMessage(Handler.java:106)
05-15 10:51:48.433 959 959 W ResourcesManager: at android.os.Looper.loopOnce(Looper.java:201)
05-15 10:51:48.433 959 959 W ResourcesManager: at android.os.Looper.loop(Looper.java:288)
05-15 10:51:48.433 959 959 W ResourcesManager: at android.app.ActivityThread.main(ActivityThread.java:7870)
05-15 10:51:48.433 959 959 W ResourcesManager: at java.lang.reflect.Method.invoke(Native Method)
05-15 10:51:48.433 959 959 W ResourcesManager: at com.android.internal.os.RuntimeInit$MethodAndArgsCaller.run(RuntimeInit.java:548)
05-15 10:51:48.433 959 959 W ResourcesManager: at com.android.internal.os.ZygoteInit.main(ZygoteInit.java:1003)
05-15 10:51:48.433 959 959 E ndroid.setting: Invalid Idmap file: bad magic value (was 0x00000000, expected 0x504d4449)
05-15 10:51:48.433 959 959 E ndroid.setting: failed to load IDMAP /data/resource-cache/data@resource-cache@com.android.systemui-accent-b2QH.frro@idmap
05-15 10:51:48.435 959 959 W ResourcesManager: failed to add overlay path '/data/resource-cache/com.android.systemui-accent-b2QH.frro'
05-15 10:51:48.435 959 959 W ResourcesManager: java.io.IOException: Failed to load asset path /data/resource-cache/data@resource-cache@com.android.systemui-accent-b2QH.frro@idmap
05-15 10:51:48.435 959 959 W ResourcesManager: at android.content.res.ApkAssets.nativeLoad(Native Method)
05-15 10:51:48.435 959 959 W ResourcesManager: at android.content.res.ApkAssets.(ApkAssets.java:295)
05-15 10:51:48.435 959 959 W ResourcesManager: at android.content.res.ApkAssets.loadOverlayFromPath(ApkAssets.java:215)
05-15 10:51:48.435 959 959 W ResourcesManager: at android.app.ResourcesManager.loadApkAssets(ResourcesManager.java:466)
05-15 10:51:48.435 959 959 W ResourcesManager: at android.app.ResourcesManager.createAssetManager(ResourcesManager.java:544)
05-15 10:51:48.435 959 959 W ResourcesManager: at android.app.ResourcesManager.createResourcesImpl(ResourcesManager.java:626)
05-15 10:51:48.435 959 959 W ResourcesManager: at android.app.ResourcesManager.findOrCreateResourcesImplForKeyLocked(ResourcesManager.java:719)
05-15 10:51:48.435 959 959 W ResourcesManager: at android.app.ResourcesManager.createResourcesForActivity(ResourcesManager.java:1087)
05-15 10:51:48.435 959 959 W ResourcesManager: at android.app.ResourcesManager.createBaseTokenResources(ResourcesManager.java:916)
05-15 10:51:48.435 959 959 W ResourcesManager: at android.app.ContextImpl.createActivityContext(ContextImpl.java:3088)
05-15 10:51:48.435 959 959 W ResourcesManager: at android.app.ActivityThread.createBaseContextForActivity(ActivityThread.java:3790)
05-15 10:51:48.435 959 959 W ResourcesManager: at android.app.ActivityThread.performLaunchActivity(ActivityThread.java:3596)
05-15 10:51:48.435 959 959 W ResourcesManager: at android.app.ActivityThread.handleLaunchActivity(ActivityThread.java:3864)
05-15 10:51:48.435 959 959 W ResourcesManager: at android.app.servertransaction.LaunchActivityItem.execute(LaunchActivityItem.java:103)
05-15 10:51:48.435 959 959 W ResourcesManager: at android.app.servertransaction.TransactionExecutor.executeCallbacks(TransactionExecutor.java:135)
05-15 10:51:48.435 959 959 W ResourcesManager: at android.app.servertransaction.TransactionExecutor.execute(TransactionExecutor.java:95)
05-15 10:51:48.435 959 959 W ResourcesManager: at android.app.ActivityThread$H.handleMessage(ActivityThread.java:2253)
05-15 10:51:48.435 959 959 W ResourcesManager: at android.os.Handler.dispatchMessage(Handler.java:106)
05-15 10:51:48.435 959 959 W ResourcesManager: at android.os.Looper.loopOnce(Looper.java:201)
05-15 10:51:48.435 959 959 W ResourcesManager: at android.os.Looper.loop(Looper.java:288)
05-15 10:51:48.435 959 959 W ResourcesManager: at android.app.ActivityThread.main(ActivityThread.java:7870)
05-15 10:51:48.435 959 959 W ResourcesManager: at java.lang.reflect.Method.invoke(Native Method)
05-15 10:51:48.435 959 959 W ResourcesManager: at com.android.internal.os.RuntimeInit$MethodAndArgsCaller.run(RuntimeInit.java:548)
05-15 10:51:48.435 959 959 W ResourcesManager: at com.android.internal.os.ZygoteInit.main(ZygoteInit.java:1003)
05-15 10:51:48.438 925 925 D CarrierIdProvider: update database from pb file
05-15 10:51:48.440 621 691 E NativeTombstoneManager: Tombstone has invalid selinux label (u:r:platform_app:s0:c512,c768), ignoring
05-15 10:51:48.441 959 959 E ndroid.setting: Invalid Idmap file: bad magic value (was 0x00000000, expected 0x504d4449)
05-15 10:51:48.441 959 959 E ndroid.setting: failed to load IDMAP /data/resource-cache/data@resource-cache@com.android.systemui-neutral-TLBr.frro@idmap
05-15 10:51:48.441 621 621 E system_server: Invalid Idmap file: bad magic value (was 0x00000000, expected 0x504d4449)
05-15 10:51:48.441 621 621 E system_server: failed to load IDMAP /data/resource-cache/data@resource-cache@com.android.systemui-neutral-TLBr.frro@idmap
05-15 10:51:48.441 621 691 I DropBoxManagerService: add tag=SYSTEM_TOMBSTONE_PROTO isTagEnabled=true flags=0x4
05-15 10:51:48.441 621 621 W ResourcesManager: failed to preload asset path '/data/resource-cache/com.android.systemui-neutral-TLBr.frro'
05-15 10:51:48.441 621 621 W ResourcesManager: java.io.IOException: Failed to load asset path /data/resource-cache/data@resource-cache@com.android.systemui-neutral-TLBr.frro@idmap
05-15 10:51:48.441 621 621 W ResourcesManager: at android.content.res.ApkAssets.nativeLoad(Native Method)
05-15 10:51:48.441 621 621 W ResourcesManager: at android.content.res.ApkAssets.(ApkAssets.java:295)
05-15 10:51:48.441 621 621 W ResourcesManager: at android.content.res.ApkAssets.loadOverlayFromPath(ApkAssets.java:215)
05-15 10:51:48.441 621 621 W ResourcesManager: at android.app.ResourcesManager.loadApkAssets(ResourcesManager.java:466)
05-15 10:51:48.441 621 621 W ResourcesManager: at android.app.ResourcesManager.access$000(ResourcesManager.java:85)
05-15 10:51:48.441 621 621 W ResourcesManager: at android.app.ResourcesManager$ApkAssetsSupplier.load(ResourcesManager.java:182)
05-15 10:51:48.441 621 621 W ResourcesManager: at android.app.ResourcesManager.createApkAssetsSupplierNotLocked(ResourcesManager.java:1035)
05-15 10:51:48.441 621 621 W ResourcesManager: at android.app.ResourcesManager.getResources(ResourcesManager.java:1156)
05-15 10:51:48.441 621 621 W ResourcesManager: at android.app.ContextImpl.createResources(ContextImpl.java:2463)
05-15 10:51:48.441 621 621 W ResourcesManager: at android.app.ContextImpl.createPackageContextAsUser(ContextImpl.java:2533)
05-15 10:51:48.441 621 621 W ResourcesManager: at android.content.ContextWrapper.createPackageContextAsUser(ContextWrapper.java:1007)
05-15 10:51:48.441 621 621 W ResourcesManager: at com.android.networkstack.NetworkStackNotifier.getContextAsUser(NetworkStackNotifier.java:299)
05-15 10:51:48.441 621 621 W ResourcesManager: at com.android.networkstack.NetworkStackNotifier.(NetworkStackNotifier.java:115)
05-15 10:51:48.441 621 621 W ResourcesManager: at com.android.networkstack.NetworkStackNotifier.(NetworkStackNotifier.java:107)
05-15 10:51:48.441 621 621 W ResourcesManager: at com.android.server.NetworkStackService$Dependencies.makeNotifier(NetworkStackService.java:153)
05-15 10:51:48.441 621 621 W ResourcesManager: at com.android.server.NetworkStackService$NetworkStackConnector.(NetworkStackService.java:296)
05-15 10:51:48.441 621 621 W ResourcesManager: at com.android.server.NetworkStackService$NetworkStackConnector.(NetworkStackService.java:277)
05-15 10:51:48.441 621 621 W ResourcesManager: at com.android.server.NetworkStackService.makeConnector(NetworkStackService.java:101)
05-15 10:51:48.441 621 621 W ResourcesManager: at com.android.server.NetworkStackService.onBind(NetworkStackService.java:109)
05-15 10:51:48.441 621 621 W ResourcesManager: at android.app.ActivityThread.handleBindService(ActivityThread.java:4584)
05-15 10:51:48.441 621 621 W ResourcesManager: at android.app.ActivityThread.access$1800(ActivityThread.java:256)
05-15 10:51:48.441 621 621 W ResourcesManager: at android.app.ActivityThread$H.handleMessage(ActivityThread.java:2115)
05-15 10:51:48.441 621 621 W ResourcesManager: at android.os.Handler.dispatchMessage(Handler.java:106)
05-15 10:51:48.441 621 621 W ResourcesManager: at android.os.Looper.loopOnce(Looper.java:201)
05-15 10:51:48.441 621 621 W ResourcesManager: at android.os.Looper.loop(Looper.java:288)
05-15 10:51:48.441 621 621 W ResourcesManager: at com.android.server.SystemServer.run(SystemServer.java:914)
05-15 10:51:48.441 621 621 W ResourcesManager: at com.android.server.SystemServer.main(SystemServer.java:623)
05-15 10:51:48.441 621 621 W ResourcesManager: at java.lang.reflect.Method.invoke(Native Method)
05-15 10:51:48.441 621 621 W ResourcesManager: at com.android.internal.os.RuntimeInit$MethodAndArgsCaller.run(RuntimeInit.java:548)
05-15 10:51:48.441 621 621 W ResourcesManager: at com.android.internal.os.ZygoteInit.main(ZygoteInit.java:981)
05-15 10:51:48.441 621 621 E system_server: Invalid Idmap file: bad magic value (was 0x00000000, expected 0x504d4449)
05-15 10:51:48.441 621 621 E system_server: failed to load IDMAP /data/resource-cache/data@resource-cache@com.android.systemui-accent-b2QH.frro@idmap
05-15 10:51:48.441 621 621 W ResourcesManager: failed to preload asset path '/data/resource-cache/com.android.systemui-accent-b2QH.frro'
05-15 10:51:48.441 621 621 W ResourcesManager: java.io.IOException: Failed to load asset path /data/resource-cache/data@resource-cache@com.android.systemui-accent-b2QH.frro@idmap
05-15 10:51:48.441 621 621 W ResourcesManager: at android.content.res.ApkAssets.nativeLoad(Native Method)
05-15 10:51:48.441 621 621 W ResourcesManager: at android.content.res.ApkAssets.(ApkAssets.java:295)
05-15 10:51:48.441 621 621 W ResourcesManager: at android.content.res.ApkAssets.loadOverlayFromPath(ApkAssets.java:215)
05-15 10:51:48.441 621 621 W ResourcesManager: at android.app.ResourcesManager.loadApkAssets(ResourcesManager.java:466)
05-15 10:51:48.441 621 621 W ResourcesManager: at android.app.ResourcesManager.access$000(ResourcesManager.java:85)
05-15 10:51:48.441 621 621 W ResourcesManager: at android.app.ResourcesManager$ApkAssetsSupplier.load(ResourcesManager.java:182)
05-15 10:51:48.441 621 621 W ResourcesManager: at android.app.ResourcesManager.createApkAssetsSupplierNotLocked(ResourcesManager.java:1035)
05-15 10:51:48.441 621 621 W ResourcesManager: at android.app.ResourcesManager.getResources(ResourcesManager.java:1156)
05-15 10:51:48.441 621 621 W ResourcesManager: at android.app.ContextImpl.createResources(ContextImpl.java:2463)
05-15 10:51:48.441 621 621 W ResourcesManager: at android.app.ContextImpl.createPackageContextAsUser(ContextImpl.java:2533)
05-15 10:51:48.441 621 621 W ResourcesManager: at android.content.ContextWrapper.createPackageContextAsUser(ContextWrapper.java:1007)
05-15 10:51:48.441 621 621 W ResourcesManager: at com.android.networkstack.NetworkStackNotifier.getContextAsUser(NetworkStackNotifier.java:299)
05-15 10:51:48.441 621 621 W ResourcesManager: at com.android.networkstack.NetworkStackNotifier.(NetworkStackNotifier.java:115)
05-15 10:51:48.441 621 621 W ResourcesManager: at com.android.networkstack.NetworkStackNotifier.(NetworkStackNotifier.java:107)
05-15 10:51:48.441 621 621 W ResourcesManager: at com.android.server.NetworkStackService$Dependencies.makeNotifier(NetworkStackService.java:153)
05-15 10:51:48.441 621 621 W ResourcesManager: at com.android.server.NetworkStackService$NetworkStackConnector.(NetworkStackService.java:296)
05-15 10:51:48.441 621 621 W ResourcesManager: at com.android.server.NetworkStackService$NetworkStackConnector.(NetworkStackService.java:277)
05-15 10:51:48.441 621 621 W ResourcesManager: at com.android.server.NetworkStackService.makeConnector(NetworkStackService.java:101)
05-15 10:51:48.441 621 621 W ResourcesManager: at com.android.server.NetworkStackService.onBind(NetworkStackService.java:109)
05-15 10:51:48.441 621 621 W ResourcesManager: at android.app.ActivityThread.handleBindService(ActivityThread.java:4584)
05-15 10:51:48.441 621 621 W ResourcesManager: at android.app.ActivityThread.access$1800(ActivityThread.java:256)
05-15 10:51:48.441 621 621 W ResourcesManager: at android.app.ActivityThread$H.handleMessage(ActivityThread.java:2115)
05-15 10:51:48.441 621 621 W ResourcesManager: at android.os.Handler.dispatchMessage(Handler.java:106)
05-15 10:51:48.441 621 621 W ResourcesManager: at android.os.Looper.loopOnce(Looper.java:201)
05-15 10:51:48.441 621 621 W ResourcesManager: at android.os.Looper.loop(Looper.java:288)
05-15 10:51:48.441 621 621 W ResourcesManager: at com.android.server.SystemServer.run(SystemServer.java:914)
05-15 10:51:48.441 621 621 W ResourcesManager: at com.android.server.SystemServer.main(SystemServer.java:623)
05-15 10:51:48.441 621 621 W ResourcesManager: at java.lang.reflect.Method.invoke(Native Method)
05-15 10:51:48.441 621 621 W ResourcesManager: at com.android.internal.os.RuntimeInit$MethodAndArgsCaller.run(RuntimeInit.java:548)
05-15 10:51:48.441 621 621 W ResourcesManager: at com.android.internal.os.ZygoteInit.main(ZygoteInit.java:981)
05-15 10:51:48.441 959 959 W ResourcesManager: failed to preload asset path '/data/resource-cache/com.android.systemui-neutral-TLBr.frro'
05-15 10:51:48.441 959 959 W ResourcesManager: java.io.IOException: Failed to load asset path /data/resource-cache/data@resource-cache@com.android.systemui-neutral-TLBr.frro@idmap
05-15 10:51:48.441 959 959 W ResourcesManager: at android.content.res.ApkAssets.nativeLoad(Native Method)
05-15 10:51:48.441 959 959 W ResourcesManager: at android.content.res.ApkAssets.(ApkAssets.java:295)
05-15 10:51:48.441 959 959 W ResourcesManager: at android.content.res.ApkAssets.loadOverlayFromPath(ApkAssets.java:215)
05-15 10:51:48.441 959 959 W ResourcesManager: at android.app.ResourcesManager.loadApkAssets(ResourcesManager.java:466)
05-15 10:51:48.441 959 959 W ResourcesManager: at android.app.ResourcesManager.access$000(ResourcesManager.java:85)
05-15 10:51:48.441 959 959 W ResourcesManager: at android.app.ResourcesManager$ApkAssetsSupplier.load(ResourcesManager.java:182)
05-15 10:51:48.441 959 959 W ResourcesManager: at android.app.ResourcesManager.createApkAssetsSupplierNotLocked(ResourcesManager.java:1035)
05-15 10:51:48.441 959 959 W ResourcesManager: at android.app.ResourcesManager.getResources(ResourcesManager.java:1156)
05-15 10:51:48.441 959 959 W ResourcesManager: at android.app.ContextImpl.createResources(ContextImpl.java:2463)
05-15 10:51:48.441 959 959 W ResourcesManager: at android.app.ContextImpl.createConfigurationContext(ContextImpl.java:2609)
05-15 10:51:48.441 959 959 W ResourcesManager: at android.content.ContextWrapper.createConfigurationContext(ContextWrapper.java:1045)
05-15 10:51:48.441 959 959 W ResourcesManager: at com.android.internal.policy.DecorContext.(DecorContext.java:58)
05-15 10:51:48.441 959 959 W ResourcesManager: at com.android.internal.policy.PhoneWindow.generateDecor(PhoneWindow.java:2367)
05-15 10:51:48.441 959 959 W ResourcesManager: at com.android.internal.policy.PhoneWindow.installDecor(PhoneWindow.java:2717)
05-15 10:51:48.441 959 959 W ResourcesManager: at com.android.internal.policy.PhoneWindow.getDecorView(PhoneWindow.java:2135)
05-15 10:51:48.441 959 959 W ResourcesManager: at com.android.settings.FallbackHome.onCreate(FallbackHome.java:100)
05-15 10:51:48.441 959 959 W ResourcesManager: at android.app.Activity.performCreate(Activity.java:8072)
05-15 10:51:48.441 959 959 W ResourcesManager: at android.app.Activity.performCreate(Activity.java:8052)
05-15 10:51:48.441 959 959 W ResourcesManager: at android.app.Instrumentation.callActivityOnCreate(Instrumentation.java:1341)
05-15 10:51:48.441 959 959 W ResourcesManager: at android.app.ActivityThread.performLaunchActivity(ActivityThread.java:3688)
05-15 10:51:48.441 959 959 W ResourcesManager: at android.app.ActivityThread.handleLaunchActivity(ActivityThread.java:3864)
05-15 10:51:48.441 959 959 W ResourcesManager: at android.app.servertransaction.LaunchActivityItem.execute(LaunchActivityItem.java:103)
05-15 10:51:48.441 959 959 W ResourcesManager: at android.app.servertransaction.TransactionExecutor.executeCallbacks(TransactionExecutor.java:135)
05-15 10:51:48.441 959 959 W ResourcesManager: at android.app.servertransaction.TransactionExecutor.execute(TransactionExecutor.java:95)
05-15 10:51:48.441 959 959 W ResourcesManager: at android.app.ActivityThread$H.handleMessage(ActivityThread.java:2253)
05-15 10:51:48.441 959 959 W ResourcesManager: at android.os.Handler.dispatchMessage(Handler.java:106)
05-15 10:51:48.441 959 959 W ResourcesManager: at android.os.Looper.loopOnce(Looper.java:201)
05-15 10:51:48.441 959 959 W ResourcesManager: at android.os.Looper.loop(Looper.java:288)
05-15 10:51:48.441 959 959 W ResourcesManager: at android.app.ActivityThread.main(ActivityThread.java:7870)
05-15 10:51:48.441 959 959 W ResourcesManager: at java.lang.reflect.Method.invoke(Native Method)
05-15 10:51:48.441 959 959 W ResourcesManager: at com.android.internal.os.RuntimeInit$MethodAndArgsCaller.run(RuntimeInit.java:548)
05-15 10:51:48.441 959 959 W ResourcesManager: at com.android.internal.os.ZygoteInit.main(ZygoteInit.java:1003)
05-15 10:51:48.442 959 959 E ndroid.setting: Invalid Idmap file: bad magic value (was 0x00000000, expected 0x504d4449)
05-15 10:51:48.442 959 959 E ndroid.setting: failed to load IDMAP /data/resource-cache/data@resource-cache@com.android.systemui-accent-b2QH.frro@idmap
05-15 10:51:48.442 621 621 D ConnectivityService: requestNetwork for uid/pid:1000/621 activeRequest: null callbackRequest: 16 [NetworkRequest [ REQUEST id=17, [ Capabilities: INTERNET&NOT_RESTRICTED&TRUSTED&NOT_VCN_MANAGED Uid: 1000 RequestorUid: 1000 RequestorPkg: com.android.networkstack.inprocess] ]] callback flags: 0 priority: 2147483647
05-15 10:51:48.442 959 959 W ResourcesManager: failed to preload asset path '/data/resource-cache/com.android.systemui-accent-b2QH.frro'
05-15 10:51:48.442 959 959 W ResourcesManager: java.io.IOException: Failed to load asset path /data/resource-cache/data@resource-cache@com.android.systemui-accent-b2QH.frro@idmap
05-15 10:51:48.442 959 959 W ResourcesManager: at android.content.res.ApkAssets.nativeLoad(Native Method)
05-15 10:51:48.442 959 959 W ResourcesManager: at android.content.res.ApkAssets.(ApkAssets.java:295)
05-15 10:51:48.442 959 959 W ResourcesManager: at android.content.res.ApkAssets.loadOverlayFromPath(ApkAssets.java:215)
05-15 10:51:48.442 959 959 W ResourcesManager: at android.app.ResourcesManager.loadApkAssets(ResourcesManager.java:466)
05-15 10:51:48.442 959 959 W ResourcesManager: at android.app.ResourcesManager.access$000(ResourcesManager.java:85)
05-15 10:51:48.442 959 959 W ResourcesManager: at android.app.ResourcesManager$ApkAssetsSupplier.load(ResourcesManager.java:182)
05-15 10:51:48.442 959 959 W ResourcesManager: at android.app.ResourcesManager.createApkAssetsSupplierNotLocked(ResourcesManager.java:1035)
05-15 10:51:48.442 959 959 W ResourcesManager: at android.app.ResourcesManager.getResources(ResourcesManager.java:1156)
05-15 10:51:48.442 959 959 W ResourcesManager: at android.app.ContextImpl.createResources(ContextImpl.java:2463)
05-15 10:51:48.442 959 959 W ResourcesManager: at android.app.ContextImpl.createConfigurationContext(ContextImpl.java:2609)
05-15 10:51:48.442 959 959 W ResourcesManager: at android.content.ContextWrapper.createConfigurationContext(ContextWrapper.java:1045)
05-15 10:51:48.442 959 959 W ResourcesManager: at com.android.internal.policy.DecorContext.(DecorContext.java:58)
05-15 10:51:48.442 959 959 W ResourcesManager: at com.android.internal.policy.PhoneWindow.generateDecor(PhoneWindow.java:2367)
05-15 10:51:48.442 959 959 W ResourcesManager: at com.android.internal.policy.PhoneWindow.installDecor(PhoneWindow.java:2717)
05-15 10:51:48.442 959 959 W ResourcesManager: at com.android.internal.policy.PhoneWindow.getDecorView(PhoneWindow.java:2135)
05-15 10:51:48.442 959 959 W ResourcesManager: at com.android.settings.FallbackHome.onCreate(FallbackHome.java:100)
05-15 10:51:48.442 959 959 W ResourcesManager: at android.app.Activity.performCreate(Activity.java:8072)
05-15 10:51:48.442 959 959 W ResourcesManager: at android.app.Activity.performCreate(Activity.java:8052)
05-15 10:51:48.442 959 959 W ResourcesManager: at android.app.Instrumentation.callActivityOnCreate(Instrumentation.java:1341)
05-15 10:51:48.442 959 959 W ResourcesManager: at android.app.ActivityThread.performLaunchActivity(ActivityThread.java:3688)
05-15 10:51:48.442 959 959 W ResourcesManager: at android.app.ActivityThread.handleLaunchActivity(ActivityThread.java:3864)
05-15 10:51:48.442 959 959 W ResourcesManager: at android.app.servertransaction.LaunchActivityItem.execute(LaunchActivityItem.java:103)
05-15 10:51:48.442 959 959 W ResourcesManager: at android.app.servertransaction.TransactionExecutor.executeCallbacks(TransactionExecutor.java:135)
05-15 10:51:48.442 959 959 W ResourcesManager: at android.app.servertransaction.TransactionExecutor.execute(TransactionExecutor.java:95)
05-15 10:51:48.442 959 959 W ResourcesManager: at android.app.ActivityThread$H.handleMessage(ActivityThread.java:2253)
05-15 10:51:48.442 959 959 W ResourcesManager: at android.os.Handler.dispatchMessage(Handler.java:106)
05-15 10:51:48.442 959 959 W ResourcesManager: at android.os.Looper.loopOnce(Looper.java:201)
05-15 10:51:48.442 959 959 W ResourcesManager: at android.os.Looper.loop(Looper.java:288)
05-15 10:51:48.442 959 959 W ResourcesManager: at android.app.ActivityThread.main(ActivityThread.java:7870)
05-15 10:51:48.442 959 959 W ResourcesManager: at java.lang.reflect.Method.invoke(Native Method)
05-15 10:51:48.442 959 959 W ResourcesManager: at com.android.internal.os.RuntimeInit$MethodAndArgsCaller.run(RuntimeInit.java:548)
05-15 10:51:48.442 959 959 W ResourcesManager: at com.android.internal.os.ZygoteInit.main(ZygoteInit.java:1003)
05-15 10:51:48.442 621 727 D ConnectivityService: NetReassign [no changes]
05-15 10:51:48.442 621 727 D ConnectivityService: NetReassign [no changes]
05-15 10:51:48.443 418 418 I netd : registerUnsolicitedEventListener() <0.01ms>
05-15 10:51:48.443 621 621 D ApplicationLoaders: Returning zygote-cached class loader: /system/framework/android.test.base.jar
05-15 10:51:48.447 959 959 I wm_on_create_called: [223639685,com.android.settings.FallbackHome,performCreate]
05-15 10:51:48.448 959 959 I wm_on_start_called: [223639685,com.android.settings.FallbackHome,handleStartActivity]
05-15 10:51:48.448 444 444 I android.hardware.weaver@1.0-service: Weaver::readslotId:0
05-15 10:51:48.449 959 959 I wm_on_resume_called: [223639685,com.android.settings.FallbackHome,RESUME_ACTIVITY]
05-15 10:51:48.450 777 777 W AlarmManager: Unrecognized alarm listener com.android.systemui.keyguard.KeyguardSliceProvider$$ExternalSyntheticLambda0@6428981
05-15 10:51:48.455 777 777 V SystemUIService: SystemUIApplication created.
05-15 10:51:48.456 777 777 I SystemUIService: Found SurfaceFlinger's GPU Priority: 12546
05-15 10:51:48.457 777 777 V SystemUIService: Starting SystemUI services for user 0.
05-15 10:51:48.459 777 777 I FalsingManager: xdpi, ydpi: 320.0, 320.0
05-15 10:51:48.459 777 777 I FalsingManager: width, height: 1536, 1952
05-15 10:51:48.467 621 895 I LockSettingsService: Corp-owned device can have escrow token
05-15 10:51:48.480 925 925 E CarrierIdProvider: read carrier list from ota pb failure: java.io.FileNotFoundException: /data/misc/carrierid/carrier_list.pb: open failed: ENOENT (No such file or directory)
05-15 10:51:48.480 925 925 D CarrierIdProvider: latest version: 50331662 need update: false
05-15 10:51:48.483 621 890 D TelephonyRegistry: listen oscl: mHasNotifySubscriptionInfoChangedOccurred==false no callback
05-15 10:51:48.483 925 925 E m.android.phon: Invalid Idmap file: bad magic value (was 0x00000000, expected 0x504d4449)
05-15 10:51:48.483 925 925 E m.android.phon: failed to load IDMAP /data/resource-cache/data@resource-cache@com.android.systemui-neutral-TLBr.frro@idmap
