05-15 10:51:47.122 621 621 I configuration_changed: 8
05-15 10:51:47.122 621 621 I ActivityTaskManager: Config changes=8 {1.0 ?mcc?mnc [zh_CN] ldltr sw768dp w768dp h952dp 320dpi xlrg port ?uimode ?night finger -keyb/v/h -nav/h winConfig={ mBounds=Rect(0, 0 - 1536, 2048) mAppBounds=Rect(0, 0 - 1536, 1952) mMaxBounds=Rect(0, 0 - 1536, 2048) mWindowingMode=fullscreen mDisplayWindowingMode=fullscreen mActivityType=undefined mAlwaysOnTop=undefined mRotation=ROTATION_0} s.4 ?fontWeightAdjustment}
05-15 10:51:47.123 621 621 I SystemServiceManager: Starting com.android.server.StorageManagerService$Lifecycle
05-15 10:51:47.123 621 641 I InputManager-JNI: Viewport [0] to add: local:0, isActive: false
05-15 10:51:47.124 621 706 I InputReader: Reconfiguring input devices, changes=DISPLAY_INFO |
05-15 10:51:47.124 621 706 I InputReader: Disabling goodix-ts (device 9) because the associated viewport is not active
05-15 10:51:47.124 621 706 I InputReader: Disabling Wacom I2C Digitizer (device 5) because the associated viewport is not active
05-15 10:51:52.834 1 1 I init : processing action (sys.sysctl.extra_free_kbytes=*) from (/system/etc/init/hw/init.rc:1275)
05-15 10:51:47.124 513 537 D installd: Found quota mount /dev/block/dm-7 at /data
05-15 10:51:47.124 513 537 D installd: Found quota mount /dev/block/dm-7 at /data/user/0
05-15 10:51:47.128 621 621 I SystemServiceManager: Starting com.android.server.usage.StorageStatsService$Lifecycle
05-15 10:51:47.128 513 537 D installd: Found quota mount /dev/block/dm-7 at /data
05-15 10:51:47.128 513 537 D installd: Found quota mount /dev/block/dm-7 at /data/user/0
05-15 10:51:47.129 513 537 D installd: Found quota mount /dev/block/dm-7 at /data
05-15 10:51:47.129 513 537 D installd: Found quota mount /dev/block/dm-7 at /data/user/0
05-15 10:51:47.129 621 621 I SystemServiceManager: Starting com.android.server.UiModeManagerService
05-15 10:51:47.130 621 712 D SystemServerInitThreadPool: Started executing UiModeManager.onStart
05-15 10:51:47.130 621 621 I Watchdog: Pausing HandlerChecker: main thread for reason: dexopt. Pause count: 1
05-15 10:51:47.130 621 621 I Watchdog: Resuming HandlerChecker: main thread for reason: dexopt. Pause count: 0
05-15 10:51:47.130 621 621 I SystemServiceManager: Starting com.android.server.locksettings.LockSettingsService$Lifecycle
05-15 10:51:47.134 621 712 D SystemServerInitThreadPool: Finished executing UiModeManager.onStart
05-15 10:51:47.139 621 621 I SystemServiceManager: Starting com.android.server.testharness.TestHarnessModeService
05-15 10:51:47.140 282 282 I hwservicemanager: getTransport: Cannot find entry android.hardware.oemlock@1.0::IOemLock/default in either framework or device VINTF manifest.
05-15 10:51:47.141 621 621 I OemLock : OemLock HAL not present on device
05-15 10:51:47.141 621 621 I SystemServiceManager: Starting com.android.server.DeviceIdleController
05-15 10:51:47.144 621 621 I SystemServiceManager: Starting com.android.server.devicepolicy.DevicePolicyManagerService$Lifecycle
05-15 10:51:47.147 621 621 I DevicePolicyManager: Set ro.organization_owned property to true
05-15 10:51:47.148 621 621 D SystemServer: MusicRecognitionManagerService not defined by OEM or disabled by flag
05-15 10:51:47.148 621 621 D SystemServer: ContentCaptureService disabled because resource is not overlaid
05-15 10:51:47.148 621 621 D SystemServer: AttentionService is not configured on this device
05-15 10:51:47.148 621 621 D SystemServer: RotationResolverService is not configured on this device
05-15 10:51:47.148 621 621 D SystemServer: SystemCaptionsManagerService disabled because resource is not overlaid
05-15 10:51:47.148 621 621 I SystemServiceManager: Starting com.android.server.texttospeech.TextToSpeechManagerService
05-15 10:51:47.150 621 621 I SystemServiceManager: Starting com.android.server.speech.SpeechRecognitionManagerService
05-15 10:51:47.151 621 621 D SystemServer: AppPredictionService not defined by OEM
05-15 10:51:47.151 621 621 D SystemServer: ContentSuggestionsService not defined by OEM
05-15 10:51:47.151 621 621 I SystemServiceManager: Starting com.android.server.searchui.SearchUiManagerService
05-15 10:51:47.151 621 621 I SystemServiceManager: Starting com.android.server.smartspace.SmartspaceManagerService
05-15 10:51:47.152 621 621 D ConnectivityModuleConnector: Network stack init
05-15 10:51:47.160 418 418 I netd : registerUnsolicitedEventListener() <0.05ms>
05-15 10:51:47.163 420 420 D MtpDeviceJNI: register_android_mtp_MtpDevice
05-15 10:51:47.176 427 569 W CamPrvdr@2.4-external: deviceAdded: Attempt to init camera device /dev/video0 failed!
05-15 10:51:47.176 427 569 V CamPrvdr@2.4-external: Non-internal v4l device video7 found
05-15 10:51:52.886 569 569 I gc08a3 7-0031: gc08a3_s_power(1536) on(0)
05-15 10:51:52.887 569 569 I gc08a3 7-0031: gc08a3_g_mbus_config(1722) enter!
05-15 10:51:52.887 569 569 E rockchip-csi2-dphy csi2-dcphy0: csi2_dphy_update_sensor_mbus fail to get dphy param, used default value
05-15 10:51:52.887 569 569 I gc08a3 7-0031: gc08a3_g_mbus_config(1722) enter!
05-15 10:51:52.887 569 569 I gc08a3 7-0031: gc08a3_s_power(1536) on(1)
05-15 10:51:47.181 420 420 I zygote : Thread[1,tid=420,Native,Thread*=0xdd100e10,peer=0x12d00078,"main"] recursive attempt to load library "librtp_jni.so"
05-15 10:51:47.224 621 621 I SystemServiceManager: Starting com.android.server.textservices.TextServicesManagerService$Lifecycle
05-15 10:51:47.225 621 621 I SystemServiceManager: Starting com.android.server.textclassifier.TextClassificationManagerService$Lifecycle
05-15 10:51:47.226 621 621 I SystemServiceManager: Starting com.android.server.NetworkScoreService$Lifecycle
05-15 10:51:47.226 621 621 I NetworkScoreService: Registering network_score
05-15 10:51:47.229 420 420 W Zygote : Class not found for preloading: android.view.SurfaceView$2
05-15 10:51:47.246 621 621 I SystemServiceManager: Starting com.android.server.wifi.WifiService
05-15 10:51:47.248 621 621 I WifiContext: Found Wifi Resources APK at: com.android.wifi.resources
05-15 10:51:47.249 621 621 E system_server: Invalid Idmap file: bad magic value (was 0x00000000, expected 0x504d4449)
05-15 10:51:47.249 621 621 E system_server: failed to load IDMAP /data/resource-cache/data@resource-cache@com.android.systemui-neutral-TLBr.frro@idmap
05-15 10:51:47.249 621 621 W ResourcesManager: failed to preload asset path '/data/resource-cache/com.android.systemui-neutral-TLBr.frro'
05-15 10:51:47.249 621 621 W ResourcesManager: java.io.IOException: Failed to load asset path /data/resource-cache/data@resource-cache@com.android.systemui-neutral-TLBr.frro@idmap
05-15 10:51:47.249 621 621 W ResourcesManager: at android.content.res.ApkAssets.nativeLoad(Native Method)
05-15 10:51:47.249 621 621 W ResourcesManager: at android.content.res.ApkAssets.(ApkAssets.java:295)
05-15 10:51:47.249 621 621 W ResourcesManager: at android.content.res.ApkAssets.loadOverlayFromPath(ApkAssets.java:215)
05-15 10:51:47.249 621 621 W ResourcesManager: at android.app.ResourcesManager.loadApkAssets(ResourcesManager.java:466)
05-15 10:51:47.249 621 621 W ResourcesManager: at android.app.ResourcesManager.access$000(ResourcesManager.java:85)
05-15 10:51:47.249 621 621 W ResourcesManager: at android.app.ResourcesManager$ApkAssetsSupplier.load(ResourcesManager.java:182)
05-15 10:51:47.249 621 621 W ResourcesManager: at android.app.ResourcesManager.createApkAssetsSupplierNotLocked(ResourcesManager.java:1035)
05-15 10:51:47.249 621 621 W ResourcesManager: at android.app.ResourcesManager.getResources(ResourcesManager.java:1156)
05-15 10:51:47.249 621 621 W ResourcesManager: at android.app.ContextImpl.createResources(ContextImpl.java:2463)
05-15 10:51:47.249 621 621 W ResourcesManager: at android.app.ContextImpl.createPackageContextAsUser(ContextImpl.java:2533)
05-15 10:51:47.249 621 621 W ResourcesManager: at android.app.ContextImpl.createPackageContext(ContextImpl.java:2506)
05-15 10:51:47.249 621 621 W ResourcesManager: at android.content.ContextWrapper.createPackageContext(ContextWrapper.java:1000)
05-15 10:51:47.249 621 621 W ResourcesManager: at com.android.server.wifi.WifiContext.getResourcesApkContext(WifiContext.java:96)
05-15 10:51:47.249 621 621 W ResourcesManager: at com.android.server.wifi.WifiContext.getResources(WifiContext.java:123)
05-15 10:51:47.249 621 621 W ResourcesManager: at com.android.server.wifi.WifiGlobals.(WifiGlobals.java:71)
05-15 10:51:47.249 621 621 W ResourcesManager: at com.android.server.wifi.WifiInjector.(WifiInjector.java:260)
05-15 10:51:47.249 621 621 W ResourcesManager: at com.android.server.wifi.WifiService.(WifiService.java:42)
05-15 10:51:47.249 621 621 W ResourcesManager: at java.lang.reflect.Constructor.newInstance0(Native Method)
05-15 10:51:47.249 621 621 W ResourcesManager: at java.lang.reflect.Constructor.newInstance(Constructor.java:343)
05-15 10:51:47.249 621 621 W ResourcesManager: at com.android.server.SystemServiceManager.startService(SystemServiceManager.java:177)
05-15 10:51:47.249 621 621 W ResourcesManager: at com.android.server.SystemServiceManager.startServiceFromJar(SystemServiceManager.java:133)
05-15 10:51:47.249 621 621 W ResourcesManager: at com.android.server.SystemServer.startOtherServices(SystemServer.java:1885)
05-15 10:51:47.249 621 621 W ResourcesManager: at com.android.server.SystemServer.run(SystemServer.java:890)
05-15 10:51:47.249 621 621 W ResourcesManager: at com.android.server.SystemServer.main(SystemServer.java:623)
05-15 10:51:47.249 621 621 W ResourcesManager: at java.lang.reflect.Method.invoke(Native Method)
05-15 10:51:47.249 621 621 W ResourcesManager: at com.android.internal.os.RuntimeInit$MethodAndArgsCaller.run(RuntimeInit.java:548)
05-15 10:51:47.249 621 621 W ResourcesManager: at com.android.internal.os.ZygoteInit.main(ZygoteInit.java:981)
05-15 10:51:47.249 621 621 E system_server: Invalid Idmap file: bad magic value (was 0x00000000, expected 0x504d4449)
05-15 10:51:47.249 621 621 E system_server: failed to load IDMAP /data/resource-cache/data@resource-cache@com.android.systemui-accent-b2QH.frro@idmap
05-15 10:51:47.249 621 621 W ResourcesManager: failed to preload asset path '/data/resource-cache/com.android.systemui-accent-b2QH.frro'
05-15 10:51:47.249 621 621 W ResourcesManager: java.io.IOException: Failed to load asset path /data/resource-cache/data@resource-cache@com.android.systemui-accent-b2QH.frro@idmap
05-15 10:51:47.249 621 621 W ResourcesManager: at android.content.res.ApkAssets.nativeLoad(Native Method)
05-15 10:51:47.249 621 621 W ResourcesManager: at android.content.res.ApkAssets.(ApkAssets.java:295)
05-15 10:51:47.249 621 621 W ResourcesManager: at android.content.res.ApkAssets.loadOverlayFromPath(ApkAssets.java:215)
05-15 10:51:47.249 621 621 W ResourcesManager: at android.app.ResourcesManager.loadApkAssets(ResourcesManager.java:466)
05-15 10:51:47.249 621 621 W ResourcesManager: at android.app.ResourcesManager.access$000(ResourcesManager.java:85)
05-15 10:51:47.249 621 621 W ResourcesManager: at android.app.ResourcesManager$ApkAssetsSupplier.load(ResourcesManager.java:182)
05-15 10:51:47.249 621 621 W ResourcesManager: at android.app.ResourcesManager.createApkAssetsSupplierNotLocked(ResourcesManager.java:1035)
05-15 10:51:47.249 621 621 W ResourcesManager: at android.app.ResourcesManager.getResources(ResourcesManager.java:1156)
05-15 10:51:47.249 621 621 W ResourcesManager: at android.app.ContextImpl.createResources(ContextImpl.java:2463)
05-15 10:51:47.249 621 621 W ResourcesManager: at android.app.ContextImpl.createPackageContextAsUser(ContextImpl.java:2533)
05-15 10:51:47.249 621 621 W ResourcesManager: at android.app.ContextImpl.createPackageContext(ContextImpl.java:2506)
05-15 10:51:47.249 621 621 W ResourcesManager: at android.content.ContextWrapper.createPackageContext(ContextWrapper.java:1000)
05-15 10:51:47.249 621 621 W ResourcesManager: at com.android.server.wifi.WifiContext.getResourcesApkContext(WifiContext.java:96)
05-15 10:51:47.249 621 621 W ResourcesManager: at com.android.server.wifi.WifiContext.getResources(WifiContext.java:123)
05-15 10:51:47.249 621 621 W ResourcesManager: at com.android.server.wifi.WifiGlobals.(WifiGlobals.java:71)
05-15 10:51:47.249 621 621 W ResourcesManager: at com.android.server.wifi.WifiInjector.(WifiInjector.java:260)
05-15 10:51:47.249 621 621 W ResourcesManager: at com.android.server.wifi.WifiService.(WifiService.java:42)
05-15 10:51:47.249 621 621 W ResourcesManager: at java.lang.reflect.Constructor.newInstance0(Native Method)
05-15 10:51:47.249 621 621 W ResourcesManager: at java.lang.reflect.Constructor.newInstance(Constructor.java:343)
05-15 10:51:47.249 621 621 W ResourcesManager: at com.android.server.SystemServiceManager.startService(SystemServiceManager.java:177)
05-15 10:51:47.249 621 621 W ResourcesManager: at com.android.server.SystemServiceManager.startServiceFromJar(SystemServiceManager.java:133)
05-15 10:51:47.249 621 621 W ResourcesManager: at com.android.server.SystemServer.startOtherServices(SystemServer.java:1885)
05-15 10:51:47.249 621 621 W ResourcesManager: at com.android.server.SystemServer.run(SystemServer.java:890)
05-15 10:51:47.249 621 621 W ResourcesManager: at com.android.server.SystemServer.main(SystemServer.java:623)
05-15 10:51:47.249 621 621 W ResourcesManager: at java.lang.reflect.Method.invoke(Native Method)
05-15 10:51:47.249 621 621 W ResourcesManager: at com.android.internal.os.RuntimeInit$MethodAndArgsCaller.run(RuntimeInit.java:548)
05-15 10:51:47.249 621 621 W ResourcesManager: at com.android.internal.os.ZygoteInit.main(ZygoteInit.java:981)
05-15 10:51:47.249 621 621 E system_server: Invalid Idmap file: bad magic value (was 0x00000000, expected 0x504d4449)
05-15 10:51:47.249 621 621 E system_server: failed to load IDMAP /data/resource-cache/data@resource-cache@com.android.systemui-neutral-TLBr.frro@idmap
05-15 10:51:47.250 621 621 W ResourcesManager: failed to add overlay path '/data/resource-cache/com.android.systemui-neutral-TLBr.frro'
05-15 10:51:47.250 621 621 W ResourcesManager: java.io.IOException: Failed to load asset path /data/resource-cache/data@resource-cache@com.android.systemui-neutral-TLBr.frro@idmap
05-15 10:51:47.250 621 621 W ResourcesManager: at android.content.res.ApkAssets.nativeLoad(Native Method)
05-15 10:51:47.250 621 621 W ResourcesManager: at android.content.res.ApkAssets.(ApkAssets.java:295)
05-15 10:51:47.250 621 621 W ResourcesManager: at android.content.res.ApkAssets.loadOverlayFromPath(ApkAssets.java:215)
05-15 10:51:47.250 621 621 W ResourcesManager: at android.app.ResourcesManager.loadApkAssets(ResourcesManager.java:466)
05-15 10:51:47.250 621 621 W ResourcesManager: at android.app.ResourcesManager.access$000(ResourcesManager.java:85)
05-15 10:51:47.250 621 621 W ResourcesManager: at android.app.ResourcesManager$ApkAssetsSupplier.load(ResourcesManager.java:182)
05-15 10:51:47.250 621 621 W ResourcesManager: at android.app.ResourcesManager.createAssetManager(ResourcesManager.java:544)
05-15 10:51:47.250 621 621 W ResourcesManager: at android.app.ResourcesManager.createResourcesImpl(ResourcesManager.java:626)
05-15 10:51:47.250 621 621 W ResourcesManager: at android.app.ResourcesManager.findOrCreateResourcesImplForKeyLocked(ResourcesManager.java:719)
05-15 10:51:47.250 621 621 W ResourcesManager: at android.app.ResourcesManager.createResources(ResourcesManager.java:1066)
05-15 10:51:47.250 621 621 W ResourcesManager: at android.app.ResourcesManager.getResources(ResourcesManager.java:1169)
05-15 10:51:47.250 621 621 W ResourcesManager: at android.app.ContextImpl.createResources(ContextImpl.java:2463)
05-15 10:51:47.250 621 621 W ResourcesManager: at android.app.ContextImpl.createPackageContextAsUser(ContextImpl.java:2533)
05-15 10:51:47.250 621 621 W ResourcesManager: at android.app.ContextImpl.createPackageContext(ContextImpl.java:2506)
05-15 10:51:47.250 621 621 W ResourcesManager: at android.content.ContextWrapper.createPackageContext(ContextWrapper.java:1000)
05-15 10:51:47.250 621 621 W ResourcesManager: at com.android.server.wifi.WifiContext.getResourcesApkContext(WifiContext.java:96)
05-15 10:51:47.250 621 621 W ResourcesManager: at com.android.server.wifi.WifiContext.getResources(WifiContext.java:123)
05-15 10:51:47.250 621 621 W ResourcesManager: at com.android.server.wifi.WifiGlobals.(WifiGlobals.java:71)
05-15 10:51:47.250 621 621 W ResourcesManager: at com.android.server.wifi.WifiInjector.(WifiInjector.java:260)
05-15 10:51:47.250 621 621 W ResourcesManager: at com.android.server.wifi.WifiService.(WifiService.java:42)
05-15 10:51:47.250 621 621 W ResourcesManager: at java.lang.reflect.Constructor.newInstance0(Native Method)
05-15 10:51:47.250 621 621 W ResourcesManager: at java.lang.reflect.Constructor.newInstance(Constructor.java:343)
05-15 10:51:47.250 621 621 W ResourcesManager: at com.android.server.SystemServiceManager.startService(SystemServiceManager.java:177)
05-15 10:51:47.250 621 621 W ResourcesManager: at com.android.server.SystemServiceManager.startServiceFromJar(SystemServiceManager.java:133)
05-15 10:51:47.250 621 621 W ResourcesManager: at com.android.server.SystemServer.startOtherServices(SystemServer.java:1885)
05-15 10:51:47.250 621 621 W ResourcesManager: at com.android.server.SystemServer.run(SystemServer.java:890)
05-15 10:51:47.250 621 621 W ResourcesManager: at com.android.server.SystemServer.main(SystemServer.java:623)
05-15 10:51:47.250 621 621 W ResourcesManager: at java.lang.reflect.Method.invoke(Native Method)
05-15 10:51:47.250 621 621 W ResourcesManager: at com.android.internal.os.RuntimeInit$MethodAndArgsCaller.run(RuntimeInit.java:548)
05-15 10:51:47.250 621 621 W ResourcesManager: at com.android.internal.os.ZygoteInit.main(ZygoteInit.java:981)
05-15 10:51:47.250 621 621 E system_server: Invalid Idmap file: bad magic value (was 0x00000000, expected 0x504d4449)
05-15 10:51:47.250 621 621 E system_server: failed to load IDMAP /data/resource-cache/data@resource-cache@com.android.systemui-accent-b2QH.frro@idmap
05-15 10:51:47.250 621 621 W ResourcesManager: failed to add overlay path '/data/resource-cache/com.android.systemui-accent-b2QH.frro'
05-15 10:51:47.250 621 621 W ResourcesManager: java.io.IOException: Failed to load asset path /data/resource-cache/data@resource-cache@com.android.systemui-accent-b2QH.frro@idmap
05-15 10:51:47.250 621 621 W ResourcesManager: at android.content.res.ApkAssets.nativeLoad(Native Method)
05-15 10:51:47.250 621 621 W ResourcesManager: at android.content.res.ApkAssets.(ApkAssets.java:295)
05-15 10:51:47.250 621 621 W ResourcesManager: at android.content.res.ApkAssets.loadOverlayFromPath(ApkAssets.java:215)
05-15 10:51:47.250 621 621 W ResourcesManager: at android.app.ResourcesManager.loadApkAssets(ResourcesManager.java:466)
05-15 10:51:47.250 621 621 W ResourcesManager: at android.app.ResourcesManager.access$000(ResourcesManager.java:85)
05-15 10:51:47.250 621 621 W ResourcesManager: at android.app.ResourcesManager$ApkAssetsSupplier.load(ResourcesManager.java:182)
05-15 10:51:47.250 621 621 W ResourcesManager: at android.app.ResourcesManager.createAssetManager(ResourcesManager.java:544)
05-15 10:51:47.250 621 621 W ResourcesManager: at android.app.ResourcesManager.createResourcesImpl(ResourcesManager.java:626)
05-15 10:51:47.250 621 621 W ResourcesManager: at android.app.ResourcesManager.findOrCreateResourcesImplForKeyLocked(ResourcesManager.java:719)
05-15 10:51:47.250 621 621 W ResourcesManager: at android.app.ResourcesManager.createResources(ResourcesManager.java:1066)
05-15 10:51:47.250 621 621 W ResourcesManager: at android.app.ResourcesManager.getResources(ResourcesManager.java:1169)
05-15 10:51:47.250 621 621 W ResourcesManager: at android.app.ContextImpl.createResources(ContextImpl.java:2463)
05-15 10:51:47.250 621 621 W ResourcesManager: at android.app.ContextImpl.createPackageContextAsUser(ContextImpl.java:2533)
05-15 10:51:47.250 621 621 W ResourcesManager: at android.app.ContextImpl.createPackageContext(ContextImpl.java:2506)
05-15 10:51:47.250 621 621 W ResourcesManager: at android.content.ContextWrapper.createPackageContext(ContextWrapper.java:1000)
05-15 10:51:47.250 621 621 W ResourcesManager: at com.android.server.wifi.WifiContext.getResourcesApkContext(WifiContext.java:96)
05-15 10:51:47.250 621 621 W ResourcesManager: at com.android.server.wifi.WifiContext.getResources(WifiContext.java:123)
05-15 10:51:47.250 621 621 W ResourcesManager: at com.android.server.wifi.WifiGlobals.(WifiGlobals.java:71)
05-15 10:51:47.250 621 621 W ResourcesManager: at com.android.server.wifi.WifiInjector.(WifiInjector.java:260)
05-15 10:51:47.250 621 621 W ResourcesManager: at com.android.server.wifi.WifiService.(WifiService.java:42)
05-15 10:51:47.250 621 621 W ResourcesManager: at java.lang.reflect.Constructor.newInstance0(Native Method)
05-15 10:51:47.250 621 621 W ResourcesManager: at java.lang.reflect.Constructor.newInstance(Constructor.java:343)
05-15 10:51:47.250 621 621 W ResourcesManager: at com.android.server.SystemServiceManager.startService(SystemServiceManager.java:177)
05-15 10:51:47.250 621 621 W ResourcesManager: at com.android.server.SystemServiceManager.startServiceFromJar(SystemServiceManager.java:133)
05-15 10:51:47.250 621 621 W ResourcesManager: at com.android.server.SystemServer.startOtherServices(SystemServer.java:1885)
05-15 10:51:47.250 621 621 W ResourcesManager: at com.android.server.SystemServer.run(SystemServer.java:890)
05-15 10:51:47.250 621 621 W ResourcesManager: at com.android.server.SystemServer.main(SystemServer.java:623)
05-15 10:51:47.250 621 621 W ResourcesManager: at java.lang.reflect.Method.invoke(Native Method)
05-15 10:51:47.250 621 621 W ResourcesManager: at com.android.internal.os.RuntimeInit$MethodAndArgsCaller.run(RuntimeInit.java:548)
05-15 10:51:47.250 621 621 W ResourcesManager: at com.android.internal.os.ZygoteInit.main(ZygoteInit.java:981)
05-15 10:51:47.251 621 621 V NetworkScoreManager: registerNetworkScoreCallback: callback=com.android.server.wifi.WifiNetworkScoreCache@6023306, executor=com.android.wifi.x.android.os.HandlerExecutor@71fbdc7
05-15 10:51:47.274 621 621 D ScanMetrics: Settings package: com.android.settings
05-15 10:51:47.274 621 621 E ScanMetrics: Can't get GMS uid
05-15 10:51:47.279 621 621 I WifiCoexManager: Default coex algorithm is disabled.
05-15 10:51:47.286 621 621 E system_server: Invalid Idmap file: bad magic value (was 0x00000000, expected 0x504d4449)
05-15 10:51:47.286 621 621 E system_server: failed to load IDMAP /data/resource-cache/data@resource-cache@com.android.systemui-neutral-TLBr.frro@idmap
05-15 10:51:47.286 621 621 W ResourcesManager: failed to preload asset path '/data/resource-cache/com.android.systemui-neutral-TLBr.frro'
05-15 10:51:47.286 621 621 W ResourcesManager: java.io.IOException: Failed to load asset path /data/resource-cache/data@resource-cache@com.android.systemui-neutral-TLBr.frro@idmap
05-15 10:51:47.286 621 621 W ResourcesManager: at android.content.res.ApkAssets.nativeLoad(Native Method)
05-15 10:51:47.286 621 621 W ResourcesManager: at android.content.res.ApkAssets.(ApkAssets.java:295)
05-15 10:51:47.286 621 621 W ResourcesManager: at android.content.res.ApkAssets.loadOverlayFromPath(ApkAssets.java:215)
05-15 10:51:47.286 621 621 W ResourcesManager: at android.app.ResourcesManager.loadApkAssets(ResourcesManager.java:466)
05-15 10:51:47.286 621 621 W ResourcesManager: at android.app.ResourcesManager.access$000(ResourcesManager.java:85)
05-15 10:51:47.286 621 621 W ResourcesManager: at android.app.ResourcesManager$ApkAssetsSupplier.load(ResourcesManager.java:182)
05-15 10:51:47.286 621 621 W ResourcesManager: at android.app.ResourcesManager.createApkAssetsSupplierNotLocked(ResourcesManager.java:1035)
05-15 10:51:47.286 621 621 W ResourcesManager: at android.app.ResourcesManager.getResources(ResourcesManager.java:1156)
05-15 10:51:47.286 621 621 W ResourcesManager: at android.app.ActivityThread.getTopLevelResources(ActivityThread.java:2415)
05-15 10:51:47.286 621 621 W ResourcesManager: at android.app.ApplicationPackageManager.getResourcesForApplication(ApplicationPackageManager.java:1781)
05-15 10:51:47.286 621 621 W ResourcesManager: at android.app.ApplicationPackageManager.getResourcesForApplication(ApplicationPackageManager.java:1767)
05-15 10:51:47.286 621 621 W ResourcesManager: at android.app.ApplicationPackageManager.getXml(ApplicationPackageManager.java:2111)
05-15 10:51:47.286 621 621 W ResourcesManager: at android.content.pm.PackageItemInfo.loadXmlMetaData(PackageItemInfo.java:397)
05-15 10:51:47.286 621 621 W ResourcesManager: at android.app.admin.DeviceAdminInfo.(DeviceAdminInfo.java:285)
05-15 10:51:47.286 621 621 W ResourcesManager: at com.android.server.devicepolicy.DevicePolicyManagerService.findAdmin(DevicePolicyManagerService.java:2965)
05-15 10:51:47.286 621 621 W ResourcesManager: at com.android.server.devicepolicy.DevicePolicyManagerService.lambda$loadSettingsLocked$6$DevicePolicyManagerService(DevicePolicyManagerService.java:3021)
05-15 10:51:47.286 621 621 W ResourcesManager: at com.android.server.devicepolicy.DevicePolicyManagerService$$ExternalSyntheticLambda129.apply(Unknown Source:6)
05-15 10:51:47.286 621 621 W ResourcesManager: at com.android.server.devicepolicy.DevicePolicyData.load(DevicePolicyData.java:477)
05-15 10:51:47.286 621 621 W ResourcesManager: at com.android.server.devicepolicy.DevicePolicyManagerService.loadSettingsLocked(DevicePolicyManagerService.java:3018)
05-15 10:51:47.286 621 621 W ResourcesManager: at com.android.server.devicepolicy.DevicePolicyManagerService.getUserData(DevicePolicyManagerService.java:1848)
05-15 10:51:47.286 621 621 W ResourcesManager: at com.android.server.devicepolicy.DevicePolicyManagerService.getDeviceOwnerAdminLocked(DevicePolicyManagerService.java:8699)
05-15 10:51:47.286 621 621 W ResourcesManager: at com.android.server.devicepolicy.DevicePolicyManagerService.getDeviceOwnerOrProfileOwnerOfOrganizationOwnedDeviceLocked(DevicePolicyManagerService.java:8712)
05-15 10:51:47.286 621 621 W ResourcesManager: at com.android.server.devicepolicy.DevicePolicyManagerService.isCommonCriteriaModeEnabled(DevicePolicyManagerService.java:16816)
05-15 10:51:47.286 621 621 W ResourcesManager: at android.app.admin.DevicePolicyManager.isCommonCriteriaModeEnabled(DevicePolicyManager.java:13655)
05-15 10:51:47.286 621 621 W ResourcesManager: at com.android.server.wifi.FrameworkFacade.isNiapModeOn(FrameworkFacade.java:146)
05-15 10:51:47.286 621 621 W ResourcesManager: at com.android.server.wifi.WifiInjector.(WifiInjector.java:337)
05-15 10:51:47.286 621 621 W ResourcesManager: at com.android.server.wifi.WifiService.(WifiService.java:42)
05-15 10:51:47.286 621 621 W ResourcesManager: at java.lang.reflect.Constructor.newInstance0(Native Method)
05-15 10:51:47.286 621 621 W ResourcesManager: at java.lang.reflect.Constructor.newInstance(Constructor.java:343)
05-15 10:51:47.286 621 621 W ResourcesManager: at com.android.server.SystemServiceManager.startService(SystemServiceManager.java:177)
05-15 10:51:47.286 621 621 W ResourcesManager: at com.android.server.SystemServiceManager.startServiceFromJar(SystemServiceManager.java:133)
05-15 10:51:47.286 621 621 W ResourcesManager: at com.android.server.SystemServer.startOtherServices(SystemServer.java:1885)
05-15 10:51:47.286 621 621 W ResourcesManager: at com.android.server.SystemServer.run(SystemServer.java:890)
05-15 10:51:47.286 621 621 W ResourcesManager: at com.android.server.SystemServer.main(SystemServer.java:623)
05-15 10:51:47.286 621 621 W ResourcesManager: at java.lang.reflect.Method.invoke(Native Method)
05-15 10:51:47.286 621 621 W ResourcesManager: at com.android.internal.os.RuntimeInit$MethodAndArgsCaller.run(RuntimeInit.java:548)
05-15 10:51:47.286 621 621 W ResourcesManager: at com.android.internal.os.ZygoteInit.main(ZygoteInit.java:981)
05-15 10:51:47.286 621 621 E system_server: Invalid Idmap file: bad magic value (was 0x00000000, expected 0x504d4449)
05-15 10:51:47.286 621 621 E system_server: failed to load IDMAP /data/resource-cache/data@resource-cache@com.android.systemui-accent-b2QH.frro@idmap
05-15 10:51:47.286 621 621 W ResourcesManager: failed to preload asset path '/data/resource-cache/com.android.systemui-accent-b2QH.frro'
05-15 10:51:47.286 621 621 W ResourcesManager: java.io.IOException: Failed to load asset path /data/resource-cache/data@resource-cache@com.android.systemui-accent-b2QH.frro@idmap
05-15 10:51:47.286 621 621 W ResourcesManager: at android.content.res.ApkAssets.nativeLoad(Native Method)
05-15 10:51:47.286 621 621 W ResourcesManager: at android.content.res.ApkAssets.(ApkAssets.java:295)
05-15 10:51:47.286 621 621 W ResourcesManager: at android.content.res.ApkAssets.loadOverlayFromPath(ApkAssets.java:215)
05-15 10:51:47.286 621 621 W ResourcesManager: at android.app.ResourcesManager.loadApkAssets(ResourcesManager.java:466)
05-15 10:51:47.286 621 621 W ResourcesManager: at android.app.ResourcesManager.access$000(ResourcesManager.java:85)
05-15 10:51:47.286 621 621 W ResourcesManager: at android.app.ResourcesManager$ApkAssetsSupplier.load(ResourcesManager.java:182)
05-15 10:51:47.286 621 621 W ResourcesManager: at android.app.ResourcesManager.createApkAssetsSupplierNotLocked(ResourcesManager.java:1035)
05-15 10:51:47.286 621 621 W ResourcesManager: at android.app.ResourcesManager.getResources(ResourcesManager.java:1156)
05-15 10:51:47.286 621 621 W ResourcesManager: at android.app.ActivityThread.getTopLevelResources(ActivityThread.java:2415)
05-15 10:51:47.286 621 621 W ResourcesManager: at android.app.ApplicationPackageManager.getResourcesForApplication(ApplicationPackageManager.java:1781)
05-15 10:51:47.286 621 621 W ResourcesManager: at android.app.ApplicationPackageManager.getResourcesForApplication(ApplicationPackageManager.java:1767)
05-15 10:51:47.286 621 621 W ResourcesManager: at android.app.ApplicationPackageManager.getXml(ApplicationPackageManager.java:2111)
05-15 10:51:47.286 621 621 W ResourcesManager: at android.content.pm.PackageItemInfo.loadXmlMetaData(PackageItemInfo.java:397)
05-15 10:51:47.286 621 621 W ResourcesManager: at android.app.admin.DeviceAdminInfo.(DeviceAdminInfo.java:285)
05-15 10:51:47.286 621 621 W ResourcesManager: at com.android.server.devicepolicy.DevicePolicyManagerService.findAdmin(DevicePolicyManagerService.java:2965)
05-15 10:51:47.286 621 621 W ResourcesManager: at com.android.server.devicepolicy.DevicePolicyManagerService.lambda$loadSettingsLocked$6$DevicePolicyManagerService(DevicePolicyManagerService.java:3021)
05-15 10:51:47.286 621 621 W ResourcesManager: at com.android.server.devicepolicy.DevicePolicyManagerService$$ExternalSyntheticLambda129.apply(Unknown Source:6)
05-15 10:51:47.286 621 621 W ResourcesManager: at com.android.server.devicepolicy.DevicePolicyData.load(DevicePolicyData.java:477)
05-15 10:51:47.286 621 621 W ResourcesManager: at com.android.server.devicepolicy.DevicePolicyManagerService.loadSettingsLocked(DevicePolicyManagerService.java:3018)
05-15 10:51:47.286 621 621 W ResourcesManager: at com.android.server.devicepolicy.DevicePolicyManagerService.getUserData(DevicePolicyManagerService.java:1848)
05-15 10:51:47.286 621 621 W ResourcesManager: at com.android.server.devicepolicy.DevicePolicyManagerService.getDeviceOwnerAdminLocked(DevicePolicyManagerService.java:8699)
05-15 10:51:47.286 621 621 W ResourcesManager: at com.android.server.devicepolicy.DevicePolicyManagerService.getDeviceOwnerOrProfileOwnerOfOrganizationOwnedDeviceLocked(DevicePolicyManagerService.java:8712)
05-15 10:51:47.286 621 621 W ResourcesManager: at com.android.server.devicepolicy.DevicePolicyManagerService.isCommonCriteriaModeEnabled(DevicePolicyManagerService.java:16816)
05-15 10:51:47.286 621 621 W ResourcesManager: at android.app.admin.DevicePolicyManager.isCommonCriteriaModeEnabled(DevicePolicyManager.java:13655)
05-15 10:51:47.286 621 621 W ResourcesManager: at com.android.server.wifi.FrameworkFacade.isNiapModeOn(FrameworkFacade.java:146)
05-15 10:51:47.286 621 621 W ResourcesManager: at com.android.server.wifi.WifiInjector.(WifiInjector.java:337)
05-15 10:51:47.286 621 621 W ResourcesManager: at com.android.server.wifi.WifiService.(WifiService.java:42)
05-15 10:51:47.286 621 621 W ResourcesManager: at java.lang.reflect.Constructor.newInstance0(Native Method)
05-15 10:51:47.286 621 621 W ResourcesManager: at java.lang.reflect.Constructor.newInstance(Constructor.java:343)
05-15 10:51:47.286 621 621 W ResourcesManager: at com.android.server.SystemServiceManager.startService(SystemServiceManager.java:177)
05-15 10:51:47.286 621 621 W ResourcesManager: at com.android.server.SystemServiceManager.startServiceFromJar(SystemServiceManager.java:133)
05-15 10:51:47.286 621 621 W ResourcesManager: at com.android.server.SystemServer.startOtherServices(SystemServer.java:1885)
05-15 10:51:47.286 621 621 W ResourcesManager: at com.android.server.SystemServer.run(SystemServer.java:890)
05-15 10:51:47.286 621 621 W ResourcesManager: at com.android.server.SystemServer.main(SystemServer.java:623)
05-15 10:51:47.286 621 621 W ResourcesManager: at java.lang.reflect.Method.invoke(Native Method)
05-15 10:51:47.286 621 621 W ResourcesManager: at com.android.internal.os.RuntimeInit$MethodAndArgsCaller.run(RuntimeInit.java:548)
05-15 10:51:47.286 621 621 W ResourcesManager: at com.android.internal.os.ZygoteInit.main(ZygoteInit.java:981)
05-15 10:51:47.286 621 621 E system_server: Invalid Idmap file: bad magic value (was 0x00000000, expected 0x504d4449)
05-15 10:51:47.286 621 621 E system_server: failed to load IDMAP /data/resource-cache/data@resource-cache@com.android.systemui-neutral-TLBr.frro@idmap
05-15 10:51:47.287 621 621 W ResourcesManager: failed to add overlay path '/data/resource-cache/com.android.systemui-neutral-TLBr.frro'
05-15 10:51:47.287 621 621 W ResourcesManager: java.io.IOException: Failed to load asset path /data/resource-cache/data@resource-cache@com.android.systemui-neutral-TLBr.frro@idmap
05-15 10:51:47.287 621 621 W ResourcesManager: at android.content.res.ApkAssets.nativeLoad(Native Method)
05-15 10:51:47.287 621 621 W ResourcesManager: at android.content.res.ApkAssets.(ApkAssets.java:295)
05-15 10:51:47.287 621 621 W ResourcesManager: at android.content.res.ApkAssets.loadOverlayFromPath(ApkAssets.java:215)
05-15 10:51:47.287 621 621 W ResourcesManager: at android.app.ResourcesManager.loadApkAssets(ResourcesManager.java:466)
05-15 10:51:47.287 621 621 W ResourcesManager: at android.app.ResourcesManager.access$000(ResourcesManager.java:85)
05-15 10:51:47.287 621 621 W ResourcesManager: at android.app.ResourcesManager$ApkAssetsSupplier.load(ResourcesManager.java:182)
05-15 10:51:47.287 621 621 W ResourcesManager: at android.app.ResourcesManager.createAssetManager(ResourcesManager.java:544)
05-15 10:51:47.287 621 621 W ResourcesManager: at android.app.ResourcesManager.createResourcesImpl(ResourcesManager.java:626)
05-15 10:51:47.287 621 621 W ResourcesManager: at android.app.ResourcesManager.findOrCreateResourcesImplForKeyLocked(ResourcesManager.java:719)
05-15 10:51:47.287 621 621 W ResourcesManager: at android.app.ResourcesManager.createResources(ResourcesManager.java:1066)
05-15 10:51:47.287 621 621 W ResourcesManager: at android.app.ResourcesManager.getResources(ResourcesManager.java:1169)
05-15 10:51:47.287 621 621 W ResourcesManager: at android.app.ActivityThread.getTopLevelResources(ActivityThread.java:2415)
05-15 10:51:47.287 621 621 W ResourcesManager: at android.app.ApplicationPackageManager.getResourcesForApplication(ApplicationPackageManager.java:1781)
05-15 10:51:47.287 621 621 W ResourcesManager: at android.app.ApplicationPackageManager.getResourcesForApplication(ApplicationPackageManager.java:1767)
05-15 10:51:47.287 621 621 W ResourcesManager: at android.app.ApplicationPackageManager.getXml(ApplicationPackageManager.java:2111)
05-15 10:51:47.287 621 621 W ResourcesManager: at android.content.pm.PackageItemInfo.loadXmlMetaData(PackageItemInfo.java:397)
05-15 10:51:47.287 621 621 W ResourcesManager: at android.app.admin.DeviceAdminInfo.(DeviceAdminInfo.java:285)
05-15 10:51:47.287 621 621 W ResourcesManager: at com.android.server.devicepolicy.DevicePolicyManagerService.findAdmin(DevicePolicyManagerService.java:2965)
05-15 10:51:47.287 621 621 W ResourcesManager: at com.android.server.devicepolicy.DevicePolicyManagerService.lambda$loadSettingsLocked$6$DevicePolicyManagerService(DevicePolicyManagerService.java:3021)
05-15 10:51:47.287 621 621 W ResourcesManager: at com.android.server.devicepolicy.DevicePolicyManagerService$$ExternalSyntheticLambda129.apply(Unknown Source:6)
05-15 10:51:47.287 621 621 W ResourcesManager: at com.android.server.devicepolicy.DevicePolicyData.load(DevicePolicyData.java:477)
05-15 10:51:47.287 621 621 W ResourcesManager: at com.android.server.devicepolicy.DevicePolicyManagerService.loadSettingsLocked(DevicePolicyManagerService.java:3018)
05-15 10:51:47.287 621 621 W ResourcesManager: at com.android.server.devicepolicy.DevicePolicyManagerService.getUserData(DevicePolicyManagerService.java:1848)
05-15 10:51:47.287 621 621 W ResourcesManager: at com.android.server.devicepolicy.DevicePolicyManagerService.getDeviceOwnerAdminLocked(DevicePolicyManagerService.java:8699)
05-15 10:51:47.287 621 621 W ResourcesManager: at com.android.server.devicepolicy.DevicePolicyManagerService.getDeviceOwnerOrProfileOwnerOfOrganizationOwnedDeviceLocked(DevicePolicyManagerService.java:8712)
05-15 10:51:47.287 621 621 W ResourcesManager: at com.android.server.devicepolicy.DevicePolicyManagerService.isCommonCriteriaModeEnabled(DevicePolicyManagerService.java:16816)
05-15 10:51:47.287 621 621 W ResourcesManager: at android.app.admin.DevicePolicyManager.isCommonCriteriaModeEnabled(DevicePolicyManager.java:13655)
05-15 10:51:47.287 621 621 W ResourcesManager: at com.android.server.wifi.FrameworkFacade.isNiapModeOn(FrameworkFacade.java:146)
05-15 10:51:47.287 621 621 W ResourcesManager: at com.android.server.wifi.WifiInjector.(WifiInjector.java:337)
05-15 10:51:47.287 621 621 W ResourcesManager: at com.android.server.wifi.WifiService.(WifiService.java:42)
05-15 10:51:47.287 621 621 W ResourcesManager: at java.lang.reflect.Constructor.newInstance0(Native Method)
05-15 10:51:47.287 621 621 W ResourcesManager: at java.lang.reflect.Constructor.newInstance(Constructor.java:343)
05-15 10:51:47.287 621 621 W ResourcesManager: at com.android.server.SystemServiceManager.startService(SystemServiceManager.java:177)
05-15 10:51:47.287 621 621 W ResourcesManager: at com.android.server.SystemServiceManager.startServiceFromJar(SystemServiceManager.java:133)
05-15 10:51:47.287 621 621 W ResourcesManager: at com.android.server.SystemServer.startOtherServices(SystemServer.java:1885)
05-15 10:51:47.287 621 621 W ResourcesManager: at com.android.server.SystemServer.run(SystemServer.java:890)
05-15 10:51:47.287 621 621 W ResourcesManager: at com.android.server.SystemServer.main(SystemServer.java:623)
05-15 10:51:47.287 621 621 W ResourcesManager: at java.lang.reflect.Method.invoke(Native Method)
05-15 10:51:47.287 621 621 W ResourcesManager: at com.android.internal.os.RuntimeInit$MethodAndArgsCaller.run(RuntimeInit.java:548)
05-15 10:51:47.287 621 621 W ResourcesManager: at com.android.internal.os.ZygoteInit.main(ZygoteInit.java:981)
05-15 10:51:47.287 621 621 E system_server: Invalid Idmap file: bad magic value (was 0x00000000, expected 0x504d4449)
05-15 10:51:47.287 621 621 E system_server: failed to load IDMAP /data/resource-cache/data@resource-cache@com.android.systemui-accent-b2QH.frro@idmap
05-15 10:51:47.287 621 621 W ResourcesManager: failed to add overlay path '/data/resource-cache/com.android.systemui-accent-b2QH.frro'
05-15 10:51:47.287 621 621 W ResourcesManager: java.io.IOException: Failed to load asset path /data/resource-cache/data@resource-cache@com.android.systemui-accent-b2QH.frro@idmap
05-15 10:51:47.287 621 621 W ResourcesManager: at android.content.res.ApkAssets.nativeLoad(Native Method)
05-15 10:51:47.287 621 621 W ResourcesManager: at android.content.res.ApkAssets.(ApkAssets.java:295)
05-15 10:51:47.287 621 621 W ResourcesManager: at android.content.res.ApkAssets.loadOverlayFromPath(ApkAssets.java:215)
05-15 10:51:47.287 621 621 W ResourcesManager: at android.app.ResourcesManager.loadApkAssets(ResourcesManager.java:466)
05-15 10:51:47.287 621 621 W ResourcesManager: at android.app.ResourcesManager.access$000(ResourcesManager.java:85)
05-15 10:51:47.287 621 621 W ResourcesManager: at android.app.ResourcesManager$ApkAssetsSupplier.load(ResourcesManager.java:182)
05-15 10:51:47.287 621 621 W ResourcesManager: at android.app.ResourcesManager.createAssetManager(ResourcesManager.java:544)
05-15 10:51:47.287 621 621 W ResourcesManager: at android.app.ResourcesManager.createResourcesImpl(ResourcesManager.java:626)
05-15 10:51:47.287 621 621 W ResourcesManager: at android.app.ResourcesManager.findOrCreateResourcesImplForKeyLocked(ResourcesManager.java:719)
05-15 10:51:47.287 621 621 W ResourcesManager: at android.app.ResourcesManager.createResources(ResourcesManager.java:1066)
05-15 10:51:47.287 621 621 W ResourcesManager: at android.app.ResourcesManager.getResources(ResourcesManager.java:1169)
05-15 10:51:47.287 621 621 W ResourcesManager: at android.app.ActivityThread.getTopLevelResources(ActivityThread.java:2415)
05-15 10:51:47.287 621 621 W ResourcesManager: at android.app.ApplicationPackageManager.getResourcesForApplication(ApplicationPackageManager.java:1781)
05-15 10:51:47.287 621 621 W ResourcesManager: at android.app.ApplicationPackageManager.getResourcesForApplication(ApplicationPackageManager.java:1767)
05-15 10:51:47.287 621 621 W ResourcesManager: at android.app.ApplicationPackageManager.getXml(ApplicationPackageManager.java:2111)
05-15 10:51:47.287 621 621 W ResourcesManager: at android.content.pm.PackageItemInfo.loadXmlMetaData(PackageItemInfo.java:397)
05-15 10:51:47.287 621 621 W ResourcesManager: at android.app.admin.DeviceAdminInfo.(DeviceAdminInfo.java:285)
05-15 10:51:47.287 621 621 W ResourcesManager: at com.android.server.devicepolicy.DevicePolicyManagerService.findAdmin(DevicePolicyManagerService.java:2965)
05-15 10:51:47.287 621 621 W ResourcesManager: at com.android.server.devicepolicy.DevicePolicyManagerService.lambda$loadSettingsLocked$6$DevicePolicyManagerService(DevicePolicyManagerService.java:3021)
05-15 10:51:47.287 621 621 W ResourcesManager: at com.android.server.devicepolicy.DevicePolicyManagerService$$ExternalSyntheticLambda129.apply(Unknown Source:6)
05-15 10:51:47.287 621 621 W ResourcesManager: at com.android.server.devicepolicy.DevicePolicyData.load(DevicePolicyData.java:477)
05-15 10:51:47.287 621 621 W ResourcesManager: at com.android.server.devicepolicy.DevicePolicyManagerService.loadSettingsLocked(DevicePolicyManagerService.java:3018)
05-15 10:51:47.287 621 621 W ResourcesManager: at com.android.server.devicepolicy.DevicePolicyManagerService.getUserData(DevicePolicyManagerService.java:1848)
05-15 10:51:47.287 621 621 W ResourcesManager: at com.android.server.devicepolicy.DevicePolicyManagerService.getDeviceOwnerAdminLocked(DevicePolicyManagerService.java:8699)
05-15 10:51:47.287 621 621 W ResourcesManager: at com.android.server.devicepolicy.DevicePolicyManagerService.getDeviceOwnerOrProfileOwnerOfOrganizationOwnedDeviceLocked(DevicePolicyManagerService.java:8712)
05-15 10:51:47.287 621 621 W ResourcesManager: at com.android.server.devicepolicy.DevicePolicyManagerService.isCommonCriteriaModeEnabled(DevicePolicyManagerService.java:16816)
05-15 10:51:47.287 621 621 W ResourcesManager: at android.app.admin.DevicePolicyManager.isCommonCriteriaModeEnabled(DevicePolicyManager.java:13655)
05-15 10:51:47.287 621 621 W ResourcesManager: at com.android.server.wifi.FrameworkFacade.isNiapModeOn(FrameworkFacade.java:146)
05-15 10:51:47.287 621 621 W ResourcesManager: at com.android.server.wifi.WifiInjector.(WifiInjector.java:337)
05-15 10:51:47.287 621 621 W ResourcesManager: at com.android.server.wifi.WifiService.(WifiService.java:42)
05-15 10:51:47.287 621 621 W ResourcesManager: at java.lang.reflect.Constructor.newInstance0(Native Method)
05-15 10:51:47.287 621 621 W ResourcesManager: at java.lang.reflect.Constructor.newInstance(Constructor.java:343)
05-15 10:51:47.287 621 621 W ResourcesManager: at com.android.server.SystemServiceManager.startService(SystemServiceManager.java:177)
05-15 10:51:47.287 621 621 W ResourcesManager: at com.android.server.SystemServiceManager.startServiceFromJar(SystemServiceManager.java:133)
05-15 10:51:47.287 621 621 W ResourcesManager: at com.android.server.SystemServer.startOtherServices(SystemServer.java:1885)
05-15 10:51:47.287 621 621 W ResourcesManager: at com.android.server.SystemServer.run(SystemServer.java:890)
05-15 10:51:47.287 621 621 W ResourcesManager: at com.android.server.SystemServer.main(SystemServer.java:623)
05-15 10:51:47.287 621 621 W ResourcesManager: at java.lang.reflect.Method.invoke(Native Method)
05-15 10:51:47.287 621 621 W ResourcesManager: at com.android.internal.os.RuntimeInit$MethodAndArgsCaller.run(RuntimeInit.java:548)
05-15 10:51:47.287 621 621 W ResourcesManager: at com.android.internal.os.ZygoteInit.main(ZygoteInit.java:981)
05-15 10:51:47.287 621 621 E system_server: Invalid Idmap file: bad magic value (was 0x00000000, expected 0x504d4449)
05-15 10:51:47.287 621 621 E system_server: failed to load IDMAP /data/resource-cache/data@resource-cache@com.android.systemui-neutral-TLBr.frro@idmap
05-15 10:51:47.287 621 621 W ResourcesManager: failed to preload asset path '/data/resource-cache/com.android.systemui-neutral-TLBr.frro'
05-15 10:51:47.287 621 621 W ResourcesManager: java.io.IOException: Failed to load asset path /data/resource-cache/data@resource-cache@com.android.systemui-neutral-TLBr.frro@idmap
05-15 10:51:47.287 621 621 W ResourcesManager: at android.content.res.ApkAssets.nativeLoad(Native Method)
05-15 10:51:47.287 621 621 W ResourcesManager: at android.content.res.ApkAssets.(ApkAssets.java:295)
05-15 10:51:47.287 621 621 W ResourcesManager: at android.content.res.ApkAssets.loadOverlayFromPath(ApkAssets.java:215)
05-15 10:51:47.287 621 621 W ResourcesManager: at android.app.ResourcesManager.loadApkAssets(ResourcesManager.java:466)
05-15 10:51:47.287 621 621 W ResourcesManager: at android.app.ResourcesManager.access$000(ResourcesManager.java:85)
05-15 10:51:47.287 621 621 W ResourcesManager: at android.app.ResourcesManager$ApkAssetsSupplier.load(ResourcesManager.java:182)
05-15 10:51:47.287 621 621 W ResourcesManager: at android.app.ResourcesManager.createApkAssetsSupplierNotLocked(ResourcesManager.java:1035)
05-15 10:51:47.287 621 621 W ResourcesManager: at android.app.ResourcesManager.getResources(ResourcesManager.java:1156)
05-15 10:51:47.287 621 621 W ResourcesManager: at android.app.ActivityThread.getTopLevelResources(ActivityThread.java:2415)
05-15 10:51:47.287 621 621 W ResourcesManager: at android.app.ApplicationPackageManager.getResourcesForApplication(ApplicationPackageManager.java:1781)
05-15 10:51:47.287 621 621 W ResourcesManager: at android.app.ApplicationPackageManager.getResourcesForApplication(ApplicationPackageManager.java:1767)
05-15 10:51:47.287 621 621 W ResourcesManager: at android.app.admin.DeviceAdminInfo.(DeviceAdminInfo.java:291)
05-15 10:51:47.287 621 621 W ResourcesManager: at com.android.server.devicepolicy.DevicePolicyManagerService.findAdmin(DevicePolicyManagerService.java:2965)
05-15 10:51:47.287 621 621 W ResourcesManager: at com.android.server.devicepolicy.DevicePolicyManagerService.lambda$loadSettingsLocked$6$DevicePolicyManagerService(DevicePolicyManagerService.java:3021)
05-15 10:51:47.287 621 621 W ResourcesManager: at com.android.server.devicepolicy.DevicePolicyManagerService$$ExternalSyntheticLambda129.apply(Unknown Source:6)
05-15 10:51:47.287 621 621 W ResourcesManager: at com.android.server.devicepolicy.DevicePolicyData.load(DevicePolicyData.java:477)
05-15 10:51:47.287 621 621 W ResourcesManager: at com.android.server.devicepolicy.DevicePolicyManagerService.loadSettingsLocked(DevicePolicyManagerService.java:3018)
05-15 10:51:47.287 621 621 W ResourcesManager: at com.android.server.devicepolicy.DevicePolicyManagerService.getUserData(DevicePolicyManagerService.java:1848)
05-15 10:51:47.287 621 621 W ResourcesManager: at com.android.server.devicepolicy.DevicePolicyManagerService.getDeviceOwnerAdminLocked(DevicePolicyManagerService.java:8699)
05-15 10:51:47.287 621 621 W ResourcesManager: at com.android.server.devicepolicy.DevicePolicyManagerService.getDeviceOwnerOrProfileOwnerOfOrganizationOwnedDeviceLocked(DevicePolicyManagerService.java:8712)
05-15 10:51:47.287 621 621 W ResourcesManager: at com.android.server.devicepolicy.DevicePolicyManagerService.isCommonCriteriaModeEnabled(DevicePolicyManagerService.java:16816)
05-15 10:51:47.287 621 621 W ResourcesManager: at android.app.admin.DevicePolicyManager.isCommonCriteriaModeEnabled(DevicePolicyManager.java:13655)
05-15 10:51:47.287 621 621 W ResourcesManager: at com.android.server.wifi.FrameworkFacade.isNiapModeOn(FrameworkFacade.java:146)
05-15 10:51:47.287 621 621 W ResourcesManager: at com.android.server.wifi.WifiInjector.(WifiInjector.java:337)
05-15 10:51:47.287 621 621 W ResourcesManager: at com.android.server.wifi.WifiService.(WifiService.java:42)
05-15 10:51:47.287 621 621 W ResourcesManager: at java.lang.reflect.Constructor.newInstance0(Native Method)
05-15 10:51:47.287 621 621 W ResourcesManager: at java.lang.reflect.Constructor.newInstance(Constructor.java:343)
05-15 10:51:47.287 621 621 W ResourcesManager: at com.android.server.SystemServiceManager.startService(SystemServiceManager.java:177)
05-15 10:51:47.287 621 621 W ResourcesManager: at com.android.server.SystemServiceManager.startServiceFromJar(SystemServiceManager.java:133)
05-15 10:51:47.287 621 621 W ResourcesManager: at com.android.server.SystemServer.startOtherServices(SystemServer.java:1885)
