05-15 10:51:48.575 621 621 W ResourcesManager: at com.android.server.devicepolicy.DevicePolicyManagerService$1.onReceive(DevicePolicyManagerService.java:923)
05-15 10:51:48.575 621 621 W ResourcesManager: at android.app.LoadedApk$ReceiverDispatcher$Args.lambda$getRunnable$0$LoadedApk$ReceiverDispatcher$Args(LoadedApk.java:1679)
05-15 10:51:48.575 621 621 W ResourcesManager: at android.app.LoadedApk$ReceiverDispatcher$Args$$ExternalSyntheticLambda0.run(Unknown Source:2)
05-15 10:51:48.575 621 621 W ResourcesManager: at android.os.Handler.handleCallback(Handler.java:938)
05-15 10:51:48.575 621 621 W ResourcesManager: at android.os.Handler.dispatchMessage(Handler.java:99)
05-15 10:51:48.575 621 621 W ResourcesManager: at android.os.Looper.loopOnce(Looper.java:201)
05-15 10:51:48.575 621 621 W ResourcesManager: at android.os.Looper.loop(Looper.java:288)
05-15 10:51:48.575 621 621 W ResourcesManager: at com.android.server.SystemServer.run(SystemServer.java:914)
05-15 10:51:48.575 621 621 W ResourcesManager: at com.android.server.SystemServer.main(SystemServer.java:623)
05-15 10:51:48.575 621 621 W ResourcesManager: at java.lang.reflect.Method.invoke(Native Method)
05-15 10:51:48.575 621 621 W ResourcesManager: at com.android.internal.os.RuntimeInit$MethodAndArgsCaller.run(RuntimeInit.java:548)
05-15 10:51:48.575 621 621 W ResourcesManager: at com.android.internal.os.ZygoteInit.main(ZygoteInit.java:981)
05-15 10:51:48.575 621 621 E system_server: Invalid Idmap file: bad magic value (was 0x00000000, expected 0x504d4449)
05-15 10:51:48.575 621 621 E system_server: failed to load IDMAP /data/resource-cache/data@resource-cache@com.android.systemui-accent-b2QH.frro@idmap
05-15 10:51:48.575 621 621 W ResourcesManager: failed to preload asset path '/data/resource-cache/com.android.systemui-accent-b2QH.frro'
05-15 10:51:48.575 621 621 W ResourcesManager: java.io.IOException: Failed to load asset path /data/resource-cache/data@resource-cache@com.android.systemui-accent-b2QH.frro@idmap
05-15 10:51:48.575 621 621 W ResourcesManager: at android.content.res.ApkAssets.nativeLoad(Native Method)
05-15 10:51:48.575 621 621 W ResourcesManager: at android.content.res.ApkAssets.(ApkAssets.java:295)
05-15 10:51:48.575 621 621 W ResourcesManager: at android.content.res.ApkAssets.loadOverlayFromPath(ApkAssets.java:215)
05-15 10:51:48.575 621 621 W ResourcesManager: at android.app.ResourcesManager.loadApkAssets(ResourcesManager.java:466)
05-15 10:51:48.575 621 621 W ResourcesManager: at android.app.ResourcesManager.access$000(ResourcesManager.java:85)
05-15 10:51:48.575 621 621 W ResourcesManager: at android.app.ResourcesManager$ApkAssetsSupplier.load(ResourcesManager.java:182)
05-15 10:51:48.575 621 621 W ResourcesManager: at android.app.ResourcesManager.createApkAssetsSupplierNotLocked(ResourcesManager.java:1035)
05-15 10:51:48.575 621 621 W ResourcesManager: at android.app.ResourcesManager.getResources(ResourcesManager.java:1156)
05-15 10:51:48.575 621 621 W ResourcesManager: at android.app.ActivityThread.getTopLevelResources(ActivityThread.java:2415)
05-15 10:51:48.575 621 621 W ResourcesManager: at android.app.ApplicationPackageManager.getResourcesForApplication(ApplicationPackageManager.java:1781)
05-15 10:51:48.575 621 621 W ResourcesManager: at android.app.ApplicationPackageManager.getResourcesForApplication(ApplicationPackageManager.java:1767)
05-15 10:51:48.575 621 621 W ResourcesManager: at android.app.admin.DeviceAdminInfo.(DeviceAdminInfo.java:291)
05-15 10:51:48.575 621 621 W ResourcesManager: at com.android.server.devicepolicy.DevicePolicyManagerService.findAdmin(DevicePolicyManagerService.java:2965)
05-15 10:51:48.575 621 621 W ResourcesManager: at com.android.server.devicepolicy.DevicePolicyManagerService.lambda$loadSettingsLocked$6$DevicePolicyManagerService(DevicePolicyManagerService.java:3021)
05-15 10:51:48.575 621 621 W ResourcesManager: at com.android.server.devicepolicy.DevicePolicyManagerService$$ExternalSyntheticLambda129.apply(Unknown Source:6)
05-15 10:51:48.575 621 621 W ResourcesManager: at com.android.server.devicepolicy.DevicePolicyData.load(DevicePolicyData.java:477)
05-15 10:51:48.575 621 621 W ResourcesManager: at com.android.server.devicepolicy.DevicePolicyManagerService.loadSettingsLocked(DevicePolicyManagerService.java:3018)
05-15 10:51:48.575 621 621 W ResourcesManager: at com.android.server.devicepolicy.DevicePolicyManagerService.getUserData(DevicePolicyManagerService.java:1848)
05-15 10:51:48.575 621 621 W ResourcesManager: at com.android.server.devicepolicy.DevicePolicyManagerService.handlePackagesChanged(DevicePolicyManagerService.java:1104)
05-15 10:51:48.575 621 621 W ResourcesManager: at com.android.server.devicepolicy.DevicePolicyManagerService.access$900(DevicePolicyManagerService.java:385)
05-15 10:51:48.575 621 621 W ResourcesManager: at com.android.server.devicepolicy.DevicePolicyManagerService$1.onReceive(DevicePolicyManagerService.java:923)
05-15 10:51:48.575 621 621 W ResourcesManager: at android.app.LoadedApk$ReceiverDispatcher$Args.lambda$getRunnable$0$LoadedApk$ReceiverDispatcher$Args(LoadedApk.java:1679)
05-15 10:51:48.575 621 621 W ResourcesManager: at android.app.LoadedApk$ReceiverDispatcher$Args$$ExternalSyntheticLambda0.run(Unknown Source:2)
05-15 10:51:48.575 621 621 W ResourcesManager: at android.os.Handler.handleCallback(Handler.java:938)
05-15 10:51:48.575 621 621 W ResourcesManager: at android.os.Handler.dispatchMessage(Handler.java:99)
05-15 10:51:48.575 621 621 W ResourcesManager: at android.os.Looper.loopOnce(Looper.java:201)
05-15 10:51:48.575 621 621 W ResourcesManager: at android.os.Looper.loop(Looper.java:288)
05-15 10:51:48.575 621 621 W ResourcesManager: at com.android.server.SystemServer.run(SystemServer.java:914)
05-15 10:51:48.575 621 621 W ResourcesManager: at com.android.server.SystemServer.main(SystemServer.java:623)
05-15 10:51:48.575 621 621 W ResourcesManager: at java.lang.reflect.Method.invoke(Native Method)
05-15 10:51:48.575 621 621 W ResourcesManager: at com.android.internal.os.RuntimeInit$MethodAndArgsCaller.run(RuntimeInit.java:548)
05-15 10:51:48.575 621 621 W ResourcesManager: at com.android.internal.os.ZygoteInit.main(ZygoteInit.java:981)
05-15 10:51:48.576 621 621 W TrustManagerService: EXTRA_USER_HANDLE missing or invalid, value=0
05-15 10:51:48.576 842 842 I WebViewLoader-: System.exit called, status: 0
05-15 10:51:48.576 842 842 I AndroidRuntime: VM exiting with result code 0, cleanup skipped.
05-15 10:51:48.579 777 777 I vol.Events: writeEvent collection_started
05-15 10:51:48.580 282 282 I hwservicemanager: getTransport: Cannot find entry android.hardware.radio@1.5::IRadio/slot1 in either framework or device VINTF manifest.
05-15 10:51:48.580 282 282 I hwservicemanager: getTransport: Cannot find entry android.hardware.radio@1.4::IRadio/slot1 in either framework or device VINTF manifest.
05-15 10:51:48.580 282 282 I hwservicemanager: getTransport: Cannot find entry android.hardware.radio@1.3::IRadio/slot1 in either framework or device VINTF manifest.
05-15 10:51:48.580 282 282 I hwservicemanager: getTransport: Cannot find entry android.hardware.radio@1.2::IRadio/slot1 in either framework or device VINTF manifest.
05-15 10:51:48.581 925 925 I android_os_HwBinder: HwBinder: Starting thread pool for getting: android.hardware.radio@1.1::IRadio/slot1
05-15 10:51:48.581 526 526 I C2SoftVp8Enc: setting temporal layering 0 + 0
05-15 10:51:48.581 522 522 D RILC : setResponseFunctions
05-15 10:51:48.582 522 522 D RILC : rilConnectedInd
05-15 10:51:48.582 522 522 D RILC : radioStateChangedInd: radioState 1
05-15 10:51:48.582 522 522 I RILC : RIL Daemon version: Quectel_Android_RIL_Driver_V3.5.14
05-15 10:51:48.582 925 1054 D RILJ : [UNSL]< UNSOL_RIL_CONNECTED [PHONE0]
05-15 10:51:48.583 925 925 D RILJ : [0000]> GET_HARDWARE_CONFIG [PHONE0]
05-15 10:51:48.584 522 522 D RILC : onRequest: GET_HARDWARE_CONFIG
05-15 10:51:48.584 925 925 D RILJ : Radio HAL version: 1.1 [PHONE0]
05-15 10:51:48.584 925 1054 D RILJ : [0001]> RADIO_POWER on = false forEmergencyCall= false preferredForEmergencyCall=false [PHONE0]
05-15 10:51:48.584 419 419 D Zygote : Forked child process 1056
05-15 10:51:48.585 522 522 D RILC : setRadioPower: serial 1 on 0
05-15 10:51:48.585 522 522 D RILC : onRequest: RADIO_POWER datalen=4 request_value:23
05-15 10:51:48.585 522 522 D RILC : setRadioPowerResponse: serial 1
05-15 10:51:48.585 621 648 I am_proc_start: [0,1056,10079,com.android.launcher3,service,{com.android.launcher3/com.android.quickstep.TouchInteractionService}]
05-15 10:51:48.585 621 648 I ActivityManager: Start proc 1056:com.android.launcher3/u0a79 for service {com.android.launcher3/com.android.quickstep.TouchInteractionService}
05-15 10:51:48.585 420 420 W Zygote : forkRepeatedly terminated due to non-simple command
05-15 10:51:48.585 420 420 D Zygote : mbuffer starts with 14, nice name is webview_zygote, mEnd = 411, mNext = 159, mLinesLeft = 6, mFd = 9
05-15 10:51:48.586 925 1054 D RILJ : [0002]> CDMA_SET_SUBSCRIPTION_SOURCE cdmaSubscription = 0 [PHONE0]
05-15 10:51:48.586 522 522 D RILC : onRequest: CDMA_SET_SUBSCRIPTION_SOURCE datalen=4 request_value:77
05-15 10:51:48.586 925 925 D UiccController: Creating UiccController
05-15 10:51:48.586 925 925 D UiccController: config_num_physical_slots = 1
05-15 10:51:48.586 925 1054 D RILJ : [0000]< GET_HARDWARE_CONFIG error 6 [PHONE0]
05-15 10:51:48.587 925 1054 D RilRequest: [0000]< GET_HARDWARE_CONFIG error: com.android.internal.telephony.CommandException: REQUEST_NOT_SUPPORTED ret= [Modem { uuid=www.quectel.com, state=0, rilModel=0, rat={0, 1, 2, 3, 4, 5, 6, 7, 8, 9, 10, 11, 12, 13, 14, 15, 16, 17, 18, 19, 20, 21, 22, 23, 24, 25, 26, 27, 28, 29, 30}, maxActiveVoiceCall=1, maxActiveDataCall=1, maxStandby=0 }] result=null
05-15 10:51:48.587 925 1054 D RILJ : [UNSL]< UNSOL_RESPONSE_RADIO_STATE_CHANGED radioStateChanged: 2 [PHONE0]
05-15 10:51:48.587 418 418 I netd : trafficSwapActiveStatsMap() <26.10ms>
05-15 10:51:48.587 925 1054 D RILJ : [0001]< RADIO_POWER [PHONE0]
05-15 10:51:48.588 925 1054 D RILJ : [0002]< CDMA_SET_SUBSCRIPTION_SOURCE [PHONE0]
05-15 10:51:48.589 418 418 I netd : tetherGetStats() -> {[]} <0.90ms>
05-15 10:51:48.590 621 646 I netstats_mobile_sample: [0,0,0,0,0,0,0,0,0,0,0,0,1747277508589]
05-15 10:51:48.590 621 646 I netstats_wifi_sample: [0,0,0,0,0,0,0,0,0,0,0,0,1747277508589]
05-15 10:51:48.592 621 890 I ActivityManager: Process WebViewLoader-arm64-v8a (pid 842) has died: psvc PER
05-15 10:51:48.592 621 890 I am_proc_died: [0,842,WebViewLoader-arm64-v8a,-700,0]
05-15 10:51:48.592 526 526 I C2SoftVp9Enc: setting temporal layering 0 + 0
05-15 10:51:48.593 621 890 I am_uid_stopped: 1037
05-15 10:51:48.593 621 649 I libprocessgroup: Successfully killed process cgroup uid 1037 pid 842 in 0ms
05-15 10:51:48.594 516 603 D MediaCodecsXmlParser: parsing /apex/com.android.media.swcodec/etc/media_codecs.xml...
05-15 10:51:48.594 621 890 I am_low_memory: 8
05-15 10:51:48.594 505 549 I adbd : jdwp connection from 1056
05-15 10:51:48.595 516 603 D MediaCodecsXmlParser: disabling c2.android.gsm.decoder
05-15 10:51:48.596 516 603 D MediaCodecsXmlParser: disabling c2.android.mpeg2.decoder
05-15 10:51:48.596 419 419 I Zygote : Process 842 exited cleanly (0)
05-15 10:51:48.597 516 603 I MediaCodecsXmlParser: Did not find media_codecs_performance.xml in search path
05-15 10:51:48.597 621 890 I am_proc_bound: [0,1056,com.android.launcher3]
05-15 10:51:48.597 420 420 D Zygote : Forked child process 1076
05-15 10:51:48.598 516 603 D MediaCodecsXmlParser: parsing /vendor/etc/media_codecs_c2.xml...
05-15 10:51:48.598 621 807 W ZygoteProcess: Got error connecting to zygote, retrying. msg= Connection refused
05-15 10:51:48.599 621 890 I am_uid_active: 10079
05-15 10:51:48.599 516 603 D MediaCodecsXmlParser: parsing /vendor/etc/media_codecs_google_c2.xml...
05-15 10:51:48.600 516 603 D MediaCodecsXmlParser: disabling c2.android.av1.decoder
05-15 10:51:48.601 516 603 D MediaCodecsXmlParser: disabling c2.android.hevc.encoder
05-15 10:51:48.601 516 603 D MediaCodecsXmlParser: disabling c2.android.vp9.encoder
05-15 10:51:48.601 516 603 I MediaCodecsXmlParser: Did not find media_codecs_performance_c2.xml in search path
05-15 10:51:48.601 516 603 D MediaCodecsXmlParser: parsing /vendor/etc/media_codecs.xml...
05-15 10:51:48.601 516 603 D MediaCodecsXmlParser: parsing /vendor/etc/media_codecs_google_audio.xml...
05-15 10:51:48.601 516 603 D MediaCodecsXmlParser: parsing /vendor/etc/media_codecs_google_video.xml...
05-15 10:51:48.601 516 603 D MediaCodecsXmlParser: parsing /vendor/etc/media_codecs_performance.xml...
05-15 10:51:48.601 925 925 D PinStorage: KeyStore: alias PinStorage_longTerm_always_key exists
05-15 10:51:48.602 925 925 D PinStorage: onDeviceReady
05-15 10:51:48.602 516 603 I MediaCodecsXmlParser: Did not find media_codecs_shaping.xml in search path
05-15 10:51:48.602 516 603 I MediaCodecsXmlParser: Did not find media_codecs_shaping.xml in search path
05-15 10:51:48.602 925 925 D PinStorage: KeyStore: alias PinStorage_shortTerm_key does not exist - Nothing to do
05-15 10:51:48.602 439 585 I C2RKComponentFactory: CreateRKCodec2Factory(29): in version:commit d91fb748e2e44bc2ffeb7167205e2fabe5a0f185 build: 2023-11-16 18:47:24 running on rk3588s_s
05-15 10:51:48.605 439 585 E Codec2-FilterWrapper: plugin not OK: -19
05-15 10:51:48.605 1076 1076 I WebViewZygoteInit: Starting WebViewZygoteInit
05-15 10:51:48.605 925 925 I PhoneFactory: Creating SubscriptionController
05-15 10:51:48.605 516 603 I mediaserver: adding type 'video/avc'
05-15 10:51:48.607 439 585 I C2RKComponentFactory: DestroyRKCodec2Factory(57): in
05-15 10:51:48.607 439 584 I C2RKComponentFactory: CreateRKCodec2Factory(29): in version:commit d91fb748e2e44bc2ffeb7167205e2fabe5a0f185 build: 2023-11-16 18:47:24 running on rk3588s_s
05-15 10:51:48.607 621 621 E system_server: Invalid Idmap file: bad magic value (was 0x00000000, expected 0x504d4449)
05-15 10:51:48.608 621 621 E system_server: failed to load IDMAP /data/resource-cache/data@resource-cache@com.android.systemui-neutral-TLBr.frro@idmap
05-15 10:51:48.608 621 621 W ResourcesManager: failed to preload asset path '/data/resource-cache/com.android.systemui-neutral-TLBr.frro'
05-15 10:51:48.608 621 621 W ResourcesManager: java.io.IOException: Failed to load asset path /data/resource-cache/data@resource-cache@com.android.systemui-neutral-TLBr.frro@idmap
05-15 10:51:48.608 621 621 W ResourcesManager: at android.content.res.ApkAssets.nativeLoad(Native Method)
05-15 10:51:48.608 621 621 W ResourcesManager: at android.content.res.ApkAssets.(ApkAssets.java:295)
05-15 10:51:48.608 621 621 W ResourcesManager: at android.content.res.ApkAssets.loadOverlayFromPath(ApkAssets.java:215)
05-15 10:51:48.608 621 621 W ResourcesManager: at android.app.ResourcesManager.loadApkAssets(ResourcesManager.java:466)
05-15 10:51:48.608 621 621 W ResourcesManager: at android.app.ResourcesManager.access$000(ResourcesManager.java:85)
05-15 10:51:48.608 621 621 W ResourcesManager: at android.app.ResourcesManager$ApkAssetsSupplier.load(ResourcesManager.java:182)
05-15 10:51:48.608 621 621 W ResourcesManager: at android.app.ResourcesManager.createApkAssetsSupplierNotLocked(ResourcesManager.java:1035)
05-15 10:51:48.608 621 621 W ResourcesManager: at android.app.ResourcesManager.getResources(ResourcesManager.java:1156)
05-15 10:51:48.608 621 621 W ResourcesManager: at android.app.ActivityThread.getTopLevelResources(ActivityThread.java:2415)
05-15 10:51:48.608 621 621 W ResourcesManager: at android.app.ApplicationPackageManager.getResourcesForApplication(ApplicationPackageManager.java:1781)
05-15 10:51:48.608 621 621 W ResourcesManager: at android.app.ApplicationPackageManager.getResourcesForApplication(ApplicationPackageManager.java:1767)
05-15 10:51:48.608 621 621 W ResourcesManager: at android.app.ApplicationPackageManager.getXml(ApplicationPackageManager.java:2111)
05-15 10:51:48.608 621 621 W ResourcesManager: at android.content.pm.PackageItemInfo.loadXmlMetaData(PackageItemInfo.java:397)
05-15 10:51:48.608 621 621 W ResourcesManager: at android.accessibilityservice.AccessibilityServiceInfo.(AccessibilityServiceInfo.java:617)
05-15 10:51:48.608 621 621 W ResourcesManager: at com.android.server.accessibility.AccessibilityManagerService.readInstalledAccessibilityServiceLocked(AccessibilityManagerService.java:1609)
05-15 10:51:48.608 621 621 W ResourcesManager: at com.android.server.accessibility.AccessibilityManagerService.readConfigurationForUserStateLocked(AccessibilityManagerService.java:2283)
05-15 10:51:48.608 621 621 W ResourcesManager: at com.android.server.accessibility.AccessibilityManagerService.switchUser(AccessibilityManagerService.java:1387)
05-15 10:51:48.608 621 621 W ResourcesManager: at com.android.server.accessibility.AccessibilityManagerService.access$900(AccessibilityManagerService.java:159)
05-15 10:51:48.608 621 621 W ResourcesManager: at com.android.server.accessibility.AccessibilityManagerService$2.onReceive(AccessibilityManagerService.java:593)
05-15 10:51:48.608 621 621 W ResourcesManager: at android.app.LoadedApk$ReceiverDispatcher$Args.lambda$getRunnable$0$LoadedApk$ReceiverDispatcher$Args(LoadedApk.java:1679)
05-15 10:51:48.608 621 621 W ResourcesManager: at android.app.LoadedApk$ReceiverDispatcher$Args$$ExternalSyntheticLambda0.run(Unknown Source:2)
05-15 10:51:48.608 621 621 W ResourcesManager: at android.os.Handler.handleCallback(Handler.java:938)
05-15 10:51:48.608 621 621 W ResourcesManager: at android.os.Handler.dispatchMessage(Handler.java:99)
05-15 10:51:48.608 621 621 W ResourcesManager: at android.os.Looper.loopOnce(Looper.java:201)
05-15 10:51:48.608 621 621 W ResourcesManager: at android.os.Looper.loop(Looper.java:288)
05-15 10:51:48.608 621 621 W ResourcesManager: at com.android.server.SystemServer.run(SystemServer.java:914)
05-15 10:51:48.608 621 621 W ResourcesManager: at com.android.server.SystemServer.main(SystemServer.java:623)
05-15 10:51:48.608 621 621 W ResourcesManager: at java.lang.reflect.Method.invoke(Native Method)
05-15 10:51:48.608 621 621 W ResourcesManager: at com.android.internal.os.RuntimeInit$MethodAndArgsCaller.run(RuntimeInit.java:548)
05-15 10:51:48.608 621 621 W ResourcesManager: at com.android.internal.os.ZygoteInit.main(ZygoteInit.java:981)
05-15 10:51:48.608 621 621 E system_server: Invalid Idmap file: bad magic value (was 0x00000000, expected 0x504d4449)
05-15 10:51:48.608 439 584 I android.hardware.media.c2@1.1-service: missing struct descriptor #Param::CoreIndex(--004) for field values of struct #Param::CoreIndex(F-12004)
05-15 10:51:48.608 621 621 E system_server: failed to load IDMAP /data/resource-cache/data@resource-cache@com.android.systemui-accent-b2QH.frro@idmap
05-15 10:51:48.608 439 584 I C2RKMpiEnc: GopSetter(372): in
05-15 10:51:48.608 439 584 I android.hardware.media.c2@1.1-service: missing struct descriptor #Param::CoreIndex(--1812) for field values of struct #Param::CoreIndex(F-11812)
05-15 10:51:48.608 439 584 I C2RKMpiEnc: PictureQuantizationSetter(380): in
05-15 10:51:48.608 439 584 I C2RKMpiEnc: InputDelaySetter 328 in
05-15 10:51:48.608 621 621 W ResourcesManager: failed to preload asset path '/data/resource-cache/com.android.systemui-accent-b2QH.frro'
05-15 10:51:48.608 621 621 W ResourcesManager: java.io.IOException: Failed to load asset path /data/resource-cache/data@resource-cache@com.android.systemui-accent-b2QH.frro@idmap
05-15 10:51:48.608 621 621 W ResourcesManager: at android.content.res.ApkAssets.nativeLoad(Native Method)
05-15 10:51:48.608 621 621 W ResourcesManager: at android.content.res.ApkAssets.(ApkAssets.java:295)
05-15 10:51:48.608 621 621 W ResourcesManager: at android.content.res.ApkAssets.loadOverlayFromPath(ApkAssets.java:215)
05-15 10:51:48.608 621 621 W ResourcesManager: at android.app.ResourcesManager.loadApkAssets(ResourcesManager.java:466)
05-15 10:51:48.608 621 621 W ResourcesManager: at android.app.ResourcesManager.access$000(ResourcesManager.java:85)
05-15 10:51:48.608 621 621 W ResourcesManager: at android.app.ResourcesManager$ApkAssetsSupplier.load(ResourcesManager.java:182)
05-15 10:51:48.608 621 621 W ResourcesManager: at android.app.ResourcesManager.createApkAssetsSupplierNotLocked(ResourcesManager.java:1035)
05-15 10:51:48.608 621 621 W ResourcesManager: at android.app.ResourcesManager.getResources(ResourcesManager.java:1156)
05-15 10:51:48.608 621 621 W ResourcesManager: at android.app.ActivityThread.getTopLevelResources(ActivityThread.java:2415)
05-15 10:51:48.608 621 621 W ResourcesManager: at android.app.ApplicationPackageManager.getResourcesForApplication(ApplicationPackageManager.java:1781)
05-15 10:51:48.608 621 621 W ResourcesManager: at android.app.ApplicationPackageManager.getResourcesForApplication(ApplicationPackageManager.java:1767)
05-15 10:51:48.608 621 621 W ResourcesManager: at android.app.ApplicationPackageManager.getXml(ApplicationPackageManager.java:2111)
05-15 10:51:48.608 621 621 W ResourcesManager: at android.content.pm.PackageItemInfo.loadXmlMetaData(PackageItemInfo.java:397)
05-15 10:51:48.608 621 621 W ResourcesManager: at android.accessibilityservice.AccessibilityServiceInfo.(AccessibilityServiceInfo.java:617)
05-15 10:51:48.608 621 621 W ResourcesManager: at com.android.server.accessibility.AccessibilityManagerService.readInstalledAccessibilityServiceLocked(AccessibilityManagerService.java:1609)
05-15 10:51:48.608 621 621 W ResourcesManager: at com.android.server.accessibility.AccessibilityManagerService.readConfigurationForUserStateLocked(AccessibilityManagerService.java:2283)
05-15 10:51:48.608 621 621 W ResourcesManager: at com.android.server.accessibility.AccessibilityManagerService.switchUser(AccessibilityManagerService.java:1387)
05-15 10:51:48.608 621 621 W ResourcesManager: at com.android.server.accessibility.AccessibilityManagerService.access$900(AccessibilityManagerService.java:159)
05-15 10:51:48.608 621 621 W ResourcesManager: at com.android.server.accessibility.AccessibilityManagerService$2.onReceive(AccessibilityManagerService.java:593)
05-15 10:51:48.608 621 621 W ResourcesManager: at android.app.LoadedApk$ReceiverDispatcher$Args.lambda$getRunnable$0$LoadedApk$ReceiverDispatcher$Args(LoadedApk.java:1679)
05-15 10:51:48.608 621 621 W ResourcesManager: at android.app.LoadedApk$ReceiverDispatcher$Args$$ExternalSyntheticLambda0.run(Unknown Source:2)
05-15 10:51:48.608 621 621 W ResourcesManager: at android.os.Handler.handleCallback(Handler.java:938)
05-15 10:51:48.608 621 621 W ResourcesManager: at android.os.Handler.dispatchMessage(Handler.java:99)
05-15 10:51:48.608 621 621 W ResourcesManager: at android.os.Looper.loopOnce(Looper.java:201)
05-15 10:51:48.608 621 621 W ResourcesManager: at android.os.Looper.loop(Looper.java:288)
05-15 10:51:48.608 621 621 W ResourcesManager: at com.android.server.SystemServer.run(SystemServer.java:914)
05-15 10:51:48.608 621 621 W ResourcesManager: at com.android.server.SystemServer.main(SystemServer.java:623)
05-15 10:51:48.608 621 621 W ResourcesManager: at java.lang.reflect.Method.invoke(Native Method)
05-15 10:51:48.608 621 621 W ResourcesManager: at com.android.internal.os.RuntimeInit$MethodAndArgsCaller.run(RuntimeInit.java:548)
05-15 10:51:48.608 621 621 W ResourcesManager: at com.android.internal.os.ZygoteInit.main(ZygoteInit.java:981)
05-15 10:51:48.608 621 621 E system_server: Invalid Idmap file: bad magic value (was 0x00000000, expected 0x504d4449)
05-15 10:51:48.608 621 621 E system_server: failed to load IDMAP /data/resource-cache/data@resource-cache@com.android.systemui-neutral-TLBr.frro@idmap
05-15 10:51:48.609 621 621 W ResourcesManager: failed to add overlay path '/data/resource-cache/com.android.systemui-neutral-TLBr.frro'
05-15 10:51:48.609 621 621 W ResourcesManager: java.io.IOException: Failed to load asset path /data/resource-cache/data@resource-cache@com.android.systemui-neutral-TLBr.frro@idmap
05-15 10:51:48.609 621 621 W ResourcesManager: at android.content.res.ApkAssets.nativeLoad(Native Method)
05-15 10:51:48.609 621 621 W ResourcesManager: at android.content.res.ApkAssets.(ApkAssets.java:295)
05-15 10:51:48.609 621 621 W ResourcesManager: at android.content.res.ApkAssets.loadOverlayFromPath(ApkAssets.java:215)
05-15 10:51:48.609 621 621 W ResourcesManager: at android.app.ResourcesManager.loadApkAssets(ResourcesManager.java:466)
05-15 10:51:48.609 621 621 W ResourcesManager: at android.app.ResourcesManager.access$000(ResourcesManager.java:85)
05-15 10:51:48.609 621 621 W ResourcesManager: at android.app.ResourcesManager$ApkAssetsSupplier.load(ResourcesManager.java:182)
05-15 10:51:48.609 621 621 W ResourcesManager: at android.app.ResourcesManager.createAssetManager(ResourcesManager.java:544)
05-15 10:51:48.609 621 621 W ResourcesManager: at android.app.ResourcesManager.createResourcesImpl(ResourcesManager.java:626)
05-15 10:51:48.609 621 621 W ResourcesManager: at android.app.ResourcesManager.findOrCreateResourcesImplForKeyLocked(ResourcesManager.java:719)
05-15 10:51:48.609 621 621 W ResourcesManager: at android.app.ResourcesManager.createResources(ResourcesManager.java:1066)
05-15 10:51:48.609 621 621 W ResourcesManager: at android.app.ResourcesManager.getResources(ResourcesManager.java:1169)
05-15 10:51:48.609 621 621 W ResourcesManager: at android.app.ActivityThread.getTopLevelResources(ActivityThread.java:2415)
05-15 10:51:48.609 621 621 W ResourcesManager: at android.app.ApplicationPackageManager.getResourcesForApplication(ApplicationPackageManager.java:1781)
05-15 10:51:48.609 621 621 W ResourcesManager: at android.app.ApplicationPackageManager.getResourcesForApplication(ApplicationPackageManager.java:1767)
05-15 10:51:48.609 621 621 W ResourcesManager: at android.app.ApplicationPackageManager.getXml(ApplicationPackageManager.java:2111)
05-15 10:51:48.609 621 621 W ResourcesManager: at android.content.pm.PackageItemInfo.loadXmlMetaData(PackageItemInfo.java:397)
05-15 10:51:48.609 621 621 W ResourcesManager: at android.accessibilityservice.AccessibilityServiceInfo.(AccessibilityServiceInfo.java:617)
05-15 10:51:48.609 621 621 W ResourcesManager: at com.android.server.accessibility.AccessibilityManagerService.readInstalledAccessibilityServiceLocked(AccessibilityManagerService.java:1609)
05-15 10:51:48.609 621 621 W ResourcesManager: at com.android.server.accessibility.AccessibilityManagerService.readConfigurationForUserStateLocked(AccessibilityManagerService.java:2283)
05-15 10:51:48.609 621 621 W ResourcesManager: at com.android.server.accessibility.AccessibilityManagerService.switchUser(AccessibilityManagerService.java:1387)
05-15 10:51:48.609 621 621 W ResourcesManager: at com.android.server.accessibility.AccessibilityManagerService.access$900(AccessibilityManagerService.java:159)
05-15 10:51:48.609 621 621 W ResourcesManager: at com.android.server.accessibility.AccessibilityManagerService$2.onReceive(AccessibilityManagerService.java:593)
05-15 10:51:48.609 621 621 W ResourcesManager: at android.app.LoadedApk$ReceiverDispatcher$Args.lambda$getRunnable$0$LoadedApk$ReceiverDispatcher$Args(LoadedApk.java:1679)
05-15 10:51:48.609 621 621 W ResourcesManager: at android.app.LoadedApk$ReceiverDispatcher$Args$$ExternalSyntheticLambda0.run(Unknown Source:2)
05-15 10:51:48.609 621 621 W ResourcesManager: at android.os.Handler.handleCallback(Handler.java:938)
05-15 10:51:48.609 621 621 W ResourcesManager: at android.os.Handler.dispatchMessage(Handler.java:99)
05-15 10:51:48.609 621 621 W ResourcesManager: at android.os.Looper.loopOnce(Looper.java:201)
05-15 10:51:48.609 621 621 W ResourcesManager: at android.os.Looper.loop(Looper.java:288)
05-15 10:51:48.609 621 621 W ResourcesManager: at com.android.server.SystemServer.run(SystemServer.java:914)
05-15 10:51:48.609 621 621 W ResourcesManager: at com.android.server.SystemServer.main(SystemServer.java:623)
05-15 10:51:48.609 621 621 W ResourcesManager: at java.lang.reflect.Method.invoke(Native Method)
05-15 10:51:48.609 621 621 W ResourcesManager: at com.android.internal.os.RuntimeInit$MethodAndArgsCaller.run(RuntimeInit.java:548)
05-15 10:51:48.609 621 621 W ResourcesManager: at com.android.internal.os.ZygoteInit.main(ZygoteInit.java:981)
05-15 10:51:48.609 621 621 E system_server: Invalid Idmap file: bad magic value (was 0x00000000, expected 0x504d4449)
05-15 10:51:48.609 621 621 E system_server: failed to load IDMAP /data/resource-cache/data@resource-cache@com.android.systemui-accent-b2QH.frro@idmap
05-15 10:51:48.609 439 584 I C2RKMpiEnc: LayeringSetter(634): in
05-15 10:51:48.609 621 621 W ResourcesManager: failed to add overlay path '/data/resource-cache/com.android.systemui-accent-b2QH.frro'
05-15 10:51:48.609 621 621 W ResourcesManager: java.io.IOException: Failed to load asset path /data/resource-cache/data@resource-cache@com.android.systemui-accent-b2QH.frro@idmap
05-15 10:51:48.609 621 621 W ResourcesManager: at android.content.res.ApkAssets.nativeLoad(Native Method)
05-15 10:51:48.609 621 621 W ResourcesManager: at android.content.res.ApkAssets.(ApkAssets.java:295)
05-15 10:51:48.609 621 621 W ResourcesManager: at android.content.res.ApkAssets.loadOverlayFromPath(ApkAssets.java:215)
05-15 10:51:48.609 621 621 W ResourcesManager: at android.app.ResourcesManager.loadApkAssets(ResourcesManager.java:466)
05-15 10:51:48.609 621 621 W ResourcesManager: at android.app.ResourcesManager.access$000(ResourcesManager.java:85)
05-15 10:51:48.609 621 621 W ResourcesManager: at android.app.ResourcesManager$ApkAssetsSupplier.load(ResourcesManager.java:182)
05-15 10:51:48.609 621 621 W ResourcesManager: at android.app.ResourcesManager.createAssetManager(ResourcesManager.java:544)
05-15 10:51:48.609 621 621 W ResourcesManager: at android.app.ResourcesManager.createResourcesImpl(ResourcesManager.java:626)
05-15 10:51:48.609 621 621 W ResourcesManager: at android.app.ResourcesManager.findOrCreateResourcesImplForKeyLocked(ResourcesManager.java:719)
05-15 10:51:48.609 621 621 W ResourcesManager: at android.app.ResourcesManager.createResources(ResourcesManager.java:1066)
05-15 10:51:48.609 621 621 W ResourcesManager: at android.app.ResourcesManager.getResources(ResourcesManager.java:1169)
05-15 10:51:48.609 621 621 W ResourcesManager: at android.app.ActivityThread.getTopLevelResources(ActivityThread.java:2415)
05-15 10:51:48.609 621 621 W ResourcesManager: at android.app.ApplicationPackageManager.getResourcesForApplication(ApplicationPackageManager.java:1781)
05-15 10:51:48.609 621 621 W ResourcesManager: at android.app.ApplicationPackageManager.getResourcesForApplication(ApplicationPackageManager.java:1767)
05-15 10:51:48.609 621 621 W ResourcesManager: at android.app.ApplicationPackageManager.getXml(ApplicationPackageManager.java:2111)
05-15 10:51:48.609 621 621 W ResourcesManager: at android.content.pm.PackageItemInfo.loadXmlMetaData(PackageItemInfo.java:397)
05-15 10:51:48.609 621 621 W ResourcesManager: at android.accessibilityservice.AccessibilityServiceInfo.(AccessibilityServiceInfo.java:617)
05-15 10:51:48.609 621 621 W ResourcesManager: at com.android.server.accessibility.AccessibilityManagerService.readInstalledAccessibilityServiceLocked(AccessibilityManagerService.java:1609)
05-15 10:51:48.609 621 621 W ResourcesManager: at com.android.server.accessibility.AccessibilityManagerService.readConfigurationForUserStateLocked(AccessibilityManagerService.java:2283)
05-15 10:51:48.609 621 621 W ResourcesManager: at com.android.server.accessibility.AccessibilityManagerService.switchUser(AccessibilityManagerService.java:1387)
05-15 10:51:48.609 621 621 W ResourcesManager: at com.android.server.accessibility.AccessibilityManagerService.access$900(AccessibilityManagerService.java:159)
05-15 10:51:48.609 621 621 W ResourcesManager: at com.android.server.accessibility.AccessibilityManagerService$2.onReceive(AccessibilityManagerService.java:593)
05-15 10:51:48.609 621 621 W ResourcesManager: at android.app.LoadedApk$ReceiverDispatcher$Args.lambda$getRunnable$0$LoadedApk$ReceiverDispatcher$Args(LoadedApk.java:1679)
05-15 10:51:48.609 621 621 W ResourcesManager: at android.app.LoadedApk$ReceiverDispatcher$Args$$ExternalSyntheticLambda0.run(Unknown Source:2)
05-15 10:51:48.609 621 621 W ResourcesManager: at android.os.Handler.handleCallback(Handler.java:938)
05-15 10:51:48.609 621 621 W ResourcesManager: at android.os.Handler.dispatchMessage(Handler.java:99)
05-15 10:51:48.609 621 621 W ResourcesManager: at android.os.Looper.loopOnce(Looper.java:201)
05-15 10:51:48.609 621 621 W ResourcesManager: at android.os.Looper.loop(Looper.java:288)
05-15 10:51:48.609 621 621 W ResourcesManager: at com.android.server.SystemServer.run(SystemServer.java:914)
05-15 10:51:48.609 621 621 W ResourcesManager: at com.android.server.SystemServer.main(SystemServer.java:623)
05-15 10:51:48.609 621 621 W ResourcesManager: at java.lang.reflect.Method.invoke(Native Method)
05-15 10:51:48.609 621 621 W ResourcesManager: at com.android.internal.os.RuntimeInit$MethodAndArgsCaller.run(RuntimeInit.java:548)
05-15 10:51:48.609 621 621 W ResourcesManager: at com.android.internal.os.ZygoteInit.main(ZygoteInit.java:981)
05-15 10:51:48.609 621 621 E system_server: Invalid Idmap file: bad magic value (was 0x00000000, expected 0x504d4449)
05-15 10:51:48.609 621 621 E system_server: failed to load IDMAP /data/resource-cache/data@resource-cache@com.android.systemui-neutral-TLBr.frro@idmap
05-15 10:51:48.610 621 621 W ResourcesManager: failed to preload asset path '/data/resource-cache/com.android.systemui-neutral-TLBr.frro'
05-15 10:51:48.610 621 621 W ResourcesManager: java.io.IOException: Failed to load asset path /data/resource-cache/data@resource-cache@com.android.systemui-neutral-TLBr.frro@idmap
05-15 10:51:48.610 621 621 W ResourcesManager: at android.content.res.ApkAssets.nativeLoad(Native Method)
05-15 10:51:48.610 621 621 W ResourcesManager: at android.content.res.ApkAssets.(ApkAssets.java:295)
05-15 10:51:48.610 621 621 W ResourcesManager: at android.content.res.ApkAssets.loadOverlayFromPath(ApkAssets.java:215)
05-15 10:51:48.610 621 621 W ResourcesManager: at android.app.ResourcesManager.loadApkAssets(ResourcesManager.java:466)
05-15 10:51:48.610 621 621 W ResourcesManager: at android.app.ResourcesManager.access$000(ResourcesManager.java:85)
05-15 10:51:48.610 621 621 W ResourcesManager: at android.app.ResourcesManager$ApkAssetsSupplier.load(ResourcesManager.java:182)
05-15 10:51:48.610 621 621 W ResourcesManager: at android.app.ResourcesManager.createApkAssetsSupplierNotLocked(ResourcesManager.java:1035)
05-15 10:51:48.610 621 621 W ResourcesManager: at android.app.ResourcesManager.getResources(ResourcesManager.java:1156)
05-15 10:51:48.610 621 621 W ResourcesManager: at android.app.ActivityThread.getTopLevelResources(ActivityThread.java:2415)
05-15 10:51:48.610 621 621 W ResourcesManager: at android.app.ApplicationPackageManager.getResourcesForApplication(ApplicationPackageManager.java:1781)
05-15 10:51:48.610 621 621 W ResourcesManager: at android.app.ApplicationPackageManager.getResourcesForApplication(ApplicationPackageManager.java:1767)
05-15 10:51:48.610 621 621 W ResourcesManager: at android.accessibilityservice.AccessibilityServiceInfo.(AccessibilityServiceInfo.java:635)
05-15 10:51:48.610 621 621 W ResourcesManager: at com.android.server.accessibility.AccessibilityManagerService.readInstalledAccessibilityServiceLocked(AccessibilityManagerService.java:1609)
05-15 10:51:48.610 621 621 W ResourcesManager: at com.android.server.accessibility.AccessibilityManagerService.readConfigurationForUserStateLocked(AccessibilityManagerService.java:2283)
05-15 10:51:48.610 621 621 W ResourcesManager: at com.android.server.accessibility.AccessibilityManagerService.switchUser(AccessibilityManagerService.java:1387)
05-15 10:51:48.610 621 621 W ResourcesManager: at com.android.server.accessibility.AccessibilityManagerService.access$900(AccessibilityManagerService.java:159)
05-15 10:51:48.610 621 621 W ResourcesManager: at com.android.server.accessibility.AccessibilityManagerService$2.onReceive(AccessibilityManagerService.java:593)
05-15 10:51:48.610 621 621 W ResourcesManager: at android.app.LoadedApk$ReceiverDispatcher$Args.lambda$getRunnable$0$LoadedApk$ReceiverDispatcher$Args(LoadedApk.java:1679)
05-15 10:51:48.610 621 621 W ResourcesManager: at android.app.LoadedApk$ReceiverDispatcher$Args$$ExternalSyntheticLambda0.run(Unknown Source:2)
05-15 10:51:48.610 621 621 W ResourcesManager: at android.os.Handler.handleCallback(Handler.java:938)
05-15 10:51:48.610 621 621 W ResourcesManager: at android.os.Handler.dispatchMessage(Handler.java:99)
05-15 10:51:48.610 621 621 W ResourcesManager: at android.os.Looper.loopOnce(Looper.java:201)
05-15 10:51:48.610 621 621 W ResourcesManager: at android.os.Looper.loop(Looper.java:288)
05-15 10:51:48.610 621 621 W ResourcesManager: at com.android.server.SystemServer.run(SystemServer.java:914)
05-15 10:51:48.610 621 621 W ResourcesManager: at com.android.server.SystemServer.main(SystemServer.java:623)
05-15 10:51:48.610 621 621 W ResourcesManager: at java.lang.reflect.Method.invoke(Native Method)
05-15 10:51:48.610 621 621 W ResourcesManager: at com.android.internal.os.RuntimeInit$MethodAndArgsCaller.run(RuntimeInit.java:548)
05-15 10:51:48.610 621 621 W ResourcesManager: at com.android.internal.os.ZygoteInit.main(ZygoteInit.java:981)
05-15 10:51:48.610 439 584 I android.hardware.media.c2@1.1-service: missing struct descriptor #Param::CoreIndex(--004) for field values of struct #Param::CoreIndex(F-12004)
05-15 10:51:48.610 439 584 I C2RKMpiEnc: GopSetter(372): in
05-15 10:51:48.610 621 621 E system_server: Invalid Idmap file: bad magic value (was 0x00000000, expected 0x504d4449)
05-15 10:51:48.610 621 621 E system_server: failed to load IDMAP /data/resource-cache/data@resource-cache@com.android.systemui-accent-b2QH.frro@idmap
05-15 10:51:48.610 439 584 I android.hardware.media.c2@1.1-service: missing struct descriptor #Param::CoreIndex(--1812) for field values of struct #Param::CoreIndex(F-11812)
05-15 10:51:48.610 439 584 I C2RKMpiEnc: PictureQuantizationSetter(380): in
05-15 10:51:48.610 439 584 I C2RKMpiEnc: InputDelaySetter 328 in
05-15 10:51:48.610 621 621 W ResourcesManager: failed to preload asset path '/data/resource-cache/com.android.systemui-accent-b2QH.frro'
05-15 10:51:48.610 621 621 W ResourcesManager: java.io.IOException: Failed to load asset path /data/resource-cache/data@resource-cache@com.android.systemui-accent-b2QH.frro@idmap
05-15 10:51:48.610 621 621 W ResourcesManager: at android.content.res.ApkAssets.nativeLoad(Native Method)
05-15 10:51:48.610 621 621 W ResourcesManager: at android.content.res.ApkAssets.(ApkAssets.java:295)
05-15 10:51:48.610 621 621 W ResourcesManager: at android.content.res.ApkAssets.loadOverlayFromPath(ApkAssets.java:215)
05-15 10:51:48.610 621 621 W ResourcesManager: at android.app.ResourcesManager.loadApkAssets(ResourcesManager.java:466)
05-15 10:51:48.610 621 621 W ResourcesManager: at android.app.ResourcesManager.access$000(ResourcesManager.java:85)
05-15 10:51:48.610 621 621 W ResourcesManager: at android.app.ResourcesManager$ApkAssetsSupplier.load(ResourcesManager.java:182)
05-15 10:51:48.610 621 621 W ResourcesManager: at android.app.ResourcesManager.createApkAssetsSupplierNotLocked(ResourcesManager.java:1035)
05-15 10:51:48.610 621 621 W ResourcesManager: at android.app.ResourcesManager.getResources(ResourcesManager.java:1156)
05-15 10:51:48.610 621 621 W ResourcesManager: at android.app.ActivityThread.getTopLevelResources(ActivityThread.java:2415)
05-15 10:51:48.610 621 621 W ResourcesManager: at android.app.ApplicationPackageManager.getResourcesForApplication(ApplicationPackageManager.java:1781)
05-15 10:51:48.610 621 621 W ResourcesManager: at android.app.ApplicationPackageManager.getResourcesForApplication(ApplicationPackageManager.java:1767)
05-15 10:51:48.610 621 621 W ResourcesManager: at android.accessibilityservice.AccessibilityServiceInfo.(AccessibilityServiceInfo.java:635)
05-15 10:51:48.610 621 621 W ResourcesManager: at com.android.server.accessibility.AccessibilityManagerService.readInstalledAccessibilityServiceLocked(AccessibilityManagerService.java:1609)
05-15 10:51:48.610 621 621 W ResourcesManager: at com.android.server.accessibility.AccessibilityManagerService.readConfigurationForUserStateLocked(AccessibilityManagerService.java:2283)
05-15 10:51:48.610 621 621 W ResourcesManager: at com.android.server.accessibility.AccessibilityManagerService.switchUser(AccessibilityManagerService.java:1387)
05-15 10:51:48.610 621 621 W ResourcesManager: at com.android.server.accessibility.AccessibilityManagerService.access$900(AccessibilityManagerService.java:159)
05-15 10:51:48.610 621 621 W ResourcesManager: at com.android.server.accessibility.AccessibilityManagerService$2.onReceive(AccessibilityManagerService.java:593)
05-15 10:51:48.610 621 621 W ResourcesManager: at android.app.LoadedApk$ReceiverDispatcher$Args.lambda$getRunnable$0$LoadedApk$ReceiverDispatcher$Args(LoadedApk.java:1679)
05-15 10:51:48.610 621 621 W ResourcesManager: at android.app.LoadedApk$ReceiverDispatcher$Args$$ExternalSyntheticLambda0.run(Unknown Source:2)
05-15 10:51:48.610 621 621 W ResourcesManager: at android.os.Handler.handleCallback(Handler.java:938)
05-15 10:51:48.610 621 621 W ResourcesManager: at android.os.Handler.dispatchMessage(Handler.java:99)
05-15 10:51:48.610 621 621 W ResourcesManager: at android.os.Looper.loopOnce(Looper.java:201)
05-15 10:51:48.610 621 621 W ResourcesManager: at android.os.Looper.loop(Looper.java:288)
05-15 10:51:48.610 621 621 W ResourcesManager: at com.android.server.SystemServer.run(SystemServer.java:914)
05-15 10:51:48.610 621 621 W ResourcesManager: at com.android.server.SystemServer.main(SystemServer.java:623)
05-15 10:51:48.610 621 621 W ResourcesManager: at java.lang.reflect.Method.invoke(Native Method)
05-15 10:51:48.610 621 621 W ResourcesManager: at com.android.internal.os.RuntimeInit$MethodAndArgsCaller.run(RuntimeInit.java:548)
05-15 10:51:48.610 621 621 W ResourcesManager: at com.android.internal.os.ZygoteInit.main(ZygoteInit.java:981)
05-15 10:51:48.610 439 584 I C2RKMpiEnc: LayeringSetter(634): in
05-15 10:51:48.611 925 925 D TelephonyProvider: dbh.onOpen: ok, queried table=siminfo
05-15 10:51:48.611 516 603 I mediaserver: adding type 'video/avc'
05-15 10:51:48.611 621 621 D AccessibilityManagerService: Ignoring non-encryption-aware service ComponentInfo{com.sohu.inputmethod.sogou/com.sohu.inputmethod.flx.quicktype.QuickAccessibilityService}
05-15 10:51:48.611 925 925 D TelephonyProvider: dbh.onOpen: ok, queried table=carriers
05-15 10:51:48.612 439 439 I C2RKComponentFactory: DestroyRKCodec2Factory(57): in
05-15 10:51:48.612 439 584 I C2RKComponentFactory: CreateRKCodec2Factory(29): in version:commit d91fb748e2e44bc2ffeb7167205e2fabe5a0f185 build: 2023-11-16 18:47:24 running on rk3588s_s
05-15 10:51:48.614 925 925 D SubscriptionController: [SubscriptionController] init by Context
05-15 10:51:48.614 516 603 I mediaserver: adding type 'video/3gpp'
05-15 10:51:48.614 925 925 I PhoneFactory: Creating Phone with type = 1 phoneId = 0
05-15 10:51:48.615 925 925 D TelephonyTester: register for intent action=com.android.internal.telephony.action_detached
05-15 10:51:48.615 925 925 D TelephonyTester: register for intent action=com.android.internal.telephony.action_attached
05-15 10:51:48.615 925 925 D TelephonyTester: register for intent action=com.android.internal.telephony.TestServiceState
05-15 10:51:48.615 925 925 D TelephonyTester: register for intent action=com.android.internal.telephony.TestChangeNumber
05-15 10:51:48.615 925 925 D Phone : mDoesRilSendMultipleCallRing=true
05-15 10:51:48.615 439 585 I C2RKComponentFactory: DestroyRKCodec2Factory(57): in
05-15 10:51:48.615 925 925 D Phone : mCallRingDelay=3000
05-15 10:51:48.615 439 584 I C2RKComponentFactory: CreateRKCodec2Factory(29): in version:commit d91fb748e2e44bc2ffeb7167205e2fabe5a0f185 build: 2023-11-16 18:47:24 running on rk3588s_s
05-15 10:51:48.616 516 603 I mediaserver: adding type 'video/hevc'
05-15 10:51:48.617 621 621 V NotificationAssistants: enabling notification assistant for 0: ComponentInfo{android.ext.services/android.ext.services.notification.Assistant}
05-15 10:51:48.617 439 584 I C2RKComponentFactory: DestroyRKCodec2Factory(57): in
05-15 10:51:48.617 621 621 V NotificationAssistants: binding: Intent { act=android.service.notification.NotificationAssistantService cmp=android.ext.services/.notification.Assistant (has extras) }
05-15 10:51:48.618 621 669 E AppHibernationService: Attempt to call isHibernatingForUser on stopped or nonexistent user 0
05-15 10:51:48.618 439 439 I C2RKComponentFactory: CreateRKCodec2Factory(29): in version:commit d91fb748e2e44bc2ffeb7167205e2fabe5a0f185 build: 2023-11-16 18:47:24 running on rk3588s_s
05-15 10:51:48.619 439 439 I android.hardware.media.c2@1.1-service: missing struct descriptor #Param::CoreIndex(--004) for field values of struct #Param::CoreIndex(F-12004)
05-15 10:51:48.619 439 439 I C2RKMpiEnc: GopSetter(372): in
05-15 10:51:48.619 439 439 I android.hardware.media.c2@1.1-service: missing struct descriptor #Param::CoreIndex(--1812) for field values of struct #Param::CoreIndex(F-11812)
05-15 10:51:48.619 439 439 I C2RKMpiEnc: PictureQuantizationSetter(380): in
05-15 10:51:48.619 439 439 I C2RKMpiEnc: InputDelaySetter 328 in
05-15 10:51:48.619 439 439 I C2RKMpiEnc: LayeringSetter(634): in
05-15 10:51:48.619 439 439 I android.hardware.media.c2@1.1-service: missing struct descriptor #Param::CoreIndex(--004) for field values of struct #Param::CoreIndex(F-12004)
05-15 10:51:48.619 439 439 I C2RKMpiEnc: GopSetter(372): in
05-15 10:51:48.619 439 439 I android.hardware.media.c2@1.1-service: missing struct descriptor #Param::CoreIndex(--1812) for field values of struct #Param::CoreIndex(F-11812)
05-15 10:51:48.619 439 439 I C2RKMpiEnc: PictureQuantizationSetter(380): in
05-15 10:51:48.619 439 439 I C2RKMpiEnc: InputDelaySetter 328 in
05-15 10:51:48.619 439 439 I C2RKMpiEnc: LayeringSetter(634): in
05-15 10:51:48.620 516 603 I mediaserver: adding type 'video/hevc'
05-15 10:51:48.621 439 439 I C2RKComponentFactory: DestroyRKCodec2Factory(57): in
05-15 10:51:48.621 439 1088 I C2RKComponentFactory: CreateRKCodec2Factory(29): in version:commit d91fb748e2e44bc2ffeb7167205e2fabe5a0f185 build: 2023-11-16 18:47:24 running on rk3588s_s
05-15 10:51:48.622 516 603 I mediaserver: adding type 'video/mp4v-es'
05-15 10:51:48.622 621 691 I commit_sys_config_file: [log-files,891]
05-15 10:51:48.623 925 925 D RILJ : [0003]> START_LCE reportIntervalMs = 200 pullMode = true [PHONE0]
05-15 10:51:48.623 439 1088 I C2RKComponentFactory: DestroyRKCodec2Factory(57): in
05-15 10:51:48.623 522 522 D RILC : onRequest: START_LCE datalen=8 request_value:132
05-15 10:51:48.623 439 584 I C2RKComponentFactory: CreateRKCodec2Factory(29): in version:commit d91fb748e2e44bc2ffeb7167205e2fabe5a0f185 build: 2023-11-16 18:47:24 running on rk3588s_s
05-15 10:51:48.624 925 1054 D RILJ : [0003]< START_LCE [255, 0] [PHONE0]
05-15 10:51:48.625 925 925 D SmsDispatchersController: SmsDispatchersController created
05-15 10:51:48.626 925 925 D SMSDispatcher: SMSDispatcher: ctor mSmsCapable=false format=unknown mSmsSendDisabled=true
05-15 10:51:48.626 516 603 I mediaserver: adding type 'video/mpeg2'
05-15 10:51:48.626 925 925 D SMSDispatcher: SMSDispatcher: ctor mSmsCapable=false format=3gpp2 mSmsSendDisabled=true
05-15 10:51:48.626 925 925 D CdmaSMSDispatcher: CdmaSMSDispatcher created
05-15 10:51:48.627 439 584 I C2RKComponentFactory: DestroyRKCodec2Factory(57): in
05-15 10:51:48.627 439 585 I C2RKComponentFactory: CreateRKCodec2Factory(29): in version:commit d91fb748e2e44bc2ffeb7167205e2fabe5a0f185 build: 2023-11-16 18:47:24 running on rk3588s_s
05-15 10:51:48.627 516 603 I mediaserver: adding type 'video/x-vnd.on2.vp8'
05-15 10:51:48.628 439 584 I C2RKComponentFactory: CreateRKCodec2Factory(29): in version:commit d91fb748e2e44bc2ffeb7167205e2fabe5a0f185 build: 2023-11-16 18:47:24 running on rk3588s_s
05-15 10:51:48.628 439 1090 I C2RKComponentFactory: DestroyRKCodec2Factory(57): in
05-15 10:51:48.628 516 603 I mediaserver: adding type 'video/x-vnd.on2.vp9'
05-15 10:51:48.629 439 584 I C2RKComponentFactory: DestroyRKCodec2Factory(57): in
05-15 10:51:48.629 621 635 I am_uid_running: 10081
05-15 10:51:48.629 621 669 E AppHibernationService: Attempt to call isHibernatingForUser on stopped or nonexistent user 0
05-15 10:51:48.630 925 925 D CellBroadcastServiceManager: CellBroadcastServiceManager created for phone 0
05-15 10:51:48.630 516 603 I mediaserver: adding type 'audio/mp4a-latm'
05-15 10:51:48.630 925 925 D GsmInboundSmsHandler: created InboundSmsHandler
05-15 10:51:48.631 925 925 E CellBroadcastServiceManager: getCellBroadcastServicePackageName: found 0 CBS packages
05-15 10:51:48.631 925 925 E CellBroadcastServiceManager: getCellBroadcastServicePackageName: package name not found
05-15 10:51:48.631 925 925 E CellBroadcastServiceManager: Unable to bind service; no cell broadcast service found
05-15 10:51:48.632 925 1091 D GsmInboundSmsHandler: StartupState.enter: entering StartupState
05-15 10:51:48.634 418 418 I netd : trafficSwapActiveStatsMap() <37.45ms>
05-15 10:51:48.634 516 603 I mediaserver: adding type 'audio/mp4a-latm'
05-15 10:51:48.635 418 418 I netd : tetherGetStats() -> {[]} <0.53ms>
05-15 10:51:48.636 516 603 I mediaserver: adding type 'audio/3gpp'
05-15 10:51:48.636 621 646 I netstats_mobile_sample: [0,0,0,0,0,0,0,0,0,0,0,0,1747277508636]
05-15 10:51:48.636 621 646 I netstats_wifi_sample: [0,0,0,0,0,0,0,0,0,0,0,0,1747277508636]
05-15 10:51:48.637 621 669 E AppHibernationService: Attempt to call isHibernatingForUser on stopped or nonexistent user 0
05-15 10:51:48.639 516 603 I mediaserver: adding type 'audio/3gpp'
05-15 10:51:48.639 419 419 D Zygote : Forked child process 1094
