05-15 10:51:48.052 621 621 E system_server: failed to load IDMAP /data/resource-cache/data@resource-cache@com.android.systemui-accent-b2QH.frro@idmap
05-15 10:51:48.052 621 621 W ResourcesManager: failed to add overlay path '/data/resource-cache/com.android.systemui-accent-b2QH.frro'
05-15 10:51:48.052 621 621 W ResourcesManager: java.io.IOException: Failed to load asset path /data/resource-cache/data@resource-cache@com.android.systemui-accent-b2QH.frro@idmap
05-15 10:51:48.052 621 621 W ResourcesManager: at android.content.res.ApkAssets.nativeLoad(Native Method)
05-15 10:51:48.052 621 621 W ResourcesManager: at android.content.res.ApkAssets.(ApkAssets.java:295)
05-15 10:51:48.052 621 621 W ResourcesManager: at android.content.res.ApkAssets.loadOverlayFromPath(ApkAssets.java:215)
05-15 10:51:48.052 621 621 W ResourcesManager: at android.app.ResourcesManager.loadApkAssets(ResourcesManager.java:466)
05-15 10:51:48.052 621 621 W ResourcesManager: at android.app.ResourcesManager.access$000(ResourcesManager.java:85)
05-15 10:51:48.052 621 621 W ResourcesManager: at android.app.ResourcesManager$ApkAssetsSupplier.load(ResourcesManager.java:182)
05-15 10:51:48.052 621 621 W ResourcesManager: at android.app.ResourcesManager.createAssetManager(ResourcesManager.java:544)
05-15 10:51:48.052 621 621 W ResourcesManager: at android.app.ResourcesManager.createResourcesImpl(ResourcesManager.java:626)
05-15 10:51:48.052 621 621 W ResourcesManager: at android.app.ResourcesManager.findOrCreateResourcesImplForKeyLocked(ResourcesManager.java:719)
05-15 10:51:48.052 621 621 W ResourcesManager: at android.app.ResourcesManager.createResources(ResourcesManager.java:1066)
05-15 10:51:48.052 621 621 W ResourcesManager: at android.app.ResourcesManager.getResources(ResourcesManager.java:1169)
05-15 10:51:48.052 621 621 W ResourcesManager: at android.app.ContextImpl.createResources(ContextImpl.java:2463)
05-15 10:51:48.052 621 621 W ResourcesManager: at android.app.ContextImpl.createPackageContextAsUser(ContextImpl.java:2533)
05-15 10:51:48.052 621 621 W ResourcesManager: at com.android.internal.policy.AttributeCache.get(AttributeCache.java:139)
05-15 10:51:48.052 621 621 W ResourcesManager: at com.android.server.wm.ActivityRecord.(ActivityRecord.java:1713)
05-15 10:51:48.052 621 621 W ResourcesManager: at com.android.server.wm.ActivityRecord.(ActivityRecord.java:375)
05-15 10:51:48.052 621 621 W ResourcesManager: at com.android.server.wm.ActivityRecord$Builder.build(ActivityRecord.java:9542)
05-15 10:51:48.052 621 621 W ResourcesManager: at com.android.server.wm.ActivityStarter.executeRequest(ActivityStarter.java:1162)
05-15 10:51:48.052 621 621 W ResourcesManager: at com.android.server.wm.ActivityStarter.execute(ActivityStarter.java:672)
05-15 10:51:48.052 621 621 W ResourcesManager: at com.android.server.wm.ActivityStartController.startHomeActivity(ActivityStartController.java:179)
05-15 10:51:48.052 621 621 W ResourcesManager: at com.android.server.wm.RootWindowContainer.startHomeOnTaskDisplayArea(RootWindowContainer.java:1572)
05-15 10:51:48.052 621 621 W ResourcesManager: at com.android.server.wm.RootWindowContainer.lambda$startHomeOnDisplay$12$RootWindowContainer(RootWindowContainer.java:1513)
05-15 10:51:48.052 621 621 W ResourcesManager: at com.android.server.wm.RootWindowContainer$$ExternalSyntheticLambda10.apply(Unknown Source:16)
05-15 10:51:48.052 621 621 W ResourcesManager: at com.android.server.wm.TaskDisplayArea.reduceOnAllTaskDisplayAreas(TaskDisplayArea.java:561)
05-15 10:51:48.052 621 621 W ResourcesManager: at com.android.server.wm.DisplayArea.reduceOnAllTaskDisplayAreas(DisplayArea.java:392)
05-15 10:51:48.052 621 621 W ResourcesManager: at com.android.server.wm.DisplayArea.reduceOnAllTaskDisplayAreas(DisplayArea.java:392)
05-15 10:51:48.052 621 621 W ResourcesManager: at com.android.server.wm.DisplayArea.reduceOnAllTaskDisplayAreas(DisplayArea.java:392)
05-15 10:51:48.052 621 621 W ResourcesManager: at com.android.server.wm.DisplayArea.reduceOnAllTaskDisplayAreas(DisplayArea.java:392)
05-15 10:51:48.052 621 621 W ResourcesManager: at com.android.server.wm.DisplayArea.reduceOnAllTaskDisplayAreas(DisplayArea.java:392)
05-15 10:51:48.052 621 621 W ResourcesManager: at com.android.server.wm.WindowContainer.reduceOnAllTaskDisplayAreas(WindowContainer.java:2069)
05-15 10:51:48.052 621 621 W ResourcesManager: at com.android.server.wm.RootWindowContainer.startHomeOnDisplay(RootWindowContainer.java:1512)
05-15 10:51:48.052 621 621 W ResourcesManager: at com.android.server.wm.RootWindowContainer.startHomeOnDisplay(RootWindowContainer.java:1499)
05-15 10:51:48.052 621 621 W ResourcesManager: at com.android.server.wm.RootWindowContainer.startHomeOnAllDisplays(RootWindowContainer.java:1484)
05-15 10:51:48.052 621 621 W ResourcesManager: at com.android.server.wm.ActivityTaskManagerService$LocalService.startHomeOnAllDisplays(ActivityTaskManagerService.java:5846)
05-15 10:51:48.052 621 621 W ResourcesManager: at com.android.server.am.ActivityManagerService.systemReady(ActivityManagerService.java:7714)
05-15 10:51:48.052 621 621 W ResourcesManager: at com.android.server.SystemServer.startOtherServices(SystemServer.java:2735)
05-15 10:51:48.052 621 621 W ResourcesManager: at com.android.server.SystemServer.run(SystemServer.java:890)
05-15 10:51:48.052 621 621 W ResourcesManager: at com.android.server.SystemServer.main(SystemServer.java:623)
05-15 10:51:48.052 621 621 W ResourcesManager: at java.lang.reflect.Method.invoke(Native Method)
05-15 10:51:48.052 621 621 W ResourcesManager: at com.android.internal.os.RuntimeInit$MethodAndArgsCaller.run(RuntimeInit.java:548)
05-15 10:51:48.052 621 621 W ResourcesManager: at com.android.internal.os.ZygoteInit.main(ZygoteInit.java:981)
05-15 10:51:48.054 621 621 I wm_task_created: [2,-1]
05-15 10:51:48.054 621 621 I wm_task_moved: [2,1,2147483647]
05-15 10:51:48.054 777 777 E ndroid.systemu: Invalid Idmap file: bad magic value (was 0x00000000, expected 0x504d4449)
05-15 10:51:48.055 777 777 E ndroid.systemu: failed to load IDMAP /data/resource-cache/data@resource-cache@com.android.systemui-neutral-TLBr.frro@idmap
05-15 10:51:48.055 777 777 W ResourcesManager: failed to preload asset path '/data/resource-cache/com.android.systemui-neutral-TLBr.frro'
05-15 10:51:48.055 777 777 W ResourcesManager: java.io.IOException: Failed to load asset path /data/resource-cache/data@resource-cache@com.android.systemui-neutral-TLBr.frro@idmap
05-15 10:51:48.055 777 777 W ResourcesManager: at android.content.res.ApkAssets.nativeLoad(Native Method)
05-15 10:51:48.055 777 777 W ResourcesManager: at android.content.res.ApkAssets.(ApkAssets.java:295)
05-15 10:51:48.055 777 777 W ResourcesManager: at android.content.res.ApkAssets.loadOverlayFromPath(ApkAssets.java:215)
05-15 10:51:48.055 777 777 W ResourcesManager: at android.app.ResourcesManager.loadApkAssets(ResourcesManager.java:466)
05-15 10:51:48.055 777 777 W ResourcesManager: at android.app.ResourcesManager.access$000(ResourcesManager.java:85)
05-15 10:51:48.055 777 777 W ResourcesManager: at android.app.ResourcesManager$ApkAssetsSupplier.load(ResourcesManager.java:182)
05-15 10:51:48.055 777 777 W ResourcesManager: at android.app.ResourcesManager.createApkAssetsSupplierNotLocked(ResourcesManager.java:1035)
05-15 10:51:48.055 777 777 W ResourcesManager: at android.app.ResourcesManager.getResources(ResourcesManager.java:1156)
05-15 10:51:48.055 777 777 W ResourcesManager: at android.app.LoadedApk.getResources(LoadedApk.java:1307)
05-15 10:51:48.055 777 777 W ResourcesManager: at android.app.ContextImpl.createAppContext(ContextImpl.java:3036)
05-15 10:51:48.055 777 777 W ResourcesManager: at android.app.ContextImpl.createAppContext(ContextImpl.java:3028)
05-15 10:51:48.055 777 777 W ResourcesManager: at android.app.ActivityThread.handleBindApplication(ActivityThread.java:6660)
05-15 10:51:48.055 777 777 W ResourcesManager: at android.app.ActivityThread.access$1500(ActivityThread.java:256)
05-15 10:51:48.055 777 777 W ResourcesManager: at android.app.ActivityThread$H.handleMessage(ActivityThread.java:2091)
05-15 10:51:48.055 777 777 W ResourcesManager: at android.os.Handler.dispatchMessage(Handler.java:106)
05-15 10:51:48.055 777 777 W ResourcesManager: at android.os.Looper.loopOnce(Looper.java:201)
05-15 10:51:48.055 777 777 W ResourcesManager: at android.os.Looper.loop(Looper.java:288)
05-15 10:51:48.055 777 777 W ResourcesManager: at android.app.ActivityThread.main(ActivityThread.java:7870)
05-15 10:51:48.055 777 777 W ResourcesManager: at java.lang.reflect.Method.invoke(Native Method)
05-15 10:51:48.055 777 777 W ResourcesManager: at com.android.internal.os.RuntimeInit$MethodAndArgsCaller.run(RuntimeInit.java:548)
05-15 10:51:48.055 777 777 W ResourcesManager: at com.android.internal.os.ZygoteInit.main(ZygoteInit.java:1003)
05-15 10:51:48.055 777 777 E ndroid.systemu: Invalid Idmap file: bad magic value (was 0x00000000, expected 0x504d4449)
05-15 10:51:48.055 777 777 E ndroid.systemu: failed to load IDMAP /data/resource-cache/data@resource-cache@com.android.systemui-accent-b2QH.frro@idmap
05-15 10:51:48.055 621 621 I wm_task_moved: [1,1,0]
05-15 10:51:48.055 777 777 W ResourcesManager: failed to preload asset path '/data/resource-cache/com.android.systemui-accent-b2QH.frro'
05-15 10:51:48.055 777 777 W ResourcesManager: java.io.IOException: Failed to load asset path /data/resource-cache/data@resource-cache@com.android.systemui-accent-b2QH.frro@idmap
05-15 10:51:48.055 777 777 W ResourcesManager: at android.content.res.ApkAssets.nativeLoad(Native Method)
05-15 10:51:48.055 777 777 W ResourcesManager: at android.content.res.ApkAssets.(ApkAssets.java:295)
05-15 10:51:48.055 777 777 W ResourcesManager: at android.content.res.ApkAssets.loadOverlayFromPath(ApkAssets.java:215)
05-15 10:51:48.055 777 777 W ResourcesManager: at android.app.ResourcesManager.loadApkAssets(ResourcesManager.java:466)
05-15 10:51:48.055 777 777 W ResourcesManager: at android.app.ResourcesManager.access$000(ResourcesManager.java:85)
05-15 10:51:48.055 777 777 W ResourcesManager: at android.app.ResourcesManager$ApkAssetsSupplier.load(ResourcesManager.java:182)
05-15 10:51:48.055 777 777 W ResourcesManager: at android.app.ResourcesManager.createApkAssetsSupplierNotLocked(ResourcesManager.java:1035)
05-15 10:51:48.055 777 777 W ResourcesManager: at android.app.ResourcesManager.getResources(ResourcesManager.java:1156)
05-15 10:51:48.055 777 777 W ResourcesManager: at android.app.LoadedApk.getResources(LoadedApk.java:1307)
05-15 10:51:48.055 777 777 W ResourcesManager: at android.app.ContextImpl.createAppContext(ContextImpl.java:3036)
05-15 10:51:48.055 777 777 W ResourcesManager: at android.app.ContextImpl.createAppContext(ContextImpl.java:3028)
05-15 10:51:48.055 777 777 W ResourcesManager: at android.app.ActivityThread.handleBindApplication(ActivityThread.java:6660)
05-15 10:51:48.055 777 777 W ResourcesManager: at android.app.ActivityThread.access$1500(ActivityThread.java:256)
05-15 10:51:48.055 777 777 W ResourcesManager: at android.app.ActivityThread$H.handleMessage(ActivityThread.java:2091)
05-15 10:51:48.055 777 777 W ResourcesManager: at android.os.Handler.dispatchMessage(Handler.java:106)
05-15 10:51:48.055 777 777 W ResourcesManager: at android.os.Looper.loopOnce(Looper.java:201)
05-15 10:51:48.055 777 777 W ResourcesManager: at android.os.Looper.loop(Looper.java:288)
05-15 10:51:48.055 777 777 W ResourcesManager: at android.app.ActivityThread.main(ActivityThread.java:7870)
05-15 10:51:48.055 777 777 W ResourcesManager: at java.lang.reflect.Method.invoke(Native Method)
05-15 10:51:48.055 777 777 W ResourcesManager: at com.android.internal.os.RuntimeInit$MethodAndArgsCaller.run(RuntimeInit.java:548)
05-15 10:51:48.055 777 777 W ResourcesManager: at com.android.internal.os.ZygoteInit.main(ZygoteInit.java:1003)
05-15 10:51:48.055 621 621 I wm_create_task: [0,2]
05-15 10:51:48.055 621 621 I wm_create_activity: [0,223639685,2,com.android.settings/.FallbackHome,android.intent.action.MAIN,NULL,NULL,276824320]
05-15 10:51:48.055 777 777 E ndroid.systemu: Invalid Idmap file: bad magic value (was 0x00000000, expected 0x504d4449)
05-15 10:51:48.055 777 777 E ndroid.systemu: failed to load IDMAP /data/resource-cache/data@resource-cache@com.android.systemui-neutral-TLBr.frro@idmap
05-15 10:51:48.056 777 777 W ResourcesManager: failed to add overlay path '/data/resource-cache/com.android.systemui-neutral-TLBr.frro'
05-15 10:51:48.056 777 777 W ResourcesManager: java.io.IOException: Failed to load asset path /data/resource-cache/data@resource-cache@com.android.systemui-neutral-TLBr.frro@idmap
05-15 10:51:48.056 777 777 W ResourcesManager: at android.content.res.ApkAssets.nativeLoad(Native Method)
05-15 10:51:48.056 777 777 W ResourcesManager: at android.content.res.ApkAssets.(ApkAssets.java:295)
05-15 10:51:48.056 777 777 W ResourcesManager: at android.content.res.ApkAssets.loadOverlayFromPath(ApkAssets.java:215)
05-15 10:51:48.056 777 777 W ResourcesManager: at android.app.ResourcesManager.loadApkAssets(ResourcesManager.java:466)
05-15 10:51:48.056 777 777 W ResourcesManager: at android.app.ResourcesManager.access$000(ResourcesManager.java:85)
05-15 10:51:48.056 777 777 W ResourcesManager: at android.app.ResourcesManager$ApkAssetsSupplier.load(ResourcesManager.java:182)
05-15 10:51:48.056 777 777 W ResourcesManager: at android.app.ResourcesManager.createAssetManager(ResourcesManager.java:544)
05-15 10:51:48.056 777 777 W ResourcesManager: at android.app.ResourcesManager.createResourcesImpl(ResourcesManager.java:626)
05-15 10:51:48.056 777 777 W ResourcesManager: at android.app.ResourcesManager.findOrCreateResourcesImplForKeyLocked(ResourcesManager.java:719)
05-15 10:51:48.056 777 777 W ResourcesManager: at android.app.ResourcesManager.createResources(ResourcesManager.java:1066)
05-15 10:51:48.056 777 777 W ResourcesManager: at android.app.ResourcesManager.getResources(ResourcesManager.java:1169)
05-15 10:51:48.056 777 777 W ResourcesManager: at android.app.LoadedApk.getResources(LoadedApk.java:1307)
05-15 10:51:48.056 777 777 W ResourcesManager: at android.app.ContextImpl.createAppContext(ContextImpl.java:3036)
05-15 10:51:48.056 777 777 W ResourcesManager: at android.app.ContextImpl.createAppContext(ContextImpl.java:3028)
05-15 10:51:48.056 777 777 W ResourcesManager: at android.app.ActivityThread.handleBindApplication(ActivityThread.java:6660)
05-15 10:51:48.056 777 777 W ResourcesManager: at android.app.ActivityThread.access$1500(ActivityThread.java:256)
05-15 10:51:48.056 777 777 W ResourcesManager: at android.app.ActivityThread$H.handleMessage(ActivityThread.java:2091)
05-15 10:51:48.056 777 777 W ResourcesManager: at android.os.Handler.dispatchMessage(Handler.java:106)
05-15 10:51:48.056 777 777 W ResourcesManager: at android.os.Looper.loopOnce(Looper.java:201)
05-15 10:51:48.056 777 777 W ResourcesManager: at android.os.Looper.loop(Looper.java:288)
05-15 10:51:48.056 777 777 W ResourcesManager: at android.app.ActivityThread.main(ActivityThread.java:7870)
05-15 10:51:48.056 777 777 W ResourcesManager: at java.lang.reflect.Method.invoke(Native Method)
05-15 10:51:48.056 777 777 W ResourcesManager: at com.android.internal.os.RuntimeInit$MethodAndArgsCaller.run(RuntimeInit.java:548)
05-15 10:51:48.056 777 777 W ResourcesManager: at com.android.internal.os.ZygoteInit.main(ZygoteInit.java:1003)
05-15 10:51:48.056 621 621 I wm_task_moved: [1,1,0]
05-15 10:51:48.056 449 449 I PowerAIDL: RK performance_boost skiped during boot!
05-15 10:51:48.056 621 621 I wm_task_moved: [2,1,2147483647]
05-15 10:51:48.056 777 777 E ndroid.systemu: Invalid Idmap file: bad magic value (was 0x00000000, expected 0x504d4449)
05-15 10:51:48.056 621 621 I wm_task_to_front: [0,2]
05-15 10:51:48.056 777 777 E ndroid.systemu: failed to load IDMAP /data/resource-cache/data@resource-cache@com.android.systemui-accent-b2QH.frro@idmap
05-15 10:51:48.056 777 777 W ResourcesManager: failed to add overlay path '/data/resource-cache/com.android.systemui-accent-b2QH.frro'
05-15 10:51:48.056 777 777 W ResourcesManager: java.io.IOException: Failed to load asset path /data/resource-cache/data@resource-cache@com.android.systemui-accent-b2QH.frro@idmap
05-15 10:51:48.056 777 777 W ResourcesManager: at android.content.res.ApkAssets.nativeLoad(Native Method)
05-15 10:51:48.056 777 777 W ResourcesManager: at android.content.res.ApkAssets.(ApkAssets.java:295)
05-15 10:51:48.056 777 777 W ResourcesManager: at android.content.res.ApkAssets.loadOverlayFromPath(ApkAssets.java:215)
05-15 10:51:48.056 777 777 W ResourcesManager: at android.app.ResourcesManager.loadApkAssets(ResourcesManager.java:466)
05-15 10:51:48.056 777 777 W ResourcesManager: at android.app.ResourcesManager.access$000(ResourcesManager.java:85)
05-15 10:51:48.056 777 777 W ResourcesManager: at android.app.ResourcesManager$ApkAssetsSupplier.load(ResourcesManager.java:182)
05-15 10:51:48.056 777 777 W ResourcesManager: at android.app.ResourcesManager.createAssetManager(ResourcesManager.java:544)
05-15 10:51:48.056 777 777 W ResourcesManager: at android.app.ResourcesManager.createResourcesImpl(ResourcesManager.java:626)
05-15 10:51:48.056 777 777 W ResourcesManager: at android.app.ResourcesManager.findOrCreateResourcesImplForKeyLocked(ResourcesManager.java:719)
05-15 10:51:48.056 777 777 W ResourcesManager: at android.app.ResourcesManager.createResources(ResourcesManager.java:1066)
05-15 10:51:48.056 777 777 W ResourcesManager: at android.app.ResourcesManager.getResources(ResourcesManager.java:1169)
05-15 10:51:48.056 777 777 W ResourcesManager: at android.app.LoadedApk.getResources(LoadedApk.java:1307)
05-15 10:51:48.056 777 777 W ResourcesManager: at android.app.ContextImpl.createAppContext(ContextImpl.java:3036)
05-15 10:51:48.056 777 777 W ResourcesManager: at android.app.ContextImpl.createAppContext(ContextImpl.java:3028)
05-15 10:51:48.056 777 777 W ResourcesManager: at android.app.ActivityThread.handleBindApplication(ActivityThread.java:6660)
05-15 10:51:48.056 777 777 W ResourcesManager: at android.app.ActivityThread.access$1500(ActivityThread.java:256)
05-15 10:51:48.056 777 777 W ResourcesManager: at android.app.ActivityThread$H.handleMessage(ActivityThread.java:2091)
05-15 10:51:48.056 777 777 W ResourcesManager: at android.os.Handler.dispatchMessage(Handler.java:106)
05-15 10:51:48.056 777 777 W ResourcesManager: at android.os.Looper.loopOnce(Looper.java:201)
05-15 10:51:48.056 777 777 W ResourcesManager: at android.os.Looper.loop(Looper.java:288)
05-15 10:51:48.056 777 777 W ResourcesManager: at android.app.ActivityThread.main(ActivityThread.java:7870)
05-15 10:51:48.056 777 777 W ResourcesManager: at java.lang.reflect.Method.invoke(Native Method)
05-15 10:51:48.056 777 777 W ResourcesManager: at com.android.internal.os.RuntimeInit$MethodAndArgsCaller.run(RuntimeInit.java:548)
05-15 10:51:48.056 777 777 W ResourcesManager: at com.android.internal.os.ZygoteInit.main(ZygoteInit.java:1003)
05-15 10:51:48.056 621 669 E AppHibernationService: Attempt to call isHibernatingForUser on stopped or nonexistent user 0
05-15 10:51:48.058 777 777 V GraphicsEnvironment: ANGLE Developer option for 'com.android.systemui' set to: 'default'
05-15 10:51:48.058 777 777 V GraphicsEnvironment: ANGLE GameManagerService for com.android.systemui: false
05-15 10:51:48.058 777 777 V GraphicsEnvironment: Neither updatable production driver nor prerelease driver is supported.
05-15 10:51:48.059 777 777 D NetworkSecurityConfig: No Network Security Config specified, using platform default
05-15 10:51:48.059 777 777 D NetworkSecurityConfig: No Network Security Config specified, using platform default
05-15 10:51:48.064 519 589 E OMXNodeInstance: getExtensionIndex(0xef3015f0:google.vp8.decoder, OMX.google.android.index.configureVideoTunnelMode) ERROR: UnsupportedIndex(0x8000101a)
05-15 10:51:48.064 516 603 D MediaCodecInfo: detail feature-tunneled-playback wasn't present to remove
05-15 10:51:48.064 519 589 E OMXNodeInstance: getExtensionIndex(0xef3015f0:google.vp8.decoder, OMX.google.android.index.enableAndroidNativeBuffers) ERROR: UnsupportedIndex(0x8000101a)
05-15 10:51:48.065 516 603 I OMXClient: IOmx service obtained
05-15 10:51:48.065 519 589 I OMXStore: makeComponentInstance(OMX.google.vp9.decoder) in android.hardwar process
05-15 10:51:48.066 777 777 V SystemUIService: SystemUIApplication constructed.
05-15 10:51:48.066 519 589 E OMXNodeInstance: getExtensionIndex(0xef3015f0:google.vp9.decoder, OMX.google.android.index.configureVideoTunnelMode) ERROR: UnsupportedIndex(0x8000101a)
05-15 10:51:48.066 516 603 D MediaCodecInfo: detail feature-tunneled-playback wasn't present to remove
05-15 10:51:48.066 519 589 E OMXNodeInstance: getExtensionIndex(0xef3015f0:google.vp9.decoder, OMX.google.android.index.enableAndroidNativeBuffers) ERROR: UnsupportedIndex(0x8000101a)
05-15 10:51:48.067 777 777 E ndroid.systemu: Invalid Idmap file: bad magic value (was 0x00000000, expected 0x504d4449)
05-15 10:51:48.067 777 777 E ndroid.systemu: failed to load IDMAP /data/resource-cache/data@resource-cache@com.android.systemui-neutral-TLBr.frro@idmap
05-15 10:51:48.067 777 777 W ResourcesManager: failed to preload asset path '/data/resource-cache/com.android.systemui-neutral-TLBr.frro'
05-15 10:51:48.067 777 777 W ResourcesManager: java.io.IOException: Failed to load asset path /data/resource-cache/data@resource-cache@com.android.systemui-neutral-TLBr.frro@idmap
05-15 10:51:48.067 777 777 W ResourcesManager: at android.content.res.ApkAssets.nativeLoad(Native Method)
05-15 10:51:48.067 777 777 W ResourcesManager: at android.content.res.ApkAssets.(ApkAssets.java:295)
05-15 10:51:48.067 777 777 W ResourcesManager: at android.content.res.ApkAssets.loadOverlayFromPath(ApkAssets.java:215)
05-15 10:51:48.067 777 777 W ResourcesManager: at android.app.ResourcesManager.loadApkAssets(ResourcesManager.java:466)
05-15 10:51:48.067 777 777 W ResourcesManager: at android.app.ResourcesManager.access$000(ResourcesManager.java:85)
05-15 10:51:48.067 777 777 W ResourcesManager: at android.app.ResourcesManager$ApkAssetsSupplier.load(ResourcesManager.java:182)
05-15 10:51:48.067 777 777 W ResourcesManager: at android.app.ResourcesManager.createApkAssetsSupplierNotLocked(ResourcesManager.java:1035)
05-15 10:51:48.067 777 777 W ResourcesManager: at android.app.ResourcesManager.getResources(ResourcesManager.java:1156)
05-15 10:51:48.067 777 777 W ResourcesManager: at android.app.ActivityThread.getTopLevelResources(ActivityThread.java:2415)
05-15 10:51:48.067 777 777 W ResourcesManager: at android.app.ApplicationPackageManager.getResourcesForApplication(ApplicationPackageManager.java:1781)
05-15 10:51:48.067 777 777 W ResourcesManager: at android.app.ApplicationPackageManager.getResourcesForApplication(ApplicationPackageManager.java:1767)
05-15 10:51:48.067 777 777 W ResourcesManager: at android.app.ApplicationPackageManager.getXml(ApplicationPackageManager.java:2111)
05-15 10:51:48.067 777 777 W ResourcesManager: at android.content.pm.PackageItemInfo.loadXmlMetaData(PackageItemInfo.java:397)
05-15 10:51:48.067 777 777 W ResourcesManager: at androidx.core.content.FileProvider.parsePathStrategy(FileProvider.java:666)
05-15 10:51:48.067 777 777 W ResourcesManager: at androidx.core.content.FileProvider.getPathStrategy(FileProvider.java:635)
05-15 10:51:48.067 777 777 W ResourcesManager: at androidx.core.content.FileProvider.attachInfo(FileProvider.java:416)
05-15 10:51:48.067 777 777 W ResourcesManager: at android.app.ActivityThread.installProvider(ActivityThread.java:7459)
05-15 10:51:48.067 777 777 W ResourcesManager: at android.app.ActivityThread.installContentProviders(ActivityThread.java:6976)
05-15 10:51:48.067 777 777 W ResourcesManager: at android.app.ActivityThread.handleBindApplication(ActivityThread.java:6747)
05-15 10:51:48.067 777 777 W ResourcesManager: at android.app.ActivityThread.access$1500(ActivityThread.java:256)
05-15 10:51:48.067 777 777 W ResourcesManager: at android.app.ActivityThread$H.handleMessage(ActivityThread.java:2091)
05-15 10:51:48.067 777 777 W ResourcesManager: at android.os.Handler.dispatchMessage(Handler.java:106)
05-15 10:51:48.067 777 777 W ResourcesManager: at android.os.Looper.loopOnce(Looper.java:201)
05-15 10:51:48.067 777 777 W ResourcesManager: at android.os.Looper.loop(Looper.java:288)
05-15 10:51:48.067 777 777 W ResourcesManager: at android.app.ActivityThread.main(ActivityThread.java:7870)
05-15 10:51:48.067 777 777 W ResourcesManager: at java.lang.reflect.Method.invoke(Native Method)
05-15 10:51:48.067 777 777 W ResourcesManager: at com.android.internal.os.RuntimeInit$MethodAndArgsCaller.run(RuntimeInit.java:548)
05-15 10:51:48.067 777 777 W ResourcesManager: at com.android.internal.os.ZygoteInit.main(ZygoteInit.java:1003)
05-15 10:51:48.067 777 777 E ndroid.systemu: Invalid Idmap file: bad magic value (was 0x00000000, expected 0x504d4449)
05-15 10:51:48.067 516 603 I OMXClient: IOmx service obtained
05-15 10:51:48.067 777 777 E ndroid.systemu: failed to load IDMAP /data/resource-cache/data@resource-cache@com.android.systemui-accent-b2QH.frro@idmap
05-15 10:51:48.068 519 589 I OMXStore: makeComponentInstance(OMX.google.h264.encoder) in android.hardwar process
05-15 10:51:48.068 777 777 W ResourcesManager: failed to preload asset path '/data/resource-cache/com.android.systemui-accent-b2QH.frro'
05-15 10:51:48.068 777 777 W ResourcesManager: java.io.IOException: Failed to load asset path /data/resource-cache/data@resource-cache@com.android.systemui-accent-b2QH.frro@idmap
05-15 10:51:48.068 777 777 W ResourcesManager: at android.content.res.ApkAssets.nativeLoad(Native Method)
05-15 10:51:48.068 777 777 W ResourcesManager: at android.content.res.ApkAssets.(ApkAssets.java:295)
05-15 10:51:48.068 777 777 W ResourcesManager: at android.content.res.ApkAssets.loadOverlayFromPath(ApkAssets.java:215)
05-15 10:51:48.068 777 777 W ResourcesManager: at android.app.ResourcesManager.loadApkAssets(ResourcesManager.java:466)
05-15 10:51:48.068 777 777 W ResourcesManager: at android.app.ResourcesManager.access$000(ResourcesManager.java:85)
05-15 10:51:48.068 777 777 W ResourcesManager: at android.app.ResourcesManager$ApkAssetsSupplier.load(ResourcesManager.java:182)
05-15 10:51:48.068 777 777 W ResourcesManager: at android.app.ResourcesManager.createApkAssetsSupplierNotLocked(ResourcesManager.java:1035)
05-15 10:51:48.068 777 777 W ResourcesManager: at android.app.ResourcesManager.getResources(ResourcesManager.java:1156)
05-15 10:51:48.068 777 777 W ResourcesManager: at android.app.ActivityThread.getTopLevelResources(ActivityThread.java:2415)
05-15 10:51:48.068 777 777 W ResourcesManager: at android.app.ApplicationPackageManager.getResourcesForApplication(ApplicationPackageManager.java:1781)
05-15 10:51:48.068 777 777 W ResourcesManager: at android.app.ApplicationPackageManager.getResourcesForApplication(ApplicationPackageManager.java:1767)
05-15 10:51:48.068 777 777 W ResourcesManager: at android.app.ApplicationPackageManager.getXml(ApplicationPackageManager.java:2111)
05-15 10:51:48.068 777 777 W ResourcesManager: at android.content.pm.PackageItemInfo.loadXmlMetaData(PackageItemInfo.java:397)
05-15 10:51:48.068 777 777 W ResourcesManager: at androidx.core.content.FileProvider.parsePathStrategy(FileProvider.java:666)
05-15 10:51:48.068 777 777 W ResourcesManager: at androidx.core.content.FileProvider.getPathStrategy(FileProvider.java:635)
05-15 10:51:48.068 777 777 W ResourcesManager: at androidx.core.content.FileProvider.attachInfo(FileProvider.java:416)
05-15 10:51:48.068 777 777 W ResourcesManager: at android.app.ActivityThread.installProvider(ActivityThread.java:7459)
05-15 10:51:48.068 777 777 W ResourcesManager: at android.app.ActivityThread.installContentProviders(ActivityThread.java:6976)
05-15 10:51:48.068 777 777 W ResourcesManager: at android.app.ActivityThread.handleBindApplication(ActivityThread.java:6747)
05-15 10:51:48.068 777 777 W ResourcesManager: at android.app.ActivityThread.access$1500(ActivityThread.java:256)
05-15 10:51:48.068 777 777 W ResourcesManager: at android.app.ActivityThread$H.handleMessage(ActivityThread.java:2091)
05-15 10:51:48.068 777 777 W ResourcesManager: at android.os.Handler.dispatchMessage(Handler.java:106)
05-15 10:51:48.068 777 777 W ResourcesManager: at android.os.Looper.loopOnce(Looper.java:201)
05-15 10:51:48.068 777 777 W ResourcesManager: at android.os.Looper.loop(Looper.java:288)
05-15 10:51:48.068 777 777 W ResourcesManager: at android.app.ActivityThread.main(ActivityThread.java:7870)
05-15 10:51:48.068 777 777 W ResourcesManager: at java.lang.reflect.Method.invoke(Native Method)
05-15 10:51:48.068 777 777 W ResourcesManager: at com.android.internal.os.RuntimeInit$MethodAndArgsCaller.run(RuntimeInit.java:548)
05-15 10:51:48.068 777 777 W ResourcesManager: at com.android.internal.os.ZygoteInit.main(ZygoteInit.java:1003)
05-15 10:51:48.068 621 890 W StorageManagerService: No primary storage defined yet; hacking together a stub
05-15 10:51:48.071 621 691 E NativeTombstoneManager: Tombstone's UID (1000) not an app, ignoring
05-15 10:51:48.072 621 691 I DropBoxManagerService: add tag=SYSTEM_TOMBSTONE_PROTO isTagEnabled=true flags=0x4
05-15 10:51:48.072 516 603 W OMXUtils: do not know color format 0x7f000789 = 2130708361
05-15 10:51:48.073 516 603 I OMXClient: IOmx service obtained
05-15 10:51:48.073 519 589 I OMXStore: makeComponentInstance(OMX.google.h263.encoder) in android.hardwar process
05-15 10:51:48.077 418 418 I netd : trafficSwapActiveStatsMap() <29.58ms>
05-15 10:51:48.078 418 418 I netd : tetherGetStats() -> {[]} <0.73ms>
05-15 10:51:48.079 519 589 I SoftMPEG4Encoder: Construct SoftMPEG4Encoder
05-15 10:51:48.079 621 646 I netstats_mobile_sample: [0,0,0,0,0,0,0,0,0,0,0,0,1747277508079]
05-15 10:51:48.079 621 646 I netstats_wifi_sample: [0,0,0,0,0,0,0,0,0,0,0,0,1747277508079]
05-15 10:51:48.079 516 603 W OMXUtils: do not know color format 0x7f000789 = 2130708361
05-15 10:51:48.080 519 589 E OMXNodeInstance: getConfig(0xef3015f0:google.h263.encoder, ConfigAndroidIntraRefresh(0x6f60000a)) ERROR: Undefined(0x80001001)
05-15 10:51:48.080 519 589 E OMXNodeInstance: getParameter(0xef3015f0:google.h263.encoder, ParamVideoIntraRefresh(0x6000006)) ERROR: UnsupportedIndex(0x8000101a)
05-15 10:51:48.080 516 603 D MediaCodecInfo: detail feature-frame-parsing wasn't present to remove
05-15 10:51:48.081 516 603 I OMXClient: IOmx service obtained
05-15 10:51:48.081 519 589 I OMXStore: makeComponentInstance(OMX.google.mpeg4.encoder) in android.hardwar process
05-15 10:51:48.081 519 589 I SoftMPEG4Encoder: Construct SoftMPEG4Encoder
05-15 10:51:48.082 516 603 W OMXUtils: do not know color format 0x7f000789 = 2130708361
05-15 10:51:48.082 519 589 E OMXNodeInstance: getConfig(0xef3015f0:google.mpeg4.encoder, ConfigAndroidIntraRefresh(0x6f60000a)) ERROR: Undefined(0x80001001)
05-15 10:51:48.082 519 589 E OMXNodeInstance: getParameter(0xef3015f0:google.mpeg4.encoder, ParamVideoIntraRefresh(0x6000006)) ERROR: UnsupportedIndex(0x8000101a)
05-15 10:51:48.082 516 603 D MediaCodecInfo: detail feature-frame-parsing wasn't present to remove
05-15 10:51:48.083 516 603 I OMXClient: IOmx service obtained
05-15 10:51:48.083 519 589 I OMXStore: makeComponentInstance(OMX.google.vp8.encoder) in android.hardwar process
05-15 10:51:48.088 427 569 W CamPrvdr@2.4-external: deviceAdded: Attempt to init camera device /dev/video2 failed!
05-15 10:51:48.088 427 569 V CamPrvdr@2.4-external: Non-internal v4l device video8 found
05-15 10:51:48.089 516 603 W OMXUtils: do not know color format 0x7f000789 = 2130708361
05-15 10:51:48.090 519 589 E OMXNodeInstance: getConfig(0xef3015f0:google.vp8.encoder, ConfigAndroidIntraRefresh(0x6f60000a)) ERROR: Undefined(0x80001001)
05-15 10:51:48.090 519 519 E OMXNodeInstance: getParameter(0xef3015f0:google.vp8.encoder, ParamVideoIntraRefresh(0x6000006)) ERROR: UnsupportedIndex(0x8000101a)
05-15 10:51:48.090 516 603 D MediaCodecInfo: detail feature-frame-parsing wasn't present to remove
05-15 10:51:48.090 516 603 I mediaserver: Available Codec2 services: "default" "software"
05-15 10:51:53.799 569 569 I gc08a3 7-0031: gc08a3_s_power(1536) on(0)
05-15 10:51:53.800 569 569 I gc08a3 7-0031: gc08a3_g_mbus_config(1722) enter!
05-15 10:51:53.800 569 569 E rockchip-csi2-dphy csi2-dcphy0: csi2_dphy_update_sensor_mbus fail to get dphy param, used default value
05-15 10:51:53.800 569 569 I gc08a3 7-0031: gc08a3_g_mbus_config(1722) enter!
05-15 10:51:53.800 569 569 I gc08a3 7-0031: gc08a3_s_power(1536) on(1)
05-15 10:51:48.093 621 621 I uc_send_user_broadcast: [0,android.intent.action.USER_FOREGROUND]
05-15 10:51:48.093 621 621 I uc_send_user_broadcast: [0,android.intent.action.USER_SWITCHED]
05-15 10:51:48.093 621 669 E AppHibernationService: Attempt to call isHibernatingForUser on stopped or nonexistent user 0
05-15 10:51:48.093 621 702 I am_proc_bound: [0,842,WebViewLoader-arm64-v8a]
05-15 10:51:48.094 621 702 I am_uid_active: 1037
05-15 10:51:48.095 621 648 I dvm_lock_sample: [system_server,1,ActivityManager:procStart,67,ProcessList.java,2175,void com.android.server.am.ProcessList.handleProcessStart(com.android.server.am.ProcessRecord, java.lang.String, int[], int, int, int, java.lang.String, java.lang.String, java.lang.String, long),,0,null,13]
05-15 10:51:48.095 621 648 I am_proc_start: [0,873,10040,cn.eben.secime,added application,cn.eben.secime]
05-15 10:51:48.095 621 648 I ActivityManager: Start proc 873:cn.eben.secime/u0a40 for added application cn.eben.secime
05-15 10:51:48.095 621 636 I am_proc_bound: [0,839,WebViewLoader-armeabi-v7a]
05-15 10:51:48.095 842 842 V WebViewLibraryLoader: RelroFileCreator (64bit = true), package: com.android.webview library: libwebviewchromium.so
05-15 10:51:48.096 621 635 I am_proc_bound: [0,873,cn.eben.secime]
05-15 10:51:48.096 839 839 V WebViewLibraryLoader: RelroFileCreator (64bit = false), package: com.android.webview library: libwebviewchromium.so
05-15 10:51:48.098 621 635 I am_uid_active: 10040
05-15 10:51:48.098 439 585 I C2RKComponentFactory: CreateRKCodec2Factory(29): in version:commit d91fb748e2e44bc2ffeb7167205e2fabe5a0f185 build: 2023-11-16 18:47:24 running on rk3588s_s
05-15 10:51:48.099 439 585 I C2RKComponentFactory: DestroyRKCodec2Factory(57): in
05-15 10:51:48.099 439 585 I C2RKComponentFactory: CreateRKCodec2Factory(29): in version:commit d91fb748e2e44bc2ffeb7167205e2fabe5a0f185 build: 2023-11-16 18:47:24 running on rk3588s_s
05-15 10:51:48.099 439 585 I android.hardware.media.c2@1.1-service: missing struct descriptor #Param::CoreIndex(--004) for field values of struct #Param::CoreIndex(F-12004)
05-15 10:51:48.099 439 585 I C2RKMpiEnc: GopSetter(372): in
05-15 10:51:48.099 439 585 I android.hardware.media.c2@1.1-service: missing struct descriptor #Param::CoreIndex(--1812) for field values of struct #Param::CoreIndex(F-11812)
05-15 10:51:48.099 439 585 I C2RKMpiEnc: PictureQuantizationSetter(380): in
05-15 10:51:48.099 439 585 I C2RKMpiEnc: InputDelaySetter 328 in
05-15 10:51:48.099 439 585 I C2RKMpiEnc: LayeringSetter(634): in
05-15 10:51:48.099 439 585 I C2RKComponentFactory: DestroyRKCodec2Factory(57): in
05-15 10:51:48.100 439 585 I C2RKComponentFactory: CreateRKCodec2Factory(29): in version:commit d91fb748e2e44bc2ffeb7167205e2fabe5a0f185 build: 2023-11-16 18:47:24 running on rk3588s_s
05-15 10:51:48.100 439 585 I C2RKComponentFactory: DestroyRKCodec2Factory(57): in
05-15 10:51:48.100 439 585 I C2RKComponentFactory: CreateRKCodec2Factory(29): in version:commit d91fb748e2e44bc2ffeb7167205e2fabe5a0f185 build: 2023-11-16 18:47:24 running on rk3588s_s
05-15 10:51:48.100 439 585 I C2RKComponentFactory: DestroyRKCodec2Factory(57): in
05-15 10:51:48.100 439 585 I C2RKComponentFactory: CreateRKCodec2Factory(29): in version:commit d91fb748e2e44bc2ffeb7167205e2fabe5a0f185 build: 2023-11-16 18:47:24 running on rk3588s_s
05-15 10:51:48.101 439 585 I android.hardware.media.c2@1.1-service: missing struct descriptor #Param::CoreIndex(--004) for field values of struct #Param::CoreIndex(F-12004)
05-15 10:51:48.101 439 585 I C2RKMpiEnc: GopSetter(372): in
05-15 10:51:48.101 439 585 I android.hardware.media.c2@1.1-service: missing struct descriptor #Param::CoreIndex(--1812) for field values of struct #Param::CoreIndex(F-11812)
05-15 10:51:48.101 439 585 I C2RKMpiEnc: PictureQuantizationSetter(380): in
05-15 10:51:48.101 439 585 I C2RKMpiEnc: InputDelaySetter 328 in
05-15 10:51:48.101 439 585 I C2RKMpiEnc: LayeringSetter(634): in
05-15 10:51:48.101 439 585 I C2RKComponentFactory: DestroyRKCodec2Factory(57): in
05-15 10:51:48.101 621 641 I InputManager: Enabling motion classifier because user switched: feature enabled, long press timeout = 400
05-15 10:51:48.101 439 585 I C2RKComponentFactory: CreateRKCodec2Factory(29): in version:commit d91fb748e2e44bc2ffeb7167205e2fabe5a0f185 build: 2023-11-16 18:47:24 running on rk3588s_s
05-15 10:51:48.101 621 641 I InputClassifier: Enabling motion classifier
05-15 10:51:48.102 439 585 I C2RKComponentFactory: DestroyRKCodec2Factory(57): in
05-15 10:51:48.102 621 727 D ConnectivityService: Got NetworkProvider Messenger for VpnNetworkProvider:0
05-15 10:51:48.102 439 585 I C2RKComponentFactory: CreateRKCodec2Factory(29): in version:commit d91fb748e2e44bc2ffeb7167205e2fabe5a0f185 build: 2023-11-16 18:47:24 running on rk3588s_s
05-15 10:51:48.102 439 585 I C2RKComponentFactory: DestroyRKCodec2Factory(57): in
05-15 10:51:48.102 439 585 I C2RKComponentFactory: CreateRKCodec2Factory(29): in version:commit d91fb748e2e44bc2ffeb7167205e2fabe5a0f185 build: 2023-11-16 18:47:24 running on rk3588s_s
05-15 10:51:48.102 439 585 I C2RKComponentFactory: DestroyRKCodec2Factory(57): in
05-15 10:51:48.102 621 669 E AppHibernationService: Attempt to call isHibernatingForUser on stopped or nonexistent user 0
05-15 10:51:48.102 439 585 I C2RKComponentFactory: CreateRKCodec2Factory(29): in version:commit d91fb748e2e44bc2ffeb7167205e2fabe5a0f185 build: 2023-11-16 18:47:24 running on rk3588s_s
05-15 10:51:48.103 621 669 E AppHibernationService: Attempt to call isHibernatingForUser on stopped or nonexistent user 0
05-15 10:51:48.103 439 585 I C2RKComponentFactory: DestroyRKCodec2Factory(57): in
05-15 10:51:48.103 621 669 E AppHibernationService: Attempt to call isHibernatingForUser on stopped or nonexistent user 0
05-15 10:51:48.103 282 282 I hwservicemanager: getTransport: Cannot find entry android.hardware.input.classifier@1.0::IInputClassifier/default in either framework or device VINTF manifest.
05-15 10:51:48.104 621 907 I InputClassifier: Could not obtain InputClassifier HAL
05-15 10:51:48.104 873 873 D ApplicationLoaders: Returning zygote-cached class loader: /system/framework/android.test.base.jar
05-15 10:51:48.104 873 873 D ApplicationLoaders: Returning zygote-cached class loader: /system/framework/android.hidl.manager-V1.0-java.jar
05-15 10:51:48.104 873 873 D ApplicationLoaders: Returning zygote-cached class loader: /system/framework/android.hidl.base-V1.0-java.jar
05-15 10:51:48.104 621 621 W Looper : Slow delivery took 1581ms main h=android.app.PropertyInvalidatedCache$AutoCorker$1 c=null m=0
05-15 10:51:48.104 419 419 D Zygote : Forked child process 909
05-15 10:51:48.105 621 648 I am_proc_start: [0,909,1068,com.android.se,added application,com.android.se]
05-15 10:51:48.105 621 648 I ActivityManager: Start proc 909:com.android.se/1068 for added application com.android.se
05-15 10:51:48.105 621 691 I commit_sys_config_file: [log-files,374]
05-15 10:51:48.105 621 621 E system_server: Invalid Idmap file: bad magic value (was 0x00000000, expected 0x504d4449)
05-15 10:51:48.105 621 621 E system_server: failed to load IDMAP /data/resource-cache/data@resource-cache@com.android.systemui-neutral-TLBr.frro@idmap
05-15 10:51:48.106 621 621 W ResourcesManager: failed to add overlay path '/data/resource-cache/com.android.systemui-neutral-TLBr.frro'
05-15 10:51:48.106 621 621 W ResourcesManager: java.io.IOException: Failed to load asset path /data/resource-cache/data@resource-cache@com.android.systemui-neutral-TLBr.frro@idmap
05-15 10:51:48.106 621 621 W ResourcesManager: at android.content.res.ApkAssets.nativeLoad(Native Method)
05-15 10:51:48.106 621 621 W ResourcesManager: at android.content.res.ApkAssets.(ApkAssets.java:295)
05-15 10:51:48.106 621 621 W ResourcesManager: at android.content.res.ApkAssets.loadOverlayFromPath(ApkAssets.java:215)
05-15 10:51:48.106 621 621 W ResourcesManager: at android.app.ResourcesManager.loadApkAssets(ResourcesManager.java:466)
05-15 10:51:48.106 621 621 W ResourcesManager: at android.app.ResourcesManager.createAssetManager(ResourcesManager.java:544)
05-15 10:51:48.106 621 621 W ResourcesManager: at android.app.ResourcesManager.createResourcesImpl(ResourcesManager.java:626)
05-15 10:51:48.106 621 621 W ResourcesManager: at android.app.ResourcesManager.findOrCreateResourcesImplForKeyLocked(ResourcesManager.java:719)
05-15 10:51:48.106 621 621 W ResourcesManager: at android.app.ResourcesManager.findOrCreateResourcesImplForKeyLocked(ResourcesManager.java:708)
05-15 10:51:48.106 621 621 W ResourcesManager: at android.app.ResourcesManager.redirectResourcesToNewImplLocked(ResourcesManager.java:1638)
05-15 10:51:48.106 621 621 W ResourcesManager: at android.app.ResourcesManager.applyNewResourceDirsLocked(ResourcesManager.java:1564)
05-15 10:51:48.106 621 621 W ResourcesManager: at android.app.ResourcesManager.applyAllPendingAppInfoUpdates(ResourcesManager.java:1361)
05-15 10:51:48.106 621 621 W ResourcesManager: at android.app.ActivityThread.handleApplicationInfoChanged(ActivityThread.java:6069)
05-15 10:51:48.106 621 621 W ResourcesManager: at android.app.ActivityThread$H.handleMessage(ActivityThread.java:2245)
05-15 10:51:48.106 621 621 W ResourcesManager: at android.os.Handler.dispatchMessage(Handler.java:106)
05-15 10:51:48.106 621 621 W ResourcesManager: at android.os.Looper.loopOnce(Looper.java:201)
05-15 10:51:48.106 621 621 W ResourcesManager: at android.os.Looper.loop(Looper.java:288)
05-15 10:51:48.106 621 621 W ResourcesManager: at com.android.server.SystemServer.run(SystemServer.java:914)
05-15 10:51:48.106 621 621 W ResourcesManager: at com.android.server.SystemServer.main(SystemServer.java:623)
05-15 10:51:48.106 621 621 W ResourcesManager: at java.lang.reflect.Method.invoke(Native Method)
05-15 10:51:48.106 621 621 W ResourcesManager: at com.android.internal.os.RuntimeInit$MethodAndArgsCaller.run(RuntimeInit.java:548)
05-15 10:51:48.106 621 621 W ResourcesManager: at com.android.internal.os.ZygoteInit.main(ZygoteInit.java:981)
05-15 10:51:48.106 621 621 E system_server: Invalid Idmap file: bad magic value (was 0x00000000, expected 0x504d4449)
05-15 10:51:48.106 621 621 E system_server: failed to load IDMAP /data/resource-cache/data@resource-cache@com.android.systemui-accent-b2QH.frro@idmap
05-15 10:51:48.106 621 621 W ResourcesManager: failed to add overlay path '/data/resource-cache/com.android.systemui-accent-b2QH.frro'
05-15 10:51:48.106 621 621 W ResourcesManager: java.io.IOException: Failed to load asset path /data/resource-cache/data@resource-cache@com.android.systemui-accent-b2QH.frro@idmap
05-15 10:51:48.106 621 621 W ResourcesManager: at android.content.res.ApkAssets.nativeLoad(Native Method)
05-15 10:51:48.106 621 621 W ResourcesManager: at android.content.res.ApkAssets.(ApkAssets.java:295)
05-15 10:51:48.106 621 621 W ResourcesManager: at android.content.res.ApkAssets.loadOverlayFromPath(ApkAssets.java:215)
05-15 10:51:48.106 621 621 W ResourcesManager: at android.app.ResourcesManager.loadApkAssets(ResourcesManager.java:466)
05-15 10:51:48.106 621 621 W ResourcesManager: at android.app.ResourcesManager.createAssetManager(ResourcesManager.java:544)
05-15 10:51:48.106 621 621 W ResourcesManager: at android.app.ResourcesManager.createResourcesImpl(ResourcesManager.java:626)
05-15 10:51:48.106 621 621 W ResourcesManager: at android.app.ResourcesManager.findOrCreateResourcesImplForKeyLocked(ResourcesManager.java:719)
05-15 10:51:48.106 621 621 W ResourcesManager: at android.app.ResourcesManager.findOrCreateResourcesImplForKeyLocked(ResourcesManager.java:708)
05-15 10:51:48.106 621 621 W ResourcesManager: at android.app.ResourcesManager.redirectResourcesToNewImplLocked(ResourcesManager.java:1638)
05-15 10:51:48.106 621 621 W ResourcesManager: at android.app.ResourcesManager.applyNewResourceDirsLocked(ResourcesManager.java:1564)
05-15 10:51:48.106 621 621 W ResourcesManager: at android.app.ResourcesManager.applyAllPendingAppInfoUpdates(ResourcesManager.java:1361)
05-15 10:51:48.106 621 621 W ResourcesManager: at android.app.ActivityThread.handleApplicationInfoChanged(ActivityThread.java:6069)
05-15 10:51:48.106 621 621 W ResourcesManager: at android.app.ActivityThread$H.handleMessage(ActivityThread.java:2245)
05-15 10:51:48.106 621 621 W ResourcesManager: at android.os.Handler.dispatchMessage(Handler.java:106)
05-15 10:51:48.106 621 621 W ResourcesManager: at android.os.Looper.loopOnce(Looper.java:201)
05-15 10:51:48.106 621 621 W ResourcesManager: at android.os.Looper.loop(Looper.java:288)
05-15 10:51:48.106 621 621 W ResourcesManager: at com.android.server.SystemServer.run(SystemServer.java:914)
05-15 10:51:48.106 621 621 W ResourcesManager: at com.android.server.SystemServer.main(SystemServer.java:623)
05-15 10:51:48.106 621 621 W ResourcesManager: at java.lang.reflect.Method.invoke(Native Method)
05-15 10:51:48.106 621 621 W ResourcesManager: at com.android.internal.os.RuntimeInit$MethodAndArgsCaller.run(RuntimeInit.java:548)
05-15 10:51:48.106 621 621 W ResourcesManager: at com.android.internal.os.ZygoteInit.main(ZygoteInit.java:981)
05-15 10:51:48.107 621 621 E system_server: Invalid Idmap file: bad magic value (was 0x00000000, expected 0x504d4449)
05-15 10:51:48.107 621 621 E system_server: failed to load IDMAP /data/resource-cache/data@resource-cache@com.android.systemui-neutral-TLBr.frro@idmap
05-15 10:51:48.107 621 621 W ResourcesManager: failed to add overlay path '/data/resource-cache/com.android.systemui-neutral-TLBr.frro'
05-15 10:51:48.107 621 621 W ResourcesManager: java.io.IOException: Failed to load asset path /data/resource-cache/data@resource-cache@com.android.systemui-neutral-TLBr.frro@idmap
05-15 10:51:48.107 621 621 W ResourcesManager: at android.content.res.ApkAssets.nativeLoad(Native Method)
05-15 10:51:48.107 621 621 W ResourcesManager: at android.content.res.ApkAssets.(ApkAssets.java:295)
05-15 10:51:48.107 621 621 W ResourcesManager: at android.content.res.ApkAssets.loadOverlayFromPath(ApkAssets.java:215)
05-15 10:51:48.107 621 621 W ResourcesManager: at android.app.ResourcesManager.loadApkAssets(ResourcesManager.java:466)
05-15 10:51:48.107 621 621 W ResourcesManager: at android.app.ResourcesManager.createAssetManager(ResourcesManager.java:544)
05-15 10:51:48.107 621 621 W ResourcesManager: at android.app.ResourcesManager.createResourcesImpl(ResourcesManager.java:626)
05-15 10:51:48.107 621 621 W ResourcesManager: at android.app.ResourcesManager.findOrCreateResourcesImplForKeyLocked(ResourcesManager.java:719)
05-15 10:51:48.107 621 621 W ResourcesManager: at android.app.ResourcesManager.findOrCreateResourcesImplForKeyLocked(ResourcesManager.java:708)
05-15 10:51:48.107 621 621 W ResourcesManager: at android.app.ResourcesManager.updateResourcesForActivity(ResourcesManager.java:1258)
05-15 10:51:48.107 621 621 W ResourcesManager: at android.window.WindowTokenClient.onConfigurationChanged(WindowTokenClient.java:225)
05-15 10:51:48.107 621 621 W ResourcesManager: at android.window.WindowTokenClient.lambda$onConfigurationChanged$1$WindowTokenClient(WindowTokenClient.java:191)
05-15 10:51:48.107 621 621 W ResourcesManager: at android.window.WindowTokenClient$$ExternalSyntheticLambda2.run(Unknown Source:6)
05-15 10:51:48.107 621 621 W ResourcesManager: at android.os.Handler.handleCallback(Handler.java:938)
05-15 10:51:48.107 621 621 W ResourcesManager: at android.os.Handler.dispatchMessage(Handler.java:99)
05-15 10:51:48.107 621 621 W ResourcesManager: at android.os.Looper.loopOnce(Looper.java:201)
05-15 10:51:48.107 621 621 W ResourcesManager: at android.os.Looper.loop(Looper.java:288)
05-15 10:51:48.107 621 621 W ResourcesManager: at com.android.server.SystemServer.run(SystemServer.java:914)
05-15 10:51:48.107 621 621 W ResourcesManager: at com.android.server.SystemServer.main(SystemServer.java:623)
05-15 10:51:48.107 621 621 W ResourcesManager: at java.lang.reflect.Method.invoke(Native Method)
05-15 10:51:48.107 621 621 W ResourcesManager: at com.android.internal.os.RuntimeInit$MethodAndArgsCaller.run(RuntimeInit.java:548)
05-15 10:51:48.107 621 621 W ResourcesManager: at com.android.internal.os.ZygoteInit.main(ZygoteInit.java:981)
05-15 10:51:48.107 621 621 E system_server: Invalid Idmap file: bad magic value (was 0x00000000, expected 0x504d4449)
05-15 10:51:48.107 621 621 E system_server: failed to load IDMAP /data/resource-cache/data@resource-cache@com.android.systemui-accent-b2QH.frro@idmap
05-15 10:51:48.108 621 621 W ResourcesManager: failed to add overlay path '/data/resource-cache/com.android.systemui-accent-b2QH.frro'
05-15 10:51:48.108 621 621 W ResourcesManager: java.io.IOException: Failed to load asset path /data/resource-cache/data@resource-cache@com.android.systemui-accent-b2QH.frro@idmap
05-15 10:51:48.108 621 621 W ResourcesManager: at android.content.res.ApkAssets.nativeLoad(Native Method)
05-15 10:51:48.108 621 621 W ResourcesManager: at android.content.res.ApkAssets.(ApkAssets.java:295)
05-15 10:51:48.108 621 621 W ResourcesManager: at android.content.res.ApkAssets.loadOverlayFromPath(ApkAssets.java:215)
05-15 10:51:48.108 621 621 W ResourcesManager: at android.app.ResourcesManager.loadApkAssets(ResourcesManager.java:466)
05-15 10:51:48.108 621 621 W ResourcesManager: at android.app.ResourcesManager.createAssetManager(ResourcesManager.java:544)
