05-15 10:51:43.783 282 282 I hwservicemanager: getTransport: Cannot find entry android.hardware.usb.gadget@1.0::IUsbGadget/default in either framework or device VINTF manifest.
05-15 10:51:43.784 528 528 I usbd : Usb HAL not found
05-15 10:51:43.790 517 517 I ServiceManager: Waiting for service 'package_native' on '/dev/binder'... --------- beginning of radio
05-15 10:51:43.790 522 522 D RILD : **RIL Daemon Started**
05-15 10:51:43.790 522 522 D RILD : **RILd param count=1**
05-15 10:51:43.790 535 535 I auditd : type=1400 audit(0.0:5): avc: denied { search } for comm="move_widevine_d" name="mediadrm" dev="dm-7" ino=276 scontext=u:r:move-widevine-data-sh:s0 tcontext=u:object_r:mediadrm_vendor_data_file:s0 tclass=dir permissive=0
05-15 10:51:43.790 535 535 W move_widevine_d: type=1400 audit(0.0:5): avc: denied { search } for name="mediadrm" dev="dm-7" ino=276 scontext=u:r:move-widevine-data-sh:s0 tcontext=u:object_r:mediadrm_vendor_data_file:s0 tclass=dir permissive=0
05-15 10:51:43.793 529 529 D android.hardware.biometrics.fingerprint@2.1-service: Opening fingerprint hal library...
05-15 10:51:43.802 521 521 D DrmService: ----------------running drmservice---------------
05-15 10:51:43.802 521 521 E DrmService: rknand_sys_storage open fail
05-15 10:51:43.802 521 521 D DrmService: Get HID data:
05-15 10:51:43.810 541 541 I auditd : type=1400 audit(0.0:6): avc: denied { getattr } for comm="restorecon" path="/data/vendor/mediadrm" dev="dm-7" ino=276 scontext=u:r:move-widevine-data-sh:s0 tcontext=u:object_r:mediadrm_vendor_data_file:s0 tclass=dir permissive=0
05-15 10:51:43.810 541 541 W restorecon: type=1400 audit(0.0:6): avc: denied { getattr } for path="/data/vendor/mediadrm" dev="dm-7" ino=276 scontext=u:r:move-widevine-data-sh:s0 tcontext=u:object_r:mediadrm_vendor_data_file:s0 tclass=dir permissive=0
05-15 10:51:43.810 535 535 I auditd : type=1400 audit(0.0:7): avc: denied { search } for comm="move_widevine_d" name="mediadrm" dev="dm-7" ino=276 scontext=u:r:move-widevine-data-sh:s0 tcontext=u:object_r:mediadrm_vendor_data_file:s0 tclass=dir permissive=0
05-15 10:51:43.810 535 535 W move_widevine_d: type=1400 audit(0.0:7): avc: denied { search } for name="mediadrm" dev="dm-7" ino=276 scontext=u:r:move-widevine-data-sh:s0 tcontext=u:object_r:mediadrm_vendor_data_file:s0 tclass=dir permissive=0
05-15 10:51:43.815 522 522 D RILD : RIL_Init argc = 3 clientId = 0
05-15 10:51:43.815 522 522 D RILC : Quectel RIL Version: Quectel_Android_RIL_Driver_V3.5.14
05-15 10:51:43.815 522 522 D RILC : libquectel-ril build info: HEAD detached from efe28a2 Untracked files: 9c8d86af9dca5af13379d0cee4becd98459661a5 11/24/22_17:11:35
05-15 10:51:43.815 522 522 D RILC : Compiled date: Nov 24 2022 time: 17:11:38
05-15 10:51:43.815 522 522 E RIL_READ_CONF: '/system/etc/ql-ril.conf' not exist.
05-15 10:51:43.821 530 530 D sunwave-vendor.sw.swfingerprint@1.0-service: swfingerprint version:1.0
05-15 10:51:43.822 457 457 I FastMixerState: sMaxFastTracks = 8
05-15 10:51:43.824 518 518 I wificond: wificond is starting up...
05-15 10:51:43.824 457 457 V MediaUtils: physMem: 8037101568
05-15 10:51:43.824 457 457 V MediaUtils: requested limit: 536870912
05-15 10:51:43.824 457 457 I libc : malloc_limit: Allocation limit enabled, max size 536870912 bytes
05-15 10:51:43.824 505 505 I adbd : persist.adb.watchdog set to ''
05-15 10:51:43.824 505 505 I adbd : persist.sys.test_harness set to ''
05-15 10:51:43.824 505 505 I adbd : adb watchdog timeout set to 600 seconds
05-15 10:51:43.824 457 457 I audioserver: ServiceManager: 0xb400006d3d8cf1e0
05-15 10:51:43.824 505 545 I adbd : Waiting for persist.adb.tls_server.enable=1
05-15 10:51:43.825 505 505 I adbd : adbd started
05-15 10:51:43.825 457 457 W BatteryNotifier: batterystats service unavailable!
05-15 10:51:43.825 505 547 I adbd : opening control endpoint /dev/usb-ffs/adb/ep0
05-15 10:51:43.826 518 518 I HidlServiceManagement: Registered android.system.wifi.keystore@1.0::IKeystore/default
05-15 10:51:43.826 514 514 I main_extractorservice: enable media.extractor memory limits
05-15 10:51:43.826 514 514 V MediaUtils: physMem: 8037101568
05-15 10:51:43.826 514 514 V MediaUtils: requested limit: 1607420300
05-15 10:51:43.826 514 514 I libc : malloc_limit: Allocation limit enabled, max size 1607420300 bytes
05-15 10:51:43.827 522 522 D NDK : dhl ql_ndk_init libpath:/apex/com.android.vndk.v32/lib64/libnetutils.so
05-15 10:51:49.536 547 547 I : read descriptors
05-15 10:51:49.536 547 547 I : read strings
05-15 10:51:43.828 522 522 D RILC : t-prop_value is 2
05-15 10:51:43.828 522 522 D RILC : before_dot is 12
05-15 10:51:43.828 522 522 D RILC : [ro.build.version.release]: [12.0]
05-15 10:51:43.828 522 522 D RILC : Android Version: 120, RIL_VERSION: 12 / 12
05-15 10:51:43.828 522 522 E RILC : '/vendor/manifest.xml' not exist.
05-15 10:51:43.828 522 522 D RILC : 1.0
05-15 10:51:43.828 522 522 D RILC : IRadioVersion 1.1
05-15 10:51:43.828 522 522 D RILC : IRadioConfigVersion 1.0
05-15 10:51:43.828 522 522 D RILC : [ro.build.description]: [rk3588s_s-userdebug 12 RK51.220716.001 userdebug.ccl.20250507.190539 release-keys]
05-15 10:51:43.828 522 522 D RILC : [ro.hardware]: [rk30board]
05-15 10:51:43.828 522 522 D RILC : selinux maybe set Enforcing mode, use command getenforce to check
05-15 10:51:43.828 522 522 D RILC : selinux maybe set Enforcing mode, use command "setenforce 0" to disable
05-15 10:51:43.828 522 522 I RILC : clientID = 0
05-15 10:51:43.828 522 522 D RILC : dlopen /vendor/lib64/hw/radio.quectel.module.so failed: dlopen failed: library "/vendor/lib64/hw/radio.quectel.module.so" not found
05-15 10:51:43.828 522 551 I RILC : mainLoop Start
05-15 10:51:43.828 522 522 D RILD : RIL_Init rilInit completed
05-15 10:51:43.828 522 522 I RILC : SIM_COUNT: 1
05-15 10:51:43.828 522 522 E RILC : RIL_register: RIL version 12
05-15 10:51:43.828 522 522 I RILC : s_registerCalled flag set, 1
05-15 10:51:43.828 522 551 D RILU : find_pci_device is 0
05-15 10:51:43.828 522 551 D RILC : PCI can't find at device
05-15 10:51:43.828 522 522 D RILC : registerService: starting android::hardware::radio::V1_1::IRadio slot1
05-15 10:51:43.829 522 551 D RILC : USB can't find at device
05-15 10:51:43.829 522 522 I HidlServiceManagement: Registered android.hardware.radio@1.1::IRadio/slot1
05-15 10:51:43.830 522 522 I RILC : RILHIDL called registerService
05-15 10:51:43.830 522 522 D RILD : RIL_Init RIL_register completed
05-15 10:51:43.830 522 522 D RILD : RIL_register_socket started
05-15 10:51:43.830 522 522 D RIL_UIM_SOCKET: Adding socket with id: 0
05-15 10:51:43.830 522 522 I RILC : RIL_register_socket: calling registerService
05-15 10:51:43.830 522 522 D RIL_SAP : registerService: starting ISap slot1 for slotId 0
05-15 10:51:43.830 522 522 I HidlServiceManagement: Registered android.hardware.radio@1.1::ISap/slot1
05-15 10:51:43.830 522 522 D RIL_SAP : registerService: started ISap slot1 status 0
05-15 10:51:43.830 522 522 D RILD : RIL_register_socket completed
05-15 10:51:43.834 527 527 I gatekeeperd: Starting gatekeeperd...
05-15 10:51:43.838 529 529 I 529 529 [sunwave-hal] : (2517) cache file has loaded.
05-15 10:51:43.838 529 529 I 529 529 [sunwave-hal] : (2390) current system version is android 8
05-15 10:51:43.838 529 529 I 529 529 [sunwave-hal] : (2391) version:v1.3.18.11.3-Dec 10 2021
05-15 10:51:43.838 529 529 I 529 529 [sunwave-config] : (1356) using defaults.
05-15 10:51:43.838 529 529 I 529 529 [sunwave-config] : (1358) cover defaults with customer
05-15 10:51:43.838 529 529 I 529 529 [sunwave-util] : (201) Found '/vendor/etc/sw_config.xml'
05-15 10:51:43.838 530 553 D Sunwave : vndbinder_thread enter
05-15 10:51:43.838 530 530 D Sunwave : Swfingerprint leave
05-15 10:51:43.839 530 530 I HidlServiceManagement: Registered vendor.sw.swfingerprint@1.0::ISwfingerprint/default
05-15 10:51:43.839 530 530 I HidlServiceManagement: Removing namespace from process name vendor.sw.swfingerprint@1.0-service to swfingerprint@1.0-service.
05-15 10:51:43.839 530 530 I sunwave-vendor.sw.swfingerprint@1.0-service: Registration complete for vendor.sw.swfingerprint@1.0::ISwfingerprint/default.
05-15 10:51:43.839 506 506 E bootstat: Failed to read /metadata/bootstat/persist.sys.boot.reason: No such file or directory
05-15 10:51:43.839 506 506 I bootstat: Value of persist.sys.boot.reason :
05-15 10:51:43.839 506 506 I bootstat: Normalized last reboot reason : kernel_panic,null
05-15 10:51:43.841 529 529 I 529 529 [sunwave-config] : (170) feature is configuring......
05-15 10:51:43.841 529 529 I 529 529 [sunwave-config] : (501) algo is NULL.
05-15 10:51:43.841 529 529 I 529 529 [sunwave-config] : (515) device is configuring......
05-15 10:51:43.841 529 529 I 529 529 [sunwave-config] : (829) sensor is NULL.
05-15 10:51:43.841 529 529 I 529 529 [sunwave-config] : (867) driver is NULL.
05-15 10:51:43.841 529 529 I 529 529 [sunwave-config] : (1037) navigation is NULL.
05-15 10:51:43.841 529 529 I 529 529 [sunwave-config] : (1068) diagnosis is NULL.
05-15 10:51:43.841 529 529 I 529 529 [sunwave-config] : (1142) solution is NULL.
05-15 10:51:43.841 529 529 I 529 529 [sunwave-config] : (1193) customer is NULL.
05-15 10:51:43.841 529 529 I 529 529 [sunwave-config] : (1416) feature.key_emulation_mode : 2
05-15 10:51:43.841 529 529 I 529 529 [sunwave-config] : (1417) feature.navigation : off
05-15 10:51:43.841 529 529 I 529 529 [sunwave-config] : (1418) feature.esd_mode : ESD_MODE_1_TRIGGER
05-15 10:51:43.841 529 529 I 529 529 [sunwave-config] : (1419) feature.esd_poweroff : off
05-15 10:51:43.841 529 529 I 529 529 [sunwave-config] : (1420) feature.self_learning : on
05-15 10:51:43.841 529 529 I 529 529 [sunwave-config] : (1421) feature.unique_finger : on
05-15 10:51:43.841 529 529 I 529 529 [sunwave-config] : (1422) feature.reconnect_ta : off
05-15 10:51:43.841 529 529 I 529 529 [sunwave-config] : (1423) feature.screenoff_disverify : off
05-15 10:51:43.841 529 529 I 529 529 [sunwave-config] : (1424) feature.screenoff_diskey : off
05-15 10:51:43.841 529 529 I 529 529 [sunwave-config] : (1425) feature.auth_key : off
05-15 10:51:43.841 529 529 I 529 529 [sunwave-config] : (1426) feature.reset_on_screen_off : off
05-15 10:51:43.841 529 529 I 529 529 [sunwave-config] : (1427) feature.material_check : off
05-15 10:51:43.841 529 529 I 529 529 [sunwave-config] : (1428) feature.dead_pixel_fix : on
05-15 10:51:43.841 529 529 I 529 529 [sunwave-config] : (1429) feature.charging_fix : on
05-15 10:51:43.841 529 529 I 529 529 [sunwave-config] : (1430) feature.stabilization : on
05-15 10:51:43.841 529 529 I 529 529 [sunwave-config] : (1432) feature.multi_hal : off
05-15 10:51:43.841 529 529 I 529 529 [sunwave-config] : (1433) feature.screen_msg_customer : off
05-15 10:51:43.841 529 529 I 529 529 [sunwave-config] : (1440) algo.enrolling_samples auto calculate
05-15 10:51:43.841 529 529 I 529 529 [sunwave-config] : (1443) algo.max_fingers_per_user : 5
05-15 10:51:43.841 529 529 I 529 529 [sunwave-config] : (1444) algo.double_verify_retry : 1
05-15 10:51:43.841 529 529 I 529 529 [sunwave-config] : (1445) algo.img_quality_score : 30
05-15 10:51:43.841 529 529 I 529 529 [sunwave-config] : (1446) algo.img_area_percentage : 60
05-15 10:51:43.841 529 529 I 529 529 [sunwave-config] : (1447) algo.charging_fix_depth : 1
05-15 10:51:43.841 529 529 I 529 529 [sunwave-config] : (1448) algo.self_calibrate_8201 : off
05-15 10:51:43.841 529 529 I 529 529 [sunwave-config] : (1456) algo.RS_8231 : on
05-15 10:51:43.841 529 529 I 529 529 [sunwave-config] : (1457) algo.RS_8241 : on
05-15 10:51:43.841 529 529 I 529 529 [sunwave-config] : (1458) algo.RS_8271 : on
05-15 10:51:43.841 529 529 I 529 529 [sunwave-config] : (1459) algo.overlay_adaptive_en : off
05-15 10:51:43.841 529 529 I 529 529 [sunwave-config] : (1460) algo.judge_fake_finger : off
05-15 10:51:43.841 529 529 I 529 529 [sunwave-config] : (1468) algo.del_k_in_no_tplt : on
05-15 10:51:43.841 529 529 I 529 529 [sunwave-config] : (1469) algo.optimize_frr_level : 0
05-15 10:51:43.841 529 529 I 529 529 [sunwave-config] : (1471) device.vdd : 2.8V
05-15 10:51:43.841 529 529 I 529 529 [sunwave-config] : (1472) device.int_mode : 0
05-15 10:51:43.841 529 529 I 529 529 [sunwave-config] : (1473) device.first_enroll_diskey : on
05-15 10:51:43.841 529 529 I 529 529 [sunwave-config] : (1474) device.key_code : 1
05-15 10:51:43.841 529 529 I 529 529 [sunwave-config] : (1475) device.spi_speed_inc_KHz : 0
05-15 10:51:43.841 529 529 I 529 529 [sunwave-config] : (1476) device.event_home_key : /dev/input/event4
05-15 10:51:43.841 529 529 I 529 529 [sunwave-config] : (1477) device.event_pwr_key : /dev/input/event0
05-15 10:51:43.841 529 529 I 529 529 [sunwave-config] : (1479) sensor.sensitivity_r_8201 : 0x06
05-15 10:51:43.841 529 529 I 529 529 [sunwave-config] : (1480) sensor.sensitivity_c_8201 : 0x0c
05-15 10:51:43.841 529 529 I 529 529 [sunwave-config] : (1481) sensor.sensitivity_8221 : 0x18
05-15 10:51:43.841 529 529 I 529 529 [sunwave-config] : (1482) sensor.sensitivity_8202 : 0x18
05-15 10:51:43.841 529 529 I 529 529 [sunwave-config] : (1483) sensor.sensitivity_8205 : 0x18
05-15 10:51:43.841 529 529 I 529 529 [sunwave-config] : (1484) sensor.sensitivity_8231 : 0x0a
05-15 10:51:43.841 529 529 I 529 529 [sunwave-config] : (1485) sensor.sensitivity_8241 : 0x06
05-15 10:51:43.841 529 529 I 529 529 [sunwave-config] : (1486) sensor.sensitivity_8271 : 0x0c
05-15 10:51:43.841 529 529 I 529 529 [sunwave-config] : (1487) sensor.sensitivity_8273 : 0x0c
05-15 10:51:43.841 529 529 I 529 529 [sunwave-config] : (1488) sensor.sensitivity_8281 : 0x0f
05-15 10:51:43.841 529 529 I 529 529 [sunwave-config] : (1489) sensor.sensitivity_8233 : 0x0d
05-15 10:51:43.841 529 529 I 529 529 [sunwave-config] : (1490) sensor.finger_A_threshold : 0x02bc(700)
05-15 10:51:43.841 529 529 I 529 529 [sunwave-config] : (1491) sensor.dp_test_8201 : off
05-15 10:51:43.841 529 529 I 529 529 [sunwave-config] : (1493) driver.spi_bus_num : 6
05-15 10:51:43.841 529 529 I 529 529 [sunwave-config] : (1494) driver.spi_c_s_num : 0
05-15 10:51:43.841 529 529 I 529 529 [sunwave-config] : (1495) driver.spi_fifo_mod : off
05-15 10:51:43.841 529 529 I 529 529 [sunwave-config] : (1515) diagnosis.log_level : INF
05-15 10:51:43.841 529 529 I 529 529 [sunwave-config] : (1516) diagnosis.data_dumping : off
05-15 10:51:43.841 529 529 I 529 529 [sunwave-config] : (1517) diagnosis.img_invciper_data : off
05-15 10:51:43.841 529 529 I 529 529 [sunwave-config] : (1519) solution.qsee_spi_id : SPI_6
05-15 10:51:43.841 529 529 I 529 529 [sunwave-config] : (1520) solution.qsee_storage_type : FS_FTS
05-15 10:51:43.841 529 529 I 529 529 [sunwave-config] : (1522) solution.qsee_pay_type : PAY_FILE_SHARE
05-15 10:51:43.841 529 529 I 529 529 [sunwave-config] : (1523) solution.trusty_spi_id : SPI_0
05-15 10:51:43.841 529 529 I 529 529 [sunwave-config] : (1524) solution.trustkernel_spi_id : SPI_0
05-15 10:51:43.841 529 529 I 529 529 [sunwave-config] : (1525) solution.beanpod_active : off
05-15 10:51:43.841 529 529 I 529 529 [sunwave-config] : (1526) solution.android_9_flag : on
05-15 10:51:43.841 529 529 I 529 529 [sunwave-config] : (1528) customer.transsion_f14 : off
05-15 10:51:43.841 529 529 I 529 529 [sunwave-config] : (1529) customer.msg_base : 1000
05-15 10:51:43.841 529 529 I 529 529 [sunwave-config] : (1530) customer.auto_key_home : off
05-15 10:51:43.841 529 529 I 529 529 [sunwave-config] : (1531) customer.fake_finger : off
05-15 10:51:43.841 529 529 I 529 529 [sunwave-config] : (1532) customer.optimize_cpu : off
05-15 10:51:43.841 529 529 I 529 529 [sunwave-config] : (1533) customer.slide_enroll : off
05-15 10:51:43.841 529 529 I 529 529 [sunwave-config] : (1534) customer.auth_check_finger : on
05-15 10:51:43.842 514 514 W mediaextractor: Could not read additional policy file '/vendor/etc/seccomp_policy/mediaextractor.policy'
05-15 10:51:43.842 514 514 W mediaextractor: libminijail[514]: failed to get path of fd 5: No such file or directory
05-15 10:51:43.842 529 529 I 529 529 [sunwave-client] : (84) p2taname = '/vendor/bin/sf_ta', len = 17
05-15 10:51:43.842 529 529 I 529 529 [sunwave-client] : (196) REE emulation TA is loaded.
05-15 10:51:43.845 529 554 I 529 554 [sunwave-service] : (49) com.sunwavecorp.fingerprint.ISunwaveFingerprintService
05-15 10:51:43.862 514 514 W mediaextractor: libminijail[514]: logging seccomp filter failures
05-15 10:51:43.876 555 555 I 555 555 [sunwave-ta-entry] : (80) REE emulation TA is born, pid = 555.
05-15 10:51:43.877 555 555 I 555 555 [sunwave-ta-entry] : (153) TA is ready.
05-15 10:51:43.877 555 555 I 555 555 [sunwave-ta-core] : (2752) testing timing...0(0)ms.
05-15 10:51:43.891 521 521 I DrmService: new sn is same as old, skip prop_set and update!
05-15 10:51:43.892 505 547 I adbd : UsbFfsConnection constructed
05-15 10:51:43.892 505 556 I adbd : UsbFfs-monitor thread spawned
05-15 10:51:43.904 526 526 I mediaswcodec: media swcodec service starting
05-15 10:51:43.927 555 555 I 555 555 [sunwave-ta-core] : (2755) testing msleep(50)...50ms.
05-15 10:51:43.928 555 555 I 555 555 [sunwave-ta-core] : (2756) init spi...
05-15 10:51:43.928 555 555 I 555 555 [sunwave-ta-core] : (2761) spi data channel is inited.
05-15 10:51:43.928 555 555 I 555 555 [sunwave-ta-core] : (2971) len of sf_config_t: 449-449
05-15 10:51:43.928 555 555 I 555 555 [sunwave-ta-core] : (2972) TA version : v1.3.18.11.3-Dec 10 2021 09:45:19
05-15 10:51:43.928 529 529 I 529 529 [sunwave-hal] : (414) CA version : v1.3.18.11.3-Dec 10 2021 09:45:36
05-15 10:51:43.928 529 529 I 529 529 [sunwave-hal] : (415) TEE solution : REE emulation
05-15 10:51:43.930 526 526 W mediaswcodec: Could not read additional policy file '/vendor/etc/seccomp_policy/mediaswcodec.policy'
05-15 10:51:43.930 526 526 W mediaswcodec: libminijail[526]: failed to get path of fd 5: No such file or directory
05-15 10:51:43.939 526 526 W mediaswcodec: libminijail[526]: logging seccomp filter failures
05-15 10:51:43.940 526 526 I CodecServiceRegistrant: Creating software Codec2 service...
05-15 10:51:43.958 529 529 I 529 529 [sunwave-ca-device] : (1066) auto probing device...
05-15 10:51:43.958 555 555 I 555 555 [sunwave-ta-core] : (1968) got SPI speed: 1000KHz.
05-15 10:51:43.958 555 555 I 555 555 [sunwave-ta-core] : (1955) set SPI speed: 1000KHz.
05-15 10:51:43.958 529 529 I 529 529 [sunwave-ca-device] : (1008) is it 8221?
05-15 10:51:43.959 526 526 I HidlServiceManagement: Registered android.hardware.media.c2@1.2::IComponentStore/software
05-15 10:51:43.959 282 282 I hwservicemanager: Since android.hardware.media.c2@1.0::IComponentStore/default is not registered, trying to start it as a lazy HAL.
05-15 10:51:43.960 282 282 I hwservicemanager: Since android.hardware.media.c2@1.0::IComponentStore/default is not registered, trying to start it as a lazy HAL.
05-15 10:51:43.960 526 526 I HidlServiceManagement: getService: Trying again for android.hardware.media.c2@1.0::IComponentStore/default...
05-15 10:51:43.973 506 506 E bootstat: Failed to unlink /metadata/bootstat/persist.sys.boot.reason: No such file or directory
05-15 10:51:43.975 282 560 W libc : Unable to set property "ctl.interface_start" to "android.hardware.media.c2@1.0::IComponentStore/default": error code: 0x20
05-15 10:51:43.975 282 560 I hwservicemanager: Tried to start android.hardware.media.c2@1.0::IComponentStore/default as a lazy service, but was unable to. Usually this happens when a service is not installed, but if the service is intended to be used as a lazy service, then it may be configured incorrectly.
05-15 10:51:43.975 282 561 W libc : Unable to set property "ctl.interface_start" to "android.hardware.media.c2@1.0::IComponentStore/default": error code: 0x20
05-15 10:51:43.975 282 561 I hwservicemanager: Tried to start android.hardware.media.c2@1.0::IComponentStore/default as a lazy service, but was unable to. Usually this happens when a service is not installed, but if the service is intended to be used as a lazy service, then it may be configured incorrectly.
05-15 10:51:43.975 505 556 I adbd : USB event: FUNCTIONFS_BIND
05-15 10:51:43.984 529 529 I 529 529 [sunwave-ca-device] : (364) device is reset.
05-15 10:51:43.984 529 557 I 529 557 [sunwave-ca-device] : (713) got device interrupt, signal the semaphore.
05-15 10:51:43.989 529 557 I 529 557 [sunwave-ca-device] : (709) warning, there is 1 pending semaphore(s).
05-15 10:51:43.989 529 529 I 529 529 [sunwave-ca-device] : (995) is it 8241?
05-15 10:51:43.989 529 557 I 529 557 [sunwave-ca-device] : (713) got device interrupt, signal the semaphore.
05-15 10:51:44.017 529 529 I 529 529 [sunwave-ca-device] : (364) device is reset.
05-15 10:51:44.018 529 557 I 529 557 [sunwave-ca-device] : (709) warning, there is 1 pending semaphore(s).
05-15 10:51:44.018 529 557 I 529 557 [sunwave-ca-device] : (713) got device interrupt, signal the semaphore.
05-15 10:51:44.022 457 457 I AudioFlinger: Using default 1000 mSec as standby time.
05-15 10:51:44.022 515 533 I ServiceManager: Waiting for service 'package_native' on '/dev/binder'...
05-15 10:51:44.022 529 529 I 529 529 [sunwave-ca-device] : (963) is it 8271 or 8273 or 8281 or 8233?
05-15 10:51:44.023 529 557 I 529 557 [sunwave-ca-device] : (713) got device interrupt, signal the semaphore.
05-15 10:51:44.047 529 529 I 529 529 [sunwave-ca-device] : (364) device is reset.
05-15 10:51:44.048 529 557 I 529 557 [sunwave-ca-device] : (709) warning, there is 1 pending semaphore(s).
05-15 10:51:44.048 529 557 I 529 557 [sunwave-ca-device] : (713) got device interrupt, signal the semaphore.
05-15 10:51:44.053 529 557 I 529 557 [sunwave-ca-device] : (709) warning, there are 2 pending semaphore(s).
05-15 10:51:44.053 529 557 I 529 557 [sunwave-ca-device] : (713) got device interrupt, signal the semaphore.
05-15 10:51:44.054 555 555 I 555 555 [sunwave-ta-core] : (1955) set SPI speed: 1000KHz.
05-15 10:51:44.054 529 529 I 529 529 [sunwave-ca-device] : (1128) device id = 0x8233
05-15 10:51:44.054 529 529 I 529 529 [sunwave-ic8271] : (4945) Warning: 8233 force close charging_fix!!!
05-15 10:51:44.054 529 529 I 529 529 [sunwave-ic827x_fw] : (37) ic_id:8233
05-15 10:51:44.054 529 529 I 529 529 [sunwave-ic827x_fw] : (290) pTest:50-c-1-0
05-15 10:51:44.054 529 529 I 529 529 [sunwave-ic827x_fw] : (291) pTest:50-10-0-0
05-15 10:51:44.054 529 529 I 529 529 [sunwave-ic8271] : (5085) 8233 use device_id as module_id.
05-15 10:51:44.054 529 529 I 529 529 [sunwave-ca-device] : (1223) fingerprint device is ready.
05-15 10:51:44.054 529 529 I 529 529 [sunwave-ca-device] : (1224) module id = 0x8233
05-15 10:51:44.055 529 529 I 529 529 [sunwave-ca-device] : (1226) sensor resolution: 52 x 56.
05-15 10:51:44.055 529 529 I 529 529 [sunwave-ic8271] : (2384) Compulsory self calibration.
05-15 10:51:44.055 555 555 I 555 555 [sunwave-ta-core] : (2529) auto probing device...
05-15 10:51:44.055 555 555 I 555 555 [sunwave-ta-device] : (42) device id = 0x8233
05-15 10:51:44.055 555 555 I 555 555 [sunwave-ic8271] : (4945) Warning: 8233 force close charging_fix!!!
05-15 10:51:44.055 555 555 I 555 555 [sunwave-ic8271] : (4680) packsize image:5120,nav:2048
05-15 10:51:44.055 555 555 I 555 555 [sunwave-ic827x_fw] : (37) ic_id:8233
05-15 10:51:44.055 555 555 I 555 555 [sunwave-ic827x_fw] : (290) pTest:50-c-1-0
05-15 10:51:44.055 555 555 I 555 555 [sunwave-ic827x_fw] : (291) pTest:50-10-0-0
05-15 10:51:44.055 555 555 I 555 555 [sunwave-ic8271] : (5085) 8233 use device_id as module_id.
05-15 10:51:44.055 555 555 I 555 555 [sunwave-ta-device] : (95) self calibrate is OPEN.
05-15 10:51:44.055 555 555 I 555 555 [sunwave-ta-device] : (97) algo RS is OPEN(104, 112).
05-15 10:51:44.055 555 555 I 555 555 [sunwave-ta-device] : (98) fingerprint device is initialized.
05-15 10:51:44.055 555 555 I 555 555 [sunwave-ta-device] : (99) module id = 0x8233
05-15 10:51:44.055 555 555 I 555 555 [sunwave-ta-device] : (101) sensor resolution: 52 x 56.
05-15 10:51:44.055 555 555 I 555 555 [sunwave-ta-core] : (2535) init fingerprint algorithm...
05-15 10:51:44.055 555 555 I 555 555 [sunwave-algo] : (54) g_ver_info->algorithm : 20478
05-15 10:51:44.055 555 555 I 555 555 [sunwave-algo] : (57) g_ver_info->algo_nav : 40405
05-15 10:51:44.055 555 555 I 555 555 [sunwave-algo] : (65) algo.optimize_frr_level is closed. 8233 forced set it to 50.
05-15 10:51:44.055 555 555 I 555 555 [sunwave-algo] : (78) Enable optimizing the unlocking rate of small area sensors. +576032 bytes.
05-15 10:51:44.056 555 555 I 555 555 [sunwave-algo] : (205) g_inputdata.covertype = Coating(0)
05-15 10:51:44.056 555 555 I 555 555 [sunwave-ta-core] : (2538) init ic config...
05-15 10:51:44.056 555 555 I 555 555 [sunwave-ic8271] : (2086) get spi speed with rank is: 6000k
05-15 10:51:44.056 555 555 I 555 555 [sunwave-ic8271] : (2099) set spi_speed: 5000k
05-15 10:51:44.062 428 428 W mpp_log : warning: use new logx function
05-15 10:51:44.062 428 428 I vpu_api : dlopen vpu lib /vendor/lib/librk_vpuapi.so success
05-15 10:51:44.062 427 427 W mpp_log : warning: use new logx function
05-15 10:51:44.062 427 427 I vpu_api : dlopen vpu lib /vendor/lib/librk_vpuapi.so success
05-15 10:51:44.063 529 557 I 529 557 [sunwave-ca-device] : (709) warning, there are 3 pending semaphore(s).
05-15 10:51:44.063 529 557 I 529 557 [sunwave-ca-device] : (713) got device interrupt, signal the semaphore.
05-15 10:51:44.064 529 557 I 529 557 [sunwave-ca-device] : (709) warning, there are 4 pending semaphore(s).
05-15 10:51:44.064 555 555 I 555 555 [sunwave-ic8271] : (2473) 8233 version id: 0x09
05-15 10:51:44.064 555 555 I 555 555 [sunwave-ic8271] : (4725) 'ic_8271_init_config' IC8233 version is 0x09
05-15 10:51:44.070 555 555 I 555 555 [sunwave-ic8271] : (1105) 'ic_8271_read_efuse_analog' read efuse analog success.
05-15 10:51:44.076 529 557 I 529 557 [sunwave-ca-device] : (709) warning, there are 4 pending semaphore(s).
05-15 10:51:44.078 555 555 I 555 555 [sunwave-ic8271] : (4656) packsize image:5120
05-15 10:51:44.084 427 427 I ExtCamUtils@3.4: loadFromCfg: load external camera config succeed!
05-15 10:51:44.085 427 427 I ExtCamUtils@3.4: loadFromCfg: depth output is not enabled
05-15 10:51:44.085 427 427 I ExtCamUtils@3.4: loadFromCfg: no minimum stream size specified
05-15 10:51:44.085 427 427 V CamPrvdr@2.4-external: Preferred HAL 3 minor version is 4
05-15 10:51:44.086 427 427 I HidlServiceManagement: Registered android.hardware.camera.provider@2.4::ICameraProvider/external/0
05-15 10:51:44.086 427 427 I HidlServiceManagement: Removing namespace from process name android.hardware.camera.provider@2.4-external-service to provider@2.4-external-service.
05-15 10:51:44.086 427 427 I LegacySupport: Registration complete for android.hardware.camera.provider@2.4::ICameraProvider/external/0.
05-15 10:51:44.088 555 555 I 555 555 [sunwave-ic8271] : (4656) packsize image:2048
05-15 10:51:44.089 427 569 V CamPrvdr@2.4-external: Non-internal v4l device video29 found
05-15 10:51:44.090 427 569 W CamPrvdr@2.4-external: deviceAdded wpzz test device /dev/video29 does not support VIDEO_CAPTURE
05-15 10:51:44.090 427 569 V CamPrvdr@2.4-external: Non-internal v4l device video28 found
05-15 10:51:44.090 427 569 W CamPrvdr@2.4-external: deviceAdded wpzz test device /dev/video28 does not support VIDEO_CAPTURE
05-15 10:51:44.090 427 569 V CamPrvdr@2.4-external: Non-internal v4l device video27 found
05-15 10:51:44.090 427 569 W CamPrvdr@2.4-external: deviceAdded wpzz test device /dev/video27 does not support VIDEO_CAPTURE
05-15 10:51:44.090 427 569 V CamPrvdr@2.4-external: Non-internal v4l device video30 found
05-15 10:51:44.091 427 569 W CamPrvdr@2.4-external: deviceAdded wpzz test device /dev/video30 does not support VIDEO_CAPTURE
05-15 10:51:44.091 427 569 V CamPrvdr@2.4-external: Non-internal v4l device video24 found
05-15 10:51:44.093 427 569 W CamPrvdr@2.4-external: deviceAdded: Attempt to init camera device /dev/video24 failed!
05-15 10:51:44.093 427 569 V CamPrvdr@2.4-external: Non-internal v4l device video26 found
05-15 10:51:44.093 427 569 W CamPrvdr@2.4-external: deviceAdded wpzz test device /dev/video26 does not support VIDEO_CAPTURE
05-15 10:51:44.093 427 569 V CamPrvdr@2.4-external: Non-internal v4l device video10 found
05-15 10:51:49.805 569 569 I gc08a3 7-0031: gc08a3_g_mbus_config(1722) enter!
05-15 10:51:49.805 569 569 E rockchip-csi2-dphy csi2-dcphy0: csi2_dphy_update_sensor_mbus fail to get dphy param, used default value
05-15 10:51:49.805 569 569 I gc08a3 7-0031: gc08a3_g_mbus_config(1722) enter!
05-15 10:51:49.805 569 569 I gc08a3 7-0031: gc08a3_s_power(1536) on(1)
05-15 10:51:44.094 555 555 I 555 555 [sunwave-ic8271] : (4656) packsize image:2048
05-15 10:51:44.098 555 555 I 555 555 [sunwave-ic8271] : (4614) use img spi speed is: 6000k.
05-15 10:51:44.098 555 555 I 555 555 [sunwave-ic8271] : (4615) use agc spi speed is: 5000k.
05-15 10:51:44.098 555 555 I 555 555 [sunwave-ic8271] : (4616) use nav spi speed is: 5000k.
05-15 10:51:44.119 457 457 D APM_EngineLoader: Loaded engine from libaudiopolicyenginedefault.so
05-15 10:51:44.119 457 457 D APM::AudioPolicyEngine/Base: loadAudioPolicyEngineConfig: No configuration found, using default matching phone experience.
05-15 10:51:44.126 457 457 W APM::AudioPolicyEngine/Base: loadAudioPolicyEngineConfig: No configuration of AUDIO_STREAM_ASSISTANT found, using default volume configuration
05-15 10:51:44.126 457 457 W APM::AudioPolicyEngine/Base: loadAudioPolicyEngineConfig: No configuration of AUDIO_STREAM_CALL_ASSISTANT found, using default volume configuration
05-15 10:51:44.145 555 555 I 555 555 [sunwave-ic8271] : (1047) 'ic_8271_read_efuse_data' read 8233 efuse data success.
05-15 10:51:44.149 555 555 I 555 555 [sunwave-ic8271] : (4364) fgr_cur.sum is 121(0x79), base is 127(0x7f)
05-15 10:51:44.152 555 555 I 555 555 [sunwave-ic8271] : (4364) fgr_cur.sum is 121(0x79), base is 127(0x7f)
05-15 10:51:44.155 555 555 I 555 555 [sunwave-ic8271] : (4364) fgr_cur.sum is 121(0x79), base is 127(0x7f)
05-15 10:51:44.160 555 555 I 555 555 [sunwave-ic8271] : (4364) fgr_cur.sum is 121(0x79), base is 127(0x7f)
05-15 10:51:44.164 555 555 I 555 555 [sunwave-ic8271] : (4364) fgr_cur.sum is 121(0x79), base is 127(0x7f)
05-15 10:51:44.167 555 555 I 555 555 [sunwave-ic8271] : (4364) fgr_cur.sum is 121(0x79), base is 127(0x7f)
05-15 10:51:44.174 529 557 I 529 557 [sunwave-ca-device] : (709) warning, there are 4 pending semaphore(s).
05-15 10:51:44.175 529 557 I 529 557 [sunwave-ca-device] : (709) warning, there are 4 pending semaphore(s).
05-15 10:51:44.175 555 555 I 555 555 [sunwave-ta-core] : (2541) calibration data is found.
05-15 10:51:44.175 555 555 I 555 555 [sunwave-ta-core] : (2308) try to load '/data/vendor_de/0/fpdata/machine_kvalue2.k'...
05-15 10:51:44.175 555 555 I 555 555 [sunwave-calibration] : (351) file '/data/vendor_de/0/fpdata/machine_kvalue2.k' not exits
05-15 10:51:44.175 555 555 I 555 555 [sunwave-ta-core] : (2314) try to load '/data/vendor_de/0/fpdata/machine_kvalue1.k'...
05-15 10:51:44.175 555 555 I 555 555 [sunwave-calibration] : (351) file '/data/vendor_de/0/fpdata/machine_kvalue1.k' not exits
05-15 10:51:44.175 555 555 I 555 555 [sunwave-ta-core] : (2331) create new ktable sucess.
05-15 10:51:44.175 555 555 I 555 555 [sunwave-ta-core] : (2551) load or create calibration ktable success!
05-15 10:51:44.176 555 555 I 555 555 [sunwave-ta-core] : (2308) try to load '/data/vendor_de/0/fpdata/machine_kvalue2.k'...
05-15 10:51:44.176 555 555 I 555 555 [sunwave-calibration] : (351) file '/data/vendor_de/0/fpdata/machine_kvalue2.k' not exits
05-15 10:51:44.176 555 555 I 555 555 [sunwave-ta-core] : (2314) try to load '/data/vendor_de/0/fpdata/machine_kvalue1.k'...
05-15 10:51:44.176 555 555 I 555 555 [sunwave-calibration] : (351) file '/data/vendor_de/0/fpdata/machine_kvalue1.k' not exits
05-15 10:51:44.176 555 555 I 555 555 [sunwave-ta-core] : (2331) create new ktable sucess.
05-15 10:51:44.176 555 555 I 555 555 [sunwave-ta-core] : (2053) load or create calibration ktable 0!
05-15 10:51:44.176 555 555 I 555 555 [sunwave-ta-core] : (2062) unloading fingerprint templates (gid = 1000)...
05-15 10:51:44.176 555 555 I 555 555 [sunwave-algo] : (867) not found.
05-15 10:51:44.176 555 555 I 555 555 [sunwave-ta-core] : (2065) loading fingerprint templates (gid = 0)...
05-15 10:51:44.176 555 555 I 555 555 [sunwave-templates] : (803) gid:0, dir:/data/system/users/sunwave
05-15 10:51:44.176 555 555 I 555 555 [sunwave-templates] : (308) load file(/data/vendor_de/0/fpdata/sf_template_0.bin.learn)...
05-15 10:51:44.176 555 555 I 555 555 [sunwave-templates] : (314) load file(/data/vendor_de/0/fpdata/sf_template_0.bin)...
05-15 10:51:44.176 555 555 I 555 555 [sunwave-templates] : (308) load file(/data/vendor_de/0/fpdata/sf_template_1.bin.learn)...
05-15 10:51:44.176 555 555 I 555 555 [sunwave-templates] : (314) load file(/data/vendor_de/0/fpdata/sf_template_1.bin)...
05-15 10:51:44.176 555 555 I 555 555 [sunwave-templates] : (308) load file(/data/vendor_de/0/fpdata/sf_template_2.bin.learn)...
05-15 10:51:44.176 555 555 I 555 555 [sunwave-templates] : (314) load file(/data/vendor_de/0/fpdata/sf_template_2.bin)...
05-15 10:51:44.176 555 555 I 555 555 [sunwave-templates] : (308) load file(/data/vendor_de/0/fpdata/sf_template_3.bin.learn)...
05-15 10:51:44.176 555 555 I 555 555 [sunwave-templates] : (314) load file(/data/vendor_de/0/fpdata/sf_template_3.bin)...
05-15 10:51:44.176 555 555 I 555 555 [sunwave-templates] : (308) load file(/data/vendor_de/0/fpdata/sf_template_4.bin.learn)...
05-15 10:51:44.176 555 555 I 555 555 [sunwave-templates] : (314) load file(/data/vendor_de/0/fpdata/sf_template_4.bin)...
05-15 10:51:44.176 555 555 I 555 555 [sunwave-templates] : (351) there are(is) 0 templates loaded, consumed time 0 ms
05-15 10:51:49.886 562 562 I dwc3 fc000000.usb: device reset
05-15 10:51:44.178 555 555 I 555 555 [sunwave-ic8271] : (2738) enter WAIT_TOUCH mode.
05-15 10:51:44.181 555 555 I 555 555 [sunwave-ic8271] : (4364) fgr_cur.sum is 121(0x79), base is 121(0x79)
05-15 10:51:44.181 514 514 I MediaExtractorFactory: plugin directory not present (/system/lib64/extractors)
05-15 10:51:44.181 514 514 I MediaExtractorFactory: plugin directory not present (/system_ext/lib64/extractors)
05-15 10:51:44.184 555 555 I 555 555 [sunwave-ic8271] : (4364) fgr_cur.sum is 121(0x79), base is 121(0x79)
05-15 10:51:44.187 555 555 I 555 555 [sunwave-ic8271] : (4364) fgr_cur.sum is 121(0x79), base is 121(0x79)
05-15 10:51:44.189 529 529 I 529 529 [sunwave-calibration] : (94) calibration version: 0x00.
05-15 10:51:44.189 529 529 I 529 529 [sunwave-calibration] : (117) max_kvalue = 0.000000, min_kvalue = 0.000000.
05-15 10:51:44.189 529 529 I 529 529 [sunwave-hal] : Warring (564) version.tee_solution: REE emulation
05-15 10:51:44.189 529 529 I 529 529 [sunwave-hal] : Warring (565) version.ca_version : v1.3.18.11.3-Dec 10 2021 09:45:36
05-15 10:51:44.189 529 529 I 529 529 [sunwave-hal] : Warring (566) version.ta_version : v1.3.18.11.3-Dec 10 2021 09:45:20
05-15 10:51:44.189 529 529 I 529 529 [sunwave-hal] : Warring (567) version.algorithm : 20478
05-15 10:51:44.189 529 529 I 529 529 [sunwave-hal] : Warring (568) version.algo_nav : 40405
05-15 10:51:44.189 529 529 I 529 529 [sunwave-hal] : Warring (569) version.driver : v2.2.38-2018-12-25
05-15 10:51:44.190 529 529 I 529 529 [sunwave-hal] : Warring (570) version.firmware : 0x0003
05-15 10:51:44.190 529 529 I 529 529 [sunwave-hal] : Warring (572) version.sunwave_id : SW9006
05-15 10:51:44.190 529 529 I 529 529 [sunwave-hal] : Warring (573) version.vendor_id : 0x01
05-15 10:51:44.190 529 529 I 529 529 [sunwave-hal] : Warring (574) Sensor resolution : 52 x 56
05-15 10:51:44.190 529 529 I 529 529 [sunwave-hal] : (2282) g_device->info.esd_clk:1
05-15 10:51:44.190 529 577 I 529 577 [sunwave-hal] : (1983) wait for device interrupt....state_hal is: SF_HAL_STATE_IDLE
05-15 10:51:44.193 555 555 I 555 555 [sunwave-ic8271] : (2753) enter DEVICE_EXIT mode.
05-15 10:51:49.903 297 297 I logd : logdr: UID=1036 GID=1007 PID=531 b tail=0 logMask=bf pid=0 start=1747277479475353000ns deadline=0ns
05-15 10:51:44.200 529 557 I 529 557 [sunwave-ca-device] : (713) got device interrupt, signal the semaphore.
05-15 10:51:44.200 529 577 I 529 577 [sunwave-hal] : (1999) got the device interrupt. 0
05-15 10:51:44.201 425 425 D AudioHardwareTiny: ALSA Audio Version: V1.1.0
05-15 10:51:44.201 425 425 D AudioHardwareTiny: adev_open_init
05-15 10:51:44.201 425 425 D AudioHardwareTiny: adev_set_mode: set_mode = 0
05-15 10:51:44.202 457 457 I AudioFlinger: loadHwModule() Loaded primary audio interface, handle 10
05-15 10:51:44.202 457 457 I AudioFlinger: openOutput() this 0xb400006e2d8ce0a0, module 10 Device type:0x2,@:, SamplingRate 48000, Format 0x000001, Channels 0x3, flags 0x2
05-15 10:51:44.202 425 425 D AudioHardwareTiny: audio hal adev_open_output_stream devices = 0x2, flags = 2, samplerate = 48000,format = 0x1
05-15 10:51:44.202 425 425 D AudioHardwareTiny: out->config.rate = 44100, out->config.channels = 2 out->config.format = 0
05-15 10:51:44.203 555 555 I 555 555 [sunwave-ic8271] : (2738) enter WAIT_TOUCH mode.
05-15 10:51:44.203 457 457 I AudioFlinger: HAL output buffer size 512 frames, normal sink buffer size 1024 frames
05-15 10:51:44.206 555 555 I 555 555 [sunwave-ic8271] : (4364) fgr_cur.sum is 121(0x79), base is 121(0x79)
05-15 10:51:44.210 555 555 I 555 555 [sunwave-ic8271] : (4364) fgr_cur.sum is 121(0x79), base is 121(0x79)
05-15 10:51:44.212 519 519 I android.hardware.media.omx@1.0-service: mediacodecservice starting
05-15 10:51:44.214 555 555 I 555 555 [sunwave-ic8271] : (4364) fgr_cur.sum is 121(0x79), base is 121(0x79)
05-15 10:51:44.216 529 529 I 529 529 [sunwave-hal] : (462) ==== 'fingerprint_open' : read id ok. err = 0 ====
05-15 10:51:44.216 555 555 I 555 555 [sunwave-ta-core] : (1750) 'sf_interrupt_query'
05-15 10:51:44.216 555 555 I 555 555 [sunwave-ta-core] : (1753) rst_cnt: 1
05-15 10:51:44.216 555 555 I 555 555 [sunwave-ic8271] : (2791) int: 0x00
05-15 10:51:49.927 569 569 I gc08a3 7-0031: gc08a3_s_power(1536) on(0)
05-15 10:51:49.928 569 569 I gc08a3 7-0031: gc08a3_g_mbus_config(1722) enter!
05-15 10:51:49.928 569 569 E rockchip-csi2-dphy csi2-dcphy0: csi2_dphy_update_sensor_mbus fail to get dphy param, used default value
05-15 10:51:49.928 569 569 I gc08a3 7-0031: gc08a3_g_mbus_config(1722) enter!
05-15 10:51:49.928 569 569 I gc08a3 7-0031: gc08a3_s_power(1536) on(1)
05-15 10:51:44.219 555 555 I 555 555 [sunwave-ic8271] : (4364) fgr_cur.sum is 121(0x79), base is 121(0x79)
05-15 10:51:44.219 439 439 W android.hardware.media.c2@1.1-service: Could not read additional policy file '/vendor/etc/seccomp_policy/android.hardware.media.c2@1.1-extended-seccomp-policy'
05-15 10:51:44.220 439 439 W android.hardware.media.c2@1.1-service: libminijail[439]: failed to get path of fd 5: No such file or directory
05-15 10:51:44.220 555 555 I 555 555 [sunwave-ta-core] : (1772) SF_DEVICE_STAT_BUSY
05-15 10:51:44.220 555 555 I 555 555 [sunwave-ta-core] : (1797) query int status: device SF_DEVICE_STAT_WAITING_TOUCH, irq SF_DEVICE_STAT_BUSY.
05-15 10:51:44.220 555 555 I 555 555 [sunwave-ta-core] : (1807) 'sf_interrupt_process'
05-15 10:51:44.220 555 555 I 555 555 [sunwave-ta-core] : (1808) int stat:SF_DEVICE_STAT_BUSY.
05-15 10:51:44.220 529 577 I 529 577 [sunwave-hal] : (2178) trans->respond.err: Unexpected interrupt
05-15 10:51:44.220 529 577 I 529 577 [sunwave-hal] : (1983) wait for device interrupt....state_hal is: SF_HAL_STATE_IDLE
05-15 10:51:44.220 439 439 W android.hardware.media.c2@1.1-service: libminijail[439]: logging seccomp filter failures
05-15 10:51:44.221 439 439 I C2RKMediaUtils: type:0 codingType:7
05-15 10:51:44.221 439 439 I C2RKComponentStore: plugin c2.rk.avc.decoder
05-15 10:51:44.221 439 439 I C2RKMediaUtils: type:0 codingType:10
05-15 10:51:44.221 439 439 I C2RKComponentStore: plugin c2.rk.vp9.decoder
05-15 10:51:44.221 439 439 I C2RKMediaUtils: type:0 codingType:16777220
05-15 10:51:44.221 439 439 I C2RKComponentStore: plugin c2.rk.hevc.decoder
05-15 10:51:44.221 439 439 I C2RKMediaUtils: type:0 codingType:9
05-15 10:51:44.221 439 439 I C2RKComponentStore: plugin c2.rk.vp8.decoder
05-15 10:51:44.221 439 439 I C2RKMediaUtils: type:0 codingType:2
05-15 10:51:44.221 439 439 I C2RKComponentStore: plugin c2.rk.mpeg2.decoder
05-15 10:51:44.221 439 439 I C2RKMediaUtils: type:0 codingType:4
05-15 10:51:44.221 439 439 I C2RKComponentStore: plugin c2.rk.m4v.decoder
05-15 10:51:44.221 439 439 I C2RKMediaUtils: type:0 codingType:3
05-15 10:51:44.221 439 439 I C2RKComponentStore: plugin c2.rk.h263.decoder
05-15 10:51:44.221 439 439 I C2RKMediaUtils: type:1 codingType:7
05-15 10:51:44.221 439 439 I C2RKComponentStore: plugin c2.rk.avc.encoder
05-15 10:51:44.221 439 439 I C2RKMediaUtils: type:1 codingType:16777220
05-15 10:51:44.221 439 439 I C2RKComponentStore: plugin c2.rk.hevc.encoder
05-15 10:51:44.221 529 529 I HidlServiceManagement: Registered android.hardware.biometrics.fingerprint@2.1::IBiometricsFingerprint/default
05-15 10:51:44.221 529 529 I HidlServiceManagement: Removing namespace from process name android.hardware.biometrics.fingerprint@2.1-service to fingerprint@2.1-service.
05-15 10:51:44.222 519 519 W android.hardware.media.omx@1.0-service: libminijail[519]: failed to get path of fd 5: No such file or directory
05-15 10:51:44.222 439 439 I HidlServiceManagement: Registered android.hardware.media.c2@1.1::IComponentStore/default
05-15 10:51:44.222 439 439 I HidlServiceManagement: Removing namespace from process name android.hardware.media.c2@1.1-service to c2@1.1-service.
05-15 10:51:44.222 282 282 I hw-BpHwBinder: onLastStrongRef automatically unlinking death recipients
05-15 10:51:44.223 526 526 I CodecServiceRegistrant: Preferred Codec2 store is set to "default".
05-15 10:51:44.223 526 526 I CodecServiceRegistrant: Software Codec2 service created and registered.
05-15 10:51:44.223 519 519 W android.hardware.media.omx@1.0-service: libminijail[519]: logging seccomp filter failures
05-15 10:51:44.226 519 519 W libstagefrighthw: OMX IL core libOMX_Core.so not found
05-15 10:51:44.231 519 519 I SoftOMXPlugin: createOMXPlugin
05-15 10:51:44.231 519 519 D MediaCodecsXmlParser: parsing /vendor/etc/media_codecs.xml...
05-15 10:51:44.233 519 519 D MediaCodecsXmlParser: parsing /vendor/etc/media_codecs_google_audio.xml...
05-15 10:51:44.235 519 519 D MediaCodecsXmlParser: parsing /vendor/etc/media_codecs_google_video.xml...
05-15 10:51:44.237 519 519 D MediaCodecsXmlParser: parsing /vendor/etc/media_codecs_performance.xml...
05-15 10:51:44.238 519 519 D MediaCodecsXmlParser: MediaCodec: cannot update non-existing codec: c2.android.h263.encoder at line 36 of /vendor/etc/media_codecs_performance.xml
05-15 10:51:44.238 519 519 D MediaCodecsXmlParser: MediaCodec: cannot update non-existing codec: c2.android.mpeg4.encoder at line 39 of /vendor/etc/media_codecs_performance.xml
05-15 10:51:44.238 519 519 D MediaCodecsXmlParser: MediaCodec: cannot update non-existing codec: c2.android.avc.encoder at line 42 of /vendor/etc/media_codecs_performance.xml
05-15 10:51:44.238 519 519 D MediaCodecsXmlParser: MediaCodec: cannot update non-existing codec: c2.android.vp8.encoder at line 46 of /vendor/etc/media_codecs_performance.xml
05-15 10:51:44.239 519 519 D MediaCodecsXmlParser: MediaCodec: cannot update non-existing codec: c2.rk.avc.encoder at line 51 of /vendor/etc/media_codecs_performance.xml
05-15 10:51:44.239 519 519 D MediaCodecsXmlParser: MediaCodec: cannot update non-existing codec: c2.rk.hevc.encoder at line 57 of /vendor/etc/media_codecs_performance.xml
05-15 10:51:44.239 519 519 D MediaCodecsXmlParser: MediaCodec: cannot update non-existing codec: c2.rk.avc.decoder at line 90 of /vendor/etc/media_codecs_performance.xml
05-15 10:51:44.239 519 519 D MediaCodecsXmlParser: MediaCodec: cannot update non-existing codec: c2.rk.vp8.decoder at line 97 of /vendor/etc/media_codecs_performance.xml
05-15 10:51:44.239 519 519 D MediaCodecsXmlParser: MediaCodec: cannot update non-existing codec: c2.rk.h263.decoder at line 103 of /vendor/etc/media_codecs_performance.xml
05-15 10:51:44.239 519 519 D MediaCodecsXmlParser: MediaCodec: cannot update non-existing codec: c2.rk.m4v.decoder at line 107 of /vendor/etc/media_codecs_performance.xml
05-15 10:51:44.239 519 519 D MediaCodecsXmlParser: MediaCodec: cannot update non-existing codec: c2.rk.hevc.decoder at line 110 of /vendor/etc/media_codecs_performance.xml
05-15 10:51:44.239 519 519 D MediaCodecsXmlParser: MediaCodec: cannot update non-existing codec: c2.rk.vp9.decoder at line 118 of /vendor/etc/media_codecs_performance.xml
05-15 10:51:44.239 519 519 D MediaCodecsXmlParser: MediaCodec: cannot update non-existing codec: c2.android.avc.decoder at line 125 of /vendor/etc/media_codecs_performance.xml
05-15 10:51:44.239 519 519 D MediaCodecsXmlParser: MediaCodec: cannot update non-existing codec: c2.android.hevc.decoder at line 131 of /vendor/etc/media_codecs_performance.xml
05-15 10:51:44.239 519 519 D MediaCodecsXmlParser: MediaCodec: cannot update non-existing codec: c2.android.h263.decoder at line 137 of /vendor/etc/media_codecs_performance.xml
05-15 10:51:44.239 519 519 D MediaCodecsXmlParser: MediaCodec: cannot update non-existing codec: c2.android.mpeg4.decoder at line 141 of /vendor/etc/media_codecs_performance.xml
05-15 10:51:44.239 519 519 D MediaCodecsXmlParser: MediaCodec: cannot update non-existing codec: c2.android.vp8.decoder at line 144 of /vendor/etc/media_codecs_performance.xml
05-15 10:51:44.239 519 519 D MediaCodecsXmlParser: MediaCodec: cannot update non-existing codec: c2.android.vp9.decoder at line 150 of /vendor/etc/media_codecs_performance.xml
05-15 10:51:44.239 519 519 I MediaCodecsXmlParser: Did not find media_codecs_shaping.xml in search path
05-15 10:51:44.239 519 519 I HidlServiceManagement: Registered android.hardware.media.omx@1.0::IOmx/default
05-15 10:51:44.239 519 519 I HidlServiceManagement: Removing namespace from process name android.hardware.media.omx@1.0-service to omx@1.0-service.
05-15 10:51:44.240 519 519 I android.hardware.media.omx@1.0-service: IOmx HAL service created.
05-15 10:51:44.240 519 519 I OmxStore: omx common prefix: 'OMX.google.'
05-15 10:51:44.240 519 519 D MediaCodecsXmlParser: parsing /vendor/etc/media_codecs.xml...
05-15 10:51:44.240 519 519 D MediaCodecsXmlParser: parsing /vendor/etc/media_codecs_google_audio.xml...
05-15 10:51:44.240 519 519 D MediaCodecsXmlParser: parsing /vendor/etc/media_codecs_google_video.xml...
05-15 10:51:44.240 519 519 D MediaCodecsXmlParser: parsing /vendor/etc/media_codecs_performance.xml...
05-15 10:51:44.240 519 519 D MediaCodecsXmlParser: MediaCodec: cannot update non-existing codec: c2.android.h263.encoder at line 36 of /vendor/etc/media_codecs_performance.xml
05-15 10:51:44.240 519 519 D MediaCodecsXmlParser: MediaCodec: cannot update non-existing codec: c2.android.mpeg4.encoder at line 39 of /vendor/etc/media_codecs_performance.xml
05-15 10:51:44.240 519 519 D MediaCodecsXmlParser: MediaCodec: cannot update non-existing codec: c2.android.avc.encoder at line 42 of /vendor/etc/media_codecs_performance.xml
05-15 10:51:44.240 519 519 D MediaCodecsXmlParser: MediaCodec: cannot update non-existing codec: c2.android.vp8.encoder at line 46 of /vendor/etc/media_codecs_performance.xml
05-15 10:51:44.240 519 519 D MediaCodecsXmlParser: MediaCodec: cannot update non-existing codec: c2.rk.avc.encoder at line 51 of /vendor/etc/media_codecs_performance.xml
05-15 10:51:44.240 519 519 D MediaCodecsXmlParser: MediaCodec: cannot update non-existing codec: c2.rk.hevc.encoder at line 57 of /vendor/etc/media_codecs_performance.xml
05-15 10:51:44.240 519 519 D MediaCodecsXmlParser: MediaCodec: cannot update non-existing codec: c2.rk.avc.decoder at line 90 of /vendor/etc/media_codecs_performance.xml
05-15 10:51:44.240 519 519 D MediaCodecsXmlParser: MediaCodec: cannot update non-existing codec: c2.rk.vp8.decoder at line 97 of /vendor/etc/media_codecs_performance.xml
05-15 10:51:44.240 519 519 D MediaCodecsXmlParser: MediaCodec: cannot update non-existing codec: c2.rk.h263.decoder at line 103 of /vendor/etc/media_codecs_performance.xml
05-15 10:51:44.240 519 519 D MediaCodecsXmlParser: MediaCodec: cannot update non-existing codec: c2.rk.m4v.decoder at line 107 of /vendor/etc/media_codecs_performance.xml
05-15 10:51:44.240 519 519 D MediaCodecsXmlParser: MediaCodec: cannot update non-existing codec: c2.rk.hevc.decoder at line 110 of /vendor/etc/media_codecs_performance.xml
05-15 10:51:44.240 519 519 D MediaCodecsXmlParser: MediaCodec: cannot update non-existing codec: c2.rk.vp9.decoder at line 118 of /vendor/etc/media_codecs_performance.xml
05-15 10:51:44.240 519 519 D MediaCodecsXmlParser: MediaCodec: cannot update non-existing codec: c2.android.avc.decoder at line 125 of /vendor/etc/media_codecs_performance.xml
05-15 10:51:44.240 519 519 D MediaCodecsXmlParser: MediaCodec: cannot update non-existing codec: c2.android.hevc.decoder at line 131 of /vendor/etc/media_codecs_performance.xml
05-15 10:51:44.241 519 519 D MediaCodecsXmlParser: MediaCodec: cannot update non-existing codec: c2.android.h263.decoder at line 137 of /vendor/etc/media_codecs_performance.xml
05-15 10:51:44.241 519 519 D MediaCodecsXmlParser: MediaCodec: cannot update non-existing codec: c2.android.mpeg4.decoder at line 141 of /vendor/etc/media_codecs_performance.xml
05-15 10:51:44.241 519 519 D MediaCodecsXmlParser: MediaCodec: cannot update non-existing codec: c2.android.vp8.decoder at line 144 of /vendor/etc/media_codecs_performance.xml
05-15 10:51:44.241 519 519 D MediaCodecsXmlParser: MediaCodec: cannot update non-existing codec: c2.android.vp9.decoder at line 150 of /vendor/etc/media_codecs_performance.xml
05-15 10:51:44.241 519 519 I MediaCodecsXmlParser: Did not find media_codecs_shaping.xml in search path
05-15 10:51:44.241 457 457 I BufferProvider: found effect "Multichannel Downmix To Stereo" from The Android Open Source Project
