05-15 10:51:48.184 777 777 W ResourcesManager: at android.app.ActivityThread.handleBindApplication(ActivityThread.java:6747)
05-15 10:51:48.184 777 777 W ResourcesManager: at android.app.ActivityThread.access$1500(ActivityThread.java:256)
05-15 10:51:48.184 777 777 W ResourcesManager: at android.app.ActivityThread$H.handleMessage(ActivityThread.java:2091)
05-15 10:51:48.184 777 777 W ResourcesManager: at android.os.Handler.dispatchMessage(Handler.java:106)
05-15 10:51:48.184 777 777 W ResourcesManager: at android.os.Looper.loopOnce(Looper.java:201)
05-15 10:51:48.184 777 777 W ResourcesManager: at android.os.Looper.loop(Looper.java:288)
05-15 10:51:48.184 777 777 W ResourcesManager: at android.app.ActivityThread.main(ActivityThread.java:7870)
05-15 10:51:48.184 777 777 W ResourcesManager: at java.lang.reflect.Method.invoke(Native Method)
05-15 10:51:48.184 777 777 W ResourcesManager: at com.android.internal.os.RuntimeInit$MethodAndArgsCaller.run(RuntimeInit.java:548)
05-15 10:51:48.184 777 777 W ResourcesManager: at com.android.internal.os.ZygoteInit.main(ZygoteInit.java:1003)
05-15 10:51:48.195 621 669 E AppHibernationService: Attempt to call isHibernatingForUser on stopped or nonexistent user 0
05-15 10:51:48.196 909 909 I SecureElementService: main onCreate
05-15 10:51:48.197 909 909 I SecureElementService: Check if terminal eSE1 is available.
05-15 10:51:48.197 282 282 I hwservicemanager: getTransport: Cannot find entry android.hardware.secure_element@1.2::ISecureElement/eSE1 in either framework or device VINTF manifest.
05-15 10:51:48.198 909 909 D SecureElement-Terminal-eSE1: SE Hal V1.2 is not supported
05-15 10:51:48.198 282 282 I hwservicemanager: getTransport: Cannot find entry android.hardware.secure_element@1.1::ISecureElement/eSE1 in either framework or device VINTF manifest.
05-15 10:51:48.198 909 909 D SecureElement-Terminal-eSE1: SE Hal V1.1 is not supported
05-15 10:51:48.198 282 282 I hwservicemanager: getTransport: Cannot find entry android.hardware.secure_element@1.0::ISecureElement/eSE1 in either framework or device VINTF manifest.
05-15 10:51:48.198 909 909 I SecureElementService: No HAL implementation for eSE1
05-15 10:51:48.198 909 909 I SecureElementService: Check if terminal SIM1 is available.
05-15 10:51:48.198 282 282 I hwservicemanager: getTransport: Cannot find entry android.hardware.secure_element@1.2::ISecureElement/SIM1 in either framework or device VINTF manifest.
05-15 10:51:48.198 909 909 D SecureElement-Terminal-SIM1: SE Hal V1.2 is not supported
05-15 10:51:48.198 282 282 I hwservicemanager: getTransport: Cannot find entry android.hardware.secure_element@1.1::ISecureElement/SIM1 in either framework or device VINTF manifest.
05-15 10:51:48.198 909 909 D SecureElement-Terminal-SIM1: SE Hal V1.1 is not supported
05-15 10:51:48.198 282 282 I hwservicemanager: getTransport: Cannot find entry android.hardware.secure_element@1.0::ISecureElement/SIM1 in either framework or device VINTF manifest.
05-15 10:51:48.199 909 909 I SecureElementService: No HAL implementation for SIM1
05-15 10:51:48.204 621 621 E system_server: Invalid Idmap file: bad magic value (was 0x00000000, expected 0x504d4449)
05-15 10:51:48.204 621 621 E system_server: failed to load IDMAP /data/resource-cache/data@resource-cache@com.android.systemui-neutral-TLBr.frro@idmap
05-15 10:51:48.205 621 621 W ResourcesManager: failed to preload asset path '/data/resource-cache/com.android.systemui-neutral-TLBr.frro'
05-15 10:51:48.205 621 621 W ResourcesManager: java.io.IOException: Failed to load asset path /data/resource-cache/data@resource-cache@com.android.systemui-neutral-TLBr.frro@idmap
05-15 10:51:48.205 621 621 W ResourcesManager: at android.content.res.ApkAssets.nativeLoad(Native Method)
05-15 10:51:48.205 621 621 W ResourcesManager: at android.content.res.ApkAssets.(ApkAssets.java:295)
05-15 10:51:48.205 621 621 W ResourcesManager: at android.content.res.ApkAssets.loadOverlayFromPath(ApkAssets.java:215)
05-15 10:51:48.205 621 621 W ResourcesManager: at android.app.ResourcesManager.loadApkAssets(ResourcesManager.java:466)
05-15 10:51:48.205 621 621 W ResourcesManager: at android.app.ResourcesManager.access$000(ResourcesManager.java:85)
05-15 10:51:48.205 621 621 W ResourcesManager: at android.app.ResourcesManager$ApkAssetsSupplier.load(ResourcesManager.java:182)
05-15 10:51:48.205 621 621 W ResourcesManager: at android.app.ResourcesManager.createApkAssetsSupplierNotLocked(ResourcesManager.java:1035)
05-15 10:51:48.205 621 621 W ResourcesManager: at android.app.ResourcesManager.getResources(ResourcesManager.java:1156)
05-15 10:51:48.205 621 621 W ResourcesManager: at android.app.LoadedApk.getResources(LoadedApk.java:1307)
05-15 10:51:48.205 621 621 W ResourcesManager: at android.app.LoadedApk.getAssets(LoadedApk.java:1289)
05-15 10:51:48.205 621 621 W ResourcesManager: at android.app.LoadedApk.makeApplication(LoadedApk.java:1341)
05-15 10:51:48.205 621 621 W ResourcesManager: at android.app.ActivityThread.handleCreateService(ActivityThread.java:4527)
05-15 10:51:48.205 621 621 W ResourcesManager: at android.app.ActivityThread.access$1700(ActivityThread.java:256)
05-15 10:51:48.205 621 621 W ResourcesManager: at android.app.ActivityThread$H.handleMessage(ActivityThread.java:2110)
05-15 10:51:48.205 621 621 W ResourcesManager: at android.os.Handler.dispatchMessage(Handler.java:106)
05-15 10:51:48.205 621 621 W ResourcesManager: at android.os.Looper.loopOnce(Looper.java:201)
05-15 10:51:48.205 621 621 W ResourcesManager: at android.os.Looper.loop(Looper.java:288)
05-15 10:51:48.205 621 621 W ResourcesManager: at com.android.server.SystemServer.run(SystemServer.java:914)
05-15 10:51:48.205 621 621 W ResourcesManager: at com.android.server.SystemServer.main(SystemServer.java:623)
05-15 10:51:48.205 621 621 W ResourcesManager: at java.lang.reflect.Method.invoke(Native Method)
05-15 10:51:48.205 621 621 W ResourcesManager: at com.android.internal.os.RuntimeInit$MethodAndArgsCaller.run(RuntimeInit.java:548)
05-15 10:51:48.205 621 621 W ResourcesManager: at com.android.internal.os.ZygoteInit.main(ZygoteInit.java:981)
05-15 10:51:48.205 621 621 E system_server: Invalid Idmap file: bad magic value (was 0x00000000, expected 0x504d4449)
05-15 10:51:48.205 621 621 E system_server: failed to load IDMAP /data/resource-cache/data@resource-cache@com.android.systemui-accent-b2QH.frro@idmap
05-15 10:51:48.205 621 621 W ResourcesManager: failed to preload asset path '/data/resource-cache/com.android.systemui-accent-b2QH.frro'
05-15 10:51:48.205 621 621 W ResourcesManager: java.io.IOException: Failed to load asset path /data/resource-cache/data@resource-cache@com.android.systemui-accent-b2QH.frro@idmap
05-15 10:51:48.205 621 621 W ResourcesManager: at android.content.res.ApkAssets.nativeLoad(Native Method)
05-15 10:51:48.205 621 621 W ResourcesManager: at android.content.res.ApkAssets.(ApkAssets.java:295)
05-15 10:51:48.205 621 621 W ResourcesManager: at android.content.res.ApkAssets.loadOverlayFromPath(ApkAssets.java:215)
05-15 10:51:48.205 621 621 W ResourcesManager: at android.app.ResourcesManager.loadApkAssets(ResourcesManager.java:466)
05-15 10:51:48.205 621 621 W ResourcesManager: at android.app.ResourcesManager.access$000(ResourcesManager.java:85)
05-15 10:51:48.205 621 621 W ResourcesManager: at android.app.ResourcesManager$ApkAssetsSupplier.load(ResourcesManager.java:182)
05-15 10:51:48.205 621 621 W ResourcesManager: at android.app.ResourcesManager.createApkAssetsSupplierNotLocked(ResourcesManager.java:1035)
05-15 10:51:48.205 621 621 W ResourcesManager: at android.app.ResourcesManager.getResources(ResourcesManager.java:1156)
05-15 10:51:48.205 621 621 W ResourcesManager: at android.app.LoadedApk.getResources(LoadedApk.java:1307)
05-15 10:51:48.205 621 621 W ResourcesManager: at android.app.LoadedApk.getAssets(LoadedApk.java:1289)
05-15 10:51:48.205 621 621 W ResourcesManager: at android.app.LoadedApk.makeApplication(LoadedApk.java:1341)
05-15 10:51:48.205 621 621 W ResourcesManager: at android.app.ActivityThread.handleCreateService(ActivityThread.java:4527)
05-15 10:51:48.205 621 621 W ResourcesManager: at android.app.ActivityThread.access$1700(ActivityThread.java:256)
05-15 10:51:48.205 621 621 W ResourcesManager: at android.app.ActivityThread$H.handleMessage(ActivityThread.java:2110)
05-15 10:51:48.205 621 621 W ResourcesManager: at android.os.Handler.dispatchMessage(Handler.java:106)
05-15 10:51:48.205 621 621 W ResourcesManager: at android.os.Looper.loopOnce(Looper.java:201)
05-15 10:51:48.205 621 621 W ResourcesManager: at android.os.Looper.loop(Looper.java:288)
05-15 10:51:48.205 621 621 W ResourcesManager: at com.android.server.SystemServer.run(SystemServer.java:914)
05-15 10:51:48.205 621 621 W ResourcesManager: at com.android.server.SystemServer.main(SystemServer.java:623)
05-15 10:51:48.205 621 621 W ResourcesManager: at java.lang.reflect.Method.invoke(Native Method)
05-15 10:51:48.205 621 621 W ResourcesManager: at com.android.internal.os.RuntimeInit$MethodAndArgsCaller.run(RuntimeInit.java:548)
05-15 10:51:48.205 621 621 W ResourcesManager: at com.android.internal.os.ZygoteInit.main(ZygoteInit.java:981)
05-15 10:51:48.205 621 621 E system_server: Invalid Idmap file: bad magic value (was 0x00000000, expected 0x504d4449)
05-15 10:51:48.205 621 621 E system_server: failed to load IDMAP /data/resource-cache/data@resource-cache@com.android.systemui-neutral-TLBr.frro@idmap
05-15 10:51:48.205 621 621 W ResourcesManager: failed to add overlay path '/data/resource-cache/com.android.systemui-neutral-TLBr.frro'
05-15 10:51:48.205 621 621 W ResourcesManager: java.io.IOException: Failed to load asset path /data/resource-cache/data@resource-cache@com.android.systemui-neutral-TLBr.frro@idmap
05-15 10:51:48.205 621 621 W ResourcesManager: at android.content.res.ApkAssets.nativeLoad(Native Method)
05-15 10:51:48.205 621 621 W ResourcesManager: at android.content.res.ApkAssets.(ApkAssets.java:295)
05-15 10:51:48.205 621 621 W ResourcesManager: at android.content.res.ApkAssets.loadOverlayFromPath(ApkAssets.java:215)
05-15 10:51:48.205 621 621 W ResourcesManager: at android.app.ResourcesManager.loadApkAssets(ResourcesManager.java:466)
05-15 10:51:48.205 621 621 W ResourcesManager: at android.app.ResourcesManager.access$000(ResourcesManager.java:85)
05-15 10:51:48.205 621 621 W ResourcesManager: at android.app.ResourcesManager$ApkAssetsSupplier.load(ResourcesManager.java:182)
05-15 10:51:48.205 621 621 W ResourcesManager: at android.app.ResourcesManager.createAssetManager(ResourcesManager.java:544)
05-15 10:51:48.205 621 621 W ResourcesManager: at android.app.ResourcesManager.createResourcesImpl(ResourcesManager.java:626)
05-15 10:51:48.205 621 621 W ResourcesManager: at android.app.ResourcesManager.findOrCreateResourcesImplForKeyLocked(ResourcesManager.java:719)
05-15 10:51:48.205 621 621 W ResourcesManager: at android.app.ResourcesManager.createResources(ResourcesManager.java:1066)
05-15 10:51:48.205 621 621 W ResourcesManager: at android.app.ResourcesManager.getResources(ResourcesManager.java:1169)
05-15 10:51:48.205 621 621 W ResourcesManager: at android.app.LoadedApk.getResources(LoadedApk.java:1307)
05-15 10:51:48.205 621 621 W ResourcesManager: at android.app.LoadedApk.getAssets(LoadedApk.java:1289)
05-15 10:51:48.205 621 621 W ResourcesManager: at android.app.LoadedApk.makeApplication(LoadedApk.java:1341)
05-15 10:51:48.205 621 621 W ResourcesManager: at android.app.ActivityThread.handleCreateService(ActivityThread.java:4527)
05-15 10:51:48.205 621 621 W ResourcesManager: at android.app.ActivityThread.access$1700(ActivityThread.java:256)
05-15 10:51:48.205 621 621 W ResourcesManager: at android.app.ActivityThread$H.handleMessage(ActivityThread.java:2110)
05-15 10:51:48.205 621 621 W ResourcesManager: at android.os.Handler.dispatchMessage(Handler.java:106)
05-15 10:51:48.205 621 621 W ResourcesManager: at android.os.Looper.loopOnce(Looper.java:201)
05-15 10:51:48.205 621 621 W ResourcesManager: at android.os.Looper.loop(Looper.java:288)
05-15 10:51:48.205 621 621 W ResourcesManager: at com.android.server.SystemServer.run(SystemServer.java:914)
05-15 10:51:48.205 621 621 W ResourcesManager: at com.android.server.SystemServer.main(SystemServer.java:623)
05-15 10:51:48.205 621 621 W ResourcesManager: at java.lang.reflect.Method.invoke(Native Method)
05-15 10:51:48.205 621 621 W ResourcesManager: at com.android.internal.os.RuntimeInit$MethodAndArgsCaller.run(RuntimeInit.java:548)
05-15 10:51:48.205 621 621 W ResourcesManager: at com.android.internal.os.ZygoteInit.main(ZygoteInit.java:981)
05-15 10:51:48.205 621 621 E system_server: Invalid Idmap file: bad magic value (was 0x00000000, expected 0x504d4449)
05-15 10:51:48.205 621 621 E system_server: failed to load IDMAP /data/resource-cache/data@resource-cache@com.android.systemui-accent-b2QH.frro@idmap
05-15 10:51:48.205 621 621 W ResourcesManager: failed to add overlay path '/data/resource-cache/com.android.systemui-accent-b2QH.frro'
05-15 10:51:48.205 621 621 W ResourcesManager: java.io.IOException: Failed to load asset path /data/resource-cache/data@resource-cache@com.android.systemui-accent-b2QH.frro@idmap
05-15 10:51:48.205 621 621 W ResourcesManager: at android.content.res.ApkAssets.nativeLoad(Native Method)
05-15 10:51:48.205 621 621 W ResourcesManager: at android.content.res.ApkAssets.(ApkAssets.java:295)
05-15 10:51:48.205 621 621 W ResourcesManager: at android.content.res.ApkAssets.loadOverlayFromPath(ApkAssets.java:215)
05-15 10:51:48.205 621 621 W ResourcesManager: at android.app.ResourcesManager.loadApkAssets(ResourcesManager.java:466)
05-15 10:51:48.205 621 621 W ResourcesManager: at android.app.ResourcesManager.access$000(ResourcesManager.java:85)
05-15 10:51:48.205 621 621 W ResourcesManager: at android.app.ResourcesManager$ApkAssetsSupplier.load(ResourcesManager.java:182)
05-15 10:51:48.205 621 621 W ResourcesManager: at android.app.ResourcesManager.createAssetManager(ResourcesManager.java:544)
05-15 10:51:48.205 621 621 W ResourcesManager: at android.app.ResourcesManager.createResourcesImpl(ResourcesManager.java:626)
05-15 10:51:48.205 621 621 W ResourcesManager: at android.app.ResourcesManager.findOrCreateResourcesImplForKeyLocked(ResourcesManager.java:719)
05-15 10:51:48.205 621 621 W ResourcesManager: at android.app.ResourcesManager.createResources(ResourcesManager.java:1066)
05-15 10:51:48.205 621 621 W ResourcesManager: at android.app.ResourcesManager.getResources(ResourcesManager.java:1169)
05-15 10:51:48.205 621 621 W ResourcesManager: at android.app.LoadedApk.getResources(LoadedApk.java:1307)
05-15 10:51:48.205 621 621 W ResourcesManager: at android.app.LoadedApk.getAssets(LoadedApk.java:1289)
05-15 10:51:48.205 621 621 W ResourcesManager: at android.app.LoadedApk.makeApplication(LoadedApk.java:1341)
05-15 10:51:48.205 621 621 W ResourcesManager: at android.app.ActivityThread.handleCreateService(ActivityThread.java:4527)
05-15 10:51:48.205 621 621 W ResourcesManager: at android.app.ActivityThread.access$1700(ActivityThread.java:256)
05-15 10:51:48.205 621 621 W ResourcesManager: at android.app.ActivityThread$H.handleMessage(ActivityThread.java:2110)
05-15 10:51:48.205 621 621 W ResourcesManager: at android.os.Handler.dispatchMessage(Handler.java:106)
05-15 10:51:48.205 621 621 W ResourcesManager: at android.os.Looper.loopOnce(Looper.java:201)
05-15 10:51:48.205 621 621 W ResourcesManager: at android.os.Looper.loop(Looper.java:288)
05-15 10:51:48.205 621 621 W ResourcesManager: at com.android.server.SystemServer.run(SystemServer.java:914)
05-15 10:51:48.205 621 621 W ResourcesManager: at com.android.server.SystemServer.main(SystemServer.java:623)
05-15 10:51:48.205 621 621 W ResourcesManager: at java.lang.reflect.Method.invoke(Native Method)
05-15 10:51:48.205 621 621 W ResourcesManager: at com.android.internal.os.RuntimeInit$MethodAndArgsCaller.run(RuntimeInit.java:548)
05-15 10:51:48.205 621 621 W ResourcesManager: at com.android.internal.os.ZygoteInit.main(ZygoteInit.java:981)
05-15 10:51:48.206 621 621 D NetworkSecurityConfig: No Network Security Config specified, using platform default
05-15 10:51:48.206 621 621 D NetworkSecurityConfig: No Network Security Config specified, using platform default
05-15 10:51:48.206 621 621 I PackageWatchdog: Syncing health check requests for packages: {}
05-15 10:51:48.206 621 621 I ExplicitHealthCheckController: Service not ready to get health check supported packages. Binding...
05-15 10:51:48.207 621 669 E AppHibernationService: Attempt to call isHibernatingForUser on stopped or nonexistent user 0
05-15 10:51:48.207 621 621 I ExplicitHealthCheckController: Explicit health check service is bound
05-15 10:51:48.209 621 732 D RkNativeDisplayManager: nativeInit failed to get IRkOutputManager
05-15 10:51:48.213 452 486 W hwc-drm-connector: Could not get color_depth property
05-15 10:51:48.213 452 486 W hwc-drm-connector: color_depth_property_: name 0
05-15 10:51:48.214 452 486 W hwc-drm-connector: Could not get color_format property
05-15 10:51:48.214 452 486 W hwc-drm-connector: UpdateModes Could not get color_format_caps property
05-15 10:51:48.214 452 486 W hwc-drm-connector: UpdateModes Could not get hdmi_output_colorimetry property
05-15 10:51:48.214 452 486 W hwc-drm-connector: UpdateModes Could not get color_depth_caps property
05-15 10:51:53.924 569 569 I gc08a3 7-0031: gc08a3_s_power(1536) on(0)
05-15 10:51:53.925 569 569 I gc08a3 7-0031: gc08a3_g_mbus_config(1722) enter!
05-15 10:51:53.925 569 569 E rockchip-csi2-dphy csi2-dcphy0: csi2_dphy_update_sensor_mbus fail to get dphy param, used default value
05-15 10:51:53.925 569 569 I gc08a3 7-0031: gc08a3_g_mbus_config(1722) enter!
05-15 10:51:53.925 569 569 I gc08a3 7-0031: gc08a3_s_power(1536) on(1)
05-15 10:51:48.214 452 486 W hwc-drm-connector: UpdateModes Could not get hdmi_output_format property
05-15 10:51:48.214 452 486 D hw_output: old_state 1 cur_state 1 conn->get_type() 16
05-15 10:51:48.214 452 486 W hwc-drm-connector: color_depth_property_: name 0
05-15 10:51:48.214 452 486 D hw_output: old_state 2 cur_state 2 conn->get_type() 10
05-15 10:51:48.214 452 486 D hw_output: encoderId1: 404
05-15 10:51:48.214 452 486 D hw_output: crtc: 87 0 foundHdmi 0 2222
05-15 10:51:48.217 621 691 E NativeTombstoneManager: Tombstone's UID (1000) not an app, ignoring
05-15 10:51:48.231 418 418 I netd : trafficSwapActiveStatsMap() <39.05ms>
05-15 10:51:48.232 418 418 I netd : tetherGetStats() -> {[]} <0.54ms>
05-15 10:51:48.233 621 646 I netstats_mobile_sample: [0,0,0,0,0,0,0,0,0,0,0,0,1747277508233]
05-15 10:51:48.233 621 646 I netstats_wifi_sample: [0,0,0,0,0,0,0,0,0,0,0,0,1747277508233]
05-15 10:51:48.240 777 777 E ndroid.systemu: Invalid Idmap file: bad magic value (was 0x00000000, expected 0x504d4449)
05-15 10:51:48.240 777 777 E ndroid.systemu: failed to load IDMAP /data/resource-cache/data@resource-cache@com.android.systemui-neutral-TLBr.frro@idmap
05-15 10:51:48.240 940 940 E roid.eben.prox: Invalid Idmap file: bad magic value (was 0x00000000, expected 0x504d4449)
05-15 10:51:48.240 940 940 E roid.eben.prox: failed to load IDMAP /data/resource-cache/data@resource-cache@com.android.systemui-neutral-TLBr.frro@idmap
05-15 10:51:48.240 777 777 W ResourcesManager: failed to preload asset path '/data/resource-cache/com.android.systemui-neutral-TLBr.frro'
05-15 10:51:48.240 777 777 W ResourcesManager: java.io.IOException: Failed to load asset path /data/resource-cache/data@resource-cache@com.android.systemui-neutral-TLBr.frro@idmap
05-15 10:51:48.240 777 777 W ResourcesManager: at android.content.res.ApkAssets.nativeLoad(Native Method)
05-15 10:51:48.240 777 777 W ResourcesManager: at android.content.res.ApkAssets.(ApkAssets.java:295)
05-15 10:51:48.240 777 777 W ResourcesManager: at android.content.res.ApkAssets.loadOverlayFromPath(ApkAssets.java:215)
05-15 10:51:48.240 777 777 W ResourcesManager: at android.app.ResourcesManager.loadApkAssets(ResourcesManager.java:466)
05-15 10:51:48.240 777 777 W ResourcesManager: at android.app.ResourcesManager.access$000(ResourcesManager.java:85)
05-15 10:51:48.240 777 777 W ResourcesManager: at android.app.ResourcesManager$ApkAssetsSupplier.load(ResourcesManager.java:182)
05-15 10:51:48.240 777 777 W ResourcesManager: at android.app.ResourcesManager.createApkAssetsSupplierNotLocked(ResourcesManager.java:1035)
05-15 10:51:48.240 777 777 W ResourcesManager: at android.app.ResourcesManager.getResources(ResourcesManager.java:1156)
05-15 10:51:48.240 777 777 W ResourcesManager: at android.app.ContextImpl.createResources(ContextImpl.java:2463)
05-15 10:51:48.240 777 777 W ResourcesManager: at android.app.ContextImpl.createPackageContextAsUser(ContextImpl.java:2533)
05-15 10:51:48.240 777 777 W ResourcesManager: at android.app.ContextImpl.createContextAsUser(ContextImpl.java:2548)
05-15 10:51:48.240 777 777 W ResourcesManager: at android.content.ContextWrapper.createContextAsUser(ContextWrapper.java:1013)
05-15 10:51:48.240 777 777 W ResourcesManager: at com.android.systemui.settings.UserTrackerImpl.setUserIdInternal(UserTrackerImpl.kt:134)
05-15 10:51:48.240 777 777 W ResourcesManager: at com.android.systemui.settings.UserTrackerImpl.initialize(UserTrackerImpl.kt:108)
05-15 10:51:48.240 777 777 W ResourcesManager: at com.android.systemui.settings.dagger.SettingsModule.provideUserTracker(SettingsModule.java:62)
05-15 10:51:48.240 777 777 W ResourcesManager: at com.android.systemui.settings.dagger.SettingsModule_ProvideUserTrackerFactory.provideUserTracker(SettingsModule_ProvideUserTrackerFactory.java:52)
05-15 10:51:48.240 777 777 W ResourcesManager: at com.android.systemui.settings.dagger.SettingsModule_ProvideUserTrackerFactory.get(SettingsModule_ProvideUserTrackerFactory.java:41)
05-15 10:51:48.240 777 777 W ResourcesManager: at com.android.systemui.settings.dagger.SettingsModule_ProvideUserTrackerFactory.get(SettingsModule_ProvideUserTrackerFactory.java:13)
05-15 10:51:48.240 777 777 W ResourcesManager: at dagger.internal.DoubleCheck.get(DoubleCheck.java:47)
05-15 10:51:48.240 777 777 W ResourcesManager: at com.android.systemui.dagger.DependencyProvider_ProvidesBroadcastDispatcherFactory.get(DependencyProvider_ProvidesBroadcastDispatcherFactory.java:54)
05-15 10:51:48.240 777 777 W ResourcesManager: at com.android.systemui.dagger.DependencyProvider_ProvidesBroadcastDispatcherFactory.get(DependencyProvider_ProvidesBroadcastDispatcherFactory.java:15)
05-15 10:51:48.240 777 777 W ResourcesManager: at dagger.internal.DoubleCheck.get(DoubleCheck.java:47)
05-15 10:51:48.240 777 777 W ResourcesManager: at com.android.systemui.dagger.SystemUIDefaultModule_ProvideBatteryControllerFactory.get(SystemUIDefaultModule_ProvideBatteryControllerFactory.java:55)
05-15 10:51:48.240 777 777 W ResourcesManager: at com.android.systemui.dagger.SystemUIDefaultModule_ProvideBatteryControllerFactory.get(SystemUIDefaultModule_ProvideBatteryControllerFactory.java:15)
05-15 10:51:48.240 777 777 W ResourcesManager: at dagger.internal.DoubleCheck.get(DoubleCheck.java:47)
05-15 10:51:48.240 777 777 W ResourcesManager: at com.android.systemui.statusbar.phone.DozeParameters_Factory.get(DozeParameters_Factory.java:78)
05-15 10:51:48.240 777 777 W ResourcesManager: at com.android.systemui.statusbar.phone.DozeParameters_Factory.get(DozeParameters_Factory.java:18)
05-15 10:51:48.240 777 777 W ResourcesManager: at dagger.internal.DoubleCheck.get(DoubleCheck.java:47)
05-15 10:51:48.240 777 777 W ResourcesManager: at dagger.internal.DelegateFactory.get(DelegateFactory.java:36)
05-15 10:51:48.240 777 777 W ResourcesManager: at com.android.systemui.dagger.DaggerGlobalRootComponent$SysUIComponentImpl.injectKeyguardSliceProvider(DaggerGlobalRootComponent.java:4307)
05-15 10:51:48.240 777 777 W ResourcesManager: at com.android.systemui.dagger.DaggerGlobalRootComponent$SysUIComponentImpl.inject(DaggerGlobalRootComponent.java:4287)
05-15 10:51:48.240 777 777 W ResourcesManager: at java.lang.reflect.Method.invoke(Native Method)
05-15 10:51:48.240 777 777 W ResourcesManager: at com.android.systemui.SystemUIAppComponentFactory.lambda$instantiateProviderCompat$1(SystemUIAppComponentFactory.java:94)
05-15 10:51:48.240 777 777 W ResourcesManager: at com.android.systemui.SystemUIAppComponentFactory.$r8$lambda$qcrPqG7eXiVK_IrWSM3yDqdi2js(Unknown Source:0)
05-15 10:51:48.240 777 777 W ResourcesManager: at com.android.systemui.SystemUIAppComponentFactory$$ExternalSyntheticLambda0.onContextAvailable(Unknown Source:2)
05-15 10:51:48.240 777 777 W ResourcesManager: at com.android.systemui.keyguard.KeyguardSliceProvider.onCreateSliceProvider(KeyguardSliceProvider.java:304)
05-15 10:51:48.240 777 777 W ResourcesManager: at androidx.slice.SliceProvider.onCreate(SliceProvider.java:211)
05-15 10:51:48.240 777 777 W ResourcesManager: at android.content.ContentProvider.attachInfo(ContentProvider.java:2404)
05-15 10:51:48.240 777 777 W ResourcesManager: at android.content.ContentProvider.attachInfo(ContentProvider.java:2374)
05-15 10:51:48.240 777 777 W ResourcesManager: at androidx.slice.SliceProvider.attachInfo(SliceProvider.java:250)
05-15 10:51:48.240 777 777 W ResourcesManager: at androidx.slice.compat.SliceProviderWrapperContainer$SliceProviderWrapper.attachInfo(SliceProviderWrapperContainer.java:74)
05-15 10:51:48.240 777 777 W ResourcesManager: at android.app.ActivityThread.installProvider(ActivityThread.java:7459)
05-15 10:51:48.240 777 777 W ResourcesManager: at android.app.ActivityThread.installContentProviders(ActivityThread.java:6976)
05-15 10:51:48.240 777 777 W ResourcesManager: at android.app.ActivityThread.handleBindApplication(ActivityThread.java:6747)
05-15 10:51:48.240 777 777 W ResourcesManager: at android.app.ActivityThread.access$1500(ActivityThread.java:256)
05-15 10:51:48.240 777 777 W ResourcesManager: at android.app.ActivityThread$H.handleMessage(ActivityThread.java:2091)
05-15 10:51:48.240 777 777 W ResourcesManager: at android.os.Handler.dispatchMessage(Handler.java:106)
05-15 10:51:48.240 777 777 W ResourcesManager: at android.os.Looper.loopOnce(Looper.java:201)
05-15 10:51:48.240 777 777 W ResourcesManager: at android.os.Looper.loop(Looper.java:288)
05-15 10:51:48.240 777 777 W ResourcesManager: at android.app.ActivityThread.main(ActivityThread.java:7870)
05-15 10:51:48.240 777 777 W ResourcesManager: at java.lang.reflect.Method.invoke(Native Method)
05-15 10:51:48.240 777 777 W ResourcesManager: at com.android.internal.os.RuntimeInit$MethodAndArgsCaller.run(RuntimeInit.java:548)
05-15 10:51:48.240 777 777 W ResourcesManager: at com.android.internal.os.ZygoteInit.main(ZygoteInit.java:1003)
05-15 10:51:48.240 777 777 E ndroid.systemu: Invalid Idmap file: bad magic value (was 0x00000000, expected 0x504d4449)
05-15 10:51:48.240 777 777 E ndroid.systemu: failed to load IDMAP /data/resource-cache/data@resource-cache@com.android.systemui-accent-b2QH.frro@idmap
05-15 10:51:48.240 777 777 W ResourcesManager: failed to preload asset path '/data/resource-cache/com.android.systemui-accent-b2QH.frro'
05-15 10:51:48.240 777 777 W ResourcesManager: java.io.IOException: Failed to load asset path /data/resource-cache/data@resource-cache@com.android.systemui-accent-b2QH.frro@idmap
05-15 10:51:48.240 777 777 W ResourcesManager: at android.content.res.ApkAssets.nativeLoad(Native Method)
05-15 10:51:48.240 777 777 W ResourcesManager: at android.content.res.ApkAssets.(ApkAssets.java:295)
05-15 10:51:48.240 777 777 W ResourcesManager: at android.content.res.ApkAssets.loadOverlayFromPath(ApkAssets.java:215)
05-15 10:51:48.240 777 777 W ResourcesManager: at android.app.ResourcesManager.loadApkAssets(ResourcesManager.java:466)
05-15 10:51:48.240 777 777 W ResourcesManager: at android.app.ResourcesManager.access$000(ResourcesManager.java:85)
05-15 10:51:48.240 777 777 W ResourcesManager: at android.app.ResourcesManager$ApkAssetsSupplier.load(ResourcesManager.java:182)
05-15 10:51:48.240 777 777 W ResourcesManager: at android.app.ResourcesManager.createApkAssetsSupplierNotLocked(ResourcesManager.java:1035)
05-15 10:51:48.240 777 777 W ResourcesManager: at android.app.ResourcesManager.getResources(ResourcesManager.java:1156)
05-15 10:51:48.240 777 777 W ResourcesManager: at android.app.ContextImpl.createResources(ContextImpl.java:2463)
05-15 10:51:48.240 777 777 W ResourcesManager: at android.app.ContextImpl.createPackageContextAsUser(ContextImpl.java:2533)
05-15 10:51:48.240 777 777 W ResourcesManager: at android.app.ContextImpl.createContextAsUser(ContextImpl.java:2548)
05-15 10:51:48.240 777 777 W ResourcesManager: at android.content.ContextWrapper.createContextAsUser(ContextWrapper.java:1013)
05-15 10:51:48.240 777 777 W ResourcesManager: at com.android.systemui.settings.UserTrackerImpl.setUserIdInternal(UserTrackerImpl.kt:134)
05-15 10:51:48.240 777 777 W ResourcesManager: at com.android.systemui.settings.UserTrackerImpl.initialize(UserTrackerImpl.kt:108)
05-15 10:51:48.240 777 777 W ResourcesManager: at com.android.systemui.settings.dagger.SettingsModule.provideUserTracker(SettingsModule.java:62)
05-15 10:51:48.240 777 777 W ResourcesManager: at com.android.systemui.settings.dagger.SettingsModule_ProvideUserTrackerFactory.provideUserTracker(SettingsModule_ProvideUserTrackerFactory.java:52)
05-15 10:51:48.240 777 777 W ResourcesManager: at com.android.systemui.settings.dagger.SettingsModule_ProvideUserTrackerFactory.get(SettingsModule_ProvideUserTrackerFactory.java:41)
05-15 10:51:48.240 777 777 W ResourcesManager: at com.android.systemui.settings.dagger.SettingsModule_ProvideUserTrackerFactory.get(SettingsModule_ProvideUserTrackerFactory.java:13)
05-15 10:51:48.240 777 777 W ResourcesManager: at dagger.internal.DoubleCheck.get(DoubleCheck.java:47)
05-15 10:51:48.240 777 777 W ResourcesManager: at com.android.systemui.dagger.DependencyProvider_ProvidesBroadcastDispatcherFactory.get(DependencyProvider_ProvidesBroadcastDispatcherFactory.java:54)
05-15 10:51:48.240 777 777 W ResourcesManager: at com.android.systemui.dagger.DependencyProvider_ProvidesBroadcastDispatcherFactory.get(DependencyProvider_ProvidesBroadcastDispatcherFactory.java:15)
05-15 10:51:48.240 777 777 W ResourcesManager: at dagger.internal.DoubleCheck.get(DoubleCheck.java:47)
05-15 10:51:48.240 777 777 W ResourcesManager: at com.android.systemui.dagger.SystemUIDefaultModule_ProvideBatteryControllerFactory.get(SystemUIDefaultModule_ProvideBatteryControllerFactory.java:55)
05-15 10:51:48.240 777 777 W ResourcesManager: at com.android.systemui.dagger.SystemUIDefaultModule_ProvideBatteryControllerFactory.get(SystemUIDefaultModule_ProvideBatteryControllerFactory.java:15)
05-15 10:51:48.240 777 777 W ResourcesManager: at dagger.internal.DoubleCheck.get(DoubleCheck.java:47)
05-15 10:51:48.240 777 777 W ResourcesManager: at com.android.systemui.statusbar.phone.DozeParameters_Factory.get(DozeParameters_Factory.java:78)
05-15 10:51:48.240 777 777 W ResourcesManager: at com.android.systemui.statusbar.phone.DozeParameters_Factory.get(DozeParameters_Factory.java:18)
05-15 10:51:48.240 777 777 W ResourcesManager: at dagger.internal.DoubleCheck.get(DoubleCheck.java:47)
05-15 10:51:48.240 777 777 W ResourcesManager: at dagger.internal.DelegateFactory.get(DelegateFactory.java:36)
05-15 10:51:48.240 777 777 W ResourcesManager: at com.android.systemui.dagger.DaggerGlobalRootComponent$SysUIComponentImpl.injectKeyguardSliceProvider(DaggerGlobalRootComponent.java:4307)
05-15 10:51:48.240 777 777 W ResourcesManager: at com.android.systemui.dagger.DaggerGlobalRootComponent$SysUIComponentImpl.inject(DaggerGlobalRootComponent.java:4287)
05-15 10:51:48.240 777 777 W ResourcesManager: at java.lang.reflect.Method.invoke(Native Method)
05-15 10:51:48.240 777 777 W ResourcesManager: at com.android.systemui.SystemUIAppComponentFactory.lambda$instantiateProviderCompat$1(SystemUIAppComponentFactory.java:94)
05-15 10:51:48.240 777 777 W ResourcesManager: at com.android.systemui.SystemUIAppComponentFactory.$r8$lambda$qcrPqG7eXiVK_IrWSM3yDqdi2js(Unknown Source:0)
05-15 10:51:48.240 777 777 W ResourcesManager: at com.android.systemui.SystemUIAppComponentFactory$$ExternalSyntheticLambda0.onContextAvailable(Unknown Source:2)
05-15 10:51:48.240 777 777 W ResourcesManager: at com.android.systemui.keyguard.KeyguardSliceProvider.onCreateSliceProvider(KeyguardSliceProvider.java:304)
05-15 10:51:48.240 777 777 W ResourcesManager: at androidx.slice.SliceProvider.onCreate(SliceProvider.java:211)
05-15 10:51:48.240 777 777 W ResourcesManager: at android.content.ContentProvider.attachInfo(ContentProvider.java:2404)
05-15 10:51:48.240 777 777 W ResourcesManager: at android.content.ContentProvider.attachInfo(ContentProvider.java:2374)
05-15 10:51:48.240 777 777 W ResourcesManager: at androidx.slice.SliceProvider.attachInfo(SliceProvider.java:250)
05-15 10:51:48.240 940 940 W ResourcesManager: failed to preload asset path '/data/resource-cache/com.android.systemui-neutral-TLBr.frro'
05-15 10:51:48.240 940 940 W ResourcesManager: java.io.IOException: Failed to load asset path /data/resource-cache/data@resource-cache@com.android.systemui-neutral-TLBr.frro@idmap
05-15 10:51:48.240 940 940 W ResourcesManager: at android.content.res.ApkAssets.nativeLoad(Native Method)
05-15 10:51:48.240 940 940 W ResourcesManager: at android.content.res.ApkAssets.(ApkAssets.java:295)
05-15 10:51:48.240 940 940 W ResourcesManager: at android.content.res.ApkAssets.loadOverlayFromPath(ApkAssets.java:215)
05-15 10:51:48.240 940 940 W ResourcesManager: at android.app.ResourcesManager.loadApkAssets(ResourcesManager.java:466)
05-15 10:51:48.240 940 940 W ResourcesManager: at android.app.ResourcesManager.access$000(ResourcesManager.java:85)
05-15 10:51:48.240 940 940 W ResourcesManager: at android.app.ResourcesManager$ApkAssetsSupplier.load(ResourcesManager.java:182)
05-15 10:51:48.240 940 940 W ResourcesManager: at android.app.ResourcesManager.createApkAssetsSupplierNotLocked(ResourcesManager.java:1035)
05-15 10:51:48.240 940 940 W ResourcesManager: at android.app.ResourcesManager.getResources(ResourcesManager.java:1156)
05-15 10:51:48.240 940 940 W ResourcesManager: at android.app.LoadedApk.getResources(LoadedApk.java:1307)
05-15 10:51:48.240 940 940 W ResourcesManager: at android.app.ContextImpl.createAppContext(ContextImpl.java:3036)
05-15 10:51:48.240 940 940 W ResourcesManager: at android.app.ContextImpl.createAppContext(ContextImpl.java:3028)
05-15 10:51:48.240 940 940 W ResourcesManager: at android.app.ActivityThread.handleBindApplication(ActivityThread.java:6660)
05-15 10:51:48.240 940 940 W ResourcesManager: at android.app.ActivityThread.access$1500(ActivityThread.java:256)
05-15 10:51:48.240 940 940 W ResourcesManager: at android.app.ActivityThread$H.handleMessage(ActivityThread.java:2091)
05-15 10:51:48.240 940 940 W ResourcesManager: at android.os.Handler.dispatchMessage(Handler.java:106)
05-15 10:51:48.240 940 940 W ResourcesManager: at android.os.Looper.loopOnce(Looper.java:201)
05-15 10:51:48.240 940 940 W ResourcesManager: at android.os.Looper.loop(Looper.java:288)
05-15 10:51:48.240 940 940 W ResourcesManager: at android.app.ActivityThread.main(ActivityThread.java:7870)
05-15 10:51:48.240 940 940 W ResourcesManager: at java.lang.reflect.Method.invoke(Native Method)
05-15 10:51:48.240 940 940 W ResourcesManager: at com.android.internal.os.RuntimeInit$MethodAndArgsCaller.run(RuntimeInit.java:548)
05-15 10:51:48.240 940 940 W ResourcesManager: at com.android.internal.os.ZygoteInit.main(ZygoteInit.java:1003)
05-15 10:51:48.240 777 777 W ResourcesManager: at androidx.slice.compat.SliceProviderWrapperContainer$SliceProviderWrapper.attachInfo(SliceProviderWrapperContainer.java:74)
05-15 10:51:48.240 777 777 W ResourcesManager: at android.app.ActivityThread.installProvider(ActivityThread.java:7459)
05-15 10:51:48.240 777 777 W ResourcesManager: at android.app.ActivityThread.installContentProviders(ActivityThread.java:6976)
05-15 10:51:48.240 777 777 W ResourcesManager: at android.app.ActivityThread.handleBindApplication(ActivityThread.java:6747)
05-15 10:51:48.240 777 777 W ResourcesManager: at android.app.ActivityThread.access$1500(ActivityThread.java:256)
05-15 10:51:48.240 777 777 W ResourcesManager: at android.app.ActivityThread$H.handleMessage(ActivityThread.java:2091)
05-15 10:51:48.240 777 777 W ResourcesManager: at android.os.Handler.dispatchMessage(Handler.java:106)
05-15 10:51:48.240 777 777 W ResourcesManager: at android.os.Looper.loopOnce(Looper.java:201)
05-15 10:51:48.240 777 777 W ResourcesManager: at android.os.Looper.loop(Looper.java:288)
05-15 10:51:48.240 777 777 W ResourcesManager: at android.app.ActivityThread.main(ActivityThread.java:7870)
05-15 10:51:48.240 777 777 W ResourcesManager: at java.lang.reflect.Method.invoke(Native Method)
05-15 10:51:48.240 777 777 W ResourcesManager: at com.android.internal.os.RuntimeInit$MethodAndArgsCaller.run(RuntimeInit.java:548)
05-15 10:51:48.240 777 777 W ResourcesManager: at com.android.internal.os.ZygoteInit.main(ZygoteInit.java:1003)
05-15 10:51:48.241 940 940 E roid.eben.prox: Invalid Idmap file: bad magic value (was 0x00000000, expected 0x504d4449)
05-15 10:51:48.241 940 940 E roid.eben.prox: failed to load IDMAP /data/resource-cache/data@resource-cache@com.android.systemui-accent-b2QH.frro@idmap
05-15 10:51:48.241 940 940 W ResourcesManager: failed to preload asset path '/data/resource-cache/com.android.systemui-accent-b2QH.frro'
05-15 10:51:48.241 940 940 W ResourcesManager: java.io.IOException: Failed to load asset path /data/resource-cache/data@resource-cache@com.android.systemui-accent-b2QH.frro@idmap
05-15 10:51:48.241 940 940 W ResourcesManager: at android.content.res.ApkAssets.nativeLoad(Native Method)
05-15 10:51:48.241 940 940 W ResourcesManager: at android.content.res.ApkAssets.(ApkAssets.java:295)
05-15 10:51:48.241 940 940 W ResourcesManager: at android.content.res.ApkAssets.loadOverlayFromPath(ApkAssets.java:215)
05-15 10:51:48.241 940 940 W ResourcesManager: at android.app.ResourcesManager.loadApkAssets(ResourcesManager.java:466)
05-15 10:51:48.241 940 940 W ResourcesManager: at android.app.ResourcesManager.access$000(ResourcesManager.java:85)
05-15 10:51:48.241 940 940 W ResourcesManager: at android.app.ResourcesManager$ApkAssetsSupplier.load(ResourcesManager.java:182)
05-15 10:51:48.241 940 940 W ResourcesManager: at android.app.ResourcesManager.createApkAssetsSupplierNotLocked(ResourcesManager.java:1035)
05-15 10:51:48.241 940 940 W ResourcesManager: at android.app.ResourcesManager.getResources(ResourcesManager.java:1156)
05-15 10:51:48.241 940 940 W ResourcesManager: at android.app.LoadedApk.getResources(LoadedApk.java:1307)
05-15 10:51:48.241 940 940 W ResourcesManager: at android.app.ContextImpl.createAppContext(ContextImpl.java:3036)
05-15 10:51:48.241 940 940 W ResourcesManager: at android.app.ContextImpl.createAppContext(ContextImpl.java:3028)
05-15 10:51:48.241 940 940 W ResourcesManager: at android.app.ActivityThread.handleBindApplication(ActivityThread.java:6660)
05-15 10:51:48.241 940 940 W ResourcesManager: at android.app.ActivityThread.access$1500(ActivityThread.java:256)
05-15 10:51:48.241 940 940 W ResourcesManager: at android.app.ActivityThread$H.handleMessage(ActivityThread.java:2091)
05-15 10:51:48.241 940 940 W ResourcesManager: at android.os.Handler.dispatchMessage(Handler.java:106)
05-15 10:51:48.241 940 940 W ResourcesManager: at android.os.Looper.loopOnce(Looper.java:201)
05-15 10:51:48.241 940 940 W ResourcesManager: at android.os.Looper.loop(Looper.java:288)
05-15 10:51:48.241 940 940 W ResourcesManager: at android.app.ActivityThread.main(ActivityThread.java:7870)
05-15 10:51:48.241 940 940 W ResourcesManager: at java.lang.reflect.Method.invoke(Native Method)
05-15 10:51:48.241 940 940 W ResourcesManager: at com.android.internal.os.RuntimeInit$MethodAndArgsCaller.run(RuntimeInit.java:548)
05-15 10:51:48.241 940 940 W ResourcesManager: at com.android.internal.os.ZygoteInit.main(ZygoteInit.java:1003)
05-15 10:51:48.241 940 940 E roid.eben.prox: Invalid Idmap file: bad magic value (was 0x00000000, expected 0x504d4449)
05-15 10:51:48.241 940 940 E roid.eben.prox: failed to load IDMAP /data/resource-cache/data@resource-cache@com.android.systemui-neutral-TLBr.frro@idmap
05-15 10:51:48.241 940 940 W ResourcesManager: failed to add overlay path '/data/resource-cache/com.android.systemui-neutral-TLBr.frro'
05-15 10:51:48.241 940 940 W ResourcesManager: java.io.IOException: Failed to load asset path /data/resource-cache/data@resource-cache@com.android.systemui-neutral-TLBr.frro@idmap
05-15 10:51:48.241 940 940 W ResourcesManager: at android.content.res.ApkAssets.nativeLoad(Native Method)
05-15 10:51:48.241 940 940 W ResourcesManager: at android.content.res.ApkAssets.(ApkAssets.java:295)
05-15 10:51:48.241 940 940 W ResourcesManager: at android.content.res.ApkAssets.loadOverlayFromPath(ApkAssets.java:215)
05-15 10:51:48.241 940 940 W ResourcesManager: at android.app.ResourcesManager.loadApkAssets(ResourcesManager.java:466)
05-15 10:51:48.241 940 940 W ResourcesManager: at android.app.ResourcesManager.access$000(ResourcesManager.java:85)
05-15 10:51:48.241 940 940 W ResourcesManager: at android.app.ResourcesManager$ApkAssetsSupplier.load(ResourcesManager.java:182)
05-15 10:51:48.241 940 940 W ResourcesManager: at android.app.ResourcesManager.createAssetManager(ResourcesManager.java:544)
05-15 10:51:48.241 940 940 W ResourcesManager: at android.app.ResourcesManager.createResourcesImpl(ResourcesManager.java:626)
05-15 10:51:48.241 940 940 W ResourcesManager: at android.app.ResourcesManager.findOrCreateResourcesImplForKeyLocked(ResourcesManager.java:719)
05-15 10:51:48.241 940 940 W ResourcesManager: at android.app.ResourcesManager.createResources(ResourcesManager.java:1066)
05-15 10:51:48.241 940 940 W ResourcesManager: at android.app.ResourcesManager.getResources(ResourcesManager.java:1169)
05-15 10:51:48.241 940 940 W ResourcesManager: at android.app.LoadedApk.getResources(LoadedApk.java:1307)
05-15 10:51:48.241 940 940 W ResourcesManager: at android.app.ContextImpl.createAppContext(ContextImpl.java:3036)
05-15 10:51:48.241 940 940 W ResourcesManager: at android.app.ContextImpl.createAppContext(ContextImpl.java:3028)
05-15 10:51:48.241 940 940 W ResourcesManager: at android.app.ActivityThread.handleBindApplication(ActivityThread.java:6660)
05-15 10:51:48.241 940 940 W ResourcesManager: at android.app.ActivityThread.access$1500(ActivityThread.java:256)
05-15 10:51:48.241 940 940 W ResourcesManager: at android.app.ActivityThread$H.handleMessage(ActivityThread.java:2091)
05-15 10:51:48.241 940 940 W ResourcesManager: at android.os.Handler.dispatchMessage(Handler.java:106)
05-15 10:51:48.241 940 940 W ResourcesManager: at android.os.Looper.loopOnce(Looper.java:201)
05-15 10:51:48.241 940 940 W ResourcesManager: at android.os.Looper.loop(Looper.java:288)
05-15 10:51:48.241 940 940 W ResourcesManager: at android.app.ActivityThread.main(ActivityThread.java:7870)
05-15 10:51:48.241 940 940 W ResourcesManager: at java.lang.reflect.Method.invoke(Native Method)
05-15 10:51:48.241 940 940 W ResourcesManager: at com.android.internal.os.RuntimeInit$MethodAndArgsCaller.run(RuntimeInit.java:548)
05-15 10:51:48.241 940 940 W ResourcesManager: at com.android.internal.os.ZygoteInit.main(ZygoteInit.java:1003)
05-15 10:51:48.241 940 940 E roid.eben.prox: Invalid Idmap file: bad magic value (was 0x00000000, expected 0x504d4449)
05-15 10:51:48.241 940 940 E roid.eben.prox: failed to load IDMAP /data/resource-cache/data@resource-cache@com.android.systemui-accent-b2QH.frro@idmap
05-15 10:51:48.241 940 940 W ResourcesManager: failed to add overlay path '/data/resource-cache/com.android.systemui-accent-b2QH.frro'
05-15 10:51:48.241 940 940 W ResourcesManager: java.io.IOException: Failed to load asset path /data/resource-cache/data@resource-cache@com.android.systemui-accent-b2QH.frro@idmap
05-15 10:51:48.241 940 940 W ResourcesManager: at android.content.res.ApkAssets.nativeLoad(Native Method)
05-15 10:51:48.241 940 940 W ResourcesManager: at android.content.res.ApkAssets.(ApkAssets.java:295)
05-15 10:51:48.241 940 940 W ResourcesManager: at android.content.res.ApkAssets.loadOverlayFromPath(ApkAssets.java:215)
05-15 10:51:48.241 940 940 W ResourcesManager: at android.app.ResourcesManager.loadApkAssets(ResourcesManager.java:466)
05-15 10:51:48.241 940 940 W ResourcesManager: at android.app.ResourcesManager.access$000(ResourcesManager.java:85)
05-15 10:51:48.241 940 940 W ResourcesManager: at android.app.ResourcesManager$ApkAssetsSupplier.load(ResourcesManager.java:182)
05-15 10:51:48.241 940 940 W ResourcesManager: at android.app.ResourcesManager.createAssetManager(ResourcesManager.java:544)
05-15 10:51:48.241 940 940 W ResourcesManager: at android.app.ResourcesManager.createResourcesImpl(ResourcesManager.java:626)
05-15 10:51:48.241 940 940 W ResourcesManager: at android.app.ResourcesManager.findOrCreateResourcesImplForKeyLocked(ResourcesManager.java:719)
05-15 10:51:48.241 940 940 W ResourcesManager: at android.app.ResourcesManager.createResources(ResourcesManager.java:1066)
05-15 10:51:48.241 940 940 W ResourcesManager: at android.app.ResourcesManager.getResources(ResourcesManager.java:1169)
05-15 10:51:48.241 940 940 W ResourcesManager: at android.app.LoadedApk.getResources(LoadedApk.java:1307)
05-15 10:51:48.241 940 940 W ResourcesManager: at android.app.ContextImpl.createAppContext(ContextImpl.java:3036)
05-15 10:51:48.241 940 940 W ResourcesManager: at android.app.ContextImpl.createAppContext(ContextImpl.java:3028)
05-15 10:51:48.241 940 940 W ResourcesManager: at android.app.ActivityThread.handleBindApplication(ActivityThread.java:6660)
05-15 10:51:48.241 940 940 W ResourcesManager: at android.app.ActivityThread.access$1500(ActivityThread.java:256)
05-15 10:51:48.241 940 940 W ResourcesManager: at android.app.ActivityThread$H.handleMessage(ActivityThread.java:2091)
05-15 10:51:48.241 940 940 W ResourcesManager: at android.os.Handler.dispatchMessage(Handler.java:106)
05-15 10:51:48.241 940 940 W ResourcesManager: at android.os.Looper.loopOnce(Looper.java:201)
05-15 10:51:48.241 940 940 W ResourcesManager: at android.os.Looper.loop(Looper.java:288)
05-15 10:51:48.241 940 940 W ResourcesManager: at android.app.ActivityThread.main(ActivityThread.java:7870)
05-15 10:51:48.241 940 940 W ResourcesManager: at java.lang.reflect.Method.invoke(Native Method)
05-15 10:51:48.241 940 940 W ResourcesManager: at com.android.internal.os.RuntimeInit$MethodAndArgsCaller.run(RuntimeInit.java:548)
05-15 10:51:48.241 940 940 W ResourcesManager: at com.android.internal.os.ZygoteInit.main(ZygoteInit.java:1003)
05-15 10:51:48.243 940 940 V GraphicsEnvironment: ANGLE Developer option for 'com.android.eben.proxy' set to: 'default'
05-15 10:51:48.243 940 940 V GraphicsEnvironment: ANGLE GameManagerService for com.android.eben.proxy: false
05-15 10:51:48.243 940 940 V GraphicsEnvironment: Neither updatable production driver nor prerelease driver is supported.
05-15 10:51:48.244 940 940 D NetworkSecurityConfig: No Network Security Config specified, using platform default
05-15 10:51:48.244 940 940 D NetworkSecurityConfig: No Network Security Config specified, using platform default
05-15 10:51:48.245 940 940 I GaService: onCreate
05-15 10:51:48.246 940 940 I EbenSystemManager: EbenSystemManager calling com.android.eben.proxy, android.os.IEbenSystemService$Stub$Proxy@88cadbc
05-15 10:51:48.246 940 940 I GaService: ebenSystemManager is not null =true
05-15 10:51:48.246 940 940 D GaService: ComponentInfo{com.android.eben.proxy/com.android.eben.proxy.EbenDeviceReceiver}
05-15 10:51:48.246 777 777 W SystemServiceRegistry: No service published for: face
05-15 10:51:48.247 621 635 E system_server: Invalid Idmap file: bad magic value (was 0x00000000, expected 0x504d4449)
05-15 10:51:48.247 621 635 E system_server: failed to load IDMAP /data/resource-cache/data@resource-cache@com.android.systemui-neutral-TLBr.frro@idmap
05-15 10:51:48.248 621 635 W ResourcesManager: failed to preload asset path '/data/resource-cache/com.android.systemui-neutral-TLBr.frro'
05-15 10:51:48.248 621 635 W ResourcesManager: java.io.IOException: Failed to load asset path /data/resource-cache/data@resource-cache@com.android.systemui-neutral-TLBr.frro@idmap
05-15 10:51:48.248 621 635 W ResourcesManager: at android.content.res.ApkAssets.nativeLoad(Native Method)
05-15 10:51:48.248 621 635 W ResourcesManager: at android.content.res.ApkAssets.(ApkAssets.java:295)
05-15 10:51:48.248 621 635 W ResourcesManager: at android.content.res.ApkAssets.loadOverlayFromPath(ApkAssets.java:215)
05-15 10:51:48.248 621 635 W ResourcesManager: at android.app.ResourcesManager.loadApkAssets(ResourcesManager.java:466)
05-15 10:51:48.248 621 635 W ResourcesManager: at android.app.ResourcesManager.access$000(ResourcesManager.java:85)
05-15 10:51:48.248 621 635 W ResourcesManager: at android.app.ResourcesManager$ApkAssetsSupplier.load(ResourcesManager.java:182)
05-15 10:51:48.248 621 635 W ResourcesManager: at android.app.ResourcesManager.createApkAssetsSupplierNotLocked(ResourcesManager.java:1035)
05-15 10:51:48.248 621 635 W ResourcesManager: at android.app.ResourcesManager.getResources(ResourcesManager.java:1156)
05-15 10:51:48.248 621 635 W ResourcesManager: at android.app.ActivityThread.getTopLevelResources(ActivityThread.java:2415)
05-15 10:51:48.248 621 635 W ResourcesManager: at android.app.ApplicationPackageManager.getResourcesForApplication(ApplicationPackageManager.java:1781)
05-15 10:51:48.248 621 635 W ResourcesManager: at android.app.ApplicationPackageManager.getResourcesForApplication(ApplicationPackageManager.java:1767)
05-15 10:51:48.248 621 635 W ResourcesManager: at android.app.ApplicationPackageManager.getXml(ApplicationPackageManager.java:2111)
05-15 10:51:48.248 621 635 W ResourcesManager: at android.content.pm.PackageItemInfo.loadXmlMetaData(PackageItemInfo.java:397)
