05-15 10:51:47.577 417 417 I ServiceManager: Waiting for service 'statscompanion' on '/dev/binder' successful after waiting 4311ms
05-15 10:51:47.577 417 417 I statsd : Statsd starts to listen to socket.
05-15 10:51:47.577 621 702 W AlarmManager: Unrecognized alarm listener com.android.server.stats.StatsCompanionService$AnomalyAlarmListener@f596bc6
05-15 10:51:47.577 621 702 W AlarmManager: Unrecognized alarm listener com.android.server.stats.StatsCompanionService$PullingAlarmListener@90d6787
05-15 10:51:47.577 621 702 W AlarmManager: Unrecognized alarm listener com.android.server.stats.StatsCompanionService$PeriodicAlarmListener@9aa66b4
05-15 10:51:47.579 621 702 I StatsCompanionService: Told statsd that StatsCompanionService is alive.
05-15 10:51:47.610 621 640 I commit_sys_config_file: [notification-policy,3]
05-15 10:51:47.610 427 569 W CamPrvdr@2.4-external: deviceAdded: Attempt to init camera device /dev/video17 failed!
05-15 10:51:47.610 427 569 V CamPrvdr@2.4-external: Non-internal v4l device video18 found
05-15 10:51:47.616 282 282 I hwservicemanager: getTransport: Cannot find entry android.hardware.authsecret@1.0::IAuthSecret/default in either framework or device VINTF manifest.
05-15 10:51:47.616 621 621 I LockSettingsService: Device doesn't implement AuthSecret HAL
05-15 10:51:47.617 621 621 I SystemServiceManager: Starting phase 480
05-15 10:51:47.619 621 621 I DevicePolicyManager: Current version 2, latest version 2, not upgrading.
05-15 10:51:47.621 621 645 D SystemServerInitThreadPool: Started executing DevicePolicyManager
05-15 10:51:47.621 621 645 D SystemServerInitThreadPool: Finished executing DevicePolicyManager
05-15 10:51:47.621 621 621 D SoundTriggerService: onBootPhase: 480 : false
05-15 10:51:47.622 621 621 I SystemServiceManager: Starting phase 500
05-15 10:51:47.622 621 621 E StatsPullAtomCallbackImpl: Failed to start PowerStatsService statsd pullers
05-15 10:51:47.624 621 621 D ConnectivityService: requestNetwork for uid/pid:1000/621 activeRequest: null callbackRequest: 6 [NetworkRequest [ REQUEST id=7, [ Capabilities: INTERNET&NOT_RESTRICTED&TRUSTED&NOT_VCN_MANAGED Uid: 1000 RequestorUid: 1000 RequestorPkg: android] ]] callback flags: 0 priority: 2147483647
05-15 10:51:47.625 621 621 E BatteryStatsService: Could not register PowerStatsInternal
05-15 10:51:47.625 621 727 D ConnectivityService: NetReassign [no changes]
05-15 10:51:47.626 621 621 V HintManagerService: Initializing HintManager service...
05-15 10:51:47.626 621 621 V HistoricalRegistry: Interaction before persistence initialized
05-15 10:51:47.628 621 621 D AppStandbyController: Setting app idle enabled state
05-15 10:51:47.629 621 621 V HistoricalRegistry: Interaction before persistence initialized
05-15 10:51:47.632 621 621 V VibratorManagerService: Initializing VibratorManager service...
05-15 10:51:47.632 621 621 V HistoricalRegistry: Interaction before persistence initialized
05-15 10:51:47.633 621 621 V VibratorManagerService: VibratorManager service initialized
05-15 10:51:47.636 621 727 D ConnectivityService: NetReassign [no changes]
05-15 10:51:47.638 621 621 I configuration_changed: 512
05-15 10:51:47.638 621 621 I ActivityTaskManager: Config changes=200 {1.0 ?mcc?mnc [zh_CN] ldltr sw768dp w768dp h952dp 320dpi xlrg port finger -keyb/v/h -nav/h winConfig={ mBounds=Rect(0, 0 - 1536, 2048) mAppBounds=Rect(0, 0 - 1536, 1952) mMaxBounds=Rect(0, 0 - 1536, 2048) mWindowingMode=fullscreen mDisplayWindowingMode=fullscreen mActivityType=undefined mAlwaysOnTop=undefined mRotation=ROTATION_0} s.6 ?fontWeightAdjustment}
05-15 10:51:47.639 621 727 E system_server: Invalid Idmap file: bad magic value (was 0x00000000, expected 0x504d4449)
05-15 10:51:47.639 621 727 E system_server: failed to load IDMAP /data/resource-cache/data@resource-cache@com.android.systemui-neutral-TLBr.frro@idmap
05-15 10:51:47.640 621 727 W ResourcesManager: failed to preload asset path '/data/resource-cache/com.android.systemui-neutral-TLBr.frro'
05-15 10:51:47.640 621 727 W ResourcesManager: java.io.IOException: Failed to load asset path /data/resource-cache/data@resource-cache@com.android.systemui-neutral-TLBr.frro@idmap
05-15 10:51:47.640 621 727 W ResourcesManager: at android.content.res.ApkAssets.nativeLoad(Native Method)
05-15 10:51:47.640 621 727 W ResourcesManager: at android.content.res.ApkAssets.(ApkAssets.java:295)
05-15 10:51:47.640 621 727 W ResourcesManager: at android.content.res.ApkAssets.loadOverlayFromPath(ApkAssets.java:215)
05-15 10:51:47.640 621 727 W ResourcesManager: at android.app.ResourcesManager.loadApkAssets(ResourcesManager.java:466)
05-15 10:51:47.640 621 727 W ResourcesManager: at android.app.ResourcesManager.access$000(ResourcesManager.java:85)
05-15 10:51:47.640 621 727 W ResourcesManager: at android.app.ResourcesManager$ApkAssetsSupplier.load(ResourcesManager.java:182)
05-15 10:51:47.640 621 727 W ResourcesManager: at android.app.ResourcesManager.createApkAssetsSupplierNotLocked(ResourcesManager.java:1035)
05-15 10:51:47.640 621 727 W ResourcesManager: at android.app.ResourcesManager.getResources(ResourcesManager.java:1156)
05-15 10:51:47.640 621 727 W ResourcesManager: at android.app.ContextImpl.createResources(ContextImpl.java:2463)
05-15 10:51:47.640 621 727 W ResourcesManager: at android.app.ContextImpl.createConfigurationContext(ContextImpl.java:2609)
05-15 10:51:47.640 621 727 W ResourcesManager: at android.telephony.SubscriptionManager.getResourcesForSubId(SubscriptionManager.java:2660)
05-15 10:51:47.640 621 727 W ResourcesManager: at android.telephony.SubscriptionManager.getResourcesForSubId(SubscriptionManager.java:2613)
05-15 10:51:47.640 621 727 W ResourcesManager: at android.net.util.MultinetworkPolicyTracker.getResourcesForActiveSubId(MultinetworkPolicyTracker.java:191)
05-15 10:51:47.640 621 727 W ResourcesManager: at android.net.util.MultinetworkPolicyTracker.configRestrictsAvoidBadWifi(MultinetworkPolicyTracker.java:175)
05-15 10:51:47.640 621 727 W ResourcesManager: at android.net.util.MultinetworkPolicyTracker.updateAvoidBadWifi(MultinetworkPolicyTracker.java:224)
05-15 10:51:47.640 621 727 W ResourcesManager: at android.net.util.MultinetworkPolicyTracker.reevaluateInternal(MultinetworkPolicyTracker.java:215)
05-15 10:51:47.640 621 727 W ResourcesManager: at android.net.util.MultinetworkPolicyTracker.access$100(MultinetworkPolicyTracker.java:63)
05-15 10:51:47.640 621 727 W ResourcesManager: at android.net.util.MultinetworkPolicyTracker$1.onReceive(MultinetworkPolicyTracker.java:123)
05-15 10:51:47.640 621 727 W ResourcesManager: at android.app.LoadedApk$ReceiverDispatcher$Args.lambda$getRunnable$0$LoadedApk$ReceiverDispatcher$Args(LoadedApk.java:1679)
05-15 10:51:47.640 621 727 W ResourcesManager: at android.app.LoadedApk$ReceiverDispatcher$Args$$ExternalSyntheticLambda0.run(Unknown Source:2)
05-15 10:51:47.640 621 727 W ResourcesManager: at android.os.Handler.handleCallback(Handler.java:938)
05-15 10:51:47.640 621 727 W ResourcesManager: at android.os.Handler.dispatchMessage(Handler.java:99)
05-15 10:51:47.640 621 727 W ResourcesManager: at android.os.Looper.loopOnce(Looper.java:201)
05-15 10:51:47.640 621 727 W ResourcesManager: at android.os.Looper.loop(Looper.java:288)
05-15 10:51:47.640 621 727 W ResourcesManager: at android.os.HandlerThread.run(HandlerThread.java:67)
05-15 10:51:47.640 621 621 D TestHarnessModeService: Setting up test harness mode
05-15 10:51:47.640 621 621 D TestHarnessModeService: Getting PersistentDataBlockManagerInternal from LocalServices
05-15 10:51:47.640 621 621 E TestHarnessModeService: Failed to start Test Harness Mode; no implementation of PersistentDataBlockManagerInternal was bound!
05-15 10:51:47.640 621 727 E system_server: Invalid Idmap file: bad magic value (was 0x00000000, expected 0x504d4449)
05-15 10:51:47.640 621 727 E system_server: failed to load IDMAP /data/resource-cache/data@resource-cache@com.android.systemui-accent-b2QH.frro@idmap
05-15 10:51:47.641 621 727 W ResourcesManager: failed to preload asset path '/data/resource-cache/com.android.systemui-accent-b2QH.frro'
05-15 10:51:47.641 621 727 W ResourcesManager: java.io.IOException: Failed to load asset path /data/resource-cache/data@resource-cache@com.android.systemui-accent-b2QH.frro@idmap
05-15 10:51:47.641 621 727 W ResourcesManager: at android.content.res.ApkAssets.nativeLoad(Native Method)
05-15 10:51:47.641 621 727 W ResourcesManager: at android.content.res.ApkAssets.(ApkAssets.java:295)
05-15 10:51:47.641 621 727 W ResourcesManager: at android.content.res.ApkAssets.loadOverlayFromPath(ApkAssets.java:215)
05-15 10:51:47.641 621 727 W ResourcesManager: at android.app.ResourcesManager.loadApkAssets(ResourcesManager.java:466)
05-15 10:51:47.641 621 727 W ResourcesManager: at android.app.ResourcesManager.access$000(ResourcesManager.java:85)
05-15 10:51:47.641 621 727 W ResourcesManager: at android.app.ResourcesManager$ApkAssetsSupplier.load(ResourcesManager.java:182)
05-15 10:51:47.641 621 727 W ResourcesManager: at android.app.ResourcesManager.createApkAssetsSupplierNotLocked(ResourcesManager.java:1035)
05-15 10:51:47.641 621 727 W ResourcesManager: at android.app.ResourcesManager.getResources(ResourcesManager.java:1156)
05-15 10:51:47.641 621 727 W ResourcesManager: at android.app.ContextImpl.createResources(ContextImpl.java:2463)
05-15 10:51:47.641 621 727 W ResourcesManager: at android.app.ContextImpl.createConfigurationContext(ContextImpl.java:2609)
05-15 10:51:47.641 621 727 W ResourcesManager: at android.telephony.SubscriptionManager.getResourcesForSubId(SubscriptionManager.java:2660)
05-15 10:51:47.641 621 727 W ResourcesManager: at android.telephony.SubscriptionManager.getResourcesForSubId(SubscriptionManager.java:2613)
05-15 10:51:47.641 621 727 W ResourcesManager: at android.net.util.MultinetworkPolicyTracker.getResourcesForActiveSubId(MultinetworkPolicyTracker.java:191)
05-15 10:51:47.641 621 727 W ResourcesManager: at android.net.util.MultinetworkPolicyTracker.configRestrictsAvoidBadWifi(MultinetworkPolicyTracker.java:175)
05-15 10:51:47.641 621 727 W ResourcesManager: at android.net.util.MultinetworkPolicyTracker.updateAvoidBadWifi(MultinetworkPolicyTracker.java:224)
05-15 10:51:47.641 621 727 W ResourcesManager: at android.net.util.MultinetworkPolicyTracker.reevaluateInternal(MultinetworkPolicyTracker.java:215)
05-15 10:51:47.641 621 727 W ResourcesManager: at android.net.util.MultinetworkPolicyTracker.access$100(MultinetworkPolicyTracker.java:63)
05-15 10:51:47.641 621 727 W ResourcesManager: at android.net.util.MultinetworkPolicyTracker$1.onReceive(MultinetworkPolicyTracker.java:123)
05-15 10:51:47.641 621 727 W ResourcesManager: at android.app.LoadedApk$ReceiverDispatcher$Args.lambda$getRunnable$0$LoadedApk$ReceiverDispatcher$Args(LoadedApk.java:1679)
05-15 10:51:47.641 621 727 W ResourcesManager: at android.app.LoadedApk$ReceiverDispatcher$Args$$ExternalSyntheticLambda0.run(Unknown Source:2)
05-15 10:51:47.641 621 727 W ResourcesManager: at android.os.Handler.handleCallback(Handler.java:938)
05-15 10:51:47.641 621 727 W ResourcesManager: at android.os.Handler.dispatchMessage(Handler.java:99)
05-15 10:51:47.641 621 727 W ResourcesManager: at android.os.Looper.loopOnce(Looper.java:201)
05-15 10:51:47.641 621 727 W ResourcesManager: at android.os.Looper.loop(Looper.java:288)
05-15 10:51:47.641 621 727 W ResourcesManager: at android.os.HandlerThread.run(HandlerThread.java:67)
05-15 10:51:47.641 621 621 V HistoricalRegistry: Interaction before persistence initialized
05-15 10:51:47.642 621 621 I WifiScanningService: Starting wifiscanner
05-15 10:51:47.644 418 418 I netd : registerUnsolicitedEventListener() <0.02ms>
05-15 10:51:47.644 621 621 I EthernetServiceImpl: Starting Ethernet service
05-15 10:51:47.644 621 718 D WifiConfigStore: Reading from all stores completed in 2 ms.
05-15 10:51:47.644 621 718 W WifiConfigManager: No stored networks found.
05-15 10:51:47.645 621 621 D EthernetTracker: Interface match regexp set to 'tun\d|eth\d|usb\d|wwan\d'
05-15 10:51:47.646 621 718 I WifiInjector: enableVerboseLogging(0): false
05-15 10:51:47.646 621 718 E SupplicantStaIfaceHal: Can't call setDebugParams, ISupplicant is null
05-15 10:51:47.646 621 718 E HostapdHal: Can't call setDebugParams, IHostapd is null
05-15 10:51:47.646 621 718 I WifiService: WifiService starting up with Wi-Fi disabled
05-15 10:51:47.647 621 718 D WifiController: isAirplaneModeOn = true, isWifiEnabled = false, isScanningAvailable = false, isLocationModeActive = false
05-15 10:51:47.647 621 718 E WifiActiveModeWarden: Something is wrong, no client mode toggles enabled
05-15 10:51:47.647 621 727 D ConnectivityService: Got NetworkProvider Messenger for Ethernet
05-15 10:51:47.648 621 621 E IpConfigStore: Error opening configuration file:
05-15 10:51:47.648 621 718 I android_os_HwBinder: HwBinder: Starting thread pool for getting: android.hidl.manager@1.2::IServiceManager/default
05-15 10:51:47.648 418 418 I netd : interfaceGetList() -> {[ip6_vti0, sit0, ip6tnl0, ip_vti0, lo, dummy0]} <0.07ms>
05-15 10:51:47.649 621 663 D HalDevMgr: IWifi registration notification: fqName=android.hardware.wifi@1.0::IWifi, name=default, preexisting=true
05-15 10:51:47.649 621 718 I android_os_HwBinder: HwBinder: Starting thread pool for getting: android.hardware.wifi@1.0::IWifi/default
05-15 10:51:47.650 621 718 D WifiNl80211Manager: tearing down interfaces in wificond
05-15 10:51:47.651 621 718 D WifiAdaptConnObserver: Adaptive connectivity status initialized to: true
05-15 10:51:47.651 621 718 D WifiController: DisabledState.enter()
05-15 10:51:47.667 621 621 V HistoricalRegistry: Interaction before persistence initialized
05-15 10:51:47.669 621 621 V HistoricalRegistry: Interaction before persistence initialized
05-15 10:51:47.669 621 621 D SoundTriggerService: onBootPhase: 500 : false
05-15 10:51:47.670 621 621 D BluetoothAdapter: registerBluetoothConnectionCallback()
05-15 10:51:47.670 621 621 I CompanionDeviceManagerService: initBleScanning()
05-15 10:51:47.671 282 282 I hwservicemanager: getTransport: Cannot find entry android.hardware.configstore@1.1::ISurfaceFlingerConfigs/default in either framework or device VINTF manifest.
05-15 10:51:47.672 282 282 I hwservicemanager: getTransport: Cannot find entry android.hardware.configstore@1.1::ISurfaceFlingerConfigs/default in either framework or device VINTF manifest.
05-15 10:51:47.672 621 621 W InputReader: Device goodix-ts is associated with display ADISPLAY_ID_NONE.
05-15 10:51:47.672 621 621 W InputReader: Device Wacom I2C Digitizer is associated with display ADISPLAY_ID_NONE.
05-15 10:51:47.673 621 621 I AttentionDetector: readValuesFromDeviceConfig():
05-15 10:51:47.673 621 621 I AttentionDetector: mMaximumExtensionMillis=900000
05-15 10:51:47.673 621 621 I AttentionDetector: mPreDimCheckDurationMillis=2000
05-15 10:51:47.673 621 621 I AttentionDetector: mRequestedPostDimTimeoutMillis=0
05-15 10:51:47.673 621 646 I android_os_HwBinder: HwBinder: Starting thread pool for getting: android.hardware.health@2.0::IHealth/default
05-15 10:51:47.674 621 646 I android_os_HwBinder: HwBinder: Starting thread pool for getting: android.hidl.manager@1.0::IServiceManager/default
05-15 10:51:47.674 621 621 E DisplayPowerController[0]: failed to set up display white-balance
05-15 10:51:47.674 621 621 W DisplayPowerController[0]: Screen brightness nits configuration is unavailable; falling back
05-15 10:51:47.674 621 646 I HealthServiceWrapper: health: HealthServiceWrapper listening to instance default
05-15 10:51:47.675 621 646 D StatsPullAtomService: Registering pullers with statsd
05-15 10:51:47.675 621 768 I android_os_HwBinder: HwBinder: Starting thread pool for getting: android.hardware.health@2.0::IHealth/default
05-15 10:51:47.675 621 621 D BatterySaverController: mBatterySaverPolicy getGlobalSettings:null
05-15 10:51:47.676 621 621 I FaceDownDetector: readValuesFromDeviceConfig():
05-15 10:51:47.676 621 621 I FaceDownDetector: mAccelerationThreshold=0.2
05-15 10:51:47.676 621 621 I FaceDownDetector: mZAccelerationThreshold=-9.5
05-15 10:51:47.676 621 621 I FaceDownDetector: mTimeThreshold=PT1S
05-15 10:51:47.676 621 621 I FaceDownDetector: mIsEnabled=true
05-15 10:51:47.676 621 662 W KeyguardServiceDelegate: onScreenTurningOn(): no keyguard service!
05-15 10:51:47.677 442 477 I SensorsHal: set batch: handle = 0, period_ns = 200000000ns, timeout = 2000000000ns
05-15 10:51:47.677 621 662 V DisplayPowerController[0]: Brightness [0.5472441] reason changing to: 'override', previous reason: '0'.
05-15 10:51:53.388 477 477 I gsensor_mxc6655 5-0015: set sensor poll time to 200ms
05-15 10:51:47.677 442 477 I SensorsHal: MmaSensor update delay: 200ms
05-15 10:51:47.677 621 727 D ConnectivityService: NetReassign [no changes]
05-15 10:51:47.677 442 477 D SensorsHal: update gsensor delay to 200 ms
05-15 10:51:47.677 621 646 I StatsPullAtomService: register thermal listener successfully
05-15 10:51:47.677 442 477 I SensorsHal: set active: handle = 0, enable = 1
05-15 10:51:47.678 621 641 I DisplayDeviceRepository: Display device changed state: "内置屏幕", ON
05-15 10:51:47.678 326 326 D SurfaceFlinger: Setting power mode 2 on display 0
05-15 10:51:47.678 621 641 I InputManager-JNI: Viewport [0] to add: local:0, isActive: true
05-15 10:51:47.678 621 621 I ScreenUndimDetector: readValuesFromDeviceConfig():
05-15 10:51:47.678 621 621 I ScreenUndimDetector: mKeepScreenOnForMillis=600000
05-15 10:51:47.678 621 621 I ScreenUndimDetector: mKeepScreenOnNotificationEnabled=true
05-15 10:51:47.678 621 621 I ScreenUndimDetector: mUndimsRequired=2
05-15 10:51:47.679 621 706 I InputReader: Reconfiguring input devices, changes=DISPLAY_INFO |
05-15 10:51:47.679 621 706 I InputReader: Device reconfigured: id=9, name='goodix-ts', size 1536x2048, orientation 0, mode 1, display id 0
05-15 10:51:47.679 621 706 I InputReader: Device reconfigured: id=5, name='Wacom I2C Digitizer', size 1536x2048, orientation 0, mode 1, display id 0
05-15 10:51:47.679 621 621 I SystemServiceManager: Starting com.android.server.policy.PermissionPolicyService
05-15 10:51:53.389 477 477 I gsensor_mxc6655 5-0015: sensor on: starting poll sensor data 196ms
05-15 10:51:47.682 621 621 I commit_sys_config_file: [package-session,1]
05-15 10:51:47.683 621 621 V UserDataPreparer: Found /data/user_de/0 with serial number 0
05-15 10:51:47.683 621 621 V UserDataPreparer: Found /data/user/0 with serial number 0
05-15 10:51:47.683 621 621 V UserDataPreparer: Found /data/system_de/0 with serial number 0
05-15 10:51:47.683 621 621 W UserDataPreparer: Invalid user directory /data/system_de/usagestats
05-15 10:51:47.683 621 621 V UserDataPreparer: Found /data/system_ce/0 with serial number 0
05-15 10:51:47.683 621 621 V UserDataPreparer: Found /data/misc_ce/0 with serial number 0
05-15 10:51:47.694 621 621 I PackageManager: Permission ownership changed. Updating all permissions.
05-15 10:51:47.701 621 621 E system_server: Invalid Idmap file: bad magic value (was 0x00000000, expected 0x504d4449)
05-15 10:51:47.701 621 621 E system_server: failed to load IDMAP /data/resource-cache/data@resource-cache@com.android.systemui-neutral-TLBr.frro@idmap
05-15 10:51:47.701 621 621 W ResourcesManager: failed to preload asset path '/data/resource-cache/com.android.systemui-neutral-TLBr.frro'
05-15 10:51:47.701 621 621 W ResourcesManager: java.io.IOException: Failed to load asset path /data/resource-cache/data@resource-cache@com.android.systemui-neutral-TLBr.frro@idmap
05-15 10:51:47.701 621 621 W ResourcesManager: at android.content.res.ApkAssets.nativeLoad(Native Method)
05-15 10:51:47.701 621 621 W ResourcesManager: at android.content.res.ApkAssets.(ApkAssets.java:295)
05-15 10:51:47.701 621 621 W ResourcesManager: at android.content.res.ApkAssets.loadOverlayFromPath(ApkAssets.java:215)
05-15 10:51:47.701 621 621 W ResourcesManager: at android.app.ResourcesManager.loadApkAssets(ResourcesManager.java:466)
05-15 10:51:47.701 621 621 W ResourcesManager: at android.app.ResourcesManager.access$000(ResourcesManager.java:85)
05-15 10:51:47.701 621 621 W ResourcesManager: at android.app.ResourcesManager$ApkAssetsSupplier.load(ResourcesManager.java:182)
05-15 10:51:47.701 621 621 W ResourcesManager: at android.app.ResourcesManager.createApkAssetsSupplierNotLocked(ResourcesManager.java:1035)
05-15 10:51:47.701 621 621 W ResourcesManager: at android.app.ResourcesManager.getResources(ResourcesManager.java:1156)
05-15 10:51:47.701 621 621 W ResourcesManager: at android.app.ContextImpl.createResources(ContextImpl.java:2463)
05-15 10:51:47.701 621 621 W ResourcesManager: at android.app.ContextImpl.createPackageContextAsUser(ContextImpl.java:2533)
05-15 10:51:47.701 621 621 W ResourcesManager: at android.app.ContextImpl.createPackageContext(ContextImpl.java:2506)
05-15 10:51:47.701 621 621 W ResourcesManager: at com.android.server.pm.ModuleInfoProvider.systemReady(ModuleInfoProvider.java:101)
05-15 10:51:47.701 621 621 W ResourcesManager: at com.android.server.pm.PackageManagerService.systemReady(PackageManagerService.java:24886)
05-15 10:51:47.701 621 621 W ResourcesManager: at com.android.server.SystemServer.startOtherServices(SystemServer.java:2658)
05-15 10:51:47.701 621 621 W ResourcesManager: at com.android.server.SystemServer.run(SystemServer.java:890)
05-15 10:51:47.701 621 621 W ResourcesManager: at com.android.server.SystemServer.main(SystemServer.java:623)
05-15 10:51:47.701 621 621 W ResourcesManager: at java.lang.reflect.Method.invoke(Native Method)
05-15 10:51:47.701 621 621 W ResourcesManager: at com.android.internal.os.RuntimeInit$MethodAndArgsCaller.run(RuntimeInit.java:548)
05-15 10:51:47.701 621 621 W ResourcesManager: at com.android.internal.os.ZygoteInit.main(ZygoteInit.java:981)
05-15 10:51:47.701 621 621 E system_server: Invalid Idmap file: bad magic value (was 0x00000000, expected 0x504d4449)
05-15 10:51:47.701 621 621 E system_server: failed to load IDMAP /data/resource-cache/data@resource-cache@com.android.systemui-accent-b2QH.frro@idmap
05-15 10:51:47.701 621 668 E DefaultPermGrantPolicy: Package not found: com.sdt.sdtplay
05-15 10:51:47.701 621 668 W DefaultPermGrantPolicy: No such package:com.sdt.sdtplay
05-15 10:51:47.701 621 621 W ResourcesManager: failed to preload asset path '/data/resource-cache/com.android.systemui-accent-b2QH.frro'
05-15 10:51:47.701 621 621 W ResourcesManager: java.io.IOException: Failed to load asset path /data/resource-cache/data@resource-cache@com.android.systemui-accent-b2QH.frro@idmap
05-15 10:51:47.701 621 621 W ResourcesManager: at android.content.res.ApkAssets.nativeLoad(Native Method)
05-15 10:51:47.701 621 621 W ResourcesManager: at android.content.res.ApkAssets.(ApkAssets.java:295)
05-15 10:51:47.701 621 621 W ResourcesManager: at android.content.res.ApkAssets.loadOverlayFromPath(ApkAssets.java:215)
05-15 10:51:47.701 621 621 W ResourcesManager: at android.app.ResourcesManager.loadApkAssets(ResourcesManager.java:466)
05-15 10:51:47.701 621 621 W ResourcesManager: at android.app.ResourcesManager.access$000(ResourcesManager.java:85)
05-15 10:51:47.701 621 621 W ResourcesManager: at android.app.ResourcesManager$ApkAssetsSupplier.load(ResourcesManager.java:182)
05-15 10:51:47.701 621 621 W ResourcesManager: at android.app.ResourcesManager.createApkAssetsSupplierNotLocked(ResourcesManager.java:1035)
05-15 10:51:47.701 621 621 W ResourcesManager: at android.app.ResourcesManager.getResources(ResourcesManager.java:1156)
05-15 10:51:47.701 621 621 W ResourcesManager: at android.app.ContextImpl.createResources(ContextImpl.java:2463)
05-15 10:51:47.701 621 621 W ResourcesManager: at android.app.ContextImpl.createPackageContextAsUser(ContextImpl.java:2533)
05-15 10:51:47.701 621 621 W ResourcesManager: at android.app.ContextImpl.createPackageContext(ContextImpl.java:2506)
05-15 10:51:47.701 621 621 W ResourcesManager: at com.android.server.pm.ModuleInfoProvider.systemReady(ModuleInfoProvider.java:101)
05-15 10:51:47.701 621 621 W ResourcesManager: at com.android.server.pm.PackageManagerService.systemReady(PackageManagerService.java:24886)
05-15 10:51:47.701 621 621 W ResourcesManager: at com.android.server.SystemServer.startOtherServices(SystemServer.java:2658)
05-15 10:51:47.701 621 621 W ResourcesManager: at com.android.server.SystemServer.run(SystemServer.java:890)
05-15 10:51:47.701 621 621 W ResourcesManager: at com.android.server.SystemServer.main(SystemServer.java:623)
05-15 10:51:47.701 621 621 W ResourcesManager: at java.lang.reflect.Method.invoke(Native Method)
05-15 10:51:47.701 621 621 W ResourcesManager: at com.android.internal.os.RuntimeInit$MethodAndArgsCaller.run(RuntimeInit.java:548)
05-15 10:51:47.701 621 621 W ResourcesManager: at com.android.internal.os.ZygoteInit.main(ZygoteInit.java:981)
05-15 10:51:47.701 621 668 E DefaultPermGrantPolicy: Package not found: com.sdt.sdtas
05-15 10:51:47.701 621 621 E system_server: Invalid Idmap file: bad magic value (was 0x00000000, expected 0x504d4449)
05-15 10:51:47.701 621 621 E system_server: failed to load IDMAP /data/resource-cache/data@resource-cache@com.android.systemui-neutral-TLBr.frro@idmap
05-15 10:51:47.701 621 668 W DefaultPermGrantPolicy: No such package:com.sdt.sdtas
05-15 10:51:47.702 621 621 W ResourcesManager: failed to add overlay path '/data/resource-cache/com.android.systemui-neutral-TLBr.frro'
05-15 10:51:47.702 621 621 W ResourcesManager: java.io.IOException: Failed to load asset path /data/resource-cache/data@resource-cache@com.android.systemui-neutral-TLBr.frro@idmap
05-15 10:51:47.702 621 621 W ResourcesManager: at android.content.res.ApkAssets.nativeLoad(Native Method)
05-15 10:51:47.702 621 621 W ResourcesManager: at android.content.res.ApkAssets.(ApkAssets.java:295)
05-15 10:51:47.702 621 621 W ResourcesManager: at android.content.res.ApkAssets.loadOverlayFromPath(ApkAssets.java:215)
05-15 10:51:47.702 621 621 W ResourcesManager: at android.app.ResourcesManager.loadApkAssets(ResourcesManager.java:466)
05-15 10:51:47.702 621 621 W ResourcesManager: at android.app.ResourcesManager.access$000(ResourcesManager.java:85)
05-15 10:51:47.702 621 621 W ResourcesManager: at android.app.ResourcesManager$ApkAssetsSupplier.load(ResourcesManager.java:182)
05-15 10:51:47.702 621 621 W ResourcesManager: at android.app.ResourcesManager.createAssetManager(ResourcesManager.java:544)
05-15 10:51:47.702 621 621 W ResourcesManager: at android.app.ResourcesManager.createResourcesImpl(ResourcesManager.java:626)
05-15 10:51:47.702 621 621 W ResourcesManager: at android.app.ResourcesManager.findOrCreateResourcesImplForKeyLocked(ResourcesManager.java:719)
05-15 10:51:47.702 621 621 W ResourcesManager: at android.app.ResourcesManager.createResources(ResourcesManager.java:1066)
05-15 10:51:47.702 621 621 W ResourcesManager: at android.app.ResourcesManager.getResources(ResourcesManager.java:1169)
05-15 10:51:47.702 621 621 W ResourcesManager: at android.app.ContextImpl.createResources(ContextImpl.java:2463)
05-15 10:51:47.702 621 621 W ResourcesManager: at android.app.ContextImpl.createPackageContextAsUser(ContextImpl.java:2533)
05-15 10:51:47.702 621 621 W ResourcesManager: at android.app.ContextImpl.createPackageContext(ContextImpl.java:2506)
05-15 10:51:47.702 621 621 W ResourcesManager: at com.android.server.pm.ModuleInfoProvider.systemReady(ModuleInfoProvider.java:101)
05-15 10:51:47.702 621 621 W ResourcesManager: at com.android.server.pm.PackageManagerService.systemReady(PackageManagerService.java:24886)
05-15 10:51:47.702 621 621 W ResourcesManager: at com.android.server.SystemServer.startOtherServices(SystemServer.java:2658)
05-15 10:51:47.702 621 621 W ResourcesManager: at com.android.server.SystemServer.run(SystemServer.java:890)
05-15 10:51:47.702 621 621 W ResourcesManager: at com.android.server.SystemServer.main(SystemServer.java:623)
05-15 10:51:47.702 621 621 W ResourcesManager: at java.lang.reflect.Method.invoke(Native Method)
05-15 10:51:47.702 621 621 W ResourcesManager: at com.android.internal.os.RuntimeInit$MethodAndArgsCaller.run(RuntimeInit.java:548)
05-15 10:51:47.702 621 621 W ResourcesManager: at com.android.internal.os.ZygoteInit.main(ZygoteInit.java:981)
05-15 10:51:47.702 621 621 E system_server: Invalid Idmap file: bad magic value (was 0x00000000, expected 0x504d4449)
05-15 10:51:47.702 621 621 E system_server: failed to load IDMAP /data/resource-cache/data@resource-cache@com.android.systemui-accent-b2QH.frro@idmap
05-15 10:51:47.702 621 621 W ResourcesManager: failed to add overlay path '/data/resource-cache/com.android.systemui-accent-b2QH.frro'
05-15 10:51:47.702 621 621 W ResourcesManager: java.io.IOException: Failed to load asset path /data/resource-cache/data@resource-cache@com.android.systemui-accent-b2QH.frro@idmap
05-15 10:51:47.702 621 621 W ResourcesManager: at android.content.res.ApkAssets.nativeLoad(Native Method)
05-15 10:51:47.702 621 621 W ResourcesManager: at android.content.res.ApkAssets.(ApkAssets.java:295)
05-15 10:51:47.702 621 621 W ResourcesManager: at android.content.res.ApkAssets.loadOverlayFromPath(ApkAssets.java:215)
05-15 10:51:47.702 621 621 W ResourcesManager: at android.app.ResourcesManager.loadApkAssets(ResourcesManager.java:466)
05-15 10:51:47.702 621 621 W ResourcesManager: at android.app.ResourcesManager.access$000(ResourcesManager.java:85)
05-15 10:51:47.702 621 621 W ResourcesManager: at android.app.ResourcesManager$ApkAssetsSupplier.load(ResourcesManager.java:182)
05-15 10:51:47.702 621 621 W ResourcesManager: at android.app.ResourcesManager.createAssetManager(ResourcesManager.java:544)
05-15 10:51:47.702 621 621 W ResourcesManager: at android.app.ResourcesManager.createResourcesImpl(ResourcesManager.java:626)
05-15 10:51:47.702 621 621 W ResourcesManager: at android.app.ResourcesManager.findOrCreateResourcesImplForKeyLocked(ResourcesManager.java:719)
05-15 10:51:47.702 621 621 W ResourcesManager: at android.app.ResourcesManager.createResources(ResourcesManager.java:1066)
05-15 10:51:47.702 621 621 W ResourcesManager: at android.app.ResourcesManager.getResources(ResourcesManager.java:1169)
05-15 10:51:47.702 621 621 W ResourcesManager: at android.app.ContextImpl.createResources(ContextImpl.java:2463)
05-15 10:51:47.702 621 621 W ResourcesManager: at android.app.ContextImpl.createPackageContextAsUser(ContextImpl.java:2533)
05-15 10:51:47.702 621 621 W ResourcesManager: at android.app.ContextImpl.createPackageContext(ContextImpl.java:2506)
05-15 10:51:47.702 621 621 W ResourcesManager: at com.android.server.pm.ModuleInfoProvider.systemReady(ModuleInfoProvider.java:101)
05-15 10:51:47.702 621 621 W ResourcesManager: at com.android.server.pm.PackageManagerService.systemReady(PackageManagerService.java:24886)
05-15 10:51:47.702 621 621 W ResourcesManager: at com.android.server.SystemServer.startOtherServices(SystemServer.java:2658)
05-15 10:51:47.702 621 621 W ResourcesManager: at com.android.server.SystemServer.run(SystemServer.java:890)
05-15 10:51:47.702 621 621 W ResourcesManager: at com.android.server.SystemServer.main(SystemServer.java:623)
05-15 10:51:47.702 621 621 W ResourcesManager: at java.lang.reflect.Method.invoke(Native Method)
05-15 10:51:47.702 621 621 W ResourcesManager: at com.android.internal.os.RuntimeInit$MethodAndArgsCaller.run(RuntimeInit.java:548)
05-15 10:51:47.702 621 621 W ResourcesManager: at com.android.internal.os.ZygoteInit.main(ZygoteInit.java:981)
05-15 10:51:47.703 621 641 E DisplayModeDirector: Asked about unknown display, returning empty display mode specs!(id=0)
05-15 10:51:47.703 621 641 E DisplayModeDirector: Asked about unknown display, returning empty display mode specs!(id=0)
05-15 10:51:47.704 621 668 E DefaultPermGrantPolicy: Package not found: com.sdt.boot
05-15 10:51:47.704 621 668 W DefaultPermGrantPolicy: No such package:com.sdt.boot
05-15 10:51:47.704 621 621 I SystemServiceManager: Starting com.android.server.app.GameManagerService$Lifecycle
05-15 10:51:47.706 621 621 I SystemServiceManager: Starting phase 520
05-15 10:51:47.706 621 621 D SoundTriggerService: onBootPhase: 520 : false
05-15 10:51:47.710 621 621 I SystemServiceManager: Starting com.android.server.appsearch.AppSearchManagerService
05-15 10:51:47.711 621 621 I SystemServiceManager: Starting com.android.server.media.MediaCommunicationService
05-15 10:51:47.712 621 621 I SystemServiceManager: Starting com.android.server.compat.overrides.AppCompatOverridesService$Lifecycle
05-15 10:51:47.713 621 683 D SystemServerInitThreadPool: Started executing Update app-ops uidState in case package com.android.providers.media.module changed
05-15 10:51:47.713 621 693 D SystemServerInitThreadPool: Started executing Update app-ops uidState in case package com.android.systemui changed
05-15 10:51:47.713 621 704 D SystemServerInitThreadPool: Started executing Update app-ops uidState in case package com.android.launcher3 changed
05-15 10:51:47.713 621 674 D SystemServerInitThreadPool: Started executing Update app-ops uidState in case package com.ebensz.enote.notepad changed
05-15 10:51:47.713 621 745 D SystemServerInitThreadPool: Started executing Update app-ops uidState in case package com.eben.browser changed
05-15 10:51:47.713 621 712 D SystemServerInitThreadPool: Started executing Update app-ops uidState in case package com.android.deskclock changed
05-15 10:51:47.713 621 693 D SystemServerInitThreadPool: Finished executing Update app-ops uidState in case package com.android.systemui changed
05-15 10:51:47.713 621 712 D SystemServerInitThreadPool: Finished executing Update app-ops uidState in case package com.android.deskclock changed
05-15 10:51:47.713 621 645 D SystemServerInitThreadPool: Started executing Update app-ops uidState in case package com.android.companiondevicemanager changed
05-15 10:51:47.713 621 692 D SystemServerInitThreadPool: Started executing Update app-ops uidState in case package com.ebensz.filemanager changed
05-15 10:51:47.713 621 645 D SystemServerInitThreadPool: Finished executing Update app-ops uidState in case package com.android.companiondevicemanager changed
05-15 10:51:47.713 621 704 D SystemServerInitThreadPool: Finished executing Update app-ops uidState in case package com.android.launcher3 changed
05-15 10:51:47.713 621 674 D SystemServerInitThreadPool: Finished executing Update app-ops uidState in case package com.ebensz.enote.notepad changed
05-15 10:51:47.713 621 704 D SystemServerInitThreadPool: Started executing Update app-ops uidState in case package com.android.providers.downloads changed
05-15 10:51:47.713 621 745 D SystemServerInitThreadPool: Finished executing Update app-ops uidState in case package com.eben.browser changed
05-15 10:51:47.713 621 693 D SystemServerInitThreadPool: Started executing Update app-ops uidState in case package com.android.printspooler changed
05-15 10:51:47.714 621 704 D SystemServerInitThreadPool: Finished executing Update app-ops uidState in case package com.android.providers.downloads changed
05-15 10:51:47.714 621 645 D SystemServerInitThreadPool: Started executing Update app-ops uidState in case package com.android.providers.calendar changed
05-15 10:51:47.714 621 645 D SystemServerInitThreadPool: Finished executing Update app-ops uidState in case package com.android.providers.calendar changed
05-15 10:51:47.714 621 645 D SystemServerInitThreadPool: Started executing Update app-ops uidState in case package android changed
05-15 10:51:47.714 621 645 D SystemServerInitThreadPool: Finished executing Update app-ops uidState in case package android changed
05-15 10:51:47.714 621 645 D SystemServerInitThreadPool: Started executing Update app-ops uidState in case package com.rockchip.devicetest changed
05-15 10:51:47.714 621 645 D SystemServerInitThreadPool: Finished executing Update app-ops uidState in case package com.rockchip.devicetest changed
05-15 10:51:47.714 621 645 D SystemServerInitThreadPool: Started executing Update app-ops uidState in case package com.android.server.telecom changed
05-15 10:51:47.714 621 645 D SystemServerInitThreadPool: Finished executing Update app-ops uidState in case package com.android.server.telecom changed
05-15 10:51:47.714 621 645 D SystemServerInitThreadPool: Started executing Update app-ops uidState in case package cn.eben.bootguide changed
05-15 10:51:47.714 621 645 D SystemServerInitThreadPool: Finished executing Update app-ops uidState in case package cn.eben.bootguide changed
05-15 10:51:47.714 621 645 D SystemServerInitThreadPool: Started executing Update app-ops uidState in case package com.cghs.stresstest changed
05-15 10:51:47.714 621 645 D SystemServerInitThreadPool: Finished executing Update app-ops uidState in case package com.cghs.stresstest changed
05-15 10:51:47.714 621 645 D SystemServerInitThreadPool: Started executing Update app-ops uidState in case package com.android.settings changed
05-15 10:51:47.714 621 645 D SystemServerInitThreadPool: Finished executing Update app-ops uidState in case package com.android.settings changed
05-15 10:51:47.714 621 621 I ActivityManager: System now ready
05-15 10:51:47.714 621 621 I boot_progress_ams_ready: 9559
05-15 10:51:47.714 621 692 D SystemServerInitThreadPool: Finished executing Update app-ops uidState in case package com.ebensz.filemanager changed
05-15 10:51:47.714 621 683 D SystemServerInitThreadPool: Finished executing Update app-ops uidState in case package com.android.providers.media.module changed
05-15 10:51:47.714 621 674 D SystemServerInitThreadPool: Started executing Update app-ops uidState in case package com.android.providers.userdictionary changed
05-15 10:51:47.714 621 745 D SystemServerInitThreadPool: Started executing Update app-ops uidState in case package com.android.providers.contacts changed
05-15 10:51:47.714 621 674 D SystemServerInitThreadPool: Finished executing Update app-ops uidState in case package com.android.providers.userdictionary changed
05-15 10:51:47.714 621 745 D SystemServerInitThreadPool: Finished executing Update app-ops uidState in case package com.android.providers.contacts changed
05-15 10:51:47.714 621 693 D SystemServerInitThreadPool: Finished executing Update app-ops uidState in case package com.android.printspooler changed
05-15 10:51:47.714 621 704 D SystemServerInitThreadPool: Started executing Update app-ops uidState in case package com.android.phone changed
05-15 10:51:47.714 621 712 D SystemServerInitThreadPool: Started executing Update app-ops uidState in case package com.sohu.inputmethod.sogou changed
05-15 10:51:47.714 621 704 D SystemServerInitThreadPool: Finished executing Update app-ops uidState in case package com.android.phone changed
05-15 10:51:47.714 621 712 D SystemServerInitThreadPool: Finished executing Update app-ops uidState in case package com.sohu.inputmethod.sogou changed
05-15 10:51:47.720 621 621 I configuration_changed: 268435456
05-15 10:51:47.720 621 621 I ActivityTaskManager: Config changes=10000000 {1.0 ?mcc?mnc [zh_CN] ldltr sw768dp w768dp h952dp 320dpi xlrg port finger -keyb/v/h -nav/h winConfig={ mBounds=Rect(0, 0 - 1536, 2048) mAppBounds=Rect(0, 0 - 1536, 1952) mMaxBounds=Rect(0, 0 - 1536, 2048) mWindowingMode=fullscreen mDisplayWindowingMode=fullscreen mActivityType=undefined mAlwaysOnTop=undefined mRotation=ROTATION_0} s.8 fontWeightAdjustment=0}
05-15 10:51:47.721 621 727 E system_server: Invalid Idmap file: bad magic value (was 0x00000000, expected 0x504d4449)
05-15 10:51:47.721 621 727 E system_server: failed to load IDMAP /data/resource-cache/data@resource-cache@com.android.systemui-neutral-TLBr.frro@idmap
05-15 10:51:47.721 621 727 W ResourcesManager: failed to preload asset path '/data/resource-cache/com.android.systemui-neutral-TLBr.frro'
05-15 10:51:47.721 621 727 W ResourcesManager: java.io.IOException: Failed to load asset path /data/resource-cache/data@resource-cache@com.android.systemui-neutral-TLBr.frro@idmap
05-15 10:51:47.721 621 727 W ResourcesManager: at android.content.res.ApkAssets.nativeLoad(Native Method)
05-15 10:51:47.721 621 727 W ResourcesManager: at android.content.res.ApkAssets.(ApkAssets.java:295)
05-15 10:51:47.721 621 727 W ResourcesManager: at android.content.res.ApkAssets.loadOverlayFromPath(ApkAssets.java:215)
05-15 10:51:47.721 621 727 W ResourcesManager: at android.app.ResourcesManager.loadApkAssets(ResourcesManager.java:466)
05-15 10:51:47.721 621 727 W ResourcesManager: at android.app.ResourcesManager.access$000(ResourcesManager.java:85)
05-15 10:51:47.721 621 727 W ResourcesManager: at android.app.ResourcesManager$ApkAssetsSupplier.load(ResourcesManager.java:182)
05-15 10:51:47.721 621 727 W ResourcesManager: at android.app.ResourcesManager.createApkAssetsSupplierNotLocked(ResourcesManager.java:1035)
05-15 10:51:47.721 621 727 W ResourcesManager: at android.app.ResourcesManager.getResources(ResourcesManager.java:1156)
05-15 10:51:47.721 621 727 W ResourcesManager: at android.app.ContextImpl.createResources(ContextImpl.java:2463)
05-15 10:51:47.721 621 727 W ResourcesManager: at android.app.ContextImpl.createConfigurationContext(ContextImpl.java:2609)
05-15 10:51:47.721 621 727 W ResourcesManager: at android.telephony.SubscriptionManager.getResourcesForSubId(SubscriptionManager.java:2660)
05-15 10:51:47.721 621 727 W ResourcesManager: at android.telephony.SubscriptionManager.getResourcesForSubId(SubscriptionManager.java:2613)
05-15 10:51:47.721 621 727 W ResourcesManager: at android.net.util.MultinetworkPolicyTracker.getResourcesForActiveSubId(MultinetworkPolicyTracker.java:191)
05-15 10:51:47.721 621 727 W ResourcesManager: at android.net.util.MultinetworkPolicyTracker.configRestrictsAvoidBadWifi(MultinetworkPolicyTracker.java:175)
05-15 10:51:47.721 621 727 W ResourcesManager: at android.net.util.MultinetworkPolicyTracker.updateAvoidBadWifi(MultinetworkPolicyTracker.java:224)
05-15 10:51:47.721 621 727 W ResourcesManager: at android.net.util.MultinetworkPolicyTracker.reevaluateInternal(MultinetworkPolicyTracker.java:215)
05-15 10:51:47.721 621 727 W ResourcesManager: at android.net.util.MultinetworkPolicyTracker.access$100(MultinetworkPolicyTracker.java:63)
05-15 10:51:47.721 621 727 W ResourcesManager: at android.net.util.MultinetworkPolicyTracker$1.onReceive(MultinetworkPolicyTracker.java:123)
05-15 10:51:47.721 621 727 W ResourcesManager: at android.app.LoadedApk$ReceiverDispatcher$Args.lambda$getRunnable$0$LoadedApk$ReceiverDispatcher$Args(LoadedApk.java:1679)
05-15 10:51:47.721 621 727 W ResourcesManager: at android.app.LoadedApk$ReceiverDispatcher$Args$$ExternalSyntheticLambda0.run(Unknown Source:2)
05-15 10:51:47.721 621 727 W ResourcesManager: at android.os.Handler.handleCallback(Handler.java:938)
05-15 10:51:47.721 621 727 W ResourcesManager: at android.os.Handler.dispatchMessage(Handler.java:99)
05-15 10:51:47.721 621 727 W ResourcesManager: at android.os.Looper.loopOnce(Looper.java:201)
05-15 10:51:47.721 621 727 W ResourcesManager: at android.os.Looper.loop(Looper.java:288)
05-15 10:51:47.721 621 727 W ResourcesManager: at android.os.HandlerThread.run(HandlerThread.java:67)
05-15 10:51:47.721 621 727 E system_server: Invalid Idmap file: bad magic value (was 0x00000000, expected 0x504d4449)
05-15 10:51:47.721 621 727 E system_server: failed to load IDMAP /data/resource-cache/data@resource-cache@com.android.systemui-accent-b2QH.frro@idmap
05-15 10:51:47.721 621 727 W ResourcesManager: failed to preload asset path '/data/resource-cache/com.android.systemui-accent-b2QH.frro'
05-15 10:51:47.721 621 727 W ResourcesManager: java.io.IOException: Failed to load asset path /data/resource-cache/data@resource-cache@com.android.systemui-accent-b2QH.frro@idmap
05-15 10:51:47.721 621 727 W ResourcesManager: at android.content.res.ApkAssets.nativeLoad(Native Method)
05-15 10:51:47.721 621 727 W ResourcesManager: at android.content.res.ApkAssets.(ApkAssets.java:295)
05-15 10:51:47.721 621 727 W ResourcesManager: at android.content.res.ApkAssets.loadOverlayFromPath(ApkAssets.java:215)
05-15 10:51:47.721 621 727 W ResourcesManager: at android.app.ResourcesManager.loadApkAssets(ResourcesManager.java:466)
05-15 10:51:47.721 621 727 W ResourcesManager: at android.app.ResourcesManager.access$000(ResourcesManager.java:85)
05-15 10:51:47.721 621 727 W ResourcesManager: at android.app.ResourcesManager$ApkAssetsSupplier.load(ResourcesManager.java:182)
05-15 10:51:47.721 621 727 W ResourcesManager: at android.app.ResourcesManager.createApkAssetsSupplierNotLocked(ResourcesManager.java:1035)
05-15 10:51:47.721 621 727 W ResourcesManager: at android.app.ResourcesManager.getResources(ResourcesManager.java:1156)
05-15 10:51:47.721 621 727 W ResourcesManager: at android.app.ContextImpl.createResources(ContextImpl.java:2463)
05-15 10:51:47.721 621 727 W ResourcesManager: at android.app.ContextImpl.createConfigurationContext(ContextImpl.java:2609)
05-15 10:51:47.721 621 727 W ResourcesManager: at android.telephony.SubscriptionManager.getResourcesForSubId(SubscriptionManager.java:2660)
05-15 10:51:47.721 621 727 W ResourcesManager: at android.telephony.SubscriptionManager.getResourcesForSubId(SubscriptionManager.java:2613)
05-15 10:51:47.721 621 727 W ResourcesManager: at android.net.util.MultinetworkPolicyTracker.getResourcesForActiveSubId(MultinetworkPolicyTracker.java:191)
05-15 10:51:47.721 621 727 W ResourcesManager: at android.net.util.MultinetworkPolicyTracker.configRestrictsAvoidBadWifi(MultinetworkPolicyTracker.java:175)
05-15 10:51:47.721 621 727 W ResourcesManager: at android.net.util.MultinetworkPolicyTracker.updateAvoidBadWifi(MultinetworkPolicyTracker.java:224)
05-15 10:51:47.721 621 727 W ResourcesManager: at android.net.util.MultinetworkPolicyTracker.reevaluateInternal(MultinetworkPolicyTracker.java:215)
05-15 10:51:47.721 621 727 W ResourcesManager: at android.net.util.MultinetworkPolicyTracker.access$100(MultinetworkPolicyTracker.java:63)
05-15 10:51:47.721 621 727 W ResourcesManager: at android.net.util.MultinetworkPolicyTracker$1.onReceive(MultinetworkPolicyTracker.java:123)
05-15 10:51:47.721 621 727 W ResourcesManager: at android.app.LoadedApk$ReceiverDispatcher$Args.lambda$getRunnable$0$LoadedApk$ReceiverDispatcher$Args(LoadedApk.java:1679)
05-15 10:51:47.721 621 727 W ResourcesManager: at android.app.LoadedApk$ReceiverDispatcher$Args$$ExternalSyntheticLambda0.run(Unknown Source:2)
05-15 10:51:47.721 621 727 W ResourcesManager: at android.os.Handler.handleCallback(Handler.java:938)
05-15 10:51:47.721 621 727 W ResourcesManager: at android.os.Handler.dispatchMessage(Handler.java:99)
05-15 10:51:47.721 621 727 W ResourcesManager: at android.os.Looper.loopOnce(Looper.java:201)
05-15 10:51:47.721 621 727 W ResourcesManager: at android.os.Looper.loop(Looper.java:288)
05-15 10:51:47.721 621 727 W ResourcesManager: at android.os.HandlerThread.run(HandlerThread.java:67)
05-15 10:51:47.721 621 621 I SystemServer: Making services ready
05-15 10:51:47.721 621 621 I SystemServiceManager: Starting phase 550
05-15 10:51:47.722 282 282 I hwservicemanager: getTransport: Cannot find entry android.hardware.thermal@2.0::IThermal/default in either framework or device VINTF manifest.
05-15 10:51:47.722 621 621 E ThermalHalWrapper: Thermal HAL 2.0 service not connected.
05-15 10:51:47.722 282 282 I hwservicemanager: getTransport: Cannot find entry android.hardware.thermal@1.1::IThermal/default in either framework or device VINTF manifest.
05-15 10:51:47.722 621 621 E ThermalHalWrapper: Thermal HAL 1.1 service not connected.
05-15 10:51:47.722 282 282 I hwservicemanager: getTransport: Cannot find entry android.hardware.thermal@1.0::IThermal/default in either framework or device VINTF manifest.
05-15 10:51:47.722 621 621 E ThermalHalWrapper: Thermal HAL 1.0 service not connected.
05-15 10:51:47.722 621 621 W ThermalManagerService: No Thermal HAL service on this device
05-15 10:51:47.723 621 621 W ActivityManager: Too early to start/bind service in system_server: Phase=550 ComponentInfo{com.android.server.telecom/com.android.server.telecom.components.TelecomService}
05-15 10:51:47.724 621 669 E AppHibernationService: Attempt to call isHibernatingForUser on stopped or nonexistent user 0
05-15 10:51:47.724 621 621 W ActivityManager: Too early to start/bind service in system_server: Phase=550 ComponentInfo{com.android.server.telecom/com.android.server.telecom.components.TelecomService}
05-15 10:51:47.731 621 621 I SyncManager: No initial accounts
05-15 10:51:47.732 621 691 I commit_sys_config_file: [log-files,1]
05-15 10:51:47.733 621 621 D BluetoothManagerService: Bluetooth boot completed
05-15 10:51:47.733 621 621 D BluetoothManagerService: Getting adapter name and address
05-15 10:51:47.733 621 621 D BluetoothA2dp: Binding service...
05-15 10:51:47.733 621 621 E BluetoothA2dp: Could not bind to Bluetooth Service with Intent { act=android.bluetooth.IBluetoothA2dp }
05-15 10:51:47.733 621 621 I BluetoothAirplaneModeListener: start
05-15 10:51:47.733 621 640 D BluetoothManagerService: MESSAGE_GET_NAME_AND_ADDRESS
05-15 10:51:47.733 621 640 D BluetoothManagerService: Binding to service to get name and address
05-15 10:51:47.733 621 640 E BluetoothManagerService: Fail to bind to: Intent { act=android.bluetooth.IBluetooth }
05-15 10:51:47.740 621 621 E system_server: Invalid Idmap file: bad magic value (was 0x00000000, expected 0x504d4449)
05-15 10:51:47.740 621 621 E system_server: failed to load IDMAP /data/resource-cache/data@resource-cache@com.android.systemui-neutral-TLBr.frro@idmap
05-15 10:51:47.740 621 621 W ResourcesManager: failed to preload asset path '/data/resource-cache/com.android.systemui-neutral-TLBr.frro'
05-15 10:51:47.740 621 621 W ResourcesManager: java.io.IOException: Failed to load asset path /data/resource-cache/data@resource-cache@com.android.systemui-neutral-TLBr.frro@idmap
05-15 10:51:47.740 621 621 W ResourcesManager: at android.content.res.ApkAssets.nativeLoad(Native Method)
05-15 10:51:47.740 621 621 W ResourcesManager: at android.content.res.ApkAssets.(ApkAssets.java:295)
