05-15 10:51:48.742 925 925 W ResourcesManager: at com.android.internal.telephony.PhoneFactory.makeDefaultPhone(PhoneFactory.java:239)
05-15 10:51:48.742 925 925 W ResourcesManager: at com.android.internal.telephony.PhoneFactory.makeDefaultPhones(PhoneFactory.java:108)
05-15 10:51:48.742 925 925 W ResourcesManager: at com.android.phone.PhoneGlobals.onCreate(PhoneGlobals.java:400)
05-15 10:51:48.742 925 925 W ResourcesManager: at com.android.phone.PhoneApp.onCreate(PhoneApp.java:39)
05-15 10:51:48.742 925 925 W ResourcesManager: at android.app.Instrumentation.callApplicationOnCreate(Instrumentation.java:1223)
05-15 10:51:48.742 925 925 W ResourcesManager: at android.app.ActivityThread.handleBindApplication(ActivityThread.java:6762)
05-15 10:51:48.742 925 925 W ResourcesManager: at android.app.ActivityThread.access$1500(ActivityThread.java:256)
05-15 10:51:48.742 925 925 W ResourcesManager: at android.app.ActivityThread$H.handleMessage(ActivityThread.java:2091)
05-15 10:51:48.742 925 925 W ResourcesManager: at android.os.Handler.dispatchMessage(Handler.java:106)
05-15 10:51:48.742 925 925 W ResourcesManager: at android.os.Looper.loopOnce(Looper.java:201)
05-15 10:51:48.742 925 925 W ResourcesManager: at android.os.Looper.loop(Looper.java:288)
05-15 10:51:48.742 925 925 W ResourcesManager: at android.app.ActivityThread.main(ActivityThread.java:7870)
05-15 10:51:48.742 925 925 W ResourcesManager: at java.lang.reflect.Method.invoke(Native Method)
05-15 10:51:48.742 925 925 W ResourcesManager: at com.android.internal.os.RuntimeInit$MethodAndArgsCaller.run(RuntimeInit.java:548)
05-15 10:51:48.742 925 925 W ResourcesManager: at com.android.internal.os.ZygoteInit.main(ZygoteInit.java:1003)
05-15 10:51:48.742 526 1153 D SimpleC2Component: Using output block pool with poolID 21 => got 21 - 0
05-15 10:51:48.742 621 1152 D system_server: [c2.android.vorbis.decoder#939] Created input block pool with allocatorID 16 => poolID 20 - OK (0)
05-15 10:51:48.742 777 777 W ResourcesManager: failed to add overlay path '/data/resource-cache/com.android.systemui-neutral-TLBr.frro'
05-15 10:51:48.742 777 777 W ResourcesManager: java.io.IOException: Failed to load asset path /data/resource-cache/data@resource-cache@com.android.systemui-neutral-TLBr.frro@idmap
05-15 10:51:48.742 777 777 W ResourcesManager: at android.content.res.ApkAssets.nativeLoad(Native Method)
05-15 10:51:48.742 777 777 W ResourcesManager: at android.content.res.ApkAssets.(ApkAssets.java:295)
05-15 10:51:48.742 777 777 W ResourcesManager: at android.content.res.ApkAssets.loadOverlayFromPath(ApkAssets.java:215)
05-15 10:51:48.742 777 777 W ResourcesManager: at android.app.ResourcesManager.loadApkAssets(ResourcesManager.java:466)
05-15 10:51:48.742 777 777 W ResourcesManager: at android.app.ResourcesManager.access$000(ResourcesManager.java:85)
05-15 10:51:48.742 777 777 W ResourcesManager: at android.app.ResourcesManager$ApkAssetsSupplier.load(ResourcesManager.java:182)
05-15 10:51:48.742 777 777 W ResourcesManager: at android.app.ResourcesManager.createAssetManager(ResourcesManager.java:544)
05-15 10:51:48.742 777 777 W ResourcesManager: at android.app.ResourcesManager.createResourcesImpl(ResourcesManager.java:626)
05-15 10:51:48.742 777 777 W ResourcesManager: at android.app.ResourcesManager.findOrCreateResourcesImplForKeyLocked(ResourcesManager.java:719)
05-15 10:51:48.742 777 777 W ResourcesManager: at android.app.ResourcesManager.createResources(ResourcesManager.java:1066)
05-15 10:51:48.742 777 777 W ResourcesManager: at android.app.ResourcesManager.getResources(ResourcesManager.java:1169)
05-15 10:51:48.742 777 777 W ResourcesManager: at android.app.ActivityThread.getTopLevelResources(ActivityThread.java:2415)
05-15 10:51:48.742 777 777 W ResourcesManager: at android.app.ApplicationPackageManager.getResourcesForApplication(ApplicationPackageManager.java:1781)
05-15 10:51:48.742 777 777 W ResourcesManager: at android.app.ApplicationPackageManager.getResourcesForApplication(ApplicationPackageManager.java:1767)
05-15 10:51:48.742 777 777 W ResourcesManager: at android.app.ApplicationPackageManager.getResourcesForApplication(ApplicationPackageManager.java:1795)
05-15 10:51:48.742 777 777 W ResourcesManager: at com.android.systemui.navigationbar.gestural.EdgeBackGestureHandler.(EdgeBackGestureHandler.java:322)
05-15 10:51:48.742 777 777 W ResourcesManager: at com.android.systemui.navigationbar.gestural.EdgeBackGestureHandler$Factory.create(EdgeBackGestureHandler.java:988)
05-15 10:51:48.742 777 777 W ResourcesManager: at com.android.systemui.navigationbar.TaskbarDelegate.(TaskbarDelegate.java:149)
05-15 10:51:48.742 777 777 W ResourcesManager: at com.android.systemui.navigationbar.TaskbarDelegate_Factory.newInstance(TaskbarDelegate_Factory.java:33)
05-15 10:51:48.742 777 777 W ResourcesManager: at com.android.systemui.navigationbar.TaskbarDelegate_Factory.get(TaskbarDelegate_Factory.java:25)
05-15 10:51:48.742 777 777 W ResourcesManager: at com.android.systemui.navigationbar.TaskbarDelegate_Factory.get(TaskbarDelegate_Factory.java:8)
05-15 10:51:48.742 777 777 W ResourcesManager: at dagger.internal.DoubleCheck.get(DoubleCheck.java:47)
05-15 10:51:48.742 777 777 W ResourcesManager: at com.android.systemui.navigationbar.NavigationBarController_Factory.get(NavigationBarController_Factory.java:86)
05-15 10:51:48.742 777 777 W ResourcesManager: at com.android.systemui.navigationbar.NavigationBarController_Factory.get(NavigationBarController_Factory.java:18)
05-15 10:51:48.742 777 777 W ResourcesManager: at dagger.internal.DoubleCheck.get(DoubleCheck.java:47)
05-15 10:51:48.742 777 777 W ResourcesManager: at com.android.systemui.statusbar.phone.dagger.StatusBarPhoneModule_ProvideStatusBarFactory.get(StatusBarPhoneModule_ProvideStatusBarFactory.java:519)
05-15 10:51:48.742 777 777 W ResourcesManager: at com.android.systemui.statusbar.phone.dagger.StatusBarPhoneModule_ProvideStatusBarFactory.get(StatusBarPhoneModule_ProvideStatusBarFactory.java:110)
05-15 10:51:48.742 777 777 W ResourcesManager: at dagger.internal.DoubleCheck.get(DoubleCheck.java:47)
05-15 10:51:48.742 777 777 W ResourcesManager: at com.android.systemui.dagger.ContextComponentResolver.resolve(ContextComponentResolver.java:99)
05-15 10:51:48.742 777 777 W ResourcesManager: at com.android.systemui.dagger.ContextComponentResolver.resolveSystemUI(ContextComponentResolver.java:92)
05-15 10:51:48.742 777 777 W ResourcesManager: at com.android.systemui.SystemUIApplication.startServicesIfNeeded(SystemUIApplication.java:209)
05-15 10:51:48.742 777 777 W ResourcesManager: at com.android.systemui.SystemUIApplication.startServicesIfNeeded(SystemUIApplication.java:163)
05-15 10:51:48.742 777 777 W ResourcesManager: at com.android.systemui.SystemUIService.onCreate(SystemUIService.java:70)
05-15 10:51:48.742 777 777 W ResourcesManager: at android.app.ActivityThread.handleCreateService(ActivityThread.java:4554)
05-15 10:51:48.742 777 777 W ResourcesManager: at android.app.ActivityThread.access$1700(ActivityThread.java:256)
05-15 10:51:48.742 777 777 W ResourcesManager: at android.app.ActivityThread$H.handleMessage(ActivityThread.java:2110)
05-15 10:51:48.742 777 777 W ResourcesManager: at android.os.Handler.dispatchMessage(Handler.java:106)
05-15 10:51:48.742 777 777 W ResourcesManager: at android.os.Looper.loopOnce(Looper.java:201)
05-15 10:51:48.742 777 777 W ResourcesManager: at android.os.Looper.loop(Looper.java:288)
05-15 10:51:48.742 777 777 W ResourcesManager: at android.app.ActivityThread.main(ActivityThread.java:7870)
05-15 10:51:48.742 777 777 W ResourcesManager: at java.lang.reflect.Method.invoke(Native Method)
05-15 10:51:48.742 777 777 W ResourcesManager: at com.android.internal.os.RuntimeInit$MethodAndArgsCaller.run(RuntimeInit.java:548)
05-15 10:51:48.742 777 777 W ResourcesManager: at com.android.internal.os.ZygoteInit.main(ZygoteInit.java:1003)
05-15 10:51:48.742 777 777 E ndroid.systemu: Invalid Idmap file: bad magic value (was 0x00000000, expected 0x504d4449)
05-15 10:51:48.742 777 777 E ndroid.systemu: failed to load IDMAP /data/resource-cache/data@resource-cache@com.android.systemui-accent-b2QH.frro@idmap
05-15 10:51:48.743 621 1152 I system_server: [c2.android.vorbis.decoder#939] Created output block pool with allocatorID 16 => poolID 22 - OK
05-15 10:51:48.743 621 1152 D system_server: [c2.android.vorbis.decoder#939] Configured output block pool ids 22 => OK
05-15 10:51:48.743 777 777 W ResourcesManager: failed to add overlay path '/data/resource-cache/com.android.systemui-accent-b2QH.frro'
05-15 10:51:48.743 777 777 W ResourcesManager: java.io.IOException: Failed to load asset path /data/resource-cache/data@resource-cache@com.android.systemui-accent-b2QH.frro@idmap
05-15 10:51:48.743 777 777 W ResourcesManager: at android.content.res.ApkAssets.nativeLoad(Native Method)
05-15 10:51:48.743 777 777 W ResourcesManager: at android.content.res.ApkAssets.(ApkAssets.java:295)
05-15 10:51:48.743 777 777 W ResourcesManager: at android.content.res.ApkAssets.loadOverlayFromPath(ApkAssets.java:215)
05-15 10:51:48.743 777 777 W ResourcesManager: at android.app.ResourcesManager.loadApkAssets(ResourcesManager.java:466)
05-15 10:51:48.743 777 777 W ResourcesManager: at android.app.ResourcesManager.access$000(ResourcesManager.java:85)
05-15 10:51:48.743 777 777 W ResourcesManager: at android.app.ResourcesManager$ApkAssetsSupplier.load(ResourcesManager.java:182)
05-15 10:51:48.743 777 777 W ResourcesManager: at android.app.ResourcesManager.createAssetManager(ResourcesManager.java:544)
05-15 10:51:48.743 777 777 W ResourcesManager: at android.app.ResourcesManager.createResourcesImpl(ResourcesManager.java:626)
05-15 10:51:48.743 777 777 W ResourcesManager: at android.app.ResourcesManager.findOrCreateResourcesImplForKeyLocked(ResourcesManager.java:719)
05-15 10:51:48.743 777 777 W ResourcesManager: at android.app.ResourcesManager.createResources(ResourcesManager.java:1066)
05-15 10:51:48.743 777 777 W ResourcesManager: at android.app.ResourcesManager.getResources(ResourcesManager.java:1169)
05-15 10:51:48.743 777 777 W ResourcesManager: at android.app.ActivityThread.getTopLevelResources(ActivityThread.java:2415)
05-15 10:51:48.743 777 777 W ResourcesManager: at android.app.ApplicationPackageManager.getResourcesForApplication(ApplicationPackageManager.java:1781)
05-15 10:51:48.743 777 777 W ResourcesManager: at android.app.ApplicationPackageManager.getResourcesForApplication(ApplicationPackageManager.java:1767)
05-15 10:51:48.743 777 777 W ResourcesManager: at android.app.ApplicationPackageManager.getResourcesForApplication(ApplicationPackageManager.java:1795)
05-15 10:51:48.743 777 777 W ResourcesManager: at com.android.systemui.navigationbar.gestural.EdgeBackGestureHandler.(EdgeBackGestureHandler.java:322)
05-15 10:51:48.743 777 777 W ResourcesManager: at com.android.systemui.navigationbar.gestural.EdgeBackGestureHandler$Factory.create(EdgeBackGestureHandler.java:988)
05-15 10:51:48.743 777 777 W ResourcesManager: at com.android.systemui.navigationbar.TaskbarDelegate.(TaskbarDelegate.java:149)
05-15 10:51:48.743 777 777 W ResourcesManager: at com.android.systemui.navigationbar.TaskbarDelegate_Factory.newInstance(TaskbarDelegate_Factory.java:33)
05-15 10:51:48.743 777 777 W ResourcesManager: at com.android.systemui.navigationbar.TaskbarDelegate_Factory.get(TaskbarDelegate_Factory.java:25)
05-15 10:51:48.743 777 777 W ResourcesManager: at com.android.systemui.navigationbar.TaskbarDelegate_Factory.get(TaskbarDelegate_Factory.java:8)
05-15 10:51:48.743 777 777 W ResourcesManager: at dagger.internal.DoubleCheck.get(DoubleCheck.java:47)
05-15 10:51:48.743 777 777 W ResourcesManager: at com.android.systemui.navigationbar.NavigationBarController_Factory.get(NavigationBarController_Factory.java:86)
05-15 10:51:48.743 777 777 W ResourcesManager: at com.android.systemui.navigationbar.NavigationBarController_Factory.get(NavigationBarController_Factory.java:18)
05-15 10:51:48.743 777 777 W ResourcesManager: at dagger.internal.DoubleCheck.get(DoubleCheck.java:47)
05-15 10:51:48.743 777 777 W ResourcesManager: at com.android.systemui.statusbar.phone.dagger.StatusBarPhoneModule_ProvideStatusBarFactory.get(StatusBarPhoneModule_ProvideStatusBarFactory.java:519)
05-15 10:51:48.743 777 777 W ResourcesManager: at com.android.systemui.statusbar.phone.dagger.StatusBarPhoneModule_ProvideStatusBarFactory.get(StatusBarPhoneModule_ProvideStatusBarFactory.java:110)
05-15 10:51:48.743 777 777 W ResourcesManager: at dagger.internal.DoubleCheck.get(DoubleCheck.java:47)
05-15 10:51:48.743 777 777 W ResourcesManager: at com.android.systemui.dagger.ContextComponentResolver.resolve(ContextComponentResolver.java:99)
05-15 10:51:48.743 777 777 W ResourcesManager: at com.android.systemui.dagger.ContextComponentResolver.resolveSystemUI(ContextComponentResolver.java:92)
05-15 10:51:48.743 777 777 W ResourcesManager: at com.android.systemui.SystemUIApplication.startServicesIfNeeded(SystemUIApplication.java:209)
05-15 10:51:48.743 777 777 W ResourcesManager: at com.android.systemui.SystemUIApplication.startServicesIfNeeded(SystemUIApplication.java:163)
05-15 10:51:48.743 777 777 W ResourcesManager: at com.android.systemui.SystemUIService.onCreate(SystemUIService.java:70)
05-15 10:51:48.743 777 777 W ResourcesManager: at android.app.ActivityThread.handleCreateService(ActivityThread.java:4554)
05-15 10:51:48.743 777 777 W ResourcesManager: at android.app.ActivityThread.access$1700(ActivityThread.java:256)
05-15 10:51:48.743 777 777 W ResourcesManager: at android.app.ActivityThread$H.handleMessage(ActivityThread.java:2110)
05-15 10:51:48.743 777 777 W ResourcesManager: at android.os.Handler.dispatchMessage(Handler.java:106)
05-15 10:51:48.743 777 777 W ResourcesManager: at android.os.Looper.loopOnce(Looper.java:201)
05-15 10:51:48.743 777 777 W ResourcesManager: at android.os.Looper.loop(Looper.java:288)
05-15 10:51:48.743 777 777 W ResourcesManager: at android.app.ActivityThread.main(ActivityThread.java:7870)
05-15 10:51:48.743 777 777 W ResourcesManager: at java.lang.reflect.Method.invoke(Native Method)
05-15 10:51:48.743 777 777 W ResourcesManager: at com.android.internal.os.RuntimeInit$MethodAndArgsCaller.run(RuntimeInit.java:548)
05-15 10:51:48.743 777 777 W ResourcesManager: at com.android.internal.os.ZygoteInit.main(ZygoteInit.java:1003)
05-15 10:51:48.744 526 1154 D SimpleC2Component: Using output block pool with poolID 22 => got 22 - 0
05-15 10:51:48.745 925 925 I PhoneFactory: IMS is not supported on this device, skipping ImsResolver.
05-15 10:51:48.746 777 1047 D ndroid.systemu: [c2.android.vorbis.decoder#145] MediaCodec discarded an unknown buffer
05-15 10:51:48.746 777 1047 D ndroid.systemu: [c2.android.vorbis.decoder#145] MediaCodec discarded an unknown buffer
05-15 10:51:48.746 777 1047 D ndroid.systemu: [c2.android.vorbis.decoder#145] MediaCodec discarded an unknown buffer
05-15 10:51:48.747 777 777 D CCLNavigationBarController: NavigationBarController constructed...
05-15 10:51:48.747 418 418 I netd : trafficSwapActiveStatsMap() <35.62ms>
05-15 10:51:48.748 418 418 I netd : tetherGetStats() -> {[]} <0.63ms>
05-15 10:51:48.748 925 925 W FeatureConnector: [InstanceManager, 0] connect: not supported.
05-15 10:51:48.749 777 1047 I hw-BpHwBinder: onLastStrongRef automatically unlinking death recipients
05-15 10:51:48.750 621 646 I netstats_mobile_sample: [0,0,0,0,0,0,0,0,0,0,0,0,1747277508750]
05-15 10:51:48.750 621 646 I netstats_wifi_sample: [0,0,0,0,0,0,0,0,0,0,0,0,1747277508750]
05-15 10:51:48.751 925 925 E MmTelFeatureConn [0]: ImsRegistrationCallbackAdapter: ImsRegistration is null
05-15 10:51:48.752 621 702 D TelephonyRegistry: listen oscl: mHasNotifySubscriptionInfoChangedOccurred==false no callback
05-15 10:51:48.752 621 1152 D system_server: [c2.android.vorbis.decoder#939] MediaCodec discarded an unknown buffer
05-15 10:51:48.752 621 1152 D system_server: [c2.android.vorbis.decoder#939] MediaCodec discarded an unknown buffer
05-15 10:51:48.752 621 1152 I hw-BpHwBinder: onLastStrongRef automatically unlinking death recipients
05-15 10:51:48.754 621 727 D ConnectivityService: Got NetworkProvider Messenger for PhoneSwitcherNetworkRequstListener
05-15 10:51:48.754 282 282 I hwservicemanager: getTransport: Cannot find entry android.hardware.radio.config@1.3::IRadioConfig/default in either framework or device VINTF manifest.
05-15 10:51:48.754 282 282 I hwservicemanager: getTransport: Cannot find entry android.hardware.radio.config@1.1::IRadioConfig/default in either framework or device VINTF manifest.
05-15 10:51:48.754 925 925 I android_os_HwBinder: HwBinder: Starting thread pool for getting: android.hardware.radio.config@1.0::IRadioConfig/default
05-15 10:51:48.755 777 777 I TetheringManager: registerTetheringEventCallback:com.android.systemui
05-15 10:51:48.755 777 777 I TetheringManager: registerTetheringEventCallback caller:com.android.systemui
05-15 10:51:48.755 925 925 D PhoneSwitcher: PhoneSwitcher started
05-15 10:51:48.755 925 925 D ProxyController: Constructor - Enter
05-15 10:51:48.756 621 691 I commit_sys_config_file: [log-files,1024]
05-15 10:51:48.756 925 925 D ProxyController: clearTransaction
05-15 10:51:48.756 925 925 D ProxyController: clearTransaction: phoneId=0 status=IDLE
05-15 10:51:48.756 925 925 D ProxyController: Constructor - Exit
05-15 10:51:48.757 621 691 I commit_sys_config_file: [log-files,1026]
05-15 10:51:48.757 777 1052 D ndroid.systemu: [c2.android.vorbis.decoder#444] MediaCodec discarded an unknown buffer
05-15 10:51:48.758 777 1052 I hw-BpHwBinder: onLastStrongRef automatically unlinking death recipients
05-15 10:51:48.758 777 1042 D ndroid.systemu: codecHandlesFormat: no format, so no extra checks
05-15 10:51:48.758 526 558 I hw-BpHwBinder: onLastStrongRef automatically unlinking death recipients
05-15 10:51:48.758 621 702 D TelephonyRegistry: listen oscl: mHasNotifySubscriptionInfoChangedOccurred==false no callback
05-15 10:51:48.758 621 727 D ConnectivityService: Got NetworkProvider Messenger for TelephonyNetworkFactory[0]
05-15 10:51:48.759 777 1042 D ndroid.systemu: codecHandlesFormat: no format, so no extra checks
05-15 10:51:48.759 777 1162 D ndroid.systemu: allocate(c2.android.vorbis.decoder)
05-15 10:51:48.759 621 691 E NativeTombstoneManager: Tombstone has invalid selinux label (u:r:platform_app:s0:c512,c768), ignoring
05-15 10:51:48.760 621 691 I DropBoxManagerService: add tag=SYSTEM_TOMBSTONE_PROTO isTagEnabled=true flags=0x4
05-15 10:51:48.761 925 1163 W ActivityThread: Failed to find provider info for com.android.contacts (user not unlocked)
05-15 10:51:48.761 925 1163 W CallerInfoCache: cursor is null
05-15 10:51:48.763 925 925 I ImsRcsController: ImsRcsController
05-15 10:51:48.764 621 669 E AppHibernationService: Attempt to call isHibernatingForUser on stopped or nonexistent user 0
05-15 10:51:48.764 777 1162 I ndroid.systemu: setting up 'default' as default (vendor) store
05-15 10:51:48.765 621 779 D system_server: codecHandlesFormat: no format, so no extra checks
05-15 10:51:48.765 621 779 D system_server: codecHandlesFormat: no format, so no extra checks
05-15 10:51:48.765 925 925 D CarrierConfigLoader: CarrierConfigLoader has started
05-15 10:51:48.765 621 1151 D system_server: [c2.android.vorbis.decoder#425] MediaCodec discarded an unknown buffer
05-15 10:51:48.765 621 1151 D system_server: [c2.android.vorbis.decoder#425] MediaCodec discarded an unknown buffer
05-15 10:51:48.765 621 1151 D system_server: [c2.android.vorbis.decoder#425] MediaCodec discarded an unknown buffer
05-15 10:51:48.766 621 1164 D system_server: allocate(c2.android.vorbis.decoder)
05-15 10:51:48.766 621 702 I StatusBarManagerService: registerStatusBar bar=com.android.internal.statusbar.IStatusBar$Stub$Proxy@a6dc13a
05-15 10:51:48.766 777 1162 I ndroid.systemu: Created component [c2.android.vorbis.decoder]
05-15 10:51:48.767 621 1166 I hw-BpHwBinder: onLastStrongRef automatically unlinking death recipients
05-15 10:51:48.767 526 1095 I hw-BpHwBinder: onLastStrongRef automatically unlinking death recipients
05-15 10:51:48.767 777 1162 D ndroid.systemu: read media type: audio/vorbis
05-15 10:51:48.768 621 1164 I system_server: setting up 'default' as default (vendor) store
05-15 10:51:48.768 621 635 D BluetoothManagerService: Trying to bind to profile: 1, while Bluetooth was disabled
05-15 10:51:48.769 621 635 D TelephonyRegistry: listen oscl: mHasNotifySubscriptionInfoChangedOccurred==false no callback
05-15 10:51:48.769 621 1164 I system_server: Created component [c2.android.vorbis.decoder]
05-15 10:51:48.769 621 640 I DropBoxManagerService: add tag=system_app_strictmode isTagEnabled=true flags=0x2
05-15 10:51:48.769 925 925 D CallManager: registerForMmiComplete
05-15 10:51:48.769 621 1164 D system_server: read media type: audio/vorbis
05-15 10:51:48.769 777 1162 D ndroid.systemu: extent() != 1 for single value type: algo.buffers.max-count.values
05-15 10:51:48.769 925 925 D NewNitzStateMachineImpl: handleAirplaneModeChanged(true): mLatestNitzSignal was already null. Nothing to do.
05-15 10:51:48.770 1056 1056 D TouchInteractionService: Touch service connected: user=0
05-15 10:51:48.770 777 1162 D ndroid.systemu: extent() != 1 for single value type: output.subscribed-indices.values
05-15 10:51:48.770 777 1162 D ndroid.systemu: extent() != 1 for single value type: input.buffers.allocator-ids.values
05-15 10:51:48.770 777 1162 D ndroid.systemu: extent() != 1 for single value type: output.buffers.allocator-ids.values
05-15 10:51:48.771 621 640 I DropBoxManagerService: add tag=system_app_strictmode isTagEnabled=true flags=0x2
05-15 10:51:48.771 777 1162 D ndroid.systemu: extent() != 1 for single value type: algo.buffers.allocator-ids.values
05-15 10:51:48.771 777 1162 D ndroid.systemu: extent() != 1 for single value type: output.buffers.pool-ids.values
05-15 10:51:48.771 777 1162 D ndroid.systemu: extent() != 1 for single value type: algo.buffers.pool-ids.values
05-15 10:51:48.771 777 1162 I ndroid.systemu: query failed after returning 7 values (BAD_INDEX)
05-15 10:51:48.771 777 1162 D ndroid.systemu: c2 config diff is Dict {
05-15 10:51:48.771 777 1162 D ndroid.systemu: c2::u32 coded.bitrate.value = 64000
05-15 10:51:48.771 777 1162 D ndroid.systemu: c2::u32 input.buffers.max-size.value = 32768
05-15 10:51:48.771 777 1162 D ndroid.systemu: c2::u32 input.delay.value = 0
05-15 10:51:48.771 777 1162 D ndroid.systemu: string input.media-type.value = "audio/vorbis"
05-15 10:51:48.771 777 1162 D ndroid.systemu: string output.media-type.value = "audio/raw"
05-15 10:51:48.771 777 1162 D ndroid.systemu: c2::u32 raw.channel-count.value = 1
05-15 10:51:48.771 777 1162 D ndroid.systemu: c2::u32 raw.sample-rate.value = 48000
05-15 10:51:48.771 777 1162 D ndroid.systemu: }
05-15 10:51:48.772 621 778 D system_server: codecHandlesFormat: no format, so no extra checks
05-15 10:51:48.772 777 1162 D ndroid.systemu: [c2.android.vorbis.decoder] buffers are bound to CCodec for this session
05-15 10:51:48.772 621 1164 D system_server: extent() != 1 for single value type: algo.buffers.max-count.values
05-15 10:51:48.772 621 778 D system_server: codecHandlesFormat: no format, so no extra checks
05-15 10:51:48.772 777 1162 D ndroid.systemu: no c2 equivalents for durationUs
05-15 10:51:48.772 777 1162 D ndroid.systemu: no c2 equivalents for track-id
05-15 10:51:48.772 777 1162 D ndroid.systemu: no c2 equivalents for csd-1
05-15 10:51:48.772 777 1162 D ndroid.systemu: no c2 equivalents for channel-mask
05-15 10:51:48.772 621 1164 D system_server: extent() != 1 for single value type: output.subscribed-indices.values
05-15 10:51:48.772 777 1162 D ndroid.systemu: no c2 equivalents for flags
05-15 10:51:48.772 621 1164 D system_server: extent() != 1 for single value type: input.buffers.allocator-ids.values
05-15 10:51:48.772 621 1164 D system_server: extent() != 1 for single value type: output.buffers.allocator-ids.values
05-15 10:51:48.772 621 1164 D system_server: extent() != 1 for single value type: algo.buffers.allocator-ids.values
05-15 10:51:48.772 621 1164 D system_server: extent() != 1 for single value type: output.buffers.pool-ids.values
05-15 10:51:48.772 777 1162 D ndroid.systemu: c2 config diff is c2::u32 coded.bitrate.value = 160000
05-15 10:51:48.772 777 1162 D ndroid.systemu: c2::u32 raw.channel-count.value = 2
05-15 10:51:48.772 621 691 I commit_sys_config_file: [log-files,1041]
05-15 10:51:48.773 621 1164 D system_server: extent() != 1 for single value type: algo.buffers.pool-ids.values
05-15 10:51:48.773 777 1162 W ndroid.systemu: query -- param skipped: index = 1107298332.
05-15 10:51:48.773 777 1162 D ndroid.systemu: setup formats input: AMessage(what = 0x00000000) = {
05-15 10:51:48.773 777 1162 D ndroid.systemu: int32_t bitrate = 160000
05-15 10:51:48.773 777 1162 D ndroid.systemu: int32_t channel-count = 2
05-15 10:51:48.773 777 1162 D ndroid.systemu: int32_t max-input-size = 32768
05-15 10:51:48.773 777 1162 D ndroid.systemu: string mime = "audio/vorbis"
05-15 10:51:48.773 777 1162 D ndroid.systemu: int32_t sample-rate = 48000
05-15 10:51:48.773 777 1162 D ndroid.systemu: }
05-15 10:51:48.773 777 1162 D ndroid.systemu: setup formats output: AMessage(what = 0x00000000) = {
05-15 10:51:48.773 777 1162 D ndroid.systemu: int32_t channel-count = 2
05-15 10:51:48.773 777 1162 D ndroid.systemu: string mime = "audio/raw"
05-15 10:51:48.773 777 1162 D ndroid.systemu: int32_t sample-rate = 48000
05-15 10:51:48.773 777 1162 D ndroid.systemu: int32_t channel-mask = 3
05-15 10:51:48.773 777 1162 D ndroid.systemu: }
05-15 10:51:48.773 777 1162 I ndroid.systemu: query failed after returning 7 values (BAD_INDEX)
05-15 10:51:48.773 621 1169 D system_server: allocate(c2.android.vorbis.decoder)
05-15 10:51:48.773 777 1162 W ndroid.systemu: query -- param skipped: index = 1342179345.
05-15 10:51:48.773 777 1162 W ndroid.systemu: query -- param skipped: index = 2415921170.
05-15 10:51:48.773 777 1162 D ndroid.systemu: [c2.android.vorbis.decoder#413] Created input block pool with allocatorID 16 => poolID 19 - OK (0)
05-15 10:51:48.774 621 1164 I system_server: query failed after returning 7 values (BAD_INDEX)
05-15 10:51:48.774 621 1164 D system_server: c2 config diff is Dict {
05-15 10:51:48.774 621 1164 D system_server: c2::u32 coded.bitrate.value = 64000
05-15 10:51:48.774 621 1164 D system_server: c2::u32 input.buffers.max-size.value = 32768
05-15 10:51:48.774 621 1164 D system_server: c2::u32 input.delay.value = 0
05-15 10:51:48.774 621 1164 D system_server: string input.media-type.value = "audio/vorbis"
05-15 10:51:48.774 621 1164 D system_server: string output.media-type.value = "audio/raw"
05-15 10:51:48.774 621 1164 D system_server: c2::u32 raw.channel-count.value = 1
05-15 10:51:48.774 621 1164 D system_server: c2::u32 raw.sample-rate.value = 48000
05-15 10:51:48.774 621 1164 D system_server: }
05-15 10:51:48.774 777 1162 I ndroid.systemu: [c2.android.vorbis.decoder#413] Created output block pool with allocatorID 16 => poolID 23 - OK
05-15 10:51:48.774 777 1162 D ndroid.systemu: [c2.android.vorbis.decoder#413] Configured output block pool ids 23 => OK
05-15 10:51:48.774 621 1164 D system_server: [c2.android.vorbis.decoder] buffers are bound to CCodec for this session
05-15 10:51:48.774 621 1164 D system_server: no c2 equivalents for durationUs
05-15 10:51:48.774 621 1164 D system_server: no c2 equivalents for track-id
05-15 10:51:48.774 621 1164 D system_server: no c2 equivalents for csd-1
05-15 10:51:48.774 621 1164 D system_server: no c2 equivalents for channel-mask
05-15 10:51:48.774 621 1164 D system_server: no c2 equivalents for flags
05-15 10:51:48.774 621 1169 I system_server: setting up 'default' as default (vendor) store
05-15 10:51:48.774 621 691 I commit_sys_config_file: [log-files,1043]
05-15 10:51:48.775 621 1164 D system_server: c2 config diff is c2::u32 coded.bitrate.value = 140000
05-15 10:51:48.775 526 1165 D SimpleC2Component: Using output block pool with poolID 23 => got 23 - 0
05-15 10:51:48.775 925 925 I Telephony: TelecomAccountRegistry: setupOnBoot - register subscription listener
05-15 10:51:48.775 621 1164 W system_server: query -- param skipped: index = 1107298332.
05-15 10:51:48.775 621 1164 D system_server: setup formats input: AMessage(what = 0x00000000) = {
05-15 10:51:48.775 621 1164 D system_server: int32_t bitrate = 140000
05-15 10:51:48.775 621 1164 D system_server: int32_t channel-count = 1
05-15 10:51:48.775 621 1164 D system_server: int32_t max-input-size = 32768
05-15 10:51:48.775 621 1164 D system_server: string mime = "audio/vorbis"
05-15 10:51:48.775 621 1164 D system_server: int32_t sample-rate = 48000
05-15 10:51:48.775 621 1164 D system_server: }
05-15 10:51:48.775 621 635 D TelephonyRegistry: listen oscl: mHasNotifySubscriptionInfoChangedOccurred==false no callback
05-15 10:51:48.775 621 1164 D system_server: setup formats output: AMessage(what = 0x00000000) = {
05-15 10:51:48.775 621 1164 D system_server: int32_t channel-count = 1
05-15 10:51:48.775 621 1164 D system_server: string mime = "audio/raw"
05-15 10:51:48.775 621 1164 D system_server: int32_t sample-rate = 48000
05-15 10:51:48.775 621 1164 D system_server: int32_t channel-mask = 1
05-15 10:51:48.775 621 1164 D system_server: }
05-15 10:51:48.775 621 1164 I system_server: query failed after returning 7 values (BAD_INDEX)
05-15 10:51:48.775 621 1169 I system_server: Created component [c2.android.vorbis.decoder]
05-15 10:51:48.776 621 1164 W system_server: query -- param skipped: index = 1342179345.
05-15 10:51:48.776 621 1169 D system_server: read media type: audio/vorbis
05-15 10:51:48.776 621 1164 W system_server: query -- param skipped: index = 2415921170.
05-15 10:51:48.776 621 691 E NativeTombstoneManager: Tombstone's UID (1000) not an app, ignoring
05-15 10:51:48.776 621 1164 D system_server: [c2.android.vorbis.decoder#854] Created input block pool with allocatorID 16 => poolID 21 - OK (0)
05-15 10:51:48.777 621 1164 I system_server: [c2.android.vorbis.decoder#854] Created output block pool with allocatorID 16 => poolID 24 - OK
05-15 10:51:48.777 621 1164 D system_server: [c2.android.vorbis.decoder#854] Configured output block pool ids 24 => OK
05-15 10:51:48.777 621 1169 D system_server: extent() != 1 for single value type: algo.buffers.max-count.values
05-15 10:51:48.777 621 1169 D system_server: extent() != 1 for single value type: output.subscribed-indices.values
05-15 10:51:48.777 621 1169 D system_server: extent() != 1 for single value type: input.buffers.allocator-ids.values
05-15 10:51:48.777 621 1169 D system_server: extent() != 1 for single value type: output.buffers.allocator-ids.values
05-15 10:51:48.777 621 691 I DropBoxManagerService: add tag=SYSTEM_TOMBSTONE_PROTO isTagEnabled=true flags=0x4
05-15 10:51:48.777 621 1169 D system_server: extent() != 1 for single value type: algo.buffers.allocator-ids.values
05-15 10:51:48.777 621 1169 D system_server: extent() != 1 for single value type: output.buffers.pool-ids.values
05-15 10:51:48.777 621 1169 D system_server: extent() != 1 for single value type: algo.buffers.pool-ids.values
05-15 10:51:48.778 526 1167 D SimpleC2Component: Using output block pool with poolID 24 => got 24 - 0
05-15 10:51:48.778 925 925 D UiccController: handleMessage: Received RADIO_UNAVAILABLE for phoneId 0
05-15 10:51:48.778 925 925 D UiccController: EVENT_RADIO_UNAVAILABLE, dispose card
05-15 10:51:48.778 621 1169 I system_server: query failed after returning 7 values (BAD_INDEX)
05-15 10:51:48.778 621 1169 D system_server: c2 config diff is Dict {
05-15 10:51:48.778 621 1169 D system_server: c2::u32 coded.bitrate.value = 64000
05-15 10:51:48.778 621 1169 D system_server: c2::u32 input.buffers.max-size.value = 32768
05-15 10:51:48.778 621 1169 D system_server: c2::u32 input.delay.value = 0
05-15 10:51:48.778 621 1169 D system_server: string input.media-type.value = "audio/vorbis"
05-15 10:51:48.778 621 1169 D system_server: string output.media-type.value = "audio/raw"
05-15 10:51:48.778 621 1169 D system_server: c2::u32 raw.channel-count.value = 1
05-15 10:51:48.778 621 1169 D system_server: c2::u32 raw.sample-rate.value = 48000
05-15 10:51:48.778 621 1169 D system_server: }
05-15 10:51:48.778 621 1169 D system_server: [c2.android.vorbis.decoder] buffers are bound to CCodec for this session
05-15 10:51:48.778 621 1169 D system_server: no c2 equivalents for durationUs
05-15 10:51:48.778 621 1169 D system_server: no c2 equivalents for track-id
05-15 10:51:48.778 621 1169 D system_server: no c2 equivalents for csd-1
05-15 10:51:48.778 621 1169 D system_server: no c2 equivalents for channel-mask
05-15 10:51:48.778 621 1169 D system_server: no c2 equivalents for flags
05-15 10:51:48.779 621 1169 D system_server: c2 config diff is c2::u32 coded.bitrate.value = 239920
05-15 10:51:48.779 621 1169 D system_server: c2::u32 raw.sample-rate.value = 44100
05-15 10:51:48.779 621 1169 W system_server: query -- param skipped: index = 1107298332.
05-15 10:51:48.779 621 1169 D system_server: setup formats input: AMessage(what = 0x00000000) = {
05-15 10:51:48.779 621 1169 D system_server: int32_t bitrate = 239920
05-15 10:51:48.779 621 1169 D system_server: int32_t channel-count = 1
05-15 10:51:48.779 621 1169 D system_server: int32_t max-input-size = 32768
05-15 10:51:48.779 621 1169 D system_server: string mime = "audio/vorbis"
05-15 10:51:48.779 621 1169 D system_server: int32_t sample-rate = 44100
05-15 10:51:48.779 621 1169 D system_server: }
05-15 10:51:48.779 621 1169 D system_server: setup formats output: AMessage(what = 0x00000000) = {
05-15 10:51:48.779 621 1169 D system_server: int32_t channel-count = 1
05-15 10:51:48.779 621 1169 D system_server: string mime = "audio/raw"
05-15 10:51:48.779 621 1169 D system_server: int32_t sample-rate = 44100
05-15 10:51:48.779 621 1169 D system_server: int32_t channel-mask = 1
05-15 10:51:48.779 621 1169 D system_server: }
05-15 10:51:48.779 621 1169 I system_server: query failed after returning 7 values (BAD_INDEX)
05-15 10:51:48.782 621 1169 W system_server: query -- param skipped: index = 1342179345.
05-15 10:51:48.782 621 1169 W system_server: query -- param skipped: index = 2415921170.
05-15 10:51:48.782 621 1169 D system_server: [c2.android.vorbis.decoder#366] Created input block pool with allocatorID 16 => poolID 22 - OK (0)
05-15 10:51:48.782 777 777 I CameraManagerGlobal: Connecting to camera service
05-15 10:51:48.783 621 1169 I system_server: [c2.android.vorbis.decoder#366] Created output block pool with allocatorID 16 => poolID 25 - OK
05-15 10:51:48.783 621 1169 D system_server: [c2.android.vorbis.decoder#366] Configured output block pool ids 25 => OK
05-15 10:51:48.784 526 1172 D SimpleC2Component: Using output block pool with poolID 25 => got 25 - 0
05-15 10:51:48.784 777 1162 D ndroid.systemu: [c2.android.vorbis.decoder#413] MediaCodec discarded an unknown buffer
05-15 10:51:48.784 777 1162 D ndroid.systemu: [c2.android.vorbis.decoder#413] MediaCodec discarded an unknown buffer
05-15 10:51:48.785 777 1162 I hw-BpHwBinder: onLastStrongRef automatically unlinking death recipients
05-15 10:51:48.785 526 1115 I hw-BpHwBinder: onLastStrongRef automatically unlinking death recipients
05-15 10:51:48.788 621 691 I commit_sys_config_file: [log-files,1056]
05-15 10:51:48.789 621 691 I commit_sys_config_file: [log-files,1058]
05-15 10:51:48.790 621 1164 D system_server: [c2.android.vorbis.decoder#854] MediaCodec discarded an unknown buffer
05-15 10:51:48.790 621 1164 D system_server: [c2.android.vorbis.decoder#854] MediaCodec discarded an unknown buffer
05-15 10:51:48.790 621 1164 I hw-BpHwBinder: onLastStrongRef automatically unlinking death recipients
05-15 10:51:48.791 418 418 I netd : trafficSwapActiveStatsMap() <38.79ms>
05-15 10:51:48.792 621 691 E NativeTombstoneManager: Tombstone has invalid selinux label (u:r:platform_app:s0:c512,c768), ignoring
05-15 10:51:48.792 418 418 I netd : tetherGetStats() -> {[]} <0.81ms>
05-15 10:51:48.793 621 691 I DropBoxManagerService: add tag=SYSTEM_TOMBSTONE_PROTO isTagEnabled=true flags=0x4
05-15 10:51:48.793 621 646 I netstats_mobile_sample: [0,0,0,0,0,0,0,0,0,0,0,0,1747277508793]
05-15 10:51:48.793 621 646 I netstats_wifi_sample: [0,0,0,0,0,0,0,0,0,0,0,0,1747277508793]
05-15 10:51:48.804 621 1169 D system_server: [c2.android.vorbis.decoder#366] MediaCodec discarded an unknown buffer
05-15 10:51:48.804 621 1169 D system_server: [c2.android.vorbis.decoder#366] MediaCodec discarded an unknown buffer
05-15 10:51:48.805 621 691 I commit_sys_config_file: [log-files,1073]
05-15 10:51:48.805 621 1169 I hw-BpHwBinder: onLastStrongRef automatically unlinking death recipients
05-15 10:51:48.805 526 1137 I hw-BpHwBinder: onLastStrongRef automatically unlinking death recipients
05-15 10:51:48.806 427 569 W CamPrvdr@2.4-external: deviceAdded: Attempt to init camera device /dev/video20 failed!
05-15 10:51:48.806 427 569 V CamPrvdr@2.4-external: Non-internal v4l device video15 found
05-15 10:51:48.807 925 925 D RILJ : [0006]> GET_CURRENT_CALLS [PHONE0]
05-15 10:51:48.807 522 522 D RILC : onRequest: GET_CURRENT_CALLS
05-15 10:51:48.807 925 925 W FeatureConnector: [ImsSmsDispatcher, 0] connect: not supported.
05-15 10:51:48.807 925 925 D GsmSMSDispatcher: GsmSMSDispatcher: subId = -1 slotId = 0
05-15 10:51:48.807 925 925 D GsmCdmaPhone: [0] Event EVENT_RADIO_OFF_OR_NOT_AVAILABLE Received
05-15 10:51:48.807 925 925 D GsmCdmaPhone: [0] EVENT EVENT_RADIO_STATE_CHANGED
05-15 10:51:48.807 925 925 D GsmCdmaPhone: handleRadioPowerStateChange, state= 2
05-15 10:51:48.807 925 1054 D RILJ : [0006]< GET_CURRENT_CALLS {} [PHONE0]
05-15 10:51:48.807 621 691 I commit_sys_config_file: [log-files,1076]
05-15 10:51:48.807 925 925 D SST : [0] EVENT_ICC_CHANGED: SIM absent
05-15 10:51:48.807 925 925 D SST : [0] cancelAllNotifications: mPrevSubId=-1
05-15 10:51:48.808 925 925 D SST : [0] updateSpnDisplayLegacy+
05-15 10:51:48.809 925 925 D SST : [0] updateSpnDisplay: radio is on but out of service, set plmn='没有服务'
05-15 10:51:48.809 925 925 D SST : [0] updateSpnDisplay: rawSpn =
05-15 10:51:48.809 925 925 D SST : [0] updateSpnDisplay: updateSpnDisplay: changed sending intent, rule=2, showPlmn='true', plmn='没有服务', showSpn='false', spn='', dataSpn='', subId='-1'
05-15 10:51:48.809 925 925 D SubscriptionManager: putPhoneIdAndSubIdExtra: no valid subs
05-15 10:51:48.810 621 691 E NativeTombstoneManager: Tombstone has invalid selinux label (u:r:platform_app:s0:c512,c768), ignoring
05-15 10:51:48.810 925 925 D SubscriptionController: [setPlmnSpn] No valid subscription to store info
05-15 10:51:48.810 925 925 D SubscriptionController: notifySubscriptionInfoChanged:
05-15 10:51:48.810 621 691 I DropBoxManagerService: add tag=SYSTEM_TOMBSTONE_PROTO isTagEnabled=true flags=0x4
05-15 10:51:48.810 621 702 D TelephonyRegistry: notifySubscriptionInfoChanged: first invocation mRecords.size=28
05-15 10:51:48.811 925 925 D MultiSimSettingController: notifySubscriptionInfoChanged
05-15 10:51:48.811 925 925 D SST : [0] updateSpnDisplayLegacy-
05-15 10:51:48.812 925 925 D NRM-C-0 : Trying to bind com.android.phone for transport WWAN
05-15 10:51:48.812 621 729 D VcnManagementService: new snapshot: TelephonySubscriptionSnapshot{ mActiveDataSubId=-1, mSubIdToInfoMap={}, mPrivilegedPackages={} }
05-15 10:51:48.813 621 669 E AppHibernationService: Attempt to call isHibernatingForUser on stopped or nonexistent user 0
05-15 10:51:48.813 925 925 D SST : [0] setPowerStateToDesired: mDeviceShuttingDown=false, mDesiredPowerState=false, getRadioState=2, mRadioDisabledByCarrier=false, IMS reg state=false, pending radio off=false
05-15 10:51:48.813 925 925 D SST : [0] pollState: modemTriggered=true
05-15 10:51:48.813 925 925 D NewNitzStateMachineImpl: handleNetworkUnavailable(): mLatestNitzSignal was already null. Nothing to do.
05-15 10:51:48.813 925 925 D SST : [0] useDataRegStateForDataOnlyDevice: VoiceRegState=1 DataRegState=1
05-15 10:51:48.813 925 925 D SST : [0] Could not set ServiceState channel number. CellIdentity null
05-15 10:51:48.813 925 925 D SST : [0] Poll ServiceState done: oldSS=[{mVoiceRegState=1(OUT_OF_SERVICE), mDataRegState=1(OUT_OF_SERVICE), mChannelNumber=-1, duplexMode()=0, mCellBandwidths=[], mOperatorAlphaLong=null, mOperatorAlphaShort=null, isManualNetworkSelection=false(automatic), getRilVoiceRadioTechnology=0(Unknown), getRilDataRadioTechnology=0(Unknown), mCssIndicator=unsupported, mNetworkId=-1, mSystemId=-1, mCdmaRoamingIndicator=-1, mCdmaDefaultRoamingIndicator=-1, mIsEmergencyOnly=false, isUsingCarrierAggregation=false, mArfcnRsrpBoost=0, mNetworkRegistrationInfos=[NetworkRegistrationInfo{ domain=CS transportType=WWAN registrationState=UNKNOWN roamingType=NOT_ROAMING accessNetworkTechnology=UNKNOWN rejectCause=0 emergencyEnabled=false availableServices=[] cellIdentity=null voiceSpecificInfo=null dataSpecificInfo=null nrState=NONE rRplmn= isUsingCarrierAggregation=false}, NetworkRegistrationInfo{ domain=PS transportType=WWAN registrationState=UNKNOWN roamingType=NOT_ROAMING accessNetworkTechnology=UNKNOWN rejectCause=0 emergencyEnabled=false availableServices=[] cellIdentity=null voiceSpecificInfo=null dataSpecificInfo=null nrState=NONE rRplmn= isUsingCarrierAggregation=false}], mNrFrequencyRange=0, mOperatorAlphaLongRaw=null, mOperatorAlphaShortRaw=null, mIsDataRoamingFromRegistration=false, mIsIwlanPreferred=false}] newSS=[{mVoiceRegState=1(OUT_OF_SERVICE), mDataRegState=1(OUT_OF_SERVICE), mChannelNumber=-1, duplexMode()=0, mCellBandwidths=[], mOperatorAlphaLong=null, mOperatorAlphaShort=null, isManualNetworkSelection=false(automatic), getRilVoiceRadioTechnology=0(Unknown), getRilDataRadioTechnology=0(Unknown), mCssIndicator=unsupported, mNetworkId=-1, mSystemId=-1, mCdmaRoamingIndicator=-1, mCdmaDefaultRoamingIndicator=-1, mIsEmergencyOnly=false, isUsingCarrierAggregation=false, mArfcnRsrpBoost=0, mNetworkRegistrationInfos=[NetworkRegistrationInfo{ domain=CS transportType=WWAN registrationState=UNKNOWN roamingType=NOT_ROAMING accessNetworkTechnology=UNKNOWN rejectCause=0 emergencyEnabled=false availableServices=[] cellIdentity=null voiceSpecificInfo=null dataSpecificInfo=null nrState=NONE rRplmn= isUsingCarrierAggregation=false}, NetworkRegistrationInfo{ domain=PS transportType=WWAN registrationState=UNKNOWN roamingType=NOT_ROAMING accessNetworkTechnology=UNKNOWN rejectCause=0 emergencyEnabled=false availableServices=[] cellIdentity=null voiceSpecificInfo=null dataSpecificInfo=null nrState=NONE rRplmn= isUsingCarrierAggregation=false}], mNrFrequencyRange=0, mOperatorAlphaLongRaw=null, mOperatorAlphaShortRaw=null, mIsDataRoamingFromRegistration=false, mIsIwlanPreferred=false}] oldMaxDataCalls=1 mNewMaxDataCalls=1 oldReasonDataDenied=-1 mNewReasonDataDenied=-1
05-15 10:51:48.814 925 925 D SST : [0] pollStateDone: hasRegistered = false hasDeregistered = false hasDataAttached = {1=false} hasDataDetached = {1=false} hasDataRegStateChanged = {1=false} hasRilVoiceRadioTechnologyChanged = false hasRilDataRadioTechnologyChanged = {1=false} hasDataTransportPreferenceChanged = false hasChanged = false hasVoiceRoamingOn = false hasVoiceRoamingOff = false hasDataRoamingOn =false hasDataRoamingOff = false hasLocationChanged = false has4gHandoff = false hasMultiApnSupport = false hasLostMultiApnSupport = false hasCssIndicatorChanged = false hasNrFrequencyRangeChanged = false hasNrStateChanged = false hasBandwidthChanged = true hasAirplaneModeOnlChanged = false
05-15 10:51:48.814 925 925 D SST : [0] setPowerStateToDesired: mDeviceShuttingDown=false, mDesiredPowerState=false, getRadioState=2, mRadioDisabledByCarrier=false, IMS reg state=false, pending radio off=false
05-15 10:51:48.814 925 925 D SST : [0] pollState: modemTriggered=true
05-15 10:51:48.814 925 925 D NewNitzStateMachineImpl: handleNetworkUnavailable(): mLatestNitzSignal was already null. Nothing to do.
05-15 10:51:48.814 925 925 D SST : [0] useDataRegStateForDataOnlyDevice: VoiceRegState=1 DataRegState=1
05-15 10:51:48.814 925 925 D SST : [0] Could not set ServiceState channel number. CellIdentity null
05-15 10:51:48.814 925 925 D SST : [0] Poll ServiceState done: oldSS=[{mVoiceRegState=1(OUT_OF_SERVICE), mDataRegState=1(OUT_OF_SERVICE), mChannelNumber=-1, duplexMode()=0, mCellBandwidths=[], mOperatorAlphaLong=null, mOperatorAlphaShort=null, isManualNetworkSelection=false(automatic), getRilVoiceRadioTechnology=0(Unknown), getRilDataRadioTechnology=0(Unknown), mCssIndicator=unsupported, mNetworkId=-1, mSystemId=-1, mCdmaRoamingIndicator=-1, mCdmaDefaultRoamingIndicator=-1, mIsEmergencyOnly=false, isUsingCarrierAggregation=false, mArfcnRsrpBoost=0, mNetworkRegistrationInfos=[NetworkRegistrationInfo{ domain=CS transportType=WWAN registrationState=UNKNOWN roamingType=NOT_ROAMING accessNetworkTechnology=UNKNOWN rejectCause=0 emergencyEnabled=false availableServices=[] cellIdentity=null voiceSpecificInfo=null dataSpecificInfo=null nrState=NONE rRplmn= isUsingCarrierAggregation=false}, NetworkRegistrationInfo{ domain=PS transportType=WWAN registrationState=UNKNOWN roamingType=NOT_ROAMING accessNetworkTechnology=UNKNOWN rejectCause=0 emergencyEnabled=false availableServices=[] cellIdentity=null voiceSpecificInfo=null dataSpecificInfo=null nrState=NONE rRplmn= isUsingCarrierAggregation=false}], mNrFrequencyRange=0, mOperatorAlphaLongRaw=null, mOperatorAlphaShortRaw=null, mIsDataRoamingFromRegistration=false, mIsIwlanPreferred=false}] newSS=[{mVoiceRegState=1(OUT_OF_SERVICE), mDataRegState=1(OUT_OF_SERVICE), mChannelNumber=-1, duplexMode()=0, mCellBandwidths=[], mOperatorAlphaLong=null, mOperatorAlphaShort=null, isManualNetworkSelection=false(automatic), getRilVoiceRadioTechnology=0(Unknown), getRilDataRadioTechnology=0(Unknown), mCssIndicator=unsupported, mNetworkId=-1, mSystemId=-1, mCdmaRoamingIndicator=-1, mCdmaDefaultRoamingIndicator=-1, mIsEmergencyOnly=false, isUsingCarrierAggregation=false, mArfcnRsrpBoost=0, mNetworkRegistrationInfos=[NetworkRegistrationInfo{ domain=CS transportType=WWAN registrationState=UNKNOWN roamingType=NOT_ROAMING accessNetworkTechnology=UNKNOWN rejectCause=0 emergencyEnabled=false availableServices=[] cellIdentity=null voiceSpecificInfo=null dataSpecificInfo=null nrState=NONE rRplmn= isUsingCarrierAggregation=false}, NetworkRegistrationInfo{ domain=PS transportType=WWAN registrationState=UNKNOWN roamingType=NOT_ROAMING accessNetworkTechnology=UNKNOWN rejectCause=0 emergencyEnabled=false availableServices=[] cellIdentity=null voiceSpecificInfo=null dataSpecificInfo=null nrState=NONE rRplmn= isUsingCarrierAggregation=false}], mNrFrequencyRange=0, mOperatorAlphaLongRaw=null, mOperatorAlphaShortRaw=null, mIsDataRoamingFromRegistration=false, mIsIwlanPreferred=false}] oldMaxDataCalls=1 mNewMaxDataCalls=1 oldReasonDataDenied=-1 mNewReasonDataDenied=-1
05-15 10:51:48.815 925 925 D SST : [0] pollStateDone: hasRegistered = false hasDeregistered = false hasDataAttached = {1=false} hasDataDetached = {1=false} hasDataRegStateChanged = {1=false} hasRilVoiceRadioTechnologyChanged = false hasRilDataRadioTechnologyChanged = {1=false} hasDataTransportPreferenceChanged = false hasChanged = false hasVoiceRoamingOn = false hasVoiceRoamingOff = false hasDataRoamingOn =false hasDataRoamingOff = false hasLocationChanged = false has4gHandoff = false hasMultiApnSupport = false hasLostMultiApnSupport = false hasCssIndicatorChanged = false hasNrFrequencyRangeChanged = false hasNrStateChanged = false hasBandwidthChanged = true hasAirplaneModeOnlChanged = false
05-15 10:51:48.815 925 925 D Phone : [0] SubId-1,get allowed network types user: value = GPRS|EDGE|UMTS|CDMA|CDMA - EvDo rev. 0|CDMA - EvDo rev. A|CDMA - 1xRTT|HSDPA|HSUPA|HSPA|CDMA - EvDo rev. B|LTE|CDMA - eHRPD|HSPA+|GSM|TD_SCDMA|LTE_CA|NR
05-15 10:51:48.815 925 925 D PhoneFactory: calculatePreferredNetworkType: phoneId = 0 networkType = 916479
05-15 10:51:48.815 925 925 D SubscriptionController: [getSlotIndex]- subId invalid
05-15 10:51:48.815 925 925 D Phone : [0] Allowed network types for 'carrier' reason is changed by carrier config = GPRS|EDGE|UMTS|CDMA|CDMA - EvDo rev. 0|CDMA - EvDo rev. A|CDMA - 1xRTT|HSDPA|HSUPA|HSPA|CDMA - EvDo rev. B|LTE|CDMA - eHRPD|HSPA+|GSM|TD_SCDMA|LTE_CA
05-15 10:51:48.815 925 925 D Phone : [0] SubId-1,get allowed network types carrier: value = GPRS|EDGE|UMTS|CDMA|CDMA - EvDo rev. 0|CDMA - EvDo rev. A|CDMA - 1xRTT|HSDPA|HSUPA|HSPA|CDMA - EvDo rev. B|LTE|CDMA - eHRPD|HSPA+|GSM|TD_SCDMA|LTE_CA
05-15 10:51:48.815 925 925 I CSST : isNrSupported: carrierConfigEnabled: true, AccessFamilySupported: false, isNrNetworkTypeAllowed: false
05-15 10:51:48.815 925 925 I CSST : PrefNetworkNotification: sendMessage() w/values: ,false,-1,false,false
05-15 10:51:48.816 925 925 I CSST : canceling notifications: 1000
05-15 10:51:48.816 925 925 D Phone : isWifiCallingEnabled =false
05-15 10:51:48.816 925 925 D CSST : isPhoneRegisteredForWifiCalling: false
05-15 10:51:48.816 925 925 D Phone : isWifiCallingEnabled =false
05-15 10:51:48.816 925 925 I CSST : EmergencyNetworkNotification: sendMessage() w/values: ,-1,false,false
05-15 10:51:48.816 925 925 I CSST : canceling notifications: 1001
05-15 10:51:48.816 925 925 D Phone : [0] SubId-1,get allowed network types user: value = GPRS|EDGE|UMTS|CDMA|CDMA - EvDo rev. 0|CDMA - EvDo rev. A|CDMA - 1xRTT|HSDPA|HSUPA|HSPA|CDMA - EvDo rev. B|LTE|CDMA - eHRPD|HSPA+|GSM|TD_SCDMA|LTE_CA|NR
05-15 10:51:48.816 925 925 D PhoneFactory: calculatePreferredNetworkType: phoneId = 0 networkType = 916479
05-15 10:51:48.816 925 925 D Phone : [0] Allowed network types for 'carrier' reason is changed by carrier config = GPRS|EDGE|UMTS|CDMA|CDMA - EvDo rev. 0|CDMA - EvDo rev. A|CDMA - 1xRTT|HSDPA|HSUPA|HSPA|CDMA - EvDo rev. B|LTE|CDMA - eHRPD|HSPA+|GSM|TD_SCDMA|LTE_CA
05-15 10:51:48.816 925 925 D Phone : [0] SubId-1,get allowed network types carrier: value = GPRS|EDGE|UMTS|CDMA|CDMA - EvDo rev. 0|CDMA - EvDo rev. A|CDMA - 1xRTT|HSDPA|HSUPA|HSPA|CDMA - EvDo rev. B|LTE|CDMA - eHRPD|HSPA+|GSM|TD_SCDMA|LTE_CA
