05-15 10:51:46.825 621 638 W ResourcesManager: at android.os.Looper.loopOnce(Looper.java:201)
05-15 10:51:46.825 621 638 W ResourcesManager: at android.os.Looper.loop(Looper.java:288)
05-15 10:51:46.825 621 638 W ResourcesManager: at android.os.HandlerThread.run(HandlerThread.java:67)
05-15 10:51:46.825 621 638 W ResourcesManager: at com.android.server.ServiceThread.run(ServiceThread.java:44)
05-15 10:51:46.825 621 638 E system_server: Invalid Idmap file: bad magic value (was 0x00000000, expected 0x504d4449)
05-15 10:51:46.825 621 638 E system_server: failed to load IDMAP /data/resource-cache/data@resource-cache@com.android.systemui-accent-b2QH.frro@idmap
05-15 10:51:46.825 621 638 W ResourcesManager: failed to preload asset path '/data/resource-cache/com.android.systemui-accent-b2QH.frro'
05-15 10:51:46.825 621 638 W ResourcesManager: java.io.IOException: Failed to load asset path /data/resource-cache/data@resource-cache@com.android.systemui-accent-b2QH.frro@idmap
05-15 10:51:46.825 621 638 W ResourcesManager: at android.content.res.ApkAssets.nativeLoad(Native Method)
05-15 10:51:46.825 621 638 W ResourcesManager: at android.content.res.ApkAssets.(ApkAssets.java:295)
05-15 10:51:46.825 621 638 W ResourcesManager: at android.content.res.ApkAssets.loadOverlayFromPath(ApkAssets.java:215)
05-15 10:51:46.825 621 638 W ResourcesManager: at android.app.ResourcesManager.loadApkAssets(ResourcesManager.java:466)
05-15 10:51:46.825 621 638 W ResourcesManager: at android.app.ResourcesManager.access$000(ResourcesManager.java:85)
05-15 10:51:46.825 621 638 W ResourcesManager: at android.app.ResourcesManager$ApkAssetsSupplier.load(ResourcesManager.java:182)
05-15 10:51:46.825 621 638 W ResourcesManager: at android.app.ResourcesManager.createApkAssetsSupplierNotLocked(ResourcesManager.java:1035)
05-15 10:51:46.825 621 638 W ResourcesManager: at android.app.ResourcesManager.getResources(ResourcesManager.java:1156)
05-15 10:51:46.825 621 638 W ResourcesManager: at android.content.pm.parsing.ParsingPackageUtils.readConfigUseRoundIcon(ParsingPackageUtils.java:3091)
05-15 10:51:46.825 621 638 W ResourcesManager: at com.android.server.am.ActivityManagerService.updateApplicationInfoLOSP(ActivityManagerService.java:16718)
05-15 10:51:46.825 621 638 W ResourcesManager: at com.android.server.am.ActivityManagerService.scheduleApplicationInfoChanged(ActivityManagerService.java:16688)
05-15 10:51:46.825 621 638 W ResourcesManager: at com.android.server.om.OverlayManagerService.updateActivityManager(OverlayManagerService.java:1438)
05-15 10:51:46.825 621 638 W ResourcesManager: at com.android.server.om.OverlayManagerService.lambda$updateTargetPackagesLocked$1$OverlayManagerService(OverlayManagerService.java:1389)
05-15 10:51:46.825 621 638 W ResourcesManager: at com.android.server.om.OverlayManagerService$$ExternalSyntheticLambda2.run(Unknown Source:8)
05-15 10:51:46.825 621 638 W ResourcesManager: at android.os.Handler.handleCallback(Handler.java:938)
05-15 10:51:46.825 621 638 W ResourcesManager: at android.os.Handler.dispatchMessage(Handler.java:99)
05-15 10:51:46.825 621 638 W ResourcesManager: at android.os.Looper.loopOnce(Looper.java:201)
05-15 10:51:46.825 621 638 W ResourcesManager: at android.os.Looper.loop(Looper.java:288)
05-15 10:51:46.825 621 638 W ResourcesManager: at android.os.HandlerThread.run(HandlerThread.java:67)
05-15 10:51:46.825 621 638 W ResourcesManager: at com.android.server.ServiceThread.run(ServiceThread.java:44)
05-15 10:51:46.825 621 638 E system_server: Invalid Idmap file: bad magic value (was 0x00000000, expected 0x504d4449)
05-15 10:51:46.825 621 638 E system_server: failed to load IDMAP /data/resource-cache/data@resource-cache@com.android.systemui-neutral-TLBr.frro@idmap
05-15 10:51:46.825 621 638 W ResourcesManager: failed to add overlay path '/data/resource-cache/com.android.systemui-neutral-TLBr.frro'
05-15 10:51:46.825 621 638 W ResourcesManager: java.io.IOException: Failed to load asset path /data/resource-cache/data@resource-cache@com.android.systemui-neutral-TLBr.frro@idmap
05-15 10:51:46.825 621 638 W ResourcesManager: at android.content.res.ApkAssets.nativeLoad(Native Method)
05-15 10:51:46.825 621 638 W ResourcesManager: at android.content.res.ApkAssets.(ApkAssets.java:295)
05-15 10:51:46.825 621 638 W ResourcesManager: at android.content.res.ApkAssets.loadOverlayFromPath(ApkAssets.java:215)
05-15 10:51:46.825 621 638 W ResourcesManager: at android.app.ResourcesManager.loadApkAssets(ResourcesManager.java:466)
05-15 10:51:46.825 621 638 W ResourcesManager: at android.app.ResourcesManager.access$000(ResourcesManager.java:85)
05-15 10:51:46.825 621 638 W ResourcesManager: at android.app.ResourcesManager$ApkAssetsSupplier.load(ResourcesManager.java:182)
05-15 10:51:46.825 621 638 W ResourcesManager: at android.app.ResourcesManager.createAssetManager(ResourcesManager.java:544)
05-15 10:51:46.825 621 638 W ResourcesManager: at android.app.ResourcesManager.createResourcesImpl(ResourcesManager.java:626)
05-15 10:51:46.825 621 638 W ResourcesManager: at android.app.ResourcesManager.findOrCreateResourcesImplForKeyLocked(ResourcesManager.java:719)
05-15 10:51:46.825 621 638 W ResourcesManager: at android.app.ResourcesManager.createResources(ResourcesManager.java:1066)
05-15 10:51:46.825 621 638 W ResourcesManager: at android.app.ResourcesManager.getResources(ResourcesManager.java:1169)
05-15 10:51:46.825 621 638 W ResourcesManager: at android.content.pm.parsing.ParsingPackageUtils.readConfigUseRoundIcon(ParsingPackageUtils.java:3091)
05-15 10:51:46.825 621 638 W ResourcesManager: at com.android.server.am.ActivityManagerService.updateApplicationInfoLOSP(ActivityManagerService.java:16718)
05-15 10:51:46.825 621 638 W ResourcesManager: at com.android.server.am.ActivityManagerService.scheduleApplicationInfoChanged(ActivityManagerService.java:16688)
05-15 10:51:46.825 621 638 W ResourcesManager: at com.android.server.om.OverlayManagerService.updateActivityManager(OverlayManagerService.java:1438)
05-15 10:51:46.825 621 638 W ResourcesManager: at com.android.server.om.OverlayManagerService.lambda$updateTargetPackagesLocked$1$OverlayManagerService(OverlayManagerService.java:1389)
05-15 10:51:46.825 621 638 W ResourcesManager: at com.android.server.om.OverlayManagerService$$ExternalSyntheticLambda2.run(Unknown Source:8)
05-15 10:51:46.825 621 638 W ResourcesManager: at android.os.Handler.handleCallback(Handler.java:938)
05-15 10:51:46.825 621 638 W ResourcesManager: at android.os.Handler.dispatchMessage(Handler.java:99)
05-15 10:51:46.825 621 638 W ResourcesManager: at android.os.Looper.loopOnce(Looper.java:201)
05-15 10:51:46.825 621 638 W ResourcesManager: at android.os.Looper.loop(Looper.java:288)
05-15 10:51:46.825 621 638 W ResourcesManager: at android.os.HandlerThread.run(HandlerThread.java:67)
05-15 10:51:46.825 621 638 W ResourcesManager: at com.android.server.ServiceThread.run(ServiceThread.java:44)
05-15 10:51:46.825 621 638 E system_server: Invalid Idmap file: bad magic value (was 0x00000000, expected 0x504d4449)
05-15 10:51:46.825 621 638 E system_server: failed to load IDMAP /data/resource-cache/data@resource-cache@com.android.systemui-accent-b2QH.frro@idmap
05-15 10:51:46.825 621 638 W ResourcesManager: failed to add overlay path '/data/resource-cache/com.android.systemui-accent-b2QH.frro'
05-15 10:51:46.825 621 638 W ResourcesManager: java.io.IOException: Failed to load asset path /data/resource-cache/data@resource-cache@com.android.systemui-accent-b2QH.frro@idmap
05-15 10:51:46.825 621 638 W ResourcesManager: at android.content.res.ApkAssets.nativeLoad(Native Method)
05-15 10:51:46.825 621 638 W ResourcesManager: at android.content.res.ApkAssets.(ApkAssets.java:295)
05-15 10:51:46.825 621 638 W ResourcesManager: at android.content.res.ApkAssets.loadOverlayFromPath(ApkAssets.java:215)
05-15 10:51:46.825 621 638 W ResourcesManager: at android.app.ResourcesManager.loadApkAssets(ResourcesManager.java:466)
05-15 10:51:46.825 621 638 W ResourcesManager: at android.app.ResourcesManager.access$000(ResourcesManager.java:85)
05-15 10:51:46.825 621 638 W ResourcesManager: at android.app.ResourcesManager$ApkAssetsSupplier.load(ResourcesManager.java:182)
05-15 10:51:46.825 621 638 W ResourcesManager: at android.app.ResourcesManager.createAssetManager(ResourcesManager.java:544)
05-15 10:51:46.825 621 638 W ResourcesManager: at android.app.ResourcesManager.createResourcesImpl(ResourcesManager.java:626)
05-15 10:51:46.825 621 638 W ResourcesManager: at android.app.ResourcesManager.findOrCreateResourcesImplForKeyLocked(ResourcesManager.java:719)
05-15 10:51:46.825 621 638 W ResourcesManager: at android.app.ResourcesManager.createResources(ResourcesManager.java:1066)
05-15 10:51:46.825 621 638 W ResourcesManager: at android.app.ResourcesManager.getResources(ResourcesManager.java:1169)
05-15 10:51:46.825 621 638 W ResourcesManager: at android.content.pm.parsing.ParsingPackageUtils.readConfigUseRoundIcon(ParsingPackageUtils.java:3091)
05-15 10:51:46.825 621 638 W ResourcesManager: at com.android.server.am.ActivityManagerService.updateApplicationInfoLOSP(ActivityManagerService.java:16718)
05-15 10:51:46.825 621 638 W ResourcesManager: at com.android.server.am.ActivityManagerService.scheduleApplicationInfoChanged(ActivityManagerService.java:16688)
05-15 10:51:46.825 621 638 W ResourcesManager: at com.android.server.om.OverlayManagerService.updateActivityManager(OverlayManagerService.java:1438)
05-15 10:51:46.825 621 638 W ResourcesManager: at com.android.server.om.OverlayManagerService.lambda$updateTargetPackagesLocked$1$OverlayManagerService(OverlayManagerService.java:1389)
05-15 10:51:46.825 621 638 W ResourcesManager: at com.android.server.om.OverlayManagerService$$ExternalSyntheticLambda2.run(Unknown Source:8)
05-15 10:51:46.825 621 638 W ResourcesManager: at android.os.Handler.handleCallback(Handler.java:938)
05-15 10:51:46.825 621 638 W ResourcesManager: at android.os.Handler.dispatchMessage(Handler.java:99)
05-15 10:51:46.825 621 638 W ResourcesManager: at android.os.Looper.loopOnce(Looper.java:201)
05-15 10:51:46.825 621 638 W ResourcesManager: at android.os.Looper.loop(Looper.java:288)
05-15 10:51:46.825 621 638 W ResourcesManager: at android.os.HandlerThread.run(HandlerThread.java:67)
05-15 10:51:46.825 621 638 W ResourcesManager: at com.android.server.ServiceThread.run(ServiceThread.java:44)
05-15 10:51:46.826 621 638 W ActivityTaskManager: Skip updateConfiguration because mWindowManager isn't set
05-15 10:51:46.827 621 621 I SystemServiceManager: Starting com.android.server.sensors.SensorService
05-15 10:51:46.827 621 621 I SystemServiceManager: Starting com.android.server.SystemConfigService
05-15 10:51:46.827 621 683 D SystemServerInitThreadPool: Started executing StartNativeSensorService
05-15 10:51:46.827 621 683 D SensorService: nuSensorService starting...
05-15 10:51:46.828 621 621 I SystemServiceManager: Starting com.android.server.BatteryService
05-15 10:51:46.828 282 282 I hwservicemanager: getTransport: Cannot find entry android.hardware.sensors@2.1::ISensors/default in either framework or device VINTF manifest.
05-15 10:51:46.828 282 282 I hwservicemanager: getTransport: Cannot find entry android.hardware.sensors@2.0::ISensors/default in either framework or device VINTF manifest.
05-15 10:51:46.828 442 442 I SensorsHal: set active: handle = 0, enable = 0
05-15 10:51:46.828 442 442 I SensorsHal: set active: handle = 1, enable = 0
05-15 10:51:46.828 442 442 I SensorsHal: set active: handle = 3, enable = 0
05-15 10:51:46.828 442 442 I SensorsHal: set active: handle = 4, enable = 0
05-15 10:51:46.829 621 621 I android_os_HwBinder: HwBinder: Starting thread pool for getting: android.hardware.health@2.0::IHealth/default
05-15 10:51:46.829 522 551 D RILU : find_pci_device is 0
05-15 10:51:46.829 522 551 D RILC : PCI can't find at device
05-15 10:51:46.830 522 551 D RILC : USB can't find at device
05-15 10:51:46.830 621 685 D SensorService: nuSensorService thread starting...
05-15 10:51:46.830 621 684 D SensorService: new thread SensorEventAckReceiver
05-15 10:51:46.830 621 683 V HistoricalRegistry: Interaction before persistence initialized
05-15 10:51:46.830 621 683 D SystemServerInitThreadPool: Finished executing StartNativeSensorService
05-15 10:51:46.832 621 663 I battery_status: [2,1,1,2,Li-ion]
05-15 10:51:46.832 621 663 I battery_level: [92,8194,305]
05-15 10:51:52.545 437 437 W healthd : battery l=92 v=8194 t=30.5 h=1 st=2 c=-768000 fc=9700000 chg=u
05-15 10:51:46.837 621 621 I android_os_HwBinder: HwBinder: Starting thread pool for getting: android.hidl.manager@1.0::IServiceManager/default
05-15 10:51:46.837 621 621 I HealthServiceWrapper: health: HealthServiceWrapper listening to instance default
05-15 10:51:46.837 621 621 I BatteryService: health: Waited 0ms and received the update.
05-15 10:51:46.838 621 621 I SystemServiceManager: Starting com.android.server.usage.UsageStatsService
05-15 10:51:46.850 510 510 I HidlServiceManagement: Registered android.frameworks.cameraservice.service@2.2::ICameraService/default
05-15 10:51:46.850 510 510 I CameraService: CameraService pinged cameraservice proxy
05-15 10:51:46.850 510 510 I cameraserver: ServiceManager: 0xb4000070d2c32ac0 done instantiate
05-15 10:51:46.855 621 686 I android_os_HwBinder: HwBinder: Starting thread pool for getting: android.hardware.health@2.0::IHealth/default
05-15 10:51:46.857 621 621 I SystemServiceManager: Starting com.android.server.webkit.WebViewUpdateService
05-15 10:51:46.858 621 621 I SystemServiceManager: Starting com.android.server.CachedDeviceStateService
05-15 10:51:46.858 621 621 I SystemServiceManager: Starting com.android.server.BinderCallsStatsService$LifeCycle
05-15 10:51:46.859 621 621 I SystemServiceManager: Starting com.android.server.LooperStatsService$Lifecycle
05-15 10:51:46.860 621 621 I SystemServiceManager: Starting com.android.server.rollback.RollbackManagerService
05-15 10:51:46.861 513 536 D installd: Found quota mount /dev/block/dm-7 at /data
05-15 10:51:46.861 513 536 D installd: Found quota mount /dev/block/dm-7 at /data/user/0
05-15 10:51:46.862 621 621 I PackageWatchdog: Syncing state, reason: added new observer
05-15 10:51:46.862 621 621 I PackageWatchdog: Not pruning observers, elapsed time: 0ms
05-15 10:51:46.862 621 621 I PackageWatchdog: Cancelling state sync, nothing to sync
05-15 10:51:46.862 621 646 I PackageWatchdog: Saving observer state to file
05-15 10:51:46.864 621 621 I SystemServiceManager: Starting com.android.server.os.NativeTombstoneManagerService
05-15 10:51:46.865 621 621 I SystemServiceManager: Starting com.android.server.os.BugreportManagerService
05-15 10:51:46.865 621 621 I SystemServiceManager: Starting com.android.server.gpu.GpuService
05-15 10:51:46.866 621 692 D SystemServerInitThreadPool: Started executing SecondaryZygotePreload
05-15 10:51:46.866 621 692 I SystemServer: SecondaryZygotePreload
05-15 10:51:46.866 621 621 I SystemServiceManager: Starting com.android.server.security.KeyChainSystemService
05-15 10:51:46.867 621 693 D SystemServerInitThreadPool: Started executing SchedulingPolicyService.
05-15 10:51:46.867 621 621 I SystemServiceManager: Starting com.android.server.telecom.TelecomLoaderService
05-15 10:51:46.868 420 420 I Zygote : Lazily preloading resources.
05-15 10:51:46.868 420 420 D Zygote : begin preload
05-15 10:51:46.868 420 420 I Zygote : Calling ZygoteHooks.beginPreload()
05-15 10:51:46.869 621 693 I SchedulingPolicyService: Moving 526 back to group default
05-15 10:51:46.869 621 693 D SystemServerInitThreadPool: Finished executing SchedulingPolicyService.
05-15 10:51:46.869 621 621 I EntropyMixer: Writing entropy...
05-15 10:51:46.871 621 621 I SystemServiceManager: Starting com.android.server.accounts.AccountManagerService$Lifecycle
05-15 10:51:46.874 621 621 I SystemServiceManager: Starting com.android.server.content.ContentService$Lifecycle
05-15 10:51:46.877 621 621 E system_server: Invalid Idmap file: bad magic value (was 0x00000000, expected 0x504d4449)
05-15 10:51:46.877 621 621 E system_server: failed to load IDMAP /data/resource-cache/data@resource-cache@com.android.systemui-neutral-TLBr.frro@idmap
05-15 10:51:46.878 621 621 W ResourcesManager: failed to preload asset path '/data/resource-cache/com.android.systemui-neutral-TLBr.frro'
05-15 10:51:46.878 621 621 W ResourcesManager: java.io.IOException: Failed to load asset path /data/resource-cache/data@resource-cache@com.android.systemui-neutral-TLBr.frro@idmap
05-15 10:51:46.878 621 621 W ResourcesManager: at android.content.res.ApkAssets.nativeLoad(Native Method)
05-15 10:51:46.878 621 621 W ResourcesManager: at android.content.res.ApkAssets.(ApkAssets.java:295)
05-15 10:51:46.878 621 621 W ResourcesManager: at android.content.res.ApkAssets.loadOverlayFromPath(ApkAssets.java:215)
05-15 10:51:46.878 621 621 W ResourcesManager: at android.app.ResourcesManager.loadApkAssets(ResourcesManager.java:466)
05-15 10:51:46.878 621 621 W ResourcesManager: at android.app.ResourcesManager.access$000(ResourcesManager.java:85)
05-15 10:51:46.878 621 621 W ResourcesManager: at android.app.ResourcesManager$ApkAssetsSupplier.load(ResourcesManager.java:182)
05-15 10:51:46.878 621 621 W ResourcesManager: at android.app.ResourcesManager.createApkAssetsSupplierNotLocked(ResourcesManager.java:1035)
05-15 10:51:46.878 621 621 W ResourcesManager: at android.app.ResourcesManager.getResources(ResourcesManager.java:1156)
05-15 10:51:46.878 621 621 W ResourcesManager: at android.app.ContextImpl.createResources(ContextImpl.java:2463)
05-15 10:51:46.878 621 621 W ResourcesManager: at android.app.ContextImpl.createPackageContextAsUser(ContextImpl.java:2533)
05-15 10:51:46.878 621 621 W ResourcesManager: at android.app.ContextImpl.createPackageContext(ContextImpl.java:2506)
05-15 10:51:46.878 621 621 W ResourcesManager: at android.content.ContextWrapper.createPackageContext(ContextWrapper.java:1000)
05-15 10:51:46.878 621 621 W ResourcesManager: at android.app.ActivityThread.installProvider(ActivityThread.java:7414)
05-15 10:51:46.878 621 621 W ResourcesManager: at android.app.ActivityThread.installContentProviders(ActivityThread.java:6976)
05-15 10:51:46.878 621 621 W ResourcesManager: at android.app.ActivityThread.installSystemProviders(ActivityThread.java:7640)
05-15 10:51:46.878 621 621 W ResourcesManager: at com.android.server.am.ContentProviderHelper.installSystemProviders(ContentProviderHelper.java:1247)
05-15 10:51:46.878 621 621 W ResourcesManager: at com.android.server.SystemServer.startOtherServices(SystemServer.java:1443)
05-15 10:51:46.878 621 621 W ResourcesManager: at com.android.server.SystemServer.run(SystemServer.java:890)
05-15 10:51:46.878 621 621 W ResourcesManager: at com.android.server.SystemServer.main(SystemServer.java:623)
05-15 10:51:46.878 621 621 W ResourcesManager: at java.lang.reflect.Method.invoke(Native Method)
05-15 10:51:46.878 621 621 W ResourcesManager: at com.android.internal.os.RuntimeInit$MethodAndArgsCaller.run(RuntimeInit.java:548)
05-15 10:51:46.878 621 621 W ResourcesManager: at com.android.internal.os.ZygoteInit.main(ZygoteInit.java:981)
05-15 10:51:46.878 621 621 E system_server: Invalid Idmap file: bad magic value (was 0x00000000, expected 0x504d4449)
05-15 10:51:46.878 621 621 E system_server: failed to load IDMAP /data/resource-cache/data@resource-cache@com.android.systemui-accent-b2QH.frro@idmap
05-15 10:51:46.879 621 621 W ResourcesManager: failed to preload asset path '/data/resource-cache/com.android.systemui-accent-b2QH.frro'
05-15 10:51:46.879 621 621 W ResourcesManager: java.io.IOException: Failed to load asset path /data/resource-cache/data@resource-cache@com.android.systemui-accent-b2QH.frro@idmap
05-15 10:51:46.879 621 621 W ResourcesManager: at android.content.res.ApkAssets.nativeLoad(Native Method)
05-15 10:51:46.879 621 621 W ResourcesManager: at android.content.res.ApkAssets.(ApkAssets.java:295)
05-15 10:51:46.879 621 621 W ResourcesManager: at android.content.res.ApkAssets.loadOverlayFromPath(ApkAssets.java:215)
05-15 10:51:46.879 621 621 W ResourcesManager: at android.app.ResourcesManager.loadApkAssets(ResourcesManager.java:466)
05-15 10:51:46.879 621 621 W ResourcesManager: at android.app.ResourcesManager.access$000(ResourcesManager.java:85)
05-15 10:51:46.879 621 621 W ResourcesManager: at android.app.ResourcesManager$ApkAssetsSupplier.load(ResourcesManager.java:182)
05-15 10:51:46.879 621 621 W ResourcesManager: at android.app.ResourcesManager.createApkAssetsSupplierNotLocked(ResourcesManager.java:1035)
05-15 10:51:46.879 621 621 W ResourcesManager: at android.app.ResourcesManager.getResources(ResourcesManager.java:1156)
05-15 10:51:46.879 621 621 W ResourcesManager: at android.app.ContextImpl.createResources(ContextImpl.java:2463)
05-15 10:51:46.879 621 621 W ResourcesManager: at android.app.ContextImpl.createPackageContextAsUser(ContextImpl.java:2533)
05-15 10:51:46.879 621 621 W ResourcesManager: at android.app.ContextImpl.createPackageContext(ContextImpl.java:2506)
05-15 10:51:46.879 621 621 W ResourcesManager: at android.content.ContextWrapper.createPackageContext(ContextWrapper.java:1000)
05-15 10:51:46.879 621 621 W ResourcesManager: at android.app.ActivityThread.installProvider(ActivityThread.java:7414)
05-15 10:51:46.879 621 621 W ResourcesManager: at android.app.ActivityThread.installContentProviders(ActivityThread.java:6976)
05-15 10:51:46.879 621 621 W ResourcesManager: at android.app.ActivityThread.installSystemProviders(ActivityThread.java:7640)
05-15 10:51:46.879 621 621 W ResourcesManager: at com.android.server.am.ContentProviderHelper.installSystemProviders(ContentProviderHelper.java:1247)
05-15 10:51:46.879 621 621 W ResourcesManager: at com.android.server.SystemServer.startOtherServices(SystemServer.java:1443)
05-15 10:51:46.879 621 621 W ResourcesManager: at com.android.server.SystemServer.run(SystemServer.java:890)
05-15 10:51:46.879 621 621 W ResourcesManager: at com.android.server.SystemServer.main(SystemServer.java:623)
05-15 10:51:46.879 621 621 W ResourcesManager: at java.lang.reflect.Method.invoke(Native Method)
05-15 10:51:46.879 621 621 W ResourcesManager: at com.android.internal.os.RuntimeInit$MethodAndArgsCaller.run(RuntimeInit.java:548)
05-15 10:51:46.879 621 621 W ResourcesManager: at com.android.internal.os.ZygoteInit.main(ZygoteInit.java:981)
05-15 10:51:46.879 621 621 E system_server: Invalid Idmap file: bad magic value (was 0x00000000, expected 0x504d4449)
05-15 10:51:46.879 621 621 E system_server: failed to load IDMAP /data/resource-cache/data@resource-cache@com.android.systemui-neutral-TLBr.frro@idmap
05-15 10:51:46.879 621 621 W ResourcesManager: failed to add overlay path '/data/resource-cache/com.android.systemui-neutral-TLBr.frro'
05-15 10:51:46.879 621 621 W ResourcesManager: java.io.IOException: Failed to load asset path /data/resource-cache/data@resource-cache@com.android.systemui-neutral-TLBr.frro@idmap
05-15 10:51:46.879 621 621 W ResourcesManager: at android.content.res.ApkAssets.nativeLoad(Native Method)
05-15 10:51:46.879 621 621 W ResourcesManager: at android.content.res.ApkAssets.(ApkAssets.java:295)
05-15 10:51:46.879 621 621 W ResourcesManager: at android.content.res.ApkAssets.loadOverlayFromPath(ApkAssets.java:215)
05-15 10:51:46.879 621 621 W ResourcesManager: at android.app.ResourcesManager.loadApkAssets(ResourcesManager.java:466)
05-15 10:51:46.879 621 621 W ResourcesManager: at android.app.ResourcesManager.access$000(ResourcesManager.java:85)
05-15 10:51:46.879 621 621 W ResourcesManager: at android.app.ResourcesManager$ApkAssetsSupplier.load(ResourcesManager.java:182)
05-15 10:51:46.879 621 621 W ResourcesManager: at android.app.ResourcesManager.createAssetManager(ResourcesManager.java:544)
05-15 10:51:46.879 621 621 W ResourcesManager: at android.app.ResourcesManager.createResourcesImpl(ResourcesManager.java:626)
05-15 10:51:46.879 621 621 W ResourcesManager: at android.app.ResourcesManager.findOrCreateResourcesImplForKeyLocked(ResourcesManager.java:719)
05-15 10:51:46.879 621 621 W ResourcesManager: at android.app.ResourcesManager.createResources(ResourcesManager.java:1066)
05-15 10:51:46.879 621 621 W ResourcesManager: at android.app.ResourcesManager.getResources(ResourcesManager.java:1169)
05-15 10:51:46.879 621 621 W ResourcesManager: at android.app.ContextImpl.createResources(ContextImpl.java:2463)
05-15 10:51:46.879 621 621 W ResourcesManager: at android.app.ContextImpl.createPackageContextAsUser(ContextImpl.java:2533)
05-15 10:51:46.879 621 621 W ResourcesManager: at android.app.ContextImpl.createPackageContext(ContextImpl.java:2506)
05-15 10:51:46.879 621 621 W ResourcesManager: at android.content.ContextWrapper.createPackageContext(ContextWrapper.java:1000)
05-15 10:51:46.879 621 621 W ResourcesManager: at android.app.ActivityThread.installProvider(ActivityThread.java:7414)
05-15 10:51:46.879 621 621 W ResourcesManager: at android.app.ActivityThread.installContentProviders(ActivityThread.java:6976)
05-15 10:51:46.879 621 621 W ResourcesManager: at android.app.ActivityThread.installSystemProviders(ActivityThread.java:7640)
05-15 10:51:46.879 621 621 W ResourcesManager: at com.android.server.am.ContentProviderHelper.installSystemProviders(ContentProviderHelper.java:1247)
05-15 10:51:46.879 621 621 W ResourcesManager: at com.android.server.SystemServer.startOtherServices(SystemServer.java:1443)
05-15 10:51:46.879 621 621 W ResourcesManager: at com.android.server.SystemServer.run(SystemServer.java:890)
05-15 10:51:46.879 621 621 W ResourcesManager: at com.android.server.SystemServer.main(SystemServer.java:623)
05-15 10:51:46.879 621 621 W ResourcesManager: at java.lang.reflect.Method.invoke(Native Method)
05-15 10:51:46.879 621 621 W ResourcesManager: at com.android.internal.os.RuntimeInit$MethodAndArgsCaller.run(RuntimeInit.java:548)
05-15 10:51:46.879 621 621 W ResourcesManager: at com.android.internal.os.ZygoteInit.main(ZygoteInit.java:981)
05-15 10:51:46.879 621 621 E system_server: Invalid Idmap file: bad magic value (was 0x00000000, expected 0x504d4449)
05-15 10:51:46.879 621 621 E system_server: failed to load IDMAP /data/resource-cache/data@resource-cache@com.android.systemui-accent-b2QH.frro@idmap
05-15 10:51:46.880 621 621 W ResourcesManager: failed to add overlay path '/data/resource-cache/com.android.systemui-accent-b2QH.frro'
05-15 10:51:46.880 621 621 W ResourcesManager: java.io.IOException: Failed to load asset path /data/resource-cache/data@resource-cache@com.android.systemui-accent-b2QH.frro@idmap
05-15 10:51:46.880 621 621 W ResourcesManager: at android.content.res.ApkAssets.nativeLoad(Native Method)
05-15 10:51:46.880 621 621 W ResourcesManager: at android.content.res.ApkAssets.(ApkAssets.java:295)
05-15 10:51:46.880 621 621 W ResourcesManager: at android.content.res.ApkAssets.loadOverlayFromPath(ApkAssets.java:215)
05-15 10:51:46.880 621 621 W ResourcesManager: at android.app.ResourcesManager.loadApkAssets(ResourcesManager.java:466)
05-15 10:51:46.880 621 621 W ResourcesManager: at android.app.ResourcesManager.access$000(ResourcesManager.java:85)
05-15 10:51:46.880 621 621 W ResourcesManager: at android.app.ResourcesManager$ApkAssetsSupplier.load(ResourcesManager.java:182)
05-15 10:51:46.880 621 621 W ResourcesManager: at android.app.ResourcesManager.createAssetManager(ResourcesManager.java:544)
05-15 10:51:46.880 621 621 W ResourcesManager: at android.app.ResourcesManager.createResourcesImpl(ResourcesManager.java:626)
05-15 10:51:46.880 621 621 W ResourcesManager: at android.app.ResourcesManager.findOrCreateResourcesImplForKeyLocked(ResourcesManager.java:719)
05-15 10:51:46.880 621 621 W ResourcesManager: at android.app.ResourcesManager.createResources(ResourcesManager.java:1066)
05-15 10:51:46.880 621 621 W ResourcesManager: at android.app.ResourcesManager.getResources(ResourcesManager.java:1169)
05-15 10:51:46.880 621 621 W ResourcesManager: at android.app.ContextImpl.createResources(ContextImpl.java:2463)
05-15 10:51:46.880 621 621 W ResourcesManager: at android.app.ContextImpl.createPackageContextAsUser(ContextImpl.java:2533)
05-15 10:51:46.880 621 621 W ResourcesManager: at android.app.ContextImpl.createPackageContext(ContextImpl.java:2506)
05-15 10:51:46.880 621 621 W ResourcesManager: at android.content.ContextWrapper.createPackageContext(ContextWrapper.java:1000)
05-15 10:51:46.880 621 621 W ResourcesManager: at android.app.ActivityThread.installProvider(ActivityThread.java:7414)
05-15 10:51:46.880 621 621 W ResourcesManager: at android.app.ActivityThread.installContentProviders(ActivityThread.java:6976)
05-15 10:51:46.880 621 621 W ResourcesManager: at android.app.ActivityThread.installSystemProviders(ActivityThread.java:7640)
05-15 10:51:46.880 621 621 W ResourcesManager: at com.android.server.am.ContentProviderHelper.installSystemProviders(ContentProviderHelper.java:1247)
05-15 10:51:46.880 621 621 W ResourcesManager: at com.android.server.SystemServer.startOtherServices(SystemServer.java:1443)
05-15 10:51:46.880 621 621 W ResourcesManager: at com.android.server.SystemServer.run(SystemServer.java:890)
05-15 10:51:46.880 621 621 W ResourcesManager: at com.android.server.SystemServer.main(SystemServer.java:623)
05-15 10:51:46.880 621 621 W ResourcesManager: at java.lang.reflect.Method.invoke(Native Method)
05-15 10:51:46.880 621 621 W ResourcesManager: at com.android.internal.os.RuntimeInit$MethodAndArgsCaller.run(RuntimeInit.java:548)
05-15 10:51:46.880 621 621 W ResourcesManager: at com.android.internal.os.ZygoteInit.main(ZygoteInit.java:981)
05-15 10:51:46.901 420 420 I Zygote : Preloading classes...
05-15 10:51:46.919 621 621 W SettingsState: No settings state /data/system/users/0/settings_config.xml
05-15 10:51:46.920 621 621 I SettingsState: ancestor directory /data/system/users/0 exists
05-15 10:51:46.920 621 621 I SettingsState: ancestor directory /data/system/users/0 permissions: r: true w: true x: true
05-15 10:51:46.920 621 621 I SettingsState: ancestor's parent directory /data/system/users permissions: r: true w: true x: true
05-15 10:51:46.931 420 420 I Typeface: Preloading /system/fonts/Roboto-Regular.ttf
05-15 10:51:46.931 420 420 I Typeface: Preloading /system/fonts/RobotoStatic-Regular.ttf
05-15 10:51:46.934 427 569 W CamPrvdr@2.4-external: deviceAdded: Attempt to init camera device /dev/video12 failed!
05-15 10:51:46.934 427 569 V CamPrvdr@2.4-external: Non-internal v4l device video0 found
05-15 10:51:52.646 569 569 I gc08a3 7-0031: gc08a3_g_mbus_config(1722) enter!
05-15 10:51:52.646 569 569 E rockchip-csi2-dphy csi2-dcphy0: csi2_dphy_update_sensor_mbus fail to get dphy param, used default value
05-15 10:51:52.646 569 569 I gc08a3 7-0031: gc08a3_g_mbus_config(1722) enter!
05-15 10:51:52.646 569 569 I gc08a3 7-0031: gc08a3_s_power(1536) on(1)
05-15 10:51:46.939 621 647 D ActivityManager: Freezer enabled
05-15 10:51:46.939 621 647 D ActivityManager: freezer override set to false
05-15 10:51:46.939 621 621 I SystemServiceManager: Starting com.android.server.DropBoxManagerService
05-15 10:51:46.940 621 621 I SystemServiceManager: Starting com.android.role.RoleService
05-15 10:51:46.942 621 621 I SystemServiceManager: Starting com.android.server.vibrator.VibratorManagerService$Lifecycle
05-15 10:51:46.944 281 281 E servicemanager: Could not find android.hardware.vibrator.IVibratorManager/default in the VINTF manifest.
05-15 10:51:46.944 281 281 I servicemanager: Found android.hardware.vibrator.IVibrator/default in device VINTF manifest.
05-15 10:51:46.944 456 456 I android.hardware.vibrator-service.rockchip: Vibrator reporting capabilities
05-15 10:51:46.945 456 456 D Vibrator-aidl: Vibrator off
05-15 10:51:46.945 456 456 D Vibrator-aidl: Vibrator using timed_output
05-15 10:51:46.946 282 282 I hwservicemanager: getTransport: Cannot find entry android.hardware.ir@1.0::IConsumerIr/default in either framework or device VINTF manifest.
05-15 10:51:46.947 621 621 I SystemServiceManager: Starting com.android.server.alarm.AlarmManagerService
05-15 10:51:46.948 621 621 D AlarmManagerService: Kernel timezone updated to -480 minutes west of GMT
05-15 10:51:46.949 621 621 I InputManager: Initializing input manager, mUseDevInputEventForAudioJack=false
05-15 10:51:46.950 417 422 I ServiceManager: Waiting for service 'statscompanion' on '/dev/binder'...
05-15 10:51:46.951 621 621 I SystemServiceManager: Starting com.android.server.devicestate.DeviceStateManagerService
05-15 10:51:46.952 621 621 I SystemServiceManager: Starting com.android.server.camera.CameraServiceProxy
05-15 10:51:46.953 621 621 I SystemServiceManager: Starting phase 200
05-15 10:51:46.954 621 621 I WindowManager: No existing display settings, starting empty
05-15 10:51:46.957 621 641 I WindowTracing: Setting window tracing log level to 1
05-15 10:51:46.957 621 641 I WindowTracing: Setting window tracing buffer capacity to 2097152bytes
05-15 10:51:46.965 420 420 E ActivityRecognitionHardware: activity_recognition HAL is deprecated. class_init is effectively a no-op
05-15 10:51:46.985 621 621 I InputDispatcher: Created monitor PointerEventDispatcher0 for display 0, gesture=false, pid=621
05-15 10:51:46.995 621 621 I ActivityTaskManager: Loaded persisted task ids for user 0
05-15 10:51:46.996 621 621 I wm_task_created: [1,-1]
05-15 10:51:47.003 621 641 I sysui_multi_action: [757,1594,758,4,759,0,806,NULL]
05-15 10:51:47.005 621 639 D ExtconInfo: extcon2 matches extcon.*
05-15 10:51:47.006 621 639 D ExtconInfo: state=DP=0
05-15 10:51:47.007 621 639 D ExtconInfo: extcon0 matches extcon.*
05-15 10:51:47.007 621 639 D ExtconInfo: state=USB=1
05-15 10:51:47.007 621 639 D ExtconInfo: USB-HOST=0
05-15 10:51:47.007 621 639 D ExtconInfo: USB_VBUS_EN=0
05-15 10:51:47.007 621 639 D ExtconInfo: SDP=1
05-15 10:51:47.007 621 639 D ExtconInfo: CDP=0
05-15 10:51:47.007 621 639 D ExtconInfo: DCP=0
05-15 10:51:47.007 621 639 D ExtconInfo: SLOW-CHARGER=0
05-15 10:51:47.007 621 639 D ExtconInfo: extcon3 matches extcon.*
05-15 10:51:47.007 621 639 D ExtconInfo: state=MICROPHONE=0
05-15 10:51:47.007 621 639 D ExtconInfo: HEADPHONE=0
05-15 10:51:47.008 621 639 D ExtconInfo: extcon1 matches extcon.*
05-15 10:51:47.008 621 639 D ExtconInfo: state=USB=0
05-15 10:51:47.008 621 639 D ExtconInfo: USB-HOST=0
05-15 10:51:47.008 621 639 D ExtconInfo: USB_VBUS_EN=0
05-15 10:51:47.008 621 639 D ExtconInfo: SDP=0
05-15 10:51:47.008 621 639 D ExtconInfo: CDP=0
05-15 10:51:47.008 621 639 D ExtconInfo: DCP=0
05-15 10:51:47.008 621 639 D ExtconInfo: SLOW-CHARGER=0
05-15 10:51:47.008 621 639 D ExtconInfo: extcon2 matches extcon.*
05-15 10:51:47.009 621 639 D ExtconInfo: state=DP=0
05-15 10:51:47.009 621 639 D ExtconInfo: DP list addextcon2
05-15 10:51:47.009 621 639 D ExtconInfo: extcon0 matches extcon.*
05-15 10:51:47.009 621 639 D ExtconInfo: state=USB=1
05-15 10:51:47.009 621 639 D ExtconInfo: USB-HOST=0
05-15 10:51:47.009 621 639 D ExtconInfo: USB_VBUS_EN=0
05-15 10:51:47.009 621 639 D ExtconInfo: SDP=1
05-15 10:51:47.009 621 639 D ExtconInfo: CDP=0
05-15 10:51:47.009 621 639 D ExtconInfo: DCP=0
05-15 10:51:47.009 621 639 D ExtconInfo: SLOW-CHARGER=0
05-15 10:51:47.009 621 639 D ExtconInfo: DP list addextcon0
05-15 10:51:47.009 621 639 D ExtconInfo: extcon3 matches extcon.*
05-15 10:51:47.009 621 639 D ExtconInfo: state=MICROPHONE=0
05-15 10:51:47.009 621 639 D ExtconInfo: HEADPHONE=0
05-15 10:51:47.009 621 639 D ExtconInfo: extcon1 matches extcon.*
05-15 10:51:47.010 621 639 D ExtconInfo: state=USB=0
05-15 10:51:47.010 621 639 D ExtconInfo: USB-HOST=0
05-15 10:51:47.010 621 639 D ExtconInfo: USB_VBUS_EN=0
05-15 10:51:47.010 621 639 D ExtconInfo: SDP=0
05-15 10:51:47.010 621 639 D ExtconInfo: CDP=0
05-15 10:51:47.010 621 639 D ExtconInfo: DCP=0
05-15 10:51:47.010 621 639 D ExtconInfo: SLOW-CHARGER=0
05-15 10:51:47.010 621 639 D ExtconInfo: DP list addextcon1
05-15 10:51:47.014 621 621 I InputManager: Starting input manager
05-15 10:51:47.014 621 704 D SystemServerInitThreadPool: Started executing StartHidlServices
05-15 10:51:47.015 621 621 I InputManager: Enabling motion classifier because just booted: feature enabled, long press timeout = 400
05-15 10:51:47.015 621 621 I InputClassifier: Enabling motion classifier
05-15 10:51:47.015 621 704 I HidlServiceManagement: Registered android.frameworks.sensorservice@1.0::ISensorManager/default
05-15 10:51:47.015 282 282 I hwservicemanager: getTransport: Cannot find entry android.hardware.input.classifier@1.0::IInputClassifier/default in either framework or device VINTF manifest.
05-15 10:51:47.015 621 707 I InputClassifier: Could not obtain InputClassifier HAL
05-15 10:51:47.016 282 282 I hwservicemanager: getTransport: Cannot find entry android.frameworks.schedulerservice@1.0::ISchedulingPolicyService/default in either framework or device VINTF manifest.
05-15 10:51:47.016 621 706 D EventHub: No input device configuration file found for device 'rockchip,es8388-codec Headset'.
05-15 10:51:47.016 621 704 W system_server: android.frameworks.schedulerservice@1.0::ISchedulingPolicyService is deprecated. Skipping registration.
05-15 10:51:47.016 621 706 I EventHub: usingClockIoctl=true
05-15 10:51:47.016 621 706 I EventHub: New device: id=1, fd=181, path='/dev/input/event10', name='rockchip,es8388-codec Headset', classes=SWITCH, configuration='', keyLayout='', keyCharacterMap='', builtinKeyboard=false,
05-15 10:51:47.016 621 704 D SystemServerInitThreadPool: Finished executing StartHidlServices
05-15 10:51:47.016 621 641 I LogicalDisplayMapper: Requesting Transition to state: 0, from state=-1, interactive=true
05-15 10:51:47.016 621 706 D EventHub: No input device configuration file found for device 'goodix-ts'.
05-15 10:51:47.016 621 641 I LogicalDisplayMapper: Applying layout: [{addr: {port=0}, dispId: 0(ON)}], Previous layout: [{addr: {port=0}, dispId: 0(ON)}]
05-15 10:51:47.016 621 706 I EventHub: usingClockIoctl=true
05-15 10:51:47.016 621 706 I EventHub: New device: id=2, fd=182, path='/dev/input/event4', name='goodix-ts', classes=TOUCH | TOUCH_MT, configuration='', keyLayout='', keyCharacterMap='', builtinKeyboard=false,
05-15 10:51:47.016 621 706 D EventHub: No input device configuration file found for device 'destroy'.
05-15 10:51:47.017 621 621 I SystemServiceManager: Starting com.android.server.BluetoothService
05-15 10:51:47.018 621 706 W EventHub: Unable to disable kernel key repeat for /dev/input/event0: Function not implemented
05-15 10:51:47.018 621 706 I EventHub: usingClockIoctl=true
05-15 10:51:47.018 621 621 D BluetoothManagerService: Loading stored name and address
05-15 10:51:47.018 621 706 I EventHub: New device: id=3, fd=183, path='/dev/input/event0', name='destroy', classes=KEYBOARD, configuration='', keyLayout='/system/usr/keylayout/Generic.kl', keyCharacterMap='/system/usr/keychars/Generic.kcm', builtinKeyboard=false,
05-15 10:51:47.018 621 621 D BluetoothManagerService: Stored bluetooth Name=null,Address=null
05-15 10:51:47.018 621 706 D EventHub: No input device configuration file found for device 'gsensor'.
05-15 10:51:47.018 621 621 D BluetoothManagerService: Bluetooth persisted state: 0
05-15 10:51:47.018 621 621 D BluetoothManagerService: Detected SystemUiUid: 10080
05-15 10:51:47.018 621 621 I SystemServiceManager: Starting com.android.server.connectivity.IpConnectivityMetrics
05-15 10:51:47.018 621 621 I SystemServiceManager: Starting com.android.server.net.watchlist.NetworkWatchlistService$Lifecycle
05-15 10:51:47.020 621 621 I WatchlistSettings: Reload watchlist settings done
05-15 10:51:47.020 621 621 I SystemServiceManager: Starting com.android.server.PinnerService
05-15 10:51:47.020 621 708 I WatchlistLoggingHandler: No need to aggregate record yet.
05-15 10:51:47.020 621 708 I WatchlistLoggingHandler: Milliseconds spent on tryAggregateRecords(): 0
05-15 10:51:47.020 621 621 V HistoricalRegistry: Interaction before persistence initialized
05-15 10:51:47.020 621 621 I SystemServiceManager: Starting com.google.android.startop.iorap.IorapForwardingService
05-15 10:51:47.021 621 646 D PinnerService: pinRangeStream: null
05-15 10:51:47.021 621 621 I SystemServer: Function Service
05-15 10:51:47.021 621 621 I SystemServiceManager: Starting com.android.server.integrity.AppIntegrityManagerService
05-15 10:51:47.022 621 646 D PinnerService: pinRangeStream: null
05-15 10:51:47.023 621 646 D PinnerService: pinRangeStream: null
05-15 10:51:47.024 621 621 E IntegrityFileManager: Error creating staging and rules directory
05-15 10:51:47.025 621 646 D PinnerService: pinRangeStream: null
05-15 10:51:47.025 621 646 D PinnerService: pinRangeStream: null
05-15 10:51:47.026 621 646 D PinnerService: pinRangeStream: null
05-15 10:51:47.026 621 646 D PinnerService: pinRangeStream: null
05-15 10:51:47.026 621 646 D PinnerService: pinRangeStream: null
05-15 10:51:47.026 621 646 D PinnerService: pinRangeStream: null
05-15 10:51:47.026 621 621 D EbenSystemService_core: bindMdmProxy call startService
05-15 10:51:47.027 621 621 W ContextImpl: Calling a method in the system process without a qualified user: android.app.ContextImpl.startService:1824 com.android.server.EbenSystemService.bindMdmProxy:107 com.android.server.EbenSystemService.:86 com.android.server.SystemServer.startOtherServices:1593 com.android.server.SystemServer.run:890
05-15 10:51:47.027 621 646 D PinnerService: pinRangeStream: null
05-15 10:51:47.027 621 646 D PinnerService: pinRangeStream: null
05-15 10:51:47.028 621 646 D PinnerService: pinRangeStream: null
05-15 10:51:47.028 621 621 W StorageManager: Early during boot, assuming locked
05-15 10:51:47.028 621 621 W ContextImpl: Calling a method in the system process without a qualified user: android.app.ContextImpl.bindService:1911 com.android.server.EbenSystemService.bindMdmProxy:108 com.android.server.EbenSystemService.:86 com.android.server.SystemServer.startOtherServices:1593 com.android.server.SystemServer.run:890
05-15 10:51:47.028 621 621 W StorageManager: Early during boot, assuming locked
05-15 10:51:47.029 621 621 I EbenSystemService_core: new EbenSystemService() calling android
05-15 10:51:47.032 621 674 I PackageManager: Deferred reconcileAppsData finished 100 packages
05-15 10:51:47.033 621 674 D SystemServerInitThreadPool: Finished executing prepareAppData
05-15 10:51:47.041 621 706 D EventHub: No input device configuration file found for device 'compass'.
05-15 10:51:47.042 621 646 D PinnerService: pinRangeStream: null
05-15 10:51:47.042 621 646 D PinnerService: pinRangeStream: null
05-15 10:51:47.046 621 646 D PinnerService: pinRangeStream: null
05-15 10:51:47.054 621 646 D PinnerService: pinRangeStream: null
05-15 10:51:47.054 621 646 D PinnerService: pinRangeStream: null
05-15 10:51:52.766 569 569 I gc08a3 7-0031: gc08a3_s_power(1536) on(0)
05-15 10:51:52.766 569 569 I gc08a3 7-0031: gc08a3_g_mbus_config(1722) enter!
05-15 10:51:52.766 569 569 E rockchip-csi2-dphy csi2-dcphy0: csi2_dphy_update_sensor_mbus fail to get dphy param, used default value
05-15 10:51:52.766 569 569 I gc08a3 7-0031: gc08a3_g_mbus_config(1722) enter!
05-15 10:51:52.766 569 569 I gc08a3 7-0031: gc08a3_s_power(1536) on(1)
05-15 10:51:47.067 621 646 D PinnerService: pinRangeStream: null
05-15 10:51:47.069 621 646 D PinnerService: pinRangeStream: null
05-15 10:51:47.084 621 706 D EventHub: No input device configuration file found for device 'lightsensor-level'.
05-15 10:51:47.104 621 706 D EventHub: No input device configuration file found for device 'adc-keys'.
05-15 10:51:47.105 621 706 E KeyLayoutMap: /system/usr/keylayout/adc-keys.kl:12: Duplicate entry for key scan code '143'.
05-15 10:51:47.106 621 706 W EventHub: Unable to disable kernel key repeat for /dev/input/event11: Function not implemented
05-15 10:51:47.106 621 706 I EventHub: usingClockIoctl=true
05-15 10:51:47.106 621 706 I EventHub: New device: id=7, fd=186, path='/dev/input/event11', name='adc-keys', classes=KEYBOARD, configuration='', keyLayout='/system/usr/keylayout/Generic.kl', keyCharacterMap='/system/usr/keychars/Generic.kcm', builtinKeyboard=false,
05-15 10:51:47.106 621 706 D EventHub: No input device configuration file found for device 'sf-keys'.
05-15 10:51:47.107 621 706 W EventHub: Unable to disable kernel key repeat for /dev/input/event1: Function not implemented
05-15 10:51:47.107 621 706 I EventHub: usingClockIoctl=true
05-15 10:51:47.107 621 706 I EventHub: New device: id=8, fd=189, path='/dev/input/event1', name='sf-keys', classes=KEYBOARD, configuration='', keyLayout='/system/usr/keylayout/sf-keys.kl', keyCharacterMap='/system/usr/keychars/Generic.kcm', builtinKeyboard=false,
05-15 10:51:47.107 621 706 D EventHub: No input device configuration file found for device 'Wacom I2C Digitizer'.
05-15 10:51:47.107 621 706 I EventHub: usingClockIoctl=true
05-15 10:51:47.107 621 706 I EventHub: New device: id=9, fd=190, path='/dev/input/event5', name='Wacom I2C Digitizer', classes=TOUCH, configuration='', keyLayout='', keyCharacterMap='', builtinKeyboard=false,
05-15 10:51:47.107 621 706 D EventHub: No input device configuration file found for device 'rockchip,dp0 rockchip,dp0'.
05-15 10:51:47.107 621 706 I EventHub: usingClockIoctl=true
05-15 10:51:47.107 621 706 I EventHub: New device: id=10, fd=191, path='/dev/input/event9', name='rockchip,dp0 rockchip,dp0', classes=SWITCH, configuration='', keyLayout='', keyCharacterMap='', builtinKeyboard=false,
05-15 10:51:47.107 621 706 D EventHub: No input device configuration file found for device 'rk805 pwrkey'.
05-15 10:51:47.108 621 706 W EventHub: Unable to disable kernel key repeat for /dev/input/event3: Function not implemented
05-15 10:51:47.108 621 706 I EventHub: usingClockIoctl=true
05-15 10:51:47.108 621 706 I EventHub: New device: id=11, fd=192, path='/dev/input/event3', name='rk805 pwrkey', classes=KEYBOARD, configuration='', keyLayout='/system/usr/keylayout/Generic.kl', keyCharacterMap='/system/usr/keychars/Generic.kcm', builtinKeyboard=false,
05-15 10:51:47.108 621 706 D EventHub: No input device configuration file found for device 'hall wake key'.
05-15 10:51:47.108 621 706 I EventHub: usingClockIoctl=true
05-15 10:51:47.108 621 706 I EventHub: New device: id=12, fd=193, path='/dev/input/event2', name='hall wake key', classes=SWITCH, configuration='', keyLayout='', keyCharacterMap='', builtinKeyboard=false,
05-15 10:51:47.109 621 706 I InputReader: Device added: id=-1, eventHubId=-1, name='Virtual', descriptor='a718a782d34bc767f4689c232d64d527998ea7fd',sources=0x00000301
05-15 10:51:47.109 621 706 I InputReader: Device added: id=2, eventHubId=12, name='hall wake key', descriptor='bdc74b3599e2e4605a00d9db3a086828292f81ad',sources=0x80000000
05-15 10:51:47.110 621 706 I InputReader: Device added: id=3, eventHubId=11, name='rk805 pwrkey', descriptor='a18e9bc089e5609b309e12da9322f25f4164e298',sources=0x00000101
05-15 10:51:47.110 621 706 I InputReader: Device added: id=4, eventHubId=10, name='rockchip,dp0 rockchip,dp0', descriptor='cbe783c9765691b88edbdd1aafd432c0c37139b2',sources=0x80000000
05-15 10:51:47.110 621 706 I InputReader: Touch device 'Wacom I2C Digitizer' could not query the properties of its associated display. The device will be inoperable until the display size becomes available.
05-15 10:51:47.110 621 706 I InputReader: Device added: id=5, eventHubId=9, name='Wacom I2C Digitizer', descriptor='37004fd5a0d975f53b6dcb153ebee732a9bcbfc2',sources=0x00005002
05-15 10:51:47.110 621 706 I InputReader: Device added: id=6, eventHubId=8, name='sf-keys', descriptor='1d04485d5413d18cadf673bafa785070142031c8',sources=0x00000101
05-15 10:51:47.110 621 706 I InputReader: Device added: id=7, eventHubId=7, name='adc-keys', descriptor='485d69228e24f5e46da1598745890b214130dbc4',sources=0x00000101
05-15 10:51:47.110 621 706 I InputReader: Device added: id=8, eventHubId=3, name='destroy', descriptor='09348e52a859f68ae907a720ce22cf54f7e41ee2',sources=0x00000101
05-15 10:51:47.110 621 706 I InputReader: Touch device 'goodix-ts' could not query the properties of its associated display. The device will be inoperable until the display size becomes available.
05-15 10:51:47.110 621 706 I InputReader: Device added: id=9, eventHubId=2, name='goodix-ts', descriptor='9e6143a1bc5dd41251b165ed559e32d49b5aad8f',sources=0x00001002
05-15 10:51:47.110 621 706 I InputReader: Device added: id=10, eventHubId=1, name='rockchip,es8388-codec Headset', descriptor='747da53eadcfe87c55187c889a501bc8055cd497',sources=0x80000000
05-15 10:51:47.111 621 621 I WindowManager: SAFE MODE not enabled
05-15 10:51:47.111 621 621 I SystemServiceManager: Starting com.android.server.inputmethod.InputMethodManagerService$Lifecycle
05-15 10:51:47.115 621 621 I SystemServiceManager: Starting com.android.server.accessibility.AccessibilityManagerService$Lifecycle
05-15 10:51:47.119 621 621 W InputReader: Device goodix-ts is associated with display ADISPLAY_ID_NONE.
05-15 10:51:47.119 621 621 W InputReader: Device Wacom I2C Digitizer is associated with display ADISPLAY_ID_NONE.
05-15 10:51:47.119 621 621 W InputReader: Device goodix-ts is associated with display ADISPLAY_ID_NONE.
05-15 10:51:47.119 621 621 W InputReader: Device Wacom I2C Digitizer is associated with display ADISPLAY_ID_NONE.
05-15 10:51:47.119 621 621 I configuration_changed: 536894968
05-15 10:51:47.119 621 621 I ActivityTaskManager: Config changes=20005df8 {1.0 ?mcc?mnc [zh_CN] ldltr sw768dp w768dp h952dp 320dpi xlrg port ?uimode ?night -touch -keyb/v/h -nav/h winConfig={ mBounds=Rect(0, 0 - 1536, 2048) mAppBounds=Rect(0, 0 - 1536, 1952) mMaxBounds=Rect(0, 0 - 1536, 2048) mWindowingMode=fullscreen mDisplayWindowingMode=fullscreen mActivityType=undefined mAlwaysOnTop=undefined mRotation=ROTATION_0} s.2 ?fontWeightAdjustment}
05-15 10:51:47.120 621 621 I sysui_multi_action: [757,1659,758,4,759,1,1660,0]
05-15 10:51:47.122 621 621 W InputReader: Device goodix-ts is associated with display ADISPLAY_ID_NONE.
05-15 10:51:47.122 621 621 W InputReader: Device Wacom I2C Digitizer is associated with display ADISPLAY_ID_NONE.
