05-15 10:51:48.173 873 873 W ResourcesManager: java.io.IOException: Failed to load asset path /data/resource-cache/data@resource-cache@com.android.systemui-accent-b2QH.frro@idmap
05-15 10:51:48.173 873 873 W ResourcesManager: at android.content.res.ApkAssets.nativeLoad(Native Method)
05-15 10:51:48.173 873 873 W ResourcesManager: at android.content.res.ApkAssets.(ApkAssets.java:295)
05-15 10:51:48.173 873 873 W ResourcesManager: at android.content.res.ApkAssets.loadOverlayFromPath(ApkAssets.java:215)
05-15 10:51:48.173 873 873 W ResourcesManager: at android.app.ResourcesManager.loadApkAssets(ResourcesManager.java:466)
05-15 10:51:48.173 873 873 W ResourcesManager: at android.app.ResourcesManager.access$000(ResourcesManager.java:85)
05-15 10:51:48.173 873 873 W ResourcesManager: at android.app.ResourcesManager$ApkAssetsSupplier.load(ResourcesManager.java:182)
05-15 10:51:48.173 873 873 W ResourcesManager: at android.app.ResourcesManager.createAssetManager(ResourcesManager.java:544)
05-15 10:51:48.173 873 873 W ResourcesManager: at android.app.ResourcesManager.createResourcesImpl(ResourcesManager.java:626)
05-15 10:51:48.173 873 873 W ResourcesManager: at android.app.ResourcesManager.findOrCreateResourcesImplForKeyLocked(ResourcesManager.java:719)
05-15 10:51:48.173 873 873 W ResourcesManager: at android.app.ResourcesManager.createResources(ResourcesManager.java:1066)
05-15 10:51:48.173 873 873 W ResourcesManager: at android.app.ResourcesManager.getResources(ResourcesManager.java:1169)
05-15 10:51:48.173 873 873 W ResourcesManager: at android.app.LoadedApk.getResources(LoadedApk.java:1307)
05-15 10:51:48.173 873 873 W ResourcesManager: at android.app.ContextImpl.createAppContext(ContextImpl.java:3036)
05-15 10:51:48.173 873 873 W ResourcesManager: at android.app.ContextImpl.createAppContext(ContextImpl.java:3028)
05-15 10:51:48.173 873 873 W ResourcesManager: at android.app.ActivityThread.handleBindApplication(ActivityThread.java:6660)
05-15 10:51:48.173 873 873 W ResourcesManager: at android.app.ActivityThread.access$1500(ActivityThread.java:256)
05-15 10:51:48.173 873 873 W ResourcesManager: at android.app.ActivityThread$H.handleMessage(ActivityThread.java:2091)
05-15 10:51:48.173 873 873 W ResourcesManager: at android.os.Handler.dispatchMessage(Handler.java:106)
05-15 10:51:48.173 873 873 W ResourcesManager: at android.os.Looper.loopOnce(Looper.java:201)
05-15 10:51:48.173 873 873 W ResourcesManager: at android.os.Looper.loop(Looper.java:288)
05-15 10:51:48.173 873 873 W ResourcesManager: at android.app.ActivityThread.main(ActivityThread.java:7870)
05-15 10:51:48.173 873 873 W ResourcesManager: at java.lang.reflect.Method.invoke(Native Method)
05-15 10:51:48.173 873 873 W ResourcesManager: at com.android.internal.os.RuntimeInit$MethodAndArgsCaller.run(RuntimeInit.java:548)
05-15 10:51:48.173 873 873 W ResourcesManager: at com.android.internal.os.ZygoteInit.main(ZygoteInit.java:1003)
05-15 10:51:48.174 777 777 E ndroid.systemu: Invalid Idmap file: bad magic value (was 0x00000000, expected 0x504d4449)
05-15 10:51:48.174 777 777 E ndroid.systemu: failed to load IDMAP /data/resource-cache/data@resource-cache@com.android.systemui-neutral-TLBr.frro@idmap
05-15 10:51:48.175 777 777 W ResourcesManager: failed to preload asset path '/data/resource-cache/com.android.systemui-neutral-TLBr.frro'
05-15 10:51:48.175 777 777 W ResourcesManager: java.io.IOException: Failed to load asset path /data/resource-cache/data@resource-cache@com.android.systemui-neutral-TLBr.frro@idmap
05-15 10:51:48.175 777 777 W ResourcesManager: at android.content.res.ApkAssets.nativeLoad(Native Method)
05-15 10:51:48.175 777 777 W ResourcesManager: at android.content.res.ApkAssets.(ApkAssets.java:295)
05-15 10:51:48.175 777 777 W ResourcesManager: at android.content.res.ApkAssets.loadOverlayFromPath(ApkAssets.java:215)
05-15 10:51:48.175 777 777 W ResourcesManager: at android.app.ResourcesManager.loadApkAssets(ResourcesManager.java:466)
05-15 10:51:48.175 777 777 W ResourcesManager: at android.app.ResourcesManager.access$000(ResourcesManager.java:85)
05-15 10:51:48.175 777 777 W ResourcesManager: at android.app.ResourcesManager$ApkAssetsSupplier.load(ResourcesManager.java:182)
05-15 10:51:48.175 777 777 W ResourcesManager: at android.app.ResourcesManager.createApkAssetsSupplierNotLocked(ResourcesManager.java:1035)
05-15 10:51:48.175 777 777 W ResourcesManager: at android.app.ResourcesManager.getResources(ResourcesManager.java:1156)
05-15 10:51:48.175 777 777 W ResourcesManager: at android.app.ContextImpl.createResources(ContextImpl.java:2463)
05-15 10:51:48.175 777 777 W ResourcesManager: at android.app.ContextImpl.createConfigurationContext(ContextImpl.java:2609)
05-15 10:51:48.175 777 777 W ResourcesManager: at android.content.ContextWrapper.createConfigurationContext(ContextWrapper.java:1045)
05-15 10:51:48.175 777 777 W ResourcesManager: at com.android.wm.shell.common.split.SplitLayout.(SplitLayout.java:110)
05-15 10:51:48.175 777 777 W ResourcesManager: at com.android.wm.shell.splitscreen.StageCoordinator.onDisplayAreaAppeared(StageCoordinator.java:1080)
05-15 10:51:48.175 777 777 W ResourcesManager: at com.android.wm.shell.RootTaskDisplayAreaOrganizer.registerListener(RootTaskDisplayAreaOrganizer.java:83)
05-15 10:51:48.175 777 777 W ResourcesManager: at com.android.wm.shell.splitscreen.StageCoordinator.(StageCoordinator.java:232)
05-15 10:51:48.175 777 777 W ResourcesManager: at com.android.wm.shell.splitscreen.SplitScreenController.onOrganizerRegistered(SplitScreenController.java:181)
05-15 10:51:48.175 777 777 W ResourcesManager: at com.android.wm.shell.ShellInitImpl$$ExternalSyntheticLambda6.accept(Unknown Source:2)
05-15 10:51:48.175 777 777 W ResourcesManager: at java.util.Optional.ifPresent(Optional.java:155)
05-15 10:51:48.175 777 777 W ResourcesManager: at com.android.wm.shell.ShellInitImpl.init(ShellInitImpl.java:117)
05-15 10:51:48.175 777 777 W ResourcesManager: at com.android.wm.shell.ShellInitImpl.access$200(ShellInitImpl.java:43)
05-15 10:51:48.175 777 777 W ResourcesManager: at com.android.wm.shell.ShellInitImpl$InitImpl.lambda$init$0(ShellInitImpl.java:146)
05-15 10:51:48.175 777 777 W ResourcesManager: at com.android.wm.shell.ShellInitImpl$InitImpl.$r8$lambda$-fuYCCasJt8DfI5s_jTVf2XyYss(Unknown Source:0)
05-15 10:51:48.175 777 777 W ResourcesManager: at com.android.wm.shell.ShellInitImpl$InitImpl$$ExternalSyntheticLambda0.run(Unknown Source:2)
05-15 10:51:48.175 777 777 W ResourcesManager: at com.android.wm.shell.common.ShellExecutor.lambda$executeBlocking$0(ShellExecutor.java:49)
05-15 10:51:48.175 777 777 W ResourcesManager: at com.android.wm.shell.common.ShellExecutor.$r8$lambda$vkSPPDnd0GQoYW-CdLJe9Ef0Hho(Unknown Source:0)
05-15 10:51:48.175 777 777 W ResourcesManager: at com.android.wm.shell.common.ShellExecutor$$ExternalSyntheticLambda0.run(Unknown Source:4)
05-15 10:51:48.175 777 777 W ResourcesManager: at com.android.wm.shell.common.HandlerExecutor.execute(HandlerExecutor.java:33)
05-15 10:51:48.175 777 777 W ResourcesManager: at com.android.wm.shell.common.ShellExecutor.executeBlocking(ShellExecutor.java:48)
05-15 10:51:48.175 777 777 W ResourcesManager: at com.android.wm.shell.common.ShellExecutor.executeBlocking(ShellExecutor.java:62)
05-15 10:51:48.175 777 777 W ResourcesManager: at com.android.wm.shell.ShellInitImpl$InitImpl.init(ShellInitImpl.java:146)
05-15 10:51:48.175 777 777 W ResourcesManager: at com.android.systemui.dagger.WMComponent.init(WMComponent.java:73)
05-15 10:51:48.175 777 777 W ResourcesManager: at com.android.systemui.dagger.DaggerGlobalRootComponent$WMComponentImpl.init(Unknown Source:0)
05-15 10:51:48.175 777 777 W ResourcesManager: at com.android.systemui.SystemUIFactory.init(SystemUIFactory.java:101)
05-15 10:51:48.175 777 777 W ResourcesManager: at com.android.systemui.SystemUIFactory.createFromConfig(SystemUIFactory.java:74)
05-15 10:51:48.175 777 777 W ResourcesManager: at com.android.systemui.SystemUIFactory.createFromConfig(SystemUIFactory.java:56)
05-15 10:51:48.175 777 777 W ResourcesManager: at com.android.systemui.SystemUIAppComponentFactory.lambda$instantiateProviderCompat$1(SystemUIAppComponentFactory.java:88)
05-15 10:51:48.175 777 777 W ResourcesManager: at com.android.systemui.SystemUIAppComponentFactory.$r8$lambda$qcrPqG7eXiVK_IrWSM3yDqdi2js(Unknown Source:0)
05-15 10:51:48.175 777 777 W ResourcesManager: at com.android.systemui.SystemUIAppComponentFactory$$ExternalSyntheticLambda0.onContextAvailable(Unknown Source:2)
05-15 10:51:48.175 777 777 W ResourcesManager: at com.android.systemui.keyguard.KeyguardSliceProvider.onCreateSliceProvider(KeyguardSliceProvider.java:304)
05-15 10:51:48.175 777 777 W ResourcesManager: at androidx.slice.SliceProvider.onCreate(SliceProvider.java:211)
05-15 10:51:48.175 777 777 W ResourcesManager: at android.content.ContentProvider.attachInfo(ContentProvider.java:2404)
05-15 10:51:48.175 777 777 W ResourcesManager: at android.content.ContentProvider.attachInfo(ContentProvider.java:2374)
05-15 10:51:48.175 777 777 W ResourcesManager: at androidx.slice.SliceProvider.attachInfo(SliceProvider.java:250)
05-15 10:51:48.175 777 777 W ResourcesManager: at androidx.slice.compat.SliceProviderWrapperContainer$SliceProviderWrapper.attachInfo(SliceProviderWrapperContainer.java:74)
05-15 10:51:48.175 777 777 W ResourcesManager: at android.app.ActivityThread.installProvider(ActivityThread.java:7459)
05-15 10:51:48.175 777 777 W ResourcesManager: at android.app.ActivityThread.installContentProviders(ActivityThread.java:6976)
05-15 10:51:48.175 777 777 W ResourcesManager: at android.app.ActivityThread.handleBindApplication(ActivityThread.java:6747)
05-15 10:51:48.175 777 777 W ResourcesManager: at android.app.ActivityThread.access$1500(ActivityThread.java:256)
05-15 10:51:48.175 777 777 W ResourcesManager: at android.app.ActivityThread$H.handleMessage(ActivityThread.java:2091)
05-15 10:51:48.175 777 777 W ResourcesManager: at android.os.Handler.dispatchMessage(Handler.java:106)
05-15 10:51:48.175 777 777 W ResourcesManager: at android.os.Looper.loopOnce(Looper.java:201)
05-15 10:51:48.175 777 777 W ResourcesManager: at android.os.Looper.loop(Looper.java:288)
05-15 10:51:48.175 777 777 W ResourcesManager: at android.app.ActivityThread.main(ActivityThread.java:7870)
05-15 10:51:48.175 777 777 W ResourcesManager: at java.lang.reflect.Method.invoke(Native Method)
05-15 10:51:48.175 777 777 W ResourcesManager: at com.android.internal.os.RuntimeInit$MethodAndArgsCaller.run(RuntimeInit.java:548)
05-15 10:51:48.175 777 777 W ResourcesManager: at com.android.internal.os.ZygoteInit.main(ZygoteInit.java:1003)
05-15 10:51:48.175 777 777 E ndroid.systemu: Invalid Idmap file: bad magic value (was 0x00000000, expected 0x504d4449)
05-15 10:51:48.175 777 777 E ndroid.systemu: failed to load IDMAP /data/resource-cache/data@resource-cache@com.android.systemui-accent-b2QH.frro@idmap
05-15 10:51:48.175 873 873 V GraphicsEnvironment: ANGLE Developer option for 'cn.eben.secime' set to: 'default'
05-15 10:51:48.176 873 873 V GraphicsEnvironment: ANGLE GameManagerService for cn.eben.secime: false
05-15 10:51:48.176 873 873 V GraphicsEnvironment: Neither updatable production driver nor prerelease driver is supported.
05-15 10:51:48.176 873 873 D NetworkSecurityConfig: No Network Security Config specified, using platform default
05-15 10:51:48.176 777 777 W ResourcesManager: failed to preload asset path '/data/resource-cache/com.android.systemui-accent-b2QH.frro'
05-15 10:51:48.176 777 777 W ResourcesManager: java.io.IOException: Failed to load asset path /data/resource-cache/data@resource-cache@com.android.systemui-accent-b2QH.frro@idmap
05-15 10:51:48.176 777 777 W ResourcesManager: at android.content.res.ApkAssets.nativeLoad(Native Method)
05-15 10:51:48.176 777 777 W ResourcesManager: at android.content.res.ApkAssets.(ApkAssets.java:295)
05-15 10:51:48.176 777 777 W ResourcesManager: at android.content.res.ApkAssets.loadOverlayFromPath(ApkAssets.java:215)
05-15 10:51:48.176 777 777 W ResourcesManager: at android.app.ResourcesManager.loadApkAssets(ResourcesManager.java:466)
05-15 10:51:48.176 777 777 W ResourcesManager: at android.app.ResourcesManager.access$000(ResourcesManager.java:85)
05-15 10:51:48.176 777 777 W ResourcesManager: at android.app.ResourcesManager$ApkAssetsSupplier.load(ResourcesManager.java:182)
05-15 10:51:48.176 777 777 W ResourcesManager: at android.app.ResourcesManager.createApkAssetsSupplierNotLocked(ResourcesManager.java:1035)
05-15 10:51:48.176 777 777 W ResourcesManager: at android.app.ResourcesManager.getResources(ResourcesManager.java:1156)
05-15 10:51:48.176 777 777 W ResourcesManager: at android.app.ContextImpl.createResources(ContextImpl.java:2463)
05-15 10:51:48.176 777 777 W ResourcesManager: at android.app.ContextImpl.createConfigurationContext(ContextImpl.java:2609)
05-15 10:51:48.176 777 777 W ResourcesManager: at android.content.ContextWrapper.createConfigurationContext(ContextWrapper.java:1045)
05-15 10:51:48.176 777 777 W ResourcesManager: at com.android.wm.shell.common.split.SplitLayout.(SplitLayout.java:110)
05-15 10:51:48.176 777 777 W ResourcesManager: at com.android.wm.shell.splitscreen.StageCoordinator.onDisplayAreaAppeared(StageCoordinator.java:1080)
05-15 10:51:48.176 777 777 W ResourcesManager: at com.android.wm.shell.RootTaskDisplayAreaOrganizer.registerListener(RootTaskDisplayAreaOrganizer.java:83)
05-15 10:51:48.176 777 777 W ResourcesManager: at com.android.wm.shell.splitscreen.StageCoordinator.(StageCoordinator.java:232)
05-15 10:51:48.176 777 777 W ResourcesManager: at com.android.wm.shell.splitscreen.SplitScreenController.onOrganizerRegistered(SplitScreenController.java:181)
05-15 10:51:48.176 777 777 W ResourcesManager: at com.android.wm.shell.ShellInitImpl$$ExternalSyntheticLambda6.accept(Unknown Source:2)
05-15 10:51:48.176 777 777 W ResourcesManager: at java.util.Optional.ifPresent(Optional.java:155)
05-15 10:51:48.176 777 777 W ResourcesManager: at com.android.wm.shell.ShellInitImpl.init(ShellInitImpl.java:117)
05-15 10:51:48.176 777 777 W ResourcesManager: at com.android.wm.shell.ShellInitImpl.access$200(ShellInitImpl.java:43)
05-15 10:51:48.176 777 777 W ResourcesManager: at com.android.wm.shell.ShellInitImpl$InitImpl.lambda$init$0(ShellInitImpl.java:146)
05-15 10:51:48.176 777 777 W ResourcesManager: at com.android.wm.shell.ShellInitImpl$InitImpl.$r8$lambda$-fuYCCasJt8DfI5s_jTVf2XyYss(Unknown Source:0)
05-15 10:51:48.176 777 777 W ResourcesManager: at com.android.wm.shell.ShellInitImpl$InitImpl$$ExternalSyntheticLambda0.run(Unknown Source:2)
05-15 10:51:48.176 777 777 W ResourcesManager: at com.android.wm.shell.common.ShellExecutor.lambda$executeBlocking$0(ShellExecutor.java:49)
05-15 10:51:48.176 777 777 W ResourcesManager: at com.android.wm.shell.common.ShellExecutor.$r8$lambda$vkSPPDnd0GQoYW-CdLJe9Ef0Hho(Unknown Source:0)
05-15 10:51:48.176 777 777 W ResourcesManager: at com.android.wm.shell.common.ShellExecutor$$ExternalSyntheticLambda0.run(Unknown Source:4)
05-15 10:51:48.176 777 777 W ResourcesManager: at com.android.wm.shell.common.HandlerExecutor.execute(HandlerExecutor.java:33)
05-15 10:51:48.176 777 777 W ResourcesManager: at com.android.wm.shell.common.ShellExecutor.executeBlocking(ShellExecutor.java:48)
05-15 10:51:48.176 777 777 W ResourcesManager: at com.android.wm.shell.common.ShellExecutor.executeBlocking(ShellExecutor.java:62)
05-15 10:51:48.176 777 777 W ResourcesManager: at com.android.wm.shell.ShellInitImpl$InitImpl.init(ShellInitImpl.java:146)
05-15 10:51:48.176 777 777 W ResourcesManager: at com.android.systemui.dagger.WMComponent.init(WMComponent.java:73)
05-15 10:51:48.176 777 777 W ResourcesManager: at com.android.systemui.dagger.DaggerGlobalRootComponent$WMComponentImpl.init(Unknown Source:0)
05-15 10:51:48.176 777 777 W ResourcesManager: at com.android.systemui.SystemUIFactory.init(SystemUIFactory.java:101)
05-15 10:51:48.176 777 777 W ResourcesManager: at com.android.systemui.SystemUIFactory.createFromConfig(SystemUIFactory.java:74)
05-15 10:51:48.176 777 777 W ResourcesManager: at com.android.systemui.SystemUIFactory.createFromConfig(SystemUIFactory.java:56)
05-15 10:51:48.176 777 777 W ResourcesManager: at com.android.systemui.SystemUIAppComponentFactory.lambda$instantiateProviderCompat$1(SystemUIAppComponentFactory.java:88)
05-15 10:51:48.176 777 777 W ResourcesManager: at com.android.systemui.SystemUIAppComponentFactory.$r8$lambda$qcrPqG7eXiVK_IrWSM3yDqdi2js(Unknown Source:0)
05-15 10:51:48.176 777 777 W ResourcesManager: at com.android.systemui.SystemUIAppComponentFactory$$ExternalSyntheticLambda0.onContextAvailable(Unknown Source:2)
05-15 10:51:48.176 777 777 W ResourcesManager: at com.android.systemui.keyguard.KeyguardSliceProvider.onCreateSliceProvider(KeyguardSliceProvider.java:304)
05-15 10:51:48.176 777 777 W ResourcesManager: at androidx.slice.SliceProvider.onCreate(SliceProvider.java:211)
05-15 10:51:48.176 777 777 W ResourcesManager: at android.content.ContentProvider.attachInfo(ContentProvider.java:2404)
05-15 10:51:48.176 777 777 W ResourcesManager: at android.content.ContentProvider.attachInfo(ContentProvider.java:2374)
05-15 10:51:48.176 777 777 W ResourcesManager: at androidx.slice.SliceProvider.attachInfo(SliceProvider.java:250)
05-15 10:51:48.176 777 777 W ResourcesManager: at androidx.slice.compat.SliceProviderWrapperContainer$SliceProviderWrapper.attachInfo(SliceProviderWrapperContainer.java:74)
05-15 10:51:48.176 873 873 D NetworkSecurityConfig: No Network Security Config specified, using platform default
05-15 10:51:48.176 777 777 W ResourcesManager: at android.app.ActivityThread.installProvider(ActivityThread.java:7459)
05-15 10:51:48.176 777 777 W ResourcesManager: at android.app.ActivityThread.installContentProviders(ActivityThread.java:6976)
05-15 10:51:48.176 777 777 W ResourcesManager: at android.app.ActivityThread.handleBindApplication(ActivityThread.java:6747)
05-15 10:51:48.176 777 777 W ResourcesManager: at android.app.ActivityThread.access$1500(ActivityThread.java:256)
05-15 10:51:48.176 777 777 W ResourcesManager: at android.app.ActivityThread$H.handleMessage(ActivityThread.java:2091)
05-15 10:51:48.176 777 777 W ResourcesManager: at android.os.Handler.dispatchMessage(Handler.java:106)
05-15 10:51:48.176 777 777 W ResourcesManager: at android.os.Looper.loopOnce(Looper.java:201)
05-15 10:51:48.176 777 777 W ResourcesManager: at android.os.Looper.loop(Looper.java:288)
05-15 10:51:48.176 777 777 W ResourcesManager: at android.app.ActivityThread.main(ActivityThread.java:7870)
05-15 10:51:48.176 777 777 W ResourcesManager: at java.lang.reflect.Method.invoke(Native Method)
05-15 10:51:48.176 777 777 W ResourcesManager: at com.android.internal.os.RuntimeInit$MethodAndArgsCaller.run(RuntimeInit.java:548)
05-15 10:51:48.176 777 777 W ResourcesManager: at com.android.internal.os.ZygoteInit.main(ZygoteInit.java:1003)
05-15 10:51:48.176 777 777 E ndroid.systemu: Invalid Idmap file: bad magic value (was 0x00000000, expected 0x504d4449)
05-15 10:51:48.176 777 777 E ndroid.systemu: failed to load IDMAP /data/resource-cache/data@resource-cache@com.android.systemui-neutral-TLBr.frro@idmap
05-15 10:51:48.177 777 777 W ResourcesManager: failed to add overlay path '/data/resource-cache/com.android.systemui-neutral-TLBr.frro'
05-15 10:51:48.177 777 777 W ResourcesManager: java.io.IOException: Failed to load asset path /data/resource-cache/data@resource-cache@com.android.systemui-neutral-TLBr.frro@idmap
05-15 10:51:48.177 777 777 W ResourcesManager: at android.content.res.ApkAssets.nativeLoad(Native Method)
05-15 10:51:48.177 777 777 W ResourcesManager: at android.content.res.ApkAssets.(ApkAssets.java:295)
05-15 10:51:48.177 777 777 W ResourcesManager: at android.content.res.ApkAssets.loadOverlayFromPath(ApkAssets.java:215)
05-15 10:51:48.177 777 777 W ResourcesManager: at android.app.ResourcesManager.loadApkAssets(ResourcesManager.java:466)
05-15 10:51:48.177 777 777 W ResourcesManager: at android.app.ResourcesManager.access$000(ResourcesManager.java:85)
05-15 10:51:48.177 777 777 W ResourcesManager: at android.app.ResourcesManager$ApkAssetsSupplier.load(ResourcesManager.java:182)
05-15 10:51:48.177 777 777 W ResourcesManager: at android.app.ResourcesManager.createAssetManager(ResourcesManager.java:544)
05-15 10:51:48.177 777 777 W ResourcesManager: at android.app.ResourcesManager.createResourcesImpl(ResourcesManager.java:626)
05-15 10:51:48.177 777 777 W ResourcesManager: at android.app.ResourcesManager.findOrCreateResourcesImplForKeyLocked(ResourcesManager.java:719)
05-15 10:51:48.177 777 777 W ResourcesManager: at android.app.ResourcesManager.createResources(ResourcesManager.java:1066)
05-15 10:51:48.177 777 777 W ResourcesManager: at android.app.ResourcesManager.getResources(ResourcesManager.java:1169)
05-15 10:51:48.177 777 777 W ResourcesManager: at android.app.ContextImpl.createResources(ContextImpl.java:2463)
05-15 10:51:48.177 777 777 W ResourcesManager: at android.app.ContextImpl.createConfigurationContext(ContextImpl.java:2609)
05-15 10:51:48.177 777 777 W ResourcesManager: at android.content.ContextWrapper.createConfigurationContext(ContextWrapper.java:1045)
05-15 10:51:48.177 777 777 W ResourcesManager: at com.android.wm.shell.common.split.SplitLayout.(SplitLayout.java:110)
05-15 10:51:48.177 777 777 W ResourcesManager: at com.android.wm.shell.splitscreen.StageCoordinator.onDisplayAreaAppeared(StageCoordinator.java:1080)
05-15 10:51:48.177 777 777 W ResourcesManager: at com.android.wm.shell.RootTaskDisplayAreaOrganizer.registerListener(RootTaskDisplayAreaOrganizer.java:83)
05-15 10:51:48.177 777 777 W ResourcesManager: at com.android.wm.shell.splitscreen.StageCoordinator.(StageCoordinator.java:232)
05-15 10:51:48.177 777 777 W ResourcesManager: at com.android.wm.shell.splitscreen.SplitScreenController.onOrganizerRegistered(SplitScreenController.java:181)
05-15 10:51:48.177 777 777 W ResourcesManager: at com.android.wm.shell.ShellInitImpl$$ExternalSyntheticLambda6.accept(Unknown Source:2)
05-15 10:51:48.177 777 777 W ResourcesManager: at java.util.Optional.ifPresent(Optional.java:155)
05-15 10:51:48.177 777 777 W ResourcesManager: at com.android.wm.shell.ShellInitImpl.init(ShellInitImpl.java:117)
05-15 10:51:48.177 777 777 W ResourcesManager: at com.android.wm.shell.ShellInitImpl.access$200(ShellInitImpl.java:43)
05-15 10:51:48.177 777 777 W ResourcesManager: at com.android.wm.shell.ShellInitImpl$InitImpl.lambda$init$0(ShellInitImpl.java:146)
05-15 10:51:48.177 777 777 W ResourcesManager: at com.android.wm.shell.ShellInitImpl$InitImpl.$r8$lambda$-fuYCCasJt8DfI5s_jTVf2XyYss(Unknown Source:0)
05-15 10:51:48.177 777 777 W ResourcesManager: at com.android.wm.shell.ShellInitImpl$InitImpl$$ExternalSyntheticLambda0.run(Unknown Source:2)
05-15 10:51:48.177 777 777 W ResourcesManager: at com.android.wm.shell.common.ShellExecutor.lambda$executeBlocking$0(ShellExecutor.java:49)
05-15 10:51:48.177 777 777 W ResourcesManager: at com.android.wm.shell.common.ShellExecutor.$r8$lambda$vkSPPDnd0GQoYW-CdLJe9Ef0Hho(Unknown Source:0)
05-15 10:51:48.177 777 777 W ResourcesManager: at com.android.wm.shell.common.ShellExecutor$$ExternalSyntheticLambda0.run(Unknown Source:4)
05-15 10:51:48.177 777 777 W ResourcesManager: at com.android.wm.shell.common.HandlerExecutor.execute(HandlerExecutor.java:33)
05-15 10:51:48.177 777 777 W ResourcesManager: at com.android.wm.shell.common.ShellExecutor.executeBlocking(ShellExecutor.java:48)
05-15 10:51:48.177 777 777 W ResourcesManager: at com.android.wm.shell.common.ShellExecutor.executeBlocking(ShellExecutor.java:62)
05-15 10:51:48.177 777 777 W ResourcesManager: at com.android.wm.shell.ShellInitImpl$InitImpl.init(ShellInitImpl.java:146)
05-15 10:51:48.177 777 777 W ResourcesManager: at com.android.systemui.dagger.WMComponent.init(WMComponent.java:73)
05-15 10:51:48.177 777 777 W ResourcesManager: at com.android.systemui.dagger.DaggerGlobalRootComponent$WMComponentImpl.init(Unknown Source:0)
05-15 10:51:48.177 777 777 W ResourcesManager: at com.android.systemui.SystemUIFactory.init(SystemUIFactory.java:101)
05-15 10:51:48.177 777 777 W ResourcesManager: at com.android.systemui.SystemUIFactory.createFromConfig(SystemUIFactory.java:74)
05-15 10:51:48.177 777 777 W ResourcesManager: at com.android.systemui.SystemUIFactory.createFromConfig(SystemUIFactory.java:56)
05-15 10:51:48.177 777 777 W ResourcesManager: at com.android.systemui.SystemUIAppComponentFactory.lambda$instantiateProviderCompat$1(SystemUIAppComponentFactory.java:88)
05-15 10:51:48.177 777 777 W ResourcesManager: at com.android.systemui.SystemUIAppComponentFactory.$r8$lambda$qcrPqG7eXiVK_IrWSM3yDqdi2js(Unknown Source:0)
05-15 10:51:48.177 777 777 W ResourcesManager: at com.android.systemui.SystemUIAppComponentFactory$$ExternalSyntheticLambda0.onContextAvailable(Unknown Source:2)
05-15 10:51:48.177 777 777 W ResourcesManager: at com.android.systemui.keyguard.KeyguardSliceProvider.onCreateSliceProvider(KeyguardSliceProvider.java:304)
05-15 10:51:48.177 777 777 W ResourcesManager: at androidx.slice.SliceProvider.onCreate(SliceProvider.java:211)
05-15 10:51:48.177 777 777 W ResourcesManager: at android.content.ContentProvider.attachInfo(ContentProvider.java:2404)
05-15 10:51:48.177 418 418 I netd : trafficSwapActiveStatsMap() <20.76ms>
05-15 10:51:48.177 777 777 W ResourcesManager: at android.content.ContentProvider.attachInfo(ContentProvider.java:2374)
05-15 10:51:48.177 777 777 W ResourcesManager: at androidx.slice.SliceProvider.attachInfo(SliceProvider.java:250)
05-15 10:51:48.177 777 777 W ResourcesManager: at androidx.slice.compat.SliceProviderWrapperContainer$SliceProviderWrapper.attachInfo(SliceProviderWrapperContainer.java:74)
05-15 10:51:48.177 777 777 W ResourcesManager: at android.app.ActivityThread.installProvider(ActivityThread.java:7459)
05-15 10:51:48.177 777 777 W ResourcesManager: at android.app.ActivityThread.installContentProviders(ActivityThread.java:6976)
05-15 10:51:48.177 777 777 W ResourcesManager: at android.app.ActivityThread.handleBindApplication(ActivityThread.java:6747)
05-15 10:51:48.177 777 777 W ResourcesManager: at android.app.ActivityThread.access$1500(ActivityThread.java:256)
05-15 10:51:48.177 777 777 W ResourcesManager: at android.app.ActivityThread$H.handleMessage(ActivityThread.java:2091)
05-15 10:51:48.177 777 777 W ResourcesManager: at android.os.Handler.dispatchMessage(Handler.java:106)
05-15 10:51:48.177 777 777 W ResourcesManager: at android.os.Looper.loopOnce(Looper.java:201)
05-15 10:51:48.177 777 777 W ResourcesManager: at android.os.Looper.loop(Looper.java:288)
05-15 10:51:48.177 777 777 W ResourcesManager: at android.app.ActivityThread.main(ActivityThread.java:7870)
05-15 10:51:48.177 777 777 W ResourcesManager: at java.lang.reflect.Method.invoke(Native Method)
05-15 10:51:48.177 777 777 W ResourcesManager: at com.android.internal.os.RuntimeInit$MethodAndArgsCaller.run(RuntimeInit.java:548)
05-15 10:51:48.177 777 777 W ResourcesManager: at com.android.internal.os.ZygoteInit.main(ZygoteInit.java:1003)
05-15 10:51:48.178 777 777 E ndroid.systemu: Invalid Idmap file: bad magic value (was 0x00000000, expected 0x504d4449)
05-15 10:51:48.178 777 777 E ndroid.systemu: failed to load IDMAP /data/resource-cache/data@resource-cache@com.android.systemui-accent-b2QH.frro@idmap
05-15 10:51:48.178 418 418 I netd : tetherGetStats() -> {[]} <0.49ms>
05-15 10:51:48.179 621 646 I netstats_mobile_sample: [0,0,0,0,0,0,0,0,0,0,0,0,1747277508179]
05-15 10:51:48.179 621 646 I netstats_wifi_sample: [0,0,0,0,0,0,0,0,0,0,0,0,1747277508179]
05-15 10:51:48.180 777 777 W ResourcesManager: failed to add overlay path '/data/resource-cache/com.android.systemui-accent-b2QH.frro'
05-15 10:51:48.180 777 777 W ResourcesManager: java.io.IOException: Failed to load asset path /data/resource-cache/data@resource-cache@com.android.systemui-accent-b2QH.frro@idmap
05-15 10:51:48.180 777 777 W ResourcesManager: at android.content.res.ApkAssets.nativeLoad(Native Method)
05-15 10:51:48.180 777 777 W ResourcesManager: at android.content.res.ApkAssets.(ApkAssets.java:295)
05-15 10:51:48.180 777 777 W ResourcesManager: at android.content.res.ApkAssets.loadOverlayFromPath(ApkAssets.java:215)
05-15 10:51:48.180 777 777 W ResourcesManager: at android.app.ResourcesManager.loadApkAssets(ResourcesManager.java:466)
05-15 10:51:48.180 777 777 W ResourcesManager: at android.app.ResourcesManager.access$000(ResourcesManager.java:85)
05-15 10:51:48.180 777 777 W ResourcesManager: at android.app.ResourcesManager$ApkAssetsSupplier.load(ResourcesManager.java:182)
05-15 10:51:48.180 777 777 W ResourcesManager: at android.app.ResourcesManager.createAssetManager(ResourcesManager.java:544)
05-15 10:51:48.180 777 777 W ResourcesManager: at android.app.ResourcesManager.createResourcesImpl(ResourcesManager.java:626)
05-15 10:51:48.180 777 777 W ResourcesManager: at android.app.ResourcesManager.findOrCreateResourcesImplForKeyLocked(ResourcesManager.java:719)
05-15 10:51:48.180 777 777 W ResourcesManager: at android.app.ResourcesManager.createResources(ResourcesManager.java:1066)
05-15 10:51:48.180 777 777 W ResourcesManager: at android.app.ResourcesManager.getResources(ResourcesManager.java:1169)
05-15 10:51:48.180 777 777 W ResourcesManager: at android.app.ContextImpl.createResources(ContextImpl.java:2463)
05-15 10:51:48.180 777 777 W ResourcesManager: at android.app.ContextImpl.createConfigurationContext(ContextImpl.java:2609)
05-15 10:51:48.180 777 777 W ResourcesManager: at android.content.ContextWrapper.createConfigurationContext(ContextWrapper.java:1045)
05-15 10:51:48.180 777 777 W ResourcesManager: at com.android.wm.shell.common.split.SplitLayout.(SplitLayout.java:110)
05-15 10:51:48.180 777 777 W ResourcesManager: at com.android.wm.shell.splitscreen.StageCoordinator.onDisplayAreaAppeared(StageCoordinator.java:1080)
05-15 10:51:48.180 777 777 W ResourcesManager: at com.android.wm.shell.RootTaskDisplayAreaOrganizer.registerListener(RootTaskDisplayAreaOrganizer.java:83)
05-15 10:51:48.180 777 777 W ResourcesManager: at com.android.wm.shell.splitscreen.StageCoordinator.(StageCoordinator.java:232)
05-15 10:51:48.180 777 777 W ResourcesManager: at com.android.wm.shell.splitscreen.SplitScreenController.onOrganizerRegistered(SplitScreenController.java:181)
05-15 10:51:48.180 777 777 W ResourcesManager: at com.android.wm.shell.ShellInitImpl$$ExternalSyntheticLambda6.accept(Unknown Source:2)
05-15 10:51:48.180 777 777 W ResourcesManager: at java.util.Optional.ifPresent(Optional.java:155)
05-15 10:51:48.180 777 777 W ResourcesManager: at com.android.wm.shell.ShellInitImpl.init(ShellInitImpl.java:117)
05-15 10:51:48.180 777 777 W ResourcesManager: at com.android.wm.shell.ShellInitImpl.access$200(ShellInitImpl.java:43)
05-15 10:51:48.180 777 777 W ResourcesManager: at com.android.wm.shell.ShellInitImpl$InitImpl.lambda$init$0(ShellInitImpl.java:146)
05-15 10:51:48.180 777 777 W ResourcesManager: at com.android.wm.shell.ShellInitImpl$InitImpl.$r8$lambda$-fuYCCasJt8DfI5s_jTVf2XyYss(Unknown Source:0)
05-15 10:51:48.180 777 777 W ResourcesManager: at com.android.wm.shell.ShellInitImpl$InitImpl$$ExternalSyntheticLambda0.run(Unknown Source:2)
05-15 10:51:48.180 777 777 W ResourcesManager: at com.android.wm.shell.common.ShellExecutor.lambda$executeBlocking$0(ShellExecutor.java:49)
05-15 10:51:48.180 777 777 W ResourcesManager: at com.android.wm.shell.common.ShellExecutor.$r8$lambda$vkSPPDnd0GQoYW-CdLJe9Ef0Hho(Unknown Source:0)
05-15 10:51:48.180 777 777 W ResourcesManager: at com.android.wm.shell.common.ShellExecutor$$ExternalSyntheticLambda0.run(Unknown Source:4)
05-15 10:51:48.180 777 777 W ResourcesManager: at com.android.wm.shell.common.HandlerExecutor.execute(HandlerExecutor.java:33)
05-15 10:51:48.180 777 777 W ResourcesManager: at com.android.wm.shell.common.ShellExecutor.executeBlocking(ShellExecutor.java:48)
05-15 10:51:48.180 777 777 W ResourcesManager: at com.android.wm.shell.common.ShellExecutor.executeBlocking(ShellExecutor.java:62)
05-15 10:51:48.180 777 777 W ResourcesManager: at com.android.wm.shell.ShellInitImpl$InitImpl.init(ShellInitImpl.java:146)
05-15 10:51:48.180 777 777 W ResourcesManager: at com.android.systemui.dagger.WMComponent.init(WMComponent.java:73)
05-15 10:51:48.180 777 777 W ResourcesManager: at com.android.systemui.dagger.DaggerGlobalRootComponent$WMComponentImpl.init(Unknown Source:0)
05-15 10:51:48.180 777 777 W ResourcesManager: at com.android.systemui.SystemUIFactory.init(SystemUIFactory.java:101)
05-15 10:51:48.180 777 777 W ResourcesManager: at com.android.systemui.SystemUIFactory.createFromConfig(SystemUIFactory.java:74)
05-15 10:51:48.180 777 777 W ResourcesManager: at com.android.systemui.SystemUIFactory.createFromConfig(SystemUIFactory.java:56)
05-15 10:51:48.180 777 777 W ResourcesManager: at com.android.systemui.SystemUIAppComponentFactory.lambda$instantiateProviderCompat$1(SystemUIAppComponentFactory.java:88)
05-15 10:51:48.180 777 777 W ResourcesManager: at com.android.systemui.SystemUIAppComponentFactory.$r8$lambda$qcrPqG7eXiVK_IrWSM3yDqdi2js(Unknown Source:0)
05-15 10:51:48.180 777 777 W ResourcesManager: at com.android.systemui.SystemUIAppComponentFactory$$ExternalSyntheticLambda0.onContextAvailable(Unknown Source:2)
05-15 10:51:48.180 777 777 W ResourcesManager: at com.android.systemui.keyguard.KeyguardSliceProvider.onCreateSliceProvider(KeyguardSliceProvider.java:304)
05-15 10:51:48.180 777 777 W ResourcesManager: at androidx.slice.SliceProvider.onCreate(SliceProvider.java:211)
05-15 10:51:48.180 777 777 W ResourcesManager: at android.content.ContentProvider.attachInfo(ContentProvider.java:2404)
05-15 10:51:48.180 777 777 W ResourcesManager: at android.content.ContentProvider.attachInfo(ContentProvider.java:2374)
05-15 10:51:48.180 777 777 W ResourcesManager: at androidx.slice.SliceProvider.attachInfo(SliceProvider.java:250)
05-15 10:51:48.180 777 777 W ResourcesManager: at androidx.slice.compat.SliceProviderWrapperContainer$SliceProviderWrapper.attachInfo(SliceProviderWrapperContainer.java:74)
05-15 10:51:48.180 777 777 W ResourcesManager: at android.app.ActivityThread.installProvider(ActivityThread.java:7459)
05-15 10:51:48.180 777 777 W ResourcesManager: at android.app.ActivityThread.installContentProviders(ActivityThread.java:6976)
05-15 10:51:48.180 777 777 W ResourcesManager: at android.app.ActivityThread.handleBindApplication(ActivityThread.java:6747)
05-15 10:51:48.180 777 777 W ResourcesManager: at android.app.ActivityThread.access$1500(ActivityThread.java:256)
05-15 10:51:48.180 777 777 W ResourcesManager: at android.app.ActivityThread$H.handleMessage(ActivityThread.java:2091)
05-15 10:51:48.180 777 777 W ResourcesManager: at android.os.Handler.dispatchMessage(Handler.java:106)
05-15 10:51:48.180 777 777 W ResourcesManager: at android.os.Looper.loopOnce(Looper.java:201)
05-15 10:51:48.180 777 777 W ResourcesManager: at android.os.Looper.loop(Looper.java:288)
05-15 10:51:48.180 777 777 W ResourcesManager: at android.app.ActivityThread.main(ActivityThread.java:7870)
05-15 10:51:48.180 777 777 W ResourcesManager: at java.lang.reflect.Method.invoke(Native Method)
05-15 10:51:48.180 777 777 W ResourcesManager: at com.android.internal.os.RuntimeInit$MethodAndArgsCaller.run(RuntimeInit.java:548)
05-15 10:51:48.180 777 777 W ResourcesManager: at com.android.internal.os.ZygoteInit.main(ZygoteInit.java:1003)
05-15 10:51:48.181 621 640 I DropBoxManagerService: add tag=system_app_strictmode isTagEnabled=true flags=0x2
05-15 10:51:48.182 777 777 E ndroid.systemu: Invalid Idmap file: bad magic value (was 0x00000000, expected 0x504d4449)
05-15 10:51:48.182 777 777 E ndroid.systemu: failed to load IDMAP /data/resource-cache/data@resource-cache@com.android.systemui-neutral-TLBr.frro@idmap
05-15 10:51:48.183 621 640 I DropBoxManagerService: add tag=system_app_strictmode isTagEnabled=true flags=0x2
05-15 10:51:48.183 777 777 W ResourcesManager: failed to preload asset path '/data/resource-cache/com.android.systemui-neutral-TLBr.frro'
05-15 10:51:48.183 777 777 W ResourcesManager: java.io.IOException: Failed to load asset path /data/resource-cache/data@resource-cache@com.android.systemui-neutral-TLBr.frro@idmap
05-15 10:51:48.183 777 777 W ResourcesManager: at android.content.res.ApkAssets.nativeLoad(Native Method)
05-15 10:51:48.183 777 777 W ResourcesManager: at android.content.res.ApkAssets.(ApkAssets.java:295)
05-15 10:51:48.183 777 777 W ResourcesManager: at android.content.res.ApkAssets.loadOverlayFromPath(ApkAssets.java:215)
05-15 10:51:48.183 777 777 W ResourcesManager: at android.app.ResourcesManager.loadApkAssets(ResourcesManager.java:466)
05-15 10:51:48.183 777 777 W ResourcesManager: at android.app.ResourcesManager.access$000(ResourcesManager.java:85)
05-15 10:51:48.183 777 777 W ResourcesManager: at android.app.ResourcesManager$ApkAssetsSupplier.load(ResourcesManager.java:182)
05-15 10:51:48.183 777 777 W ResourcesManager: at android.app.ResourcesManager.createApkAssetsSupplierNotLocked(ResourcesManager.java:1035)
05-15 10:51:48.183 777 777 W ResourcesManager: at android.app.ResourcesManager.getResources(ResourcesManager.java:1156)
05-15 10:51:48.183 777 777 W ResourcesManager: at android.app.ContextImpl.createResources(ContextImpl.java:2463)
05-15 10:51:48.183 777 777 W ResourcesManager: at android.app.ContextImpl.createConfigurationContext(ContextImpl.java:2609)
05-15 10:51:48.183 777 777 W ResourcesManager: at com.android.wm.shell.common.split.SplitWindowManager.(SplitWindowManager.java:69)
05-15 10:51:48.183 777 777 W ResourcesManager: at com.android.wm.shell.common.split.SplitLayout.(SplitLayout.java:115)
05-15 10:51:48.183 777 777 W ResourcesManager: at com.android.wm.shell.splitscreen.StageCoordinator.onDisplayAreaAppeared(StageCoordinator.java:1080)
05-15 10:51:48.183 777 777 W ResourcesManager: at com.android.wm.shell.RootTaskDisplayAreaOrganizer.registerListener(RootTaskDisplayAreaOrganizer.java:83)
05-15 10:51:48.183 777 777 W ResourcesManager: at com.android.wm.shell.splitscreen.StageCoordinator.(StageCoordinator.java:232)
05-15 10:51:48.183 777 777 W ResourcesManager: at com.android.wm.shell.splitscreen.SplitScreenController.onOrganizerRegistered(SplitScreenController.java:181)
05-15 10:51:48.183 777 777 W ResourcesManager: at com.android.wm.shell.ShellInitImpl$$ExternalSyntheticLambda6.accept(Unknown Source:2)
05-15 10:51:48.183 777 777 W ResourcesManager: at java.util.Optional.ifPresent(Optional.java:155)
05-15 10:51:48.183 777 777 W ResourcesManager: at com.android.wm.shell.ShellInitImpl.init(ShellInitImpl.java:117)
05-15 10:51:48.183 777 777 W ResourcesManager: at com.android.wm.shell.ShellInitImpl.access$200(ShellInitImpl.java:43)
05-15 10:51:48.183 777 777 W ResourcesManager: at com.android.wm.shell.ShellInitImpl$InitImpl.lambda$init$0(ShellInitImpl.java:146)
05-15 10:51:48.183 777 777 W ResourcesManager: at com.android.wm.shell.ShellInitImpl$InitImpl.$r8$lambda$-fuYCCasJt8DfI5s_jTVf2XyYss(Unknown Source:0)
05-15 10:51:48.183 777 777 W ResourcesManager: at com.android.wm.shell.ShellInitImpl$InitImpl$$ExternalSyntheticLambda0.run(Unknown Source:2)
05-15 10:51:48.183 777 777 W ResourcesManager: at com.android.wm.shell.common.ShellExecutor.lambda$executeBlocking$0(ShellExecutor.java:49)
05-15 10:51:48.183 777 777 W ResourcesManager: at com.android.wm.shell.common.ShellExecutor.$r8$lambda$vkSPPDnd0GQoYW-CdLJe9Ef0Hho(Unknown Source:0)
05-15 10:51:48.183 777 777 W ResourcesManager: at com.android.wm.shell.common.ShellExecutor$$ExternalSyntheticLambda0.run(Unknown Source:4)
05-15 10:51:48.183 777 777 W ResourcesManager: at com.android.wm.shell.common.HandlerExecutor.execute(HandlerExecutor.java:33)
05-15 10:51:48.183 777 777 W ResourcesManager: at com.android.wm.shell.common.ShellExecutor.executeBlocking(ShellExecutor.java:48)
05-15 10:51:48.183 777 777 W ResourcesManager: at com.android.wm.shell.common.ShellExecutor.executeBlocking(ShellExecutor.java:62)
05-15 10:51:48.183 777 777 W ResourcesManager: at com.android.wm.shell.ShellInitImpl$InitImpl.init(ShellInitImpl.java:146)
05-15 10:51:48.183 777 777 W ResourcesManager: at com.android.systemui.dagger.WMComponent.init(WMComponent.java:73)
05-15 10:51:48.183 777 777 W ResourcesManager: at com.android.systemui.dagger.DaggerGlobalRootComponent$WMComponentImpl.init(Unknown Source:0)
05-15 10:51:48.183 777 777 W ResourcesManager: at com.android.systemui.SystemUIFactory.init(SystemUIFactory.java:101)
05-15 10:51:48.183 777 777 W ResourcesManager: at com.android.systemui.SystemUIFactory.createFromConfig(SystemUIFactory.java:74)
05-15 10:51:48.183 777 777 W ResourcesManager: at com.android.systemui.SystemUIFactory.createFromConfig(SystemUIFactory.java:56)
05-15 10:51:48.183 777 777 W ResourcesManager: at com.android.systemui.SystemUIAppComponentFactory.lambda$instantiateProviderCompat$1(SystemUIAppComponentFactory.java:88)
05-15 10:51:48.183 777 777 W ResourcesManager: at com.android.systemui.SystemUIAppComponentFactory.$r8$lambda$qcrPqG7eXiVK_IrWSM3yDqdi2js(Unknown Source:0)
05-15 10:51:48.183 777 777 W ResourcesManager: at com.android.systemui.SystemUIAppComponentFactory$$ExternalSyntheticLambda0.onContextAvailable(Unknown Source:2)
05-15 10:51:48.183 777 777 W ResourcesManager: at com.android.systemui.keyguard.KeyguardSliceProvider.onCreateSliceProvider(KeyguardSliceProvider.java:304)
05-15 10:51:48.183 777 777 W ResourcesManager: at androidx.slice.SliceProvider.onCreate(SliceProvider.java:211)
05-15 10:51:48.183 777 777 W ResourcesManager: at android.content.ContentProvider.attachInfo(ContentProvider.java:2404)
05-15 10:51:48.183 777 777 W ResourcesManager: at android.content.ContentProvider.attachInfo(ContentProvider.java:2374)
05-15 10:51:48.183 777 777 W ResourcesManager: at androidx.slice.SliceProvider.attachInfo(SliceProvider.java:250)
05-15 10:51:48.183 777 777 W ResourcesManager: at androidx.slice.compat.SliceProviderWrapperContainer$SliceProviderWrapper.attachInfo(SliceProviderWrapperContainer.java:74)
05-15 10:51:48.183 777 777 W ResourcesManager: at android.app.ActivityThread.installProvider(ActivityThread.java:7459)
05-15 10:51:48.183 777 777 W ResourcesManager: at android.app.ActivityThread.installContentProviders(ActivityThread.java:6976)
05-15 10:51:48.183 777 777 W ResourcesManager: at android.app.ActivityThread.handleBindApplication(ActivityThread.java:6747)
05-15 10:51:48.183 777 777 W ResourcesManager: at android.app.ActivityThread.access$1500(ActivityThread.java:256)
05-15 10:51:48.183 777 777 W ResourcesManager: at android.app.ActivityThread$H.handleMessage(ActivityThread.java:2091)
05-15 10:51:48.183 777 777 W ResourcesManager: at android.os.Handler.dispatchMessage(Handler.java:106)
05-15 10:51:48.183 777 777 W ResourcesManager: at android.os.Looper.loopOnce(Looper.java:201)
05-15 10:51:48.183 777 777 W ResourcesManager: at android.os.Looper.loop(Looper.java:288)
05-15 10:51:48.183 777 777 W ResourcesManager: at android.app.ActivityThread.main(ActivityThread.java:7870)
05-15 10:51:48.183 777 777 W ResourcesManager: at java.lang.reflect.Method.invoke(Native Method)
05-15 10:51:48.183 777 777 W ResourcesManager: at com.android.internal.os.RuntimeInit$MethodAndArgsCaller.run(RuntimeInit.java:548)
05-15 10:51:48.183 777 777 W ResourcesManager: at com.android.internal.os.ZygoteInit.main(ZygoteInit.java:1003)
05-15 10:51:48.183 777 777 E ndroid.systemu: Invalid Idmap file: bad magic value (was 0x00000000, expected 0x504d4449)
05-15 10:51:48.183 777 777 E ndroid.systemu: failed to load IDMAP /data/resource-cache/data@resource-cache@com.android.systemui-accent-b2QH.frro@idmap
05-15 10:51:48.184 777 777 W ResourcesManager: failed to preload asset path '/data/resource-cache/com.android.systemui-accent-b2QH.frro'
05-15 10:51:48.184 777 777 W ResourcesManager: java.io.IOException: Failed to load asset path /data/resource-cache/data@resource-cache@com.android.systemui-accent-b2QH.frro@idmap
05-15 10:51:48.184 777 777 W ResourcesManager: at android.content.res.ApkAssets.nativeLoad(Native Method)
05-15 10:51:48.184 777 777 W ResourcesManager: at android.content.res.ApkAssets.(ApkAssets.java:295)
05-15 10:51:48.184 777 777 W ResourcesManager: at android.content.res.ApkAssets.loadOverlayFromPath(ApkAssets.java:215)
05-15 10:51:48.184 777 777 W ResourcesManager: at android.app.ResourcesManager.loadApkAssets(ResourcesManager.java:466)
05-15 10:51:48.184 777 777 W ResourcesManager: at android.app.ResourcesManager.access$000(ResourcesManager.java:85)
05-15 10:51:48.184 777 777 W ResourcesManager: at android.app.ResourcesManager$ApkAssetsSupplier.load(ResourcesManager.java:182)
05-15 10:51:48.184 777 777 W ResourcesManager: at android.app.ResourcesManager.createApkAssetsSupplierNotLocked(ResourcesManager.java:1035)
05-15 10:51:48.184 777 777 W ResourcesManager: at android.app.ResourcesManager.getResources(ResourcesManager.java:1156)
05-15 10:51:48.184 777 777 W ResourcesManager: at android.app.ContextImpl.createResources(ContextImpl.java:2463)
05-15 10:51:48.184 777 777 W ResourcesManager: at android.app.ContextImpl.createConfigurationContext(ContextImpl.java:2609)
05-15 10:51:48.184 777 777 W ResourcesManager: at com.android.wm.shell.common.split.SplitWindowManager.(SplitWindowManager.java:69)
05-15 10:51:48.184 777 777 W ResourcesManager: at com.android.wm.shell.common.split.SplitLayout.(SplitLayout.java:115)
05-15 10:51:48.184 777 777 W ResourcesManager: at com.android.wm.shell.splitscreen.StageCoordinator.onDisplayAreaAppeared(StageCoordinator.java:1080)
05-15 10:51:48.184 777 777 W ResourcesManager: at com.android.wm.shell.RootTaskDisplayAreaOrganizer.registerListener(RootTaskDisplayAreaOrganizer.java:83)
05-15 10:51:48.184 777 777 W ResourcesManager: at com.android.wm.shell.splitscreen.StageCoordinator.(StageCoordinator.java:232)
05-15 10:51:48.184 777 777 W ResourcesManager: at com.android.wm.shell.splitscreen.SplitScreenController.onOrganizerRegistered(SplitScreenController.java:181)
05-15 10:51:48.184 777 777 W ResourcesManager: at com.android.wm.shell.ShellInitImpl$$ExternalSyntheticLambda6.accept(Unknown Source:2)
05-15 10:51:48.184 777 777 W ResourcesManager: at java.util.Optional.ifPresent(Optional.java:155)
05-15 10:51:48.184 777 777 W ResourcesManager: at com.android.wm.shell.ShellInitImpl.init(ShellInitImpl.java:117)
05-15 10:51:48.184 777 777 W ResourcesManager: at com.android.wm.shell.ShellInitImpl.access$200(ShellInitImpl.java:43)
05-15 10:51:48.184 777 777 W ResourcesManager: at com.android.wm.shell.ShellInitImpl$InitImpl.lambda$init$0(ShellInitImpl.java:146)
05-15 10:51:48.184 777 777 W ResourcesManager: at com.android.wm.shell.ShellInitImpl$InitImpl.$r8$lambda$-fuYCCasJt8DfI5s_jTVf2XyYss(Unknown Source:0)
05-15 10:51:48.184 777 777 W ResourcesManager: at com.android.wm.shell.ShellInitImpl$InitImpl$$ExternalSyntheticLambda0.run(Unknown Source:2)
05-15 10:51:48.184 777 777 W ResourcesManager: at com.android.wm.shell.common.ShellExecutor.lambda$executeBlocking$0(ShellExecutor.java:49)
05-15 10:51:48.184 777 777 W ResourcesManager: at com.android.wm.shell.common.ShellExecutor.$r8$lambda$vkSPPDnd0GQoYW-CdLJe9Ef0Hho(Unknown Source:0)
05-15 10:51:48.184 777 777 W ResourcesManager: at com.android.wm.shell.common.ShellExecutor$$ExternalSyntheticLambda0.run(Unknown Source:4)
05-15 10:51:48.184 777 777 W ResourcesManager: at com.android.wm.shell.common.HandlerExecutor.execute(HandlerExecutor.java:33)
05-15 10:51:48.184 777 777 W ResourcesManager: at com.android.wm.shell.common.ShellExecutor.executeBlocking(ShellExecutor.java:48)
05-15 10:51:48.184 777 777 W ResourcesManager: at com.android.wm.shell.common.ShellExecutor.executeBlocking(ShellExecutor.java:62)
05-15 10:51:48.184 777 777 W ResourcesManager: at com.android.wm.shell.ShellInitImpl$InitImpl.init(ShellInitImpl.java:146)
05-15 10:51:48.184 777 777 W ResourcesManager: at com.android.systemui.dagger.WMComponent.init(WMComponent.java:73)
05-15 10:51:48.184 777 777 W ResourcesManager: at com.android.systemui.dagger.DaggerGlobalRootComponent$WMComponentImpl.init(Unknown Source:0)
05-15 10:51:48.184 777 777 W ResourcesManager: at com.android.systemui.SystemUIFactory.init(SystemUIFactory.java:101)
05-15 10:51:48.184 777 777 W ResourcesManager: at com.android.systemui.SystemUIFactory.createFromConfig(SystemUIFactory.java:74)
05-15 10:51:48.184 777 777 W ResourcesManager: at com.android.systemui.SystemUIFactory.createFromConfig(SystemUIFactory.java:56)
05-15 10:51:48.184 777 777 W ResourcesManager: at com.android.systemui.SystemUIAppComponentFactory.lambda$instantiateProviderCompat$1(SystemUIAppComponentFactory.java:88)
05-15 10:51:48.184 777 777 W ResourcesManager: at com.android.systemui.SystemUIAppComponentFactory.$r8$lambda$qcrPqG7eXiVK_IrWSM3yDqdi2js(Unknown Source:0)
05-15 10:51:48.184 777 777 W ResourcesManager: at com.android.systemui.SystemUIAppComponentFactory$$ExternalSyntheticLambda0.onContextAvailable(Unknown Source:2)
05-15 10:51:48.184 777 777 W ResourcesManager: at com.android.systemui.keyguard.KeyguardSliceProvider.onCreateSliceProvider(KeyguardSliceProvider.java:304)
05-15 10:51:48.184 777 777 W ResourcesManager: at androidx.slice.SliceProvider.onCreate(SliceProvider.java:211)
05-15 10:51:48.184 777 777 W ResourcesManager: at android.content.ContentProvider.attachInfo(ContentProvider.java:2404)
05-15 10:51:48.184 777 777 W ResourcesManager: at android.content.ContentProvider.attachInfo(ContentProvider.java:2374)
05-15 10:51:48.184 777 777 W ResourcesManager: at androidx.slice.SliceProvider.attachInfo(SliceProvider.java:250)
05-15 10:51:48.184 777 777 W ResourcesManager: at androidx.slice.compat.SliceProviderWrapperContainer$SliceProviderWrapper.attachInfo(SliceProviderWrapperContainer.java:74)
05-15 10:51:48.184 777 777 W ResourcesManager: at android.app.ActivityThread.installProvider(ActivityThread.java:7459)
05-15 10:51:48.184 777 777 W ResourcesManager: at android.app.ActivityThread.installContentProviders(ActivityThread.java:6976)
