05-15 10:51:47.990 436 436 D gps_ql : report_gps_state leave
05-15 10:51:47.990 436 436 D gps_ql : ql_gps_state_done[227]--enter!
05-15 10:51:47.990 436 436 D gps_ql : ql_gps_state_stop[241]--enter!
05-15 10:51:47.990 436 436 D gps_ql : deal_cmd[200]--enter and cmd is 2!
05-15 10:51:47.990 436 436 D gps_ql : deal_cmd[222]--exit!
05-15 10:51:47.990 436 436 D gps_ql : report_gps_state enter
05-15 10:51:47.990 436 436 D gps_ql : reportStatus GPS_STATUS_SESSION_END
05-15 10:51:47.991 436 436 D gps_ql : report_gps_state leave
05-15 10:51:47.991 436 436 D gps_ql : report_gps_state enter
05-15 10:51:47.991 436 436 D gps_ql : reportStatus to GPS_STATUS_ENGINE_OFF
05-15 10:51:47.991 436 436 D gps_ql : report_gps_state leave
05-15 10:51:47.991 621 621 I GnssManager: gnss hal initialized
05-15 10:51:47.991 621 621 I GnssManager: gnss hal started
05-15 10:51:47.991 621 621 E GnssLocationProviderJni: android_location_gnss_hal_GnssNative_start_antenna_info_listening: IGnssAntennaInfo interface not available.
05-15 10:51:47.991 621 621 E LocationManagerService: no geocoder provider found
05-15 10:51:47.991 621 621 E ActivityRecognitionHardware: activity_recognition HAL is deprecated. is_supported is effectively a no-op
05-15 10:51:47.992 621 621 E LocationManagerService: unable to bind ActivityRecognitionProxy
05-15 10:51:47.992 621 621 E LocationManagerService: unable to bind to GeofenceProxy
05-15 10:51:47.992 621 621 V WallpaperManagerService: bindWallpaperComponentLocked: componentName=ComponentInfo{com.android.systemui/com.android.systemui.ImageWallpaper}
05-15 10:51:47.993 621 621 D SoundTriggerService: onBootPhase: 600 : false
05-15 10:51:47.993 621 621 D BiometricService: Sensor ID(0), oemStrength: 255, updatedStrength: 255, modality 2, state: 0, cookie: 0, props: ID: 0, Strength: 1, Type: 1, sensorId 0, hasEnrollments: false cannot participate in Keystore operations
05-15 10:51:47.994 319 319 I keystore2: keystore2::authorization: on_lock_screen_event(LockScreenEvent(0), user_id=0, password.is_some()=false, unlocking_sids=Some([]))
05-15 10:51:47.996 516 603 I OMXClient: IOmx service obtained
05-15 10:51:47.996 519 589 I OMXStore: makeComponentInstance(OMX.google.flac.encoder) in android.hardwar process
05-15 10:51:47.996 621 691 E NativeTombstoneManager: Tombstone has invalid selinux label (u:r:platform_app:s0:c512,c768), ignoring
05-15 10:51:47.997 621 691 I DropBoxManagerService: add tag=SYSTEM_TOMBSTONE_PROTO isTagEnabled=true flags=0x4
05-15 10:51:48.000 621 669 E AppHibernationService: Attempt to call isHibernatingForUser on stopped or nonexistent user 0
05-15 10:51:48.001 621 621 E StatsCompanionService: statsd has already been fetched before
05-15 10:51:48.001 621 646 D StatsPullAtomService: Registering NetworkStats pullers with statsd
05-15 10:51:48.001 621 621 D ConnectivityModuleConnector: Starting networking module android.net.INetworkStackConnector
05-15 10:51:48.001 621 621 D ConnectivityModuleConnector: Starting networking module in system_server process
05-15 10:51:48.002 516 603 I OMXClient: IOmx service obtained
05-15 10:51:48.002 519 589 I OMXStore: makeComponentInstance(OMX.google.h264.decoder) in android.hardwar process
05-15 10:51:48.002 621 669 E AppHibernationService: Attempt to call isHibernatingForUser on stopped or nonexistent user 0
05-15 10:51:48.002 621 621 D ConnectivityModuleConnector: Networking module service start requested
05-15 10:51:48.002 621 621 D ConnectivityModuleConnector: Starting networking module android.net.ITetheringConnector
05-15 10:51:48.003 621 621 D ConnectivityModuleConnector: Starting networking module in system_server process
05-15 10:51:48.003 621 669 E AppHibernationService: Attempt to call isHibernatingForUser on stopped or nonexistent user 0
05-15 10:51:48.003 621 621 D ConnectivityModuleConnector: Networking module service start requested
05-15 10:51:48.003 621 638 W CarrierConfigManager: Error getting config for subId -1 ICarrierConfigLoader is null
05-15 10:51:48.004 621 621 D ConnectivityService: requestNetwork for uid/pid:1000/621 activeRequest: null callbackRequest: 13 [NetworkRequest [ REQUEST id=14, [ Capabilities: INTERNET&NOT_RESTRICTED&TRUSTED&NOT_VCN_MANAGED Uid: 1000 RequestorUid: 1000 RequestorPkg: android] ]] callback flags: 0 priority: 2147483647
05-15 10:51:48.004 621 727 D ConnectivityService: NetReassign [no changes]
05-15 10:51:48.004 621 621 D TelephonyRegistry: systemRunning register for intents
05-15 10:51:48.004 621 621 I MmsServiceBroker: Delay connecting to MmsService until an API is called
05-15 10:51:48.004 621 706 I InputReader: Reconfiguring input devices, changes=DEVICE_ALIAS |
05-15 10:51:48.005 621 621 I ActivityManager: Current user:0
05-15 10:51:48.005 621 621 I ssm_user_starting: 0
05-15 10:51:48.005 621 621 I SystemServiceManager: Calling onStartUser 0
05-15 10:51:48.006 436 436 D GnssHAL_GnssConfigurationInterface: setEsExtensionSec emergencyExtensionSeconds: 0
05-15 10:51:48.007 436 436 E GnssHAL_GnssConfigurationInterface: setSuplVersion: GNSS Configuration interface is not available.
05-15 10:51:48.007 621 638 E GnssUtilsJni: IGnssConfiguration setSuplVersion() failed.
05-15 10:51:48.007 621 638 E GnssConfiguration: Unable to set SUPL_VER
05-15 10:51:48.007 436 436 E GnssHAL_GnssConfigurationInterface: setGlonassPositioningProtocol: GNSS Configuration interface is not available.
05-15 10:51:48.007 621 638 E GnssUtilsJni: IGnssConfiguration setGlonassPositioningProtocol() failed.
05-15 10:51:48.007 621 638 E GnssConfiguration: Unable to set A_GLONASS_POS_PROTOCOL_SELECT
05-15 10:51:48.007 436 436 E GnssHAL_GnssConfigurationInterface: setSuplMode: GNSS Configuration interface is not available.
05-15 10:51:48.007 621 638 E GnssUtilsJni: IGnssConfiguration setSuplMode() failed.
05-15 10:51:48.007 621 638 E GnssConfiguration: Unable to set SUPL_MODE
05-15 10:51:48.007 436 436 E GnssHAL_GnssConfigurationInterface: setLppProfile: GNSS Configuration interface is not available.
05-15 10:51:48.007 621 638 E GnssUtilsJni: IGnssConfiguration setLppProfile() failed.
05-15 10:51:48.007 621 638 E GnssConfiguration: Unable to set LPP_PROFILE
05-15 10:51:48.007 436 436 E GnssHAL_GnssConfigurationInterface: setEmergencySuplPdn: GNSS Configuration interface is not available.
05-15 10:51:48.007 621 638 E GnssUtilsJni: IGnssConfiguration setEmergencySuplPdn() failed.
05-15 10:51:48.007 621 638 E GnssConfiguration: Unable to set USE_EMERGENCY_PDN_FOR_EMERGENCY_SUPL
05-15 10:51:48.007 436 436 D GnssHAL_AGnssInterface: setServer: type: SUPL, hostname: supl.google.com, port: 7275
05-15 10:51:48.008 621 638 I GnssBlocklistHelper: Update GNSS satellite blocklist:
05-15 10:51:48.008 420 420 D Zygote : Forked child process 839
05-15 10:51:48.008 621 648 I am_proc_start: [0,839,1037,WebViewLoader-armeabi-v7a,NULL,]
05-15 10:51:48.008 621 648 I ActivityManager: Start proc 839:WebViewLoader-armeabi-v7a/1037 [android.webkit.WebViewLibraryLoader$RelroFileCreator] for null
05-15 10:51:48.009 621 641 E system_server: Invalid Idmap file: bad magic value (was 0x00000000, expected 0x504d4449)
05-15 10:51:48.009 621 641 E system_server: failed to load IDMAP /data/resource-cache/data@resource-cache@com.android.systemui-neutral-TLBr.frro@idmap
05-15 10:51:48.009 621 638 E GnssUtilsJni: IGnssConfiguration setBlocklist() failed.
05-15 10:51:48.010 621 641 W ResourcesManager: failed to preload asset path '/data/resource-cache/com.android.systemui-neutral-TLBr.frro'
05-15 10:51:48.010 621 641 W ResourcesManager: java.io.IOException: Failed to load asset path /data/resource-cache/data@resource-cache@com.android.systemui-neutral-TLBr.frro@idmap
05-15 10:51:48.010 621 641 W ResourcesManager: at android.content.res.ApkAssets.nativeLoad(Native Method)
05-15 10:51:48.010 621 641 W ResourcesManager: at android.content.res.ApkAssets.(ApkAssets.java:295)
05-15 10:51:48.010 621 641 W ResourcesManager: at android.content.res.ApkAssets.loadOverlayFromPath(ApkAssets.java:215)
05-15 10:51:48.010 621 641 W ResourcesManager: at android.app.ResourcesManager.loadApkAssets(ResourcesManager.java:466)
05-15 10:51:48.010 621 641 W ResourcesManager: at android.app.ResourcesManager.access$000(ResourcesManager.java:85)
05-15 10:51:48.010 621 641 W ResourcesManager: at android.app.ResourcesManager$ApkAssetsSupplier.load(ResourcesManager.java:182)
05-15 10:51:48.010 621 641 W ResourcesManager: at android.app.ResourcesManager.createApkAssetsSupplierNotLocked(ResourcesManager.java:1035)
05-15 10:51:48.010 621 641 W ResourcesManager: at android.app.ResourcesManager.getResources(ResourcesManager.java:1156)
05-15 10:51:48.010 621 641 W ResourcesManager: at android.app.ActivityThread.getTopLevelResources(ActivityThread.java:2415)
05-15 10:51:48.010 621 641 W ResourcesManager: at android.app.ApplicationPackageManager.getResourcesForApplication(ApplicationPackageManager.java:1781)
05-15 10:51:48.010 621 641 W ResourcesManager: at android.app.ApplicationPackageManager.getResourcesForApplication(ApplicationPackageManager.java:1767)
05-15 10:51:48.010 621 641 W ResourcesManager: at android.app.ApplicationPackageManager.getText(ApplicationPackageManager.java:2083)
05-15 10:51:48.010 621 641 W ResourcesManager: at android.content.pm.ComponentInfo.loadUnsafeLabel(ComponentInfo.java:130)
05-15 10:51:48.010 621 641 W ResourcesManager: at android.content.pm.PackageItemInfo.loadSafeLabel(PackageItemInfo.java:256)
05-15 10:51:48.010 621 641 W ResourcesManager: at android.content.pm.PackageItemInfo.loadLabel(PackageItemInfo.java:207)
05-15 10:51:48.010 621 641 W ResourcesManager: at com.android.server.input.InputManagerService.visitKeyboardLayoutsInPackage(InputManagerService.java:1493)
05-15 10:51:48.010 621 641 W ResourcesManager: at com.android.server.input.InputManagerService.visitAllKeyboardLayouts(InputManagerService.java:1458)
05-15 10:51:48.010 621 641 W ResourcesManager: at com.android.server.input.InputManagerService.updateKeyboardLayouts(InputManagerService.java:1336)
05-15 10:51:48.010 621 641 W ResourcesManager: at com.android.server.input.InputManagerService.access$500(InputManagerService.java:149)
05-15 10:51:48.010 621 641 W ResourcesManager: at com.android.server.input.InputManagerService$InputManagerHandler.handleMessage(InputManagerService.java:3233)
05-15 10:51:48.010 621 641 W ResourcesManager: at android.os.Handler.dispatchMessage(Handler.java:106)
05-15 10:51:48.010 621 641 W ResourcesManager: at android.os.Looper.loopOnce(Looper.java:201)
05-15 10:51:48.010 621 641 W ResourcesManager: at android.os.Looper.loop(Looper.java:288)
05-15 10:51:48.010 621 641 W ResourcesManager: at android.os.HandlerThread.run(HandlerThread.java:67)
05-15 10:51:48.010 621 641 W ResourcesManager: at com.android.server.ServiceThread.run(ServiceThread.java:44)
05-15 10:51:48.010 621 641 E system_server: Invalid Idmap file: bad magic value (was 0x00000000, expected 0x504d4449)
05-15 10:51:48.010 621 641 E system_server: failed to load IDMAP /data/resource-cache/data@resource-cache@com.android.systemui-accent-b2QH.frro@idmap
05-15 10:51:48.010 519 589 E OMXNodeInstance: getExtensionIndex(0xef3015f0:google.h264.decoder, OMX.google.android.index.configureVideoTunnelMode) ERROR: UnsupportedIndex(0x8000101a)
05-15 10:51:48.010 516 603 D MediaCodecInfo: detail feature-tunneled-playback wasn't present to remove
05-15 10:51:48.010 519 589 E OMXNodeInstance: getExtensionIndex(0xef3015f0:google.h264.decoder, OMX.google.android.index.enableAndroidNativeBuffers) ERROR: UnsupportedIndex(0x8000101a)
05-15 10:51:48.010 621 727 D ConnectivityService: NetReassign [no changes]
05-15 10:51:48.010 621 641 W ResourcesManager: failed to preload asset path '/data/resource-cache/com.android.systemui-accent-b2QH.frro'
05-15 10:51:48.010 621 641 W ResourcesManager: java.io.IOException: Failed to load asset path /data/resource-cache/data@resource-cache@com.android.systemui-accent-b2QH.frro@idmap
05-15 10:51:48.010 621 641 W ResourcesManager: at android.content.res.ApkAssets.nativeLoad(Native Method)
05-15 10:51:48.010 621 641 W ResourcesManager: at android.content.res.ApkAssets.(ApkAssets.java:295)
05-15 10:51:48.010 621 641 W ResourcesManager: at android.content.res.ApkAssets.loadOverlayFromPath(ApkAssets.java:215)
05-15 10:51:48.010 621 641 W ResourcesManager: at android.app.ResourcesManager.loadApkAssets(ResourcesManager.java:466)
05-15 10:51:48.010 621 641 W ResourcesManager: at android.app.ResourcesManager.access$000(ResourcesManager.java:85)
05-15 10:51:48.010 621 641 W ResourcesManager: at android.app.ResourcesManager$ApkAssetsSupplier.load(ResourcesManager.java:182)
05-15 10:51:48.010 621 641 W ResourcesManager: at android.app.ResourcesManager.createApkAssetsSupplierNotLocked(ResourcesManager.java:1035)
05-15 10:51:48.010 621 641 W ResourcesManager: at android.app.ResourcesManager.getResources(ResourcesManager.java:1156)
05-15 10:51:48.010 621 641 W ResourcesManager: at android.app.ActivityThread.getTopLevelResources(ActivityThread.java:2415)
05-15 10:51:48.010 621 641 W ResourcesManager: at android.app.ApplicationPackageManager.getResourcesForApplication(ApplicationPackageManager.java:1781)
05-15 10:51:48.010 621 641 W ResourcesManager: at android.app.ApplicationPackageManager.getResourcesForApplication(ApplicationPackageManager.java:1767)
05-15 10:51:48.010 621 641 W ResourcesManager: at android.app.ApplicationPackageManager.getText(ApplicationPackageManager.java:2083)
05-15 10:51:48.010 621 641 W ResourcesManager: at android.content.pm.ComponentInfo.loadUnsafeLabel(ComponentInfo.java:130)
05-15 10:51:48.010 621 641 W ResourcesManager: at android.content.pm.PackageItemInfo.loadSafeLabel(PackageItemInfo.java:256)
05-15 10:51:48.010 621 641 W ResourcesManager: at android.content.pm.PackageItemInfo.loadLabel(PackageItemInfo.java:207)
05-15 10:51:48.010 621 641 W ResourcesManager: at com.android.server.input.InputManagerService.visitKeyboardLayoutsInPackage(InputManagerService.java:1493)
05-15 10:51:48.010 621 641 W ResourcesManager: at com.android.server.input.InputManagerService.visitAllKeyboardLayouts(InputManagerService.java:1458)
05-15 10:51:48.010 621 641 W ResourcesManager: at com.android.server.input.InputManagerService.updateKeyboardLayouts(InputManagerService.java:1336)
05-15 10:51:48.010 621 641 W ResourcesManager: at com.android.server.input.InputManagerService.access$500(InputManagerService.java:149)
05-15 10:51:48.010 621 641 W ResourcesManager: at com.android.server.input.InputManagerService$InputManagerHandler.handleMessage(InputManagerService.java:3233)
05-15 10:51:48.010 621 641 W ResourcesManager: at android.os.Handler.dispatchMessage(Handler.java:106)
05-15 10:51:48.010 621 641 W ResourcesManager: at android.os.Looper.loopOnce(Looper.java:201)
05-15 10:51:48.010 621 641 W ResourcesManager: at android.os.Looper.loop(Looper.java:288)
05-15 10:51:48.010 621 641 W ResourcesManager: at android.os.HandlerThread.run(HandlerThread.java:67)
05-15 10:51:48.010 621 641 W ResourcesManager: at com.android.server.ServiceThread.run(ServiceThread.java:44)
05-15 10:51:48.010 516 603 I OMXClient: IOmx service obtained
05-15 10:51:48.010 621 641 E system_server: Invalid Idmap file: bad magic value (was 0x00000000, expected 0x504d4449)
05-15 10:51:48.010 621 641 E system_server: failed to load IDMAP /data/resource-cache/data@resource-cache@com.android.systemui-neutral-TLBr.frro@idmap
05-15 10:51:48.010 519 519 I OMXStore: makeComponentInstance(OMX.google.hevc.decoder) in android.hardwar process
05-15 10:51:48.011 621 641 W ResourcesManager: failed to add overlay path '/data/resource-cache/com.android.systemui-neutral-TLBr.frro'
05-15 10:51:48.011 621 641 W ResourcesManager: java.io.IOException: Failed to load asset path /data/resource-cache/data@resource-cache@com.android.systemui-neutral-TLBr.frro@idmap
05-15 10:51:48.011 621 641 W ResourcesManager: at android.content.res.ApkAssets.nativeLoad(Native Method)
05-15 10:51:48.011 621 641 W ResourcesManager: at android.content.res.ApkAssets.(ApkAssets.java:295)
05-15 10:51:48.011 621 641 W ResourcesManager: at android.content.res.ApkAssets.loadOverlayFromPath(ApkAssets.java:215)
05-15 10:51:48.011 621 641 W ResourcesManager: at android.app.ResourcesManager.loadApkAssets(ResourcesManager.java:466)
05-15 10:51:48.011 621 641 W ResourcesManager: at android.app.ResourcesManager.access$000(ResourcesManager.java:85)
05-15 10:51:48.011 621 641 W ResourcesManager: at android.app.ResourcesManager$ApkAssetsSupplier.load(ResourcesManager.java:182)
05-15 10:51:48.011 621 641 W ResourcesManager: at android.app.ResourcesManager.createAssetManager(ResourcesManager.java:544)
05-15 10:51:48.011 621 641 W ResourcesManager: at android.app.ResourcesManager.createResourcesImpl(ResourcesManager.java:626)
05-15 10:51:48.011 621 641 W ResourcesManager: at android.app.ResourcesManager.findOrCreateResourcesImplForKeyLocked(ResourcesManager.java:719)
05-15 10:51:48.011 621 641 W ResourcesManager: at android.app.ResourcesManager.createResources(ResourcesManager.java:1066)
05-15 10:51:48.011 621 641 W ResourcesManager: at android.app.ResourcesManager.getResources(ResourcesManager.java:1169)
05-15 10:51:48.011 621 641 W ResourcesManager: at android.app.ActivityThread.getTopLevelResources(ActivityThread.java:2415)
05-15 10:51:48.011 621 641 W ResourcesManager: at android.app.ApplicationPackageManager.getResourcesForApplication(ApplicationPackageManager.java:1781)
05-15 10:51:48.011 621 641 W ResourcesManager: at android.app.ApplicationPackageManager.getResourcesForApplication(ApplicationPackageManager.java:1767)
05-15 10:51:48.011 621 641 W ResourcesManager: at android.app.ApplicationPackageManager.getText(ApplicationPackageManager.java:2083)
05-15 10:51:48.011 621 641 W ResourcesManager: at android.content.pm.ComponentInfo.loadUnsafeLabel(ComponentInfo.java:130)
05-15 10:51:48.011 621 641 W ResourcesManager: at android.content.pm.PackageItemInfo.loadSafeLabel(PackageItemInfo.java:256)
05-15 10:51:48.011 621 641 W ResourcesManager: at android.content.pm.PackageItemInfo.loadLabel(PackageItemInfo.java:207)
05-15 10:51:48.011 621 641 W ResourcesManager: at com.android.server.input.InputManagerService.visitKeyboardLayoutsInPackage(InputManagerService.java:1493)
05-15 10:51:48.011 621 641 W ResourcesManager: at com.android.server.input.InputManagerService.visitAllKeyboardLayouts(InputManagerService.java:1458)
05-15 10:51:48.011 621 641 W ResourcesManager: at com.android.server.input.InputManagerService.updateKeyboardLayouts(InputManagerService.java:1336)
05-15 10:51:48.011 621 641 W ResourcesManager: at com.android.server.input.InputManagerService.access$500(InputManagerService.java:149)
05-15 10:51:48.011 621 641 W ResourcesManager: at com.android.server.input.InputManagerService$InputManagerHandler.handleMessage(InputManagerService.java:3233)
05-15 10:51:48.011 621 641 W ResourcesManager: at android.os.Handler.dispatchMessage(Handler.java:106)
05-15 10:51:48.011 621 641 W ResourcesManager: at android.os.Looper.loopOnce(Looper.java:201)
05-15 10:51:48.011 621 641 W ResourcesManager: at android.os.Looper.loop(Looper.java:288)
05-15 10:51:48.011 621 641 W ResourcesManager: at android.os.HandlerThread.run(HandlerThread.java:67)
05-15 10:51:48.011 621 641 W ResourcesManager: at com.android.server.ServiceThread.run(ServiceThread.java:44)
05-15 10:51:48.011 621 641 E system_server: Invalid Idmap file: bad magic value (was 0x00000000, expected 0x504d4449)
05-15 10:51:48.011 621 641 E system_server: failed to load IDMAP /data/resource-cache/data@resource-cache@com.android.systemui-accent-b2QH.frro@idmap
05-15 10:51:48.012 621 641 W ResourcesManager: failed to add overlay path '/data/resource-cache/com.android.systemui-accent-b2QH.frro'
05-15 10:51:48.012 621 641 W ResourcesManager: java.io.IOException: Failed to load asset path /data/resource-cache/data@resource-cache@com.android.systemui-accent-b2QH.frro@idmap
05-15 10:51:48.012 621 641 W ResourcesManager: at android.content.res.ApkAssets.nativeLoad(Native Method)
05-15 10:51:48.012 621 641 W ResourcesManager: at android.content.res.ApkAssets.(ApkAssets.java:295)
05-15 10:51:48.012 621 641 W ResourcesManager: at android.content.res.ApkAssets.loadOverlayFromPath(ApkAssets.java:215)
05-15 10:51:48.012 621 641 W ResourcesManager: at android.app.ResourcesManager.loadApkAssets(ResourcesManager.java:466)
05-15 10:51:48.012 621 641 W ResourcesManager: at android.app.ResourcesManager.access$000(ResourcesManager.java:85)
05-15 10:51:48.012 621 641 W ResourcesManager: at android.app.ResourcesManager$ApkAssetsSupplier.load(ResourcesManager.java:182)
05-15 10:51:48.012 621 641 W ResourcesManager: at android.app.ResourcesManager.createAssetManager(ResourcesManager.java:544)
05-15 10:51:48.012 621 641 W ResourcesManager: at android.app.ResourcesManager.createResourcesImpl(ResourcesManager.java:626)
05-15 10:51:48.012 621 641 W ResourcesManager: at android.app.ResourcesManager.findOrCreateResourcesImplForKeyLocked(ResourcesManager.java:719)
05-15 10:51:48.012 621 641 W ResourcesManager: at android.app.ResourcesManager.createResources(ResourcesManager.java:1066)
05-15 10:51:48.012 621 641 W ResourcesManager: at android.app.ResourcesManager.getResources(ResourcesManager.java:1169)
05-15 10:51:48.012 621 641 W ResourcesManager: at android.app.ActivityThread.getTopLevelResources(ActivityThread.java:2415)
05-15 10:51:48.012 621 641 W ResourcesManager: at android.app.ApplicationPackageManager.getResourcesForApplication(ApplicationPackageManager.java:1781)
05-15 10:51:48.012 621 641 W ResourcesManager: at android.app.ApplicationPackageManager.getResourcesForApplication(ApplicationPackageManager.java:1767)
05-15 10:51:48.012 621 641 W ResourcesManager: at android.app.ApplicationPackageManager.getText(ApplicationPackageManager.java:2083)
05-15 10:51:48.012 621 641 W ResourcesManager: at android.content.pm.ComponentInfo.loadUnsafeLabel(ComponentInfo.java:130)
05-15 10:51:48.012 621 641 W ResourcesManager: at android.content.pm.PackageItemInfo.loadSafeLabel(PackageItemInfo.java:256)
05-15 10:51:48.012 621 641 W ResourcesManager: at android.content.pm.PackageItemInfo.loadLabel(PackageItemInfo.java:207)
05-15 10:51:48.012 621 641 W ResourcesManager: at com.android.server.input.InputManagerService.visitKeyboardLayoutsInPackage(InputManagerService.java:1493)
05-15 10:51:48.012 621 641 W ResourcesManager: at com.android.server.input.InputManagerService.visitAllKeyboardLayouts(InputManagerService.java:1458)
05-15 10:51:48.012 621 641 W ResourcesManager: at com.android.server.input.InputManagerService.updateKeyboardLayouts(InputManagerService.java:1336)
05-15 10:51:48.012 621 641 W ResourcesManager: at com.android.server.input.InputManagerService.access$500(InputManagerService.java:149)
05-15 10:51:48.012 621 641 W ResourcesManager: at com.android.server.input.InputManagerService$InputManagerHandler.handleMessage(InputManagerService.java:3233)
05-15 10:51:48.012 621 641 W ResourcesManager: at android.os.Handler.dispatchMessage(Handler.java:106)
05-15 10:51:48.012 621 641 W ResourcesManager: at android.os.Looper.loopOnce(Looper.java:201)
05-15 10:51:48.012 621 641 W ResourcesManager: at android.os.Looper.loop(Looper.java:288)
05-15 10:51:48.012 621 641 W ResourcesManager: at android.os.HandlerThread.run(HandlerThread.java:67)
05-15 10:51:48.012 621 641 W ResourcesManager: at com.android.server.ServiceThread.run(ServiceThread.java:44)
05-15 10:51:48.012 621 641 E system_server: Invalid Idmap file: bad magic value (was 0x00000000, expected 0x504d4449)
05-15 10:51:48.013 621 641 E system_server: failed to load IDMAP /data/resource-cache/data@resource-cache@com.android.systemui-neutral-TLBr.frro@idmap
05-15 10:51:48.013 621 641 W ResourcesManager: failed to preload asset path '/data/resource-cache/com.android.systemui-neutral-TLBr.frro'
05-15 10:51:48.013 621 641 W ResourcesManager: java.io.IOException: Failed to load asset path /data/resource-cache/data@resource-cache@com.android.systemui-neutral-TLBr.frro@idmap
05-15 10:51:48.013 621 641 W ResourcesManager: at android.content.res.ApkAssets.nativeLoad(Native Method)
05-15 10:51:48.013 621 641 W ResourcesManager: at android.content.res.ApkAssets.(ApkAssets.java:295)
05-15 10:51:48.013 621 641 W ResourcesManager: at android.content.res.ApkAssets.loadOverlayFromPath(ApkAssets.java:215)
05-15 10:51:48.013 621 641 W ResourcesManager: at android.app.ResourcesManager.loadApkAssets(ResourcesManager.java:466)
05-15 10:51:48.013 621 641 W ResourcesManager: at android.app.ResourcesManager.access$000(ResourcesManager.java:85)
05-15 10:51:48.013 621 641 W ResourcesManager: at android.app.ResourcesManager$ApkAssetsSupplier.load(ResourcesManager.java:182)
05-15 10:51:48.013 621 641 W ResourcesManager: at android.app.ResourcesManager.createApkAssetsSupplierNotLocked(ResourcesManager.java:1035)
05-15 10:51:48.013 621 641 W ResourcesManager: at android.app.ResourcesManager.getResources(ResourcesManager.java:1156)
05-15 10:51:48.013 621 641 W ResourcesManager: at android.app.ActivityThread.getTopLevelResources(ActivityThread.java:2415)
05-15 10:51:48.013 621 641 W ResourcesManager: at android.app.ApplicationPackageManager.getResourcesForApplication(ApplicationPackageManager.java:1781)
05-15 10:51:48.013 621 641 W ResourcesManager: at android.app.ApplicationPackageManager.getResourcesForApplication(ApplicationPackageManager.java:1767)
05-15 10:51:48.013 621 641 W ResourcesManager: at com.android.server.input.InputManagerService.visitKeyboardLayoutsInPackage(InputManagerService.java:1503)
05-15 10:51:48.013 621 641 W ResourcesManager: at com.android.server.input.InputManagerService.visitAllKeyboardLayouts(InputManagerService.java:1458)
05-15 10:51:48.013 621 641 W ResourcesManager: at com.android.server.input.InputManagerService.updateKeyboardLayouts(InputManagerService.java:1336)
05-15 10:51:48.013 621 641 W ResourcesManager: at com.android.server.input.InputManagerService.access$500(InputManagerService.java:149)
05-15 10:51:48.013 621 641 W ResourcesManager: at com.android.server.input.InputManagerService$InputManagerHandler.handleMessage(InputManagerService.java:3233)
05-15 10:51:48.013 621 641 W ResourcesManager: at android.os.Handler.dispatchMessage(Handler.java:106)
05-15 10:51:48.013 621 641 W ResourcesManager: at android.os.Looper.loopOnce(Looper.java:201)
05-15 10:51:48.013 621 641 W ResourcesManager: at android.os.Looper.loop(Looper.java:288)
05-15 10:51:48.013 621 641 W ResourcesManager: at android.os.HandlerThread.run(HandlerThread.java:67)
05-15 10:51:48.013 621 641 W ResourcesManager: at com.android.server.ServiceThread.run(ServiceThread.java:44)
05-15 10:51:48.013 621 641 E system_server: Invalid Idmap file: bad magic value (was 0x00000000, expected 0x504d4449)
05-15 10:51:48.013 621 641 E system_server: failed to load IDMAP /data/resource-cache/data@resource-cache@com.android.systemui-accent-b2QH.frro@idmap
05-15 10:51:48.013 419 419 D Zygote : Forked child process 842
05-15 10:51:48.014 621 641 W ResourcesManager: failed to preload asset path '/data/resource-cache/com.android.systemui-accent-b2QH.frro'
05-15 10:51:48.014 621 641 W ResourcesManager: java.io.IOException: Failed to load asset path /data/resource-cache/data@resource-cache@com.android.systemui-accent-b2QH.frro@idmap
05-15 10:51:48.014 621 641 W ResourcesManager: at android.content.res.ApkAssets.nativeLoad(Native Method)
05-15 10:51:48.014 621 641 W ResourcesManager: at android.content.res.ApkAssets.(ApkAssets.java:295)
05-15 10:51:48.014 621 641 W ResourcesManager: at android.content.res.ApkAssets.loadOverlayFromPath(ApkAssets.java:215)
05-15 10:51:48.014 621 641 W ResourcesManager: at android.app.ResourcesManager.loadApkAssets(ResourcesManager.java:466)
05-15 10:51:48.014 621 641 W ResourcesManager: at android.app.ResourcesManager.access$000(ResourcesManager.java:85)
05-15 10:51:48.014 621 641 W ResourcesManager: at android.app.ResourcesManager$ApkAssetsSupplier.load(ResourcesManager.java:182)
05-15 10:51:48.014 621 641 W ResourcesManager: at android.app.ResourcesManager.createApkAssetsSupplierNotLocked(ResourcesManager.java:1035)
05-15 10:51:48.014 621 641 W ResourcesManager: at android.app.ResourcesManager.getResources(ResourcesManager.java:1156)
05-15 10:51:48.014 621 641 W ResourcesManager: at android.app.ActivityThread.getTopLevelResources(ActivityThread.java:2415)
05-15 10:51:48.014 621 641 W ResourcesManager: at android.app.ApplicationPackageManager.getResourcesForApplication(ApplicationPackageManager.java:1781)
05-15 10:51:48.014 621 641 W ResourcesManager: at android.app.ApplicationPackageManager.getResourcesForApplication(ApplicationPackageManager.java:1767)
05-15 10:51:48.014 621 641 W ResourcesManager: at com.android.server.input.InputManagerService.visitKeyboardLayoutsInPackage(InputManagerService.java:1503)
05-15 10:51:48.014 621 641 W ResourcesManager: at com.android.server.input.InputManagerService.visitAllKeyboardLayouts(InputManagerService.java:1458)
05-15 10:51:48.014 621 641 W ResourcesManager: at com.android.server.input.InputManagerService.updateKeyboardLayouts(InputManagerService.java:1336)
05-15 10:51:48.014 621 641 W ResourcesManager: at com.android.server.input.InputManagerService.access$500(InputManagerService.java:149)
05-15 10:51:48.014 621 641 W ResourcesManager: at com.android.server.input.InputManagerService$InputManagerHandler.handleMessage(InputManagerService.java:3233)
05-15 10:51:48.014 621 641 W ResourcesManager: at android.os.Handler.dispatchMessage(Handler.java:106)
05-15 10:51:48.014 621 641 W ResourcesManager: at android.os.Looper.loopOnce(Looper.java:201)
05-15 10:51:48.014 621 641 W ResourcesManager: at android.os.Looper.loop(Looper.java:288)
05-15 10:51:48.014 621 641 W ResourcesManager: at android.os.HandlerThread.run(HandlerThread.java:67)
05-15 10:51:48.014 621 641 W ResourcesManager: at com.android.server.ServiceThread.run(ServiceThread.java:44)
05-15 10:51:48.014 621 648 I am_proc_start: [0,842,1037,WebViewLoader-arm64-v8a,NULL,]
05-15 10:51:48.014 621 648 I ActivityManager: Start proc 842:WebViewLoader-arm64-v8a/1037 [android.webkit.WebViewLibraryLoader$RelroFileCreator] for null
05-15 10:51:48.015 621 621 W VoiceInteractionManager: no available voice recognition services found for user 0
05-15 10:51:48.015 621 621 W AppBindingService: [Default SMS app] u0 Target package not found
05-15 10:51:48.015 621 706 I InputReader: Reconfiguring input devices, changes=KEYBOARD_LAYOUTS |
05-15 10:51:48.015 842 842 I libc : SetHeapTaggingLevel: tag level set to 0
05-15 10:51:48.017 621 621 V GameManagerService: Settings file doesn't exists, skip reading
05-15 10:51:48.017 621 621 I am_uid_running: 10040
05-15 10:51:48.017 621 669 E AppHibernationService: Attempt to call isHibernatingForUser on stopped or nonexistent user 0
05-15 10:51:48.018 621 621 I am_uid_running: 1068
05-15 10:51:48.018 621 669 E AppHibernationService: Attempt to call isHibernatingForUser on stopped or nonexistent user 0
05-15 10:51:48.018 621 621 I am_uid_running: 1001
05-15 10:51:48.018 621 669 E AppHibernationService: Attempt to call isHibernatingForUser on stopped or nonexistent user 0
05-15 10:51:48.019 621 669 E AppHibernationService: Attempt to call isHibernatingForUser on stopped or nonexistent user 0
05-15 10:51:48.019 621 621 I ActivityTaskManager: START u0 {act=android.intent.action.MAIN cat=[android.intent.category.HOME] flg=0x10000100 cmp=com.android.settings/.FallbackHome (has extras)} from uid 0
05-15 10:51:48.020 505 549 I adbd : jdwp connection from 842
05-15 10:51:48.020 621 691 I commit_sys_config_file: [log-files,289]
05-15 10:51:48.021 505 549 I adbd : jdwp connection from 839
05-15 10:51:48.021 519 589 E OMXNodeInstance: getExtensionIndex(0xef3015f0:google.hevc.decoder, OMX.google.android.index.configureVideoTunnelMode) ERROR: UnsupportedIndex(0x8000101a)
05-15 10:51:48.021 516 603 D MediaCodecInfo: detail feature-tunneled-playback wasn't present to remove
05-15 10:51:48.021 519 589 E OMXNodeInstance: getExtensionIndex(0xef3015f0:google.hevc.decoder, OMX.google.android.index.enableAndroidNativeBuffers) ERROR: UnsupportedIndex(0x8000101a)
05-15 10:51:48.022 516 603 I OMXClient: IOmx service obtained
05-15 10:51:48.022 519 589 I OMXStore: makeComponentInstance(OMX.google.vp8.decoder) in android.hardwar process
05-15 10:51:48.028 419 419 D Zygote : Forked child process 873
05-15 10:51:48.031 418 418 I netd : trafficSwapActiveStatsMap() <27.55ms>
05-15 10:51:48.031 418 418 I netd : tetherGetStats() -> {[]} <0.38ms>
05-15 10:51:48.033 873 873 I libc : SetHeapTaggingLevel: tag level set to 0
05-15 10:51:48.033 621 646 I netstats_mobile_sample: [0,0,0,0,0,0,0,0,0,0,0,0,1747277508033]
05-15 10:51:48.033 621 646 I netstats_wifi_sample: [0,0,0,0,0,0,0,0,0,0,0,0,1747277508033]
05-15 10:51:48.033 621 691 I commit_sys_config_file: [log-files,302]
05-15 10:51:48.042 505 549 I adbd : jdwp connection from 873
05-15 10:51:48.050 621 621 E system_server: Invalid Idmap file: bad magic value (was 0x00000000, expected 0x504d4449)
05-15 10:51:48.051 621 621 E system_server: failed to load IDMAP /data/resource-cache/data@resource-cache@com.android.systemui-neutral-TLBr.frro@idmap
05-15 10:51:48.051 621 621 W ResourcesManager: failed to preload asset path '/data/resource-cache/com.android.systemui-neutral-TLBr.frro'
05-15 10:51:48.051 621 621 W ResourcesManager: java.io.IOException: Failed to load asset path /data/resource-cache/data@resource-cache@com.android.systemui-neutral-TLBr.frro@idmap
05-15 10:51:48.051 621 621 W ResourcesManager: at android.content.res.ApkAssets.nativeLoad(Native Method)
05-15 10:51:48.051 621 621 W ResourcesManager: at android.content.res.ApkAssets.(ApkAssets.java:295)
05-15 10:51:48.051 621 621 W ResourcesManager: at android.content.res.ApkAssets.loadOverlayFromPath(ApkAssets.java:215)
05-15 10:51:48.051 621 621 W ResourcesManager: at android.app.ResourcesManager.loadApkAssets(ResourcesManager.java:466)
05-15 10:51:48.051 621 621 W ResourcesManager: at android.app.ResourcesManager.access$000(ResourcesManager.java:85)
05-15 10:51:48.051 621 621 W ResourcesManager: at android.app.ResourcesManager$ApkAssetsSupplier.load(ResourcesManager.java:182)
05-15 10:51:48.051 621 621 W ResourcesManager: at android.app.ResourcesManager.createApkAssetsSupplierNotLocked(ResourcesManager.java:1035)
05-15 10:51:48.051 621 621 W ResourcesManager: at android.app.ResourcesManager.getResources(ResourcesManager.java:1156)
05-15 10:51:48.051 621 621 W ResourcesManager: at android.app.ContextImpl.createResources(ContextImpl.java:2463)
05-15 10:51:48.051 621 621 W ResourcesManager: at android.app.ContextImpl.createPackageContextAsUser(ContextImpl.java:2533)
05-15 10:51:48.051 621 621 W ResourcesManager: at com.android.internal.policy.AttributeCache.get(AttributeCache.java:139)
05-15 10:51:48.051 621 621 W ResourcesManager: at com.android.server.wm.ActivityRecord.(ActivityRecord.java:1713)
05-15 10:51:48.051 621 621 W ResourcesManager: at com.android.server.wm.ActivityRecord.(ActivityRecord.java:375)
05-15 10:51:48.051 621 621 W ResourcesManager: at com.android.server.wm.ActivityRecord$Builder.build(ActivityRecord.java:9542)
05-15 10:51:48.051 621 621 W ResourcesManager: at com.android.server.wm.ActivityStarter.executeRequest(ActivityStarter.java:1162)
05-15 10:51:48.051 621 621 W ResourcesManager: at com.android.server.wm.ActivityStarter.execute(ActivityStarter.java:672)
05-15 10:51:48.051 621 621 W ResourcesManager: at com.android.server.wm.ActivityStartController.startHomeActivity(ActivityStartController.java:179)
05-15 10:51:48.051 621 621 W ResourcesManager: at com.android.server.wm.RootWindowContainer.startHomeOnTaskDisplayArea(RootWindowContainer.java:1572)
05-15 10:51:48.051 621 621 W ResourcesManager: at com.android.server.wm.RootWindowContainer.lambda$startHomeOnDisplay$12$RootWindowContainer(RootWindowContainer.java:1513)
05-15 10:51:48.051 621 621 W ResourcesManager: at com.android.server.wm.RootWindowContainer$$ExternalSyntheticLambda10.apply(Unknown Source:16)
05-15 10:51:48.051 621 621 W ResourcesManager: at com.android.server.wm.TaskDisplayArea.reduceOnAllTaskDisplayAreas(TaskDisplayArea.java:561)
05-15 10:51:48.051 621 621 W ResourcesManager: at com.android.server.wm.DisplayArea.reduceOnAllTaskDisplayAreas(DisplayArea.java:392)
05-15 10:51:48.051 621 621 W ResourcesManager: at com.android.server.wm.DisplayArea.reduceOnAllTaskDisplayAreas(DisplayArea.java:392)
05-15 10:51:48.051 621 621 W ResourcesManager: at com.android.server.wm.DisplayArea.reduceOnAllTaskDisplayAreas(DisplayArea.java:392)
05-15 10:51:48.051 621 621 W ResourcesManager: at com.android.server.wm.DisplayArea.reduceOnAllTaskDisplayAreas(DisplayArea.java:392)
05-15 10:51:48.051 621 621 W ResourcesManager: at com.android.server.wm.DisplayArea.reduceOnAllTaskDisplayAreas(DisplayArea.java:392)
05-15 10:51:48.051 621 621 W ResourcesManager: at com.android.server.wm.WindowContainer.reduceOnAllTaskDisplayAreas(WindowContainer.java:2069)
05-15 10:51:48.051 621 621 W ResourcesManager: at com.android.server.wm.RootWindowContainer.startHomeOnDisplay(RootWindowContainer.java:1512)
05-15 10:51:48.051 621 621 W ResourcesManager: at com.android.server.wm.RootWindowContainer.startHomeOnDisplay(RootWindowContainer.java:1499)
05-15 10:51:48.051 621 621 W ResourcesManager: at com.android.server.wm.RootWindowContainer.startHomeOnAllDisplays(RootWindowContainer.java:1484)
05-15 10:51:48.051 621 621 W ResourcesManager: at com.android.server.wm.ActivityTaskManagerService$LocalService.startHomeOnAllDisplays(ActivityTaskManagerService.java:5846)
05-15 10:51:48.051 621 621 W ResourcesManager: at com.android.server.am.ActivityManagerService.systemReady(ActivityManagerService.java:7714)
05-15 10:51:48.051 621 621 W ResourcesManager: at com.android.server.SystemServer.startOtherServices(SystemServer.java:2735)
05-15 10:51:48.051 621 621 W ResourcesManager: at com.android.server.SystemServer.run(SystemServer.java:890)
05-15 10:51:48.051 621 621 W ResourcesManager: at com.android.server.SystemServer.main(SystemServer.java:623)
05-15 10:51:48.051 621 621 W ResourcesManager: at java.lang.reflect.Method.invoke(Native Method)
05-15 10:51:48.051 621 621 W ResourcesManager: at com.android.internal.os.RuntimeInit$MethodAndArgsCaller.run(RuntimeInit.java:548)
05-15 10:51:48.051 621 621 W ResourcesManager: at com.android.internal.os.ZygoteInit.main(ZygoteInit.java:981)
05-15 10:51:48.051 621 621 E system_server: Invalid Idmap file: bad magic value (was 0x00000000, expected 0x504d4449)
05-15 10:51:48.051 621 621 E system_server: failed to load IDMAP /data/resource-cache/data@resource-cache@com.android.systemui-accent-b2QH.frro@idmap
05-15 10:51:48.051 621 621 W ResourcesManager: failed to preload asset path '/data/resource-cache/com.android.systemui-accent-b2QH.frro'
05-15 10:51:48.051 621 621 W ResourcesManager: java.io.IOException: Failed to load asset path /data/resource-cache/data@resource-cache@com.android.systemui-accent-b2QH.frro@idmap
05-15 10:51:48.051 621 621 W ResourcesManager: at android.content.res.ApkAssets.nativeLoad(Native Method)
05-15 10:51:48.051 621 621 W ResourcesManager: at android.content.res.ApkAssets.(ApkAssets.java:295)
05-15 10:51:48.051 621 621 W ResourcesManager: at android.content.res.ApkAssets.loadOverlayFromPath(ApkAssets.java:215)
05-15 10:51:48.051 621 621 W ResourcesManager: at android.app.ResourcesManager.loadApkAssets(ResourcesManager.java:466)
05-15 10:51:48.051 621 621 W ResourcesManager: at android.app.ResourcesManager.access$000(ResourcesManager.java:85)
05-15 10:51:48.051 621 621 W ResourcesManager: at android.app.ResourcesManager$ApkAssetsSupplier.load(ResourcesManager.java:182)
05-15 10:51:48.051 621 621 W ResourcesManager: at android.app.ResourcesManager.createApkAssetsSupplierNotLocked(ResourcesManager.java:1035)
05-15 10:51:48.051 621 621 W ResourcesManager: at android.app.ResourcesManager.getResources(ResourcesManager.java:1156)
05-15 10:51:48.051 621 621 W ResourcesManager: at android.app.ContextImpl.createResources(ContextImpl.java:2463)
05-15 10:51:48.051 621 621 W ResourcesManager: at android.app.ContextImpl.createPackageContextAsUser(ContextImpl.java:2533)
05-15 10:51:48.051 621 621 W ResourcesManager: at com.android.internal.policy.AttributeCache.get(AttributeCache.java:139)
05-15 10:51:48.051 621 621 W ResourcesManager: at com.android.server.wm.ActivityRecord.(ActivityRecord.java:1713)
05-15 10:51:48.051 621 621 W ResourcesManager: at com.android.server.wm.ActivityRecord.(ActivityRecord.java:375)
05-15 10:51:48.051 621 621 W ResourcesManager: at com.android.server.wm.ActivityRecord$Builder.build(ActivityRecord.java:9542)
05-15 10:51:48.051 621 621 W ResourcesManager: at com.android.server.wm.ActivityStarter.executeRequest(ActivityStarter.java:1162)
05-15 10:51:48.051 621 621 W ResourcesManager: at com.android.server.wm.ActivityStarter.execute(ActivityStarter.java:672)
05-15 10:51:48.051 621 621 W ResourcesManager: at com.android.server.wm.ActivityStartController.startHomeActivity(ActivityStartController.java:179)
05-15 10:51:48.051 621 621 W ResourcesManager: at com.android.server.wm.RootWindowContainer.startHomeOnTaskDisplayArea(RootWindowContainer.java:1572)
05-15 10:51:48.051 621 621 W ResourcesManager: at com.android.server.wm.RootWindowContainer.lambda$startHomeOnDisplay$12$RootWindowContainer(RootWindowContainer.java:1513)
05-15 10:51:48.051 621 621 W ResourcesManager: at com.android.server.wm.RootWindowContainer$$ExternalSyntheticLambda10.apply(Unknown Source:16)
05-15 10:51:48.051 621 621 W ResourcesManager: at com.android.server.wm.TaskDisplayArea.reduceOnAllTaskDisplayAreas(TaskDisplayArea.java:561)
05-15 10:51:48.051 621 621 W ResourcesManager: at com.android.server.wm.DisplayArea.reduceOnAllTaskDisplayAreas(DisplayArea.java:392)
05-15 10:51:48.051 621 621 W ResourcesManager: at com.android.server.wm.DisplayArea.reduceOnAllTaskDisplayAreas(DisplayArea.java:392)
05-15 10:51:48.051 621 621 W ResourcesManager: at com.android.server.wm.DisplayArea.reduceOnAllTaskDisplayAreas(DisplayArea.java:392)
05-15 10:51:48.051 621 621 W ResourcesManager: at com.android.server.wm.DisplayArea.reduceOnAllTaskDisplayAreas(DisplayArea.java:392)
05-15 10:51:48.051 621 621 W ResourcesManager: at com.android.server.wm.DisplayArea.reduceOnAllTaskDisplayAreas(DisplayArea.java:392)
05-15 10:51:48.051 621 621 W ResourcesManager: at com.android.server.wm.WindowContainer.reduceOnAllTaskDisplayAreas(WindowContainer.java:2069)
05-15 10:51:48.051 621 621 W ResourcesManager: at com.android.server.wm.RootWindowContainer.startHomeOnDisplay(RootWindowContainer.java:1512)
05-15 10:51:48.051 621 621 W ResourcesManager: at com.android.server.wm.RootWindowContainer.startHomeOnDisplay(RootWindowContainer.java:1499)
05-15 10:51:48.051 621 621 W ResourcesManager: at com.android.server.wm.RootWindowContainer.startHomeOnAllDisplays(RootWindowContainer.java:1484)
05-15 10:51:48.051 621 621 W ResourcesManager: at com.android.server.wm.ActivityTaskManagerService$LocalService.startHomeOnAllDisplays(ActivityTaskManagerService.java:5846)
05-15 10:51:48.051 621 621 W ResourcesManager: at com.android.server.am.ActivityManagerService.systemReady(ActivityManagerService.java:7714)
05-15 10:51:48.051 621 621 W ResourcesManager: at com.android.server.SystemServer.startOtherServices(SystemServer.java:2735)
05-15 10:51:48.051 621 621 W ResourcesManager: at com.android.server.SystemServer.run(SystemServer.java:890)
05-15 10:51:48.051 621 621 W ResourcesManager: at com.android.server.SystemServer.main(SystemServer.java:623)
05-15 10:51:48.051 621 621 W ResourcesManager: at java.lang.reflect.Method.invoke(Native Method)
05-15 10:51:48.051 621 621 W ResourcesManager: at com.android.internal.os.RuntimeInit$MethodAndArgsCaller.run(RuntimeInit.java:548)
05-15 10:51:48.051 621 621 W ResourcesManager: at com.android.internal.os.ZygoteInit.main(ZygoteInit.java:981)
05-15 10:51:48.051 621 621 E system_server: Invalid Idmap file: bad magic value (was 0x00000000, expected 0x504d4449)
05-15 10:51:48.051 621 621 E system_server: failed to load IDMAP /data/resource-cache/data@resource-cache@com.android.systemui-neutral-TLBr.frro@idmap
05-15 10:51:48.052 621 621 W ResourcesManager: failed to add overlay path '/data/resource-cache/com.android.systemui-neutral-TLBr.frro'
05-15 10:51:48.052 621 621 W ResourcesManager: java.io.IOException: Failed to load asset path /data/resource-cache/data@resource-cache@com.android.systemui-neutral-TLBr.frro@idmap
05-15 10:51:48.052 621 621 W ResourcesManager: at android.content.res.ApkAssets.nativeLoad(Native Method)
05-15 10:51:48.052 621 621 W ResourcesManager: at android.content.res.ApkAssets.(ApkAssets.java:295)
05-15 10:51:48.052 621 621 W ResourcesManager: at android.content.res.ApkAssets.loadOverlayFromPath(ApkAssets.java:215)
05-15 10:51:48.052 621 621 W ResourcesManager: at android.app.ResourcesManager.loadApkAssets(ResourcesManager.java:466)
05-15 10:51:48.052 621 621 W ResourcesManager: at android.app.ResourcesManager.access$000(ResourcesManager.java:85)
05-15 10:51:48.052 621 621 W ResourcesManager: at android.app.ResourcesManager$ApkAssetsSupplier.load(ResourcesManager.java:182)
05-15 10:51:48.052 621 621 W ResourcesManager: at android.app.ResourcesManager.createAssetManager(ResourcesManager.java:544)
05-15 10:51:48.052 621 621 W ResourcesManager: at android.app.ResourcesManager.createResourcesImpl(ResourcesManager.java:626)
05-15 10:51:48.052 621 621 W ResourcesManager: at android.app.ResourcesManager.findOrCreateResourcesImplForKeyLocked(ResourcesManager.java:719)
05-15 10:51:48.052 621 621 W ResourcesManager: at android.app.ResourcesManager.createResources(ResourcesManager.java:1066)
05-15 10:51:48.052 621 621 W ResourcesManager: at android.app.ResourcesManager.getResources(ResourcesManager.java:1169)
05-15 10:51:48.052 621 621 W ResourcesManager: at android.app.ContextImpl.createResources(ContextImpl.java:2463)
05-15 10:51:48.052 621 621 W ResourcesManager: at android.app.ContextImpl.createPackageContextAsUser(ContextImpl.java:2533)
05-15 10:51:48.052 621 621 W ResourcesManager: at com.android.internal.policy.AttributeCache.get(AttributeCache.java:139)
05-15 10:51:48.052 621 621 W ResourcesManager: at com.android.server.wm.ActivityRecord.(ActivityRecord.java:1713)
05-15 10:51:48.052 621 621 W ResourcesManager: at com.android.server.wm.ActivityRecord.(ActivityRecord.java:375)
05-15 10:51:48.052 621 621 W ResourcesManager: at com.android.server.wm.ActivityRecord$Builder.build(ActivityRecord.java:9542)
05-15 10:51:48.052 621 621 W ResourcesManager: at com.android.server.wm.ActivityStarter.executeRequest(ActivityStarter.java:1162)
05-15 10:51:48.052 621 621 W ResourcesManager: at com.android.server.wm.ActivityStarter.execute(ActivityStarter.java:672)
05-15 10:51:48.052 621 621 W ResourcesManager: at com.android.server.wm.ActivityStartController.startHomeActivity(ActivityStartController.java:179)
05-15 10:51:48.052 621 621 W ResourcesManager: at com.android.server.wm.RootWindowContainer.startHomeOnTaskDisplayArea(RootWindowContainer.java:1572)
05-15 10:51:48.052 621 621 W ResourcesManager: at com.android.server.wm.RootWindowContainer.lambda$startHomeOnDisplay$12$RootWindowContainer(RootWindowContainer.java:1513)
05-15 10:51:48.052 621 621 W ResourcesManager: at com.android.server.wm.RootWindowContainer$$ExternalSyntheticLambda10.apply(Unknown Source:16)
05-15 10:51:48.052 621 621 W ResourcesManager: at com.android.server.wm.TaskDisplayArea.reduceOnAllTaskDisplayAreas(TaskDisplayArea.java:561)
05-15 10:51:48.052 621 621 W ResourcesManager: at com.android.server.wm.DisplayArea.reduceOnAllTaskDisplayAreas(DisplayArea.java:392)
05-15 10:51:48.052 621 621 W ResourcesManager: at com.android.server.wm.DisplayArea.reduceOnAllTaskDisplayAreas(DisplayArea.java:392)
05-15 10:51:48.052 621 621 W ResourcesManager: at com.android.server.wm.DisplayArea.reduceOnAllTaskDisplayAreas(DisplayArea.java:392)
05-15 10:51:48.052 621 621 W ResourcesManager: at com.android.server.wm.DisplayArea.reduceOnAllTaskDisplayAreas(DisplayArea.java:392)
05-15 10:51:48.052 621 621 W ResourcesManager: at com.android.server.wm.DisplayArea.reduceOnAllTaskDisplayAreas(DisplayArea.java:392)
05-15 10:51:48.052 621 621 W ResourcesManager: at com.android.server.wm.WindowContainer.reduceOnAllTaskDisplayAreas(WindowContainer.java:2069)
05-15 10:51:48.052 621 621 W ResourcesManager: at com.android.server.wm.RootWindowContainer.startHomeOnDisplay(RootWindowContainer.java:1512)
05-15 10:51:48.052 621 621 W ResourcesManager: at com.android.server.wm.RootWindowContainer.startHomeOnDisplay(RootWindowContainer.java:1499)
05-15 10:51:48.052 621 621 W ResourcesManager: at com.android.server.wm.RootWindowContainer.startHomeOnAllDisplays(RootWindowContainer.java:1484)
05-15 10:51:48.052 621 621 W ResourcesManager: at com.android.server.wm.ActivityTaskManagerService$LocalService.startHomeOnAllDisplays(ActivityTaskManagerService.java:5846)
05-15 10:51:48.052 621 621 W ResourcesManager: at com.android.server.am.ActivityManagerService.systemReady(ActivityManagerService.java:7714)
05-15 10:51:48.052 621 621 W ResourcesManager: at com.android.server.SystemServer.startOtherServices(SystemServer.java:2735)
05-15 10:51:48.052 621 621 W ResourcesManager: at com.android.server.SystemServer.run(SystemServer.java:890)
05-15 10:51:48.052 621 621 W ResourcesManager: at com.android.server.SystemServer.main(SystemServer.java:623)
05-15 10:51:48.052 621 621 W ResourcesManager: at java.lang.reflect.Method.invoke(Native Method)
05-15 10:51:48.052 621 621 W ResourcesManager: at com.android.internal.os.RuntimeInit$MethodAndArgsCaller.run(RuntimeInit.java:548)
05-15 10:51:48.052 621 621 W ResourcesManager: at com.android.internal.os.ZygoteInit.main(ZygoteInit.java:981)
05-15 10:51:48.052 621 621 E system_server: Invalid Idmap file: bad magic value (was 0x00000000, expected 0x504d4449)
