05-15 10:51:47.914 621 645 D SystemServerInitThreadPool: Started executing UsbService$Lifecycle#onBootPhase
05-15 10:51:47.914 621 621 D SoundTriggerService: onBootPhase: 550 : false
05-15 10:51:47.914 425 502 D AudioHardwareTiny: adev_set_parameters: kvpairs = A2dpSuspended=false
05-15 10:51:47.914 425 502 D modules.hdmi.audio_hal: adev_set_parameters: kvpairs = A2dpSuspended=false
05-15 10:51:47.914 425 502 D modules.hdmi_1.audio_hal: adev_set_parameters: kvpairs = A2dpSuspended=false
05-15 10:51:47.914 621 645 D SystemServerInitThreadPool: Finished executing UsbService$Lifecycle#onBootPhase
05-15 10:51:47.914 425 502 D modules.spdif.audio_hal: adev_set_parameters: kvpairs = A2dpSuspended=false
05-15 10:51:47.914 425 502 D modules.spdif_1.audio_hal: adev_set_parameters: kvpairs = A2dpSuspended=false
05-15 10:51:47.914 621 738 D BluetoothManagerService: Trying to bind to profile: 1, while Bluetooth was disabled
05-15 10:51:47.914 621 738 D BluetoothA2dp: Binding service...
05-15 10:51:47.914 621 738 E BluetoothA2dp: Could not bind to Bluetooth Service with Intent { act=android.bluetooth.IBluetoothA2dp }
05-15 10:51:47.915 621 621 I AppBindingService: Updating constants with: null
05-15 10:51:47.915 425 502 D AudioHardwareTiny: adev_set_parameters: kvpairs = BT_SCO=off
05-15 10:51:47.915 425 502 D modules.hdmi.audio_hal: adev_set_parameters: kvpairs = BT_SCO=off
05-15 10:51:47.915 419 419 D Zygote : Forked child process 777
05-15 10:51:47.915 425 502 D modules.hdmi_1.audio_hal: adev_set_parameters: kvpairs = BT_SCO=off
05-15 10:51:47.915 425 502 D modules.spdif.audio_hal: adev_set_parameters: kvpairs = BT_SCO=off
05-15 10:51:47.915 425 502 D modules.spdif_1.audio_hal: adev_set_parameters: kvpairs = BT_SCO=off
05-15 10:51:47.915 621 739 I AS.AudioDeviceInventory: removePreferredDevicesForStrategySync, strategy: 14
05-15 10:51:47.916 457 457 I AudioFlinger: systemReady
05-15 10:51:53.626 776 776 W : ------------[ cut here ]------------
05-15 10:51:53.626 776 776 W : URB 0000000000000000 submitted while active
05-15 10:51:53.626 776 776 W : WARNING: CPU: 3 PID: 776 at drivers/usb/core/urb.c:378 usb_submit_urb+0x468/0x474
05-15 10:51:53.626 776 776 W : Modules linked in: GobiNet r8168
05-15 10:51:53.626 776 776 W : CPU: 3 PID: 776 Comm: UsbService host Not tainted 5.10.66 #64
05-15 10:51:53.626 776 776 W Hardware name: Rockchip RK3588S TABLET V10 Board (DT)
05-15 10:51:53.626 776 776 W pstate : 60400009 (nZCv daif +PAN -UAO -TCO BTYPE=--)
05-15 10:51:53.626 776 776 W pc : usb_submit_urb+0x468/0x474
05-15 10:51:53.626 776 776 W lr : usb_submit_urb+0x468/0x474
05-15 10:51:53.626 776 776 W sp : ffffffc017cbb810
05-15 10:51:53.626 776 776 W : x29: ffffffc017cbb810 x28: 00000000000003e8
05-15 10:51:53.626 776 776 W : x27: 0000000000000001 x26: 0000000000000000
05-15 10:51:53.626 776 776 W : x25: 0000000000000003 x24: 0000000000000000
05-15 10:51:53.626 776 776 W : x23: 0000000000000002 x22: 0000000000000000
05-15 10:51:53.626 776 776 W : x21: 0000000000000004 x20: ffffff8103703000
05-15 10:51:53.626 776 776 W : x19: ffffff8104872700 x18: ffffffc0179cd0a8
05-15 10:51:53.626 776 776 W : x17: 0000000000000000 x16: 00000000000000d8
05-15 10:51:53.626 776 776 W : x15: 0000000000000004 x14: 0000000000003fff
05-15 10:51:53.626 776 776 W : x13: ffffffc011f9c5c0 x12: 0000000000000003
05-15 10:51:53.626 776 776 W : x11: 00000000ffffbfff x10: 00000000ffffffff
05-15 10:51:53.626 776 776 W : x9 : 1bbc2bda74ee0200 x8 : 1bbc2bda74ee0200
05-15 10:51:53.626 776 776 W : x7 : 6275732030303030 x6 : ffffffc0121909c8
05-15 10:51:53.626 776 776 W : x5 : ffffffffffffffff x4 : 0000000000000000
05-15 10:51:53.626 776 776 W : x3 : ffffffc011c3bcd5 x2 : 0000000000000000
05-15 10:51:53.626 776 776 W : x1 : 0000000000000001 x0 : 000000000000002b
05-15 10:51:53.626 776 776 W Call trace:
05-15 10:51:53.626 776 776 W : usb_submit_urb+0x468/0x474
05-15 10:51:53.626 776 776 W : hub_activate+0x820/0xa64
05-15 10:51:53.626 776 776 W : hub_resume+0x28/0xbc
05-15 10:51:53.626 776 776 W : usb_resume_both+0x114/0x224
05-15 10:51:53.626 776 776 W : usb_runtime_resume+0x1c/0x2c
05-15 10:51:53.626 776 776 W : __rpm_callback+0x80/0x338
05-15 10:51:53.626 776 776 W : rpm_resume+0x3e4/0x66c
05-15 10:51:53.626 776 776 W : __pm_runtime_resume+0x54/0x8c
05-15 10:51:53.626 776 776 W : usb_autoresume_device+0x24/0x58
05-15 10:51:53.626 776 776 W : usbdev_open+0xb4/0x27c
05-15 10:51:53.626 776 776 W : chrdev_open+0x1c4/0x230
05-15 10:51:53.626 776 776 W : do_dentry_open+0x234/0x3a4
05-15 10:51:53.626 776 776 W : vfs_open+0x30/0x40
05-15 10:51:53.626 776 776 W : path_openat+0x8b8/0xaf0
05-15 10:51:53.626 776 776 W : do_filp_open+0x7c/0x12c
05-15 10:51:53.626 776 776 W : do_sys_openat2+0x80/0x168
05-15 10:51:53.626 776 776 W : __arm64_sys_openat+0x74/0xa0
05-15 10:51:53.626 776 776 W : el0_svc_common+0xc0/0x23c
05-15 10:51:53.626 776 776 W : do_el0_svc+0x28/0x88
05-15 10:51:53.626 776 776 W : el0_svc+0x14/0x24
05-15 10:51:53.626 776 776 W : el0_sync_handler+0x88/0xec
05-15 10:51:53.626 776 776 W : el0_sync+0x1a8/0x1c0
05-15 10:51:53.626 776 776 W PC : 0xffffffc010a4f7a0:
05-15 10:51:53.626 776 776 W : f7a0 7100153f 540002c8 b000696a 9138a14a 1000000b b8a9794c 8b0c016b d61f0160
05-15 10:51:53.626 776 776 W : f7c0 d503249f 71000f1f 540002c1 7103fd1f 5400016c 52801019 1400001e d503249f
05-15 10:51:53.626 776 776 W : f7e0 7140211f 540000cc 52900019 14000019 d503249f 7100411f 540002cd 128002a0
05-15 10:51:53.626 776 776 W : f800 a9444ff4 a94357f6 a9425ff8 a94167fa a8c57bfd f85f8e5e d50323bf d65f03c0
05-15 10:51:53.626 776 776 W : f820 7110051f 52808019 5400014b 52808008 b900a279 14000007 d503249f 7140091f
05-15 10:51:53.626 776 776 W : f840 52840019 5400006d b900a279 52840008 b9401ee9 7100113f 54000100 5ac01108
05-15 10:51:53.626 776 776 W : f860 52001108 52800029 1ac82128 6b08033f 1a88b328 b900a268 aa1303e0 2a1403e1
05-15 10:51:53.626 776 776 W : f880 97fff269 17ffffdf 90008c00 52800029 91147800 aa1303e1 39382109 97d7df50
05-15 10:51:53.626 776 776 W : f8a0 d4210000 128001e0 17ffffd6 d503233f f800865e a9bf7bfd 910003fd b4000100
05-15 10:51:53.626 776 776 W : f8c0 f9402008 b4000108 f9402408 b4000108 12800ce1 97fff4b1 14000006 128002a0
05-15 10:51:53.626 776 776 W : f8e0 14000004 12800240 14000002 12800540 a8c17bfd f85f8e5e d50323bf d65f03c0
05-15 10:51:53.626 776 776 W : f900 d503233f d10183ff f800865e a9037bfd f90023f5 a9054ff4 9100c3fd d000a648
05-15 10:51:53.626 776 776 W : f920 f946a508 f81f83a8 b4000580 f9402008 aa0003f3 b4000528 f9402668 b40004e8
05-15 10:51:53.626 776 776 W : f940 91005275 d503201f d503201f 52800028 b82802bf 12800021 aa1303e0 97fff48f
05-15 10:51:53.626 776 776 W : f960 b9401268 34000308 910003e0 2a1f03e1 97d963ee b000bbe0 912b8000 910003e1
05-15 10:51:53.626 776 776 W : f980 52800042 97d963f4 b9401268 34000148 b000bbf4 912b8294 94219337 910003e1
05-15 10:51:53.626 776 776 W LR : 0xffffffc010a4f7a0:
05-15 10:51:53.626 776 776 W : f7a0 7100153f 540002c8 b000696a 9138a14a 1000000b b8a9794c 8b0c016b d61f0160
05-15 10:51:53.626 776 776 W : f7c0 d503249f 71000f1f 540002c1 7103fd1f 5400016c 52801019 1400001e d503249f
05-15 10:51:53.626 776 776 W : f7e0 7140211f 540000cc 52900019 14000019 d503249f 7100411f 540002cd 128002a0
05-15 10:51:53.626 776 776 W : f800 a9444ff4 a94357f6 a9425ff8 a94167fa a8c57bfd f85f8e5e d50323bf d65f03c0
05-15 10:51:53.626 776 776 W : f820 7110051f 52808019 5400014b 52808008 b900a279 14000007 d503249f 7140091f
05-15 10:51:53.626 776 776 W : f840 52840019 5400006d b900a279 52840008 b9401ee9 7100113f 54000100 5ac01108
05-15 10:51:53.626 776 776 W : f860 52001108 52800029 1ac82128 6b08033f 1a88b328 b900a268 aa1303e0 2a1403e1
05-15 10:51:53.627 776 776 W : f880 97fff269 17ffffdf 90008c00 52800029 91147800 aa1303e1 39382109 97d7df50
05-15 10:51:53.627 776 776 W : f8a0 d4210000 128001e0 17ffffd6 d503233f f800865e a9bf7bfd 910003fd b4000100
05-15 10:51:53.627 776 776 W : f8c0 f9402008 b4000108 f9402408 b4000108 12800ce1 97fff4b1 14000006 128002a0
05-15 10:51:53.627 776 776 W : f8e0 14000004 12800240 14000002 12800540 a8c17bfd f85f8e5e d50323bf d65f03c0
05-15 10:51:53.627 776 776 W : f900 d503233f d10183ff f800865e a9037bfd f90023f5 a9054ff4 9100c3fd d000a648
05-15 10:51:53.627 776 776 W : f920 f946a508 f81f83a8 b4000580 f9402008 aa0003f3 b4000528 f9402668 b40004e8
05-15 10:51:53.627 776 776 W : f940 91005275 d503201f d503201f 52800028 b82802bf 12800021 aa1303e0 97fff48f
05-15 10:51:53.627 776 776 W : f960 b9401268 34000308 910003e0 2a1f03e1 97d963ee b000bbe0 912b8000 910003e1
05-15 10:51:53.627 776 776 W : f980 52800042 97d963f4 b9401268 34000148 b000bbf4 912b8294 94219337 910003e1
05-15 10:51:53.627 776 776 W SP : 0xffffffc017cbb710:
05-15 10:51:53.627 776 776 W : b710 ffffffff 00000000 ffffbfff 00000000 00000003 00000000 11f9c5c0 ffffffc0
05-15 10:51:53.627 776 776 W : b730 00003fff 00000000 00000004 00000000 000000d8 00000000 00000000 00000000
05-15 10:51:53.627 776 776 W : b750 179cd0a8 ffffffc0 04872700 ffffff81 03703000 ffffff81 00000004 00000000
05-15 10:51:53.627 776 776 W : b770 00000000 00000000 00000002 00000000 00000000 00000000 00000003 00000000
05-15 10:51:53.627 776 776 W : b790 00000000 00000000 00000001 00000000 000003e8 00000000 17cbb810 ffffffc0
05-15 10:51:53.627 776 776 W : b7b0 10a4f8a0 ffffffc0 17cbb810 ffffffc0 10a4f8a0 ffffffc0 60400009 00000000
05-15 10:51:53.627 776 776 W : b7d0 17cbb7a8 ffffffc0 10a45bb0 ffffffc0 ffffffff 0000007f 74ee0200 1bbc2bda
05-15 10:51:53.627 776 776 W : b7f0 17cbb810 ffffffc0 10a4f8a0 ffffffc0 00000000 00000000 10a4a930 ffffffc0
05-15 10:51:53.627 776 776 W : b810 17cbb880 ffffffc0 10a4ad54 ffffffc0 00000000 00000000 00000003 00000000
05-15 10:51:53.627 776 776 W : b830 00000000 00000000 00000002 00000000 00000000 00000000 00000004 00000000
05-15 10:51:53.627 776 776 W : b850 03703000 ffffff81 015dfc00 ffffff81 121b56b8 ffffffc0 00000000 00000003
05-15 10:51:53.627 776 776 W : b870 10910000 ffff0100 74ee0200 1bbc2bda 17cbb8e0 ffffffc0 10a46b00 ffffffc0
05-15 10:51:53.627 776 776 W : b890 746e9d80 ffffff81 00000000 00000000 00000000 00000000 00000004 00000000
05-15 10:51:53.627 776 776 W : b8b0 00000000 00000000 015df800 ffffff81 11bc33a2 ffffffc0 11b73532 ffffffc0
05-15 10:51:53.627 776 776 W : b8d0 11b0d54a ffffffc0 015dfc00 ffffff81 17cbb910 ffffffc0 10a5543c ffffffc0
05-15 10:51:53.627 776 776 W : b8f0 11b73532 ffffffc0 10912264 ffffffc0 11b0d54a ffffffc0 03703000 ffffff81
05-15 10:51:53.627 776 776 W : X2: 0xffffffffffffff00:
05-15 10:51:53.627 776 776 W : ff00 ******** ******** ******** ******** ******** ******** ******** ********
05-15 10:51:53.627 776 776 W : ff20 ******** ******** ******** ******** ******** ******** ******** ********
05-15 10:51:53.627 776 776 W : ff40 ******** ******** ******** ******** ******** ******** ******** ********
05-15 10:51:53.627 776 776 W : ff60 ******** ******** ******** ******** ******** ******** ******** ********
05-15 10:51:53.627 776 776 W : ff80 ******** ******** ******** ******** ******** ******** ******** ********
05-15 10:51:53.627 776 776 W : ffa0 ******** ******** ******** ******** ******** ******** ******** ********
05-15 10:51:53.627 776 776 W : ffc0 ******** ******** ******** ******** ******** ******** ******** ********
05-15 10:51:53.627 776 776 W : ffe0 ******** ******** ******** ******** ******** ******** ******** ********
05-15 10:51:53.627 776 776 W : 0000 ******** ******** ******** ******** ******** ******** ******** ********
05-15 10:51:53.627 776 776 W : 0020 ******** ******** ******** ******** ******** ******** ******** ********
05-15 10:51:53.627 776 776 W : 0040 ******** ******** ******** ******** ******** ******** ******** ********
05-15 10:51:53.627 776 776 W : 0060 ******** ******** ******** ******** ******** ******** ******** ********
05-15 10:51:53.627 776 776 W : 0080 ******** ******** ******** ******** ******** ******** ******** ********
05-15 10:51:53.627 776 776 W : 00a0 ******** ******** ******** ******** ******** ******** ******** ********
05-15 10:51:53.627 776 776 W : 00c0 ******** ******** ******** ******** ******** ******** ******** ********
05-15 10:51:53.627 776 776 W : 00e0 ******** ******** ******** ******** ******** ******** ******** ********
05-15 10:51:53.627 776 776 W : X3: 0xffffffc011c3bbd5:
05-15 10:51:53.627 776 776 W : bbd4 4c4c494b 45203a5d 20746978 000a7325 575b3601 5f4e414c 494b4652 3a5d4c4c
05-15 10:51:53.627 776 776 W : bbf4 3a732520 616e6520 20656c62 20666572 206b6c63 6f727265 000a2172 575b3601
05-15 10:51:53.627 776 776 W : bc14 5f4e414c 494b4652 3a5d4c4c 69614620 2064656c 67206f74 25207465 70672073
05-15 10:51:53.627 776 776 W : bc34 0a2e6f69 6b667200 5f6c6c69 6e616c77 6d65725f 0065766f 696b6672 775f6c6c
05-15 10:51:53.627 776 776 W : bc54 5f6e616c 70737573 00646e65 74726175 7374725f 6970675f 0100736f 54425b36
05-15 10:51:53.627 776 776 W : bc74 4b46525f 5d4c4c49 6146203a 64656c69 206f7420 20746567 67207325 2e6f6970
05-15 10:51:53.627 776 776 W : bc94 3301000a 72617453 676e6974 696e6920 25203a74 78652073 73747369 74756220
05-15 10:51:53.627 776 776 W : bcb4 756f6320 276e646c 78652074 74756365 74692065 72652820 20726f72 0a296425
05-15 10:51:53.627 776 776 W : bcd4 33010000 444d4152 3a4b5349 756f6320 6e20646c 6120746f 636f6c6c 20657461
05-15 10:51:53.627 776 776 W : bcf4 66667562 000a7265 6e493001 696c6176 61722064 7369646d 6564206b 706d6f63
05-15 10:51:53.627 776 776 W : bd14 73736572 206e6f69 74756f72 2e656e69 65532020 7463656c 70706120 72706f72
05-15 10:51:53.627 776 776 W : bd34 65746169 6e6f6320 20676966 6974706f 0a2e6e6f 002e2e00 74697277 72652065
05-15 10:51:53.627 776 776 W : bd54 00726f72 61433601 7262696c 6e697461 65642067 2079616c 706f6f6c 202e2e2e
05-15 10:51:53.627 776 776 W : bd74 00367800 20435648 72414128 32336863 457f0029 0100464c 3a732533 6b6e7520
05-15 10:51:53.628 776 776 W : bd94 6e776f6e 72617620 746e6169 636e6520 6e69646f 64252067 6161000a 36686372
05-15 10:51:53.628 776 776 W : bdb4 6e695f34 675f6e73 6c5f6e65 64646164 6f727000 73736563 3a09726f 0a642520
05-15 10:51:53.628 776 776 W : bdd4 75706300 56006469 54504950 4d524100 72726520 6d757461 38353820 00313239
05-15 10:51:53.628 776 776 W : X4: 0xffffffffffffff00:
05-15 10:51:53.628 776 776 W : ff00 ******** ******** ******** ******** ******** ******** ******** ********
05-15 10:51:53.628 776 776 W : ff20 ******** ******** ******** ******** ******** ******** ******** ********
05-15 10:51:53.628 776 776 W : ff40 ******** ******** ******** ******** ******** ******** ******** ********
05-15 10:51:53.628 776 776 W : ff60 ******** ******** ******** ******** ******** ******** ******** ********
05-15 10:51:53.628 776 776 W : ff80 ******** ******** ******** ******** ******** ******** ******** ********
05-15 10:51:53.628 776 776 W : ffa0 ******** ******** ******** ******** ******** ******** ******** ********
05-15 10:51:53.628 776 776 W : ffc0 ******** ******** ******** ******** ******** ******** ******** ********
05-15 10:51:53.628 776 776 W : ffe0 ******** ******** ******** ******** ******** ******** ******** ********
05-15 10:51:53.628 776 776 W : 0000 ******** ******** ******** ******** ******** ******** ******** ********
05-15 10:51:53.628 776 776 W : 0020 ******** ******** ******** ******** ******** ******** ******** ********
05-15 10:51:53.628 776 776 W : 0040 ******** ******** ******** ******** ******** ******** ******** ********
05-15 10:51:53.628 776 776 W : 0060 ******** ******** ******** ******** ******** ******** ******** ********
05-15 10:51:53.628 776 776 W : 0080 ******** ******** ******** ******** ******** ******** ******** ********
05-15 10:51:53.628 776 776 W : 00a0 ******** ******** ******** ******** ******** ******** ******** ********
05-15 10:51:53.628 776 776 W : 00c0 ******** ******** ******** ******** ******** ******** ******** ********
05-15 10:51:53.628 776 776 W : 00e0 ******** ******** ******** ******** ******** ******** ******** ********
05-15 10:51:53.628 776 776 W : X5: 0xfffffffffffffeff:
05-15 10:51:53.628 776 776 W : fefc ******** ******** ******** ******** ******** ******** ******** ********
05-15 10:51:53.628 776 776 W : ff1c ******** ******** ******** ******** ******** ******** ******** ********
05-15 10:51:53.628 776 776 W : ff3c ******** ******** ******** ******** ******** ******** ******** ********
05-15 10:51:53.628 776 776 W : ff5c ******** ******** ******** ******** ******** ******** ******** ********
05-15 10:51:53.628 776 776 W : ff7c ******** ******** ******** ******** ******** ******** ******** ********
05-15 10:51:53.628 776 776 W : ff9c ******** ******** ******** ******** ******** ******** ******** ********
05-15 10:51:53.628 776 776 W : ffbc ******** ******** ******** ******** ******** ******** ******** ********
05-15 10:51:53.628 776 776 W : ffdc ******** ******** ******** ******** ******** ******** ******** ********
05-15 10:51:53.628 776 776 W : fffc ******** ******** ******** ******** ******** ******** ******** ********
05-15 10:51:53.628 776 776 W : 001c ******** ******** ******** ******** ******** ******** ******** ********
05-15 10:51:53.628 776 776 W : 003c ******** ******** ******** ******** ******** ******** ******** ********
05-15 10:51:53.628 776 776 W : 005c ******** ******** ******** ******** ******** ******** ******** ********
05-15 10:51:53.628 776 776 W : 007c ******** ******** ******** ******** ******** ******** ******** ********
05-15 10:51:53.628 776 776 W : 009c ******** ******** ******** ******** ******** ******** ******** ********
05-15 10:51:53.628 776 776 W : 00bc ******** ******** ******** ******** ******** ******** ******** ********
05-15 10:51:53.628 776 776 W : 00dc ******** ******** ******** ******** ******** ******** ******** ********
05-15 10:51:53.628 776 776 W : 00fc ******** ******** ******** ******** ******** ******** ******** ********
05-15 10:51:53.628 776 776 W : X6: 0xffffffc0121908c8:
05-15 10:51:53.628 776 776 W : 08c8 00000000 00000000 00000000 00000000 00000000 00000000 00000000 00000000
05-15 10:51:53.628 776 776 W : 08e8 00000000 00000000 00000000 00000000 11c55feb ffffffc0 121b59a0 ffffffc0
05-15 10:51:53.628 776 776 W : 0908 00000000 00000000 00000000 00000000 00000001 00000002 116e6320 ffffffc0
05-15 10:51:53.628 776 776 W : 0928 00000000 00000000 1090366c ffffffc0 00000000 00000000 109034ac ffffffc0
05-15 10:51:53.628 776 776 W : 0948 10903508 ffffffc0 00000000 00000000 00000000 00000000 00000000 00000000
05-15 10:51:53.628 776 776 W : 0968 00000000 00000000 00000000 00000000 00000000 00000000 009b4300 ffffff81
05-15 10:51:53.628 776 776 W : 0988 00000000 00000000 00000001 00000000 106e6dd4 ffffffc0 00000000 00000000
05-15 10:51:53.628 776 776 W : 09a8 00000064 00000000 00020a4e 0001d1da 0000ffff 00000001 121909c8 ffffffc0
05-15 10:51:53.628 776 776 W : 09c8 2a2a2a2a 2a2a2a2a 2a2a2a20 2a2a2a2a 2a2a202a 2a2a2a2a 2a202a2a 2a2a2a2a
05-15 10:51:53.628 776 776 W : 09e8 202a2a2a 2a2a2a2a 2a2a2a2a 2a2a2a20 2a2a2a2a 2a2a202a 2a2a2a2a 2a202a2a
05-15 10:51:53.628 776 776 W : 0a08 2a2a2a2a 0a2a2a2a 2020205b 342e3531 38393337 205b5d38 37375420 0a205d36
05-15 10:51:53.628 776 776 W : 0a28 2020205b 342e3531 38393337 205b5d38 37375420 58205d36 30203a35 66666678
05-15 10:51:53.628 776 776 W : 0a48 66666666 66666666 66656666 5b0a3a66 31202020 37342e35 33393933 20205b5d
05-15 10:51:53.628 776 776 W : 0a68 36373754 6566205d 20206366 2a2a2a2a 2a2a2a2a 2a2a2a20 2a2a2a2a 2a2a202a
05-15 10:51:53.628 776 776 W : 0a88 2a2a2a2a 2a202a2a 2a2a2a2a 202a2a2a 2a2a2a2a 2a2a2a2a 2a2a2a20 2a2a2a2a
05-15 10:51:53.628 776 776 W : 0aa8 2a2a202a 2a2a2a2a 2a202a2a 2a2a2a2a 0a2a2a2a 2020205b 342e3531 31303437
05-15 10:51:53.628 776 776 W : X13: 0xffffffc011f9c4c0:
05-15 10:51:53.628 776 776 W : c4c0 00000000 00000000 00000000 00000000 00000000 00000000 00000000 00000000
05-15 10:51:53.629 776 776 W : c4e0 00000000 00000000 00000000 00000000 00000000 00000000 00000000 00000000
05-15 10:51:53.629 776 776 W : c500 00000000 00000000 00000000 00000000 00000000 00000000 00000000 00000000
05-15 10:51:53.629 776 776 W : c520 00000000 00000000 00000000 00000000 00000000 00000000 00000000 00000000
05-15 10:51:53.629 776 776 W : c540 00000000 00000000 00000000 00000000 00000000 00000000 00000000 00000000
05-15 10:51:53.629 776 776 W : c560 00000000 00000000 00000000 00000000 00000000 00000000 00000000 00000000
05-15 10:51:53.629 776 776 W : c580 00000000 00000000 00000000 00000000 00000000 00000000 00000000 00000000
05-15 10:51:53.629 776 776 W : c5a0 00000000 00000000 00000000 00000000 00000000 00000000 00000000 00000000
05-15 10:51:53.629 776 776 W : c5c0 ffffbfff c0000000 00000001 00000000 00000001 00000000 00000000 00000000
05-15 10:51:53.629 776 776 W : c5e0 3b29bb46 00000001 c2000037 00000000 00000000 00000000 00000000 00000000
05-15 10:51:53.629 776 776 W : c600 00000000 00000000 00000000 00000000 00000000 00000000 00000000 00000000
05-15 10:51:53.629 776 776 W : c620 00000000 00000000 00000000 00000000 00000001 00000000 3b2a0c2a 00000001
05-15 10:51:53.629 776 776 W : c640 a2000161 00000000 00000000 00000000 00000000 00000000 00000000 00000000
05-15 10:51:53.629 776 776 W : c660 00000000 00000000 00000000 00000000 00000000 00000000 00000000 00000000
05-15 10:51:53.629 776 776 W : c680 00000000 00000000 00000002 00000000 3bf8b37c 00000001 c2000030 00000000
05-15 10:51:53.629 776 776 W : c6a0 00000000 00000000 00000000 00000000 00000000 00000000 00000000 00000000
05-15 10:51:53.629 776 776 W : X17: 0xffffffffffffff00:
05-15 10:51:53.629 776 776 W : ff00 ******** ******** ******** ******** ******** ******** ******** ********
05-15 10:51:53.629 776 776 W : ff20 ******** ******** ******** ******** ******** ******** ******** ********
05-15 10:51:53.629 776 776 W : ff40 ******** ******** ******** ******** ******** ******** ******** ********
05-15 10:51:53.629 776 776 W : ff60 ******** ******** ******** ******** ******** ******** ******** ********
05-15 10:51:53.629 776 776 W : ff80 ******** ******** ******** ******** ******** ******** ******** ********
05-15 10:51:53.629 776 776 W : ffa0 ******** ******** ******** ******** ******** ******** ******** ********
05-15 10:51:53.629 776 776 W : ffc0 ******** ******** ******** ******** ******** ******** ******** ********
05-15 10:51:53.629 776 776 W : ffe0 ******** ******** ******** ******** ******** ******** ******** ********
05-15 10:51:53.629 776 776 W : 0000 ******** ******** ******** ******** ******** ******** ******** ********
05-15 10:51:53.629 776 776 W : 0020 ******** ******** ******** ******** ******** ******** ******** ********
05-15 10:51:53.629 776 776 W : 0040 ******** ******** ******** ******** ******** ******** ******** ********
05-15 10:51:53.629 776 776 W : 0060 ******** ******** ******** ******** ******** ******** ******** ********
05-15 10:51:53.629 776 776 W : 0080 ******** ******** ******** ******** ******** ******** ******** ********
05-15 10:51:53.629 776 776 W : 00a0 ******** ******** ******** ******** ******** ******** ******** ********
05-15 10:51:53.629 776 776 W : 00c0 ******** ******** ******** ******** ******** ******** ******** ********
05-15 10:51:53.629 776 776 W : 00e0 ******** ******** ******** ******** ******** ******** ******** ********
05-15 10:51:53.629 776 776 W : X18: 0xffffffc0179ccfa8:
05-15 10:51:53.629 776 776 W : cfa8 ******** ******** ******** ******** ******** ******** ******** ********
05-15 10:51:53.629 776 776 W : cfc8 ******** ******** ******** ******** ******** ******** ******** ********
05-15 10:51:53.629 776 776 W : cfe8 ******** ******** ******** ******** ******** ******** 10002828 ffffffc0
05-15 10:51:53.629 776 776 W : d008 112b1724 ffffffc0 112b179c ffffffc0 1001f5b0 ffffffc0 1001f6d0 ffffffc0
05-15 10:51:53.629 776 776 W : d028 10298ef4 ffffffc0 10298cfc ffffffc0 102accd8 ffffffc0 102ad640 ffffffc0
05-15 10:51:53.629 776 776 W : d048 102984bc ffffffc0 102982e0 ffffffc0 102a2a6c ffffffc0 10a5c5c4 ffffffc0
05-15 10:51:53.629 776 776 W : d068 10a55604 ffffffc0 10911c1c ffffffc0 10912038 ffffffc0 10913c48 ffffffc0
05-15 10:51:53.629 776 776 W : d088 10a559dc ffffffc0 10a5543c ffffffc0 10a46b00 ffffffc0 10a4ad54 ffffffc0
05-15 10:51:53.629 776 776 W : d0a8 1000240c ffffffc0 112b11c8 ffffffc0 112b14c8 ffffffc0 10030c48 ffffffc0
05-15 10:51:53.629 776 776 W : d0c8 10005c04 ffffffc0 10014fa4 ffffffc0 105c8ac4 ffffffc0 100474f0 ffffffc0
05-15 10:51:53.629 776 776 W : d0e8 10008914 ffffffc0 100089f0 ffffffc0 10009648 ffffffc0 10016890 ffffffc0
05-15 10:51:53.629 776 776 W : d108 100c6d3c ffffffc0 100c3ff8 ffffffc0 100c362c ffffffc0 100c3f10 ffffffc0
05-15 10:51:53.629 776 776 W : d128 100c7c88 ffffffc0 100b838c ffffffc0 104d21b0 ffffffc0 105dbaa8 ffffffc0
05-15 10:51:53.629 776 776 W : d148 100768bc ffffffc0 105c9b78 ffffffc0 105daf1c ffffffc0 00000000 00000000
05-15 10:51:53.629 776 776 W : d168 00000000 00000000 00000000 00000000 00000000 00000000 00000000 00000000
05-15 10:51:53.629 776 776 W : d188 00000000 00000000 00000000 00000000 00000000 00000000 00000000 00000000
05-15 10:51:53.629 776 776 W : X19: 0xffffff8104872600:
05-15 10:51:53.629 776 776 W : 2600 00000000 00000000 04872830 ffffff81 04872a30 ffffff81 108fcad0 ffffffc0
05-15 10:51:53.629 776 776 W : 2620 108fcafc ffffffc0 04872500 ffffff81 04872b30 ffffff81 04872508 ffffff81
05-15 10:51:53.629 776 776 W : 2640 00000001 00000000 0188bc40 ffffff81 0188bc48 ffffff81 0302a150 ffffff81
05-15 10:51:53.629 776 776 W : 2660 00000001 00000000 0188c6a0 ffffff81 0188c6a8 ffffff81 04872570 ffffff81
05-15 10:51:53.629 776 776 W : 2680 00000001 00000000 00000000 00000000 00000000 00000000 00000000 00000000
05-15 10:51:53.629 776 776 W : 26a0 00000000 00000000 048726a8 ffffff81 048726a8 ffffff81 00000000 00000000
05-15 10:51:53.629 776 776 W : 26c0 00000000 00000000 015df830 ffffff81 00000000 00000000 00000000 00000000
05-15 10:51:53.629 776 776 W : 26e0 00000000 00000000 00000000 00000000 00000000 00000000 00000000 00000000
05-15 10:51:53.630 776 776 W : 2700 00000002 00000000 018bf800 ffffff81 00000001 00000000 03662998 ffffff81
05-15 10:51:53.630 776 776 W : 2720 03662998 ffffff81 04872728 ffffff81 04872728 ffffff81 00000000 00000000
05-15 10:51:53.630 776 776 W : 2740 03703000 ffffff81 03662980 ffffff81 40408180 00000000 ffffff8d 00000200
05-15 10:51:53.630 776 776 W : 2760 03662f00 ffffff81 00000000 00000000 00000000 00000000 00000000 00000000
05-15 10:51:53.630 776 776 W : 2780 00000002 00000000 00000000 00000000 00000000 00000000 ffffffff 00000000
05-15 10:51:53.630 776 776 W : 27a0 00000080 00000000 015dfc00 ffffff81 10a4a300 ffffffc0 00000000 00000000
05-15 10:51:53.630 776 776 W : 27c0 00000000 00000000 00000000 00000000 00000000 00000000 00000000 00000000
05-15 10:51:53.630 776 776 W : 27e0 00000000 00000000 00000000 00000000 00000000 00000000 00000000 00000000
05-15 10:51:53.630 776 776 W : X20: 0xffffff8103702f00:
05-15 10:51:53.630 776 776 W : 2f00 00000000 00000000 00000000 00000000 00000000 00000000 00000000 00000000
05-15 10:51:53.630 776 776 W : 2f20 00000000 00000000 00000000 00000000 00000000 00000000 00000000 00000000
05-15 10:51:53.630 776 776 W : 2f40 00000000 00000000 00000000 00000000 00000000 00000000 00000000 00000000
05-15 10:51:53.630 776 776 W : 2f60 00000000 00000000 00000000 00000000 00000000 00000000 00000000 00000000
05-15 10:51:53.630 776 776 W : 2f80 00000000 00000000 00000000 00000000 00000000 00000000 00000000 00000000
05-15 10:51:53.630 776 776 W : 2fa0 00000000 00000000 00000000 00000000 00000000 00000000 00000000 00000000
05-15 10:51:53.630 776 776 W : 2fc0 00000000 00000000 00000000 00000000 00000000 00000000 00000000 00000000
05-15 10:51:53.630 776 776 W : 2fe0 00000000 00000000 00000000 00000000 00000000 00000000 00000000 00000000
05-15 10:51:53.630 776 776 W : 3000 00000001 00000030 00000000 00000000 00000000 00000000 00000007 00000002
05-15 10:51:53.630 776 776 W : 3020 00000001 00000001 00000000 00000000 00000000 00000000 00000000 00000000
05-15 10:51:53.630 776 776 W : 3040 00000000 00000000 018bf800 ffffff81 00000507 00000040 00000000 00000000
05-15 10:51:53.630 776 776 W : 3060 00000000 00000000 03703068 ffffff81 03703068 ffffff81 00000000 00000000
05-15 10:51:53.630 776 776 W : 3080 04858800 ffffff81 00000000 00000000 00000000 00000001 00000000 00000000
05-15 10:51:53.630 776 776 W : 30a0 03662380 ffffff81 015df838 ffffff81 03af0008 ffffff81 00ebdc10 ffffff81
05-15 10:51:53.630 776 776 W : 30c0 009b1000 ffffff81 121b5208 ffffffc0 03660d80 ffffff81 0000000a 00000007
05-15 10:51:53.630 776 776 W : 30e0 00ebdc10 ffffff81 04872500 ffffff81 00000000 00000000 121cc8f8 ffffffc0
05-15 10:51:53.630 776 776 W : X22: 0xffffffffffffff00:
05-15 10:51:53.630 776 776 W : ff00 ******** ******** ******** ******** ******** ******** ******** ********
05-15 10:51:53.630 776 776 W : ff20 ******** ******** ******** ******** ******** ******** ******** ********
05-15 10:51:53.630 776 776 W : ff40 ******** ******** ******** ******** ******** ******** ******** ********
05-15 10:51:47.921 621 648 I am_proc_start: [0,777,10080,com.android.systemui,service,{com.android.systemui/com.android.systemui.ImageWallpaper}]
05-15 10:51:53.630 776 776 W : ff60 ******** ******** ******** ******** ******** ******** ******** ********
05-15 10:51:47.921 621 648 I ActivityManager: Start proc 777:com.android.systemui/u0a80 for service {com.android.systemui/com.android.systemui.ImageWallpaper}
05-15 10:51:47.923 516 603 D mediaserver: Allowing all OMX codecs
05-15 10:51:53.630 776 776 W : ff80 ******** ******** ******** ******** ******** ******** ******** ********
05-15 10:51:53.630 776 776 W : ffa0 ******** ******** ******** ******** ******** ******** ******** ********
05-15 10:51:53.630 776 776 W : ffc0 ******** ******** ******** ******** ******** ******** ******** ********
05-15 10:51:53.630 776 776 W : ffe0 ******** ******** ******** ******** ******** ******** ******** ********
05-15 10:51:53.630 776 776 W : 0000 ******** ******** ******** ******** ******** ******** ******** ********
05-15 10:51:53.630 776 776 W : 0020 ******** ******** ******** ******** ******** ******** ******** ********
05-15 10:51:53.630 776 776 W : 0040 ******** ******** ******** ******** ******** ******** ******** ********
05-15 10:51:53.630 776 776 W : 0060 ******** ******** ******** ******** ******** ******** ******** ********
05-15 10:51:53.630 776 776 W : 0080 ******** ******** ******** ******** ******** ******** ******** ********
05-15 10:51:53.630 776 776 W : 00a0 ******** ******** ******** ******** ******** ******** ******** ********
05-15 10:51:53.630 776 776 W : 00c0 ******** ******** ******** ******** ******** ******** ******** ********
05-15 10:51:53.630 776 776 W : 00e0 ******** ******** ******** ******** ******** ******** ******** ********
05-15 10:51:53.630 776 776 W : X24: 0xffffffffffffff00:
05-15 10:51:53.630 776 776 W : ff00 ******** ******** ******** ******** ******** ******** ******** ********
05-15 10:51:53.630 776 776 W : ff20 ******** ******** ******** ******** ******** ******** ******** ********
05-15 10:51:53.630 776 776 W : ff40 ******** ******** ******** ******** ******** ******** ******** ********
05-15 10:51:53.630 776 776 W : ff60 ******** ******** ******** ******** ******** ******** ******** ********
05-15 10:51:53.630 776 776 W : ff80 ******** ******** ******** ******** ******** ******** ******** ********
05-15 10:51:53.630 776 776 W : ffa0 ******** ******** ******** ******** ******** ******** ******** ********
05-15 10:51:53.630 776 776 W : ffc0 ******** ******** ******** ******** ******** ******** ******** ********
05-15 10:51:53.630 776 776 W : ffe0 ******** ******** ******** ******** ******** ******** ******** ********
05-15 10:51:53.630 776 776 W : 0000 ******** ******** ******** ******** ******** ******** ******** ********
05-15 10:51:53.630 776 776 W : 0020 ******** ******** ******** ******** ******** ******** ******** ********
05-15 10:51:53.630 776 776 W : 0040 ******** ******** ******** ******** ******** ******** ******** ********
05-15 10:51:53.630 776 776 W : 0060 ******** ******** ******** ******** ******** ******** ******** ********
05-15 10:51:53.631 776 776 W : 0080 ******** ******** ******** ******** ******** ******** ******** ********
05-15 10:51:53.631 776 776 W : 00a0 ******** ******** ******** ******** ******** ******** ******** ********
05-15 10:51:53.631 776 776 W : 00c0 ******** ******** ******** ******** ******** ******** ******** ********
05-15 10:51:53.631 776 776 W : 00e0 ******** ******** ******** ******** ******** ******** ******** ********
05-15 10:51:53.631 776 776 W : X26: 0xffffffffffffff00:
05-15 10:51:53.631 776 776 W : ff00 ******** ******** ******** ******** ******** ******** ******** ********
05-15 10:51:53.631 776 776 W : ff20 ******** ******** ******** ******** ******** ******** ******** ********
05-15 10:51:53.631 776 776 W : ff40 ******** ******** ******** ******** ******** ******** ******** ********
05-15 10:51:53.631 776 776 W : ff60 ******** ******** ******** ******** ******** ******** ******** ********
05-15 10:51:53.631 776 776 W : ff80 ******** ******** ******** ******** ******** ******** ******** ********
05-15 10:51:53.631 776 776 W : ffa0 ******** ******** ******** ******** ******** ******** ******** ********
05-15 10:51:53.631 776 776 W : ffc0 ******** ******** ******** ******** ******** ******** ******** ********
05-15 10:51:53.631 776 776 W : ffe0 ******** ******** ******** ******** ******** ******** ******** ********
05-15 10:51:53.631 776 776 W : 0000 ******** ******** ******** ******** ******** ******** ******** ********
05-15 10:51:53.631 776 776 W : 0020 ******** ******** ******** ******** ******** ******** ******** ********
05-15 10:51:53.631 776 776 W : 0040 ******** ******** ******** ******** ******** ******** ******** ********
05-15 10:51:53.631 776 776 W : 0060 ******** ******** ******** ******** ******** ******** ******** ********
05-15 10:51:53.631 776 776 W : 0080 ******** ******** ******** ******** ******** ******** ******** ********
05-15 10:51:53.631 776 776 W : 00a0 ******** ******** ******** ******** ******** ******** ******** ********
05-15 10:51:53.631 776 776 W : 00c0 ******** ******** ******** ******** ******** ******** ******** ********
05-15 10:51:53.631 776 776 W : 00e0 ******** ******** ******** ******** ******** ******** ******** ********
05-15 10:51:53.631 776 776 W : X29: 0xffffffc017cbb710:
05-15 10:51:53.631 776 776 W : b710 ffffffff 00000000 ffffbfff 00000000 00000003 00000000 11f9c5c0 ffffffc0
05-15 10:51:53.631 776 776 W : b730 00003fff 00000000 00000004 00000000 000000d8 00000000 00000000 00000000
05-15 10:51:53.631 776 776 W : b750 179cd0a8 ffffffc0 04872700 ffffff81 03703000 ffffff81 00000004 00000000
05-15 10:51:53.631 776 776 W : b770 00000000 00000000 00000002 00000000 00000000 00000000 00000003 00000000
05-15 10:51:53.631 776 776 W : b790 00000000 00000000 00000001 00000000 000003e8 00000000 17cbb810 ffffffc0
05-15 10:51:53.631 776 776 W : b7b0 10a4f8a0 ffffffc0 17cbb810 ffffffc0 10a4f8a0 ffffffc0 60400009 00000000
05-15 10:51:53.631 776 776 W : b7d0 17cbb7a8 ffffffc0 10a45bb0 ffffffc0 ffffffff 0000007f 74ee0200 1bbc2bda
05-15 10:51:53.631 776 776 W : b7f0 17cbb810 ffffffc0 10a4f8a0 ffffffc0 00000000 00000000 10a4a930 ffffffc0
05-15 10:51:53.631 776 776 W : b810 17cbb880 ffffffc0 10a4ad54 ffffffc0 00000000 00000000 00000003 00000000
05-15 10:51:53.631 776 776 W : b830 00000000 00000000 00000002 00000000 00000000 00000000 00000004 00000000
05-15 10:51:53.631 776 776 W : b850 03703000 ffffff81 015dfc00 ffffff81 121b56b8 ffffffc0 00000000 00000003
05-15 10:51:53.631 776 776 W : b870 10910000 ffff0100 74ee0200 1bbc2bda 17cbb8e0 ffffffc0 10a46b00 ffffffc0
05-15 10:51:53.631 776 776 W : b890 746e9d80 ffffff81 00000000 00000000 00000000 00000000 00000004 00000000
05-15 10:51:53.631 776 776 W : b8b0 00000000 00000000 015df800 ffffff81 11bc33a2 ffffffc0 11b73532 ffffffc0
05-15 10:51:53.631 776 776 W : b8d0 11b0d54a ffffffc0 015dfc00 ffffff81 17cbb910 ffffffc0 10a5543c ffffffc0
05-15 10:51:53.631 776 776 W : b8f0 11b73532 ffffffc0 10912264 ffffffc0 11b0d54a ffffffc0 03703000 ffffff81
05-15 10:51:53.631 776 776 W : ---[ end trace f74011f81792baf3 ]---
05-15 10:51:53.632 776 776 E hub 2-0 : 1.0: activate --> -16
05-15 10:51:53.632 776 776 W : usb_suspend_both will suspend just return ...
05-15 10:51:53.632 776 776 E hub 1-0 : 1.0: activate --> -16
05-15 10:51:47.924 516 603 I OMXClient: IOmx service obtained
05-15 10:51:47.924 621 621 I PackageManager: Permission ownership changed. Updating all permissions.
05-15 10:51:47.924 519 519 I OMXStore: makeComponentInstance(OMX.google.aac.decoder) in android.hardwar process
05-15 10:51:47.929 516 603 I OMXClient: IOmx service obtained
05-15 10:51:47.930 519 519 I OMXStore: makeComponentInstance(OMX.google.amrnb.decoder) in android.hardwar process
05-15 10:51:47.932 505 549 I adbd : jdwp connection from 777
05-15 10:51:47.932 621 692 D SystemServerInitThreadPool: Started executing WebViewFactoryPreparation
05-15 10:51:47.932 621 692 I SystemServer: WebViewFactoryPreparation
05-15 10:51:47.932 621 621 W NetworkManagement: setDataSaverMode(): already false
05-15 10:51:47.933 418 418 I netd : firewallSetFirewallType(1) <0.01ms>
05-15 10:51:47.933 418 418 I netd : isAlive() -> {true} <0.00ms>
05-15 10:51:47.933 621 621 D IpSecService: IpSecService is ready
05-15 10:51:47.933 516 603 I OMXClient: IOmx service obtained
05-15 10:51:47.934 519 589 I OMXStore: makeComponentInstance(OMX.google.amrwb.decoder) in android.hardwar process
05-15 10:51:47.934 621 692 I am_uid_running: 1037
05-15 10:51:47.935 621 692 D SystemServerInitThreadPool: Finished executing WebViewFactoryPreparation
05-15 10:51:47.935 621 654 W BatteryExternalStatsWorker: error reading modem stats:ERROR_PHONE_NOT_AVAILABLE
05-15 10:51:47.936 621 716 I commit_sys_config_file: [net-policy,1]
05-15 10:51:47.937 621 716 W NetworkPolicy: setRestrictBackgroundUL: already false
05-15 10:51:47.938 516 603 I OMXClient: IOmx service obtained
05-15 10:51:47.938 519 589 I OMXStore: makeComponentInstance(OMX.google.flac.decoder) in android.hardwar process
05-15 10:51:47.939 621 702 I am_proc_bound: [0,777,com.android.systemui]
05-15 10:51:47.943 516 603 I OMXClient: IOmx service obtained
05-15 10:51:47.943 519 519 I OMXStore: makeComponentInstance(OMX.google.g711.alaw.decoder) in android.hardwar process
05-15 10:51:47.943 621 691 I commit_sys_config_file: [log-files,211]
05-15 10:51:47.945 516 603 I OMXClient: IOmx service obtained
05-15 10:51:47.945 621 691 I commit_sys_config_file: [log-files,213]
05-15 10:51:47.945 519 589 I OMXStore: makeComponentInstance(OMX.google.g711.mlaw.decoder) in android.hardwar process
05-15 10:51:47.945 621 702 I am_uid_active: 10080
05-15 10:51:47.948 621 691 E NativeTombstoneManager: Tombstone has invalid selinux label (u:r:platform_app:s0:c512,c768), ignoring
05-15 10:51:47.948 621 691 I DropBoxManagerService: add tag=SYSTEM_TOMBSTONE_PROTO isTagEnabled=true flags=0x4
05-15 10:51:47.948 516 603 I OMXClient: IOmx service obtained
05-15 10:51:47.948 519 519 I OMXStore: makeComponentInstance(OMX.google.mp3.decoder) in android.hardwar process
05-15 10:51:47.951 516 603 I OMXClient: IOmx service obtained
05-15 10:51:47.951 519 519 I OMXStore: makeComponentInstance(OMX.google.opus.decoder) in android.hardwar process
05-15 10:51:47.956 516 603 I OMXClient: IOmx service obtained
05-15 10:51:47.956 519 519 I OMXStore: makeComponentInstance(OMX.google.raw.decoder) in android.hardwar process
05-15 10:51:47.957 418 468 I netd : firewallReplaceUidChain(fw_standby, false, []) -> {true} <11.53ms>
05-15 10:51:47.957 418 418 I netd : trafficSwapActiveStatsMap() <18.92ms>
05-15 10:51:47.958 516 603 I OMXClient: IOmx service obtained
05-15 10:51:47.958 519 519 I OMXStore: makeComponentInstance(OMX.google.vorbis.decoder) in android.hardwar process
05-15 10:51:47.959 418 418 I netd : tetherGetStats() -> {[]} <1.02ms>
05-15 10:51:47.960 621 715 D TelephonyRegistry: listen oscl: mHasNotifySubscriptionInfoChangedOccurred==false no callback
05-15 10:51:47.961 418 418 I netd : bandwidthSetGlobalAlert(2097152) <0.66ms>
05-15 10:51:47.961 621 621 D PermissionMonitor: Monitoring
05-15 10:51:47.963 621 691 I commit_sys_config_file: [log-files,231]
05-15 10:51:53.632 776 776 W : usb_suspend_both will suspend just return ...
05-15 10:51:47.964 516 603 I OMXClient: IOmx service obtained
05-15 10:51:53.674 569 569 I gc08a3 7-0031: gc08a3_s_power(1536) on(0)
05-15 10:51:47.964 519 589 I OMXStore: makeComponentInstance(OMX.google.aac.encoder) in android.hardwar process
05-15 10:51:53.675 569 569 I gc08a3 7-0031: gc08a3_g_mbus_config(1722) enter!
05-15 10:51:53.675 569 569 E rockchip-csi2-dphy csi2-dcphy0: csi2_dphy_update_sensor_mbus fail to get dphy param, used default value
05-15 10:51:53.675 569 569 I gc08a3 7-0031: gc08a3_g_mbus_config(1722) enter!
05-15 10:51:53.675 569 569 I gc08a3 7-0031: gc08a3_s_power(1536) on(1)
05-15 10:51:47.965 621 621 D PermissionMonitor: Users: 1, Apps: 11
05-15 10:51:47.965 418 418 I netd : networkSetPermissionForUser(1, [10080, 10073, 10030]) <0.00ms>
05-15 10:51:47.965 418 418 I netd : networkSetPermissionForUser(2, [2000, 10036, 10069, 1000, 1001, 10015, 10063, 10031]) <0.00ms>
05-15 10:51:47.965 418 418 I netd : trafficSetNetPermForUids(12, [1000, 1001, 1013, 2000, 10015]) <0.01ms>
05-15 10:51:47.965 418 418 I netd : trafficSetNetPermForUids(4, [1027, 10016, 10017, 10019, 10027, 10028, 10030, 10031, 10034, 10036, 10039, 10045, 10046, 10049, 10050, 10052, 10053, 10056, 10057, 10058, 10060, 10065, 10067, 10068, 10069, 10071, 10073, 10076, 10083]) <0.05ms>
05-15 10:51:47.965 418 418 I netd : trafficSetNetPermForUids(8, [1041, 1047, 10086]) <0.00ms>
05-15 10:51:47.965 418 418 I netd : trafficSetNetPermForUids(0, [1068, 1073, 10000, 10001, 10002, 10003, 10004, 10005, 10006, 10007, 10008, 10009, 10010, 10011, 10012, 10013, 10014, 10018, 10020, 10021, 10022, 10023, 10024, 10025, 10026, 10029, 10032, 10033, 10035, 10037, 10038, 10040, 10041, 10042, 10043, 10044, 10047, 10048, 10051, 10054, 10055, 10059, 10061, 10062, 10063, 10064, 10066, 10070, 10072, 10074, 10075, 10077, 10078, 10079, 10080, 10081, 10082, 10084, 10085, 10087]) <0.04ms>
05-15 10:51:47.966 418 418 I netd : registerUnsolicitedEventListener() <0.23ms>
05-15 10:51:47.966 621 727 D ConnectivityService: NetReassign [no changes]
05-15 10:51:47.968 621 691 I commit_sys_config_file: [log-files,236]
05-15 10:51:47.969 516 603 I OMXClient: IOmx service obtained
05-15 10:51:47.969 519 589 I OMXStore: makeComponentInstance(OMX.google.amrnb.encoder) in android.hardwar process
05-15 10:51:47.970 621 691 E NativeTombstoneManager: Tombstone's UID (1000) not an app, ignoring
05-15 10:51:47.970 621 691 I DropBoxManagerService: add tag=SYSTEM_TOMBSTONE_PROTO isTagEnabled=true flags=0x4
05-15 10:51:47.971 621 727 D ConnectivityService: Got NetworkProvider Messenger for VcnNetworkProvider
05-15 10:51:47.972 621 621 D TelephonyRegistry: listen oscl: mHasNotifySubscriptionInfoChangedOccurred==false no callback
05-15 10:51:47.972 621 727 D ConnectivityService: NetReassign [no changes]
05-15 10:51:47.973 418 418 I netd : firewallReplaceUidChain(fw_standby, false, []) -> {true} <0.02ms>
05-15 10:51:47.973 621 727 D ConnectivityService: NetReassign [no changes]
05-15 10:51:47.973 418 418 I netd : firewallEnableChildChain(2, true) <0.01ms>
05-15 10:51:47.974 418 418 I netd : socketDestroy([], []) <0.24ms>
05-15 10:51:47.974 621 716 D TelephonyRegistry: listen oscl: mHasNotifySubscriptionInfoChangedOccurred==false no callback
05-15 10:51:47.974 621 727 D ConnectivityService: NetReassign [no changes]
05-15 10:51:47.974 621 621 I SystemServiceManager: Starting phase 600
05-15 10:51:47.975 621 621 I ExplicitHealthCheckController: Explicit health checks enabled.
05-15 10:51:47.975 621 621 I PackageWatchdog: Syncing state, reason: health check state enabled
05-15 10:51:47.975 621 621 I PackageWatchdog: Not pruning observers, elapsed time: 0ms
05-15 10:51:47.975 621 621 I PackageWatchdog: Cancelling state sync, nothing to sync
05-15 10:51:47.975 621 646 I PackageWatchdog: Saving observer state to file
05-15 10:51:47.976 621 691 I commit_sys_config_file: [log-files,244]
05-15 10:51:47.977 621 621 W LocationManagerService: no network location provider found
05-15 10:51:47.978 621 621 I ServiceWatcher: [fused] chose new implementation 1000/com.android.location.fused/.FusedLocationService@0
05-15 10:51:47.978 516 603 I OMXClient: IOmx service obtained
05-15 10:51:47.978 519 519 I OMXStore: makeComponentInstance(OMX.google.amrwb.encoder) in android.hardwar process
05-15 10:51:47.978 281 281 E servicemanager: Could not find android.hardware.gnss.IGnss/default in the VINTF manifest.
05-15 10:51:47.978 621 621 D GnssLocationProviderJni: Trying IGnss_V2_1::getService()
05-15 10:51:47.979 282 282 I hwservicemanager: getTransport: Cannot find entry android.hardware.gnss@2.1::IGnss/default in either framework or device VINTF manifest.
05-15 10:51:47.979 621 621 D GnssLocationProviderJni: gnssHal 2.1 was null, trying 2.0
05-15 10:51:47.979 621 691 I commit_sys_config_file: [log-files,248]
05-15 10:51:47.983 621 621 D TelephonyRegistry: listen oscl: mHasNotifySubscriptionInfoChangedOccurred==false no callback
05-15 10:51:47.983 621 621 D GnssLocationProviderJni: Link to death notification successful
05-15 10:51:47.983 436 436 D gps_ql : ql_gps_get_extension(name=gps-xtra)
05-15 10:51:47.984 436 436 D gps_ql : ql_gps_get_extension(name=agps_ril)
05-15 10:51:47.984 436 436 D gps_ql : ql_gps_get_extension(name=agps)
05-15 10:51:47.984 436 436 D gps_ql : ql_gps_get_extension(name=gps_navigation_message)
05-15 10:51:47.984 436 436 I GnssHAL_GnssInterface: getExtensionGnssNavigationMessage: GnssNavigationMessage interface not implemented by HAL
05-15 10:51:47.984 436 436 D GnssHAL_GnssInterface: Gnss::getExtensionGnssMeasurement_2_0
05-15 10:51:47.984 436 436 D gps_ql : ql_gps_get_extension(name=gps_measurement)
05-15 10:51:47.984 436 436 D GnssHAL_GnssInterface: Gnss::getExtensionMeasurementCorrections
05-15 10:51:47.984 436 436 D gps_ql : ql_gps_get_extension(name=gps-debug)
05-15 10:51:47.984 436 436 I GnssHAL_GnssInterface: getExtensionGnssDebug_2_0: GnssDebug interface not implemented by HAL
05-15 10:51:47.984 436 436 D gps_ql : ql_gps_get_extension(name=gps-debug)
05-15 10:51:47.984 436 436 I GnssHAL_GnssInterface: getExtensionGnssDebug: GnssDebug interface not implemented by HAL
05-15 10:51:47.984 436 436 D gps_ql : ql_gps_get_extension(name=gnss_configuration)
05-15 10:51:47.984 436 436 E GnssHAL_GnssInterface: getExtensionGnssConfiguration_2_0: GnssConfiguration interface not implemented by HAL
05-15 10:51:47.985 436 436 D gps_ql : ql_gps_get_extension(name=gps_geofencing)
05-15 10:51:47.985 436 436 E GnssHAL_GnssInterface: getExtensionGnssGeofencing: GnssGeofencing interface not implemented by HAL
05-15 10:51:47.985 436 436 E GnssHAL_GnssInterface: gnss flp hw_get_module failed: -2
05-15 10:51:47.985 436 436 E GnssHAL_GnssInterface: getExtensionGnssBatching_2_0: GnssBatching interface is not implemented by HAL
05-15 10:51:47.985 436 436 E GnssHAL_GnssInterface: gnss flp hw_get_module failed: -2
05-15 10:51:47.985 436 436 E GnssHAL_GnssInterface: getExtensionGnssBatching: GnssBatching interface is not implemented by HAL
05-15 10:51:47.985 436 436 D GnssHAL_GnssInterface: Gnss::getExtensionVisibilityControl
05-15 10:51:47.985 436 436 D GnssHAL_GnssInterface: Gnss::setCallback_2_0
05-15 10:51:47.986 621 621 D GnssLocationProviderJni: gnssNameCb: name=Google Mock GNSS Implementation v2.0
05-15 10:51:47.986 436 436 D gps_ql : GPS DRIVER VERSION: Quectel_Android_GPS_Driver_V2.2.13
05-15 10:51:47.986 436 436 D gps_ql : MODULE_TYPE:
05-15 10:51:47.986 436 436 D gps_ql : QL_GPS_CHANNEL:/dev/ttyS7
05-15 10:51:47.986 436 436 D gps_ql : BAUD_RATE:15200
05-15 10:51:47.986 621 621 D GnssLocationProviderJni: gnssSetCapabilitesCb: 64u
05-15 10:51:47.986 621 621 I GnssManager: gnss capabilities changed to [NONE]
05-15 10:51:47.986 621 621 D GnssLocationProviderJni: gnssSetSystemInfoCb: yearOfHw=2015
05-15 10:51:47.986 436 436 D gps_ql : init_times = 0, s->init = 0
05-15 10:51:47.986 436 436 D gps_ql : init_times = 0
05-15 10:51:47.986 436 436 D gps_ql : ql_gps_state_init[523]--enter!
05-15 10:51:47.986 436 436 D gps_ql : ql_gps_state_init start
05-15 10:51:47.987 436 436 D gps_ql : Android gps will read from '/dev/ttyS7' channel
05-15 10:51:47.987 436 436 D gps_ql : gps state initialized
05-15 10:51:47.987 436 833 D gps_ql : gps_state_thread[254]--enter!
05-15 10:51:47.987 436 436 D gps_ql : set gps status to GPS_STATUS_ENGINE_ON
05-15 10:51:47.987 436 833 D gps_ql : gps thread running
05-15 10:51:47.987 436 436 D gps_ql : ql_gps_xtra_init(callbacks=0x77b5a752e0)
05-15 10:51:47.987 436 832 D gps_ql : open GPS channel successful!
05-15 10:51:47.987 436 436 D gps_ql : ql_gps_Xtra_start: gpsXtraCallbacks=0x77b5a752e0
05-15 10:51:47.987 621 621 I GnssLocationProviderJni: Unable to initialize IGnssXtra interface.
05-15 10:51:47.987 621 621 I GnssLocationProviderJni: Unable to initialize IGnssGeofencing interface.
05-15 10:51:47.987 621 621 I GnssLocationProviderJni: Unable to initialize IGnssNi interface.
05-15 10:51:53.698 832 832 E of_dma_request_slave_channel: dma-names property of node '/serial@feba0000' missing or empty
05-15 10:51:47.987 436 436 D gps_ql : ql_loc_agps_ril_init[37]--enter!
05-15 10:51:47.987 436 436 D gps_ql : ql_loc_agps_ril_init[38]--leave!
05-15 10:51:53.698 832 832 W dw-apb-uart feba0000.serial: failed to request DMA, use interrupt mode
05-15 10:51:47.988 621 621 D GnssLocationProviderJni: setCapabilitiesCb: 7u
05-15 10:51:47.989 621 621 I GnssManager: gnss capabilities changed to [LOS_SATS EXCESS_PATH_LENGTH REFLECTING_PLANE]
05-15 10:51:47.989 436 436 D gps_ql : ql_gps_cleanup()
05-15 10:51:47.989 436 436 D gps_ql : report_gps_state enter
05-15 10:51:47.989 436 436 D gps_ql : reportStatus GPS_STATUS_SESSION_END
05-15 10:51:47.989 436 436 D gps_ql : report_gps_state leave
05-15 10:51:47.989 436 436 D gps_ql : report_gps_state enter
05-15 10:51:47.989 436 436 D gps_ql : reportStatus to GPS_STATUS_ENGINE_OFF
