05-15 10:51:48.921 621 621 W ResourcesManager: at com.android.internal.os.RuntimeInit$MethodAndArgsCaller.run(RuntimeInit.java:548)
05-15 10:51:48.921 621 621 W ResourcesManager: at com.android.internal.os.ZygoteInit.main(ZygoteInit.java:981)
05-15 10:51:48.921 777 777 W ResourcesManager: failed to preload asset path '/data/resource-cache/com.android.systemui-accent-b2QH.frro'
05-15 10:51:48.921 777 777 W ResourcesManager: java.io.IOException: Failed to load asset path /data/resource-cache/data@resource-cache@com.android.systemui-accent-b2QH.frro@idmap
05-15 10:51:48.921 777 777 W ResourcesManager: at android.content.res.ApkAssets.nativeLoad(Native Method)
05-15 10:51:48.921 777 777 W ResourcesManager: at android.content.res.ApkAssets.(ApkAssets.java:295)
05-15 10:51:48.921 777 777 W ResourcesManager: at android.content.res.ApkAssets.loadOverlayFromPath(ApkAssets.java:215)
05-15 10:51:48.921 777 777 W ResourcesManager: at android.app.ResourcesManager.loadApkAssets(ResourcesManager.java:466)
05-15 10:51:48.921 777 777 W ResourcesManager: at android.app.ResourcesManager.access$000(ResourcesManager.java:85)
05-15 10:51:48.921 777 777 W ResourcesManager: at android.app.ResourcesManager$ApkAssetsSupplier.load(ResourcesManager.java:182)
05-15 10:51:48.921 777 777 W ResourcesManager: at android.app.ResourcesManager.createApkAssetsSupplierNotLocked(ResourcesManager.java:1035)
05-15 10:51:48.921 777 777 W ResourcesManager: at android.app.ResourcesManager.getResources(ResourcesManager.java:1156)
05-15 10:51:48.921 777 777 W ResourcesManager: at android.app.ContextImpl.createResources(ContextImpl.java:2463)
05-15 10:51:48.921 777 777 W ResourcesManager: at android.app.ContextImpl.createConfigurationContext(ContextImpl.java:2609)
05-15 10:51:48.921 777 777 W ResourcesManager: at android.content.ContextWrapper.createConfigurationContext(ContextWrapper.java:1045)
05-15 10:51:48.921 777 777 W ResourcesManager: at com.android.systemui.util.leak.RotationUtils.getResourcesForRotation(RotationUtils.java:121)
05-15 10:51:48.921 777 777 W ResourcesManager: at com.android.systemui.statusbar.phone.StatusBarContentInsetsProvider.getStatusBarContentAreaForRotation(StatusBarContentInsetsProvider.kt:201)
05-15 10:51:48.921 777 777 W ResourcesManager: at com.android.systemui.statusbar.phone.StatusBarContentInsetsProvider.getBoundingRectForPrivacyChipForRotation(StatusBarContentInsetsProvider.kt:143)
05-15 10:51:48.921 777 777 W ResourcesManager: at com.android.systemui.statusbar.window.StatusBarWindowController.calculateStatusBarLocationsForAllRotations(StatusBarWindowController.java:239)
05-15 10:51:48.921 777 777 W ResourcesManager: at com.android.systemui.statusbar.window.StatusBarWindowController.attach(StatusBarWindowController.java:135)
05-15 10:51:48.921 777 777 W ResourcesManager: at com.android.systemui.statusbar.phone.StatusBar.createAndAddWindows(StatusBar.java:2428)
05-15 10:51:48.921 777 777 W ResourcesManager: at com.android.systemui.statusbar.phone.StatusBar.start(StatusBar.java:968)
05-15 10:51:48.921 777 777 W ResourcesManager: at com.android.systemui.SystemUIApplication.startServicesIfNeeded(SystemUIApplication.java:224)
05-15 10:51:48.921 777 777 W ResourcesManager: at com.android.systemui.SystemUIApplication.startServicesIfNeeded(SystemUIApplication.java:163)
05-15 10:51:48.921 777 777 W ResourcesManager: at com.android.systemui.SystemUIService.onCreate(SystemUIService.java:70)
05-15 10:51:48.921 777 777 W ResourcesManager: at android.app.ActivityThread.handleCreateService(ActivityThread.java:4554)
05-15 10:51:48.921 777 777 W ResourcesManager: at android.app.ActivityThread.access$1700(ActivityThread.java:256)
05-15 10:51:48.921 777 777 W ResourcesManager: at android.app.ActivityThread$H.handleMessage(ActivityThread.java:2110)
05-15 10:51:48.921 777 777 W ResourcesManager: at android.os.Handler.dispatchMessage(Handler.java:106)
05-15 10:51:48.921 777 777 W ResourcesManager: at android.os.Looper.loopOnce(Looper.java:201)
05-15 10:51:48.921 777 777 W ResourcesManager: at android.os.Looper.loop(Looper.java:288)
05-15 10:51:48.921 777 777 W ResourcesManager: at android.app.ActivityThread.main(ActivityThread.java:7870)
05-15 10:51:48.921 777 777 W ResourcesManager: at java.lang.reflect.Method.invoke(Native Method)
05-15 10:51:48.921 777 777 W ResourcesManager: at com.android.internal.os.RuntimeInit$MethodAndArgsCaller.run(RuntimeInit.java:548)
05-15 10:51:48.921 777 777 W ResourcesManager: at com.android.internal.os.ZygoteInit.main(ZygoteInit.java:1003)
05-15 10:51:48.921 621 621 E system_server: Invalid Idmap file: bad magic value (was 0x00000000, expected 0x504d4449)
05-15 10:51:48.921 621 621 E system_server: failed to load IDMAP /data/resource-cache/data@resource-cache@com.android.systemui-accent-b2QH.frro@idmap
05-15 10:51:48.922 777 777 E ndroid.systemu: Invalid Idmap file: bad magic value (was 0x00000000, expected 0x504d4449)
05-15 10:51:48.922 777 777 E ndroid.systemu: failed to load IDMAP /data/resource-cache/data@resource-cache@com.android.systemui-neutral-TLBr.frro@idmap
05-15 10:51:48.922 621 621 W ResourcesManager: failed to preload asset path '/data/resource-cache/com.android.systemui-accent-b2QH.frro'
05-15 10:51:48.922 621 621 W ResourcesManager: java.io.IOException: Failed to load asset path /data/resource-cache/data@resource-cache@com.android.systemui-accent-b2QH.frro@idmap
05-15 10:51:48.922 621 621 W ResourcesManager: at android.content.res.ApkAssets.nativeLoad(Native Method)
05-15 10:51:48.922 621 621 W ResourcesManager: at android.content.res.ApkAssets.(ApkAssets.java:295)
05-15 10:51:48.922 621 621 W ResourcesManager: at android.content.res.ApkAssets.loadOverlayFromPath(ApkAssets.java:215)
05-15 10:51:48.922 621 621 W ResourcesManager: at android.app.ResourcesManager.loadApkAssets(ResourcesManager.java:466)
05-15 10:51:48.922 621 621 W ResourcesManager: at android.app.ResourcesManager.access$000(ResourcesManager.java:85)
05-15 10:51:48.922 621 621 W ResourcesManager: at android.app.ResourcesManager$ApkAssetsSupplier.load(ResourcesManager.java:182)
05-15 10:51:48.922 621 621 W ResourcesManager: at android.app.ResourcesManager.createApkAssetsSupplierNotLocked(ResourcesManager.java:1035)
05-15 10:51:48.922 621 621 W ResourcesManager: at android.app.ResourcesManager.getResources(ResourcesManager.java:1156)
05-15 10:51:48.922 621 621 W ResourcesManager: at android.app.ContextImpl.createResources(ContextImpl.java:2463)
05-15 10:51:48.922 621 621 W ResourcesManager: at android.app.ContextImpl.createApplicationContext(ContextImpl.java:2492)
05-15 10:51:48.922 621 621 W ResourcesManager: at android.service.notification.StatusBarNotification.getPackageContext(StatusBarNotification.java:440)
05-15 10:51:48.922 621 621 W ResourcesManager: at com.android.server.notification.NotificationManagerService.maybeRecordInterruptionLocked(NotificationManagerService.java:2946)
05-15 10:51:48.922 621 621 W ResourcesManager: at com.android.server.notification.NotificationManagerService$PostNotificationRunnable.run(NotificationManagerService.java:7041)
05-15 10:51:48.922 621 621 W ResourcesManager: at android.os.Handler.handleCallback(Handler.java:938)
05-15 10:51:48.922 621 621 W ResourcesManager: at android.os.Handler.dispatchMessage(Handler.java:99)
05-15 10:51:48.922 621 621 W ResourcesManager: at android.os.Looper.loopOnce(Looper.java:201)
05-15 10:51:48.922 621 621 W ResourcesManager: at android.os.Looper.loop(Looper.java:288)
05-15 10:51:48.922 621 621 W ResourcesManager: at com.android.server.SystemServer.run(SystemServer.java:914)
05-15 10:51:48.922 621 621 W ResourcesManager: at com.android.server.SystemServer.main(SystemServer.java:623)
05-15 10:51:48.922 621 621 W ResourcesManager: at java.lang.reflect.Method.invoke(Native Method)
05-15 10:51:48.922 621 621 W ResourcesManager: at com.android.internal.os.RuntimeInit$MethodAndArgsCaller.run(RuntimeInit.java:548)
05-15 10:51:48.922 621 621 W ResourcesManager: at com.android.internal.os.ZygoteInit.main(ZygoteInit.java:981)
05-15 10:51:48.922 777 777 W ResourcesManager: failed to preload asset path '/data/resource-cache/com.android.systemui-neutral-TLBr.frro'
05-15 10:51:48.922 777 777 W ResourcesManager: java.io.IOException: Failed to load asset path /data/resource-cache/data@resource-cache@com.android.systemui-neutral-TLBr.frro@idmap
05-15 10:51:48.922 777 777 W ResourcesManager: at android.content.res.ApkAssets.nativeLoad(Native Method)
05-15 10:51:48.922 777 777 W ResourcesManager: at android.content.res.ApkAssets.(ApkAssets.java:295)
05-15 10:51:48.922 777 777 W ResourcesManager: at android.content.res.ApkAssets.loadOverlayFromPath(ApkAssets.java:215)
05-15 10:51:48.922 777 777 W ResourcesManager: at android.app.ResourcesManager.loadApkAssets(ResourcesManager.java:466)
05-15 10:51:48.922 777 777 W ResourcesManager: at android.app.ResourcesManager.access$000(ResourcesManager.java:85)
05-15 10:51:48.922 777 777 W ResourcesManager: at android.app.ResourcesManager$ApkAssetsSupplier.load(ResourcesManager.java:182)
05-15 10:51:48.922 777 777 W ResourcesManager: at android.app.ResourcesManager.createApkAssetsSupplierNotLocked(ResourcesManager.java:1035)
05-15 10:51:48.922 777 777 W ResourcesManager: at android.app.ResourcesManager.getResources(ResourcesManager.java:1156)
05-15 10:51:48.922 777 777 W ResourcesManager: at android.app.ContextImpl.createResources(ContextImpl.java:2463)
05-15 10:51:48.922 777 777 W ResourcesManager: at android.app.ContextImpl.createConfigurationContext(ContextImpl.java:2609)
05-15 10:51:48.922 777 777 W ResourcesManager: at android.content.ContextWrapper.createConfigurationContext(ContextWrapper.java:1045)
05-15 10:51:48.922 777 777 W ResourcesManager: at com.android.systemui.util.leak.RotationUtils.getResourcesForRotation(RotationUtils.java:121)
05-15 10:51:48.922 777 777 W ResourcesManager: at com.android.systemui.statusbar.phone.StatusBarContentInsetsProvider.getBoundingRectForPrivacyChipForRotation(StatusBarContentInsetsProvider.kt:146)
05-15 10:51:48.922 777 777 W ResourcesManager: at com.android.systemui.statusbar.window.StatusBarWindowController.calculateStatusBarLocationsForAllRotations(StatusBarWindowController.java:239)
05-15 10:51:48.922 777 777 W ResourcesManager: at com.android.systemui.statusbar.window.StatusBarWindowController.attach(StatusBarWindowController.java:135)
05-15 10:51:48.922 777 777 W ResourcesManager: at com.android.systemui.statusbar.phone.StatusBar.createAndAddWindows(StatusBar.java:2428)
05-15 10:51:48.922 777 777 W ResourcesManager: at com.android.systemui.statusbar.phone.StatusBar.start(StatusBar.java:968)
05-15 10:51:48.922 777 777 W ResourcesManager: at com.android.systemui.SystemUIApplication.startServicesIfNeeded(SystemUIApplication.java:224)
05-15 10:51:48.922 777 777 W ResourcesManager: at com.android.systemui.SystemUIApplication.startServicesIfNeeded(SystemUIApplication.java:163)
05-15 10:51:48.922 777 777 W ResourcesManager: at com.android.systemui.SystemUIService.onCreate(SystemUIService.java:70)
05-15 10:51:48.922 777 777 W ResourcesManager: at android.app.ActivityThread.handleCreateService(ActivityThread.java:4554)
05-15 10:51:48.922 777 777 W ResourcesManager: at android.app.ActivityThread.access$1700(ActivityThread.java:256)
05-15 10:51:48.922 777 777 W ResourcesManager: at android.app.ActivityThread$H.handleMessage(ActivityThread.java:2110)
05-15 10:51:48.922 777 777 W ResourcesManager: at android.os.Handler.dispatchMessage(Handler.java:106)
05-15 10:51:48.922 777 777 W ResourcesManager: at android.os.Looper.loopOnce(Looper.java:201)
05-15 10:51:48.922 777 777 W ResourcesManager: at android.os.Looper.loop(Looper.java:288)
05-15 10:51:48.922 777 777 W ResourcesManager: at android.app.ActivityThread.main(ActivityThread.java:7870)
05-15 10:51:48.922 777 777 W ResourcesManager: at java.lang.reflect.Method.invoke(Native Method)
05-15 10:51:48.922 777 777 W ResourcesManager: at com.android.internal.os.RuntimeInit$MethodAndArgsCaller.run(RuntimeInit.java:548)
05-15 10:51:48.922 777 777 W ResourcesManager: at com.android.internal.os.ZygoteInit.main(ZygoteInit.java:1003)
05-15 10:51:48.922 777 777 E ndroid.systemu: Invalid Idmap file: bad magic value (was 0x00000000, expected 0x504d4449)
05-15 10:51:48.922 621 621 E system_server: Invalid Idmap file: bad magic value (was 0x00000000, expected 0x504d4449)
05-15 10:51:48.922 777 777 E ndroid.systemu: failed to load IDMAP /data/resource-cache/data@resource-cache@com.android.systemui-accent-b2QH.frro@idmap
05-15 10:51:48.922 621 621 E system_server: failed to load IDMAP /data/resource-cache/data@resource-cache@com.android.systemui-neutral-TLBr.frro@idmap
05-15 10:51:48.922 777 777 W ResourcesManager: failed to preload asset path '/data/resource-cache/com.android.systemui-accent-b2QH.frro'
05-15 10:51:48.922 777 777 W ResourcesManager: java.io.IOException: Failed to load asset path /data/resource-cache/data@resource-cache@com.android.systemui-accent-b2QH.frro@idmap
05-15 10:51:48.922 777 777 W ResourcesManager: at android.content.res.ApkAssets.nativeLoad(Native Method)
05-15 10:51:48.922 777 777 W ResourcesManager: at android.content.res.ApkAssets.(ApkAssets.java:295)
05-15 10:51:48.922 777 777 W ResourcesManager: at android.content.res.ApkAssets.loadOverlayFromPath(ApkAssets.java:215)
05-15 10:51:48.922 777 777 W ResourcesManager: at android.app.ResourcesManager.loadApkAssets(ResourcesManager.java:466)
05-15 10:51:48.922 777 777 W ResourcesManager: at android.app.ResourcesManager.access$000(ResourcesManager.java:85)
05-15 10:51:48.922 777 777 W ResourcesManager: at android.app.ResourcesManager$ApkAssetsSupplier.load(ResourcesManager.java:182)
05-15 10:51:48.922 777 777 W ResourcesManager: at android.app.ResourcesManager.createApkAssetsSupplierNotLocked(ResourcesManager.java:1035)
05-15 10:51:48.922 777 777 W ResourcesManager: at android.app.ResourcesManager.getResources(ResourcesManager.java:1156)
05-15 10:51:48.922 777 777 W ResourcesManager: at android.app.ContextImpl.createResources(ContextImpl.java:2463)
05-15 10:51:48.922 777 777 W ResourcesManager: at android.app.ContextImpl.createConfigurationContext(ContextImpl.java:2609)
05-15 10:51:48.922 777 777 W ResourcesManager: at android.content.ContextWrapper.createConfigurationContext(ContextWrapper.java:1045)
05-15 10:51:48.922 777 777 W ResourcesManager: at com.android.systemui.util.leak.RotationUtils.getResourcesForRotation(RotationUtils.java:121)
05-15 10:51:48.922 777 777 W ResourcesManager: at com.android.systemui.statusbar.phone.StatusBarContentInsetsProvider.getBoundingRectForPrivacyChipForRotation(StatusBarContentInsetsProvider.kt:146)
05-15 10:51:48.922 777 777 W ResourcesManager: at com.android.systemui.statusbar.window.StatusBarWindowController.calculateStatusBarLocationsForAllRotations(StatusBarWindowController.java:239)
05-15 10:51:48.922 777 777 W ResourcesManager: at com.android.systemui.statusbar.window.StatusBarWindowController.attach(StatusBarWindowController.java:135)
05-15 10:51:48.922 777 777 W ResourcesManager: at com.android.systemui.statusbar.phone.StatusBar.createAndAddWindows(StatusBar.java:2428)
05-15 10:51:48.922 777 777 W ResourcesManager: at com.android.systemui.statusbar.phone.StatusBar.start(StatusBar.java:968)
05-15 10:51:48.922 777 777 W ResourcesManager: at com.android.systemui.SystemUIApplication.startServicesIfNeeded(SystemUIApplication.java:224)
05-15 10:51:48.922 777 777 W ResourcesManager: at com.android.systemui.SystemUIApplication.startServicesIfNeeded(SystemUIApplication.java:163)
05-15 10:51:48.922 777 777 W ResourcesManager: at com.android.systemui.SystemUIService.onCreate(SystemUIService.java:70)
05-15 10:51:48.922 777 777 W ResourcesManager: at android.app.ActivityThread.handleCreateService(ActivityThread.java:4554)
05-15 10:51:48.922 777 777 W ResourcesManager: at android.app.ActivityThread.access$1700(ActivityThread.java:256)
05-15 10:51:48.922 777 777 W ResourcesManager: at android.app.ActivityThread$H.handleMessage(ActivityThread.java:2110)
05-15 10:51:48.922 777 777 W ResourcesManager: at android.os.Handler.dispatchMessage(Handler.java:106)
05-15 10:51:48.922 777 777 W ResourcesManager: at android.os.Looper.loopOnce(Looper.java:201)
05-15 10:51:48.922 777 777 W ResourcesManager: at android.os.Looper.loop(Looper.java:288)
05-15 10:51:48.922 777 777 W ResourcesManager: at android.app.ActivityThread.main(ActivityThread.java:7870)
05-15 10:51:48.922 777 777 W ResourcesManager: at java.lang.reflect.Method.invoke(Native Method)
05-15 10:51:48.922 777 777 W ResourcesManager: at com.android.internal.os.RuntimeInit$MethodAndArgsCaller.run(RuntimeInit.java:548)
05-15 10:51:48.922 777 777 W ResourcesManager: at com.android.internal.os.ZygoteInit.main(ZygoteInit.java:1003)
05-15 10:51:48.922 777 777 E ndroid.systemu: Invalid Idmap file: bad magic value (was 0x00000000, expected 0x504d4449)
05-15 10:51:48.922 777 777 E ndroid.systemu: failed to load IDMAP /data/resource-cache/data@resource-cache@com.android.systemui-neutral-TLBr.frro@idmap
05-15 10:51:48.922 621 621 W ResourcesManager: failed to add overlay path '/data/resource-cache/com.android.systemui-neutral-TLBr.frro'
05-15 10:51:48.922 621 621 W ResourcesManager: java.io.IOException: Failed to load asset path /data/resource-cache/data@resource-cache@com.android.systemui-neutral-TLBr.frro@idmap
05-15 10:51:48.922 621 621 W ResourcesManager: at android.content.res.ApkAssets.nativeLoad(Native Method)
05-15 10:51:48.922 621 621 W ResourcesManager: at android.content.res.ApkAssets.(ApkAssets.java:295)
05-15 10:51:48.922 621 621 W ResourcesManager: at android.content.res.ApkAssets.loadOverlayFromPath(ApkAssets.java:215)
05-15 10:51:48.922 621 621 W ResourcesManager: at android.app.ResourcesManager.loadApkAssets(ResourcesManager.java:466)
05-15 10:51:48.922 621 621 W ResourcesManager: at android.app.ResourcesManager.access$000(ResourcesManager.java:85)
05-15 10:51:48.922 621 621 W ResourcesManager: at android.app.ResourcesManager$ApkAssetsSupplier.load(ResourcesManager.java:182)
05-15 10:51:48.922 621 621 W ResourcesManager: at android.app.ResourcesManager.createAssetManager(ResourcesManager.java:544)
05-15 10:51:48.922 621 621 W ResourcesManager: at android.app.ResourcesManager.createResourcesImpl(ResourcesManager.java:626)
05-15 10:51:48.922 621 621 W ResourcesManager: at android.app.ResourcesManager.findOrCreateResourcesImplForKeyLocked(ResourcesManager.java:719)
05-15 10:51:48.922 621 621 W ResourcesManager: at android.app.ResourcesManager.createResources(ResourcesManager.java:1066)
05-15 10:51:48.922 621 621 W ResourcesManager: at android.app.ResourcesManager.getResources(ResourcesManager.java:1169)
05-15 10:51:48.922 621 621 W ResourcesManager: at android.app.ContextImpl.createResources(ContextImpl.java:2463)
05-15 10:51:48.922 621 621 W ResourcesManager: at android.app.ContextImpl.createApplicationContext(ContextImpl.java:2492)
05-15 10:51:48.922 621 621 W ResourcesManager: at android.service.notification.StatusBarNotification.getPackageContext(StatusBarNotification.java:440)
05-15 10:51:48.922 621 621 W ResourcesManager: at com.android.server.notification.NotificationManagerService.maybeRecordInterruptionLocked(NotificationManagerService.java:2946)
05-15 10:51:48.922 621 621 W ResourcesManager: at com.android.server.notification.NotificationManagerService$PostNotificationRunnable.run(NotificationManagerService.java:7041)
05-15 10:51:48.922 621 621 W ResourcesManager: at android.os.Handler.handleCallback(Handler.java:938)
05-15 10:51:48.922 621 621 W ResourcesManager: at android.os.Handler.dispatchMessage(Handler.java:99)
05-15 10:51:48.922 621 621 W ResourcesManager: at android.os.Looper.loopOnce(Looper.java:201)
05-15 10:51:48.922 621 621 W ResourcesManager: at android.os.Looper.loop(Looper.java:288)
05-15 10:51:48.922 621 621 W ResourcesManager: at com.android.server.SystemServer.run(SystemServer.java:914)
05-15 10:51:48.922 621 621 W ResourcesManager: at com.android.server.SystemServer.main(SystemServer.java:623)
05-15 10:51:48.922 621 621 W ResourcesManager: at java.lang.reflect.Method.invoke(Native Method)
05-15 10:51:48.922 621 621 W ResourcesManager: at com.android.internal.os.RuntimeInit$MethodAndArgsCaller.run(RuntimeInit.java:548)
05-15 10:51:48.922 621 621 W ResourcesManager: at com.android.internal.os.ZygoteInit.main(ZygoteInit.java:981)
05-15 10:51:48.922 777 777 W ResourcesManager: failed to preload asset path '/data/resource-cache/com.android.systemui-neutral-TLBr.frro'
05-15 10:51:48.922 777 777 W ResourcesManager: java.io.IOException: Failed to load asset path /data/resource-cache/data@resource-cache@com.android.systemui-neutral-TLBr.frro@idmap
05-15 10:51:48.922 777 777 W ResourcesManager: at android.content.res.ApkAssets.nativeLoad(Native Method)
05-15 10:51:48.922 777 777 W ResourcesManager: at android.content.res.ApkAssets.(ApkAssets.java:295)
05-15 10:51:48.922 777 777 W ResourcesManager: at android.content.res.ApkAssets.loadOverlayFromPath(ApkAssets.java:215)
05-15 10:51:48.922 777 777 W ResourcesManager: at android.app.ResourcesManager.loadApkAssets(ResourcesManager.java:466)
05-15 10:51:48.922 777 777 W ResourcesManager: at android.app.ResourcesManager.access$000(ResourcesManager.java:85)
05-15 10:51:48.922 777 777 W ResourcesManager: at android.app.ResourcesManager$ApkAssetsSupplier.load(ResourcesManager.java:182)
05-15 10:51:48.922 777 777 W ResourcesManager: at android.app.ResourcesManager.createApkAssetsSupplierNotLocked(ResourcesManager.java:1035)
05-15 10:51:48.922 777 777 W ResourcesManager: at android.app.ResourcesManager.getResources(ResourcesManager.java:1156)
05-15 10:51:48.922 777 777 W ResourcesManager: at android.app.ContextImpl.createResources(ContextImpl.java:2463)
05-15 10:51:48.922 777 777 W ResourcesManager: at android.app.ContextImpl.createConfigurationContext(ContextImpl.java:2609)
05-15 10:51:48.922 777 777 W ResourcesManager: at android.content.ContextWrapper.createConfigurationContext(ContextWrapper.java:1045)
05-15 10:51:48.922 777 777 W ResourcesManager: at com.android.systemui.util.leak.RotationUtils.getResourcesForRotation(RotationUtils.java:121)
05-15 10:51:48.922 777 777 W ResourcesManager: at com.android.systemui.statusbar.phone.StatusBarContentInsetsProvider.getStatusBarContentAreaForRotation(StatusBarContentInsetsProvider.kt:201)
05-15 10:51:48.922 777 777 W ResourcesManager: at com.android.systemui.statusbar.phone.StatusBarContentInsetsProvider.getBoundingRectForPrivacyChipForRotation(StatusBarContentInsetsProvider.kt:143)
05-15 10:51:48.922 777 777 W ResourcesManager: at com.android.systemui.statusbar.window.StatusBarWindowController.calculateStatusBarLocationsForAllRotations(StatusBarWindowController.java:241)
05-15 10:51:48.922 777 777 W ResourcesManager: at com.android.systemui.statusbar.window.StatusBarWindowController.attach(StatusBarWindowController.java:135)
05-15 10:51:48.922 777 777 W ResourcesManager: at com.android.systemui.statusbar.phone.StatusBar.createAndAddWindows(StatusBar.java:2428)
05-15 10:51:48.922 777 777 W ResourcesManager: at com.android.systemui.statusbar.phone.StatusBar.start(StatusBar.java:968)
05-15 10:51:48.922 777 777 W ResourcesManager: at com.android.systemui.SystemUIApplication.startServicesIfNeeded(SystemUIApplication.java:224)
05-15 10:51:48.922 777 777 W ResourcesManager: at com.android.systemui.SystemUIApplication.startServicesIfNeeded(SystemUIApplication.java:163)
05-15 10:51:48.922 777 777 W ResourcesManager: at com.android.systemui.SystemUIService.onCreate(SystemUIService.java:70)
05-15 10:51:48.922 777 777 W ResourcesManager: at android.app.ActivityThread.handleCreateService(ActivityThread.java:4554)
05-15 10:51:48.922 777 777 W ResourcesManager: at android.app.ActivityThread.access$1700(ActivityThread.java:256)
05-15 10:51:48.922 777 777 W ResourcesManager: at android.app.ActivityThread$H.handleMessage(ActivityThread.java:2110)
05-15 10:51:48.922 777 777 W ResourcesManager: at android.os.Handler.dispatchMessage(Handler.java:106)
05-15 10:51:48.922 777 777 W ResourcesManager: at android.os.Looper.loopOnce(Looper.java:201)
05-15 10:51:48.922 777 777 W ResourcesManager: at android.os.Looper.loop(Looper.java:288)
05-15 10:51:48.922 777 777 W ResourcesManager: at android.app.ActivityThread.main(ActivityThread.java:7870)
05-15 10:51:48.922 777 777 W ResourcesManager: at java.lang.reflect.Method.invoke(Native Method)
05-15 10:51:48.922 777 777 W ResourcesManager: at com.android.internal.os.RuntimeInit$MethodAndArgsCaller.run(RuntimeInit.java:548)
05-15 10:51:48.922 777 777 W ResourcesManager: at com.android.internal.os.ZygoteInit.main(ZygoteInit.java:1003)
05-15 10:51:48.922 777 777 E ndroid.systemu: Invalid Idmap file: bad magic value (was 0x00000000, expected 0x504d4449)
05-15 10:51:48.922 777 777 E ndroid.systemu: failed to load IDMAP /data/resource-cache/data@resource-cache@com.android.systemui-accent-b2QH.frro@idmap
05-15 10:51:48.922 621 621 E system_server: Invalid Idmap file: bad magic value (was 0x00000000, expected 0x504d4449)
05-15 10:51:48.922 621 621 E system_server: failed to load IDMAP /data/resource-cache/data@resource-cache@com.android.systemui-accent-b2QH.frro@idmap
05-15 10:51:48.923 777 777 W ResourcesManager: failed to preload asset path '/data/resource-cache/com.android.systemui-accent-b2QH.frro'
05-15 10:51:48.923 777 777 W ResourcesManager: java.io.IOException: Failed to load asset path /data/resource-cache/data@resource-cache@com.android.systemui-accent-b2QH.frro@idmap
05-15 10:51:48.923 777 777 W ResourcesManager: at android.content.res.ApkAssets.nativeLoad(Native Method)
05-15 10:51:48.923 777 777 W ResourcesManager: at android.content.res.ApkAssets.(ApkAssets.java:295)
05-15 10:51:48.923 777 777 W ResourcesManager: at android.content.res.ApkAssets.loadOverlayFromPath(ApkAssets.java:215)
05-15 10:51:48.923 777 777 W ResourcesManager: at android.app.ResourcesManager.loadApkAssets(ResourcesManager.java:466)
05-15 10:51:48.923 777 777 W ResourcesManager: at android.app.ResourcesManager.access$000(ResourcesManager.java:85)
05-15 10:51:48.923 777 777 W ResourcesManager: at android.app.ResourcesManager$ApkAssetsSupplier.load(ResourcesManager.java:182)
05-15 10:51:48.923 777 777 W ResourcesManager: at android.app.ResourcesManager.createApkAssetsSupplierNotLocked(ResourcesManager.java:1035)
05-15 10:51:48.923 777 777 W ResourcesManager: at android.app.ResourcesManager.getResources(ResourcesManager.java:1156)
05-15 10:51:48.923 777 777 W ResourcesManager: at android.app.ContextImpl.createResources(ContextImpl.java:2463)
05-15 10:51:48.923 777 777 W ResourcesManager: at android.app.ContextImpl.createConfigurationContext(ContextImpl.java:2609)
05-15 10:51:48.923 777 777 W ResourcesManager: at android.content.ContextWrapper.createConfigurationContext(ContextWrapper.java:1045)
05-15 10:51:48.923 777 777 W ResourcesManager: at com.android.systemui.util.leak.RotationUtils.getResourcesForRotation(RotationUtils.java:121)
05-15 10:51:48.923 777 777 W ResourcesManager: at com.android.systemui.statusbar.phone.StatusBarContentInsetsProvider.getStatusBarContentAreaForRotation(StatusBarContentInsetsProvider.kt:201)
05-15 10:51:48.923 777 777 W ResourcesManager: at com.android.systemui.statusbar.phone.StatusBarContentInsetsProvider.getBoundingRectForPrivacyChipForRotation(StatusBarContentInsetsProvider.kt:143)
05-15 10:51:48.923 777 777 W ResourcesManager: at com.android.systemui.statusbar.window.StatusBarWindowController.calculateStatusBarLocationsForAllRotations(StatusBarWindowController.java:241)
05-15 10:51:48.923 777 777 W ResourcesManager: at com.android.systemui.statusbar.window.StatusBarWindowController.attach(StatusBarWindowController.java:135)
05-15 10:51:48.923 777 777 W ResourcesManager: at com.android.systemui.statusbar.phone.StatusBar.createAndAddWindows(StatusBar.java:2428)
05-15 10:51:48.923 777 777 W ResourcesManager: at com.android.systemui.statusbar.phone.StatusBar.start(StatusBar.java:968)
05-15 10:51:48.923 777 777 W ResourcesManager: at com.android.systemui.SystemUIApplication.startServicesIfNeeded(SystemUIApplication.java:224)
05-15 10:51:48.923 777 777 W ResourcesManager: at com.android.systemui.SystemUIApplication.startServicesIfNeeded(SystemUIApplication.java:163)
05-15 10:51:48.923 777 777 W ResourcesManager: at com.android.systemui.SystemUIService.onCreate(SystemUIService.java:70)
05-15 10:51:48.923 777 777 W ResourcesManager: at android.app.ActivityThread.handleCreateService(ActivityThread.java:4554)
05-15 10:51:48.923 777 777 W ResourcesManager: at android.app.ActivityThread.access$1700(ActivityThread.java:256)
05-15 10:51:48.923 777 777 W ResourcesManager: at android.app.ActivityThread$H.handleMessage(ActivityThread.java:2110)
05-15 10:51:48.923 777 777 W ResourcesManager: at android.os.Handler.dispatchMessage(Handler.java:106)
05-15 10:51:48.923 777 777 W ResourcesManager: at android.os.Looper.loopOnce(Looper.java:201)
05-15 10:51:48.923 777 777 W ResourcesManager: at android.os.Looper.loop(Looper.java:288)
05-15 10:51:48.923 777 777 W ResourcesManager: at android.app.ActivityThread.main(ActivityThread.java:7870)
05-15 10:51:48.923 777 777 W ResourcesManager: at java.lang.reflect.Method.invoke(Native Method)
05-15 10:51:48.923 777 777 W ResourcesManager: at com.android.internal.os.RuntimeInit$MethodAndArgsCaller.run(RuntimeInit.java:548)
05-15 10:51:48.923 777 777 W ResourcesManager: at com.android.internal.os.ZygoteInit.main(ZygoteInit.java:1003)
05-15 10:51:48.923 777 777 E ndroid.systemu: Invalid Idmap file: bad magic value (was 0x00000000, expected 0x504d4449)
05-15 10:51:48.923 777 777 E ndroid.systemu: failed to load IDMAP /data/resource-cache/data@resource-cache@com.android.systemui-neutral-TLBr.frro@idmap
05-15 10:51:48.923 777 777 W ResourcesManager: failed to preload asset path '/data/resource-cache/com.android.systemui-neutral-TLBr.frro'
05-15 10:51:48.923 777 777 W ResourcesManager: java.io.IOException: Failed to load asset path /data/resource-cache/data@resource-cache@com.android.systemui-neutral-TLBr.frro@idmap
05-15 10:51:48.923 777 777 W ResourcesManager: at android.content.res.ApkAssets.nativeLoad(Native Method)
05-15 10:51:48.923 777 777 W ResourcesManager: at android.content.res.ApkAssets.(ApkAssets.java:295)
05-15 10:51:48.923 777 777 W ResourcesManager: at android.content.res.ApkAssets.loadOverlayFromPath(ApkAssets.java:215)
05-15 10:51:48.923 777 777 W ResourcesManager: at android.app.ResourcesManager.loadApkAssets(ResourcesManager.java:466)
05-15 10:51:48.923 777 777 W ResourcesManager: at android.app.ResourcesManager.access$000(ResourcesManager.java:85)
05-15 10:51:48.923 777 777 W ResourcesManager: at android.app.ResourcesManager$ApkAssetsSupplier.load(ResourcesManager.java:182)
05-15 10:51:48.923 777 777 W ResourcesManager: at android.app.ResourcesManager.createApkAssetsSupplierNotLocked(ResourcesManager.java:1035)
05-15 10:51:48.923 777 777 W ResourcesManager: at android.app.ResourcesManager.getResources(ResourcesManager.java:1156)
05-15 10:51:48.923 777 777 W ResourcesManager: at android.app.ContextImpl.createResources(ContextImpl.java:2463)
05-15 10:51:48.923 777 777 W ResourcesManager: at android.app.ContextImpl.createConfigurationContext(ContextImpl.java:2609)
05-15 10:51:48.923 777 777 W ResourcesManager: at android.content.ContextWrapper.createConfigurationContext(ContextWrapper.java:1045)
05-15 10:51:48.923 777 777 W ResourcesManager: at com.android.systemui.util.leak.RotationUtils.getResourcesForRotation(RotationUtils.java:121)
05-15 10:51:48.923 777 777 W ResourcesManager: at com.android.systemui.statusbar.phone.StatusBarContentInsetsProvider.getBoundingRectForPrivacyChipForRotation(StatusBarContentInsetsProvider.kt:146)
05-15 10:51:48.923 777 777 W ResourcesManager: at com.android.systemui.statusbar.window.StatusBarWindowController.calculateStatusBarLocationsForAllRotations(StatusBarWindowController.java:241)
05-15 10:51:48.923 777 777 W ResourcesManager: at com.android.systemui.statusbar.window.StatusBarWindowController.attach(StatusBarWindowController.java:135)
05-15 10:51:48.923 777 777 W ResourcesManager: at com.android.systemui.statusbar.phone.StatusBar.createAndAddWindows(StatusBar.java:2428)
05-15 10:51:48.923 777 777 W ResourcesManager: at com.android.systemui.statusbar.phone.StatusBar.start(StatusBar.java:968)
05-15 10:51:48.923 777 777 W ResourcesManager: at com.android.systemui.SystemUIApplication.startServicesIfNeeded(SystemUIApplication.java:224)
05-15 10:51:48.923 777 777 W ResourcesManager: at com.android.systemui.SystemUIApplication.startServicesIfNeeded(SystemUIApplication.java:163)
05-15 10:51:48.923 777 777 W ResourcesManager: at com.android.systemui.SystemUIService.onCreate(SystemUIService.java:70)
05-15 10:51:48.923 777 777 W ResourcesManager: at android.app.ActivityThread.handleCreateService(ActivityThread.java:4554)
05-15 10:51:48.923 777 777 W ResourcesManager: at android.app.ActivityThread.access$1700(ActivityThread.java:256)
05-15 10:51:48.923 777 777 W ResourcesManager: at android.app.ActivityThread$H.handleMessage(ActivityThread.java:2110)
05-15 10:51:48.923 777 777 W ResourcesManager: at android.os.Handler.dispatchMessage(Handler.java:106)
05-15 10:51:48.923 777 777 W ResourcesManager: at android.os.Looper.loopOnce(Looper.java:201)
05-15 10:51:48.923 777 777 W ResourcesManager: at android.os.Looper.loop(Looper.java:288)
05-15 10:51:48.923 777 777 W ResourcesManager: at android.app.ActivityThread.main(ActivityThread.java:7870)
05-15 10:51:48.923 777 777 W ResourcesManager: at java.lang.reflect.Method.invoke(Native Method)
05-15 10:51:48.923 777 777 W ResourcesManager: at com.android.internal.os.RuntimeInit$MethodAndArgsCaller.run(RuntimeInit.java:548)
05-15 10:51:48.923 777 777 W ResourcesManager: at com.android.internal.os.ZygoteInit.main(ZygoteInit.java:1003)
05-15 10:51:48.923 621 621 W ResourcesManager: failed to add overlay path '/data/resource-cache/com.android.systemui-accent-b2QH.frro'
05-15 10:51:48.923 621 621 W ResourcesManager: java.io.IOException: Failed to load asset path /data/resource-cache/data@resource-cache@com.android.systemui-accent-b2QH.frro@idmap
05-15 10:51:48.923 621 621 W ResourcesManager: at android.content.res.ApkAssets.nativeLoad(Native Method)
05-15 10:51:48.923 621 621 W ResourcesManager: at android.content.res.ApkAssets.(ApkAssets.java:295)
05-15 10:51:48.923 621 621 W ResourcesManager: at android.content.res.ApkAssets.loadOverlayFromPath(ApkAssets.java:215)
05-15 10:51:48.923 621 621 W ResourcesManager: at android.app.ResourcesManager.loadApkAssets(ResourcesManager.java:466)
05-15 10:51:48.923 621 621 W ResourcesManager: at android.app.ResourcesManager.access$000(ResourcesManager.java:85)
05-15 10:51:48.923 621 621 W ResourcesManager: at android.app.ResourcesManager$ApkAssetsSupplier.load(ResourcesManager.java:182)
05-15 10:51:48.923 621 621 W ResourcesManager: at android.app.ResourcesManager.createAssetManager(ResourcesManager.java:544)
05-15 10:51:48.923 621 621 W ResourcesManager: at android.app.ResourcesManager.createResourcesImpl(ResourcesManager.java:626)
05-15 10:51:48.923 621 621 W ResourcesManager: at android.app.ResourcesManager.findOrCreateResourcesImplForKeyLocked(ResourcesManager.java:719)
05-15 10:51:48.923 621 621 W ResourcesManager: at android.app.ResourcesManager.createResources(ResourcesManager.java:1066)
05-15 10:51:48.923 621 621 W ResourcesManager: at android.app.ResourcesManager.getResources(ResourcesManager.java:1169)
05-15 10:51:48.923 621 621 W ResourcesManager: at android.app.ContextImpl.createResources(ContextImpl.java:2463)
05-15 10:51:48.923 621 621 W ResourcesManager: at android.app.ContextImpl.createApplicationContext(ContextImpl.java:2492)
05-15 10:51:48.923 621 621 W ResourcesManager: at android.service.notification.StatusBarNotification.getPackageContext(StatusBarNotification.java:440)
05-15 10:51:48.923 621 621 W ResourcesManager: at com.android.server.notification.NotificationManagerService.maybeRecordInterruptionLocked(NotificationManagerService.java:2946)
05-15 10:51:48.923 621 621 W ResourcesManager: at com.android.server.notification.NotificationManagerService$PostNotificationRunnable.run(NotificationManagerService.java:7041)
05-15 10:51:48.923 621 621 W ResourcesManager: at android.os.Handler.handleCallback(Handler.java:938)
05-15 10:51:48.923 621 621 W ResourcesManager: at android.os.Handler.dispatchMessage(Handler.java:99)
05-15 10:51:48.923 621 621 W ResourcesManager: at android.os.Looper.loopOnce(Looper.java:201)
05-15 10:51:48.923 621 621 W ResourcesManager: at android.os.Looper.loop(Looper.java:288)
05-15 10:51:48.923 621 621 W ResourcesManager: at com.android.server.SystemServer.run(SystemServer.java:914)
05-15 10:51:48.923 621 621 W ResourcesManager: at com.android.server.SystemServer.main(SystemServer.java:623)
05-15 10:51:48.923 621 621 W ResourcesManager: at java.lang.reflect.Method.invoke(Native Method)
05-15 10:51:48.923 621 621 W ResourcesManager: at com.android.internal.os.RuntimeInit$MethodAndArgsCaller.run(RuntimeInit.java:548)
05-15 10:51:48.923 621 621 W ResourcesManager: at com.android.internal.os.ZygoteInit.main(ZygoteInit.java:981)
05-15 10:51:48.923 777 777 E ndroid.systemu: Invalid Idmap file: bad magic value (was 0x00000000, expected 0x504d4449)
05-15 10:51:48.923 777 777 E ndroid.systemu: failed to load IDMAP /data/resource-cache/data@resource-cache@com.android.systemui-accent-b2QH.frro@idmap
05-15 10:51:48.923 777 777 W ResourcesManager: failed to preload asset path '/data/resource-cache/com.android.systemui-accent-b2QH.frro'
05-15 10:51:48.923 777 777 W ResourcesManager: java.io.IOException: Failed to load asset path /data/resource-cache/data@resource-cache@com.android.systemui-accent-b2QH.frro@idmap
05-15 10:51:48.923 777 777 W ResourcesManager: at android.content.res.ApkAssets.nativeLoad(Native Method)
05-15 10:51:48.923 777 777 W ResourcesManager: at android.content.res.ApkAssets.(ApkAssets.java:295)
05-15 10:51:48.923 777 777 W ResourcesManager: at android.content.res.ApkAssets.loadOverlayFromPath(ApkAssets.java:215)
05-15 10:51:48.923 777 777 W ResourcesManager: at android.app.ResourcesManager.loadApkAssets(ResourcesManager.java:466)
05-15 10:51:48.923 777 777 W ResourcesManager: at android.app.ResourcesManager.access$000(ResourcesManager.java:85)
05-15 10:51:48.923 777 777 W ResourcesManager: at android.app.ResourcesManager$ApkAssetsSupplier.load(ResourcesManager.java:182)
05-15 10:51:48.923 777 777 W ResourcesManager: at android.app.ResourcesManager.createApkAssetsSupplierNotLocked(ResourcesManager.java:1035)
05-15 10:51:48.923 777 777 W ResourcesManager: at android.app.ResourcesManager.getResources(ResourcesManager.java:1156)
05-15 10:51:48.923 777 777 W ResourcesManager: at android.app.ContextImpl.createResources(ContextImpl.java:2463)
05-15 10:51:48.923 777 777 W ResourcesManager: at android.app.ContextImpl.createConfigurationContext(ContextImpl.java:2609)
05-15 10:51:48.923 777 777 W ResourcesManager: at android.content.ContextWrapper.createConfigurationContext(ContextWrapper.java:1045)
05-15 10:51:48.923 777 777 W ResourcesManager: at com.android.systemui.util.leak.RotationUtils.getResourcesForRotation(RotationUtils.java:121)
05-15 10:51:48.923 777 777 W ResourcesManager: at com.android.systemui.statusbar.phone.StatusBarContentInsetsProvider.getBoundingRectForPrivacyChipForRotation(StatusBarContentInsetsProvider.kt:146)
05-15 10:51:48.923 777 777 W ResourcesManager: at com.android.systemui.statusbar.window.StatusBarWindowController.calculateStatusBarLocationsForAllRotations(StatusBarWindowController.java:241)
05-15 10:51:48.923 777 777 W ResourcesManager: at com.android.systemui.statusbar.window.StatusBarWindowController.attach(StatusBarWindowController.java:135)
05-15 10:51:48.923 777 777 W ResourcesManager: at com.android.systemui.statusbar.phone.StatusBar.createAndAddWindows(StatusBar.java:2428)
05-15 10:51:48.923 777 777 W ResourcesManager: at com.android.systemui.statusbar.phone.StatusBar.start(StatusBar.java:968)
05-15 10:51:48.923 777 777 W ResourcesManager: at com.android.systemui.SystemUIApplication.startServicesIfNeeded(SystemUIApplication.java:224)
05-15 10:51:48.923 777 777 W ResourcesManager: at com.android.systemui.SystemUIApplication.startServicesIfNeeded(SystemUIApplication.java:163)
05-15 10:51:48.923 777 777 W ResourcesManager: at com.android.systemui.SystemUIService.onCreate(SystemUIService.java:70)
05-15 10:51:48.923 777 777 W ResourcesManager: at android.app.ActivityThread.handleCreateService(ActivityThread.java:4554)
05-15 10:51:48.923 777 777 W ResourcesManager: at android.app.ActivityThread.access$1700(ActivityThread.java:256)
05-15 10:51:48.923 777 777 W ResourcesManager: at android.app.ActivityThread$H.handleMessage(ActivityThread.java:2110)
05-15 10:51:48.923 777 777 W ResourcesManager: at android.os.Handler.dispatchMessage(Handler.java:106)
05-15 10:51:48.923 777 777 W ResourcesManager: at android.os.Looper.loopOnce(Looper.java:201)
05-15 10:51:48.923 777 777 W ResourcesManager: at android.os.Looper.loop(Looper.java:288)
05-15 10:51:48.923 777 777 W ResourcesManager: at android.app.ActivityThread.main(ActivityThread.java:7870)
05-15 10:51:48.923 777 777 W ResourcesManager: at java.lang.reflect.Method.invoke(Native Method)
05-15 10:51:48.923 777 777 W ResourcesManager: at com.android.internal.os.RuntimeInit$MethodAndArgsCaller.run(RuntimeInit.java:548)
05-15 10:51:48.923 777 777 W ResourcesManager: at com.android.internal.os.ZygoteInit.main(ZygoteInit.java:1003)
05-15 10:51:48.923 777 777 E ndroid.systemu: Invalid Idmap file: bad magic value (was 0x00000000, expected 0x504d4449)
05-15 10:51:48.923 777 777 E ndroid.systemu: failed to load IDMAP /data/resource-cache/data@resource-cache@com.android.systemui-neutral-TLBr.frro@idmap
05-15 10:51:48.923 777 777 W ResourcesManager: failed to preload asset path '/data/resource-cache/com.android.systemui-neutral-TLBr.frro'
05-15 10:51:48.923 777 777 W ResourcesManager: java.io.IOException: Failed to load asset path /data/resource-cache/data@resource-cache@com.android.systemui-neutral-TLBr.frro@idmap
05-15 10:51:48.923 777 777 W ResourcesManager: at android.content.res.ApkAssets.nativeLoad(Native Method)
05-15 10:51:48.923 777 777 W ResourcesManager: at android.content.res.ApkAssets.(ApkAssets.java:295)
05-15 10:51:48.923 777 777 W ResourcesManager: at android.content.res.ApkAssets.loadOverlayFromPath(ApkAssets.java:215)
05-15 10:51:48.923 777 777 W ResourcesManager: at android.app.ResourcesManager.loadApkAssets(ResourcesManager.java:466)
05-15 10:51:48.923 777 777 W ResourcesManager: at android.app.ResourcesManager.access$000(ResourcesManager.java:85)
05-15 10:51:48.923 777 777 W ResourcesManager: at android.app.ResourcesManager$ApkAssetsSupplier.load(ResourcesManager.java:182)
05-15 10:51:48.923 777 777 W ResourcesManager: at android.app.ResourcesManager.createApkAssetsSupplierNotLocked(ResourcesManager.java:1035)
05-15 10:51:48.923 777 777 W ResourcesManager: at android.app.ResourcesManager.getResources(ResourcesManager.java:1156)
05-15 10:51:48.923 777 777 W ResourcesManager: at android.app.ContextImpl.createResources(ContextImpl.java:2463)
05-15 10:51:48.923 777 777 W ResourcesManager: at android.app.ContextImpl.createConfigurationContext(ContextImpl.java:2609)
05-15 10:51:48.923 777 777 W ResourcesManager: at android.content.ContextWrapper.createConfigurationContext(ContextWrapper.java:1045)
05-15 10:51:48.923 777 777 W ResourcesManager: at com.android.systemui.util.leak.RotationUtils.getResourcesForRotation(RotationUtils.java:121)
05-15 10:51:48.923 777 777 W ResourcesManager: at com.android.systemui.statusbar.phone.StatusBarContentInsetsProvider.getStatusBarContentAreaForRotation(StatusBarContentInsetsProvider.kt:201)
05-15 10:51:48.923 777 777 W ResourcesManager: at com.android.systemui.statusbar.phone.StatusBarContentInsetsProvider.getBoundingRectForPrivacyChipForRotation(StatusBarContentInsetsProvider.kt:143)
05-15 10:51:48.923 777 777 W ResourcesManager: at com.android.systemui.statusbar.window.StatusBarWindowController.calculateStatusBarLocationsForAllRotations(StatusBarWindowController.java:243)
05-15 10:51:48.923 777 777 W ResourcesManager: at com.android.systemui.statusbar.window.StatusBarWindowController.attach(StatusBarWindowController.java:135)
05-15 10:51:48.923 777 777 W ResourcesManager: at com.android.systemui.statusbar.phone.StatusBar.createAndAddWindows(StatusBar.java:2428)
05-15 10:51:48.923 777 777 W ResourcesManager: at com.android.systemui.statusbar.phone.StatusBar.start(StatusBar.java:968)
05-15 10:51:48.923 777 777 W ResourcesManager: at com.android.systemui.SystemUIApplication.startServicesIfNeeded(SystemUIApplication.java:224)
05-15 10:51:48.923 777 777 W ResourcesManager: at com.android.systemui.SystemUIApplication.startServicesIfNeeded(SystemUIApplication.java:163)
05-15 10:51:48.923 777 777 W ResourcesManager: at com.android.systemui.SystemUIService.onCreate(SystemUIService.java:70)
05-15 10:51:48.923 777 777 W ResourcesManager: at android.app.ActivityThread.handleCreateService(ActivityThread.java:4554)
05-15 10:51:48.923 777 777 W ResourcesManager: at android.app.ActivityThread.access$1700(ActivityThread.java:256)
05-15 10:51:48.923 777 777 W ResourcesManager: at android.app.ActivityThread$H.handleMessage(ActivityThread.java:2110)
05-15 10:51:48.923 777 777 W ResourcesManager: at android.os.Handler.dispatchMessage(Handler.java:106)
05-15 10:51:48.923 777 777 W ResourcesManager: at android.os.Looper.loopOnce(Looper.java:201)
05-15 10:51:48.923 777 777 W ResourcesManager: at android.os.Looper.loop(Looper.java:288)
05-15 10:51:48.923 777 777 W ResourcesManager: at android.app.ActivityThread.main(ActivityThread.java:7870)
05-15 10:51:48.923 777 777 W ResourcesManager: at java.lang.reflect.Method.invoke(Native Method)
05-15 10:51:48.923 777 777 W ResourcesManager: at com.android.internal.os.RuntimeInit$MethodAndArgsCaller.run(RuntimeInit.java:548)
05-15 10:51:48.923 777 777 W ResourcesManager: at com.android.internal.os.ZygoteInit.main(ZygoteInit.java:1003)
05-15 10:51:48.923 621 621 E system_server: Invalid Idmap file: bad magic value (was 0x00000000, expected 0x504d4449)
05-15 10:51:48.923 777 777 E ndroid.systemu: Invalid Idmap file: bad magic value (was 0x00000000, expected 0x504d4449)
05-15 10:51:48.923 777 777 E ndroid.systemu: failed to load IDMAP /data/resource-cache/data@resource-cache@com.android.systemui-accent-b2QH.frro@idmap
05-15 10:51:48.923 621 621 E system_server: failed to load IDMAP /data/resource-cache/data@resource-cache@com.android.systemui-neutral-TLBr.frro@idmap
05-15 10:51:48.924 777 777 W ResourcesManager: failed to preload asset path '/data/resource-cache/com.android.systemui-accent-b2QH.frro'
05-15 10:51:48.924 777 777 W ResourcesManager: java.io.IOException: Failed to load asset path /data/resource-cache/data@resource-cache@com.android.systemui-accent-b2QH.frro@idmap
05-15 10:51:48.924 777 777 W ResourcesManager: at android.content.res.ApkAssets.nativeLoad(Native Method)
05-15 10:51:48.924 777 777 W ResourcesManager: at android.content.res.ApkAssets.(ApkAssets.java:295)
05-15 10:51:48.924 777 777 W ResourcesManager: at android.content.res.ApkAssets.loadOverlayFromPath(ApkAssets.java:215)
05-15 10:51:48.924 777 777 W ResourcesManager: at android.app.ResourcesManager.loadApkAssets(ResourcesManager.java:466)
05-15 10:51:48.924 777 777 W ResourcesManager: at android.app.ResourcesManager.access$000(ResourcesManager.java:85)
05-15 10:51:48.924 777 777 W ResourcesManager: at android.app.ResourcesManager$ApkAssetsSupplier.load(ResourcesManager.java:182)
05-15 10:51:48.924 777 777 W ResourcesManager: at android.app.ResourcesManager.createApkAssetsSupplierNotLocked(ResourcesManager.java:1035)
05-15 10:51:48.924 777 777 W ResourcesManager: at android.app.ResourcesManager.getResources(ResourcesManager.java:1156)
05-15 10:51:48.924 777 777 W ResourcesManager: at android.app.ContextImpl.createResources(ContextImpl.java:2463)
05-15 10:51:48.924 777 777 W ResourcesManager: at android.app.ContextImpl.createConfigurationContext(ContextImpl.java:2609)
05-15 10:51:48.924 777 777 W ResourcesManager: at android.content.ContextWrapper.createConfigurationContext(ContextWrapper.java:1045)
05-15 10:51:48.924 777 777 W ResourcesManager: at com.android.systemui.util.leak.RotationUtils.getResourcesForRotation(RotationUtils.java:121)
05-15 10:51:48.924 777 777 W ResourcesManager: at com.android.systemui.statusbar.phone.StatusBarContentInsetsProvider.getStatusBarContentAreaForRotation(StatusBarContentInsetsProvider.kt:201)
05-15 10:51:48.924 777 777 W ResourcesManager: at com.android.systemui.statusbar.phone.StatusBarContentInsetsProvider.getBoundingRectForPrivacyChipForRotation(StatusBarContentInsetsProvider.kt:143)
05-15 10:51:48.924 777 777 W ResourcesManager: at com.android.systemui.statusbar.window.StatusBarWindowController.calculateStatusBarLocationsForAllRotations(StatusBarWindowController.java:243)
05-15 10:51:48.924 777 777 W ResourcesManager: at com.android.systemui.statusbar.window.StatusBarWindowController.attach(StatusBarWindowController.java:135)
05-15 10:51:48.924 777 777 W ResourcesManager: at com.android.systemui.statusbar.phone.StatusBar.createAndAddWindows(StatusBar.java:2428)
05-15 10:51:48.924 777 777 W ResourcesManager: at com.android.systemui.statusbar.phone.StatusBar.start(StatusBar.java:968)
05-15 10:51:48.924 777 777 W ResourcesManager: at com.android.systemui.SystemUIApplication.startServicesIfNeeded(SystemUIApplication.java:224)
05-15 10:51:48.924 777 777 W ResourcesManager: at com.android.systemui.SystemUIApplication.startServicesIfNeeded(SystemUIApplication.java:163)
05-15 10:51:48.924 777 777 W ResourcesManager: at com.android.systemui.SystemUIService.onCreate(SystemUIService.java:70)
05-15 10:51:48.924 777 777 W ResourcesManager: at android.app.ActivityThread.handleCreateService(ActivityThread.java:4554)
