05-15 10:51:48.871 621 691 I DropBoxManagerService: add tag=SYSTEM_TOMBSTONE_PROTO isTagEnabled=true flags=0x4
05-15 10:51:48.872 777 997 D ControlsListingControllerImpl: Subscribing callback, service count: 0
05-15 10:51:48.883 777 777 D StatusBar: Received new disable state. Old: enaihbcrso.qingr | New: enaihbcrso.qingr
05-15 10:51:48.885 777 777 D CCLNavigationBarController: createNavigationBar mIsTablet=false display=Display id 0: DisplayInfo{"内置屏幕", displayId 0", displayGroupId 0, FLAG_SECURE, FLAG_SUPPORTS_PROTECTED_BUFFERS, FLAG_TRUSTED, real 1536 x 2048, largest app 2048 x 1904, smallest app 1536 x 1392, appVsyncOff 1000000, presDeadline 18181818, mode 1, defaultMode 1, modes [{id=1, width=1536, height=2048, fps=55.0, alternativeRefreshRates=[]}], hdrCapabilities HdrCapabilities{mSupportedHdrTypes=[], mMaxLuminance=500.0, mMaxAverageLuminance=500.0, mMinLuminance=0.0}, userDisabledHdrTypes [], minimalPostProcessingSupported false, rotation 0, state ON}, DisplayMetrics{density=2.0, width=1536, height=1952, scaledDensity=2.0, xdpi=320.0, ydpi=320.0}, isValid=true
05-15 10:51:48.886 777 777 D CCLNavigationBarController: navBar class=com.android.systemui.navigationbar.NavigationBar
05-15 10:51:48.888 621 691 I commit_sys_config_file: [log-files,1156]
05-15 10:51:48.889 777 777 V NavBarView: PW=1536, PH=2048
05-15 10:51:48.889 621 691 I commit_sys_config_file: [log-files,1158]
05-15 10:51:48.890 777 777 E ndroid.systemu: Invalid Idmap file: bad magic value (was 0x00000000, expected 0x504d4449)
05-15 10:51:48.890 777 777 E ndroid.systemu: failed to load IDMAP /data/resource-cache/data@resource-cache@com.android.systemui-neutral-TLBr.frro@idmap
05-15 10:51:48.891 777 777 W ResourcesManager: failed to preload asset path '/data/resource-cache/com.android.systemui-neutral-TLBr.frro'
05-15 10:51:48.891 777 777 W ResourcesManager: java.io.IOException: Failed to load asset path /data/resource-cache/data@resource-cache@com.android.systemui-neutral-TLBr.frro@idmap
05-15 10:51:48.891 777 777 W ResourcesManager: at android.content.res.ApkAssets.nativeLoad(Native Method)
05-15 10:51:48.891 777 777 W ResourcesManager: at android.content.res.ApkAssets.(ApkAssets.java:295)
05-15 10:51:48.891 777 777 W ResourcesManager: at android.content.res.ApkAssets.loadOverlayFromPath(ApkAssets.java:215)
05-15 10:51:48.891 777 777 W ResourcesManager: at android.app.ResourcesManager.loadApkAssets(ResourcesManager.java:466)
05-15 10:51:48.891 777 777 W ResourcesManager: at android.app.ResourcesManager.access$000(ResourcesManager.java:85)
05-15 10:51:48.891 777 777 W ResourcesManager: at android.app.ResourcesManager$ApkAssetsSupplier.load(ResourcesManager.java:182)
05-15 10:51:48.891 777 777 W ResourcesManager: at android.app.ResourcesManager.createApkAssetsSupplierNotLocked(ResourcesManager.java:1035)
05-15 10:51:48.891 777 777 W ResourcesManager: at android.app.ResourcesManager.getResources(ResourcesManager.java:1156)
05-15 10:51:48.891 777 777 W ResourcesManager: at android.app.ActivityThread.getTopLevelResources(ActivityThread.java:2415)
05-15 10:51:48.891 777 777 W ResourcesManager: at android.app.ApplicationPackageManager.getResourcesForApplication(ApplicationPackageManager.java:1781)
05-15 10:51:48.891 777 777 W ResourcesManager: at android.app.ApplicationPackageManager.getResourcesForApplication(ApplicationPackageManager.java:1767)
05-15 10:51:48.891 777 777 W ResourcesManager: at android.app.ApplicationPackageManager.getResourcesForApplication(ApplicationPackageManager.java:1795)
05-15 10:51:48.891 777 777 W ResourcesManager: at com.android.systemui.navigationbar.gestural.EdgeBackGestureHandler.(EdgeBackGestureHandler.java:322)
05-15 10:51:48.891 777 777 W ResourcesManager: at com.android.systemui.navigationbar.gestural.EdgeBackGestureHandler$Factory.create(EdgeBackGestureHandler.java:988)
05-15 10:51:48.891 777 777 W ResourcesManager: at com.android.systemui.navigationbar.NavigationBarView.(NavigationBarView.java:417)
05-15 10:51:48.891 777 777 W ResourcesManager: at java.lang.reflect.Constructor.newInstance0(Native Method)
05-15 10:51:48.891 777 777 W ResourcesManager: at java.lang.reflect.Constructor.newInstance(Constructor.java:343)
05-15 10:51:48.891 777 777 W ResourcesManager: at android.view.LayoutInflater.createView(LayoutInflater.java:858)
05-15 10:51:48.891 777 777 W ResourcesManager: at android.view.LayoutInflater.createViewFromTag(LayoutInflater.java:1010)
05-15 10:51:48.891 777 777 W ResourcesManager: at android.view.LayoutInflater.createViewFromTag(LayoutInflater.java:965)
05-15 10:51:48.891 777 777 W ResourcesManager: at android.view.LayoutInflater.inflate(LayoutInflater.java:663)
05-15 10:51:48.891 777 777 W ResourcesManager: at android.view.LayoutInflater.inflate(LayoutInflater.java:538)
05-15 10:51:48.891 777 777 W ResourcesManager: at android.view.LayoutInflater.inflate(LayoutInflater.java:485)
05-15 10:51:48.891 777 777 W ResourcesManager: at com.android.systemui.navigationbar.NavigationBar.createView(NavigationBar.java:693)
05-15 10:51:48.891 777 777 W ResourcesManager: at com.android.systemui.navigationbar.NavigationBarController.createNavigationBar(NavigationBarController.java:350)
05-15 10:51:48.891 777 777 W ResourcesManager: at com.android.systemui.navigationbar.NavigationBarController.createNavigationBars(NavigationBarController.java:278)
05-15 10:51:48.891 777 777 W ResourcesManager: at com.android.systemui.statusbar.phone.StatusBar.createNavigationBar(StatusBar.java:1517)
05-15 10:51:48.891 777 777 W ResourcesManager: at com.android.systemui.statusbar.phone.StatusBar.makeStatusBarView(StatusBar.java:1184)
05-15 10:51:48.891 777 777 W ResourcesManager: at com.android.systemui.statusbar.phone.StatusBar.createAndAddWindows(StatusBar.java:2426)
05-15 10:51:48.891 777 777 W ResourcesManager: at com.android.systemui.statusbar.phone.StatusBar.start(StatusBar.java:968)
05-15 10:51:48.891 777 777 W ResourcesManager: at com.android.systemui.SystemUIApplication.startServicesIfNeeded(SystemUIApplication.java:224)
05-15 10:51:48.891 777 777 W ResourcesManager: at com.android.systemui.SystemUIApplication.startServicesIfNeeded(SystemUIApplication.java:163)
05-15 10:51:48.891 777 777 W ResourcesManager: at com.android.systemui.SystemUIService.onCreate(SystemUIService.java:70)
05-15 10:51:48.891 777 777 W ResourcesManager: at android.app.ActivityThread.handleCreateService(ActivityThread.java:4554)
05-15 10:51:48.891 777 777 W ResourcesManager: at android.app.ActivityThread.access$1700(ActivityThread.java:256)
05-15 10:51:48.891 777 777 W ResourcesManager: at android.app.ActivityThread$H.handleMessage(ActivityThread.java:2110)
05-15 10:51:48.891 777 777 W ResourcesManager: at android.os.Handler.dispatchMessage(Handler.java:106)
05-15 10:51:48.891 777 777 W ResourcesManager: at android.os.Looper.loopOnce(Looper.java:201)
05-15 10:51:48.891 777 777 W ResourcesManager: at android.os.Looper.loop(Looper.java:288)
05-15 10:51:48.891 777 777 W ResourcesManager: at android.app.ActivityThread.main(ActivityThread.java:7870)
05-15 10:51:48.891 777 777 W ResourcesManager: at java.lang.reflect.Method.invoke(Native Method)
05-15 10:51:48.891 777 777 W ResourcesManager: at com.android.internal.os.RuntimeInit$MethodAndArgsCaller.run(RuntimeInit.java:548)
05-15 10:51:48.891 777 777 W ResourcesManager: at com.android.internal.os.ZygoteInit.main(ZygoteInit.java:1003)
05-15 10:51:48.891 777 777 E ndroid.systemu: Invalid Idmap file: bad magic value (was 0x00000000, expected 0x504d4449)
05-15 10:51:48.891 777 777 E ndroid.systemu: failed to load IDMAP /data/resource-cache/data@resource-cache@com.android.systemui-accent-b2QH.frro@idmap
05-15 10:51:48.891 777 777 W ResourcesManager: failed to preload asset path '/data/resource-cache/com.android.systemui-accent-b2QH.frro'
05-15 10:51:48.891 777 777 W ResourcesManager: java.io.IOException: Failed to load asset path /data/resource-cache/data@resource-cache@com.android.systemui-accent-b2QH.frro@idmap
05-15 10:51:48.891 777 777 W ResourcesManager: at android.content.res.ApkAssets.nativeLoad(Native Method)
05-15 10:51:48.891 777 777 W ResourcesManager: at android.content.res.ApkAssets.(ApkAssets.java:295)
05-15 10:51:48.891 777 777 W ResourcesManager: at android.content.res.ApkAssets.loadOverlayFromPath(ApkAssets.java:215)
05-15 10:51:48.891 777 777 W ResourcesManager: at android.app.ResourcesManager.loadApkAssets(ResourcesManager.java:466)
05-15 10:51:48.891 777 777 W ResourcesManager: at android.app.ResourcesManager.access$000(ResourcesManager.java:85)
05-15 10:51:48.891 777 777 W ResourcesManager: at android.app.ResourcesManager$ApkAssetsSupplier.load(ResourcesManager.java:182)
05-15 10:51:48.891 777 777 W ResourcesManager: at android.app.ResourcesManager.createApkAssetsSupplierNotLocked(ResourcesManager.java:1035)
05-15 10:51:48.891 777 777 W ResourcesManager: at android.app.ResourcesManager.getResources(ResourcesManager.java:1156)
05-15 10:51:48.891 777 777 W ResourcesManager: at android.app.ActivityThread.getTopLevelResources(ActivityThread.java:2415)
05-15 10:51:48.891 777 777 W ResourcesManager: at android.app.ApplicationPackageManager.getResourcesForApplication(ApplicationPackageManager.java:1781)
05-15 10:51:48.891 777 777 W ResourcesManager: at android.app.ApplicationPackageManager.getResourcesForApplication(ApplicationPackageManager.java:1767)
05-15 10:51:48.891 777 777 W ResourcesManager: at android.app.ApplicationPackageManager.getResourcesForApplication(ApplicationPackageManager.java:1795)
05-15 10:51:48.891 777 777 W ResourcesManager: at com.android.systemui.navigationbar.gestural.EdgeBackGestureHandler.(EdgeBackGestureHandler.java:322)
05-15 10:51:48.891 777 777 W ResourcesManager: at com.android.systemui.navigationbar.gestural.EdgeBackGestureHandler$Factory.create(EdgeBackGestureHandler.java:988)
05-15 10:51:48.891 777 777 W ResourcesManager: at com.android.systemui.navigationbar.NavigationBarView.(NavigationBarView.java:417)
05-15 10:51:48.891 777 777 W ResourcesManager: at java.lang.reflect.Constructor.newInstance0(Native Method)
05-15 10:51:48.891 777 777 W ResourcesManager: at java.lang.reflect.Constructor.newInstance(Constructor.java:343)
05-15 10:51:48.891 777 777 W ResourcesManager: at android.view.LayoutInflater.createView(LayoutInflater.java:858)
05-15 10:51:48.891 777 777 W ResourcesManager: at android.view.LayoutInflater.createViewFromTag(LayoutInflater.java:1010)
05-15 10:51:48.891 777 777 W ResourcesManager: at android.view.LayoutInflater.createViewFromTag(LayoutInflater.java:965)
05-15 10:51:48.891 777 777 W ResourcesManager: at android.view.LayoutInflater.inflate(LayoutInflater.java:663)
05-15 10:51:48.891 777 777 W ResourcesManager: at android.view.LayoutInflater.inflate(LayoutInflater.java:538)
05-15 10:51:48.891 777 777 W ResourcesManager: at android.view.LayoutInflater.inflate(LayoutInflater.java:485)
05-15 10:51:48.891 777 777 W ResourcesManager: at com.android.systemui.navigationbar.NavigationBar.createView(NavigationBar.java:693)
05-15 10:51:48.891 777 777 W ResourcesManager: at com.android.systemui.navigationbar.NavigationBarController.createNavigationBar(NavigationBarController.java:350)
05-15 10:51:48.891 777 777 W ResourcesManager: at com.android.systemui.navigationbar.NavigationBarController.createNavigationBars(NavigationBarController.java:278)
05-15 10:51:48.891 777 777 W ResourcesManager: at com.android.systemui.statusbar.phone.StatusBar.createNavigationBar(StatusBar.java:1517)
05-15 10:51:48.891 777 777 W ResourcesManager: at com.android.systemui.statusbar.phone.StatusBar.makeStatusBarView(StatusBar.java:1184)
05-15 10:51:48.891 777 777 W ResourcesManager: at com.android.systemui.statusbar.phone.StatusBar.createAndAddWindows(StatusBar.java:2426)
05-15 10:51:48.891 777 777 W ResourcesManager: at com.android.systemui.statusbar.phone.StatusBar.start(StatusBar.java:968)
05-15 10:51:48.891 777 777 W ResourcesManager: at com.android.systemui.SystemUIApplication.startServicesIfNeeded(SystemUIApplication.java:224)
05-15 10:51:48.891 777 777 W ResourcesManager: at com.android.systemui.SystemUIApplication.startServicesIfNeeded(SystemUIApplication.java:163)
05-15 10:51:48.891 777 777 W ResourcesManager: at com.android.systemui.SystemUIService.onCreate(SystemUIService.java:70)
05-15 10:51:48.891 777 777 W ResourcesManager: at android.app.ActivityThread.handleCreateService(ActivityThread.java:4554)
05-15 10:51:48.891 777 777 W ResourcesManager: at android.app.ActivityThread.access$1700(ActivityThread.java:256)
05-15 10:51:48.891 777 777 W ResourcesManager: at android.app.ActivityThread$H.handleMessage(ActivityThread.java:2110)
05-15 10:51:48.891 777 777 W ResourcesManager: at android.os.Handler.dispatchMessage(Handler.java:106)
05-15 10:51:48.891 777 777 W ResourcesManager: at android.os.Looper.loopOnce(Looper.java:201)
05-15 10:51:48.891 777 777 W ResourcesManager: at android.os.Looper.loop(Looper.java:288)
05-15 10:51:48.891 777 777 W ResourcesManager: at android.app.ActivityThread.main(ActivityThread.java:7870)
05-15 10:51:48.891 777 777 W ResourcesManager: at java.lang.reflect.Method.invoke(Native Method)
05-15 10:51:48.891 777 777 W ResourcesManager: at com.android.internal.os.RuntimeInit$MethodAndArgsCaller.run(RuntimeInit.java:548)
05-15 10:51:48.891 777 777 W ResourcesManager: at com.android.internal.os.ZygoteInit.main(ZygoteInit.java:1003)
05-15 10:51:48.892 621 691 E NativeTombstoneManager: Tombstone has invalid selinux label (u:r:platform_app:s0:c512,c768), ignoring
05-15 10:51:48.892 621 691 I DropBoxManagerService: add tag=SYSTEM_TOMBSTONE_PROTO isTagEnabled=true flags=0x4
05-15 10:51:48.893 777 777 E ndroid.systemu: Invalid Idmap file: bad magic value (was 0x00000000, expected 0x504d4449)
05-15 10:51:48.893 777 777 E ndroid.systemu: failed to load IDMAP /data/resource-cache/data@resource-cache@com.android.systemui-neutral-TLBr.frro@idmap
05-15 10:51:48.893 777 777 W ResourcesManager: failed to preload asset path '/data/resource-cache/com.android.systemui-neutral-TLBr.frro'
05-15 10:51:48.893 777 777 W ResourcesManager: java.io.IOException: Failed to load asset path /data/resource-cache/data@resource-cache@com.android.systemui-neutral-TLBr.frro@idmap
05-15 10:51:48.893 777 777 W ResourcesManager: at android.content.res.ApkAssets.nativeLoad(Native Method)
05-15 10:51:48.893 777 777 W ResourcesManager: at android.content.res.ApkAssets.(ApkAssets.java:295)
05-15 10:51:48.893 777 777 W ResourcesManager: at android.content.res.ApkAssets.loadOverlayFromPath(ApkAssets.java:215)
05-15 10:51:48.893 777 777 W ResourcesManager: at android.app.ResourcesManager.loadApkAssets(ResourcesManager.java:466)
05-15 10:51:48.893 777 777 W ResourcesManager: at android.app.ResourcesManager.access$000(ResourcesManager.java:85)
05-15 10:51:48.893 777 777 W ResourcesManager: at android.app.ResourcesManager$ApkAssetsSupplier.load(ResourcesManager.java:182)
05-15 10:51:48.893 777 777 W ResourcesManager: at android.app.ResourcesManager.createApkAssetsSupplierNotLocked(ResourcesManager.java:1035)
05-15 10:51:48.893 777 777 W ResourcesManager: at android.app.ResourcesManager.getResources(ResourcesManager.java:1156)
05-15 10:51:48.893 777 777 W ResourcesManager: at android.app.ContextImpl.createResources(ContextImpl.java:2463)
05-15 10:51:48.893 777 777 W ResourcesManager: at android.app.ContextImpl.createConfigurationContext(ContextImpl.java:2609)
05-15 10:51:48.893 777 777 W ResourcesManager: at android.content.ContextWrapper.createConfigurationContext(ContextWrapper.java:1045)
05-15 10:51:48.893 777 777 W ResourcesManager: at android.content.ContextWrapper.createConfigurationContext(ContextWrapper.java:1045)
05-15 10:51:48.893 777 777 W ResourcesManager: at com.android.systemui.navigationbar.NavigationBarInflaterView.createInflaters(NavigationBarInflaterView.java:126)
05-15 10:51:48.893 777 777 W ResourcesManager: at com.android.systemui.navigationbar.NavigationBarInflaterView.(NavigationBarInflaterView.java:115)
05-15 10:51:48.893 777 777 W ResourcesManager: at java.lang.reflect.Constructor.newInstance0(Native Method)
05-15 10:51:48.893 777 777 W ResourcesManager: at java.lang.reflect.Constructor.newInstance(Constructor.java:343)
05-15 10:51:48.893 777 777 W ResourcesManager: at android.view.LayoutInflater.createView(LayoutInflater.java:858)
05-15 10:51:48.893 777 777 W ResourcesManager: at android.view.LayoutInflater.createViewFromTag(LayoutInflater.java:1010)
05-15 10:51:48.893 777 777 W ResourcesManager: at android.view.LayoutInflater.createViewFromTag(LayoutInflater.java:965)
05-15 10:51:48.893 777 777 W ResourcesManager: at android.view.LayoutInflater.rInflate(LayoutInflater.java:1127)
05-15 10:51:48.893 777 777 W ResourcesManager: at android.view.LayoutInflater.rInflateChildren(LayoutInflater.java:1088)
05-15 10:51:48.893 777 777 W ResourcesManager: at android.view.LayoutInflater.inflate(LayoutInflater.java:686)
05-15 10:51:48.893 777 777 W ResourcesManager: at android.view.LayoutInflater.inflate(LayoutInflater.java:538)
05-15 10:51:48.893 777 777 W ResourcesManager: at android.view.LayoutInflater.inflate(LayoutInflater.java:485)
05-15 10:51:48.893 777 777 W ResourcesManager: at com.android.systemui.navigationbar.NavigationBar.createView(NavigationBar.java:693)
05-15 10:51:48.893 777 777 W ResourcesManager: at com.android.systemui.navigationbar.NavigationBarController.createNavigationBar(NavigationBarController.java:350)
05-15 10:51:48.893 777 777 W ResourcesManager: at com.android.systemui.navigationbar.NavigationBarController.createNavigationBars(NavigationBarController.java:278)
05-15 10:51:48.893 777 777 W ResourcesManager: at com.android.systemui.statusbar.phone.StatusBar.createNavigationBar(StatusBar.java:1517)
05-15 10:51:48.893 777 777 W ResourcesManager: at com.android.systemui.statusbar.phone.StatusBar.makeStatusBarView(StatusBar.java:1184)
05-15 10:51:48.893 777 777 W ResourcesManager: at com.android.systemui.statusbar.phone.StatusBar.createAndAddWindows(StatusBar.java:2426)
05-15 10:51:48.893 777 777 W ResourcesManager: at com.android.systemui.statusbar.phone.StatusBar.start(StatusBar.java:968)
05-15 10:51:48.893 777 777 W ResourcesManager: at com.android.systemui.SystemUIApplication.startServicesIfNeeded(SystemUIApplication.java:224)
05-15 10:51:48.893 777 777 W ResourcesManager: at com.android.systemui.SystemUIApplication.startServicesIfNeeded(SystemUIApplication.java:163)
05-15 10:51:48.893 777 777 W ResourcesManager: at com.android.systemui.SystemUIService.onCreate(SystemUIService.java:70)
05-15 10:51:48.893 777 777 W ResourcesManager: at android.app.ActivityThread.handleCreateService(ActivityThread.java:4554)
05-15 10:51:48.893 777 777 W ResourcesManager: at android.app.ActivityThread.access$1700(ActivityThread.java:256)
05-15 10:51:48.893 777 777 W ResourcesManager: at android.app.ActivityThread$H.handleMessage(ActivityThread.java:2110)
05-15 10:51:48.893 777 777 W ResourcesManager: at android.os.Handler.dispatchMessage(Handler.java:106)
05-15 10:51:48.893 777 777 W ResourcesManager: at android.os.Looper.loopOnce(Looper.java:201)
05-15 10:51:48.893 777 777 W ResourcesManager: at android.os.Looper.loop(Looper.java:288)
05-15 10:51:48.893 777 777 W ResourcesManager: at android.app.ActivityThread.main(ActivityThread.java:7870)
05-15 10:51:48.893 777 777 W ResourcesManager: at java.lang.reflect.Method.invoke(Native Method)
05-15 10:51:48.893 777 777 W ResourcesManager: at com.android.internal.os.RuntimeInit$MethodAndArgsCaller.run(RuntimeInit.java:548)
05-15 10:51:48.893 777 777 W ResourcesManager: at com.android.internal.os.ZygoteInit.main(ZygoteInit.java:1003)
05-15 10:51:48.893 777 777 E ndroid.systemu: Invalid Idmap file: bad magic value (was 0x00000000, expected 0x504d4449)
05-15 10:51:48.893 777 777 E ndroid.systemu: failed to load IDMAP /data/resource-cache/data@resource-cache@com.android.systemui-accent-b2QH.frro@idmap
05-15 10:51:48.893 777 777 W ResourcesManager: failed to preload asset path '/data/resource-cache/com.android.systemui-accent-b2QH.frro'
05-15 10:51:48.893 777 777 W ResourcesManager: java.io.IOException: Failed to load asset path /data/resource-cache/data@resource-cache@com.android.systemui-accent-b2QH.frro@idmap
05-15 10:51:48.893 777 777 W ResourcesManager: at android.content.res.ApkAssets.nativeLoad(Native Method)
05-15 10:51:48.893 777 777 W ResourcesManager: at android.content.res.ApkAssets.(ApkAssets.java:295)
05-15 10:51:48.893 777 777 W ResourcesManager: at android.content.res.ApkAssets.loadOverlayFromPath(ApkAssets.java:215)
05-15 10:51:48.893 777 777 W ResourcesManager: at android.app.ResourcesManager.loadApkAssets(ResourcesManager.java:466)
05-15 10:51:48.893 777 777 W ResourcesManager: at android.app.ResourcesManager.access$000(ResourcesManager.java:85)
05-15 10:51:48.893 777 777 W ResourcesManager: at android.app.ResourcesManager$ApkAssetsSupplier.load(ResourcesManager.java:182)
05-15 10:51:48.893 777 777 W ResourcesManager: at android.app.ResourcesManager.createApkAssetsSupplierNotLocked(ResourcesManager.java:1035)
05-15 10:51:48.893 777 777 W ResourcesManager: at android.app.ResourcesManager.getResources(ResourcesManager.java:1156)
05-15 10:51:48.893 777 777 W ResourcesManager: at android.app.ContextImpl.createResources(ContextImpl.java:2463)
05-15 10:51:48.893 777 777 W ResourcesManager: at android.app.ContextImpl.createConfigurationContext(ContextImpl.java:2609)
05-15 10:51:48.893 777 777 W ResourcesManager: at android.content.ContextWrapper.createConfigurationContext(ContextWrapper.java:1045)
05-15 10:51:48.893 777 777 W ResourcesManager: at android.content.ContextWrapper.createConfigurationContext(ContextWrapper.java:1045)
05-15 10:51:48.893 777 777 W ResourcesManager: at com.android.systemui.navigationbar.NavigationBarInflaterView.createInflaters(NavigationBarInflaterView.java:126)
05-15 10:51:48.893 777 777 W ResourcesManager: at com.android.systemui.navigationbar.NavigationBarInflaterView.(NavigationBarInflaterView.java:115)
05-15 10:51:48.893 777 777 W ResourcesManager: at java.lang.reflect.Constructor.newInstance0(Native Method)
05-15 10:51:48.893 777 777 W ResourcesManager: at java.lang.reflect.Constructor.newInstance(Constructor.java:343)
05-15 10:51:48.893 777 777 W ResourcesManager: at android.view.LayoutInflater.createView(LayoutInflater.java:858)
05-15 10:51:48.893 777 777 W ResourcesManager: at android.view.LayoutInflater.createViewFromTag(LayoutInflater.java:1010)
05-15 10:51:48.893 777 777 W ResourcesManager: at android.view.LayoutInflater.createViewFromTag(LayoutInflater.java:965)
05-15 10:51:48.893 777 777 W ResourcesManager: at android.view.LayoutInflater.rInflate(LayoutInflater.java:1127)
05-15 10:51:48.893 777 777 W ResourcesManager: at android.view.LayoutInflater.rInflateChildren(LayoutInflater.java:1088)
05-15 10:51:48.893 777 777 W ResourcesManager: at android.view.LayoutInflater.inflate(LayoutInflater.java:686)
05-15 10:51:48.893 777 777 W ResourcesManager: at android.view.LayoutInflater.inflate(LayoutInflater.java:538)
05-15 10:51:48.893 777 777 W ResourcesManager: at android.view.LayoutInflater.inflate(LayoutInflater.java:485)
05-15 10:51:48.893 777 777 W ResourcesManager: at com.android.systemui.navigationbar.NavigationBar.createView(NavigationBar.java:693)
05-15 10:51:48.893 777 777 W ResourcesManager: at com.android.systemui.navigationbar.NavigationBarController.createNavigationBar(NavigationBarController.java:350)
05-15 10:51:48.893 777 777 W ResourcesManager: at com.android.systemui.navigationbar.NavigationBarController.createNavigationBars(NavigationBarController.java:278)
05-15 10:51:48.893 777 777 W ResourcesManager: at com.android.systemui.statusbar.phone.StatusBar.createNavigationBar(StatusBar.java:1517)
05-15 10:51:48.893 777 777 W ResourcesManager: at com.android.systemui.statusbar.phone.StatusBar.makeStatusBarView(StatusBar.java:1184)
05-15 10:51:48.893 777 777 W ResourcesManager: at com.android.systemui.statusbar.phone.StatusBar.createAndAddWindows(StatusBar.java:2426)
05-15 10:51:48.893 777 777 W ResourcesManager: at com.android.systemui.statusbar.phone.StatusBar.start(StatusBar.java:968)
05-15 10:51:48.893 777 777 W ResourcesManager: at com.android.systemui.SystemUIApplication.startServicesIfNeeded(SystemUIApplication.java:224)
05-15 10:51:48.893 777 777 W ResourcesManager: at com.android.systemui.SystemUIApplication.startServicesIfNeeded(SystemUIApplication.java:163)
05-15 10:51:48.893 777 777 W ResourcesManager: at com.android.systemui.SystemUIService.onCreate(SystemUIService.java:70)
05-15 10:51:48.893 777 777 W ResourcesManager: at android.app.ActivityThread.handleCreateService(ActivityThread.java:4554)
05-15 10:51:48.893 777 777 W ResourcesManager: at android.app.ActivityThread.access$1700(ActivityThread.java:256)
05-15 10:51:48.893 777 777 W ResourcesManager: at android.app.ActivityThread$H.handleMessage(ActivityThread.java:2110)
05-15 10:51:48.893 777 777 W ResourcesManager: at android.os.Handler.dispatchMessage(Handler.java:106)
05-15 10:51:48.893 777 777 W ResourcesManager: at android.os.Looper.loopOnce(Looper.java:201)
05-15 10:51:48.893 777 777 W ResourcesManager: at android.os.Looper.loop(Looper.java:288)
05-15 10:51:48.893 777 777 W ResourcesManager: at android.app.ActivityThread.main(ActivityThread.java:7870)
05-15 10:51:48.893 777 777 W ResourcesManager: at java.lang.reflect.Method.invoke(Native Method)
05-15 10:51:48.893 777 777 W ResourcesManager: at com.android.internal.os.RuntimeInit$MethodAndArgsCaller.run(RuntimeInit.java:548)
05-15 10:51:48.893 777 777 W ResourcesManager: at com.android.internal.os.ZygoteInit.main(ZygoteInit.java:1003)
05-15 10:51:48.893 777 777 E ndroid.systemu: Invalid Idmap file: bad magic value (was 0x00000000, expected 0x504d4449)
05-15 10:51:48.893 777 777 E ndroid.systemu: failed to load IDMAP /data/resource-cache/data@resource-cache@com.android.systemui-neutral-TLBr.frro@idmap
05-15 10:51:48.894 777 777 W ResourcesManager: failed to add overlay path '/data/resource-cache/com.android.systemui-neutral-TLBr.frro'
05-15 10:51:48.894 777 777 W ResourcesManager: java.io.IOException: Failed to load asset path /data/resource-cache/data@resource-cache@com.android.systemui-neutral-TLBr.frro@idmap
05-15 10:51:48.894 777 777 W ResourcesManager: at android.content.res.ApkAssets.nativeLoad(Native Method)
05-15 10:51:48.894 777 777 W ResourcesManager: at android.content.res.ApkAssets.(ApkAssets.java:295)
05-15 10:51:48.894 777 777 W ResourcesManager: at android.content.res.ApkAssets.loadOverlayFromPath(ApkAssets.java:215)
05-15 10:51:48.894 777 777 W ResourcesManager: at android.app.ResourcesManager.loadApkAssets(ResourcesManager.java:466)
05-15 10:51:48.894 777 777 W ResourcesManager: at android.app.ResourcesManager.access$000(ResourcesManager.java:85)
05-15 10:51:48.894 777 777 W ResourcesManager: at android.app.ResourcesManager$ApkAssetsSupplier.load(ResourcesManager.java:182)
05-15 10:51:48.894 777 777 W ResourcesManager: at android.app.ResourcesManager.createAssetManager(ResourcesManager.java:544)
05-15 10:51:48.894 777 777 W ResourcesManager: at android.app.ResourcesManager.createResourcesImpl(ResourcesManager.java:626)
05-15 10:51:48.894 777 777 W ResourcesManager: at android.app.ResourcesManager.findOrCreateResourcesImplForKeyLocked(ResourcesManager.java:719)
05-15 10:51:48.894 777 777 W ResourcesManager: at android.app.ResourcesManager.createResources(ResourcesManager.java:1066)
05-15 10:51:48.894 777 777 W ResourcesManager: at android.app.ResourcesManager.getResources(ResourcesManager.java:1169)
05-15 10:51:48.894 777 777 W ResourcesManager: at android.app.ContextImpl.createResources(ContextImpl.java:2463)
05-15 10:51:48.894 777 777 W ResourcesManager: at android.app.ContextImpl.createConfigurationContext(ContextImpl.java:2609)
05-15 10:51:48.894 777 777 W ResourcesManager: at android.content.ContextWrapper.createConfigurationContext(ContextWrapper.java:1045)
05-15 10:51:48.894 777 777 W ResourcesManager: at android.content.ContextWrapper.createConfigurationContext(ContextWrapper.java:1045)
05-15 10:51:48.894 777 777 W ResourcesManager: at com.android.systemui.navigationbar.NavigationBarInflaterView.createInflaters(NavigationBarInflaterView.java:126)
05-15 10:51:48.894 777 777 W ResourcesManager: at com.android.systemui.navigationbar.NavigationBarInflaterView.(NavigationBarInflaterView.java:115)
05-15 10:51:48.894 777 777 W ResourcesManager: at java.lang.reflect.Constructor.newInstance0(Native Method)
05-15 10:51:48.894 777 777 W ResourcesManager: at java.lang.reflect.Constructor.newInstance(Constructor.java:343)
05-15 10:51:48.894 777 777 W ResourcesManager: at android.view.LayoutInflater.createView(LayoutInflater.java:858)
05-15 10:51:48.894 777 777 W ResourcesManager: at android.view.LayoutInflater.createViewFromTag(LayoutInflater.java:1010)
05-15 10:51:48.894 777 777 W ResourcesManager: at android.view.LayoutInflater.createViewFromTag(LayoutInflater.java:965)
05-15 10:51:48.894 777 777 W ResourcesManager: at android.view.LayoutInflater.rInflate(LayoutInflater.java:1127)
05-15 10:51:48.894 777 777 W ResourcesManager: at android.view.LayoutInflater.rInflateChildren(LayoutInflater.java:1088)
05-15 10:51:48.894 777 777 W ResourcesManager: at android.view.LayoutInflater.inflate(LayoutInflater.java:686)
05-15 10:51:48.894 777 777 W ResourcesManager: at android.view.LayoutInflater.inflate(LayoutInflater.java:538)
05-15 10:51:48.894 777 777 W ResourcesManager: at android.view.LayoutInflater.inflate(LayoutInflater.java:485)
05-15 10:51:48.894 777 777 W ResourcesManager: at com.android.systemui.navigationbar.NavigationBar.createView(NavigationBar.java:693)
05-15 10:51:48.894 777 777 W ResourcesManager: at com.android.systemui.navigationbar.NavigationBarController.createNavigationBar(NavigationBarController.java:350)
05-15 10:51:48.894 777 777 W ResourcesManager: at com.android.systemui.navigationbar.NavigationBarController.createNavigationBars(NavigationBarController.java:278)
05-15 10:51:48.894 777 777 W ResourcesManager: at com.android.systemui.statusbar.phone.StatusBar.createNavigationBar(StatusBar.java:1517)
05-15 10:51:48.894 777 777 W ResourcesManager: at com.android.systemui.statusbar.phone.StatusBar.makeStatusBarView(StatusBar.java:1184)
05-15 10:51:48.894 777 777 W ResourcesManager: at com.android.systemui.statusbar.phone.StatusBar.createAndAddWindows(StatusBar.java:2426)
05-15 10:51:48.894 777 777 W ResourcesManager: at com.android.systemui.statusbar.phone.StatusBar.start(StatusBar.java:968)
05-15 10:51:48.894 777 777 W ResourcesManager: at com.android.systemui.SystemUIApplication.startServicesIfNeeded(SystemUIApplication.java:224)
05-15 10:51:48.894 777 777 W ResourcesManager: at com.android.systemui.SystemUIApplication.startServicesIfNeeded(SystemUIApplication.java:163)
05-15 10:51:48.894 777 777 W ResourcesManager: at com.android.systemui.SystemUIService.onCreate(SystemUIService.java:70)
05-15 10:51:48.894 777 777 W ResourcesManager: at android.app.ActivityThread.handleCreateService(ActivityThread.java:4554)
05-15 10:51:48.894 777 777 W ResourcesManager: at android.app.ActivityThread.access$1700(ActivityThread.java:256)
05-15 10:51:48.894 777 777 W ResourcesManager: at android.app.ActivityThread$H.handleMessage(ActivityThread.java:2110)
05-15 10:51:48.894 777 777 W ResourcesManager: at android.os.Handler.dispatchMessage(Handler.java:106)
05-15 10:51:48.894 777 777 W ResourcesManager: at android.os.Looper.loopOnce(Looper.java:201)
05-15 10:51:48.894 777 777 W ResourcesManager: at android.os.Looper.loop(Looper.java:288)
05-15 10:51:48.894 777 777 W ResourcesManager: at android.app.ActivityThread.main(ActivityThread.java:7870)
05-15 10:51:48.894 777 777 W ResourcesManager: at java.lang.reflect.Method.invoke(Native Method)
05-15 10:51:48.894 777 777 W ResourcesManager: at com.android.internal.os.RuntimeInit$MethodAndArgsCaller.run(RuntimeInit.java:548)
05-15 10:51:48.894 777 777 W ResourcesManager: at com.android.internal.os.ZygoteInit.main(ZygoteInit.java:1003)
05-15 10:51:48.894 777 777 E ndroid.systemu: Invalid Idmap file: bad magic value (was 0x00000000, expected 0x504d4449)
05-15 10:51:48.894 777 777 E ndroid.systemu: failed to load IDMAP /data/resource-cache/data@resource-cache@com.android.systemui-accent-b2QH.frro@idmap
05-15 10:51:48.894 777 777 W ResourcesManager: failed to add overlay path '/data/resource-cache/com.android.systemui-accent-b2QH.frro'
05-15 10:51:48.894 777 777 W ResourcesManager: java.io.IOException: Failed to load asset path /data/resource-cache/data@resource-cache@com.android.systemui-accent-b2QH.frro@idmap
05-15 10:51:48.894 777 777 W ResourcesManager: at android.content.res.ApkAssets.nativeLoad(Native Method)
05-15 10:51:48.894 777 777 W ResourcesManager: at android.content.res.ApkAssets.(ApkAssets.java:295)
05-15 10:51:48.894 777 777 W ResourcesManager: at android.content.res.ApkAssets.loadOverlayFromPath(ApkAssets.java:215)
05-15 10:51:48.894 777 777 W ResourcesManager: at android.app.ResourcesManager.loadApkAssets(ResourcesManager.java:466)
05-15 10:51:48.894 777 777 W ResourcesManager: at android.app.ResourcesManager.access$000(ResourcesManager.java:85)
05-15 10:51:48.894 777 777 W ResourcesManager: at android.app.ResourcesManager$ApkAssetsSupplier.load(ResourcesManager.java:182)
05-15 10:51:48.894 777 777 W ResourcesManager: at android.app.ResourcesManager.createAssetManager(ResourcesManager.java:544)
05-15 10:51:48.894 777 777 W ResourcesManager: at android.app.ResourcesManager.createResourcesImpl(ResourcesManager.java:626)
05-15 10:51:48.894 777 777 W ResourcesManager: at android.app.ResourcesManager.findOrCreateResourcesImplForKeyLocked(ResourcesManager.java:719)
05-15 10:51:48.894 777 777 W ResourcesManager: at android.app.ResourcesManager.createResources(ResourcesManager.java:1066)
05-15 10:51:48.894 777 777 W ResourcesManager: at android.app.ResourcesManager.getResources(ResourcesManager.java:1169)
05-15 10:51:48.894 777 777 W ResourcesManager: at android.app.ContextImpl.createResources(ContextImpl.java:2463)
05-15 10:51:48.894 777 777 W ResourcesManager: at android.app.ContextImpl.createConfigurationContext(ContextImpl.java:2609)
05-15 10:51:48.894 777 777 W ResourcesManager: at android.content.ContextWrapper.createConfigurationContext(ContextWrapper.java:1045)
05-15 10:51:48.894 777 777 W ResourcesManager: at android.content.ContextWrapper.createConfigurationContext(ContextWrapper.java:1045)
05-15 10:51:48.894 777 777 W ResourcesManager: at com.android.systemui.navigationbar.NavigationBarInflaterView.createInflaters(NavigationBarInflaterView.java:126)
05-15 10:51:48.894 777 777 W ResourcesManager: at com.android.systemui.navigationbar.NavigationBarInflaterView.(NavigationBarInflaterView.java:115)
05-15 10:51:48.894 777 777 W ResourcesManager: at java.lang.reflect.Constructor.newInstance0(Native Method)
05-15 10:51:48.894 777 777 W ResourcesManager: at java.lang.reflect.Constructor.newInstance(Constructor.java:343)
05-15 10:51:48.894 777 777 W ResourcesManager: at android.view.LayoutInflater.createView(LayoutInflater.java:858)
05-15 10:51:48.894 777 777 W ResourcesManager: at android.view.LayoutInflater.createViewFromTag(LayoutInflater.java:1010)
05-15 10:51:48.894 777 777 W ResourcesManager: at android.view.LayoutInflater.createViewFromTag(LayoutInflater.java:965)
05-15 10:51:48.894 777 777 W ResourcesManager: at android.view.LayoutInflater.rInflate(LayoutInflater.java:1127)
05-15 10:51:48.894 777 777 W ResourcesManager: at android.view.LayoutInflater.rInflateChildren(LayoutInflater.java:1088)
05-15 10:51:48.894 777 777 W ResourcesManager: at android.view.LayoutInflater.inflate(LayoutInflater.java:686)
05-15 10:51:48.894 777 777 W ResourcesManager: at android.view.LayoutInflater.inflate(LayoutInflater.java:538)
05-15 10:51:48.894 777 777 W ResourcesManager: at android.view.LayoutInflater.inflate(LayoutInflater.java:485)
05-15 10:51:48.894 777 777 W ResourcesManager: at com.android.systemui.navigationbar.NavigationBar.createView(NavigationBar.java:693)
05-15 10:51:48.894 777 777 W ResourcesManager: at com.android.systemui.navigationbar.NavigationBarController.createNavigationBar(NavigationBarController.java:350)
05-15 10:51:48.894 777 777 W ResourcesManager: at com.android.systemui.navigationbar.NavigationBarController.createNavigationBars(NavigationBarController.java:278)
05-15 10:51:48.894 777 777 W ResourcesManager: at com.android.systemui.statusbar.phone.StatusBar.createNavigationBar(StatusBar.java:1517)
05-15 10:51:48.894 777 777 W ResourcesManager: at com.android.systemui.statusbar.phone.StatusBar.makeStatusBarView(StatusBar.java:1184)
05-15 10:51:48.894 777 777 W ResourcesManager: at com.android.systemui.statusbar.phone.StatusBar.createAndAddWindows(StatusBar.java:2426)
05-15 10:51:48.894 777 777 W ResourcesManager: at com.android.systemui.statusbar.phone.StatusBar.start(StatusBar.java:968)
05-15 10:51:48.894 777 777 W ResourcesManager: at com.android.systemui.SystemUIApplication.startServicesIfNeeded(SystemUIApplication.java:224)
05-15 10:51:48.894 777 777 W ResourcesManager: at com.android.systemui.SystemUIApplication.startServicesIfNeeded(SystemUIApplication.java:163)
05-15 10:51:48.894 777 777 W ResourcesManager: at com.android.systemui.SystemUIService.onCreate(SystemUIService.java:70)
05-15 10:51:48.894 777 777 W ResourcesManager: at android.app.ActivityThread.handleCreateService(ActivityThread.java:4554)
05-15 10:51:48.894 777 777 W ResourcesManager: at android.app.ActivityThread.access$1700(ActivityThread.java:256)
05-15 10:51:48.894 777 777 W ResourcesManager: at android.app.ActivityThread$H.handleMessage(ActivityThread.java:2110)
05-15 10:51:48.894 777 777 W ResourcesManager: at android.os.Handler.dispatchMessage(Handler.java:106)
05-15 10:51:48.894 777 777 W ResourcesManager: at android.os.Looper.loopOnce(Looper.java:201)
05-15 10:51:48.894 777 777 W ResourcesManager: at android.os.Looper.loop(Looper.java:288)
05-15 10:51:48.894 777 777 W ResourcesManager: at android.app.ActivityThread.main(ActivityThread.java:7870)
05-15 10:51:48.894 777 777 W ResourcesManager: at java.lang.reflect.Method.invoke(Native Method)
05-15 10:51:48.894 777 777 W ResourcesManager: at com.android.internal.os.RuntimeInit$MethodAndArgsCaller.run(RuntimeInit.java:548)
05-15 10:51:48.894 777 777 W ResourcesManager: at com.android.internal.os.ZygoteInit.main(ZygoteInit.java:1003)
05-15 10:51:48.901 777 777 V NavigationBar: addNavigationBar: about to add com.android.systemui.navigationbar.NavigationBarFrame{d09a994 V.E...... ......I. 0,0-0,0 #7f0b03e8 app:id/navigation_bar_frame}
05-15 10:51:48.901 777 777 V NavigationBar: java.lang.Throwable: CCL
05-15 10:51:48.901 777 777 V NavigationBar: at com.android.systemui.navigationbar.NavigationBar.createView(NavigationBar.java:698)
05-15 10:51:48.901 777 777 V NavigationBar: at com.android.systemui.navigationbar.NavigationBarController.createNavigationBar(NavigationBarController.java:350)
05-15 10:51:48.901 777 777 V NavigationBar: at com.android.systemui.navigationbar.NavigationBarController.createNavigationBars(NavigationBarController.java:278)
05-15 10:51:48.901 777 777 V NavigationBar: at com.android.systemui.statusbar.phone.StatusBar.createNavigationBar(StatusBar.java:1517)
05-15 10:51:48.901 777 777 V NavigationBar: at com.android.systemui.statusbar.phone.StatusBar.makeStatusBarView(StatusBar.java:1184)
05-15 10:51:48.901 777 777 V NavigationBar: at com.android.systemui.statusbar.phone.StatusBar.createAndAddWindows(StatusBar.java:2426)
05-15 10:51:48.901 777 777 V NavigationBar: at com.android.systemui.statusbar.phone.StatusBar.start(StatusBar.java:968)
05-15 10:51:48.901 777 777 V NavigationBar: at com.android.systemui.SystemUIApplication.startServicesIfNeeded(SystemUIApplication.java:224)
05-15 10:51:48.901 777 777 V NavigationBar: at com.android.systemui.SystemUIApplication.startServicesIfNeeded(SystemUIApplication.java:163)
05-15 10:51:48.901 777 777 V NavigationBar: at com.android.systemui.SystemUIService.onCreate(SystemUIService.java:70)
05-15 10:51:48.901 777 777 V NavigationBar: at android.app.ActivityThread.handleCreateService(ActivityThread.java:4554)
05-15 10:51:48.901 777 777 V NavigationBar: at android.app.ActivityThread.access$1700(ActivityThread.java:256)
05-15 10:51:48.901 777 777 V NavigationBar: at android.app.ActivityThread$H.handleMessage(ActivityThread.java:2110)
05-15 10:51:48.901 777 777 V NavigationBar: at android.os.Handler.dispatchMessage(Handler.java:106)
05-15 10:51:48.901 777 777 V NavigationBar: at android.os.Looper.loopOnce(Looper.java:201)
05-15 10:51:48.901 777 777 V NavigationBar: at android.os.Looper.loop(Looper.java:288)
05-15 10:51:48.901 777 777 V NavigationBar: at android.app.ActivityThread.main(ActivityThread.java:7870)
05-15 10:51:48.901 777 777 V NavigationBar: at java.lang.reflect.Method.invoke(Native Method)
05-15 10:51:48.901 777 777 V NavigationBar: at com.android.internal.os.RuntimeInit$MethodAndArgsCaller.run(RuntimeInit.java:548)
05-15 10:51:48.901 777 777 V NavigationBar: at com.android.internal.os.ZygoteInit.main(ZygoteInit.java:1003)
05-15 10:51:48.907 777 777 D StatusBar: Received new disable state. Old: enaihbcrso.qingr | New: enaihbcrso.qingr
05-15 10:51:48.910 621 691 I commit_sys_config_file: [log-files,1178]
05-15 10:51:48.915 621 691 I commit_sys_config_file: [log-files,1183]
05-15 10:51:48.917 621 691 E NativeTombstoneManager: Tombstone has invalid selinux label (u:r:platform_app:s0:c512,c768), ignoring
05-15 10:51:48.917 621 691 I DropBoxManagerService: add tag=SYSTEM_TOMBSTONE_PROTO isTagEnabled=true flags=0x4
05-15 10:51:48.917 777 777 D StatusBar: mUserSetupObserver - DeviceProvisionedListener called for current user
05-15 10:51:48.917 777 777 D StatusBar: updateQsExpansionEnabled - QS Expand enabled: true
05-15 10:51:48.917 777 995 D OpenGLRenderer: profile bars disabled
05-15 10:51:48.917 777 995 D OpenGLRenderer: ambientRatio = 1.50
05-15 10:51:48.920 621 621 I sysui_multi_action: [757,1501,758,1,793,238,794,0,795,238,796,32,806,android,857,USB,858,1,947,0,1500,0]
05-15 10:51:48.920 621 621 I sysui_multi_action: [757,804,799,note_interruptive,801,0,802,1]
05-15 10:51:48.921 621 621 E system_server: Invalid Idmap file: bad magic value (was 0x00000000, expected 0x504d4449)
05-15 10:51:48.921 777 777 E ndroid.systemu: Invalid Idmap file: bad magic value (was 0x00000000, expected 0x504d4449)
05-15 10:51:48.921 777 777 E ndroid.systemu: failed to load IDMAP /data/resource-cache/data@resource-cache@com.android.systemui-neutral-TLBr.frro@idmap
05-15 10:51:48.921 621 621 E system_server: failed to load IDMAP /data/resource-cache/data@resource-cache@com.android.systemui-neutral-TLBr.frro@idmap
05-15 10:51:48.921 777 777 W ResourcesManager: failed to preload asset path '/data/resource-cache/com.android.systemui-neutral-TLBr.frro'
05-15 10:51:48.921 777 777 W ResourcesManager: java.io.IOException: Failed to load asset path /data/resource-cache/data@resource-cache@com.android.systemui-neutral-TLBr.frro@idmap
05-15 10:51:48.921 777 777 W ResourcesManager: at android.content.res.ApkAssets.nativeLoad(Native Method)
05-15 10:51:48.921 777 777 W ResourcesManager: at android.content.res.ApkAssets.(ApkAssets.java:295)
05-15 10:51:48.921 777 777 W ResourcesManager: at android.content.res.ApkAssets.loadOverlayFromPath(ApkAssets.java:215)
05-15 10:51:48.921 777 777 W ResourcesManager: at android.app.ResourcesManager.loadApkAssets(ResourcesManager.java:466)
05-15 10:51:48.921 777 777 W ResourcesManager: at android.app.ResourcesManager.access$000(ResourcesManager.java:85)
05-15 10:51:48.921 777 777 W ResourcesManager: at android.app.ResourcesManager$ApkAssetsSupplier.load(ResourcesManager.java:182)
05-15 10:51:48.921 777 777 W ResourcesManager: at android.app.ResourcesManager.createApkAssetsSupplierNotLocked(ResourcesManager.java:1035)
05-15 10:51:48.921 777 777 W ResourcesManager: at android.app.ResourcesManager.getResources(ResourcesManager.java:1156)
05-15 10:51:48.921 777 777 W ResourcesManager: at android.app.ContextImpl.createResources(ContextImpl.java:2463)
05-15 10:51:48.921 777 777 W ResourcesManager: at android.app.ContextImpl.createConfigurationContext(ContextImpl.java:2609)
05-15 10:51:48.921 777 777 W ResourcesManager: at android.content.ContextWrapper.createConfigurationContext(ContextWrapper.java:1045)
05-15 10:51:48.921 777 777 W ResourcesManager: at com.android.systemui.util.leak.RotationUtils.getResourcesForRotation(RotationUtils.java:121)
05-15 10:51:48.921 777 777 W ResourcesManager: at com.android.systemui.statusbar.phone.StatusBarContentInsetsProvider.getStatusBarContentAreaForRotation(StatusBarContentInsetsProvider.kt:201)
05-15 10:51:48.921 777 777 W ResourcesManager: at com.android.systemui.statusbar.phone.StatusBarContentInsetsProvider.getBoundingRectForPrivacyChipForRotation(StatusBarContentInsetsProvider.kt:143)
05-15 10:51:48.921 777 777 W ResourcesManager: at com.android.systemui.statusbar.window.StatusBarWindowController.calculateStatusBarLocationsForAllRotations(StatusBarWindowController.java:239)
05-15 10:51:48.921 777 777 W ResourcesManager: at com.android.systemui.statusbar.window.StatusBarWindowController.attach(StatusBarWindowController.java:135)
05-15 10:51:48.921 777 777 W ResourcesManager: at com.android.systemui.statusbar.phone.StatusBar.createAndAddWindows(StatusBar.java:2428)
05-15 10:51:48.921 777 777 W ResourcesManager: at com.android.systemui.statusbar.phone.StatusBar.start(StatusBar.java:968)
05-15 10:51:48.921 777 777 W ResourcesManager: at com.android.systemui.SystemUIApplication.startServicesIfNeeded(SystemUIApplication.java:224)
05-15 10:51:48.921 777 777 W ResourcesManager: at com.android.systemui.SystemUIApplication.startServicesIfNeeded(SystemUIApplication.java:163)
05-15 10:51:48.921 777 777 W ResourcesManager: at com.android.systemui.SystemUIService.onCreate(SystemUIService.java:70)
05-15 10:51:48.921 777 777 W ResourcesManager: at android.app.ActivityThread.handleCreateService(ActivityThread.java:4554)
05-15 10:51:48.921 777 777 W ResourcesManager: at android.app.ActivityThread.access$1700(ActivityThread.java:256)
05-15 10:51:48.921 777 777 W ResourcesManager: at android.app.ActivityThread$H.handleMessage(ActivityThread.java:2110)
05-15 10:51:48.921 777 777 W ResourcesManager: at android.os.Handler.dispatchMessage(Handler.java:106)
05-15 10:51:48.921 777 777 W ResourcesManager: at android.os.Looper.loopOnce(Looper.java:201)
05-15 10:51:48.921 777 777 W ResourcesManager: at android.os.Looper.loop(Looper.java:288)
05-15 10:51:48.921 777 777 W ResourcesManager: at android.app.ActivityThread.main(ActivityThread.java:7870)
05-15 10:51:48.921 777 777 W ResourcesManager: at java.lang.reflect.Method.invoke(Native Method)
05-15 10:51:48.921 777 777 W ResourcesManager: at com.android.internal.os.RuntimeInit$MethodAndArgsCaller.run(RuntimeInit.java:548)
05-15 10:51:48.921 777 777 W ResourcesManager: at com.android.internal.os.ZygoteInit.main(ZygoteInit.java:1003)
05-15 10:51:48.921 777 777 E ndroid.systemu: Invalid Idmap file: bad magic value (was 0x00000000, expected 0x504d4449)
05-15 10:51:48.921 777 777 E ndroid.systemu: failed to load IDMAP /data/resource-cache/data@resource-cache@com.android.systemui-accent-b2QH.frro@idmap
05-15 10:51:48.921 621 621 W ResourcesManager: failed to preload asset path '/data/resource-cache/com.android.systemui-neutral-TLBr.frro'
05-15 10:51:48.921 621 621 W ResourcesManager: java.io.IOException: Failed to load asset path /data/resource-cache/data@resource-cache@com.android.systemui-neutral-TLBr.frro@idmap
05-15 10:51:48.921 621 621 W ResourcesManager: at android.content.res.ApkAssets.nativeLoad(Native Method)
05-15 10:51:48.921 621 621 W ResourcesManager: at android.content.res.ApkAssets.(ApkAssets.java:295)
05-15 10:51:48.921 621 621 W ResourcesManager: at android.content.res.ApkAssets.loadOverlayFromPath(ApkAssets.java:215)
05-15 10:51:48.921 621 621 W ResourcesManager: at android.app.ResourcesManager.loadApkAssets(ResourcesManager.java:466)
05-15 10:51:48.921 621 621 W ResourcesManager: at android.app.ResourcesManager.access$000(ResourcesManager.java:85)
05-15 10:51:48.921 621 621 W ResourcesManager: at android.app.ResourcesManager$ApkAssetsSupplier.load(ResourcesManager.java:182)
05-15 10:51:48.921 621 621 W ResourcesManager: at android.app.ResourcesManager.createApkAssetsSupplierNotLocked(ResourcesManager.java:1035)
05-15 10:51:48.921 621 621 W ResourcesManager: at android.app.ResourcesManager.getResources(ResourcesManager.java:1156)
05-15 10:51:48.921 621 621 W ResourcesManager: at android.app.ContextImpl.createResources(ContextImpl.java:2463)
05-15 10:51:48.921 621 621 W ResourcesManager: at android.app.ContextImpl.createApplicationContext(ContextImpl.java:2492)
05-15 10:51:48.921 621 621 W ResourcesManager: at android.service.notification.StatusBarNotification.getPackageContext(StatusBarNotification.java:440)
05-15 10:51:48.921 621 621 W ResourcesManager: at com.android.server.notification.NotificationManagerService.maybeRecordInterruptionLocked(NotificationManagerService.java:2946)
05-15 10:51:48.921 621 621 W ResourcesManager: at com.android.server.notification.NotificationManagerService$PostNotificationRunnable.run(NotificationManagerService.java:7041)
05-15 10:51:48.921 621 621 W ResourcesManager: at android.os.Handler.handleCallback(Handler.java:938)
05-15 10:51:48.921 621 621 W ResourcesManager: at android.os.Handler.dispatchMessage(Handler.java:99)
05-15 10:51:48.921 621 621 W ResourcesManager: at android.os.Looper.loopOnce(Looper.java:201)
05-15 10:51:48.921 621 621 W ResourcesManager: at android.os.Looper.loop(Looper.java:288)
05-15 10:51:48.921 621 621 W ResourcesManager: at com.android.server.SystemServer.run(SystemServer.java:914)
05-15 10:51:48.921 621 621 W ResourcesManager: at com.android.server.SystemServer.main(SystemServer.java:623)
05-15 10:51:48.921 621 621 W ResourcesManager: at java.lang.reflect.Method.invoke(Native Method)
