05-15 10:51:47.329 621 621 W ResourcesManager: at com.android.server.SystemServiceManager.startService(SystemServiceManager.java:177)
05-15 10:51:47.329 621 621 W ResourcesManager: at com.android.server.SystemServiceManager.startServiceFromJar(SystemServiceManager.java:133)
05-15 10:51:47.329 621 621 W ResourcesManager: at com.android.server.SystemServer.startOtherServices(SystemServer.java:1945)
05-15 10:51:47.329 621 621 W ResourcesManager: at com.android.server.SystemServer.run(SystemServer.java:890)
05-15 10:51:47.329 621 621 W ResourcesManager: at com.android.server.SystemServer.main(SystemServer.java:623)
05-15 10:51:47.329 621 621 W ResourcesManager: at java.lang.reflect.Method.invoke(Native Method)
05-15 10:51:47.329 621 621 W ResourcesManager: at com.android.internal.os.RuntimeInit$MethodAndArgsCaller.run(RuntimeInit.java:548)
05-15 10:51:47.329 621 621 W ResourcesManager: at com.android.internal.os.ZygoteInit.main(ZygoteInit.java:981)
05-15 10:51:47.329 621 621 E system_server: Invalid Idmap file: bad magic value (was 0x00000000, expected 0x504d4449)
05-15 10:51:47.329 621 621 E system_server: failed to load IDMAP /data/resource-cache/data@resource-cache@com.android.systemui-accent-b2QH.frro@idmap
05-15 10:51:47.329 621 621 W ResourcesManager: failed to preload asset path '/data/resource-cache/com.android.systemui-accent-b2QH.frro'
05-15 10:51:47.329 621 621 W ResourcesManager: java.io.IOException: Failed to load asset path /data/resource-cache/data@resource-cache@com.android.systemui-accent-b2QH.frro@idmap
05-15 10:51:47.329 621 621 W ResourcesManager: at android.content.res.ApkAssets.nativeLoad(Native Method)
05-15 10:51:47.329 621 621 W ResourcesManager: at android.content.res.ApkAssets.(ApkAssets.java:295)
05-15 10:51:47.329 621 621 W ResourcesManager: at android.content.res.ApkAssets.loadOverlayFromPath(ApkAssets.java:215)
05-15 10:51:47.329 621 621 W ResourcesManager: at android.app.ResourcesManager.loadApkAssets(ResourcesManager.java:466)
05-15 10:51:47.329 621 621 W ResourcesManager: at android.app.ResourcesManager.access$000(ResourcesManager.java:85)
05-15 10:51:47.329 621 621 W ResourcesManager: at android.app.ResourcesManager$ApkAssetsSupplier.load(ResourcesManager.java:182)
05-15 10:51:47.329 621 621 W ResourcesManager: at android.app.ResourcesManager.createApkAssetsSupplierNotLocked(ResourcesManager.java:1035)
05-15 10:51:47.329 621 621 W ResourcesManager: at android.app.ResourcesManager.getResources(ResourcesManager.java:1156)
05-15 10:51:47.329 621 621 W ResourcesManager: at android.app.ContextImpl.createResources(ContextImpl.java:2463)
05-15 10:51:47.329 621 621 W ResourcesManager: at android.app.ContextImpl.createPackageContextAsUser(ContextImpl.java:2533)
05-15 10:51:47.329 621 621 W ResourcesManager: at android.app.ContextImpl.createPackageContext(ContextImpl.java:2506)
05-15 10:51:47.329 621 621 W ResourcesManager: at android.net.ConnectivityResources.getResourcesContext(ConnectivityResources.java:92)
05-15 10:51:47.329 621 621 W ResourcesManager: at android.net.ConnectivityResources.get(ConnectivityResources.java:106)
05-15 10:51:47.329 621 621 W ResourcesManager: at com.android.server.connectivity.LingerMonitor.(LingerMonitor.java:95)
05-15 10:51:47.329 621 621 W ResourcesManager: at com.android.server.ConnectivityService.(ConnectivityService.java:1467)
05-15 10:51:47.329 621 621 W ResourcesManager: at com.android.server.ConnectivityService.(ConnectivityService.java:1336)
05-15 10:51:47.329 621 621 W ResourcesManager: at com.android.server.ConnectivityServiceInitializer.(ConnectivityServiceInitializer.java:35)
05-15 10:51:47.329 621 621 W ResourcesManager: at java.lang.reflect.Constructor.newInstance0(Native Method)
05-15 10:51:47.329 621 621 W ResourcesManager: at java.lang.reflect.Constructor.newInstance(Constructor.java:343)
05-15 10:51:47.329 621 621 W ResourcesManager: at com.android.server.SystemServiceManager.startService(SystemServiceManager.java:177)
05-15 10:51:47.329 621 621 W ResourcesManager: at com.android.server.SystemServiceManager.startServiceFromJar(SystemServiceManager.java:133)
05-15 10:51:47.329 621 621 W ResourcesManager: at com.android.server.SystemServer.startOtherServices(SystemServer.java:1945)
05-15 10:51:47.329 621 621 W ResourcesManager: at com.android.server.SystemServer.run(SystemServer.java:890)
05-15 10:51:47.329 621 621 W ResourcesManager: at com.android.server.SystemServer.main(SystemServer.java:623)
05-15 10:51:47.329 621 621 W ResourcesManager: at java.lang.reflect.Method.invoke(Native Method)
05-15 10:51:47.329 621 621 W ResourcesManager: at com.android.internal.os.RuntimeInit$MethodAndArgsCaller.run(RuntimeInit.java:548)
05-15 10:51:47.329 621 621 W ResourcesManager: at com.android.internal.os.ZygoteInit.main(ZygoteInit.java:981)
05-15 10:51:47.331 621 621 E system_server: Invalid Idmap file: bad magic value (was 0x00000000, expected 0x504d4449)
05-15 10:51:47.331 621 621 E system_server: failed to load IDMAP /data/resource-cache/data@resource-cache@com.android.systemui-neutral-TLBr.frro@idmap
05-15 10:51:47.331 621 621 W ResourcesManager: failed to preload asset path '/data/resource-cache/com.android.systemui-neutral-TLBr.frro'
05-15 10:51:47.331 621 621 W ResourcesManager: java.io.IOException: Failed to load asset path /data/resource-cache/data@resource-cache@com.android.systemui-neutral-TLBr.frro@idmap
05-15 10:51:47.331 621 621 W ResourcesManager: at android.content.res.ApkAssets.nativeLoad(Native Method)
05-15 10:51:47.331 621 621 W ResourcesManager: at android.content.res.ApkAssets.(ApkAssets.java:295)
05-15 10:51:47.331 621 621 W ResourcesManager: at android.content.res.ApkAssets.loadOverlayFromPath(ApkAssets.java:215)
05-15 10:51:47.331 621 621 W ResourcesManager: at android.app.ResourcesManager.loadApkAssets(ResourcesManager.java:466)
05-15 10:51:47.331 621 621 W ResourcesManager: at android.app.ResourcesManager.access$000(ResourcesManager.java:85)
05-15 10:51:47.331 621 621 W ResourcesManager: at android.app.ResourcesManager$ApkAssetsSupplier.load(ResourcesManager.java:182)
05-15 10:51:47.331 621 621 W ResourcesManager: at android.app.ResourcesManager.createApkAssetsSupplierNotLocked(ResourcesManager.java:1035)
05-15 10:51:47.331 621 621 W ResourcesManager: at android.app.ResourcesManager.getResources(ResourcesManager.java:1156)
05-15 10:51:47.331 621 621 W ResourcesManager: at android.app.ContextImpl.createResources(ContextImpl.java:2463)
05-15 10:51:47.331 621 621 W ResourcesManager: at android.app.ContextImpl.createPackageContextAsUser(ContextImpl.java:2533)
05-15 10:51:47.331 621 621 W ResourcesManager: at android.app.ContextImpl.createPackageContext(ContextImpl.java:2506)
05-15 10:51:47.331 621 621 W ResourcesManager: at android.net.ConnectivityResources.getResourcesContext(ConnectivityResources.java:92)
05-15 10:51:47.331 621 621 W ResourcesManager: at android.net.ConnectivityResources.get(ConnectivityResources.java:106)
05-15 10:51:47.331 621 621 W ResourcesManager: at android.net.util.MultinetworkPolicyTracker.configRestrictsAvoidBadWifi(MultinetworkPolicyTracker.java:173)
05-15 10:51:47.331 621 621 W ResourcesManager: at android.net.util.MultinetworkPolicyTracker.updateAvoidBadWifi(MultinetworkPolicyTracker.java:224)
05-15 10:51:47.331 621 621 W ResourcesManager: at android.net.util.MultinetworkPolicyTracker.(MultinetworkPolicyTracker.java:130)
05-15 10:51:47.331 621 621 W ResourcesManager: at com.android.server.ConnectivityService$Dependencies.makeMultinetworkPolicyTracker(ConnectivityService.java:1303)
05-15 10:51:47.331 621 621 W ResourcesManager: at com.android.server.ConnectivityService.(ConnectivityService.java:1469)
05-15 10:51:47.331 621 621 W ResourcesManager: at com.android.server.ConnectivityService.(ConnectivityService.java:1336)
05-15 10:51:47.331 621 621 W ResourcesManager: at com.android.server.ConnectivityServiceInitializer.(ConnectivityServiceInitializer.java:35)
05-15 10:51:47.331 621 621 W ResourcesManager: at java.lang.reflect.Constructor.newInstance0(Native Method)
05-15 10:51:47.331 621 621 W ResourcesManager: at java.lang.reflect.Constructor.newInstance(Constructor.java:343)
05-15 10:51:47.331 621 621 W ResourcesManager: at com.android.server.SystemServiceManager.startService(SystemServiceManager.java:177)
05-15 10:51:47.331 621 621 W ResourcesManager: at com.android.server.SystemServiceManager.startServiceFromJar(SystemServiceManager.java:133)
05-15 10:51:47.331 621 621 W ResourcesManager: at com.android.server.SystemServer.startOtherServices(SystemServer.java:1945)
05-15 10:51:47.331 621 621 W ResourcesManager: at com.android.server.SystemServer.run(SystemServer.java:890)
05-15 10:51:47.331 621 621 W ResourcesManager: at com.android.server.SystemServer.main(SystemServer.java:623)
05-15 10:51:47.331 621 621 W ResourcesManager: at java.lang.reflect.Method.invoke(Native Method)
05-15 10:51:47.331 621 621 W ResourcesManager: at com.android.internal.os.RuntimeInit$MethodAndArgsCaller.run(RuntimeInit.java:548)
05-15 10:51:47.331 621 621 W ResourcesManager: at com.android.internal.os.ZygoteInit.main(ZygoteInit.java:981)
05-15 10:51:47.331 621 621 E system_server: Invalid Idmap file: bad magic value (was 0x00000000, expected 0x504d4449)
05-15 10:51:47.331 621 621 E system_server: failed to load IDMAP /data/resource-cache/data@resource-cache@com.android.systemui-accent-b2QH.frro@idmap
05-15 10:51:47.331 621 621 W ResourcesManager: failed to preload asset path '/data/resource-cache/com.android.systemui-accent-b2QH.frro'
05-15 10:51:47.331 621 621 W ResourcesManager: java.io.IOException: Failed to load asset path /data/resource-cache/data@resource-cache@com.android.systemui-accent-b2QH.frro@idmap
05-15 10:51:47.331 621 621 W ResourcesManager: at android.content.res.ApkAssets.nativeLoad(Native Method)
05-15 10:51:47.331 621 621 W ResourcesManager: at android.content.res.ApkAssets.(ApkAssets.java:295)
05-15 10:51:47.331 621 621 W ResourcesManager: at android.content.res.ApkAssets.loadOverlayFromPath(ApkAssets.java:215)
05-15 10:51:47.331 621 621 W ResourcesManager: at android.app.ResourcesManager.loadApkAssets(ResourcesManager.java:466)
05-15 10:51:47.331 621 621 W ResourcesManager: at android.app.ResourcesManager.access$000(ResourcesManager.java:85)
05-15 10:51:47.331 621 621 W ResourcesManager: at android.app.ResourcesManager$ApkAssetsSupplier.load(ResourcesManager.java:182)
05-15 10:51:47.331 621 621 W ResourcesManager: at android.app.ResourcesManager.createApkAssetsSupplierNotLocked(ResourcesManager.java:1035)
05-15 10:51:47.331 621 621 W ResourcesManager: at android.app.ResourcesManager.getResources(ResourcesManager.java:1156)
05-15 10:51:47.331 621 621 W ResourcesManager: at android.app.ContextImpl.createResources(ContextImpl.java:2463)
05-15 10:51:47.331 621 621 W ResourcesManager: at android.app.ContextImpl.createPackageContextAsUser(ContextImpl.java:2533)
05-15 10:51:47.331 621 621 W ResourcesManager: at android.app.ContextImpl.createPackageContext(ContextImpl.java:2506)
05-15 10:51:47.331 621 621 W ResourcesManager: at android.net.ConnectivityResources.getResourcesContext(ConnectivityResources.java:92)
05-15 10:51:47.331 621 621 W ResourcesManager: at android.net.ConnectivityResources.get(ConnectivityResources.java:106)
05-15 10:51:47.331 621 621 W ResourcesManager: at android.net.util.MultinetworkPolicyTracker.configRestrictsAvoidBadWifi(MultinetworkPolicyTracker.java:173)
05-15 10:51:47.331 621 621 W ResourcesManager: at android.net.util.MultinetworkPolicyTracker.updateAvoidBadWifi(MultinetworkPolicyTracker.java:224)
05-15 10:51:47.331 621 621 W ResourcesManager: at android.net.util.MultinetworkPolicyTracker.(MultinetworkPolicyTracker.java:130)
05-15 10:51:47.331 621 621 W ResourcesManager: at com.android.server.ConnectivityService$Dependencies.makeMultinetworkPolicyTracker(ConnectivityService.java:1303)
05-15 10:51:47.331 621 621 W ResourcesManager: at com.android.server.ConnectivityService.(ConnectivityService.java:1469)
05-15 10:51:47.331 621 621 W ResourcesManager: at com.android.server.ConnectivityService.(ConnectivityService.java:1336)
05-15 10:51:47.331 621 621 W ResourcesManager: at com.android.server.ConnectivityServiceInitializer.(ConnectivityServiceInitializer.java:35)
05-15 10:51:47.331 621 621 W ResourcesManager: at java.lang.reflect.Constructor.newInstance0(Native Method)
05-15 10:51:47.331 621 621 W ResourcesManager: at java.lang.reflect.Constructor.newInstance(Constructor.java:343)
05-15 10:51:47.331 621 621 W ResourcesManager: at com.android.server.SystemServiceManager.startService(SystemServiceManager.java:177)
05-15 10:51:47.331 621 621 W ResourcesManager: at com.android.server.SystemServiceManager.startServiceFromJar(SystemServiceManager.java:133)
05-15 10:51:47.331 621 621 W ResourcesManager: at com.android.server.SystemServer.startOtherServices(SystemServer.java:1945)
05-15 10:51:47.331 621 621 W ResourcesManager: at com.android.server.SystemServer.run(SystemServer.java:890)
05-15 10:51:47.331 621 621 W ResourcesManager: at com.android.server.SystemServer.main(SystemServer.java:623)
05-15 10:51:47.331 621 621 W ResourcesManager: at java.lang.reflect.Method.invoke(Native Method)
05-15 10:51:47.331 621 621 W ResourcesManager: at com.android.internal.os.RuntimeInit$MethodAndArgsCaller.run(RuntimeInit.java:548)
05-15 10:51:47.331 621 621 W ResourcesManager: at com.android.internal.os.ZygoteInit.main(ZygoteInit.java:981)
05-15 10:51:47.331 621 621 E system_server: Invalid Idmap file: bad magic value (was 0x00000000, expected 0x504d4449)
05-15 10:51:47.331 621 621 E system_server: failed to load IDMAP /data/resource-cache/data@resource-cache@com.android.systemui-neutral-TLBr.frro@idmap
05-15 10:51:47.332 621 621 W ResourcesManager: failed to preload asset path '/data/resource-cache/com.android.systemui-neutral-TLBr.frro'
05-15 10:51:47.332 621 621 W ResourcesManager: java.io.IOException: Failed to load asset path /data/resource-cache/data@resource-cache@com.android.systemui-neutral-TLBr.frro@idmap
05-15 10:51:47.332 621 621 W ResourcesManager: at android.content.res.ApkAssets.nativeLoad(Native Method)
05-15 10:51:47.332 621 621 W ResourcesManager: at android.content.res.ApkAssets.(ApkAssets.java:295)
05-15 10:51:47.332 621 621 W ResourcesManager: at android.content.res.ApkAssets.loadOverlayFromPath(ApkAssets.java:215)
05-15 10:51:47.332 621 621 W ResourcesManager: at android.app.ResourcesManager.loadApkAssets(ResourcesManager.java:466)
05-15 10:51:47.332 621 621 W ResourcesManager: at android.app.ResourcesManager.access$000(ResourcesManager.java:85)
05-15 10:51:47.332 621 621 W ResourcesManager: at android.app.ResourcesManager$ApkAssetsSupplier.load(ResourcesManager.java:182)
05-15 10:51:47.332 621 621 W ResourcesManager: at android.app.ResourcesManager.createApkAssetsSupplierNotLocked(ResourcesManager.java:1035)
05-15 10:51:47.332 621 621 W ResourcesManager: at android.app.ResourcesManager.getResources(ResourcesManager.java:1156)
05-15 10:51:47.332 621 621 W ResourcesManager: at android.app.ContextImpl.createResources(ContextImpl.java:2463)
05-15 10:51:47.332 621 621 W ResourcesManager: at android.app.ContextImpl.createConfigurationContext(ContextImpl.java:2609)
05-15 10:51:47.332 621 621 W ResourcesManager: at android.telephony.SubscriptionManager.getResourcesForSubId(SubscriptionManager.java:2660)
05-15 10:51:47.332 621 621 W ResourcesManager: at android.telephony.SubscriptionManager.getResourcesForSubId(SubscriptionManager.java:2613)
05-15 10:51:47.332 621 621 W ResourcesManager: at android.net.util.MultinetworkPolicyTracker.getResourcesForActiveSubId(MultinetworkPolicyTracker.java:191)
05-15 10:51:47.332 621 621 W ResourcesManager: at android.net.util.MultinetworkPolicyTracker.configRestrictsAvoidBadWifi(MultinetworkPolicyTracker.java:175)
05-15 10:51:47.332 621 621 W ResourcesManager: at android.net.util.MultinetworkPolicyTracker.updateAvoidBadWifi(MultinetworkPolicyTracker.java:224)
05-15 10:51:47.332 621 621 W ResourcesManager: at android.net.util.MultinetworkPolicyTracker.(MultinetworkPolicyTracker.java:130)
05-15 10:51:47.332 621 621 W ResourcesManager: at com.android.server.ConnectivityService$Dependencies.makeMultinetworkPolicyTracker(ConnectivityService.java:1303)
05-15 10:51:47.332 621 621 W ResourcesManager: at com.android.server.ConnectivityService.(ConnectivityService.java:1469)
05-15 10:51:47.332 621 621 W ResourcesManager: at com.android.server.ConnectivityService.(ConnectivityService.java:1336)
05-15 10:51:47.332 621 621 W ResourcesManager: at com.android.server.ConnectivityServiceInitializer.(ConnectivityServiceInitializer.java:35)
05-15 10:51:47.332 621 621 W ResourcesManager: at java.lang.reflect.Constructor.newInstance0(Native Method)
05-15 10:51:47.332 621 621 W ResourcesManager: at java.lang.reflect.Constructor.newInstance(Constructor.java:343)
05-15 10:51:47.332 621 621 W ResourcesManager: at com.android.server.SystemServiceManager.startService(SystemServiceManager.java:177)
05-15 10:51:47.332 621 621 W ResourcesManager: at com.android.server.SystemServiceManager.startServiceFromJar(SystemServiceManager.java:133)
05-15 10:51:47.332 621 621 W ResourcesManager: at com.android.server.SystemServer.startOtherServices(SystemServer.java:1945)
05-15 10:51:47.332 621 621 W ResourcesManager: at com.android.server.SystemServer.run(SystemServer.java:890)
05-15 10:51:47.332 621 621 W ResourcesManager: at com.android.server.SystemServer.main(SystemServer.java:623)
05-15 10:51:47.332 621 621 W ResourcesManager: at java.lang.reflect.Method.invoke(Native Method)
05-15 10:51:47.332 621 621 W ResourcesManager: at com.android.internal.os.RuntimeInit$MethodAndArgsCaller.run(RuntimeInit.java:548)
05-15 10:51:47.332 621 621 W ResourcesManager: at com.android.internal.os.ZygoteInit.main(ZygoteInit.java:981)
05-15 10:51:47.332 621 621 E system_server: Invalid Idmap file: bad magic value (was 0x00000000, expected 0x504d4449)
05-15 10:51:47.332 621 621 E system_server: failed to load IDMAP /data/resource-cache/data@resource-cache@com.android.systemui-accent-b2QH.frro@idmap
05-15 10:51:47.332 621 621 W ResourcesManager: failed to preload asset path '/data/resource-cache/com.android.systemui-accent-b2QH.frro'
05-15 10:51:47.332 621 621 W ResourcesManager: java.io.IOException: Failed to load asset path /data/resource-cache/data@resource-cache@com.android.systemui-accent-b2QH.frro@idmap
05-15 10:51:47.332 621 621 W ResourcesManager: at android.content.res.ApkAssets.nativeLoad(Native Method)
05-15 10:51:47.332 621 621 W ResourcesManager: at android.content.res.ApkAssets.(ApkAssets.java:295)
05-15 10:51:47.332 621 621 W ResourcesManager: at android.content.res.ApkAssets.loadOverlayFromPath(ApkAssets.java:215)
05-15 10:51:47.332 621 621 W ResourcesManager: at android.app.ResourcesManager.loadApkAssets(ResourcesManager.java:466)
05-15 10:51:47.332 621 621 W ResourcesManager: at android.app.ResourcesManager.access$000(ResourcesManager.java:85)
05-15 10:51:47.332 621 621 W ResourcesManager: at android.app.ResourcesManager$ApkAssetsSupplier.load(ResourcesManager.java:182)
05-15 10:51:47.332 621 621 W ResourcesManager: at android.app.ResourcesManager.createApkAssetsSupplierNotLocked(ResourcesManager.java:1035)
05-15 10:51:47.332 621 621 W ResourcesManager: at android.app.ResourcesManager.getResources(ResourcesManager.java:1156)
05-15 10:51:47.332 621 621 W ResourcesManager: at android.app.ContextImpl.createResources(ContextImpl.java:2463)
05-15 10:51:47.332 621 621 W ResourcesManager: at android.app.ContextImpl.createConfigurationContext(ContextImpl.java:2609)
05-15 10:51:47.332 621 621 W ResourcesManager: at android.telephony.SubscriptionManager.getResourcesForSubId(SubscriptionManager.java:2660)
05-15 10:51:47.332 621 621 W ResourcesManager: at android.telephony.SubscriptionManager.getResourcesForSubId(SubscriptionManager.java:2613)
05-15 10:51:47.332 621 621 W ResourcesManager: at android.net.util.MultinetworkPolicyTracker.getResourcesForActiveSubId(MultinetworkPolicyTracker.java:191)
05-15 10:51:47.332 621 621 W ResourcesManager: at android.net.util.MultinetworkPolicyTracker.configRestrictsAvoidBadWifi(MultinetworkPolicyTracker.java:175)
05-15 10:51:47.332 621 621 W ResourcesManager: at android.net.util.MultinetworkPolicyTracker.updateAvoidBadWifi(MultinetworkPolicyTracker.java:224)
05-15 10:51:47.332 621 621 W ResourcesManager: at android.net.util.MultinetworkPolicyTracker.(MultinetworkPolicyTracker.java:130)
05-15 10:51:47.332 621 621 W ResourcesManager: at com.android.server.ConnectivityService$Dependencies.makeMultinetworkPolicyTracker(ConnectivityService.java:1303)
05-15 10:51:47.332 621 621 W ResourcesManager: at com.android.server.ConnectivityService.(ConnectivityService.java:1469)
05-15 10:51:47.332 621 621 W ResourcesManager: at com.android.server.ConnectivityService.(ConnectivityService.java:1336)
05-15 10:51:47.332 621 621 W ResourcesManager: at com.android.server.ConnectivityServiceInitializer.(ConnectivityServiceInitializer.java:35)
05-15 10:51:47.332 621 621 W ResourcesManager: at java.lang.reflect.Constructor.newInstance0(Native Method)
05-15 10:51:47.332 621 621 W ResourcesManager: at java.lang.reflect.Constructor.newInstance(Constructor.java:343)
05-15 10:51:47.332 621 621 W ResourcesManager: at com.android.server.SystemServiceManager.startService(SystemServiceManager.java:177)
05-15 10:51:47.332 621 621 W ResourcesManager: at com.android.server.SystemServiceManager.startServiceFromJar(SystemServiceManager.java:133)
05-15 10:51:47.332 621 621 W ResourcesManager: at com.android.server.SystemServer.startOtherServices(SystemServer.java:1945)
05-15 10:51:47.332 621 621 W ResourcesManager: at com.android.server.SystemServer.run(SystemServer.java:890)
05-15 10:51:47.332 621 621 W ResourcesManager: at com.android.server.SystemServer.main(SystemServer.java:623)
05-15 10:51:47.332 621 621 W ResourcesManager: at java.lang.reflect.Method.invoke(Native Method)
05-15 10:51:47.332 621 621 W ResourcesManager: at com.android.internal.os.RuntimeInit$MethodAndArgsCaller.run(RuntimeInit.java:548)
05-15 10:51:47.332 621 621 W ResourcesManager: at com.android.internal.os.ZygoteInit.main(ZygoteInit.java:981)
05-15 10:51:47.332 621 727 E system_server: Invalid Idmap file: bad magic value (was 0x00000000, expected 0x504d4449)
05-15 10:51:47.332 621 727 E system_server: failed to load IDMAP /data/resource-cache/data@resource-cache@com.android.systemui-neutral-TLBr.frro@idmap
05-15 10:51:47.333 621 621 I ConnectivityServiceInitializer: Registering connectivity
05-15 10:51:47.333 621 727 W ResourcesManager: failed to preload asset path '/data/resource-cache/com.android.systemui-neutral-TLBr.frro'
05-15 10:51:47.333 621 727 W ResourcesManager: java.io.IOException: Failed to load asset path /data/resource-cache/data@resource-cache@com.android.systemui-neutral-TLBr.frro@idmap
05-15 10:51:47.333 621 727 W ResourcesManager: at android.content.res.ApkAssets.nativeLoad(Native Method)
05-15 10:51:47.333 621 727 W ResourcesManager: at android.content.res.ApkAssets.(ApkAssets.java:295)
05-15 10:51:47.333 621 727 W ResourcesManager: at android.content.res.ApkAssets.loadOverlayFromPath(ApkAssets.java:215)
05-15 10:51:47.333 621 727 W ResourcesManager: at android.app.ResourcesManager.loadApkAssets(ResourcesManager.java:466)
05-15 10:51:47.333 621 727 W ResourcesManager: at android.app.ResourcesManager.access$000(ResourcesManager.java:85)
05-15 10:51:47.333 621 727 W ResourcesManager: at android.app.ResourcesManager$ApkAssetsSupplier.load(ResourcesManager.java:182)
05-15 10:51:47.333 621 727 W ResourcesManager: at android.app.ResourcesManager.createApkAssetsSupplierNotLocked(ResourcesManager.java:1035)
05-15 10:51:47.333 621 727 W ResourcesManager: at android.app.ResourcesManager.getResources(ResourcesManager.java:1156)
05-15 10:51:47.333 621 727 W ResourcesManager: at android.app.ContextImpl.createResources(ContextImpl.java:2463)
05-15 10:51:47.333 621 727 W ResourcesManager: at android.app.ContextImpl.createConfigurationContext(ContextImpl.java:2609)
05-15 10:51:47.333 621 727 W ResourcesManager: at android.telephony.SubscriptionManager.getResourcesForSubId(SubscriptionManager.java:2660)
05-15 10:51:47.333 621 727 W ResourcesManager: at android.telephony.SubscriptionManager.getResourcesForSubId(SubscriptionManager.java:2613)
05-15 10:51:47.333 621 727 W ResourcesManager: at android.net.util.MultinetworkPolicyTracker.getResourcesForActiveSubId(MultinetworkPolicyTracker.java:191)
05-15 10:51:47.333 621 727 W ResourcesManager: at android.net.util.MultinetworkPolicyTracker.configRestrictsAvoidBadWifi(MultinetworkPolicyTracker.java:175)
05-15 10:51:47.333 621 727 W ResourcesManager: at android.net.util.MultinetworkPolicyTracker.updateAvoidBadWifi(MultinetworkPolicyTracker.java:224)
05-15 10:51:47.333 621 727 W ResourcesManager: at android.net.util.MultinetworkPolicyTracker.reevaluateInternal(MultinetworkPolicyTracker.java:215)
05-15 10:51:47.333 621 727 W ResourcesManager: at android.net.util.MultinetworkPolicyTracker.$r8$lambda$uc2TUU6h-EGLmClaxRXAj76u_WU(Unknown Source:0)
05-15 10:51:47.333 621 727 W ResourcesManager: at android.net.util.MultinetworkPolicyTracker$$ExternalSyntheticLambda0.run(Unknown Source:2)
05-15 10:51:47.333 621 727 W ResourcesManager: at android.os.Handler.handleCallback(Handler.java:938)
05-15 10:51:47.333 621 727 W ResourcesManager: at android.os.Handler.dispatchMessage(Handler.java:99)
05-15 10:51:47.333 621 727 W ResourcesManager: at android.os.Looper.loopOnce(Looper.java:201)
05-15 10:51:47.333 621 727 W ResourcesManager: at android.os.Looper.loop(Looper.java:288)
05-15 10:51:47.333 621 727 W ResourcesManager: at android.os.HandlerThread.run(HandlerThread.java:67)
05-15 10:51:47.333 621 727 E system_server: Invalid Idmap file: bad magic value (was 0x00000000, expected 0x504d4449)
05-15 10:51:47.333 621 727 E system_server: failed to load IDMAP /data/resource-cache/data@resource-cache@com.android.systemui-accent-b2QH.frro@idmap
05-15 10:51:47.333 621 727 W ResourcesManager: failed to preload asset path '/data/resource-cache/com.android.systemui-accent-b2QH.frro'
05-15 10:51:47.333 621 727 W ResourcesManager: java.io.IOException: Failed to load asset path /data/resource-cache/data@resource-cache@com.android.systemui-accent-b2QH.frro@idmap
05-15 10:51:47.333 621 727 W ResourcesManager: at android.content.res.ApkAssets.nativeLoad(Native Method)
05-15 10:51:47.333 621 727 W ResourcesManager: at android.content.res.ApkAssets.(ApkAssets.java:295)
05-15 10:51:47.333 621 727 W ResourcesManager: at android.content.res.ApkAssets.loadOverlayFromPath(ApkAssets.java:215)
05-15 10:51:47.333 621 727 W ResourcesManager: at android.app.ResourcesManager.loadApkAssets(ResourcesManager.java:466)
05-15 10:51:47.333 621 727 W ResourcesManager: at android.app.ResourcesManager.access$000(ResourcesManager.java:85)
05-15 10:51:47.333 621 727 W ResourcesManager: at android.app.ResourcesManager$ApkAssetsSupplier.load(ResourcesManager.java:182)
05-15 10:51:47.333 621 727 W ResourcesManager: at android.app.ResourcesManager.createApkAssetsSupplierNotLocked(ResourcesManager.java:1035)
05-15 10:51:47.333 621 727 W ResourcesManager: at android.app.ResourcesManager.getResources(ResourcesManager.java:1156)
05-15 10:51:47.333 621 727 W ResourcesManager: at android.app.ContextImpl.createResources(ContextImpl.java:2463)
05-15 10:51:47.333 621 727 W ResourcesManager: at android.app.ContextImpl.createConfigurationContext(ContextImpl.java:2609)
05-15 10:51:47.333 621 727 W ResourcesManager: at android.telephony.SubscriptionManager.getResourcesForSubId(SubscriptionManager.java:2660)
05-15 10:51:47.333 621 727 W ResourcesManager: at android.telephony.SubscriptionManager.getResourcesForSubId(SubscriptionManager.java:2613)
05-15 10:51:47.333 621 727 W ResourcesManager: at android.net.util.MultinetworkPolicyTracker.getResourcesForActiveSubId(MultinetworkPolicyTracker.java:191)
05-15 10:51:47.333 621 727 W ResourcesManager: at android.net.util.MultinetworkPolicyTracker.configRestrictsAvoidBadWifi(MultinetworkPolicyTracker.java:175)
05-15 10:51:47.333 621 727 W ResourcesManager: at android.net.util.MultinetworkPolicyTracker.updateAvoidBadWifi(MultinetworkPolicyTracker.java:224)
05-15 10:51:47.333 621 727 W ResourcesManager: at android.net.util.MultinetworkPolicyTracker.reevaluateInternal(MultinetworkPolicyTracker.java:215)
05-15 10:51:47.333 621 727 W ResourcesManager: at android.net.util.MultinetworkPolicyTracker.$r8$lambda$uc2TUU6h-EGLmClaxRXAj76u_WU(Unknown Source:0)
05-15 10:51:47.333 621 727 W ResourcesManager: at android.net.util.MultinetworkPolicyTracker$$ExternalSyntheticLambda0.run(Unknown Source:2)
05-15 10:51:47.333 621 727 W ResourcesManager: at android.os.Handler.handleCallback(Handler.java:938)
05-15 10:51:47.333 621 727 W ResourcesManager: at android.os.Handler.dispatchMessage(Handler.java:99)
05-15 10:51:47.333 621 727 W ResourcesManager: at android.os.Looper.loopOnce(Looper.java:201)
05-15 10:51:47.333 621 727 W ResourcesManager: at android.os.Looper.loop(Looper.java:288)
05-15 10:51:47.333 621 727 W ResourcesManager: at android.os.HandlerThread.run(HandlerThread.java:67)
05-15 10:51:47.334 621 621 D VpnManagerService: VpnManagerService starting up
05-15 10:51:47.336 621 621 D NsdService: Network service discovery is enabled
05-15 10:51:47.337 621 621 I SystemUpdateManagerService: No existing info file /data/system/system-update-info.xml
05-15 10:51:47.338 621 621 I SystemServer: addService drm_device_management
05-15 10:51:47.338 621 621 E RkDisplayModes: Couldn't find /system/usr/share/resolution_white.xml.
05-15 10:51:47.339 452 452 D rkdisplay-resources: Frame buffers:
05-15 10:51:47.339 452 452 D rkdisplay-resources: id size pitch
05-15 10:51:47.339 452 452 E hwc-drm-crtc: Failed to get left margin property
05-15 10:51:47.339 452 452 E hwc-drm-crtc: Failed to get right margin property
05-15 10:51:47.339 452 452 E hwc-drm-crtc: Failed to get top margin property
05-15 10:51:47.339 452 452 E hwc-drm-crtc: Failed to get bottom margin property
05-15 10:51:47.340 452 452 E hwc-drm-crtc: Failed to get left margin property
05-15 10:51:47.340 452 452 E hwc-drm-crtc: Failed to get right margin property
05-15 10:51:47.340 452 452 E hwc-drm-crtc: Failed to get top margin property
05-15 10:51:47.340 452 452 E hwc-drm-crtc: Failed to get bottom margin property
05-15 10:51:47.340 452 452 D rkdisplay-resources: CUBIC_LUT_SIZE:
05-15 10:51:47.340 452 452 D rkdisplay-resources: flags: immutable range
05-15 10:51:47.340 452 452 D rkdisplay-resources: values:0ffffffff
05-15 10:51:47.340 452 452 D rkdisplay-resources: value:1331
05-15 10:51:47.340 452 452 D rkdisplay-resources:
05-15 10:51:47.340 452 452 D rkdisplay-resources: current_crtc id : 402 crtid : 0
05-15 10:51:47.340 452 452 D rkdisplay-resources: current_crtc id : 404 crtid : 87
05-15 10:51:47.340 452 452 D rkdisplay-resources: current_crtc id : 407 crtid : 0
05-15 10:51:47.340 452 452 D rkdisplay-resources: Encoders:
05-15 10:51:47.340 452 452 D rkdisplay-resources: id crtc type possible crtcs possible clones
05-15 10:51:47.340 452 452 D rkdisplay-resources: 192 0 (invalid) 3 1
05-15 10:51:47.340 452 452 D rkdisplay-resources:
05-15 10:51:47.340 452 452 D rkdisplay-resources: 194 57 (invalid) 2 2
05-15 10:51:47.340 452 452 D rkdisplay-resources:
05-15 10:51:47.340 452 452 D rkdisplay-resources: 197 0 TMDS 1 4
05-15 10:51:47.340 452 452 D rkdisplay-resources:
05-15 10:51:47.340 452 452 D hwc-drm-connector: crtc_id_property_: name CRTC_ID
05-15 10:51:47.340 452 452 W hwc-drm-connector: Could not get color_depth property
05-15 10:51:47.340 452 452 W hwc-drm-connector: color_depth_property_: name 0
05-15 10:51:47.340 452 452 W hwc-drm-connector: Could not get color_format property
05-15 10:51:47.340 452 452 W hwc-drm-connector: Could not get color_format_caps property
05-15 10:51:47.340 452 452 W hwc-drm-connector: Could not get hdmi_output_colorimetry property
05-15 10:51:47.340 452 452 W hwc-drm-connector: Could not get color_depth_caps property
05-15 10:51:47.340 452 452 W hwc-drm-connector: Could not get hdmi_output_format property
05-15 10:51:47.340 452 452 W hwc-drm-connector: Could not get CONNECTOR_ID property
05-15 10:51:47.340 452 452 W hwc-drm-connector: Could not get color_depth property
05-15 10:51:47.340 452 452 W hwc-drm-connector: color_depth_property_: name 0
05-15 10:51:47.340 452 452 W hwc-drm-connector: Could not get color_format property
05-15 10:51:47.340 452 452 W hwc-drm-connector: UpdateModes Could not get color_format_caps property
05-15 10:51:47.340 452 452 W hwc-drm-connector: UpdateModes Could not get hdmi_output_colorimetry property
05-15 10:51:47.340 452 452 W hwc-drm-connector: UpdateModes Could not get color_depth_caps property
05-15 10:51:47.340 452 452 W hwc-drm-connector: UpdateModes Could not get hdmi_output_format property
05-15 10:51:47.340 452 452 D hwc-drm-connector: crtc_id_property_: name CRTC_ID
05-15 10:51:47.340 452 452 W hwc-drm-connector: color_depth_property_: name 0
05-15 10:51:47.340 452 452 W hwc-drm-connector: Could not get CONNECTOR_ID property
05-15 10:51:47.340 452 452 W hwc-drm-connector: color_depth_property_: name 0
05-15 10:51:47.340 452 452 D rkdisplay-resources: hue:
05-15 10:51:47.340 452 452 D rkdisplay-resources: flags: range
05-15 10:51:47.340 452 452 D rkdisplay-resources: values:064
05-15 10:51:47.340 452 452 D rkdisplay-resources: value:32
05-15 10:51:47.340 452 452 D rkdisplay-resources:
05-15 10:51:47.340 452 452 D hw_output: nativeInit:
05-15 10:51:47.340 452 452 W hwc-drm-connector: Could not get color_depth property
05-15 10:51:47.340 452 452 W hwc-drm-connector: color_depth_property_: name 0
05-15 10:51:47.340 452 452 W hwc-drm-connector: Could not get color_format property
05-15 10:51:47.340 452 452 W hwc-drm-connector: UpdateModes Could not get color_format_caps property
05-15 10:51:47.341 452 452 W hwc-drm-connector: UpdateModes Could not get hdmi_output_colorimetry property
05-15 10:51:47.341 452 452 W hwc-drm-connector: UpdateModes Could not get color_depth_caps property
05-15 10:51:47.341 452 452 W hwc-drm-connector: UpdateModes Could not get hdmi_output_format property
05-15 10:51:47.341 452 452 D hw_output: old_state 1 cur_state 1 conn->get_type() 16
05-15 10:51:47.341 452 452 W hwc-drm-connector: color_depth_property_: name 0
05-15 10:51:47.341 452 452 D hw_output: old_state 2 cur_state 2 conn->get_type() 10
05-15 10:51:47.341 452 452 D hw_output: encoderId1: 404
05-15 10:51:47.341 452 452 D hw_output: crtc: 87 0 foundHdmi 0 2222
05-15 10:51:47.349 452 452 D hw_output: primary: 0x0 extend: 0x0
05-15 10:51:47.350 621 621 I SystemServiceManager: Starting com.android.server.notification.NotificationManagerService
05-15 10:51:47.353 621 621 D ConditionProviders.SCP: new ScheduleConditionProvider()
05-15 10:51:47.357 621 621 I NotificationAssistants: Read notification assistant permissions from xml
05-15 10:51:47.357 621 621 I ConditionProviders: Read condition provider permissions from xml
05-15 10:51:47.358 621 621 I ConditionProviders: Read condition provider permissions from xml
05-15 10:51:47.358 621 621 D NotificationAssistants: Approving default notification assistant for user 0
05-15 10:51:47.358 621 621 I ConditionProviders: Allowing condition provider android.ext.services/android.ext.services.notification.Assistant (userSet: true)
05-15 10:51:47.360 621 621 I SystemServiceManager: Starting com.android.server.storage.DeviceStorageMonitorService
05-15 10:51:47.361 621 621 I SystemServiceManager: Starting com.android.server.location.LocationManagerService$Lifecycle
05-15 10:51:47.361 621 735 I storage_state: [41217664-9172-527a-b3d5-edabb50a7d69,0,0,241695432704,242906824704]
05-15 10:51:47.362 621 621 I SystemServiceManager: Starting com.android.server.timedetector.TimeDetectorService$Lifecycle
05-15 10:51:47.363 621 621 I SystemServiceManager: Starting com.android.server.timezonedetector.TimeZoneDetectorService$Lifecycle
05-15 10:51:47.363 621 621 I SystemServiceManager: Starting com.android.server.timezonedetector.location.LocationTimeZoneManagerService$Lifecycle
05-15 10:51:47.363 621 621 I SystemServiceManager: Starting com.android.server.search.SearchManagerService$Lifecycle
05-15 10:51:47.364 621 621 I SystemServiceManager: Starting com.android.server.wallpaper.WallpaperManagerService$Lifecycle
05-15 10:51:47.364 621 621 I SystemServiceManager: Starting com.android.server.audio.AudioService$Lifecycle
05-15 10:51:47.366 420 420 I Zygote : ...preloaded 13903 classes in 465ms.
05-15 10:51:47.368 420 420 D ApplicationLoaders: Created zygote-cached class loader: /system/framework/android.hidl.base-V1.0-java.jar
05-15 10:51:47.369 621 621 I android_os_HwBinder: HwBinder: Starting thread pool for getting: android.hidl.manager@1.0::IServiceManager/default
05-15 10:51:47.369 420 420 D ApplicationLoaders: Created zygote-cached class loader: /system/framework/android.hidl.manager-V1.0-java.jar
05-15 10:51:47.370 420 420 D ApplicationLoaders: Created zygote-cached class loader: /system/framework/android.test.base.jar
05-15 10:51:47.370 420 420 I Zygote : Preloading resources...
05-15 10:51:47.371 457 591 W AudioFlinger: no wake lock to update, system not ready yet
05-15 10:51:47.373 457 574 D PermissionCache: checking android.permission.MODIFY_AUDIO_ROUTING for uid=1000 => granted (395 us)
05-15 10:51:47.373 420 420 W Resources: Preloaded drawable resource #0x1080285 (android:drawable/dialog_background_material) that varies with configuration!!
05-15 10:51:47.377 457 574 D PermissionCache: checking android.permission.MODIFY_AUDIO_SETTINGS for uid=1000 => granted (554 us)
05-15 10:51:47.379 420 420 I Zygote : ...preloaded 64 resources in 9ms.
05-15 10:51:47.381 420 420 I Zygote : ...preloaded 41 resources in 2ms.
05-15 10:51:47.395 621 738 I stream_devices_changed: [0,0,2]
05-15 10:51:47.396 621 738 I stream_devices_changed: [2,0,2]
05-15 10:51:47.397 621 738 I stream_devices_changed: [3,0,2]
05-15 10:51:47.412 621 738 I stream_devices_changed: [4,0,2]
05-15 10:51:47.413 621 738 I stream_devices_changed: [6,0,2]
05-15 10:51:53.132 569 569 I gc08a3 7-0031: gc08a3_s_power(1536) on(0)
05-15 10:51:47.421 427 569 W CamPrvdr@2.4-external: deviceAdded: Attempt to init camera device /dev/video7 failed!
05-15 10:51:47.421 427 569 V CamPrvdr@2.4-external: Non-internal v4l device video17 found
05-15 10:51:47.436 457 574 D AudioFlinger: isLowRamDevice:false totalMemory:8037101568 mClientSharedHeapSize:33554432
05-15 10:51:47.436 621 621 I SystemServiceManager: Starting com.android.server.soundtrigger_middleware.SoundTriggerMiddlewareService$Lifecycle
05-15 10:51:47.437 621 621 D SoundTriggerMiddlewareService: Connecting to default ISoundTriggerHw
05-15 10:51:47.437 282 282 I hwservicemanager: getTransport: Cannot find entry android.hardware.soundtrigger@2.0::ISoundTriggerHw/default in either framework or device VINTF manifest.
05-15 10:51:47.437 621 621 E SoundTriggerMiddlewareImpl: Failed to add a SoundTriggerModule instance
05-15 10:51:47.438 457 457 I CaptureStateNotifier: Registering a listener
05-15 10:51:47.438 621 621 I SystemServiceManager: Starting com.android.server.DockObserver
05-15 10:51:47.438 621 621 W DockObserver: This kernel does not have dock station support
05-15 10:51:47.438 621 744 I SoundTriggerMiddlewareLogging: setCaptureState[this=com.android.server.soundtrigger_middleware.SoundTriggerMiddlewareImpl@b98eebb, client=null](false)
05-15 10:51:47.439 621 621 W WiredAccessoryManager: This kernel does not have wired headset support
05-15 10:51:47.439 621 621 W WiredAccessoryManager: This kernel does not have usb audio support
05-15 10:51:47.439 621 621 W WiredAccessoryManager: This kernel does not have HDMI audio support
05-15 10:51:47.439 621 621 I SystemServiceManager: Starting com.android.server.adb.AdbService$Lifecycle
05-15 10:51:47.439 621 621 I SystemServiceManager: Starting com.android.server.usb.UsbService$Lifecycle
05-15 10:51:47.440 621 745 D SystemServerInitThreadPool: Started executing UsbService$Lifecycle#onStart
05-15 10:51:47.440 282 282 I hwservicemanager: getTransport: Cannot find entry android.hardware.thermal@1.0::IThermal/default in either framework or device VINTF manifest.
05-15 10:51:47.440 621 621 E HardwarePropertiesManagerService-JNI: Unable to get Thermal service.
05-15 10:51:47.440 621 621 I SystemServiceManager: Starting com.android.server.twilight.TwilightService
05-15 10:51:47.440 621 621 I SystemServiceManager: Starting com.android.server.display.color.ColorDisplayService
05-15 10:51:47.441 621 621 I SystemServiceManager: Starting com.android.server.job.JobSchedulerService
05-15 10:51:47.441 621 745 E UsbDeviceManager: failed to write to /sys/class/android_usb/android0/f_rndis/ethaddr
05-15 10:51:47.442 282 282 I hwservicemanager: getTransport: Cannot find entry android.hardware.usb.gadget@1.0::IUsbGadget/default in either framework or device VINTF manifest.
05-15 10:51:47.442 621 745 I UsbDeviceManager: USB GADGET HAL not present in the device
05-15 10:51:53.153 745 745 I : read descriptors
05-15 10:51:53.153 745 745 I : read strings
05-15 10:51:53.153 745 745 I : read descriptors
05-15 10:51:53.153 745 745 I : read strings
05-15 10:51:47.443 621 745 W StorageManagerService: No primary storage defined yet; hacking together a stub
05-15 10:51:47.445 621 745 I android_os_HwBinder: HwBinder: Starting thread pool for getting: android.hidl.manager@1.0::IServiceManager/default
05-15 10:51:47.446 282 282 I hwservicemanager: getTransport: Cannot find entry android.hardware.usb@1.0::IUsb/default in either framework or device VINTF manifest.
05-15 10:51:47.446 621 745 E UsbPortManager: connectToProxy: usb hal service not found. Did the service fail to start?
05-15 10:51:47.447 621 745 D SystemServerInitThreadPool: Finished executing UsbService$Lifecycle#onStart
05-15 10:51:47.449 621 621 D JobStore: Start tag: job-info
05-15 10:51:47.450 621 621 I JobStore: Read 5 jobs
05-15 10:51:47.452 621 727 D ConnectivityService: NetReassign [no changes]
05-15 10:51:47.452 621 621 V HistoricalRegistry: Interaction before persistence initialized
05-15 10:51:47.452 621 621 V HistoricalRegistry: Interaction before persistence initialized
05-15 10:51:47.453 621 621 I SystemServiceManager: Starting com.android.server.soundtrigger.SoundTriggerService
05-15 10:51:47.453 621 621 I SystemServiceManager: Starting com.android.server.trust.TrustManagerService
05-15 10:51:47.454 621 621 I SystemServiceManager: Starting com.android.server.backup.BackupManagerService$Lifecycle
05-15 10:51:47.455 621 621 I SystemServiceManager: Starting com.android.server.appwidget.AppWidgetService
05-15 10:51:47.456 621 621 I SystemServiceManager: Starting com.android.server.voiceinteraction.VoiceInteractionManagerService
05-15 10:51:47.480 420 420 D libEGL : loaded /vendor/lib/egl/libGLES_mali.so
05-15 10:51:47.483 621 621 I SystemServiceManager: Starting com.android.server.apphibernation.AppHibernationService
05-15 10:51:47.484 621 621 I SystemServiceManager: Starting com.android.server.GestureLauncherService
05-15 10:51:47.484 621 621 I SystemServiceManager: Starting com.android.server.SensorNotificationService
05-15 10:51:47.487 621 621 I SystemServiceManager: Starting com.android.server.emergency.EmergencyAffordanceService
05-15 10:51:47.487 621 621 I SystemServiceManager: Starting com.android.server.blob.BlobStoreManagerService
05-15 10:51:47.488 621 621 I SystemServiceManager: Starting com.android.server.dreams.DreamManagerService
05-15 10:51:47.489 621 621 I SystemServiceManager: Starting com.android.server.print.PrintManagerService
05-15 10:51:47.490 621 621 I SystemServiceManager: Starting com.android.server.companion.CompanionDeviceManagerService
05-15 10:51:47.491 621 621 I SystemServiceManager: Starting com.android.server.restrictions.RestrictionsManagerService
05-15 10:51:47.491 621 621 I SystemServiceManager: Starting com.android.server.media.MediaSessionService
05-15 10:51:47.492 621 621 I SystemServiceManager: Starting com.android.server.media.MediaResourceMonitorService
05-15 10:51:47.492 621 621 V HistoricalRegistry: Interaction before persistence initialized
05-15 10:51:47.492 621 621 I SystemServiceManager: Starting com.android.server.biometrics.sensors.fingerprint.FingerprintService
05-15 10:51:47.492 621 621 I SystemServiceManager: Starting com.android.server.biometrics.BiometricService
05-15 10:51:47.493 621 621 I SystemServiceManager: Starting com.android.server.biometrics.AuthService
05-15 10:51:47.493 621 621 D AuthService: Registering HIDL ID: 0 Modality: 2 Strength: 255
05-15 10:51:47.494 621 621 W BackgroundDexOptService: SysProp pm.dexopt.downgrade_after_inactive_days not set
05-15 10:51:47.494 621 754 D BiometricService: Registering ID: 0 Modality: 2 Strength: 255
05-15 10:51:47.494 621 754 D BiometricStrengthController: updateStrengths: revert sensorId=0 to oemStrength=255
05-15 10:51:47.494 621 754 D BiometricService/Sensor: updateStrength: Before(ID(0), oemStrength: 255, updatedStrength: 255, modality 2, state: 0, cookie: 0, props: ID: 0, Strength: 1, Type: 1) After(ID(0), oemStrength: 255, updatedStrength: 255, modality 2, state: 0, cookie: 0, props: ID: 0, Strength: 1, Type: 1)
05-15 10:51:47.495 621 621 I SystemServiceManager: Starting com.android.server.pm.ShortcutService$Lifecycle
05-15 10:51:47.495 621 621 V HistoricalRegistry: Interaction before persistence initialized
05-15 10:51:47.495 621 621 I SystemServiceManager: Starting com.android.server.pm.LauncherAppsService
05-15 10:51:47.496 621 621 I SystemServiceManager: Starting com.android.server.pm.CrossProfileAppsService
05-15 10:51:47.496 621 621 I SystemServiceManager: Starting com.android.server.people.PeopleService
05-15 10:51:47.496 621 621 I SystemServiceManager: Starting com.android.server.media.metrics.MediaMetricsManagerService
05-15 10:51:47.497 621 621 I SystemServiceManager: Starting com.android.server.media.projection.MediaProjectionManagerService
05-15 10:51:47.498 621 621 V MediaRouter: Selecting route: RouteInfo{ name=平板电脑, description=null, status=null, category=RouteCategory{ name=系统 types=ROUTE_TYPE_LIVE_AUDIO ROUTE_TYPE_LIVE_VIDEO groupable=false }, supportedTypes=ROUTE_TYPE_LIVE_AUDIO ROUTE_TYPE_LIVE_VIDEO , presentationDisplay=null }
05-15 10:51:47.498 621 621 I MediaRouter: Skip setBluetoothA2dpOn(): types=8388615, isPlaybackActive()=false, BT route=null
05-15 10:51:47.498 621 621 I SystemServiceManager: Starting com.android.server.slice.SliceManagerService$Lifecycle
05-15 10:51:47.500 420 420 I Zygote : Preloading shared libraries...
05-15 10:51:47.502 621 621 I SystemServiceManager: Starting com.android.server.stats.StatsCompanion$Lifecycle
05-15 10:51:47.503 420 420 I Zygote : Called ZygoteHooks.endPreload()
05-15 10:51:47.504 420 420 I Zygote : Installed AndroidKeyStoreProvider in 0ms.
05-15 10:51:47.507 621 621 I SystemServiceManager: Starting com.android.server.scheduling.RebootReadinessManagerService$Lifecycle
05-15 10:51:47.507 420 420 I Zygote : Warmed up JCA providers in 3ms.
05-15 10:51:47.507 420 420 D Zygote : end preload
05-15 10:51:47.507 621 692 D SystemServerInitThreadPool: Finished executing SecondaryZygotePreload
05-15 10:51:47.508 621 621 I TetheringManager: registerTetheringEventCallback:android
05-15 10:51:47.508 621 621 I TetheringManager: registerTetheringEventCallback caller:android
05-15 10:51:47.509 621 621 I SystemServiceManager: Starting com.android.server.stats.pull.StatsPullAtomService
05-15 10:51:47.509 621 621 I SystemServiceManager: Starting com.android.server.incident.IncidentCompanionService
05-15 10:51:47.509 621 621 I SystemServiceManager: Starting com.android.server.MmsServiceBroker
05-15 10:51:47.509 621 621 I SystemServiceManager: Starting com.android.server.autofill.AutofillManagerService
05-15 10:51:47.510 621 621 D AutofillManagerService: setLogLevelFromSettings(): level=2, debug=true, verbose=false
05-15 10:51:47.510 621 621 D AutofillManagerService: setMaxPartitionsFromSettings(): 10
05-15 10:51:47.510 621 621 D AutofillManagerService: setMaxVisibleDatasetsFromSettings(): 0
05-15 10:51:47.510 621 621 D AutofillManagerServiceImpl: Reset component for user 0:
05-15 10:51:47.510 621 639 D AutofillUI: destroySaveUiUiThread(): already destroyed
05-15 10:51:47.511 621 621 D SystemServer: TranslationService not defined by OEM
05-15 10:51:47.511 621 621 I SystemServiceManager: Starting com.android.server.clipboard.ClipboardService
05-15 10:51:47.512 621 621 I SystemServiceManager: Starting com.android.server.appbinding.AppBindingService$Lifecycle
05-15 10:51:47.512 621 621 I SystemServiceManager: Starting com.android.server.tracing.TracingServiceProxy
05-15 10:51:47.512 621 621 I SystemServer: StartPluginsService
05-15 10:51:47.516 621 621 D RkDisplayOutputManager: main display iface num is 1
05-15 10:51:47.516 621 621 D RkDisplayOutputManager: DSI
05-15 10:51:47.516 621 621 D RkDisplayOutputManager: aux display iface num is 1
05-15 10:51:47.531 621 738 I stream_devices_changed: [4,0,2]
05-15 10:51:47.531 621 738 I stream_devices_changed: [3,0,2]
05-15 10:51:47.531 621 738 I stream_devices_changed: [2,0,2]
05-15 10:51:47.531 621 738 I stream_devices_changed: [0,0,2]
05-15 10:51:47.534 621 738 I AS.SpatializerHelper: Initializing
05-15 10:51:47.534 621 738 I AS.SpatializerHelper: Setting state to STATE_NOT_SUPPORTED due to effect not expected
05-15 10:51:47.546 621 621 D ColorTemp: set color temperature on boot: (6000/true)
05-15 10:51:47.547 621 738 I stream_devices_changed: [6,0,2]
05-15 10:51:47.550 621 621 I android_os_HwBinder: HwBinder: Starting thread pool for getting: android.hardware.weaver@1.0::IWeaver/default
05-15 10:51:47.551 444 444 I android.hardware.weaver@1.0-service: getConfig: slots:100 keySize:32 valueSize:32
05-15 10:51:47.551 417 422 I ServiceManager: Waiting for service 'statscompanion' on '/dev/binder' successful after waiting 601ms
