05-15 10:51:48.924 777 777 W ResourcesManager: at android.app.ActivityThread.access$1700(ActivityThread.java:256)
05-15 10:51:48.924 777 777 W ResourcesManager: at android.app.ActivityThread$H.handleMessage(ActivityThread.java:2110)
05-15 10:51:48.924 777 777 W ResourcesManager: at android.os.Handler.dispatchMessage(Handler.java:106)
05-15 10:51:48.924 777 777 W ResourcesManager: at android.os.Looper.loopOnce(Looper.java:201)
05-15 10:51:48.924 777 777 W ResourcesManager: at android.os.Looper.loop(Looper.java:288)
05-15 10:51:48.924 777 777 W ResourcesManager: at android.app.ActivityThread.main(ActivityThread.java:7870)
05-15 10:51:48.924 777 777 W ResourcesManager: at java.lang.reflect.Method.invoke(Native Method)
05-15 10:51:48.924 777 777 W ResourcesManager: at com.android.internal.os.RuntimeInit$MethodAndArgsCaller.run(RuntimeInit.java:548)
05-15 10:51:48.924 777 777 W ResourcesManager: at com.android.internal.os.ZygoteInit.main(ZygoteInit.java:1003)
05-15 10:51:48.924 777 777 E ndroid.systemu: Invalid Idmap file: bad magic value (was 0x00000000, expected 0x504d4449)
05-15 10:51:48.924 777 777 E ndroid.systemu: failed to load IDMAP /data/resource-cache/data@resource-cache@com.android.systemui-neutral-TLBr.frro@idmap
05-15 10:51:48.924 777 777 W ResourcesManager: failed to preload asset path '/data/resource-cache/com.android.systemui-neutral-TLBr.frro'
05-15 10:51:48.924 777 777 W ResourcesManager: java.io.IOException: Failed to load asset path /data/resource-cache/data@resource-cache@com.android.systemui-neutral-TLBr.frro@idmap
05-15 10:51:48.924 777 777 W ResourcesManager: at android.content.res.ApkAssets.nativeLoad(Native Method)
05-15 10:51:48.924 777 777 W ResourcesManager: at android.content.res.ApkAssets.(ApkAssets.java:295)
05-15 10:51:48.924 777 777 W ResourcesManager: at android.content.res.ApkAssets.loadOverlayFromPath(ApkAssets.java:215)
05-15 10:51:48.924 777 777 W ResourcesManager: at android.app.ResourcesManager.loadApkAssets(ResourcesManager.java:466)
05-15 10:51:48.924 777 777 W ResourcesManager: at android.app.ResourcesManager.access$000(ResourcesManager.java:85)
05-15 10:51:48.924 777 777 W ResourcesManager: at android.app.ResourcesManager$ApkAssetsSupplier.load(ResourcesManager.java:182)
05-15 10:51:48.924 777 777 W ResourcesManager: at android.app.ResourcesManager.createApkAssetsSupplierNotLocked(ResourcesManager.java:1035)
05-15 10:51:48.924 777 777 W ResourcesManager: at android.app.ResourcesManager.getResources(ResourcesManager.java:1156)
05-15 10:51:48.924 777 777 W ResourcesManager: at android.app.ContextImpl.createResources(ContextImpl.java:2463)
05-15 10:51:48.924 777 777 W ResourcesManager: at android.app.ContextImpl.createConfigurationContext(ContextImpl.java:2609)
05-15 10:51:48.924 777 777 W ResourcesManager: at android.content.ContextWrapper.createConfigurationContext(ContextWrapper.java:1045)
05-15 10:51:48.924 777 777 W ResourcesManager: at com.android.systemui.util.leak.RotationUtils.getResourcesForRotation(RotationUtils.java:121)
05-15 10:51:48.924 777 777 W ResourcesManager: at com.android.systemui.statusbar.phone.StatusBarContentInsetsProvider.getBoundingRectForPrivacyChipForRotation(StatusBarContentInsetsProvider.kt:146)
05-15 10:51:48.924 777 777 W ResourcesManager: at com.android.systemui.statusbar.window.StatusBarWindowController.calculateStatusBarLocationsForAllRotations(StatusBarWindowController.java:243)
05-15 10:51:48.924 777 777 W ResourcesManager: at com.android.systemui.statusbar.window.StatusBarWindowController.attach(StatusBarWindowController.java:135)
05-15 10:51:48.924 777 777 W ResourcesManager: at com.android.systemui.statusbar.phone.StatusBar.createAndAddWindows(StatusBar.java:2428)
05-15 10:51:48.924 777 777 W ResourcesManager: at com.android.systemui.statusbar.phone.StatusBar.start(StatusBar.java:968)
05-15 10:51:48.924 777 777 W ResourcesManager: at com.android.systemui.SystemUIApplication.startServicesIfNeeded(SystemUIApplication.java:224)
05-15 10:51:48.924 777 777 W ResourcesManager: at com.android.systemui.SystemUIApplication.startServicesIfNeeded(SystemUIApplication.java:163)
05-15 10:51:48.924 777 777 W ResourcesManager: at com.android.systemui.SystemUIService.onCreate(SystemUIService.java:70)
05-15 10:51:48.924 777 777 W ResourcesManager: at android.app.ActivityThread.handleCreateService(ActivityThread.java:4554)
05-15 10:51:48.924 777 777 W ResourcesManager: at android.app.ActivityThread.access$1700(ActivityThread.java:256)
05-15 10:51:48.924 777 777 W ResourcesManager: at android.app.ActivityThread$H.handleMessage(ActivityThread.java:2110)
05-15 10:51:48.924 777 777 W ResourcesManager: at android.os.Handler.dispatchMessage(Handler.java:106)
05-15 10:51:48.924 777 777 W ResourcesManager: at android.os.Looper.loopOnce(Looper.java:201)
05-15 10:51:48.924 777 777 W ResourcesManager: at android.os.Looper.loop(Looper.java:288)
05-15 10:51:48.924 777 777 W ResourcesManager: at android.app.ActivityThread.main(ActivityThread.java:7870)
05-15 10:51:48.924 777 777 W ResourcesManager: at java.lang.reflect.Method.invoke(Native Method)
05-15 10:51:48.924 777 777 W ResourcesManager: at com.android.internal.os.RuntimeInit$MethodAndArgsCaller.run(RuntimeInit.java:548)
05-15 10:51:48.924 777 777 W ResourcesManager: at com.android.internal.os.ZygoteInit.main(ZygoteInit.java:1003)
05-15 10:51:48.924 621 621 W ResourcesManager: failed to preload asset path '/data/resource-cache/com.android.systemui-neutral-TLBr.frro'
05-15 10:51:48.924 621 621 W ResourcesManager: java.io.IOException: Failed to load asset path /data/resource-cache/data@resource-cache@com.android.systemui-neutral-TLBr.frro@idmap
05-15 10:51:48.924 621 621 W ResourcesManager: at android.content.res.ApkAssets.nativeLoad(Native Method)
05-15 10:51:48.924 621 621 W ResourcesManager: at android.content.res.ApkAssets.(ApkAssets.java:295)
05-15 10:51:48.924 621 621 W ResourcesManager: at android.content.res.ApkAssets.loadOverlayFromPath(ApkAssets.java:215)
05-15 10:51:48.924 621 621 W ResourcesManager: at android.app.ResourcesManager.loadApkAssets(ResourcesManager.java:466)
05-15 10:51:48.924 621 621 W ResourcesManager: at android.app.ResourcesManager.access$000(ResourcesManager.java:85)
05-15 10:51:48.924 621 621 W ResourcesManager: at android.app.ResourcesManager$ApkAssetsSupplier.load(ResourcesManager.java:182)
05-15 10:51:48.924 621 621 W ResourcesManager: at android.app.ResourcesManager.createApkAssetsSupplierNotLocked(ResourcesManager.java:1035)
05-15 10:51:48.924 621 621 W ResourcesManager: at android.app.ResourcesManager.getResources(ResourcesManager.java:1156)
05-15 10:51:48.924 621 621 W ResourcesManager: at android.app.ContextImpl.createResources(ContextImpl.java:2463)
05-15 10:51:48.924 621 621 W ResourcesManager: at android.app.ContextImpl.createApplicationContext(ContextImpl.java:2492)
05-15 10:51:48.924 621 621 W ResourcesManager: at android.app.Notification$Builder.recoverBuilder(Notification.java:6432)
05-15 10:51:48.924 621 621 W ResourcesManager: at com.android.server.notification.NotificationManagerService.getHistoryText(NotificationManagerService.java:2995)
05-15 10:51:48.924 621 621 W ResourcesManager: at com.android.server.notification.NotificationManagerService.maybeRecordInterruptionLocked(NotificationManagerService.java:2945)
05-15 10:51:48.924 621 621 W ResourcesManager: at com.android.server.notification.NotificationManagerService$PostNotificationRunnable.run(NotificationManagerService.java:7041)
05-15 10:51:48.924 621 621 W ResourcesManager: at android.os.Handler.handleCallback(Handler.java:938)
05-15 10:51:48.924 621 621 W ResourcesManager: at android.os.Handler.dispatchMessage(Handler.java:99)
05-15 10:51:48.924 621 621 W ResourcesManager: at android.os.Looper.loopOnce(Looper.java:201)
05-15 10:51:48.924 621 621 W ResourcesManager: at android.os.Looper.loop(Looper.java:288)
05-15 10:51:48.924 621 621 W ResourcesManager: at com.android.server.SystemServer.run(SystemServer.java:914)
05-15 10:51:48.924 621 621 W ResourcesManager: at com.android.server.SystemServer.main(SystemServer.java:623)
05-15 10:51:48.924 621 621 W ResourcesManager: at java.lang.reflect.Method.invoke(Native Method)
05-15 10:51:48.924 621 621 W ResourcesManager: at com.android.internal.os.RuntimeInit$MethodAndArgsCaller.run(RuntimeInit.java:548)
05-15 10:51:48.924 621 621 W ResourcesManager: at com.android.internal.os.ZygoteInit.main(ZygoteInit.java:981)
05-15 10:51:48.924 777 777 E ndroid.systemu: Invalid Idmap file: bad magic value (was 0x00000000, expected 0x504d4449)
05-15 10:51:48.924 777 777 E ndroid.systemu: failed to load IDMAP /data/resource-cache/data@resource-cache@com.android.systemui-accent-b2QH.frro@idmap
05-15 10:51:48.924 621 621 E system_server: Invalid Idmap file: bad magic value (was 0x00000000, expected 0x504d4449)
05-15 10:51:48.924 621 621 E system_server: failed to load IDMAP /data/resource-cache/data@resource-cache@com.android.systemui-accent-b2QH.frro@idmap
05-15 10:51:48.924 777 777 W ResourcesManager: failed to preload asset path '/data/resource-cache/com.android.systemui-accent-b2QH.frro'
05-15 10:51:48.924 777 777 W ResourcesManager: java.io.IOException: Failed to load asset path /data/resource-cache/data@resource-cache@com.android.systemui-accent-b2QH.frro@idmap
05-15 10:51:48.924 777 777 W ResourcesManager: at android.content.res.ApkAssets.nativeLoad(Native Method)
05-15 10:51:48.924 777 777 W ResourcesManager: at android.content.res.ApkAssets.(ApkAssets.java:295)
05-15 10:51:48.924 777 777 W ResourcesManager: at android.content.res.ApkAssets.loadOverlayFromPath(ApkAssets.java:215)
05-15 10:51:48.924 777 777 W ResourcesManager: at android.app.ResourcesManager.loadApkAssets(ResourcesManager.java:466)
05-15 10:51:48.924 777 777 W ResourcesManager: at android.app.ResourcesManager.access$000(ResourcesManager.java:85)
05-15 10:51:48.924 777 777 W ResourcesManager: at android.app.ResourcesManager$ApkAssetsSupplier.load(ResourcesManager.java:182)
05-15 10:51:48.924 777 777 W ResourcesManager: at android.app.ResourcesManager.createApkAssetsSupplierNotLocked(ResourcesManager.java:1035)
05-15 10:51:48.924 777 777 W ResourcesManager: at android.app.ResourcesManager.getResources(ResourcesManager.java:1156)
05-15 10:51:48.924 777 777 W ResourcesManager: at android.app.ContextImpl.createResources(ContextImpl.java:2463)
05-15 10:51:48.924 777 777 W ResourcesManager: at android.app.ContextImpl.createConfigurationContext(ContextImpl.java:2609)
05-15 10:51:48.924 777 777 W ResourcesManager: at android.content.ContextWrapper.createConfigurationContext(ContextWrapper.java:1045)
05-15 10:51:48.924 777 777 W ResourcesManager: at com.android.systemui.util.leak.RotationUtils.getResourcesForRotation(RotationUtils.java:121)
05-15 10:51:48.924 777 777 W ResourcesManager: at com.android.systemui.statusbar.phone.StatusBarContentInsetsProvider.getBoundingRectForPrivacyChipForRotation(StatusBarContentInsetsProvider.kt:146)
05-15 10:51:48.924 777 777 W ResourcesManager: at com.android.systemui.statusbar.window.StatusBarWindowController.calculateStatusBarLocationsForAllRotations(StatusBarWindowController.java:243)
05-15 10:51:48.924 777 777 W ResourcesManager: at com.android.systemui.statusbar.window.StatusBarWindowController.attach(StatusBarWindowController.java:135)
05-15 10:51:48.924 777 777 W ResourcesManager: at com.android.systemui.statusbar.phone.StatusBar.createAndAddWindows(StatusBar.java:2428)
05-15 10:51:48.924 777 777 W ResourcesManager: at com.android.systemui.statusbar.phone.StatusBar.start(StatusBar.java:968)
05-15 10:51:48.924 777 777 W ResourcesManager: at com.android.systemui.SystemUIApplication.startServicesIfNeeded(SystemUIApplication.java:224)
05-15 10:51:48.924 777 777 W ResourcesManager: at com.android.systemui.SystemUIApplication.startServicesIfNeeded(SystemUIApplication.java:163)
05-15 10:51:48.924 777 777 W ResourcesManager: at com.android.systemui.SystemUIService.onCreate(SystemUIService.java:70)
05-15 10:51:48.924 777 777 W ResourcesManager: at android.app.ActivityThread.handleCreateService(ActivityThread.java:4554)
05-15 10:51:48.924 777 777 W ResourcesManager: at android.app.ActivityThread.access$1700(ActivityThread.java:256)
05-15 10:51:48.924 777 777 W ResourcesManager: at android.app.ActivityThread$H.handleMessage(ActivityThread.java:2110)
05-15 10:51:48.924 777 777 W ResourcesManager: at android.os.Handler.dispatchMessage(Handler.java:106)
05-15 10:51:48.924 777 777 W ResourcesManager: at android.os.Looper.loopOnce(Looper.java:201)
05-15 10:51:48.924 777 777 W ResourcesManager: at android.os.Looper.loop(Looper.java:288)
05-15 10:51:48.924 777 777 W ResourcesManager: at android.app.ActivityThread.main(ActivityThread.java:7870)
05-15 10:51:48.924 777 777 W ResourcesManager: at java.lang.reflect.Method.invoke(Native Method)
05-15 10:51:48.924 777 777 W ResourcesManager: at com.android.internal.os.RuntimeInit$MethodAndArgsCaller.run(RuntimeInit.java:548)
05-15 10:51:48.924 777 777 W ResourcesManager: at com.android.internal.os.ZygoteInit.main(ZygoteInit.java:1003)
05-15 10:51:48.924 777 777 E ndroid.systemu: Invalid Idmap file: bad magic value (was 0x00000000, expected 0x504d4449)
05-15 10:51:48.924 777 777 E ndroid.systemu: failed to load IDMAP /data/resource-cache/data@resource-cache@com.android.systemui-neutral-TLBr.frro@idmap
05-15 10:51:48.924 777 777 W ResourcesManager: failed to preload asset path '/data/resource-cache/com.android.systemui-neutral-TLBr.frro'
05-15 10:51:48.924 777 777 W ResourcesManager: java.io.IOException: Failed to load asset path /data/resource-cache/data@resource-cache@com.android.systemui-neutral-TLBr.frro@idmap
05-15 10:51:48.924 777 777 W ResourcesManager: at android.content.res.ApkAssets.nativeLoad(Native Method)
05-15 10:51:48.924 777 777 W ResourcesManager: at android.content.res.ApkAssets.(ApkAssets.java:295)
05-15 10:51:48.924 777 777 W ResourcesManager: at android.content.res.ApkAssets.loadOverlayFromPath(ApkAssets.java:215)
05-15 10:51:48.924 777 777 W ResourcesManager: at android.app.ResourcesManager.loadApkAssets(ResourcesManager.java:466)
05-15 10:51:48.924 777 777 W ResourcesManager: at android.app.ResourcesManager.access$000(ResourcesManager.java:85)
05-15 10:51:48.924 777 777 W ResourcesManager: at android.app.ResourcesManager$ApkAssetsSupplier.load(ResourcesManager.java:182)
05-15 10:51:48.924 777 777 W ResourcesManager: at android.app.ResourcesManager.createApkAssetsSupplierNotLocked(ResourcesManager.java:1035)
05-15 10:51:48.924 777 777 W ResourcesManager: at android.app.ResourcesManager.getResources(ResourcesManager.java:1156)
05-15 10:51:48.924 777 777 W ResourcesManager: at android.app.ContextImpl.createResources(ContextImpl.java:2463)
05-15 10:51:48.924 777 777 W ResourcesManager: at android.app.ContextImpl.createConfigurationContext(ContextImpl.java:2609)
05-15 10:51:48.924 777 777 W ResourcesManager: at android.content.ContextWrapper.createConfigurationContext(ContextWrapper.java:1045)
05-15 10:51:48.924 777 777 W ResourcesManager: at com.android.systemui.util.leak.RotationUtils.getResourcesForRotation(RotationUtils.java:121)
05-15 10:51:48.924 777 777 W ResourcesManager: at com.android.systemui.statusbar.phone.StatusBarContentInsetsProvider.getStatusBarContentAreaForRotation(StatusBarContentInsetsProvider.kt:201)
05-15 10:51:48.924 777 777 W ResourcesManager: at com.android.systemui.statusbar.phone.StatusBarContentInsetsProvider.getBoundingRectForPrivacyChipForRotation(StatusBarContentInsetsProvider.kt:143)
05-15 10:51:48.924 777 777 W ResourcesManager: at com.android.systemui.statusbar.window.StatusBarWindowController.calculateStatusBarLocationsForAllRotations(StatusBarWindowController.java:245)
05-15 10:51:48.924 777 777 W ResourcesManager: at com.android.systemui.statusbar.window.StatusBarWindowController.attach(StatusBarWindowController.java:135)
05-15 10:51:48.924 777 777 W ResourcesManager: at com.android.systemui.statusbar.phone.StatusBar.createAndAddWindows(StatusBar.java:2428)
05-15 10:51:48.924 777 777 W ResourcesManager: at com.android.systemui.statusbar.phone.StatusBar.start(StatusBar.java:968)
05-15 10:51:48.924 777 777 W ResourcesManager: at com.android.systemui.SystemUIApplication.startServicesIfNeeded(SystemUIApplication.java:224)
05-15 10:51:48.924 777 777 W ResourcesManager: at com.android.systemui.SystemUIApplication.startServicesIfNeeded(SystemUIApplication.java:163)
05-15 10:51:48.924 777 777 W ResourcesManager: at com.android.systemui.SystemUIService.onCreate(SystemUIService.java:70)
05-15 10:51:48.924 777 777 W ResourcesManager: at android.app.ActivityThread.handleCreateService(ActivityThread.java:4554)
05-15 10:51:48.924 777 777 W ResourcesManager: at android.app.ActivityThread.access$1700(ActivityThread.java:256)
05-15 10:51:48.924 777 777 W ResourcesManager: at android.app.ActivityThread$H.handleMessage(ActivityThread.java:2110)
05-15 10:51:48.924 777 777 W ResourcesManager: at android.os.Handler.dispatchMessage(Handler.java:106)
05-15 10:51:48.924 777 777 W ResourcesManager: at android.os.Looper.loopOnce(Looper.java:201)
05-15 10:51:48.924 777 777 W ResourcesManager: at android.os.Looper.loop(Looper.java:288)
05-15 10:51:48.924 777 777 W ResourcesManager: at android.app.ActivityThread.main(ActivityThread.java:7870)
05-15 10:51:48.924 777 777 W ResourcesManager: at java.lang.reflect.Method.invoke(Native Method)
05-15 10:51:48.924 777 777 W ResourcesManager: at com.android.internal.os.RuntimeInit$MethodAndArgsCaller.run(RuntimeInit.java:548)
05-15 10:51:48.924 777 777 W ResourcesManager: at com.android.internal.os.ZygoteInit.main(ZygoteInit.java:1003)
05-15 10:51:48.924 777 777 E ndroid.systemu: Invalid Idmap file: bad magic value (was 0x00000000, expected 0x504d4449)
05-15 10:51:48.924 777 777 E ndroid.systemu: failed to load IDMAP /data/resource-cache/data@resource-cache@com.android.systemui-accent-b2QH.frro@idmap
05-15 10:51:48.924 621 621 W ResourcesManager: failed to preload asset path '/data/resource-cache/com.android.systemui-accent-b2QH.frro'
05-15 10:51:48.924 621 621 W ResourcesManager: java.io.IOException: Failed to load asset path /data/resource-cache/data@resource-cache@com.android.systemui-accent-b2QH.frro@idmap
05-15 10:51:48.924 621 621 W ResourcesManager: at android.content.res.ApkAssets.nativeLoad(Native Method)
05-15 10:51:48.924 621 621 W ResourcesManager: at android.content.res.ApkAssets.(ApkAssets.java:295)
05-15 10:51:48.924 621 621 W ResourcesManager: at android.content.res.ApkAssets.loadOverlayFromPath(ApkAssets.java:215)
05-15 10:51:48.924 621 621 W ResourcesManager: at android.app.ResourcesManager.loadApkAssets(ResourcesManager.java:466)
05-15 10:51:48.924 621 621 W ResourcesManager: at android.app.ResourcesManager.access$000(ResourcesManager.java:85)
05-15 10:51:48.924 621 621 W ResourcesManager: at android.app.ResourcesManager$ApkAssetsSupplier.load(ResourcesManager.java:182)
05-15 10:51:48.924 621 621 W ResourcesManager: at android.app.ResourcesManager.createApkAssetsSupplierNotLocked(ResourcesManager.java:1035)
05-15 10:51:48.924 621 621 W ResourcesManager: at android.app.ResourcesManager.getResources(ResourcesManager.java:1156)
05-15 10:51:48.924 621 621 W ResourcesManager: at android.app.ContextImpl.createResources(ContextImpl.java:2463)
05-15 10:51:48.924 621 621 W ResourcesManager: at android.app.ContextImpl.createApplicationContext(ContextImpl.java:2492)
05-15 10:51:48.924 621 621 W ResourcesManager: at android.app.Notification$Builder.recoverBuilder(Notification.java:6432)
05-15 10:51:48.924 621 621 W ResourcesManager: at com.android.server.notification.NotificationManagerService.getHistoryText(NotificationManagerService.java:2995)
05-15 10:51:48.924 621 621 W ResourcesManager: at com.android.server.notification.NotificationManagerService.maybeRecordInterruptionLocked(NotificationManagerService.java:2945)
05-15 10:51:48.924 621 621 W ResourcesManager: at com.android.server.notification.NotificationManagerService$PostNotificationRunnable.run(NotificationManagerService.java:7041)
05-15 10:51:48.924 621 621 W ResourcesManager: at android.os.Handler.handleCallback(Handler.java:938)
05-15 10:51:48.924 621 621 W ResourcesManager: at android.os.Handler.dispatchMessage(Handler.java:99)
05-15 10:51:48.924 621 621 W ResourcesManager: at android.os.Looper.loopOnce(Looper.java:201)
05-15 10:51:48.924 621 621 W ResourcesManager: at android.os.Looper.loop(Looper.java:288)
05-15 10:51:48.924 621 621 W ResourcesManager: at com.android.server.SystemServer.run(SystemServer.java:914)
05-15 10:51:48.924 621 621 W ResourcesManager: at com.android.server.SystemServer.main(SystemServer.java:623)
05-15 10:51:48.924 621 621 W ResourcesManager: at java.lang.reflect.Method.invoke(Native Method)
05-15 10:51:48.924 621 621 W ResourcesManager: at com.android.internal.os.RuntimeInit$MethodAndArgsCaller.run(RuntimeInit.java:548)
05-15 10:51:48.924 621 621 W ResourcesManager: at com.android.internal.os.ZygoteInit.main(ZygoteInit.java:981)
05-15 10:51:48.925 777 777 W ResourcesManager: failed to preload asset path '/data/resource-cache/com.android.systemui-accent-b2QH.frro'
05-15 10:51:48.925 777 777 W ResourcesManager: java.io.IOException: Failed to load asset path /data/resource-cache/data@resource-cache@com.android.systemui-accent-b2QH.frro@idmap
05-15 10:51:48.925 777 777 W ResourcesManager: at android.content.res.ApkAssets.nativeLoad(Native Method)
05-15 10:51:48.925 777 777 W ResourcesManager: at android.content.res.ApkAssets.(ApkAssets.java:295)
05-15 10:51:48.925 777 777 W ResourcesManager: at android.content.res.ApkAssets.loadOverlayFromPath(ApkAssets.java:215)
05-15 10:51:48.925 777 777 W ResourcesManager: at android.app.ResourcesManager.loadApkAssets(ResourcesManager.java:466)
05-15 10:51:48.925 777 777 W ResourcesManager: at android.app.ResourcesManager.access$000(ResourcesManager.java:85)
05-15 10:51:48.925 777 777 W ResourcesManager: at android.app.ResourcesManager$ApkAssetsSupplier.load(ResourcesManager.java:182)
05-15 10:51:48.925 777 777 W ResourcesManager: at android.app.ResourcesManager.createApkAssetsSupplierNotLocked(ResourcesManager.java:1035)
05-15 10:51:48.925 777 777 W ResourcesManager: at android.app.ResourcesManager.getResources(ResourcesManager.java:1156)
05-15 10:51:48.925 777 777 W ResourcesManager: at android.app.ContextImpl.createResources(ContextImpl.java:2463)
05-15 10:51:48.925 777 777 W ResourcesManager: at android.app.ContextImpl.createConfigurationContext(ContextImpl.java:2609)
05-15 10:51:48.925 777 777 W ResourcesManager: at android.content.ContextWrapper.createConfigurationContext(ContextWrapper.java:1045)
05-15 10:51:48.925 777 777 W ResourcesManager: at com.android.systemui.util.leak.RotationUtils.getResourcesForRotation(RotationUtils.java:121)
05-15 10:51:48.925 777 777 W ResourcesManager: at com.android.systemui.statusbar.phone.StatusBarContentInsetsProvider.getStatusBarContentAreaForRotation(StatusBarContentInsetsProvider.kt:201)
05-15 10:51:48.925 777 777 W ResourcesManager: at com.android.systemui.statusbar.phone.StatusBarContentInsetsProvider.getBoundingRectForPrivacyChipForRotation(StatusBarContentInsetsProvider.kt:143)
05-15 10:51:48.925 777 777 W ResourcesManager: at com.android.systemui.statusbar.window.StatusBarWindowController.calculateStatusBarLocationsForAllRotations(StatusBarWindowController.java:245)
05-15 10:51:48.925 777 777 W ResourcesManager: at com.android.systemui.statusbar.window.StatusBarWindowController.attach(StatusBarWindowController.java:135)
05-15 10:51:48.925 777 777 W ResourcesManager: at com.android.systemui.statusbar.phone.StatusBar.createAndAddWindows(StatusBar.java:2428)
05-15 10:51:48.925 777 777 W ResourcesManager: at com.android.systemui.statusbar.phone.StatusBar.start(StatusBar.java:968)
05-15 10:51:48.925 777 777 W ResourcesManager: at com.android.systemui.SystemUIApplication.startServicesIfNeeded(SystemUIApplication.java:224)
05-15 10:51:48.925 777 777 W ResourcesManager: at com.android.systemui.SystemUIApplication.startServicesIfNeeded(SystemUIApplication.java:163)
05-15 10:51:48.925 777 777 W ResourcesManager: at com.android.systemui.SystemUIService.onCreate(SystemUIService.java:70)
05-15 10:51:48.925 777 777 W ResourcesManager: at android.app.ActivityThread.handleCreateService(ActivityThread.java:4554)
05-15 10:51:48.925 777 777 W ResourcesManager: at android.app.ActivityThread.access$1700(ActivityThread.java:256)
05-15 10:51:48.925 777 777 W ResourcesManager: at android.app.ActivityThread$H.handleMessage(ActivityThread.java:2110)
05-15 10:51:48.925 777 777 W ResourcesManager: at android.os.Handler.dispatchMessage(Handler.java:106)
05-15 10:51:48.925 777 777 W ResourcesManager: at android.os.Looper.loopOnce(Looper.java:201)
05-15 10:51:48.925 777 777 W ResourcesManager: at android.os.Looper.loop(Looper.java:288)
05-15 10:51:48.925 777 777 W ResourcesManager: at android.app.ActivityThread.main(ActivityThread.java:7870)
05-15 10:51:48.925 777 777 W ResourcesManager: at java.lang.reflect.Method.invoke(Native Method)
05-15 10:51:48.925 777 777 W ResourcesManager: at com.android.internal.os.RuntimeInit$MethodAndArgsCaller.run(RuntimeInit.java:548)
05-15 10:51:48.925 777 777 W ResourcesManager: at com.android.internal.os.ZygoteInit.main(ZygoteInit.java:1003)
05-15 10:51:48.925 777 777 E ndroid.systemu: Invalid Idmap file: bad magic value (was 0x00000000, expected 0x504d4449)
05-15 10:51:48.925 777 777 E ndroid.systemu: failed to load IDMAP /data/resource-cache/data@resource-cache@com.android.systemui-neutral-TLBr.frro@idmap
05-15 10:51:48.925 621 621 W NotificationHistory: Attempted to add notif for locked/gone/disabled user 0
05-15 10:51:48.925 777 777 W ResourcesManager: failed to preload asset path '/data/resource-cache/com.android.systemui-neutral-TLBr.frro'
05-15 10:51:48.925 777 777 W ResourcesManager: java.io.IOException: Failed to load asset path /data/resource-cache/data@resource-cache@com.android.systemui-neutral-TLBr.frro@idmap
05-15 10:51:48.925 777 777 W ResourcesManager: at android.content.res.ApkAssets.nativeLoad(Native Method)
05-15 10:51:48.925 777 777 W ResourcesManager: at android.content.res.ApkAssets.(ApkAssets.java:295)
05-15 10:51:48.925 777 777 W ResourcesManager: at android.content.res.ApkAssets.loadOverlayFromPath(ApkAssets.java:215)
05-15 10:51:48.925 777 777 W ResourcesManager: at android.app.ResourcesManager.loadApkAssets(ResourcesManager.java:466)
05-15 10:51:48.925 777 777 W ResourcesManager: at android.app.ResourcesManager.access$000(ResourcesManager.java:85)
05-15 10:51:48.925 777 777 W ResourcesManager: at android.app.ResourcesManager$ApkAssetsSupplier.load(ResourcesManager.java:182)
05-15 10:51:48.925 777 777 W ResourcesManager: at android.app.ResourcesManager.createApkAssetsSupplierNotLocked(ResourcesManager.java:1035)
05-15 10:51:48.925 777 777 W ResourcesManager: at android.app.ResourcesManager.getResources(ResourcesManager.java:1156)
05-15 10:51:48.925 777 777 W ResourcesManager: at android.app.ContextImpl.createResources(ContextImpl.java:2463)
05-15 10:51:48.925 777 777 W ResourcesManager: at android.app.ContextImpl.createConfigurationContext(ContextImpl.java:2609)
05-15 10:51:48.925 777 777 W ResourcesManager: at android.content.ContextWrapper.createConfigurationContext(ContextWrapper.java:1045)
05-15 10:51:48.925 777 777 W ResourcesManager: at com.android.systemui.util.leak.RotationUtils.getResourcesForRotation(RotationUtils.java:121)
05-15 10:51:48.925 777 777 W ResourcesManager: at com.android.systemui.statusbar.phone.StatusBarContentInsetsProvider.getBoundingRectForPrivacyChipForRotation(StatusBarContentInsetsProvider.kt:146)
05-15 10:51:48.925 777 777 W ResourcesManager: at com.android.systemui.statusbar.window.StatusBarWindowController.calculateStatusBarLocationsForAllRotations(StatusBarWindowController.java:245)
05-15 10:51:48.925 777 777 W ResourcesManager: at com.android.systemui.statusbar.window.StatusBarWindowController.attach(StatusBarWindowController.java:135)
05-15 10:51:48.925 777 777 W ResourcesManager: at com.android.systemui.statusbar.phone.StatusBar.createAndAddWindows(StatusBar.java:2428)
05-15 10:51:48.925 777 777 W ResourcesManager: at com.android.systemui.statusbar.phone.StatusBar.start(StatusBar.java:968)
05-15 10:51:48.925 777 777 W ResourcesManager: at com.android.systemui.SystemUIApplication.startServicesIfNeeded(SystemUIApplication.java:224)
05-15 10:51:48.925 777 777 W ResourcesManager: at com.android.systemui.SystemUIApplication.startServicesIfNeeded(SystemUIApplication.java:163)
05-15 10:51:48.925 777 777 W ResourcesManager: at com.android.systemui.SystemUIService.onCreate(SystemUIService.java:70)
05-15 10:51:48.925 777 777 W ResourcesManager: at android.app.ActivityThread.handleCreateService(ActivityThread.java:4554)
05-15 10:51:48.925 777 777 W ResourcesManager: at android.app.ActivityThread.access$1700(ActivityThread.java:256)
05-15 10:51:48.925 777 777 W ResourcesManager: at android.app.ActivityThread$H.handleMessage(ActivityThread.java:2110)
05-15 10:51:48.925 777 777 W ResourcesManager: at android.os.Handler.dispatchMessage(Handler.java:106)
05-15 10:51:48.925 777 777 W ResourcesManager: at android.os.Looper.loopOnce(Looper.java:201)
05-15 10:51:48.925 777 777 W ResourcesManager: at android.os.Looper.loop(Looper.java:288)
05-15 10:51:48.925 777 777 W ResourcesManager: at android.app.ActivityThread.main(ActivityThread.java:7870)
05-15 10:51:48.925 777 777 W ResourcesManager: at java.lang.reflect.Method.invoke(Native Method)
05-15 10:51:48.925 777 777 W ResourcesManager: at com.android.internal.os.RuntimeInit$MethodAndArgsCaller.run(RuntimeInit.java:548)
05-15 10:51:48.925 777 777 W ResourcesManager: at com.android.internal.os.ZygoteInit.main(ZygoteInit.java:1003)
05-15 10:51:48.925 777 777 E ndroid.systemu: Invalid Idmap file: bad magic value (was 0x00000000, expected 0x504d4449)
05-15 10:51:48.925 777 777 E ndroid.systemu: failed to load IDMAP /data/resource-cache/data@resource-cache@com.android.systemui-accent-b2QH.frro@idmap
05-15 10:51:48.925 777 777 W ResourcesManager: failed to preload asset path '/data/resource-cache/com.android.systemui-accent-b2QH.frro'
05-15 10:51:48.925 777 777 W ResourcesManager: java.io.IOException: Failed to load asset path /data/resource-cache/data@resource-cache@com.android.systemui-accent-b2QH.frro@idmap
05-15 10:51:48.925 777 777 W ResourcesManager: at android.content.res.ApkAssets.nativeLoad(Native Method)
05-15 10:51:48.925 777 777 W ResourcesManager: at android.content.res.ApkAssets.(ApkAssets.java:295)
05-15 10:51:48.925 777 777 W ResourcesManager: at android.content.res.ApkAssets.loadOverlayFromPath(ApkAssets.java:215)
05-15 10:51:48.925 777 777 W ResourcesManager: at android.app.ResourcesManager.loadApkAssets(ResourcesManager.java:466)
05-15 10:51:48.925 777 777 W ResourcesManager: at android.app.ResourcesManager.access$000(ResourcesManager.java:85)
05-15 10:51:48.925 777 777 W ResourcesManager: at android.app.ResourcesManager$ApkAssetsSupplier.load(ResourcesManager.java:182)
05-15 10:51:48.925 777 777 W ResourcesManager: at android.app.ResourcesManager.createApkAssetsSupplierNotLocked(ResourcesManager.java:1035)
05-15 10:51:48.925 777 777 W ResourcesManager: at android.app.ResourcesManager.getResources(ResourcesManager.java:1156)
05-15 10:51:48.925 777 777 W ResourcesManager: at android.app.ContextImpl.createResources(ContextImpl.java:2463)
05-15 10:51:48.925 777 777 W ResourcesManager: at android.app.ContextImpl.createConfigurationContext(ContextImpl.java:2609)
05-15 10:51:48.925 777 777 W ResourcesManager: at android.content.ContextWrapper.createConfigurationContext(ContextWrapper.java:1045)
05-15 10:51:48.925 777 777 W ResourcesManager: at com.android.systemui.util.leak.RotationUtils.getResourcesForRotation(RotationUtils.java:121)
05-15 10:51:48.925 777 777 W ResourcesManager: at com.android.systemui.statusbar.phone.StatusBarContentInsetsProvider.getBoundingRectForPrivacyChipForRotation(StatusBarContentInsetsProvider.kt:146)
05-15 10:51:48.925 777 777 W ResourcesManager: at com.android.systemui.statusbar.window.StatusBarWindowController.calculateStatusBarLocationsForAllRotations(StatusBarWindowController.java:245)
05-15 10:51:48.925 777 777 W ResourcesManager: at com.android.systemui.statusbar.window.StatusBarWindowController.attach(StatusBarWindowController.java:135)
05-15 10:51:48.925 777 777 W ResourcesManager: at com.android.systemui.statusbar.phone.StatusBar.createAndAddWindows(StatusBar.java:2428)
05-15 10:51:48.925 777 777 W ResourcesManager: at com.android.systemui.statusbar.phone.StatusBar.start(StatusBar.java:968)
05-15 10:51:48.925 777 777 W ResourcesManager: at com.android.systemui.SystemUIApplication.startServicesIfNeeded(SystemUIApplication.java:224)
05-15 10:51:48.925 777 777 W ResourcesManager: at com.android.systemui.SystemUIApplication.startServicesIfNeeded(SystemUIApplication.java:163)
05-15 10:51:48.925 777 777 W ResourcesManager: at com.android.systemui.SystemUIService.onCreate(SystemUIService.java:70)
05-15 10:51:48.925 777 777 W ResourcesManager: at android.app.ActivityThread.handleCreateService(ActivityThread.java:4554)
05-15 10:51:48.925 777 777 W ResourcesManager: at android.app.ActivityThread.access$1700(ActivityThread.java:256)
05-15 10:51:48.925 777 777 W ResourcesManager: at android.app.ActivityThread$H.handleMessage(ActivityThread.java:2110)
05-15 10:51:48.925 777 777 W ResourcesManager: at android.os.Handler.dispatchMessage(Handler.java:106)
05-15 10:51:48.925 777 777 W ResourcesManager: at android.os.Looper.loopOnce(Looper.java:201)
05-15 10:51:48.925 777 777 W ResourcesManager: at android.os.Looper.loop(Looper.java:288)
05-15 10:51:48.925 777 777 W ResourcesManager: at android.app.ActivityThread.main(ActivityThread.java:7870)
05-15 10:51:48.925 777 777 W ResourcesManager: at java.lang.reflect.Method.invoke(Native Method)
05-15 10:51:48.925 777 777 W ResourcesManager: at com.android.internal.os.RuntimeInit$MethodAndArgsCaller.run(RuntimeInit.java:548)
05-15 10:51:48.925 777 777 W ResourcesManager: at com.android.internal.os.ZygoteInit.main(ZygoteInit.java:1003)
05-15 10:51:48.929 621 691 I commit_sys_config_file: [log-files,1197]
05-15 10:51:48.930 621 691 I commit_sys_config_file: [log-files,1198]
05-15 10:51:48.932 777 777 D NotifPipeline: Notif pipeline initialized
05-15 10:51:48.934 621 691 E NativeTombstoneManager: Tombstone's UID (1000) not an app, ignoring
05-15 10:51:48.934 777 777 V PhoneStatusBarPolicy: updateTTY: enabled: false
05-15 10:51:48.934 777 777 V PhoneStatusBarPolicy: updateTTY: set TTY off
05-15 10:51:48.934 621 691 I DropBoxManagerService: add tag=SYSTEM_TOMBSTONE_PROTO isTagEnabled=true flags=0x4
05-15 10:51:48.936 777 777 V PhoneStatusBarPolicy: updateCast: isCasting: false
05-15 10:51:48.936 777 777 V PhoneStatusBarPolicy: updateCast: hiding icon in 3 sec...
05-15 10:51:48.936 777 777 V WifiManager: registerSoftApCallback: callback=com.android.systemui.statusbar.policy.HotspotControllerImpl@f6ac669, executor=android.os.HandlerExecutor@720a8ee
05-15 10:51:48.937 777 1112 V WifiManager: SoftApCallbackProxy: send InfoChanged, newInfo: SoftApInfo{bandwidth= 0, frequency= 0, wifiStandard= 0, mApInstanceIdentifier= null, mIdleShutdownTimeoutMillis= 0}
05-15 10:51:48.937 777 1112 V WifiManager: SoftApCallbackProxy: send InfoChanged, changedInfoList: []
05-15 10:51:48.937 777 1112 V WifiManager: SoftApCallbackProxy: send onConnectedClientsChanged(clients): []
05-15 10:51:48.940 777 1016 W ActivityThread: Failed to find provider info for com.android.contacts (user not unlocked)
05-15 10:51:48.941 777 777 D StorageNotification: Notifying about private volume: VolumeInfo{private}:
05-15 10:51:48.941 777 777 D StorageNotification: type=PRIVATE diskId=null partGuid=null mountFlags=0 mountUserId=-10000
05-15 10:51:48.941 777 777 D StorageNotification: state=MOUNTED
05-15 10:51:48.941 777 777 D StorageNotification: fsType=null fsUuid=null fsLabel=null
05-15 10:51:48.941 777 777 D StorageNotification: path=/data internalPath=null
05-15 10:51:48.950 777 777 D ThemeOverlayController: Start
05-15 10:51:48.957 621 691 I commit_sys_config_file: [log-files,1226]
05-15 10:51:48.959 621 691 I commit_sys_config_file: [log-files,1227]
05-15 10:51:48.960 777 777 D StatusBar: Received new disable state. Old: enaihbcrso.qingr | New: enaihbcrso.qingr
05-15 10:51:48.960 621 691 E NativeTombstoneManager: Tombstone's UID (1000) not an app, ignoring
05-15 10:51:48.960 621 691 I DropBoxManagerService: add tag=SYSTEM_TOMBSTONE_PROTO isTagEnabled=true flags=0x4
05-15 10:51:48.960 621 669 E AppHibernationService: Attempt to call isHibernatingForUser on stopped or nonexistent user 0
05-15 10:51:48.961 621 669 E AppHibernationService: Attempt to call isHibernatingForUser on stopped or nonexistent user 0
05-15 10:51:48.964 621 691 I commit_sys_config_file: [log-files,1233]
05-15 10:51:48.965 621 691 I commit_sys_config_file: [log-files,1234]
05-15 10:51:48.966 621 691 E NativeTombstoneManager: Tombstone's UID (1000) not an app, ignoring
05-15 10:51:48.967 621 691 I DropBoxManagerService: add tag=SYSTEM_TOMBSTONE_PROTO isTagEnabled=true flags=0x4
05-15 10:51:48.968 777 995 I mali_so : [File] : hardware/arm/maliT760/driver/product/base/src/mali_base_kbase.c; [Line] : 1292; [Func] : base_context_deal_with_version_affairs_rk_ext;
05-15 10:51:48.968 777 995 I mali_so : arm_release_ver of this mali_so is 'g12p0-01eac0', rk_so_ver is '2@0 '.
05-15 10:51:48.968 777 995 I mali_so : [File] : hardware/arm/maliT760/driver/product/base/src/mali_base_kbase.c; [Line] : 1308; [Func] : base_context_deal_with_version_affairs_rk_ext;
05-15 10:51:48.968 777 995 I mali_so : arm_release_vers are match. to set the full mali_ver 'g12p0-01eac0-x-2@0' as value of 'sys.gmali.version'.
05-15 10:51:48.969 621 691 I commit_sys_config_file: [log-files,1237]
05-15 10:51:48.970 621 691 I commit_sys_config_file: [log-files,1239]
05-15 10:51:48.973 621 691 E NativeTombstoneManager: Tombstone has invalid selinux label (u:r:platform_app:s0:c512,c768), ignoring
05-15 10:51:48.973 282 282 I hwservicemanager: getTransport: Cannot find entry android.hardware.configstore@1.0::ISurfaceFlingerConfigs/default in either framework or device VINTF manifest.
05-15 10:51:48.973 621 691 I DropBoxManagerService: add tag=SYSTEM_TOMBSTONE_PROTO isTagEnabled=true flags=0x4
05-15 10:51:48.985 621 691 I commit_sys_config_file: [log-files,1254]
05-15 10:51:48.987 621 691 I commit_sys_config_file: [log-files,1255]
05-15 10:51:48.988 326 337 E HWComposer: getSupportedContentTypes: getSupportedContentTypes failed for display 0: Unsupported (8)
05-15 10:51:48.989 777 777 I Choreographer: Skipped 42 frames! The application may be doing too much work on its main thread.
05-15 10:51:48.989 777 777 I WallpaperController: Won't set zoom. Window not attached com.android.systemui.statusbar.phone.NotificationShadeWindowView{e2deead I.E...... ......I. 0,0-0,0}
05-15 10:51:48.989 621 691 E NativeTombstoneManager: Tombstone has invalid selinux label (u:r:platform_app:s0:c512,c768), ignoring
05-15 10:51:48.990 621 691 I DropBoxManagerService: add tag=SYSTEM_TOMBSTONE_PROTO isTagEnabled=true flags=0x4
05-15 10:51:48.997 427 569 W CamPrvdr@2.4-external: deviceAdded: Attempt to init camera device /dev/video15 failed!
05-15 10:51:48.997 427 569 I CamPrvdr@2.4-external: threadLoop start monitoring new V4L2 devices
05-15 10:51:49.004 621 691 I commit_sys_config_file: [log-files,1272]
05-15 10:51:49.005 621 691 I commit_sys_config_file: [log-files,1274]
05-15 10:51:49.006 512 512 D incidentd: WorkDirectory::getReports
05-15 10:51:49.007 621 691 I DropBoxManagerService: add tag=SYSTEM_TOMBSTONE_PROTO isTagEnabled=true flags=0x4
05-15 10:51:49.017 621 691 I commit_sys_config_file: [log-files,1285]
05-15 10:51:49.018 621 691 I commit_sys_config_file: [log-files,1287]
05-15 10:51:49.020 621 691 E NativeTombstoneManager: Tombstone has invalid selinux label (u:r:priv_app:s0:c512,c768), ignoring
05-15 10:51:49.021 621 691 I DropBoxManagerService: add tag=SYSTEM_TOMBSTONE_PROTO isTagEnabled=true flags=0x4
05-15 10:51:49.031 621 691 I commit_sys_config_file: [log-files,1300]
05-15 10:51:49.033 621 691 I commit_sys_config_file: [log-files,1301]
05-15 10:51:49.035 621 691 E NativeTombstoneManager: Tombstone has invalid selinux label (u:r:priv_app:s0:c512,c768), ignoring
05-15 10:51:49.035 621 691 I DropBoxManagerService: add tag=SYSTEM_TOMBSTONE_PROTO isTagEnabled=true flags=0x4
05-15 10:51:49.045 621 691 I commit_sys_config_file: [log-files,1314]
05-15 10:51:49.047 621 691 I commit_sys_config_file: [log-files,1315]
05-15 10:51:49.051 777 777 E ndroid.systemu: Invalid Idmap file: bad magic value (was 0x00000000, expected 0x504d4449)
05-15 10:51:49.051 777 777 E ndroid.systemu: failed to load IDMAP /data/resource-cache/data@resource-cache@com.android.systemui-neutral-TLBr.frro@idmap
05-15 10:51:49.051 777 777 W ResourcesManager: failed to preload asset path '/data/resource-cache/com.android.systemui-neutral-TLBr.frro'
05-15 10:51:49.051 777 777 W ResourcesManager: java.io.IOException: Failed to load asset path /data/resource-cache/data@resource-cache@com.android.systemui-neutral-TLBr.frro@idmap
05-15 10:51:49.051 777 777 W ResourcesManager: at android.content.res.ApkAssets.nativeLoad(Native Method)
05-15 10:51:49.051 777 777 W ResourcesManager: at android.content.res.ApkAssets.(ApkAssets.java:295)
05-15 10:51:49.051 777 777 W ResourcesManager: at android.content.res.ApkAssets.loadOverlayFromPath(ApkAssets.java:215)
05-15 10:51:49.051 777 777 W ResourcesManager: at android.app.ResourcesManager.loadApkAssets(ResourcesManager.java:466)
05-15 10:51:49.051 777 777 W ResourcesManager: at android.app.ResourcesManager.access$000(ResourcesManager.java:85)
05-15 10:51:49.051 777 777 W ResourcesManager: at android.app.ResourcesManager$ApkAssetsSupplier.load(ResourcesManager.java:182)
05-15 10:51:49.051 777 777 W ResourcesManager: at android.app.ResourcesManager.createApkAssetsSupplierNotLocked(ResourcesManager.java:1035)
05-15 10:51:49.051 777 777 W ResourcesManager: at android.app.ResourcesManager.getResources(ResourcesManager.java:1156)
05-15 10:51:49.051 777 777 W ResourcesManager: at android.app.ContextImpl.createResources(ContextImpl.java:2463)
05-15 10:51:49.051 777 777 W ResourcesManager: at android.app.ContextImpl.createPackageContextAsUser(ContextImpl.java:2533)
05-15 10:51:49.051 777 777 W ResourcesManager: at android.app.ContextImpl.createPackageContext(ContextImpl.java:2506)
05-15 10:51:49.051 777 777 W ResourcesManager: at android.content.ContextWrapper.createPackageContext(ContextWrapper.java:1000)
05-15 10:51:49.051 777 777 W ResourcesManager: at com.android.systemui.statusbar.policy.PreviewInflater.inflateWidgetView(PreviewInflater.java:82)
05-15 10:51:49.051 777 777 W ResourcesManager: at com.android.systemui.statusbar.policy.PreviewInflater.inflatePreview(PreviewInflater.java:70)
05-15 10:51:49.051 777 777 W ResourcesManager: at com.android.systemui.statusbar.policy.PreviewInflater.inflatePreview(PreviewInflater.java:58)
05-15 10:51:49.051 777 777 W ResourcesManager: at com.android.systemui.statusbar.phone.KeyguardBottomAreaView.inflateCameraPreview(KeyguardBottomAreaView.java:797)
05-15 10:51:49.051 777 777 W ResourcesManager: at com.android.systemui.statusbar.phone.KeyguardBottomAreaView.setPreviewContainer(KeyguardBottomAreaView.java:342)
05-15 10:51:49.051 777 777 W ResourcesManager: at com.android.systemui.statusbar.phone.NotificationPanelViewController.reInflateViews(NotificationPanelViewController.java:1137)
05-15 10:51:49.051 777 777 W ResourcesManager: at com.android.systemui.statusbar.phone.NotificationPanelViewController.access$9100(NotificationPanelViewController.java:206)
05-15 10:51:49.051 777 777 W ResourcesManager: at com.android.systemui.statusbar.phone.NotificationPanelViewController$ConfigurationListener.onDensityOrFontScaleChanged(NotificationPanelViewController.java:4385)
05-15 10:51:49.051 777 777 W ResourcesManager: at com.android.systemui.statusbar.phone.ConfigurationControllerImpl.addCallback(ConfigurationControllerImpl.kt:133)
05-15 10:51:49.051 777 777 W ResourcesManager: at com.android.systemui.statusbar.phone.ConfigurationControllerImpl.addCallback(ConfigurationControllerImpl.kt:27)
05-15 10:51:49.051 777 777 W ResourcesManager: at com.android.systemui.statusbar.phone.NotificationPanelViewController$OnAttachStateChangeListener.onViewAttachedToWindow(NotificationPanelViewController.java:4571)
05-15 10:51:49.051 777 777 W ResourcesManager: at android.view.View.dispatchAttachedToWindow(View.java:20823)
05-15 10:51:49.051 777 777 W ResourcesManager: at android.view.ViewGroup.dispatchAttachedToWindow(ViewGroup.java:3490)
05-15 10:51:49.051 777 777 W ResourcesManager: at android.view.ViewGroup.dispatchAttachedToWindow(ViewGroup.java:3497)
05-15 10:51:49.051 777 777 W ResourcesManager: at android.view.ViewRootImpl.performTraversals(ViewRootImpl.java:2675)
05-15 10:51:49.051 777 777 W ResourcesManager: at android.view.ViewRootImpl.doTraversal(ViewRootImpl.java:2179)
05-15 10:51:49.051 777 777 W ResourcesManager: at android.view.ViewRootImpl$TraversalRunnable.run(ViewRootImpl.java:8793)
05-15 10:51:49.051 777 777 W ResourcesManager: at android.view.Choreographer$CallbackRecord.run(Choreographer.java:1037)
05-15 10:51:49.051 777 777 W ResourcesManager: at android.view.Choreographer.doCallbacks(Choreographer.java:845)
05-15 10:51:49.051 777 777 W ResourcesManager: at android.view.Choreographer.doFrame(Choreographer.java:780)
05-15 10:51:49.051 777 777 W ResourcesManager: at android.view.Choreographer$FrameDisplayEventReceiver.run(Choreographer.java:1022)
05-15 10:51:49.051 777 777 W ResourcesManager: at android.os.Handler.handleCallback(Handler.java:938)
05-15 10:51:49.051 777 777 W ResourcesManager: at android.os.Handler.dispatchMessage(Handler.java:99)
05-15 10:51:49.051 777 777 W ResourcesManager: at android.os.Looper.loopOnce(Looper.java:201)
05-15 10:51:49.051 777 777 W ResourcesManager: at android.os.Looper.loop(Looper.java:288)
05-15 10:51:49.051 777 777 W ResourcesManager: at android.app.ActivityThread.main(ActivityThread.java:7870)
05-15 10:51:49.051 777 777 W ResourcesManager: at java.lang.reflect.Method.invoke(Native Method)
05-15 10:51:49.051 777 777 W ResourcesManager: at com.android.internal.os.RuntimeInit$MethodAndArgsCaller.run(RuntimeInit.java:548)
05-15 10:51:49.051 777 777 W ResourcesManager: at com.android.internal.os.ZygoteInit.main(ZygoteInit.java:1003)
05-15 10:51:49.051 777 777 E ndroid.systemu: Invalid Idmap file: bad magic value (was 0x00000000, expected 0x504d4449)
05-15 10:51:49.051 777 777 E ndroid.systemu: failed to load IDMAP /data/resource-cache/data@resource-cache@com.android.systemui-accent-b2QH.frro@idmap
05-15 10:51:49.052 777 777 W ResourcesManager: failed to preload asset path '/data/resource-cache/com.android.systemui-accent-b2QH.frro'
05-15 10:51:49.052 777 777 W ResourcesManager: java.io.IOException: Failed to load asset path /data/resource-cache/data@resource-cache@com.android.systemui-accent-b2QH.frro@idmap
05-15 10:51:49.052 777 777 W ResourcesManager: at android.content.res.ApkAssets.nativeLoad(Native Method)
05-15 10:51:49.052 777 777 W ResourcesManager: at android.content.res.ApkAssets.(ApkAssets.java:295)
05-15 10:51:49.052 777 777 W ResourcesManager: at android.content.res.ApkAssets.loadOverlayFromPath(ApkAssets.java:215)
05-15 10:51:49.052 777 777 W ResourcesManager: at android.app.ResourcesManager.loadApkAssets(ResourcesManager.java:466)
05-15 10:51:49.052 777 777 W ResourcesManager: at android.app.ResourcesManager.access$000(ResourcesManager.java:85)
05-15 10:51:49.052 777 777 W ResourcesManager: at android.app.ResourcesManager$ApkAssetsSupplier.load(ResourcesManager.java:182)
05-15 10:51:49.052 777 777 W ResourcesManager: at android.app.ResourcesManager.createApkAssetsSupplierNotLocked(ResourcesManager.java:1035)
05-15 10:51:49.052 777 777 W ResourcesManager: at android.app.ResourcesManager.getResources(ResourcesManager.java:1156)
05-15 10:51:49.052 777 777 W ResourcesManager: at android.app.ContextImpl.createResources(ContextImpl.java:2463)
05-15 10:51:49.052 777 777 W ResourcesManager: at android.app.ContextImpl.createPackageContextAsUser(ContextImpl.java:2533)
05-15 10:51:49.052 777 777 W ResourcesManager: at android.app.ContextImpl.createPackageContext(ContextImpl.java:2506)
05-15 10:51:49.052 777 777 W ResourcesManager: at android.content.ContextWrapper.createPackageContext(ContextWrapper.java:1000)
05-15 10:51:49.052 777 777 W ResourcesManager: at com.android.systemui.statusbar.policy.PreviewInflater.inflateWidgetView(PreviewInflater.java:82)
05-15 10:51:49.052 777 777 W ResourcesManager: at com.android.systemui.statusbar.policy.PreviewInflater.inflatePreview(PreviewInflater.java:70)
05-15 10:51:49.052 777 777 W ResourcesManager: at com.android.systemui.statusbar.policy.PreviewInflater.inflatePreview(PreviewInflater.java:58)
05-15 10:51:49.052 777 777 W ResourcesManager: at com.android.systemui.statusbar.phone.KeyguardBottomAreaView.inflateCameraPreview(KeyguardBottomAreaView.java:797)
05-15 10:51:49.052 777 777 W ResourcesManager: at com.android.systemui.statusbar.phone.KeyguardBottomAreaView.setPreviewContainer(KeyguardBottomAreaView.java:342)
05-15 10:51:49.052 777 777 W ResourcesManager: at com.android.systemui.statusbar.phone.NotificationPanelViewController.reInflateViews(NotificationPanelViewController.java:1137)
05-15 10:51:49.052 777 777 W ResourcesManager: at com.android.systemui.statusbar.phone.NotificationPanelViewController.access$9100(NotificationPanelViewController.java:206)
05-15 10:51:49.052 777 777 W ResourcesManager: at com.android.systemui.statusbar.phone.NotificationPanelViewController$ConfigurationListener.onDensityOrFontScaleChanged(NotificationPanelViewController.java:4385)
05-15 10:51:49.052 777 777 W ResourcesManager: at com.android.systemui.statusbar.phone.ConfigurationControllerImpl.addCallback(ConfigurationControllerImpl.kt:133)
