05-15 10:51:42.830 286 286 D vold : Key exists, using: /data/unencrypted/key
05-15 10:51:48.541 396 396 D vdc : Waited 0ms for vold
05-15 10:51:42.833 286 286 D vold : Installed fscrypt key with ref 0e1db9e014ed2749a2e6a4ca951942e5 to /data
05-15 10:51:42.833 286 286 D vold : Added fscrypt-provisioning key for 0e1db9e014ed2749a2e6a4ca951942e5 to session keyring
05-15 10:51:42.834 286 286 I vold : Wrote system DE key reference to:/data/unencrypted/ref
05-15 10:51:42.834 286 286 D vold : Generating standard storage key
05-15 10:51:42.834 286 286 D vold : Installed fscrypt key with ref 9c44e49348f4f421b8305230d7ce6c6b to /data
05-15 10:51:42.834 286 286 D vold : Added fscrypt-provisioning key for 9c44e49348f4f421b8305230d7ce6c6b to session keyring
05-15 10:51:42.835 286 286 I vold : Wrote per boot key reference to:/data/unencrypted/per_boot_ref
05-15 10:51:48.549 1 1 I fscrypt : AES-256-CTS-CBC using implementation "cts-cbc-aes-ce"
05-15 10:51:48.549 1 1 I fscrypt : AES-256-XTS using implementation "xts-aes-ce"
05-15 10:51:42.855 286 286 I incfs : Initial API level of the device: 31
05-15 10:51:42.855 286 286 I incfs : ro.incremental.enable: yes
05-15 10:51:42.855 286 286 I incfs : isFsAvailable: true
05-15 10:51:42.855 286 286 I incfs : isFsAvailable: true
05-15 10:51:42.855 286 286 I incfs : IncFs_Features: v2
05-15 10:51:42.856 319 333 I keystore2: keystore2::maintenance: In early_boot_ended.
05-15 10:51:42.865 319 333 I keystore2: keystore2::globals: Touching Keystore 2.0 database for this first time since boot.
05-15 10:51:42.865 319 333 I keystore2: keystore2::globals: Calling cleanup leftovers.
05-15 10:51:42.873 319 333 I keystore2: keystore2::super_key: Starting boot level watcher.
05-15 10:51:42.873 319 333 E keystore2: keystore2::maintenance: Call to earlyBootEnded failed for security level TRUSTED_ENVIRONMENT: In keymint device: calling earlyBootEnded.
05-15 10:51:42.873 319 402 I keystore2: keystore2::super_key: Read keystore.boot_level value 30
05-15 10:51:42.873 319 333 E keystore2: keystore2::maintenance: Call to earlyBootEnded failed for security level STRONGBOX: In call_with_watchdog: getting keymint device.
05-15 10:51:42.873 319 333 E keystore2: keystore2::error: In keymint device: calling earlyBootEnded
05-15 10:51:42.873 319 333 E keystore2:
05-15 10:51:42.873 319 333 E keystore2: Caused by:
05-15 10:51:42.873 319 333 E keystore2: Error::Km(ErrorCode(-1000))
05-15 10:51:42.873 319 402 I keystore2: keystore2::super_key: Read keystore.boot_level value 30
05-15 10:51:42.873 286 286 E vold : keystore2 Keystore earlyBootEnded returned service specific error: -1000
05-15 10:51:42.881 399 399 I tombstoned: tombstoned successfully initialized
05-15 10:51:48.610 403 403 I apexd : This device does not support updatable APEX. Exiting
05-15 10:51:48.610 403 403 I apexd : Marking APEXd as activated
05-15 10:51:42.952 405 405 I derive_sdk: Read version 1 from 7
05-15 10:51:42.953 405 405 I derive_sdk: Read version 1 from 5
05-15 10:51:42.953 405 405 I derive_sdk: Read version 1 from 9
05-15 10:51:42.953 405 405 I derive_sdk: Read version 1 from 4
05-15 10:51:42.953 405 405 I derive_sdk: Read version 1 from 6
05-15 10:51:42.954 405 405 I derive_sdk: Read version 1 from 3
05-15 10:51:42.954 405 405 I derive_sdk: Read version 1 from 2
05-15 10:51:42.954 405 405 I derive_sdk: Read version 1 from 1
05-15 10:51:42.955 405 405 I derive_sdk: Read version 1 from 10
05-15 10:51:42.955 405 405 I derive_sdk: Read version 1 from 8
05-15 10:51:42.955 405 405 I derive_sdk: R extension version is 1
05-15 10:51:42.956 405 405 I derive_sdk: S extension version is 1
05-15 10:51:42.976 286 286 D vold : fscrypt_init_user0
05-15 10:51:42.976 286 286 D vold : Preparing: /data/misc/vold/user_keys
05-15 10:51:42.977 286 286 D vold : Preparing: /data/misc/vold/user_keys/ce
05-15 10:51:42.977 286 286 D vold : Preparing: /data/misc/vold/user_keys/de
05-15 10:51:48.687 406 406 D vdc : Waited 0ms for vold
05-15 10:51:42.983 286 286 D vold : Installed fscrypt key with ref c0c8793b5ea596a1575ac37cd3017d14 to /data
05-15 10:51:42.983 286 286 D vold : Added fscrypt-provisioning key for c0c8793b5ea596a1575ac37cd3017d14 to session keyring
05-15 10:51:42.983 286 286 D vold : Installed de key for user 0
05-15 10:51:42.983 286 286 D vold : fscrypt_prepare_user_storage for volume null, user 0, serial 0, flags 1
05-15 10:51:42.983 286 286 D vold : Preparing: /data/system/users/0
05-15 10:51:42.983 286 286 D vold : Preparing: /data/misc/profiles/cur/0
05-15 10:51:42.983 286 286 D vold : Preparing: /data/system_de/0
05-15 10:51:42.984 286 286 D vold : Preparing: /data/misc_de/0
05-15 10:51:42.984 286 286 D vold : Preparing: /data/vendor_de/0
05-15 10:51:42.984 286 286 D vold : Preparing: /data/user_de/0
05-15 10:51:42.985 286 286 I vold : Verified that /data/system_de/0 has the encryption policy c0c8793b5ea596a1575ac37cd3017d14 v2 modes 1/4 flags 0xa
05-15 10:51:42.985 286 286 I vold : Verified that /data/misc_de/0 has the encryption policy c0c8793b5ea596a1575ac37cd3017d14 v2 modes 1/4 flags 0xa
05-15 10:51:42.985 286 286 I vold : Verified that /data/vendor_de/0 has the encryption policy c0c8793b5ea596a1575ac37cd3017d14 v2 modes 1/4 flags 0xa
05-15 10:51:42.985 286 286 I vold : Verified that /data/user_de/0 has the encryption policy c0c8793b5ea596a1575ac37cd3017d14 v2 modes 1/4 flags 0xa
05-15 10:51:42.985 286 286 D vold : /system/bin/vold_prepare_subdirs
05-15 10:51:42.985 286 286 D vold : prepare
05-15 10:51:42.985 286 286 D vold :
05-15 10:51:42.985 286 286 D vold : 0
05-15 10:51:42.985 286 286 D vold : 1
05-15 10:51:43.007 407 407 D vold_prepare_subdirs: Setting up mode 771 uid 1000 gid 1000 context u:object_r:system_data_file:s0:c512,c768 on path: /data/user_de/0
05-15 10:51:43.008 407 407 D vold_prepare_subdirs: Setting up mode 700 uid 0 gid 0 context u:object_r:vold_data_file:s0 on path: /data/misc_de/0/vold
05-15 10:51:43.008 407 407 D vold_prepare_subdirs: Setting up mode 700 uid 0 gid 0 context u:object_r:storaged_data_file:s0 on path: /data/misc_de/0/storaged
05-15 10:51:43.009 407 407 D vold_prepare_subdirs: Setting up mode 700 uid 0 gid 0 context u:object_r:rollback_data_file:s0 on path: /data/misc_de/0/rollback
05-15 10:51:43.009 407 407 D vold_prepare_subdirs: Setting up mode 700 uid 0 gid 0 context u:object_r:apex_rollback_data_file:s0 on path: /data/misc_de/0/apexrollback
05-15 10:51:43.009 407 407 D vold_prepare_subdirs: Setting up mode 711 uid 0 gid 0 context u:object_r:apex_module_data_file:s0 on path: /data/misc_de/0/apexdata
05-15 10:51:43.010 407 407 D vold_prepare_subdirs: Setting up mode 771 uid 0 gid 1000 context u:object_r:apex_wifi_data_file:s0 on path: /data/misc_de/0/apexdata/com.android.wifi
05-15 10:51:43.010 407 407 D vold_prepare_subdirs: Setting up mode 771 uid 0 gid 1000 context u:object_r:apex_module_data_file:s0 on path: /data/misc_de/0/apexdata/com.android.vndk.v32
05-15 10:51:43.010 407 407 D vold_prepare_subdirs: Setting up mode 771 uid 0 gid 1000 context u:object_r:apex_module_data_file:s0 on path: /data/misc_de/0/apexdata/com.android.tzdata
05-15 10:51:43.010 407 407 D vold_prepare_subdirs: Setting up mode 771 uid 0 gid 1000 context u:object_r:apex_module_data_file:s0 on path: /data/misc_de/0/apexdata/com.android.tethering
05-15 10:51:43.010 407 407 D vold_prepare_subdirs: Setting up mode 771 uid 0 gid 1000 context u:object_r:apex_module_data_file:s0 on path: /data/misc_de/0/apexdata/com.android.sdkext
05-15 10:51:43.011 407 407 D vold_prepare_subdirs: Setting up mode 771 uid 0 gid 1000 context u:object_r:apex_module_data_file:s0 on path: /data/misc_de/0/apexdata/com.android.scheduling
05-15 10:51:43.011 407 407 D vold_prepare_subdirs: Setting up mode 771 uid 0 gid 1000 context u:object_r:apex_module_data_file:s0 on path: /data/misc_de/0/apexdata/com.android.runtime
05-15 10:51:43.011 407 407 D vold_prepare_subdirs: Setting up mode 771 uid 0 gid 1000 context u:object_r:apex_module_data_file:s0 on path: /data/misc_de/0/apexdata/com.android.resolv
05-15 10:51:43.011 407 407 D vold_prepare_subdirs: Setting up mode 771 uid 0 gid 1000 context u:object_r:apex_permission_data_file:s0 on path: /data/misc_de/0/apexdata/com.android.permission
05-15 10:51:43.011 407 407 D vold_prepare_subdirs: Setting up mode 771 uid 0 gid 1000 context u:object_r:apex_module_data_file:s0 on path: /data/misc_de/0/apexdata/com.android.os.statsd
05-15 10:51:43.012 407 407 D vold_prepare_subdirs: Setting up mode 771 uid 0 gid 1000 context u:object_r:apex_module_data_file:s0 on path: /data/misc_de/0/apexdata/com.android.neuralnetworks
05-15 10:51:43.012 407 407 D vold_prepare_subdirs: Setting up mode 771 uid 0 gid 1000 context u:object_r:apex_module_data_file:s0 on path: /data/misc_de/0/apexdata/com.android.mediaprovider
05-15 10:51:43.012 407 407 D vold_prepare_subdirs: Setting up mode 771 uid 0 gid 1000 context u:object_r:apex_module_data_file:s0 on path: /data/misc_de/0/apexdata/com.android.media.swcodec
05-15 10:51:43.012 407 407 D vold_prepare_subdirs: Setting up mode 771 uid 0 gid 1000 context u:object_r:apex_module_data_file:s0 on path: /data/misc_de/0/apexdata/com.android.media
05-15 10:51:43.013 407 407 D vold_prepare_subdirs: Setting up mode 771 uid 0 gid 1000 context u:object_r:apex_module_data_file:s0 on path: /data/misc_de/0/apexdata/com.android.ipsec
05-15 10:51:43.013 407 407 D vold_prepare_subdirs: Setting up mode 771 uid 0 gid 1000 context u:object_r:apex_module_data_file:s0 on path: /data/misc_de/0/apexdata/com.android.i18n
05-15 10:51:43.013 407 407 D vold_prepare_subdirs: Setting up mode 771 uid 0 gid 1000 context u:object_r:apex_module_data_file:s0 on path: /data/misc_de/0/apexdata/com.android.extservices
05-15 10:51:43.013 407 407 D vold_prepare_subdirs: Setting up mode 771 uid 0 gid 1000 context u:object_r:apex_module_data_file:s0 on path: /data/misc_de/0/apexdata/com.android.conscrypt
05-15 10:51:43.013 407 407 D vold_prepare_subdirs: Setting up mode 771 uid 0 gid 1000 context u:object_r:apex_module_data_file:s0 on path: /data/misc_de/0/apexdata/com.android.art
05-15 10:51:43.014 407 407 D vold_prepare_subdirs: Setting up mode 771 uid 0 gid 1000 context u:object_r:apex_module_data_file:s0 on path: /data/misc_de/0/apexdata/com.android.appsearch
05-15 10:51:43.014 407 407 D vold_prepare_subdirs: Setting up mode 771 uid 0 gid 1000 context u:object_r:apex_module_data_file:s0 on path: /data/misc_de/0/apexdata/com.android.adbd
05-15 10:51:43.014 407 407 D vold_prepare_subdirs: Setting up mode 771 uid 1000 gid 1000 context u:object_r:user_profile_root_file:s0:c512,c768 on path: /data/misc/profiles/cur/0
05-15 10:51:43.014 407 407 D vold_prepare_subdirs: Setting up mode 700 uid 1000 gid 1000 context u:object_r:fingerprint_vendor_data_file:s0 on path: /data/vendor_de/0/fpdata
05-15 10:51:43.014 407 407 D vold_prepare_subdirs: Setting up mode 700 uid 1000 gid 1000 context u:object_r:face_vendor_data_file:s0 on path: /data/vendor_de/0/facedata
05-15 10:51:43.015 286 286 D vold : Detected support for FS_IOC_ADD_ENCRYPTION_KEY
05-15 10:51:43.032 408 408 I derive_classpath: ParseFragments for bootclasspath
05-15 10:51:43.038 408 408 I derive_classpath: ReadClasspathFragment /apex/com.android.art/etc/classpaths/bootclasspath.pb
05-15 10:51:43.038 408 408 I derive_classpath: ReadClasspathFragment /system/etc/classpaths/bootclasspath.pb
05-15 10:51:43.039 408 408 I derive_classpath: ReadClasspathFragment /apex/com.android.appsearch/etc/classpaths/bootclasspath.pb
05-15 10:51:43.039 408 408 I derive_classpath: ReadClasspathFragment /apex/com.android.conscrypt/etc/classpaths/bootclasspath.pb
05-15 10:51:43.039 408 408 I derive_classpath: ReadClasspathFragment /apex/com.android.i18n/etc/classpaths/bootclasspath.pb
05-15 10:51:43.039 408 408 I derive_classpath: ReadClasspathFragment /apex/com.android.ipsec/etc/classpaths/bootclasspath.pb
05-15 10:51:43.040 408 408 I derive_classpath: ReadClasspathFragment /apex/com.android.media/etc/classpaths/bootclasspath.pb
05-15 10:51:43.040 408 408 I derive_classpath: ReadClasspathFragment /apex/com.android.mediaprovider/etc/classpaths/bootclasspath.pb
05-15 10:51:43.040 408 408 I derive_classpath: ReadClasspathFragment /apex/com.android.os.statsd/etc/classpaths/bootclasspath.pb
05-15 10:51:43.041 408 408 I derive_classpath: ReadClasspathFragment /apex/com.android.permission/etc/classpaths/bootclasspath.pb
05-15 10:51:43.041 408 408 I derive_classpath: ReadClasspathFragment /apex/com.android.scheduling/etc/classpaths/bootclasspath.pb
05-15 10:51:43.041 408 408 I derive_classpath: ReadClasspathFragment /apex/com.android.sdkext/etc/classpaths/bootclasspath.pb
05-15 10:51:43.041 408 408 I derive_classpath: ReadClasspathFragment /apex/com.android.tethering/etc/classpaths/bootclasspath.pb
05-15 10:51:43.042 408 408 I derive_classpath: ReadClasspathFragment /apex/com.android.wifi/etc/classpaths/bootclasspath.pb
05-15 10:51:43.042 408 408 I derive_classpath: ParseFragments for systemserverclasspath
05-15 10:51:43.043 408 408 I derive_classpath: ReadClasspathFragment /system/etc/classpaths/systemserverclasspath.pb
05-15 10:51:43.043 408 408 I derive_classpath: ReadClasspathFragment /apex/com.android.appsearch/etc/classpaths/systemserverclasspath.pb
05-15 10:51:43.043 408 408 I derive_classpath: ReadClasspathFragment /apex/com.android.media/etc/classpaths/systemserverclasspath.pb
05-15 10:51:43.043 408 408 I derive_classpath: ReadClasspathFragment /apex/com.android.permission/etc/classpaths/systemserverclasspath.pb
05-15 10:51:43.044 408 408 I derive_classpath: WriteClasspathExports /data/system/environ/classpath
05-15 10:51:43.044 408 408 I derive_classpath: WriteClasspathExports content
05-15 10:51:43.044 408 408 I derive_classpath: export BOOTCLASSPATH /apex/com.android.art/javalib/core-oj.jar:/apex/com.android.art/javalib/core-libart.jar:/apex/com.android.art/javalib/okhttp.jar:/apex/com.android.art/javalib/bouncycastle.jar:/apex/com.android.art/javalib/apache-xml.jar:/system/framework/framework.jar:/system/framework/framework-graphics.jar:/system/framework/ext.jar:/system/framework/telephony-common.jar:/system/framework/voip-common.jar:/system/framework/ims-common.jar:/apex/com.android.i18n/javalib/core-icu4j.jar:/apex/com.android.appsearch/javalib/framework-appsearch.jar:/apex/com.android.conscrypt/javalib/conscrypt.jar:/apex/com.android.ipsec/javalib/android.net.ipsec.ike.jar:/apex/com.android.media/javalib/updatable-media.jar:/apex/com.android.mediaprovider/javalib/framework-mediaprovider.jar:/apex/com.android.os.statsd/javalib/framework-statsd.jar:/apex/com.android.permission/javalib/framework-permission.jar:/apex/com.android.permission/javalib/framework-permission-s.jar:/apex/com.android.scheduling/javalib/framework-scheduling.jar:/apex/com.android.sdkext/javalib/framework-sdkextensions.jar:/apex/com.android.tethering/javalib/framework-connectivity.jar:/apex/com.android.tethering/javalib/framework-tethering.jar:/apex/com.android.wifi/javalib/framework-wifi.jar
05-15 10:51:43.044 408 408 I derive_classpath: export DEX2OATBOOTCLASSPATH /apex/com.android.art/javalib/core-oj.jar:/apex/com.android.art/javalib/core-libart.jar:/apex/com.android.art/javalib/okhttp.jar:/apex/com.android.art/javalib/bouncycastle.jar:/apex/com.android.art/javalib/apache-xml.jar:/system/framework/framework.jar:/system/framework/framework-graphics.jar:/system/framework/ext.jar:/system/framework/telephony-common.jar:/system/framework/voip-common.jar:/system/framework/ims-common.jar:/apex/com.android.i18n/javalib/core-icu4j.jar
05-15 10:51:43.044 408 408 I derive_classpath: export SYSTEMSERVERCLASSPATH /system/framework/com.android.location.provider.jar:/system/framework/services.jar:/system/framework/ethernet-service.jar:/apex/com.android.appsearch/javalib/service-appsearch.jar:/apex/com.android.media/javalib/service-media-s.jar:/apex/com.android.permission/javalib/service-permission.jar
05-15 10:51:43.076 409 409 I odsign : Device doesn't support updatable APEX, exiting.
05-15 10:51:43.091 319 402 I keystore2: keystore2::super_key: keystore.boot_level 1000000000 hits maximum 1000000000, finishing.
05-15 10:51:48.825 411 411 I apexd : This device does not support updatable APEX. Exiting
05-15 10:51:48.825 411 411 I apexd : Marking APEXd as ready
05-15 10:51:43.128 412 412 I tzdatacheck: timezone distro dir /data/misc/zoneinfo/current does not exist. No action required.
05-15 10:51:43.151 415 415 I flags_health_check: ServerConfigurableFlagsReset reset_mode value: 0
05-15 10:51:43.151 415 415 I flags_health_check: ServerConfigurableFlagsReset attempted boot count is under threshold, skipping reset.
05-15 10:51:48.869 299 299 I logd : logd reinit
05-15 10:51:48.870 299 299 E logd : FrameworkListener: read() failed (Connection reset by peer)
05-15 10:51:48.973 256 256 I init : Verified that /data/nfc has the encryption policy 0e1db9e014ed2749a2e6a4ca951942e5 v2 modes 1/4 flags 0xa
05-15 10:51:48.973 256 256 W init : Inferred action different from explicit one, expected 0 but got 2
05-15 10:51:48.973 256 256 I init : Verified that /data/nfc/param has the encryption policy 0e1db9e014ed2749a2e6a4ca951942e5 v2 modes 1/4 flags 0xa
05-15 10:51:43.265 417 417 I ServiceManager: Waiting for service 'statscompanion' on '/dev/binder'...
05-15 10:51:43.303 418 418 I netdClient: Skipping libnetd_client init since *we* are netd
05-15 10:51:43.305 424 424 I HidlServiceManagement: Registered android.hidl.allocator@1.0::IAllocator/ashmem
05-15 10:51:43.305 424 424 I HidlServiceManagement: Removing namespace from process name android.hidl.allocator@1.0-service to allocator@1.0-service.
05-15 10:51:43.307 418 418 I netd : netd 1.0 starting
05-15 10:51:43.312 418 418 I netd : Pid file removed
05-15 10:51:43.312 418 418 I netd : SIGPIPE is blocked
05-15 10:51:43.312 418 418 I netd : setCloseOnExec(dnsproxyd)
05-15 10:51:43.312 418 418 I netd : setCloseOnExec(fwmarkd)
05-15 10:51:43.312 418 418 I netd : setCloseOnExec(mdns)
05-15 10:51:43.312 418 418 I netd : BPF programs are loaded
05-15 10:51:43.312 418 418 I netd : NetlinkManager instanced
05-15 10:51:43.312 418 418 I netd : enter NetworkController ctor
05-15 10:51:43.313 418 418 I netd : leave NetworkController ctor
05-15 10:51:43.313 418 418 I netd : enter TetherController ctor
05-15 10:51:43.313 418 418 D TetherController: Setting IP forward enable = 0
05-15 10:51:43.314 418 418 I netd : leave TetherController ctor
05-15 10:51:43.314 418 418 D FirewallController: Could not read /proc/self/uid_map, max uid defaulting to 4294967294
05-15 10:51:43.337 418 418 I netd : Creating child chains: 16619us
05-15 10:51:43.337 418 418 I netd : Setting up OEM hooks: 119us
05-15 10:51:43.337 418 418 I netd : Setting up FirewallController hooks: 527us
05-15 10:51:43.338 418 418 I netd : Setting up TetherController hooks: 949us
05-15 10:51:43.340 418 418 I netd : Setting up BandwidthController hooks: 1470us
05-15 10:51:43.340 418 418 I netd : Setting up IdletimerController hooks: 99us
05-15 10:51:43.343 418 418 I netd : Setting up StrictController hooks: 3163us
05-15 10:51:43.343 418 418 I netd : Initializing ClatdController: 117us
05-15 10:51:43.345 418 418 I netd : Initializing traffic control: 1336us
05-15 10:51:43.348 418 418 I netd : Enabling bandwidth control: 2786us
05-15 10:51:43.348 426 426 I HidlServiceManagement: Registered android.hardware.bluetooth@1.0::IBluetoothHci/default
05-15 10:51:43.349 426 426 I HidlServiceManagement: Removing namespace from process name android.hardware.bluetooth@1.0-service to bluetooth@1.0-service.
05-15 10:51:43.349 426 426 I LegacySupport: Registration complete for android.hardware.bluetooth@1.0::IBluetoothHci/default.
05-15 10:51:43.361 419 419 D AndroidRuntime: >>>>>> START com.android.internal.os.ZygoteInit uid 0 <<<<<<
05-15 10:51:43.361 419 419 I boot_progress_start: 5207
05-15 10:51:43.361 418 418 I netd : Initializing RouteController: 13766us
05-15 10:51:43.361 418 418 D XfrmController: XfrmController::ipSecAddXfrmInterface, line=1479
05-15 10:51:43.362 418 418 D XfrmController: XfrmController::ipSecRemoveTunnelInterface, line=1692
05-15 10:51:43.362 418 418 D XfrmController: deviceName=ipsec_test
05-15 10:51:43.379 444 444 I android.hardware.weaver@1.0-service: IWeaver HAL started
05-15 10:51:43.407 418 418 D XfrmController: Sending Netlink XFRM Message: XFRM_MSG_FLUSHSA
05-15 10:51:43.408 418 418 D XfrmController: Sending Netlink XFRM Message: XFRM_MSG_FLUSHPOLICY
05-15 10:51:43.408 418 418 I netd : Initializing XfrmController: 46435us
05-15 10:51:43.409 418 418 I libnetd_resolv: resolv_init: Initializing resolver
05-15 10:51:43.410 418 418 D MDnsDS : MDnsSdListener::Hander starting up
05-15 10:51:43.410 418 467 D MDnsDS : MDnsSdListener starting to monitor
05-15 10:51:43.410 418 467 D MDnsDS : Going to poll with pollCount 1
05-15 10:51:43.410 418 418 I netd : Registering NetdNativeService: 141us
05-15 10:51:43.412 418 418 I HidlServiceManagement: Registered android.system.net.netd@1.1::INetd/default
05-15 10:51:43.412 418 418 I netd : Registering NetdHwService: 1575us
05-15 10:51:43.412 418 418 I netd : Netd started in 105079us
05-15 10:51:43.415 281 281 I servicemanager: Found android.hardware.power.IPower/default in device VINTF manifest.
05-15 10:51:43.420 281 281 I servicemanager: Found android.hardware.light.ILights/default in device VINTF manifest.
05-15 10:51:43.420 435 435 I android.hardware.gatekeeper@1.0-service.optee: RkGateKeeperDevice initializing with tee.
05-15 10:51:43.424 438 438 I HidlServiceManagement: Registered android.hardware.libra@1.0::ILibra/default
05-15 10:51:43.424 438 438 I HidlServiceManagement: Removing namespace from process name android.hardware.libra@1.0-service to libra@1.0-service.
05-15 10:51:43.424 438 438 I LegacySupport: Registration complete for android.hardware.libra@1.0::ILibra/default.
05-15 10:51:43.426 440 440 I HidlServiceManagement: Registered android.hardware.radio.config@1.0::IRadioConfig/default
05-15 10:51:43.426 440 440 I HidlServiceManagement: Removing namespace from process name android.hardware.radio.config@1.0-service to config@1.0-service.
05-15 10:51:43.427 440 440 D android.hardware.radio.config@1.0-service: Default service is ready.
05-15 10:51:43.437 444 444 I android.hardware.weaver@1.0-service: HIDL_FETCH_IWeaver
05-15 10:51:43.437 444 444 I android.hardware.weaver@1.0-service: Weaver()
05-15 10:51:43.438 443 443 I HidlServiceManagement: Registered android.hardware.servant@1.0::IServant/default
05-15 10:51:43.438 443 443 I HidlServiceManagement: Removing namespace from process name android.hardware.servant@1.0-service to servant@1.0-service.
05-15 10:51:43.439 443 443 I LegacySupport: Registration complete for android.hardware.servant@1.0::IServant/default.
05-15 10:51:43.443 435 435 I HidlServiceManagement: Registered android.hardware.gatekeeper@1.0::IGatekeeper/default
05-15 10:51:43.443 435 435 I HidlServiceManagement: Removing namespace from process name android.hardware.gatekeeper@1.0-service.optee to gatekeeper@1.0-service.optee.
05-15 10:51:43.443 452 452 D rockchip.hardware.outputmanager@1.0-service: ***************defaultPassthroughServiceImplementation IRkOutputManager ******
05-15 10:51:43.443 452 452 E rockchip.hardware.outputmanager@1.0-service: Couldn't set SCHED_FIFO: 1
05-15 10:51:43.449 437 437 I android.hardware.health@2.1-service: default instance initializing with healthd_config...
05-15 10:51:43.449 437 437 I HidlServiceManagement: Registered android.hardware.health@2.1::IHealth/default
05-15 10:51:43.449 437 437 I HidlServiceManagement: Removing namespace from process name android.hardware.health@2.1-service to health@2.1-service.
05-15 10:51:43.449 437 437 I android.hardware.health@2.1-service: default: Hal init done
05-15 10:51:43.449 450 450 D rockchip.hardware.neuralnetworks@1.0-service: ***************defaultPassthroughServiceImplementation IRKNeuralnetworks ******
05-15 10:51:49.160 437 437 W healthd : BatteryHealthPath not found
05-15 10:51:49.160 437 437 W healthd : BatteryCycleCountPath not found
05-15 10:51:49.160 437 437 W healthd : batteryCapacityLevelPath not found
05-15 10:51:49.160 437 437 W healthd : batteryChargeTimeToFullNowPath. not found
05-15 10:51:43.452 281 281 I servicemanager: Found android.hardware.vibrator.IVibrator/default in device VINTF manifest.
05-15 10:51:43.453 442 442 D SensorsHal: sensor hal v1.6 upagrde sensors device api version to SENSORS_DEVICE_API_VERSION_1_3
05-15 10:51:43.453 442 442 E SensorsHal: couldn't find 'proximity' input device
05-15 10:51:43.453 442 442 D SensorsHal: Couldn't open /dev/psensor (No such file or directory)
05-15 10:51:43.454 442 442 I SensorsHal: gsensor calibration is -413, 428, 7914
05-15 10:51:43.454 442 442 E SensorsHal: couldn't find 'gyro' input device
05-15 10:51:43.454 442 442 D SensorsHal: Couldn't open /dev/gyrosensor (No such file or directory)
05-15 10:51:43.454 442 442 E SensorsHal: GyroSensor:No such file or directory
05-15 10:51:43.454 442 442 E SensorsHal: couldn't find 'pressure' input device
05-15 10:51:43.454 442 442 D SensorsHal: Couldn't open /dev/pressure (No such file or directory)
05-15 10:51:43.454 442 442 E SensorsHal: couldn't find 'temperature' input device
05-15 10:51:43.454 442 442 D SensorsHal: Couldn't open /dev/temperature (No such file or directory)
05-15 10:51:49.164 437 437 W healthd : battery l=92 v=8262 t=30.5 h=1 st=2 c=-512000 fc=9700000 chg=u
05-15 10:51:43.454 442 442 I HidlServiceManagement: Registered android.hardware.sensors@1.0::ISensors/default
05-15 10:51:43.454 442 442 I HidlServiceManagement: Removing namespace from process name android.hardware.sensors@1.0-service to sensors@1.0-service.
05-15 10:51:43.454 442 442 I LegacySupport: Registration complete for android.hardware.sensors@1.0::ISensors/default.
05-15 10:51:43.457 427 427 I android.hardware.camera.provider@2.4-external-service: External camera provider service is starting.
05-15 10:51:49.178 256 256 I : file system registered
05-15 10:51:49.179 256 256 W : using random self ethernet address
05-15 10:51:49.179 256 256 W : using random host ethernet address
05-15 10:51:43.475 444 444 I HidlServiceManagement: Registered android.hardware.weaver@1.0::IWeaver/default
05-15 10:51:43.475 444 444 I HidlServiceManagement: Removing namespace from process name android.hardware.weaver@1.0-service to weaver@1.0-service.
05-15 10:51:43.475 444 444 I LegacySupport: Registration complete for android.hardware.weaver@1.0::IWeaver/default.
05-15 10:51:43.497 458 458 I credstore: Registered binder service
05-15 10:51:43.500 282 282 I hwservicemanager: getTransport: Cannot find entry android.hardware.radio@1.2::IRadio/default in either framework or device VINTF manifest.
05-15 10:51:43.500 441 441 E HidlServiceManagement: Service android.hardware.radio@1.2::IRadio/default must be in VINTF manifest in order to register/get.
05-15 10:51:43.500 441 441 W android.hardware.radio@1.2-radio-service: Could not register IRadio v1.2
05-15 10:51:43.500 441 441 D android.hardware.radio@1.2-radio-service: Default service is ready.
05-15 10:51:43.513 326 338 D RenderEngine: Shader cache generated 90 shaders in 1603.514404 ms
05-15 10:51:43.523 327 377 D libEGL : loaded /vendor/lib64/egl/libGLES_mali.so
05-15 10:51:43.524 432 432 I HidlServiceManagement: Registered android.hardware.drm@1.4::IDrmFactory/widevine
05-15 10:51:43.524 432 432 I HidlServiceManagement: Removing namespace from process name android.hardware.drm@1.4-service.widevine to drm@1.4-service.widevine.
05-15 10:51:43.524 429 429 I HidlServiceManagement: Registered android.hardware.cas@1.2::IMediaCasService/default
05-15 10:51:43.524 432 432 I HidlServiceManagement: Registered android.hardware.drm@1.4::ICryptoFactory/widevine
05-15 10:51:43.524 432 432 I HidlServiceManagement: Removing namespace from process name android.hardware.drm@1.4-service.widevine to drm@1.4-service.widevine.
05-15 10:51:43.525 429 429 I HidlServiceManagement: Removing namespace from process name android.hardware.cas@1.2-service to cas@1.2-service.
05-15 10:51:43.526 452 452 I HidlServiceManagement: Registered rockchip.hardware.outputmanager@1.0::IRkOutputManager/default
05-15 10:51:43.526 452 452 I HidlServiceManagement: Removing namespace from process name rockchip.hardware.outputmanager@1.0-service to outputmanager@1.0-service.
05-15 10:51:43.526 452 452 I LegacySupport: Registration complete for rockchip.hardware.outputmanager@1.0::IRkOutputManager/default.
05-15 10:51:43.533 478 478 I gsid : no DSU: No such file or directory
05-15 10:51:43.535 327 377 W libc : Access denied finding property "vendor.mali.debug.config"
05-15 10:51:43.535 327 377 W libc : Access denied finding property "vendor.mali.platform.config"
05-15 10:51:43.573 436 436 D gps_ql : open_gps[22]--enter!
05-15 10:51:43.573 436 436 D gps_ql : gps__get_gps_interface[15]--enter!
05-15 10:51:43.573 436 436 D gps_ql : fail to read /etc/gps_cfg.inf for errno: 2 (No such file or directory)
05-15 10:51:43.575 430 430 I HidlServiceManagement: Registered android.hardware.drm@1.4::IDrmFactory/clearkey
05-15 10:51:43.575 430 430 I HidlServiceManagement: Removing namespace from process name android.hardware.drm@1.4-service.clearkey to drm@1.4-service.clearkey.
05-15 10:51:43.575 430 430 I HidlServiceManagement: Registered android.hardware.drm@1.4::ICryptoFactory/clearkey
05-15 10:51:43.575 430 430 I HidlServiceManagement: Removing namespace from process name android.hardware.drm@1.4-service.clearkey to drm@1.4-service.clearkey.
05-15 10:51:43.580 327 377 W libc : Access denied finding property "vendor.mali.cctx_memory_class_unnamed"
05-15 10:51:43.580 327 377 W libc : Access denied finding property "vendor.mali.cctx_memory_class_default_heap"
05-15 10:51:43.580 327 377 W libc : Access denied finding property "vendor.mali.cctx_memory_class_framepool"
05-15 10:51:43.580 327 377 W libc : Access denied finding property "vendor.mali.cctx_memory_class_tiler"
05-15 10:51:43.580 327 377 W libc : Access denied finding property "vendor.mali.cctx_memory_class_program"
05-15 10:51:43.580 327 377 W libc : Access denied finding property "vendor.mali.cctx_memory_class_egl_color_plane"
05-15 10:51:43.580 327 377 W libc : Access denied finding property "vendor.mali.cctx_memory_class_vao"
05-15 10:51:43.580 327 377 W libc : Access denied finding property "vendor.mali.cctx_memory_class_img"
05-15 10:51:43.580 327 377 W libc : Access denied finding property "vendor.mali.cctx_memory_class_internal_surface"
05-15 10:51:43.580 327 377 W libc : Access denied finding property "vendor.mali.cctx_memory_class_buf"
05-15 10:51:43.580 327 377 W libc : Access denied finding property "vendor.mali.cctx_memory_class_crc"
05-15 10:51:43.580 327 377 W libc : Access denied finding property "vendor.mali.cctx_memory_class_cpom_hmem"
05-15 10:51:43.580 327 377 W libc : Access denied finding property "vendor.mali.cctx_memory_class_cpom_rsd"
05-15 10:51:43.580 327 377 W libc : Access denied finding property "vendor.mali.cctx_memory_class_cpom_mbs2"
05-15 10:51:43.580 327 377 W libc : Access denied finding property "vendor.mali.cctx_memory_class_cpom_static"
05-15 10:51:43.580 327 377 W libc : Access denied finding property "vendor.mali.cctx_memory_class_cframe_hmem"
05-15 10:51:43.580 327 377 W libc : Access denied finding property "vendor.mali.cctx_memory_class_cframe_sample_pos"
05-15 10:51:43.580 327 377 W libc : Access denied finding property "vendor.mali.cctx_memory_class_cframe_discard"
05-15 10:51:43.580 327 377 W libc : Access denied finding property "vendor.mali.cctx_memory_class_cframe_tess_geom"
05-15 10:51:43.580 327 377 W libc : Access denied finding property "vendor.mali.cctx_memory_class_cobj_hmem"
05-15 10:51:43.580 327 377 W libc : Access denied finding property "vendor.mali.cctx_memory_class_cmar_hmem"
05-15 10:51:43.580 327 377 W libc : Access denied finding property "vendor.mali.cctx_memory_class_cmar_prof_dump"
05-15 10:51:43.580 327 377 W libc : Access denied finding property "vendor.mali.cctx_memory_class_cblend_hmem"
05-15 10:51:43.580 327 377 W libc : Access denied finding property "vendor.mali.cctx_memory_class_gles_hmem"
05-15 10:51:43.580 327 377 W libc : Access denied finding property "vendor.mali.cctx_memory_class_gles_query"
05-15 10:51:43.580 327 377 W libc : Access denied finding property "vendor.mali.cctx_memory_class_gles_multiview"
05-15 10:51:43.580 327 377 W libc : Access denied finding property "vendor.mali.cctx_memory_class_cdeps_hmem"
05-15 10:51:43.580 327 377 W libc : Access denied finding property "vendor.mali.cctx_memory_class_cmem_suballoc"
05-15 10:51:43.580 327 377 W libc : Access denied finding property "vendor.mali.cctx_memory_class_cmem_hoard"
05-15 10:51:43.580 327 377 W libc : Access denied finding property "vendor.mali.cctx_memory_class_cmem_registry"
05-15 10:51:43.580 327 377 W libc : Access denied finding property "vendor.mali.cctx_memory_class_cl_payload"
05-15 10:51:43.580 327 377 W libc : Access denied finding property "vendor.mali.cctx_memory_class_cl_wlm_tls"
05-15 10:51:43.580 327 377 W libc : Access denied finding property "vendor.mali.cctx_memory_class_cl_hmem"
05-15 10:51:43.580 327 377 W libc : Access denied finding property "vendor.mali.cctx_memory_class_cl_svm"
05-15 10:51:43.580 327 377 W libc : Access denied finding property "vendor.mali.cctx_memory_class_cinstr"
05-15 10:51:43.580 327 377 W libc : Access denied finding property "vendor.mali.cctx_memory_class_gfx_device_memory_cpu_uncached"
05-15 10:51:43.580 327 377 W libc : Access denied finding property "vendor.mali.cctx_memory_class_gfx_device_memory_cpu_cached"
05-15 10:51:43.580 327 377 W libc : Access denied finding property "vendor.mali.cctx_memory_class_gfx_device_memory_transient"
05-15 10:51:43.580 327 377 W libc : Access denied finding property "vendor.mali.cctx_memory_class_gfx_device_memory_protected"
05-15 10:51:43.580 327 377 W libc : Access denied finding property "vendor.mali.cctx_memory_class_gfx_device_external"
05-15 10:51:43.580 327 377 W libc : Access denied finding property "vendor.mali.cctx_memory_class_gfx_device_external_swapchain"
05-15 10:51:43.580 327 377 W libc : Access denied finding property "vendor.mali.cctx_memory_class_gfx_device_internal"
05-15 10:51:43.580 327 377 W libc : Access denied finding property "vendor.mali.cctx_memory_class_gfx_device_internal_host"
05-15 10:51:43.580 327 377 W libc : Access denied finding property "vendor.mali.cctx_memory_class_gfx_device_internal_protected"
05-15 10:51:43.580 327 377 W libc : Access denied finding property "vendor.mali.cctx_memory_class_gfx_device_internal_transient"
05-15 10:51:43.580 327 377 W libc : Access denied finding property "vendor.mali.cctx_memory_class_gfx_descriptor_pool"
05-15 10:51:43.580 327 377 W libc : Access denied finding property "vendor.mali.cctx_memory_class_gfx_command_allocator"
05-15 10:51:43.580 327 377 W libc : Access denied finding property "vendor.mali.cctx_memory_class_gfx_command_allocator_host"
05-15 10:51:43.580 327 377 W libc : Access denied finding property "vendor.mali.cctx_memory_class_gfx_command_allocator_protected"
05-15 10:51:43.580 327 377 W libc : Access denied finding property "vendor.mali.cctx_memory_class_vk_bound_buffer"
05-15 10:51:43.580 327 377 W libc : Access denied finding property "vendor.mali.cctx_memory_class_vk_bound_image"
05-15 10:51:43.580 327 377 W libc : Access denied finding property "vendor.mali.cctx_memory_class_cmar_signal"
05-15 10:51:43.580 327 377 W libc : Access denied finding property "vendor.mali.cctx_memory_class_cmar_flush_chain"
05-15 10:51:43.580 327 377 W libc : Access denied finding property "vendor.mali.cctx_memory_class_cmar_metadata_list"
05-15 10:51:43.580 327 377 W libc : Access denied finding property "vendor.mali.cctx_memory_class_jit"
05-15 10:51:43.581 327 377 W libc : Access denied finding property "vendor.mali.cctx_memory_class_mmu"
05-15 10:51:43.581 327 377 W libc : Access denied finding property "vendor.mali.osu_protected_memory_heap_name"
05-15 10:51:43.581 327 377 W libc : Access denied finding property "vendor.mali.osu_ion_protected_memory_heap_name"
05-15 10:51:43.581 327 377 W libc : Access denied finding property "vendor.mali.platform_agt_frequency_khz"
05-15 10:51:43.581 327 377 W libc : Access denied finding property "vendor.mali.hal_dump_dir"
05-15 10:51:43.581 327 377 I mali_so : [File] : hardware/arm/maliT760/driver/product/base/src/mali_base_kbase.c; [Line] : 1292; [Func] : base_context_deal_with_version_affairs_rk_ext;
05-15 10:51:43.581 327 377 I mali_so : arm_release_ver of this mali_so is 'g12p0-01eac0', rk_so_ver is '2@0 '.
05-15 10:51:43.581 327 377 I mali_so : [File] : hardware/arm/maliT760/driver/product/base/src/mali_base_kbase.c; [Line] : 1308; [Func] : base_context_deal_with_version_affairs_rk_ext;
05-15 10:51:43.581 327 377 I mali_so : arm_release_vers are match. to set the full mali_ver 'g12p0-01eac0-x-2@0' as value of 'sys.gmali.version'.
05-15 10:51:43.583 282 282 I hwservicemanager: getTransport: Cannot find entry android.hardware.configstore@1.0::ISurfaceFlingerConfigs/default in either framework or device VINTF manifest.
05-15 10:51:43.585 436 436 D gps_ql : [] [/dev/ttyS7] [15200]
05-15 10:51:43.589 453 453 D RockitHwService: rockit.hardware.rockit.hw@1.0-service starting...
05-15 10:51:43.603 428 428 I android.hardware.camera.provider@2.4-service: CameraProvider@2.4 legacy service is starting.
05-15 10:51:43.604 327 377 D BootAnimation: checkVideoFile()-->bootvideo.enable=false, showtime=-1
05-15 10:51:43.604 327 377 D BootAnimation: bootvideo:No boot video animation,EXIT_VIDEO_NAME:false,bootvideo.showtime:-1
05-15 10:51:43.604 327 377 E mali_so : encounter the first gles_error : 0x0001; gles_state_error_info : is not one of the accepted values (gles2_state_enable at hardware/arm/maliT760/driver/product/gles/src/state/gles2/mali_gles2_state_enable.c:141)
05-15 10:51:43.607 436 436 D gps_ql : get android version:32
05-15 10:51:43.608 436 436 I HidlServiceManagement: Registered android.hardware.gnss@2.0::IGnss/default
05-15 10:51:43.608 436 436 I HidlServiceManagement: Removing namespace from process name android.hardware.gnss@2.0-service to gnss@2.0-service.
05-15 10:51:43.608 436 436 I LegacySupport: Registration complete for android.hardware.gnss@2.0::IGnss/default.
05-15 10:51:43.609 453 453 W rockchip.hardware.rockit.hw@1.0-service: Could not read additional policy file '/vendor/etc/seccomp_policy/rockit.vendor.ext.policy'
05-15 10:51:43.609 453 453 W rockchip.hardware.rockit.hw@1.0-service: libminijail[453]: failed to get path of fd 5: No such file or directory
05-15 10:51:43.617 450 450 I RockchipNN: Linked RKNeuralnetworks and rknn_api.
05-15 10:51:43.618 450 450 I HidlServiceManagement: Registered rockchip.hardware.neuralnetworks@1.0::IRKNeuralnetworks/default
05-15 10:51:43.618 450 450 I HidlServiceManagement: Removing namespace from process name rockchip.hardware.neuralnetworks@1.0-service to neuralnetworks@1.0-service.
05-15 10:51:43.618 450 450 I LegacySupport: Registration complete for rockchip.hardware.neuralnetworks@1.0::IRKNeuralnetworks/default.
05-15 10:51:43.640 453 453 W rockchip.hardware.rockit.hw@1.0-service: libminijail[453]: logging seccomp filter failures
05-15 10:51:43.641 453 453 D RockitHwService: Instantiating rockit hw service....
05-15 10:51:43.641 453 453 D RockitHwService: RockitHwService
05-15 10:51:43.644 425 425 I HidlServiceManagement: Registered android.hardware.audio@7.0::IDevicesFactory/default
05-15 10:51:43.644 425 425 I HidlServiceManagement: Removing namespace from process name android.hardware.audio.service to audio.service.
05-15 10:51:43.644 425 425 I LegacySupport: Registration complete for android.hardware.audio@7.0::IDevicesFactory/default.
05-15 10:51:43.665 453 453 I HidlServiceManagement: Registered rockchip.hardware.rockit.hw@1.0::IRockitHwService/default
05-15 10:51:43.665 453 453 I HidlServiceManagement: Removing namespace from process name rockchip.hardware.rockit.hw@1.0-service to hw@1.0-service.
05-15 10:51:43.665 453 453 I RockitHwService: rockit hw service created
05-15 10:51:43.684 327 377 D BootAnimation: BootAnimationShownTiming start time: 5530ms
05-15 10:51:43.696 419 419 I AndroidRuntime: Using default boot image
05-15 10:51:43.696 419 419 I AndroidRuntime: Leaving lock profiling enabled
05-15 10:51:43.697 445 445 I android.hardware.wifi@1.0-service: Wifi Hal is booting up...
05-15 10:51:43.700 445 445 E android.hardware.wifi@1.0-service: Failed to open /vendor/lib/modules/dhd_static_buf.ko: No such file or directory
05-15 10:51:43.700 445 445 E android.hardware.wifi@1.0-service: Failed to open /vendor/lib/modules/bcmdhd.ko: No such file or directory
05-15 10:51:43.701 445 445 I HidlServiceManagement: Registered android.hardware.wifi@1.5::IWifi/default
05-15 10:51:43.701 445 445 I HidlServiceManagement: Removing namespace from process name android.hardware.wifi@1.0-service to wifi@1.0-service.
05-15 10:51:43.716 425 425 I HidlServiceManagement: Registered android.hardware.audio.effect@7.0::IEffectsFactory/default
05-15 10:51:43.716 425 425 I LegacySupport: Registration complete for android.hardware.audio.effect@7.0::IEffectsFactory/default.
05-15 10:51:43.717 282 282 I hwservicemanager: getTransport: Cannot find entry android.hardware.soundtrigger@2.3::ISoundTriggerHw/default in either framework or device VINTF manifest.
05-15 10:51:43.721 506 506 I bootstat: Service started: /system/bin/bootstat --set_system_boot_reason
05-15 10:51:43.723 508 508 I perfetto: probes.cc:84 Starting /system/bin/traced_probes service
05-15 10:51:43.723 509 509 W perfetto: service.cc:207 Started traced, listening on /dev/socket/traced_producer /dev/socket/traced_consumer
05-15 10:51:43.724 508 524 I perfetto: _activity_trigger.cc:71 mm_events ftrace instance not found. Triggering of traces on memory pressure will not be available on this device.
05-15 10:51:43.724 508 508 I perfetto: probes_producer.cc:112 Connected to the service
05-15 10:51:43.730 425 425 E LegacySupport: Could not get passthrough implementation for android.hardware.soundtrigger@2.3::ISoundTriggerHw/default.
05-15 10:51:43.730 282 282 I hwservicemanager: getTransport: Cannot find entry android.hardware.soundtrigger@2.2::ISoundTriggerHw/default in either framework or device VINTF manifest.
05-15 10:51:43.730 425 425 E LegacySupport: Could not get passthrough implementation for android.hardware.soundtrigger@2.2::ISoundTriggerHw/default.
05-15 10:51:43.730 282 282 I hwservicemanager: getTransport: Cannot find entry android.hardware.soundtrigger@2.1::ISoundTriggerHw/default in either framework or device VINTF manifest.
05-15 10:51:43.730 425 425 E LegacySupport: Could not get passthrough implementation for android.hardware.soundtrigger@2.1::ISoundTriggerHw/default.
05-15 10:51:43.731 282 282 I hwservicemanager: getTransport: Cannot find entry android.hardware.soundtrigger@2.0::ISoundTriggerHw/default in either framework or device VINTF manifest.
05-15 10:51:43.731 425 425 E LegacySupport: Could not get passthrough implementation for android.hardware.soundtrigger@2.0::ISoundTriggerHw/default.
05-15 10:51:43.731 425 425 W audiohalservice: Could not register Soundtrigger API
05-15 10:51:43.731 282 282 I hwservicemanager: getTransport: Cannot find entry android.hardware.bluetooth.audio@2.1::IBluetoothAudioProvidersFactory/default in either framework or device VINTF manifest.
05-15 10:51:43.731 425 425 E LegacySupport: Could not get passthrough implementation for android.hardware.bluetooth.audio@2.1::IBluetoothAudioProvidersFactory/default.
05-15 10:51:43.731 282 282 I hwservicemanager: getTransport: Cannot find entry android.hardware.bluetooth.audio@2.0::IBluetoothAudioProvidersFactory/default in either framework or device VINTF manifest.
05-15 10:51:43.731 425 425 E LegacySupport: Could not get passthrough implementation for android.hardware.bluetooth.audio@2.0::IBluetoothAudioProvidersFactory/default.
05-15 10:51:43.731 425 425 W audiohalservice: Could not register Bluetooth Audio API
05-15 10:51:43.731 282 282 I hwservicemanager: getTransport: Cannot find entry android.hardware.bluetooth.a2dp@1.0::IBluetoothAudioOffload/default in either framework or device VINTF manifest.
05-15 10:51:43.731 425 425 E LegacySupport: Could not get passthrough implementation for android.hardware.bluetooth.a2dp@1.0::IBluetoothAudioOffload/default.
05-15 10:51:43.731 425 425 W audiohalservice: Could not register Bluetooth Audio Offload API
05-15 10:51:43.732 419 419 I zygote64: option[0]=-Xzygote
05-15 10:51:43.732 419 419 I zygote64: option[1]=-Xdeny-art-apex-data-files
05-15 10:51:43.732 419 419 I zygote64: option[2]=exit
05-15 10:51:43.732 419 419 I zygote64: option[3]=vfprintf
05-15 10:51:43.732 419 419 I zygote64: option[4]=sensitiveThread
05-15 10:51:43.732 419 419 I zygote64: option[5]=-verbose:gc
05-15 10:51:43.732 419 419 I zygote64: option[6]=-XX:PerfettoHprof=true
05-15 10:51:43.732 419 419 I zygote64: option[7]=-XX:PerfettoJavaHeapStackProf=true
05-15 10:51:43.732 419 419 I zygote64: option[8]=-Xprimaryzygote
05-15 10:51:43.732 419 419 I zygote64: option[9]=-Xms16m
05-15 10:51:43.732 419 419 I zygote64: option[10]=-Xmx512m
05-15 10:51:43.732 419 419 I zygote64: option[11]=-XX:HeapGrowthLimit=192m
05-15 10:51:43.732 419 419 I zygote64: option[12]=-XX:HeapMinFree=512k
05-15 10:51:43.732 419 419 I zygote64: option[13]=-XX:HeapMaxFree=8m
05-15 10:51:43.732 419 419 I zygote64: option[14]=-XX:HeapTargetUtilization=0.75
05-15 10:51:43.732 419 419 I zygote64: option[15]=-Xusejit:true
05-15 10:51:43.732 419 419 I zygote64: option[16]=-Xjitsaveprofilinginfo
05-15 10:51:43.732 419 419 I zygote64: option[17]=-XMadviseWillNeedVdexFileSize:104857600
05-15 10:51:43.732 419 419 I zygote64: option[18]=-XMadviseWillNeedOdexFileSize:104857600
05-15 10:51:43.732 419 419 I zygote64: option[19]=-XMadviseWillNeedArtFileSize:4294967295
05-15 10:51:43.732 419 419 I zygote64: option[20]=-XjdwpOptions:suspend=n,server=y
05-15 10:51:43.732 419 419 I zygote64: option[21]=-XjdwpProvider:default
05-15 10:51:43.732 419 419 I zygote64: option[22]=-Xopaque-jni-ids:swapable
05-15 10:51:43.732 419 419 I zygote64: option[23]=-Xlockprofthreshold:500
05-15 10:51:43.732 419 419 I zygote64: option[24]=-Xcompiler-option
05-15 10:51:43.732 419 419 I zygote64: option[25]=-j4
05-15 10:51:43.732 419 419 I zygote64: option[26]=-Xcompiler-option
05-15 10:51:43.732 419 419 I zygote64: option[27]=--instruction-set-variant=cortex-a76
05-15 10:51:43.732 419 419 I zygote64: option[28]=-Xcompiler-option
05-15 10:51:43.732 419 419 I zygote64: option[29]=--instruction-set-features=default
05-15 10:51:43.732 419 419 I zygote64: option[30]=-Xcompiler-option
05-15 10:51:43.732 419 419 I zygote64: option[31]=--generate-mini-debug-info
05-15 10:51:43.732 419 419 I zygote64: option[32]=-Ximage-compiler-option
05-15 10:51:43.732 419 419 I zygote64: option[33]=--runtime-arg
05-15 10:51:43.732 419 419 I zygote64: option[34]=-Ximage-compiler-option
05-15 10:51:43.732 419 419 I zygote64: option[35]=-Xms64m
05-15 10:51:43.732 419 419 I zygote64: option[36]=-Ximage-compiler-option
05-15 10:51:43.732 419 419 I zygote64: option[37]=--runtime-arg
05-15 10:51:43.732 419 419 I zygote64: option[38]=-Ximage-compiler-option
05-15 10:51:43.732 419 419 I zygote64: option[39]=-Xmx64m
05-15 10:51:43.732 419 419 I zygote64: option[40]=-Ximage-compiler-option
05-15 10:51:43.732 419 419 I zygote64: option[41]=--dirty-image-objects=/system/etc/dirty-image-objects
05-15 10:51:43.732 419 419 I zygote64: option[42]=-Ximage-compiler-option
05-15 10:51:43.732 419 419 I zygote64: option[43]=--instruction-set-variant=cortex-a76
05-15 10:51:43.732 419 419 I zygote64: option[44]=-Ximage-compiler-option
05-15 10:51:43.732 419 419 I zygote64: option[45]=--instruction-set-features=default
05-15 10:51:43.732 419 419 I zygote64: option[46]=-Ximage-compiler-option
05-15 10:51:43.732 419 419 I zygote64: option[47]=--generate-mini-debug-info
05-15 10:51:43.732 419 419 I zygote64: option[48]=-Duser.locale=zh-CN
05-15 10:51:43.732 419 419 I zygote64: option[49]=--cpu-abilist=arm64-v8a
05-15 10:51:43.732 419 419 I zygote64: option[50]=-Xcore-platform-api-policy:just-warn
05-15 10:51:43.732 419 419 I zygote64: option[51]=-Xfingerprint:EBEN/rk3588s_s/82005B:12/RK51.220716.001/82005B.userdebug.ccl.20250507.190539:userdebug/release-keys
05-15 10:51:43.734 419 419 W zygote64: ART APEX data files are untrusted.
05-15 10:51:43.734 419 419 I zygote64: Core platform API reporting enabled, enforcing=false
05-15 10:51:43.736 513 513 I installd: installd firing up
05-15 10:51:43.739 520 520 I AKMD2 : start in akmd
05-15 10:51:43.739 520 520 I AKMD2 : AKMD PG and DOEPlus v20140729 (Library for AK8963: v7.2.0.729.314) started.
05-15 10:51:43.739 520 520 I AKMD2 : Debug: ON
05-15 10:51:43.739 520 520 E AKMD2 : AKD_GetLayout: layout=1
05-15 10:51:43.745 280 280 I lowmemorykiller: lmkd data connection established
05-15 10:51:43.751 326 326 I SurfaceFlinger: Enter boot animation
05-15 10:51:43.752 515 515 V MediaUtils: physMem: 8027660288
05-15 10:51:43.752 515 515 V MediaUtils: requested limit: 134217728
05-15 10:51:43.752 515 515 I libc : malloc_limit: Allocation limit enabled, max size 134217728 bytes
05-15 10:51:43.753 346 346 I hwc-drm-connector: UpdateBCSH,line=591, DSI-0 can't find suitable BCSH Property, try to use Baseparameter.
05-15 10:51:43.753 346 346 I hwc-drm-connector: UpdateBCSH,line=606, DSI-0 BCSH=[50,50,50,50]
05-15 10:51:43.753 515 515 D AudioPowerUsage: AudioPowerUsage
05-15 10:51:43.753 515 515 D AudioAnalytics: AudioAnalytics
05-15 10:51:43.753 515 515 D MediaMetricsService: MediaMetricsService
05-15 10:51:43.756 506 506 I bootstat: Canonical boot reason: kernel_panic,null
05-15 10:51:43.757 506 506 I bootstat: Canonical boot reason: kernel_panic,null
05-15 10:51:49.481 9 9 I : Freeing drm_logo memory: 9220K
