05-15 10:51:48.683 621 687 E system_server: failed to load IDMAP /data/resource-cache/data@resource-cache@com.android.systemui-accent-b2QH.frro@idmap
05-15 10:51:48.683 621 621 D ConditionProviders.SCP: evaluateSubscriptionLocked cal=ScheduleCalendar[mDays={1, 2, 3, 4, 5, 6, 7}, mSchedule=ScheduleInfo{days=[1, 2, 3, 4, 5, 6, 7], startHour=22, startMinute=0, endHour=7, endMinute=0, exitAtAlarm=true, nextAlarm=Thu Jan 01 08:00:00 GMT+08:00 1970 (0)}], now=Thu May 15 10:51:48 GMT+08:00 2025 (1747277508682), nextUserAlarmTime=Thu Jan 01 08:00:00 GMT+08:00 1970 (0)
05-15 10:51:48.683 621 687 W ResourcesManager: failed to preload asset path '/data/resource-cache/com.android.systemui-accent-b2QH.frro'
05-15 10:51:48.683 621 687 W ResourcesManager: java.io.IOException: Failed to load asset path /data/resource-cache/data@resource-cache@com.android.systemui-accent-b2QH.frro@idmap
05-15 10:51:48.683 621 687 W ResourcesManager: at android.content.res.ApkAssets.nativeLoad(Native Method)
05-15 10:51:48.683 621 687 W ResourcesManager: at android.content.res.ApkAssets.(ApkAssets.java:295)
05-15 10:51:48.683 621 687 W ResourcesManager: at android.content.res.ApkAssets.loadOverlayFromPath(ApkAssets.java:215)
05-15 10:51:48.683 621 687 W ResourcesManager: at android.app.ResourcesManager.loadApkAssets(ResourcesManager.java:466)
05-15 10:51:48.683 621 687 W ResourcesManager: at android.app.ResourcesManager.access$000(ResourcesManager.java:85)
05-15 10:51:48.683 621 687 W ResourcesManager: at android.app.ResourcesManager$ApkAssetsSupplier.load(ResourcesManager.java:182)
05-15 10:51:48.683 621 687 W ResourcesManager: at android.app.ResourcesManager.createApkAssetsSupplierNotLocked(ResourcesManager.java:1035)
05-15 10:51:48.683 621 687 W ResourcesManager: at android.app.ResourcesManager.getResources(ResourcesManager.java:1156)
05-15 10:51:48.683 621 687 W ResourcesManager: at android.app.ActivityThread.getTopLevelResources(ActivityThread.java:2415)
05-15 10:51:48.683 621 687 W ResourcesManager: at android.app.ApplicationPackageManager.getResourcesForApplication(ApplicationPackageManager.java:1781)
05-15 10:51:48.683 621 687 W ResourcesManager: at android.app.ApplicationPackageManager.getResourcesForApplication(ApplicationPackageManager.java:1767)
05-15 10:51:48.683 621 687 W ResourcesManager: at android.app.ApplicationPackageManager.getXml(ApplicationPackageManager.java:2111)
05-15 10:51:48.683 621 687 W ResourcesManager: at android.content.pm.PackageItemInfo.loadXmlMetaData(PackageItemInfo.java:397)
05-15 10:51:48.683 621 687 W ResourcesManager: at android.content.pm.RegisteredServicesCache.parseServiceInfo(RegisteredServicesCache.java:639)
05-15 10:51:48.683 621 687 W ResourcesManager: at android.content.pm.RegisteredServicesCache.generateServicesMap(RegisteredServicesCache.java:482)
05-15 10:51:48.683 621 687 W ResourcesManager: at android.content.pm.RegisteredServicesCache.getAllServices(RegisteredServicesCache.java:355)
05-15 10:51:48.683 621 687 W ResourcesManager: at android.content.SyncAdaptersCache.getSyncAdapterPackagesForAuthority(SyncAdaptersCache.java:119)
05-15 10:51:48.683 621 687 W ResourcesManager: at com.android.server.content.SyncManager.getSyncAdapterPackagesForAuthorityAsUser(SyncManager.java:1235)
05-15 10:51:48.683 621 687 W ResourcesManager: at com.android.server.content.ContentService.getSyncAdapterPackagesForAuthorityAsUser(ContentService.java:818)
05-15 10:51:48.683 621 687 W ResourcesManager: at android.content.ContentResolver.getSyncAdapterPackagesForAuthorityAsUser(ContentResolver.java:3189)
05-15 10:51:48.683 621 687 W ResourcesManager: at com.android.server.usage.AppStandbyController.reportContentProviderUsage(AppStandbyController.java:552)
05-15 10:51:48.683 621 687 W ResourcesManager: at com.android.server.usage.AppStandbyController.access$700(AppStandbyController.java:136)
05-15 10:51:48.683 621 687 W ResourcesManager: at com.android.server.usage.AppStandbyController$AppStandbyHandler.handleMessage(AppStandbyController.java:2273)
05-15 10:51:48.683 621 687 W ResourcesManager: at android.os.Handler.dispatchMessage(Handler.java:106)
05-15 10:51:48.683 621 687 W ResourcesManager: at android.os.Looper.loopOnce(Looper.java:201)
05-15 10:51:48.683 621 687 W ResourcesManager: at android.os.Looper.loop(Looper.java:288)
05-15 10:51:48.683 621 687 W ResourcesManager: at android.os.HandlerThread.run(HandlerThread.java:67)
05-15 10:51:48.683 621 687 E system_server: Invalid Idmap file: bad magic value (was 0x00000000, expected 0x504d4449)
05-15 10:51:48.683 621 687 E system_server: failed to load IDMAP /data/resource-cache/data@resource-cache@com.android.systemui-neutral-TLBr.frro@idmap
05-15 10:51:48.683 621 621 D ConditionProviders.SCP: notifyCondition condition://android/schedule?days=1.2.3.4.5.6.7&start=22.0&end=7.0&exitAtAlarm=true STATE_FALSE reason=!meetsSchedule
05-15 10:51:48.683 777 1053 I vol.Events: writeEvent zen_mode_config_changed [disallowAlarms=false disallowMedia=false disallowSystem=true disallowRinger=false]
05-15 10:51:48.683 621 687 W ResourcesManager: failed to add overlay path '/data/resource-cache/com.android.systemui-neutral-TLBr.frro'
05-15 10:51:48.683 621 687 W ResourcesManager: java.io.IOException: Failed to load asset path /data/resource-cache/data@resource-cache@com.android.systemui-neutral-TLBr.frro@idmap
05-15 10:51:48.683 621 687 W ResourcesManager: at android.content.res.ApkAssets.nativeLoad(Native Method)
05-15 10:51:48.683 621 687 W ResourcesManager: at android.content.res.ApkAssets.(ApkAssets.java:295)
05-15 10:51:48.683 621 687 W ResourcesManager: at android.content.res.ApkAssets.loadOverlayFromPath(ApkAssets.java:215)
05-15 10:51:48.683 621 687 W ResourcesManager: at android.app.ResourcesManager.loadApkAssets(ResourcesManager.java:466)
05-15 10:51:48.683 621 687 W ResourcesManager: at android.app.ResourcesManager.access$000(ResourcesManager.java:85)
05-15 10:51:48.683 621 687 W ResourcesManager: at android.app.ResourcesManager$ApkAssetsSupplier.load(ResourcesManager.java:182)
05-15 10:51:48.683 621 687 W ResourcesManager: at android.app.ResourcesManager.createAssetManager(ResourcesManager.java:544)
05-15 10:51:48.683 621 687 W ResourcesManager: at android.app.ResourcesManager.createResourcesImpl(ResourcesManager.java:626)
05-15 10:51:48.683 621 687 W ResourcesManager: at android.app.ResourcesManager.findOrCreateResourcesImplForKeyLocked(ResourcesManager.java:719)
05-15 10:51:48.683 621 687 W ResourcesManager: at android.app.ResourcesManager.createResources(ResourcesManager.java:1066)
05-15 10:51:48.683 621 687 W ResourcesManager: at android.app.ResourcesManager.getResources(ResourcesManager.java:1169)
05-15 10:51:48.683 621 687 W ResourcesManager: at android.app.ActivityThread.getTopLevelResources(ActivityThread.java:2415)
05-15 10:51:48.683 621 687 W ResourcesManager: at android.app.ApplicationPackageManager.getResourcesForApplication(ApplicationPackageManager.java:1781)
05-15 10:51:48.683 621 687 W ResourcesManager: at android.app.ApplicationPackageManager.getResourcesForApplication(ApplicationPackageManager.java:1767)
05-15 10:51:48.683 621 687 W ResourcesManager: at android.app.ApplicationPackageManager.getXml(ApplicationPackageManager.java:2111)
05-15 10:51:48.683 621 687 W ResourcesManager: at android.content.pm.PackageItemInfo.loadXmlMetaData(PackageItemInfo.java:397)
05-15 10:51:48.683 621 687 W ResourcesManager: at android.content.pm.RegisteredServicesCache.parseServiceInfo(RegisteredServicesCache.java:639)
05-15 10:51:48.683 621 687 W ResourcesManager: at android.content.pm.RegisteredServicesCache.generateServicesMap(RegisteredServicesCache.java:482)
05-15 10:51:48.683 621 687 W ResourcesManager: at android.content.pm.RegisteredServicesCache.getAllServices(RegisteredServicesCache.java:355)
05-15 10:51:48.683 621 687 W ResourcesManager: at android.content.SyncAdaptersCache.getSyncAdapterPackagesForAuthority(SyncAdaptersCache.java:119)
05-15 10:51:48.683 621 687 W ResourcesManager: at com.android.server.content.SyncManager.getSyncAdapterPackagesForAuthorityAsUser(SyncManager.java:1235)
05-15 10:51:48.683 621 687 W ResourcesManager: at com.android.server.content.ContentService.getSyncAdapterPackagesForAuthorityAsUser(ContentService.java:818)
05-15 10:51:48.683 621 687 W ResourcesManager: at android.content.ContentResolver.getSyncAdapterPackagesForAuthorityAsUser(ContentResolver.java:3189)
05-15 10:51:48.683 621 687 W ResourcesManager: at com.android.server.usage.AppStandbyController.reportContentProviderUsage(AppStandbyController.java:552)
05-15 10:51:48.683 621 687 W ResourcesManager: at com.android.server.usage.AppStandbyController.access$700(AppStandbyController.java:136)
05-15 10:51:48.683 621 687 W ResourcesManager: at com.android.server.usage.AppStandbyController$AppStandbyHandler.handleMessage(AppStandbyController.java:2273)
05-15 10:51:48.683 621 687 W ResourcesManager: at android.os.Handler.dispatchMessage(Handler.java:106)
05-15 10:51:48.683 621 687 W ResourcesManager: at android.os.Looper.loopOnce(Looper.java:201)
05-15 10:51:48.683 621 687 W ResourcesManager: at android.os.Looper.loop(Looper.java:288)
05-15 10:51:48.683 621 687 W ResourcesManager: at android.os.HandlerThread.run(HandlerThread.java:67)
05-15 10:51:48.683 621 687 E system_server: Invalid Idmap file: bad magic value (was 0x00000000, expected 0x504d4449)
05-15 10:51:48.683 621 687 E system_server: failed to load IDMAP /data/resource-cache/data@resource-cache@com.android.systemui-accent-b2QH.frro@idmap
05-15 10:51:48.684 621 687 W ResourcesManager: failed to add overlay path '/data/resource-cache/com.android.systemui-accent-b2QH.frro'
05-15 10:51:48.684 621 687 W ResourcesManager: java.io.IOException: Failed to load asset path /data/resource-cache/data@resource-cache@com.android.systemui-accent-b2QH.frro@idmap
05-15 10:51:48.684 621 687 W ResourcesManager: at android.content.res.ApkAssets.nativeLoad(Native Method)
05-15 10:51:48.684 621 687 W ResourcesManager: at android.content.res.ApkAssets.(ApkAssets.java:295)
05-15 10:51:48.684 621 687 W ResourcesManager: at android.content.res.ApkAssets.loadOverlayFromPath(ApkAssets.java:215)
05-15 10:51:48.684 621 687 W ResourcesManager: at android.app.ResourcesManager.loadApkAssets(ResourcesManager.java:466)
05-15 10:51:48.684 621 687 W ResourcesManager: at android.app.ResourcesManager.access$000(ResourcesManager.java:85)
05-15 10:51:48.684 621 687 W ResourcesManager: at android.app.ResourcesManager$ApkAssetsSupplier.load(ResourcesManager.java:182)
05-15 10:51:48.684 621 687 W ResourcesManager: at android.app.ResourcesManager.createAssetManager(ResourcesManager.java:544)
05-15 10:51:48.684 621 687 W ResourcesManager: at android.app.ResourcesManager.createResourcesImpl(ResourcesManager.java:626)
05-15 10:51:48.684 621 687 W ResourcesManager: at android.app.ResourcesManager.findOrCreateResourcesImplForKeyLocked(ResourcesManager.java:719)
05-15 10:51:48.684 621 687 W ResourcesManager: at android.app.ResourcesManager.createResources(ResourcesManager.java:1066)
05-15 10:51:48.684 621 687 W ResourcesManager: at android.app.ResourcesManager.getResources(ResourcesManager.java:1169)
05-15 10:51:48.684 621 687 W ResourcesManager: at android.app.ActivityThread.getTopLevelResources(ActivityThread.java:2415)
05-15 10:51:48.684 621 687 W ResourcesManager: at android.app.ApplicationPackageManager.getResourcesForApplication(ApplicationPackageManager.java:1781)
05-15 10:51:48.684 621 687 W ResourcesManager: at android.app.ApplicationPackageManager.getResourcesForApplication(ApplicationPackageManager.java:1767)
05-15 10:51:48.684 621 687 W ResourcesManager: at android.app.ApplicationPackageManager.getXml(ApplicationPackageManager.java:2111)
05-15 10:51:48.684 621 687 W ResourcesManager: at android.content.pm.PackageItemInfo.loadXmlMetaData(PackageItemInfo.java:397)
05-15 10:51:48.684 621 687 W ResourcesManager: at android.content.pm.RegisteredServicesCache.parseServiceInfo(RegisteredServicesCache.java:639)
05-15 10:51:48.684 621 687 W ResourcesManager: at android.content.pm.RegisteredServicesCache.generateServicesMap(RegisteredServicesCache.java:482)
05-15 10:51:48.684 621 687 W ResourcesManager: at android.content.pm.RegisteredServicesCache.getAllServices(RegisteredServicesCache.java:355)
05-15 10:51:48.684 621 687 W ResourcesManager: at android.content.SyncAdaptersCache.getSyncAdapterPackagesForAuthority(SyncAdaptersCache.java:119)
05-15 10:51:48.684 621 687 W ResourcesManager: at com.android.server.content.SyncManager.getSyncAdapterPackagesForAuthorityAsUser(SyncManager.java:1235)
05-15 10:51:48.684 621 687 W ResourcesManager: at com.android.server.content.ContentService.getSyncAdapterPackagesForAuthorityAsUser(ContentService.java:818)
05-15 10:51:48.684 621 687 W ResourcesManager: at android.content.ContentResolver.getSyncAdapterPackagesForAuthorityAsUser(ContentResolver.java:3189)
05-15 10:51:48.684 621 687 W ResourcesManager: at com.android.server.usage.AppStandbyController.reportContentProviderUsage(AppStandbyController.java:552)
05-15 10:51:48.684 621 687 W ResourcesManager: at com.android.server.usage.AppStandbyController.access$700(AppStandbyController.java:136)
05-15 10:51:48.684 621 687 W ResourcesManager: at com.android.server.usage.AppStandbyController$AppStandbyHandler.handleMessage(AppStandbyController.java:2273)
05-15 10:51:48.684 621 687 W ResourcesManager: at android.os.Handler.dispatchMessage(Handler.java:106)
05-15 10:51:48.684 621 687 W ResourcesManager: at android.os.Looper.loopOnce(Looper.java:201)
05-15 10:51:48.684 621 687 W ResourcesManager: at android.os.Looper.loop(Looper.java:288)
05-15 10:51:48.684 621 687 W ResourcesManager: at android.os.HandlerThread.run(HandlerThread.java:67)
05-15 10:51:48.684 621 621 D ConditionProviders.SCP: Scheduling evaluate for Thu May 15 22:00:00 GMT+08:00 2025 (1747317600000), in +11h8m11s318ms, now=Thu May 15 10:51:48 GMT+08:00 2025 (1747277508682)
05-15 10:51:48.684 621 687 E system_server: Invalid Idmap file: bad magic value (was 0x00000000, expected 0x504d4449)
05-15 10:51:48.684 621 621 D WifiSleepController: onReceive, action=android.intent.action.BATTERY_CHANGED
05-15 10:51:48.684 621 621 D WifiSleepController: updateChargingState, mCharging: true
05-15 10:51:48.684 621 687 E system_server: failed to load IDMAP /data/resource-cache/data@resource-cache@com.android.systemui-neutral-TLBr.frro@idmap
05-15 10:51:48.684 621 687 W ResourcesManager: failed to preload asset path '/data/resource-cache/com.android.systemui-neutral-TLBr.frro'
05-15 10:51:48.684 621 687 W ResourcesManager: java.io.IOException: Failed to load asset path /data/resource-cache/data@resource-cache@com.android.systemui-neutral-TLBr.frro@idmap
05-15 10:51:48.684 621 687 W ResourcesManager: at android.content.res.ApkAssets.nativeLoad(Native Method)
05-15 10:51:48.684 621 687 W ResourcesManager: at android.content.res.ApkAssets.(ApkAssets.java:295)
05-15 10:51:48.684 621 687 W ResourcesManager: at android.content.res.ApkAssets.loadOverlayFromPath(ApkAssets.java:215)
05-15 10:51:48.684 621 687 W ResourcesManager: at android.app.ResourcesManager.loadApkAssets(ResourcesManager.java:466)
05-15 10:51:48.684 621 687 W ResourcesManager: at android.app.ResourcesManager.access$000(ResourcesManager.java:85)
05-15 10:51:48.684 621 687 W ResourcesManager: at android.app.ResourcesManager$ApkAssetsSupplier.load(ResourcesManager.java:182)
05-15 10:51:48.684 621 687 W ResourcesManager: at android.app.ResourcesManager.createApkAssetsSupplierNotLocked(ResourcesManager.java:1035)
05-15 10:51:48.684 621 687 W ResourcesManager: at android.app.ResourcesManager.getResources(ResourcesManager.java:1156)
05-15 10:51:48.684 621 687 W ResourcesManager: at android.app.ActivityThread.getTopLevelResources(ActivityThread.java:2415)
05-15 10:51:48.684 621 687 W ResourcesManager: at android.app.ApplicationPackageManager.getResourcesForApplication(ApplicationPackageManager.java:1781)
05-15 10:51:48.684 621 687 W ResourcesManager: at android.app.ApplicationPackageManager.getResourcesForApplication(ApplicationPackageManager.java:1767)
05-15 10:51:48.684 621 687 W ResourcesManager: at android.content.pm.RegisteredServicesCache.parseServiceInfo(RegisteredServicesCache.java:657)
05-15 10:51:48.684 621 687 W ResourcesManager: at android.content.pm.RegisteredServicesCache.generateServicesMap(RegisteredServicesCache.java:482)
05-15 10:51:48.684 621 687 W ResourcesManager: at android.content.pm.RegisteredServicesCache.getAllServices(RegisteredServicesCache.java:355)
05-15 10:51:48.684 621 687 W ResourcesManager: at android.content.SyncAdaptersCache.getSyncAdapterPackagesForAuthority(SyncAdaptersCache.java:119)
05-15 10:51:48.684 621 687 W ResourcesManager: at com.android.server.content.SyncManager.getSyncAdapterPackagesForAuthorityAsUser(SyncManager.java:1235)
05-15 10:51:48.684 621 687 W ResourcesManager: at com.android.server.content.ContentService.getSyncAdapterPackagesForAuthorityAsUser(ContentService.java:818)
05-15 10:51:48.684 621 687 W ResourcesManager: at android.content.ContentResolver.getSyncAdapterPackagesForAuthorityAsUser(ContentResolver.java:3189)
05-15 10:51:48.684 621 687 W ResourcesManager: at com.android.server.usage.AppStandbyController.reportContentProviderUsage(AppStandbyController.java:552)
05-15 10:51:48.684 621 687 W ResourcesManager: at com.android.server.usage.AppStandbyController.access$700(AppStandbyController.java:136)
05-15 10:51:48.684 621 687 W ResourcesManager: at com.android.server.usage.AppStandbyController$AppStandbyHandler.handleMessage(AppStandbyController.java:2273)
05-15 10:51:48.684 621 687 W ResourcesManager: at android.os.Handler.dispatchMessage(Handler.java:106)
05-15 10:51:48.684 621 687 W ResourcesManager: at android.os.Looper.loopOnce(Looper.java:201)
05-15 10:51:48.684 621 687 W ResourcesManager: at android.os.Looper.loop(Looper.java:288)
05-15 10:51:48.684 621 687 W ResourcesManager: at android.os.HandlerThread.run(HandlerThread.java:67)
05-15 10:51:48.684 621 687 E system_server: Invalid Idmap file: bad magic value (was 0x00000000, expected 0x504d4449)
05-15 10:51:48.684 621 687 E system_server: failed to load IDMAP /data/resource-cache/data@resource-cache@com.android.systemui-accent-b2QH.frro@idmap
05-15 10:51:48.684 621 687 W ResourcesManager: failed to preload asset path '/data/resource-cache/com.android.systemui-accent-b2QH.frro'
05-15 10:51:48.684 621 687 W ResourcesManager: java.io.IOException: Failed to load asset path /data/resource-cache/data@resource-cache@com.android.systemui-accent-b2QH.frro@idmap
05-15 10:51:48.684 621 687 W ResourcesManager: at android.content.res.ApkAssets.nativeLoad(Native Method)
05-15 10:51:48.684 621 687 W ResourcesManager: at android.content.res.ApkAssets.(ApkAssets.java:295)
05-15 10:51:48.684 621 687 W ResourcesManager: at android.content.res.ApkAssets.loadOverlayFromPath(ApkAssets.java:215)
05-15 10:51:48.684 621 687 W ResourcesManager: at android.app.ResourcesManager.loadApkAssets(ResourcesManager.java:466)
05-15 10:51:48.684 621 687 W ResourcesManager: at android.app.ResourcesManager.access$000(ResourcesManager.java:85)
05-15 10:51:48.684 621 687 W ResourcesManager: at android.app.ResourcesManager$ApkAssetsSupplier.load(ResourcesManager.java:182)
05-15 10:51:48.684 621 687 W ResourcesManager: at android.app.ResourcesManager.createApkAssetsSupplierNotLocked(ResourcesManager.java:1035)
05-15 10:51:48.684 621 687 W ResourcesManager: at android.app.ResourcesManager.getResources(ResourcesManager.java:1156)
05-15 10:51:48.684 621 687 W ResourcesManager: at android.app.ActivityThread.getTopLevelResources(ActivityThread.java:2415)
05-15 10:51:48.684 621 687 W ResourcesManager: at android.app.ApplicationPackageManager.getResourcesForApplication(ApplicationPackageManager.java:1781)
05-15 10:51:48.684 621 687 W ResourcesManager: at android.app.ApplicationPackageManager.getResourcesForApplication(ApplicationPackageManager.java:1767)
05-15 10:51:48.684 621 687 W ResourcesManager: at android.content.pm.RegisteredServicesCache.parseServiceInfo(RegisteredServicesCache.java:657)
05-15 10:51:48.684 621 687 W ResourcesManager: at android.content.pm.RegisteredServicesCache.generateServicesMap(RegisteredServicesCache.java:482)
05-15 10:51:48.684 621 687 W ResourcesManager: at android.content.pm.RegisteredServicesCache.getAllServices(RegisteredServicesCache.java:355)
05-15 10:51:48.684 621 687 W ResourcesManager: at android.content.SyncAdaptersCache.getSyncAdapterPackagesForAuthority(SyncAdaptersCache.java:119)
05-15 10:51:48.684 621 687 W ResourcesManager: at com.android.server.content.SyncManager.getSyncAdapterPackagesForAuthorityAsUser(SyncManager.java:1235)
05-15 10:51:48.684 621 687 W ResourcesManager: at com.android.server.content.ContentService.getSyncAdapterPackagesForAuthorityAsUser(ContentService.java:818)
05-15 10:51:48.684 621 687 W ResourcesManager: at android.content.ContentResolver.getSyncAdapterPackagesForAuthorityAsUser(ContentResolver.java:3189)
05-15 10:51:48.684 621 687 W ResourcesManager: at com.android.server.usage.AppStandbyController.reportContentProviderUsage(AppStandbyController.java:552)
05-15 10:51:48.684 621 687 W ResourcesManager: at com.android.server.usage.AppStandbyController.access$700(AppStandbyController.java:136)
05-15 10:51:48.684 621 687 W ResourcesManager: at com.android.server.usage.AppStandbyController$AppStandbyHandler.handleMessage(AppStandbyController.java:2273)
05-15 10:51:48.684 621 687 W ResourcesManager: at android.os.Handler.dispatchMessage(Handler.java:106)
05-15 10:51:48.684 621 687 W ResourcesManager: at android.os.Looper.loopOnce(Looper.java:201)
05-15 10:51:48.684 621 687 W ResourcesManager: at android.os.Looper.loop(Looper.java:288)
05-15 10:51:48.684 621 687 W ResourcesManager: at android.os.HandlerThread.run(HandlerThread.java:67)
05-15 10:51:48.686 516 603 I mediaserver: adding type 'video/mp4v-es'
05-15 10:51:48.687 516 603 I mediaserver: adding type 'audio/opus'
05-15 10:51:48.688 621 621 D BluetoothManagerService: Trying to bind to profile: 1, while Bluetooth was disabled
05-15 10:51:48.688 516 603 I mediaserver: adding type 'audio/opus'
05-15 10:51:48.688 621 727 D ConnectivityService: NetReassign [no changes]
05-15 10:51:48.688 621 1118 I Telecom : BluetoothRouteManager: getBluetoothAudioConnectedDevice: no service available.
05-15 10:51:48.689 621 621 I Telecom : SystemStateHelper: Registering broadcast receiver: android.content.IntentFilter@a340f4: TS.init@AAA
05-15 10:51:48.689 621 621 I Telecom : SystemStateHelper: Registering broadcast receiver: android.content.IntentFilter@405301d: TS.init@AAA
05-15 10:51:48.689 777 777 W AudioManager: attempt to call registerAudioRecordingCallback() on a previouslyregistered callback
05-15 10:51:48.689 516 603 I mediaserver: adding type 'audio/raw'
05-15 10:51:48.689 925 925 D m.android.phon: DCT.constructor
05-15 10:51:48.690 925 925 E m.android.phon: Invalid Idmap file: bad magic value (was 0x00000000, expected 0x504d4449)
05-15 10:51:48.690 925 925 E m.android.phon: failed to load IDMAP /data/resource-cache/data@resource-cache@com.android.systemui-neutral-TLBr.frro@idmap
05-15 10:51:48.690 516 603 I mediaserver: adding type 'audio/vorbis'
05-15 10:51:48.691 925 925 W ResourcesManager: failed to preload asset path '/data/resource-cache/com.android.systemui-neutral-TLBr.frro'
05-15 10:51:48.691 925 925 W ResourcesManager: java.io.IOException: Failed to load asset path /data/resource-cache/data@resource-cache@com.android.systemui-neutral-TLBr.frro@idmap
05-15 10:51:48.691 925 925 W ResourcesManager: at android.content.res.ApkAssets.nativeLoad(Native Method)
05-15 10:51:48.691 925 925 W ResourcesManager: at android.content.res.ApkAssets.(ApkAssets.java:295)
05-15 10:51:48.691 925 925 W ResourcesManager: at android.content.res.ApkAssets.loadOverlayFromPath(ApkAssets.java:215)
05-15 10:51:48.691 925 925 W ResourcesManager: at android.app.ResourcesManager.loadApkAssets(ResourcesManager.java:466)
05-15 10:51:48.691 925 925 W ResourcesManager: at android.app.ResourcesManager.access$000(ResourcesManager.java:85)
05-15 10:51:48.691 925 925 W ResourcesManager: at android.app.ResourcesManager$ApkAssetsSupplier.load(ResourcesManager.java:182)
05-15 10:51:48.691 925 925 W ResourcesManager: at android.app.ResourcesManager.createApkAssetsSupplierNotLocked(ResourcesManager.java:1035)
05-15 10:51:48.691 925 925 W ResourcesManager: at android.app.ResourcesManager.getResources(ResourcesManager.java:1156)
05-15 10:51:48.691 925 925 W ResourcesManager: at android.app.ContextImpl.createResources(ContextImpl.java:2463)
05-15 10:51:48.691 925 925 W ResourcesManager: at android.app.ContextImpl.createPackageContextAsUser(ContextImpl.java:2533)
05-15 10:51:48.691 925 925 W ResourcesManager: at android.content.ContextWrapper.createPackageContextAsUser(ContextWrapper.java:1007)
05-15 10:51:48.691 925 925 W ResourcesManager: at android.content.ContextWrapper.createPackageContextAsUser(ContextWrapper.java:1007)
05-15 10:51:48.691 925 925 W ResourcesManager: at com.android.internal.telephony.dataconnection.DataServiceManager.(DataServiceManager.java:366)
05-15 10:51:48.691 925 925 W ResourcesManager: at com.android.internal.telephony.dataconnection.DcTracker.(DcTracker.java:758)
05-15 10:51:48.691 925 925 W ResourcesManager: at com.android.internal.telephony.TelephonyComponentFactory.makeDcTracker(TelephonyComponentFactory.java:311)
05-15 10:51:48.691 925 925 W ResourcesManager: at com.android.internal.telephony.GsmCdmaPhone.(GsmCdmaPhone.java:328)
05-15 10:51:48.691 925 925 W ResourcesManager: at com.android.internal.telephony.GsmCdmaPhone.(GsmCdmaPhone.java:282)
05-15 10:51:48.691 925 925 W ResourcesManager: at com.android.internal.telephony.GsmCdmaPhone.(GsmCdmaPhone.java:276)
05-15 10:51:48.691 925 925 W ResourcesManager: at com.android.internal.telephony.TelephonyComponentFactory.makePhone(TelephonyComponentFactory.java:423)
05-15 10:51:48.691 925 925 W ResourcesManager: at com.android.internal.telephony.PhoneFactory.createPhone(PhoneFactory.java:325)
05-15 10:51:48.691 925 925 W ResourcesManager: at com.android.internal.telephony.PhoneFactory.makeDefaultPhone(PhoneFactory.java:211)
05-15 10:51:48.691 925 925 W ResourcesManager: at com.android.internal.telephony.PhoneFactory.makeDefaultPhones(PhoneFactory.java:108)
05-15 10:51:48.691 925 925 W ResourcesManager: at com.android.phone.PhoneGlobals.onCreate(PhoneGlobals.java:400)
05-15 10:51:48.691 925 925 W ResourcesManager: at com.android.phone.PhoneApp.onCreate(PhoneApp.java:39)
05-15 10:51:48.691 925 925 W ResourcesManager: at android.app.Instrumentation.callApplicationOnCreate(Instrumentation.java:1223)
05-15 10:51:48.691 925 925 W ResourcesManager: at android.app.ActivityThread.handleBindApplication(ActivityThread.java:6762)
05-15 10:51:48.691 925 925 W ResourcesManager: at android.app.ActivityThread.access$1500(ActivityThread.java:256)
05-15 10:51:48.691 925 925 W ResourcesManager: at android.app.ActivityThread$H.handleMessage(ActivityThread.java:2091)
05-15 10:51:48.691 925 925 W ResourcesManager: at android.os.Handler.dispatchMessage(Handler.java:106)
05-15 10:51:48.691 925 925 W ResourcesManager: at android.os.Looper.loopOnce(Looper.java:201)
05-15 10:51:48.691 925 925 W ResourcesManager: at android.os.Looper.loop(Looper.java:288)
05-15 10:51:48.691 925 925 W ResourcesManager: at android.app.ActivityThread.main(ActivityThread.java:7870)
05-15 10:51:48.691 925 925 W ResourcesManager: at java.lang.reflect.Method.invoke(Native Method)
05-15 10:51:48.691 925 925 W ResourcesManager: at com.android.internal.os.RuntimeInit$MethodAndArgsCaller.run(RuntimeInit.java:548)
05-15 10:51:48.691 925 925 W ResourcesManager: at com.android.internal.os.ZygoteInit.main(ZygoteInit.java:1003)
05-15 10:51:48.691 925 925 E m.android.phon: Invalid Idmap file: bad magic value (was 0x00000000, expected 0x504d4449)
05-15 10:51:48.691 925 925 E m.android.phon: failed to load IDMAP /data/resource-cache/data@resource-cache@com.android.systemui-accent-b2QH.frro@idmap
05-15 10:51:48.691 516 603 I mediaserver: adding type 'video/x-vnd.on2.vp8'
05-15 10:51:48.692 621 1119 I Telecom : Logging.Events: Non-call EVENT: AUDIO_ROUTE, Entering state QuiescentSpeakerRoute
05-15 10:51:48.692 925 925 W ResourcesManager: failed to preload asset path '/data/resource-cache/com.android.systemui-accent-b2QH.frro'
05-15 10:51:48.692 925 925 W ResourcesManager: java.io.IOException: Failed to load asset path /data/resource-cache/data@resource-cache@com.android.systemui-accent-b2QH.frro@idmap
05-15 10:51:48.692 925 925 W ResourcesManager: at android.content.res.ApkAssets.nativeLoad(Native Method)
05-15 10:51:48.692 925 925 W ResourcesManager: at android.content.res.ApkAssets.(ApkAssets.java:295)
05-15 10:51:48.692 925 925 W ResourcesManager: at android.content.res.ApkAssets.loadOverlayFromPath(ApkAssets.java:215)
05-15 10:51:48.692 925 925 W ResourcesManager: at android.app.ResourcesManager.loadApkAssets(ResourcesManager.java:466)
05-15 10:51:48.692 925 925 W ResourcesManager: at android.app.ResourcesManager.access$000(ResourcesManager.java:85)
05-15 10:51:48.692 925 925 W ResourcesManager: at android.app.ResourcesManager$ApkAssetsSupplier.load(ResourcesManager.java:182)
05-15 10:51:48.692 925 925 W ResourcesManager: at android.app.ResourcesManager.createApkAssetsSupplierNotLocked(ResourcesManager.java:1035)
05-15 10:51:48.692 925 925 W ResourcesManager: at android.app.ResourcesManager.getResources(ResourcesManager.java:1156)
05-15 10:51:48.692 925 925 W ResourcesManager: at android.app.ContextImpl.createResources(ContextImpl.java:2463)
05-15 10:51:48.692 925 925 W ResourcesManager: at android.app.ContextImpl.createPackageContextAsUser(ContextImpl.java:2533)
05-15 10:51:48.692 925 925 W ResourcesManager: at android.content.ContextWrapper.createPackageContextAsUser(ContextWrapper.java:1007)
05-15 10:51:48.692 925 925 W ResourcesManager: at android.content.ContextWrapper.createPackageContextAsUser(ContextWrapper.java:1007)
05-15 10:51:48.692 925 925 W ResourcesManager: at com.android.internal.telephony.dataconnection.DataServiceManager.(DataServiceManager.java:366)
05-15 10:51:48.692 925 925 W ResourcesManager: at com.android.internal.telephony.dataconnection.DcTracker.(DcTracker.java:758)
05-15 10:51:48.692 925 925 W ResourcesManager: at com.android.internal.telephony.TelephonyComponentFactory.makeDcTracker(TelephonyComponentFactory.java:311)
05-15 10:51:48.692 925 925 W ResourcesManager: at com.android.internal.telephony.GsmCdmaPhone.(GsmCdmaPhone.java:328)
05-15 10:51:48.692 925 925 W ResourcesManager: at com.android.internal.telephony.GsmCdmaPhone.(GsmCdmaPhone.java:282)
05-15 10:51:48.692 925 925 W ResourcesManager: at com.android.internal.telephony.GsmCdmaPhone.(GsmCdmaPhone.java:276)
05-15 10:51:48.692 925 925 W ResourcesManager: at com.android.internal.telephony.TelephonyComponentFactory.makePhone(TelephonyComponentFactory.java:423)
05-15 10:51:48.692 925 925 W ResourcesManager: at com.android.internal.telephony.PhoneFactory.createPhone(PhoneFactory.java:325)
05-15 10:51:48.692 925 925 W ResourcesManager: at com.android.internal.telephony.PhoneFactory.makeDefaultPhone(PhoneFactory.java:211)
05-15 10:51:48.692 925 925 W ResourcesManager: at com.android.internal.telephony.PhoneFactory.makeDefaultPhones(PhoneFactory.java:108)
05-15 10:51:48.692 925 925 W ResourcesManager: at com.android.phone.PhoneGlobals.onCreate(PhoneGlobals.java:400)
05-15 10:51:48.692 925 925 W ResourcesManager: at com.android.phone.PhoneApp.onCreate(PhoneApp.java:39)
05-15 10:51:48.692 925 925 W ResourcesManager: at android.app.Instrumentation.callApplicationOnCreate(Instrumentation.java:1223)
05-15 10:51:48.692 925 925 W ResourcesManager: at android.app.ActivityThread.handleBindApplication(ActivityThread.java:6762)
05-15 10:51:48.692 925 925 W ResourcesManager: at android.app.ActivityThread.access$1500(ActivityThread.java:256)
05-15 10:51:48.692 925 925 W ResourcesManager: at android.app.ActivityThread$H.handleMessage(ActivityThread.java:2091)
05-15 10:51:48.692 925 925 W ResourcesManager: at android.os.Handler.dispatchMessage(Handler.java:106)
05-15 10:51:48.692 925 925 W ResourcesManager: at android.os.Looper.loopOnce(Looper.java:201)
05-15 10:51:48.692 925 925 W ResourcesManager: at android.os.Looper.loop(Looper.java:288)
05-15 10:51:48.692 925 925 W ResourcesManager: at android.app.ActivityThread.main(ActivityThread.java:7870)
05-15 10:51:48.692 925 925 W ResourcesManager: at java.lang.reflect.Method.invoke(Native Method)
05-15 10:51:48.692 925 925 W ResourcesManager: at com.android.internal.os.RuntimeInit$MethodAndArgsCaller.run(RuntimeInit.java:548)
05-15 10:51:48.692 925 925 W ResourcesManager: at com.android.internal.os.ZygoteInit.main(ZygoteInit.java:1003)
05-15 10:51:48.692 621 1119 I Telecom : BluetoothRouteManager: getBluetoothAudioConnectedDevice: no service available.
05-15 10:51:48.692 526 559 I C2SoftVp8Enc: setting temporal layering 0 + 0
05-15 10:51:48.692 526 559 I C2SoftVp8Enc: setting temporal layering 0 + 0
05-15 10:51:48.692 777 777 W CarrierConfigManager: Error getting config for subId -1 ICarrierConfigLoader is null
05-15 10:51:48.693 516 603 I mediaserver: adding type 'video/x-vnd.on2.vp8'
05-15 10:51:48.694 621 1120 I Telecom : CallAudioModeStateMachine: Message received: null.: TS.init->CAMSM.pM_1@AAA
05-15 10:51:48.694 516 603 I mediaserver: adding type 'video/x-vnd.on2.vp9'
05-15 10:51:48.695 621 727 D ConnectivityService: NetReassign [no changes]
05-15 10:51:48.695 621 890 D ConnectivityService: requestNetwork for uid/pid:10080/777 activeRequest: null callbackRequest: 22 [NetworkRequest [ REQUEST id=23, [ Capabilities: INTERNET&NOT_RESTRICTED&TRUSTED&NOT_VCN_MANAGED Uid: 10080 RequestorUid: 10080 RequestorPkg: com.android.systemui] ]] callback flags: 1 priority: 2147483647
05-15 10:51:48.695 621 727 D ConnectivityService: NetReassign [no changes]
05-15 10:51:48.696 777 777 V WifiManager: registerTrafficStateCallback: callback=com.android.systemui.statusbar.connectivity.WifiSignalController$WifiTrafficStateCallback@e8d658f, executor=android.os.HandlerExecutor@81a4b9a
05-15 10:51:48.696 526 1093 I C2SoftVp9Enc: setting temporal layering 0 + 0
05-15 10:51:48.696 925 925 D DcTesterDeacativateAll: register for intent action=com.android.internal.telephony.dataconnection.action_deactivate_all
05-15 10:51:48.696 925 925 D DcTesterDeacativateAll: register for intent action=com.android.internal.telephony.action_detached
05-15 10:51:48.696 526 1093 I C2SoftVp9Enc: setting temporal layering 0 + 0
05-15 10:51:48.696 516 603 D mediaserver: codec entry for 'c2.android.vp9.encoder' is disabled
05-15 10:51:48.696 925 925 D DcTesterFailBrinupAll: register for intent action=com.android.internal.telephony.dataconnection.action_fail_bringup
05-15 10:51:48.696 925 925 D DcTesterFailBrinupAll: register for intent action=com.android.internal.telephony.action_detached
05-15 10:51:48.696 925 925 D DcTesterFailBrinupAll: register for intent action=com.android.internal.telephony.action_attached
05-15 10:51:48.697 777 1043 D ndroid.systemu: codecHandlesFormat: no format, so no extra checks
05-15 10:51:48.697 777 1042 D ndroid.systemu: codecHandlesFormat: no format, so no extra checks
05-15 10:51:48.697 621 621 I Telecom : MissedCallNotifierImpl: reloadFromDatabase: Boot not yet complete -- call log db may not be available. Deferring loading until boot complete for user 0: TS.init@AAA
05-15 10:51:48.697 621 779 D system_server: codecHandlesFormat: no format, so no extra checks
05-15 10:51:48.697 621 778 D system_server: codecHandlesFormat: no format, so no extra checks
05-15 10:51:48.697 621 779 D system_server: codecHandlesFormat: no format, so no extra checks
05-15 10:51:48.697 777 777 V WifiManager: registerScanResultsCallback: callback=com.android.systemui.statusbar.connectivity.NetworkControllerImpl$5@d70c425, executor=androidx.mediarouter.media.MediaRoute2Provider$$ExternalSyntheticLambda0@e64f9fa
05-15 10:51:48.697 621 778 D system_server: codecHandlesFormat: no format, so no extra checks
05-15 10:51:48.697 777 1042 D ndroid.systemu: codecHandlesFormat: no format, so no extra checks
05-15 10:51:48.697 621 621 I Telecom : MissedCallNotifierImpl: reloadFromDatabase: Boot not yet complete -- call log db may not be available. Deferring loading until boot complete for user 0: TS.init@AAA
05-15 10:51:48.698 777 1043 D ndroid.systemu: codecHandlesFormat: no format, so no extra checks
05-15 10:51:48.698 925 925 W CarrierConfigManager: Error getting config for subId -1 ICarrierConfigLoader is null
05-15 10:51:48.698 925 925 D DCT-C-0 : initApnContexts: E
05-15 10:51:48.698 925 925 W ApnConfigTypeRepository: carrier config is null
05-15 10:51:48.699 621 890 D ConnectivityService: requestNetwork for uid/pid:10080/777 activeRequest: null callbackRequest: 24 [NetworkRequest [ REQUEST id=25, [ Capabilities: INTERNET&NOT_RESTRICTED&TRUSTED&NOT_VCN_MANAGED Uid: 10080 RequestorUid: 10080 RequestorPkg: com.android.systemui] ]] callback flags: 1 priority: 2147483647
05-15 10:51:48.699 621 1027 W ContextImpl: Calling a method in the system process without a qualified user: android.app.ContextImpl.sendBroadcastMultiplePermissions:1264 com.android.server.TelephonyRegistry.broadcastDataConnectionStateChanged:3061 com.android.server.TelephonyRegistry.notifyDataConnectionForSubscriber:2023 com.android.internal.telephony.ITelephonyRegistry$Stub.onTransact:544 android.os.Binder.execTransactInternal:1179
05-15 10:51:48.699 621 621 I Telecom : Class: TelecomSystem.INSTANCE being set
05-15 10:51:48.699 621 727 D ConnectivityService: NetReassign [no changes]
05-15 10:51:48.699 621 1027 D TelephonyRegistry: notifyDataConnectionForSubscriber: phoneId=0 subId=-1 state: DISCONNECTED, transport: WWAN, id: -1, network type: UNKNOWN, APN Setting: [ApnSettingV7] null, 0, null, null, null, null, null, null, null, 0, fota, null, null, false, 0, false, 0, 0, 0, 0, null, null, false, 0, 0, -1, -1, link properties: null, fail cause: NONE
05-15 10:51:48.699 621 1027 D TelephonyRegistry: onDataConnectionStateChanged(DISCONNECTED, UNKNOWN) subId=-1, phoneId=0
05-15 10:51:48.699 925 925 D DCT-C-0 : initApnContexts: apnContext=fota
05-15 10:51:48.700 621 621 I ExplicitHealthCheckController: Explicit health check service is connected ComponentInfo{android.ext.services/android.ext.services.watchdog.ExplicitHealthCheckServiceImpl}
05-15 10:51:48.700 621 1027 W ContextImpl: Calling a method in the system process without a qualified user: android.app.ContextImpl.sendBroadcastMultiplePermissions:1264 com.android.server.TelephonyRegistry.broadcastDataConnectionStateChanged:3061 com.android.server.TelephonyRegistry.notifyDataConnectionForSubscriber:2023 com.android.internal.telephony.ITelephonyRegistry$Stub.onTransact:544 android.os.Binder.execTransactInternal:1179
05-15 10:51:48.700 621 621 I ExplicitHealthCheckController: Service initialized, syncing requests
05-15 10:51:48.700 621 621 I ConnectivityModuleConnector: Networking module service connected
05-15 10:51:48.700 621 621 I ConnectivityModuleConnector: Networking module service connected
05-15 10:51:48.700 621 621 I NetworkStackClient: Network stack service connected
05-15 10:51:48.700 621 1027 D TelephonyRegistry: notifyDataConnectionForSubscriber: phoneId=0 subId=-1 state: DISCONNECTED, transport: WWAN, id: -1, network type: UNKNOWN, APN Setting: [ApnSettingV7] null, 0, null, null, null, null, null, null, null, 0, ims, null, null, false, 0, false, 0, 0, 0, 0, null, null, false, 0, 0, -1, -1, link properties: null, fail cause: NONE
05-15 10:51:48.700 621 890 D TelephonyRegistry: listen oscl: mHasNotifySubscriptionInfoChangedOccurred==false no callback
05-15 10:51:48.700 925 925 D DCT-C-0 : initApnContexts: apnContext=ims
05-15 10:51:48.701 621 890 W ContextImpl: Calling a method in the system process without a qualified user: android.app.ContextImpl.sendBroadcastMultiplePermissions:1264 com.android.server.TelephonyRegistry.broadcastDataConnectionStateChanged:3061 com.android.server.TelephonyRegistry.notifyDataConnectionForSubscriber:2023 com.android.internal.telephony.ITelephonyRegistry$Stub.onTransact:544 android.os.Binder.execTransactInternal:1179
05-15 10:51:48.701 621 890 D TelephonyRegistry: notifyDataConnectionForSubscriber: phoneId=0 subId=-1 state: DISCONNECTED, transport: WWAN, id: -1, network type: UNKNOWN, APN Setting: [ApnSettingV7] null, 0, null, null, null, null, null, null, null, 0, cbs, null, null, false, 0, false, 0, 0, 0, 0, null, null, false, 0, 0, -1, -1, link properties: null, fail cause: NONE
05-15 10:51:48.701 777 1052 D ndroid.systemu: allocate(c2.android.vorbis.decoder)
05-15 10:51:48.701 621 783 D system_server: allocate(c2.android.vorbis.decoder)
05-15 10:51:48.701 925 925 D DCT-C-0 : initApnContexts: apnContext=cbs
05-15 10:51:48.701 777 1047 D ndroid.systemu: allocate(c2.android.vorbis.decoder)
05-15 10:51:48.701 621 782 D system_server: allocate(c2.android.vorbis.decoder)
05-15 10:51:48.702 621 890 W ContextImpl: Calling a method in the system process without a qualified user: android.app.ContextImpl.sendBroadcastMultiplePermissions:1264 com.android.server.TelephonyRegistry.broadcastDataConnectionStateChanged:3061 com.android.server.TelephonyRegistry.notifyDataConnectionForSubscriber:2023 com.android.internal.telephony.ITelephonyRegistry$Stub.onTransact:544 android.os.Binder.execTransactInternal:1179
05-15 10:51:48.702 621 727 D ConnectivityService: NetReassign [no changes]
05-15 10:51:48.702 621 783 I system_server: Available Codec2 services: "default" "software"
05-15 10:51:48.703 777 1052 I ndroid.systemu: Available Codec2 services: "default" "software"
05-15 10:51:48.703 621 890 D TelephonyRegistry: notifyDataConnectionForSubscriber: phoneId=0 subId=-1 state: DISCONNECTED, transport: WWAN, id: -1, network type: UNKNOWN, APN Setting: [ApnSettingV7] null, 0, null, null, null, null, null, null, null, 0, ia, null, null, false, 0, false, 0, 0, 0, 0, null, null, false, 0, 0, -1, -1, link properties: null, fail cause: NONE
05-15 10:51:48.703 925 925 D DCT-C-0 : initApnContexts: apnContext=ia
05-15 10:51:48.703 777 1052 I ndroid.systemu: setting up 'default' as default (vendor) store
05-15 10:51:48.703 621 782 I system_server: setting up 'default' as default (vendor) store
05-15 10:51:48.703 777 1047 I ndroid.systemu: setting up 'default' as default (vendor) store
05-15 10:51:48.703 621 783 I system_server: setting up 'default' as default (vendor) store
05-15 10:51:48.704 1056 1056 E droid.launcher: Invalid Idmap file: bad magic value (was 0x00000000, expected 0x504d4449)
05-15 10:51:48.704 1056 1056 E droid.launcher: failed to load IDMAP /data/resource-cache/data@resource-cache@com.android.systemui-neutral-TLBr.frro@idmap
05-15 10:51:48.704 621 890 W ContextImpl: Calling a method in the system process without a qualified user: android.app.ContextImpl.sendBroadcastMultiplePermissions:1264 com.android.server.TelephonyRegistry.broadcastDataConnectionStateChanged:3061 com.android.server.TelephonyRegistry.notifyDataConnectionForSubscriber:2023 com.android.internal.telephony.ITelephonyRegistry$Stub.onTransact:544 android.os.Binder.execTransactInternal:1179
05-15 10:51:48.704 621 890 D TelephonyRegistry: notifyDataConnectionForSubscriber: phoneId=0 subId=-1 state: DISCONNECTED, transport: WWAN, id: -1, network type: UNKNOWN, APN Setting: [ApnSettingV7] null, 0, null, null, null, null, null, null, null, 0, emergency, null, null, false, 0, false, 0, 0, 0, 0, null, null, false, 0, 0, -1, -1, link properties: null, fail cause: NONE
05-15 10:51:48.704 925 925 D DCT-C-0 : initApnContexts: apnContext=emergency
05-15 10:51:48.705 621 890 W ContextImpl: Calling a method in the system process without a qualified user: android.app.ContextImpl.sendBroadcastMultiplePermissions:1264 com.android.server.TelephonyRegistry.broadcastDataConnectionStateChanged:3061 com.android.server.TelephonyRegistry.notifyDataConnectionForSubscriber:2023 com.android.internal.telephony.ITelephonyRegistry$Stub.onTransact:544 android.os.Binder.execTransactInternal:1179
05-15 10:51:48.705 621 890 D TelephonyRegistry: notifyDataConnectionForSubscriber: phoneId=0 subId=-1 state: DISCONNECTED, transport: WWAN, id: -1, network type: UNKNOWN, APN Setting: [ApnSettingV7] null, 0, null, null, null, null, null, null, null, 0, mcx, null, null, false, 0, false, 0, 0, 0, 0, null, null, false, 0, 0, -1, -1, link properties: null, fail cause: NONE
05-15 10:51:48.705 925 925 D DCT-C-0 : initApnContexts: apnContext=mcx
05-15 10:51:48.705 621 890 W ContextImpl: Calling a method in the system process without a qualified user: android.app.ContextImpl.sendBroadcastMultiplePermissions:1264 com.android.server.TelephonyRegistry.broadcastDataConnectionStateChanged:3061 com.android.server.TelephonyRegistry.notifyDataConnectionForSubscriber:2023 com.android.internal.telephony.ITelephonyRegistry$Stub.onTransact:544 android.os.Binder.execTransactInternal:1179
05-15 10:51:48.705 621 890 D TelephonyRegistry: notifyDataConnectionForSubscriber: phoneId=0 subId=-1 state: DISCONNECTED, transport: WWAN, id: -1, network type: UNKNOWN, APN Setting: [ApnSettingV7] null, 0, null, null, null, null, null, null, null, 0, xcap, null, null, false, 0, false, 0, 0, 0, 0, null, null, false, 0, 0, -1, -1, link properties: null, fail cause: NONE
05-15 10:51:48.705 925 925 D DCT-C-0 : initApnContexts: apnContext=xcap
05-15 10:51:48.706 621 890 W ContextImpl: Calling a method in the system process without a qualified user: android.app.ContextImpl.sendBroadcastMultiplePermissions:1264 com.android.server.TelephonyRegistry.broadcastDataConnectionStateChanged:3061 com.android.server.TelephonyRegistry.notifyDataConnectionForSubscriber:2023 com.android.internal.telephony.ITelephonyRegistry$Stub.onTransact:544 android.os.Binder.execTransactInternal:1179
05-15 10:51:48.706 621 890 D TelephonyRegistry: notifyDataConnectionForSubscriber: phoneId=0 subId=-1 state: DISCONNECTED, transport: WWAN, id: -1, network type: UNKNOWN, APN Setting: [ApnSettingV7] null, 0, null, null, null, null, null, null, null, 0, enterprise, null, null, false, 0, false, 0, 0, 0, 0, null, null, false, 0, 0, -1, -1, link properties: null, fail cause: NONE
05-15 10:51:48.706 925 925 D DCT-C-0 : initApnContexts: apnContext=enterprise
05-15 10:51:48.706 777 1052 I ndroid.systemu: Created component [c2.android.vorbis.decoder]
05-15 10:51:48.706 621 783 I system_server: Created component [c2.android.vorbis.decoder]
05-15 10:51:48.706 621 782 I system_server: Created component [c2.android.vorbis.decoder]
05-15 10:51:48.707 777 1052 D ndroid.systemu: read media type: audio/vorbis
05-15 10:51:48.707 621 890 W ContextImpl: Calling a method in the system process without a qualified user: android.app.ContextImpl.sendBroadcastMultiplePermissions:1264 com.android.server.TelephonyRegistry.broadcastDataConnectionStateChanged:3061 com.android.server.TelephonyRegistry.notifyDataConnectionForSubscriber:2023 com.android.internal.telephony.ITelephonyRegistry$Stub.onTransact:544 android.os.Binder.execTransactInternal:1179
05-15 10:51:48.707 621 783 D system_server: read media type: audio/vorbis
05-15 10:51:48.707 621 782 D system_server: read media type: audio/vorbis
05-15 10:51:48.707 777 1047 I ndroid.systemu: Created component [c2.android.vorbis.decoder]
05-15 10:51:48.707 621 890 D TelephonyRegistry: notifyDataConnectionForSubscriber: phoneId=0 subId=-1 state: DISCONNECTED, transport: WWAN, id: -1, network type: UNKNOWN, APN Setting: [ApnSettingV7] null, 0, null, null, null, null, null, null, null, 0, mms, null, null, false, 0, false, 0, 0, 0, 0, null, null, false, 0, 0, -1, -1, link properties: null, fail cause: NONE
05-15 10:51:48.707 925 925 D DCT-C-0 : initApnContexts: apnContext=mms
05-15 10:51:48.707 777 1047 D ndroid.systemu: read media type: audio/vorbis
05-15 10:51:48.707 621 890 W ContextImpl: Calling a method in the system process without a qualified user: android.app.ContextImpl.sendBroadcastMultiplePermissions:1264 com.android.server.TelephonyRegistry.broadcastDataConnectionStateChanged:3061 com.android.server.TelephonyRegistry.notifyDataConnectionForSubscriber:2023 com.android.internal.telephony.ITelephonyRegistry$Stub.onTransact:544 android.os.Binder.execTransactInternal:1179
05-15 10:51:48.707 621 890 D TelephonyRegistry: notifyDataConnectionForSubscriber: phoneId=0 subId=-1 state: DISCONNECTED, transport: WWAN, id: -1, network type: UNKNOWN, APN Setting: [ApnSettingV7] null, 0, null, null, null, null, null, null, null, 0, supl, null, null, false, 0, false, 0, 0, 0, 0, null, null, false, 0, 0, -1, -1, link properties: null, fail cause: NONE
05-15 10:51:48.707 418 418 I netd : trafficSwapActiveStatsMap() <42.27ms>
05-15 10:51:48.707 925 925 D DCT-C-0 : initApnContexts: apnContext=supl
05-15 10:51:48.708 621 890 W ContextImpl: Calling a method in the system process without a qualified user: android.app.ContextImpl.sendBroadcastMultiplePermissions:1264 com.android.server.TelephonyRegistry.broadcastDataConnectionStateChanged:3061 com.android.server.TelephonyRegistry.notifyDataConnectionForSubscriber:2023 com.android.internal.telephony.ITelephonyRegistry$Stub.onTransact:544 android.os.Binder.execTransactInternal:1179
05-15 10:51:48.708 621 890 D TelephonyRegistry: notifyDataConnectionForSubscriber: phoneId=0 subId=-1 state: DISCONNECTED, transport: WWAN, id: -1, network type: UNKNOWN, APN Setting: [ApnSettingV7] null, 0, null, null, null, null, null, null, null, 0, dun, null, null, false, 0, false, 0, 0, 0, 0, null, null, false, 0, 0, -1, -1, link properties: null, fail cause: NONE
05-15 10:51:48.708 925 925 D DCT-C-0 : initApnContexts: apnContext=dun
05-15 10:51:48.708 621 783 D system_server: extent() != 1 for single value type: algo.buffers.max-count.values
