05-15 18:39:21.259 1699 1699 W ContextImpl: Calling a method in the system process without a qualified user: android.app.ContextImpl.startService:1824 android.content.ContextWrapper.startService:774 android.content.ContextWrapper.startService:774 com.ebensz.appmanager.mydownloadmanager.DownloadReceiver.startService:245 com.ebensz.appmanager.mydownloadmanager.DownloadReceiver.onReceive:74
05-15 18:39:21.260 623 6545 W BroadcastQueue: Target SDK mismatch: receiver ActivityInfo{8a7e13c com.ebensz.ota.ActionReceiver} targets 29 but delivery restricted to [0, 23] broadcasting Intent { act=android.net.conn.CONNECTIVITY_CHANGE flg=0x4200010 (has extras) } from android (pid=623, uid=1000) to com.ebensz.ota/.ActionReceiver
05-15 18:39:21.260 623 649 W BroadcastQueue: Target SDK mismatch: receiver ActivityInfo{6835ec5 com.taobao.accs.EventReceiver} targets 26 but delivery restricted to [0, 23] broadcasting Intent { act=android.net.conn.CONNECTIVITY_CHANGE flg=0x4200010 (has extras) } from android (pid=623, uid=1000) to com.zhangyue.read.iReader/com.taobao.accs.EventReceiver
05-15 18:39:21.260 623 649 W BroadcastQueue: Target SDK mismatch: receiver ActivityInfo{e2d901a com.taobao.fleamarket.function.network.NetworkReceiver} targets 33 but delivery restricted to [0, 23] broadcasting Intent { act=android.net.conn.CONNECTIVITY_CHANGE flg=0x4200010 (has extras) } from android (pid=623, uid=1000) to com.taobao.idlefish/com.taobao.fleamarket.function.network.NetworkReceiver
05-15 18:39:21.260 623 623 I notification_cancel_all: [1000,1699,com.ebensz.appmanager,0,0,64,9,NULL]
05-15 18:39:21.435 623 730 W ContextImpl: Calling a method in the system process without a qualified user: android.app.ContextImpl.sendStickyBroadcast:1567 com.android.server.ConnectivityService.sendStickyBroadcast:2811 com.android.server.ConnectivityService.sendGeneralBroadcast:2786 com.android.server.ConnectivityService.sendInetConditionBroadcast:2763 com.android.server.ConnectivityService.updateInetCondition:8451
05-15 18:39:21.496 782 782 I sysui_multi_action: [757,196,758,1,759,1]
05-15 18:39:21.497 782 782 I sysui_status_bar_state: [1,1,0,0,1,0]
05-15 18:39:21.568 623 6545 I sysui_multi_action: [757,128,758,1,793,12850363,794,0,795,12850363,796,1111,798,3,806,com.ebensz.email,857,100,858,2,947,0,1395,4,1500,12850363,1688,4,1689,2,1690,1]
05-15 18:39:21.569 623 6545 I sysui_multi_action: [757,804,799,note_freshness,801,12850363,802,1]
05-15 18:39:21.569 623 6545 I notification_visibility: [0|com.ebensz.email|1111|null|10072,1,12850363,12850363,0,3]
05-15 18:39:21.569 623 6545 I sysui_multi_action: [757,128,758,1,793,12993692,794,0,795,12993692,796,55,798,1,806,android,857,DEVELOPER,858,2,947,0,1395,4,1500,515,1688,1]
05-15 18:39:21.569 623 6545 I sysui_multi_action: [757,1501,758,1,793,12993692,794,0,795,12993692,796,55,806,android,857,DEVELOPER,858,2,947,0,1500,0,1688,1]
05-15 18:39:21.569 623 6545 I sysui_multi_action: [757,804,799,note_interruptive,801,0,802,1]
05-15 18:39:21.569 623 6545 I sysui_multi_action: [757,804,799,note_freshness,801,12993692,802,1]
05-15 18:39:21.569 623 6545 I notification_visibility: [-1|android|55|null|1000,1,12993692,12993692,0,1]
05-15 18:39:21.569 623 6545 I sysui_multi_action: [757,128,758,1,793,12841398,794,0,795,12841398,796,1009,798,0,806,cn.eben.sync,857,CloudService,858,2,947,0,1395,4,1500,511,1688,1]
05-15 18:39:21.570 623 6545 I sysui_multi_action: [757,1501,758,1,793,12841399,794,1,795,12841399,796,1009,806,cn.eben.sync,857,CloudService,858,2,947,0,1500,0,1688,1]
05-15 18:39:21.570 623 6545 I sysui_multi_action: [757,804,799,note_interruptive,801,0,802,1]
05-15 18:39:21.570 623 6545 I sysui_multi_action: [757,804,799,note_freshness,801,12841398,802,1]
05-15 18:39:21.570 623 6545 I notification_visibility: [0|cn.eben.sync|1009|null|10064,1,12841398,12841398,0,0]
05-15 18:39:21.570 623 6545 I sysui_multi_action: [757,128,758,1,793,3932674,794,0,795,3841,796,2131755453,798,2,806,com.baidu.appsearch,857,手机管理、安全检测相关通知,858,2,947,0,1395,4,1500,3841,1688,1]
05-15 18:39:21.570 623 6545 I sysui_multi_action: [757,804,799,note_freshness,801,3841,802,1]
05-15 18:39:21.570 623 6545 I notification_visibility: [0|com.baidu.appsearch|2131755453|null|10100,1,3932674,3841,0,2]
05-15 18:39:22.002 1391 1391 W ContextImpl: Calling a method in the system process without a qualified user: android.app.ContextImpl.sendBroadcast:1181 android.content.ContextWrapper.sendBroadcast:479 cn.eben.newweather.DateWeatherService.a:19 cn.eben.newweather.DateWeatherService.a:0 cn.eben.newweather.DateWeatherService$1.handleMessage:7
05-15 18:39:22.297 2778 2778 W ContextImpl: Calling a method in the system process without a qualified user: android.app.ContextImpl.startService:1824 android.content.ContextWrapper.startService:774 com.ebensz.appmanager.service.UploadMyAppsInfoService$1.handleMessage:63 android.os.Handler.dispatchMessage:106 android.os.Looper.loopOnce:201
05-15 18:39:22.379 623 952 W ContentProviderHelper: Permission Denial: opening provider com.android.providers.contacts.ContactsProvider2 from ProcessRecord{6d23060 1792:cn.eben.sync/u0a64} (pid=1792, uid=10064) requires android.permission.READ_CONTACTS or android.permission.WRITE_CONTACTS
05-15 18:39:22.738 623 623 I notification_enqueue: [10100,10735,com.baidu.appsearch,2131755453,NULL,0,Notification(channel=手机管理、安全检测相关通知 shortcut=null contentView=null vibrate=null sound=null defaults=0x0 flags=0x62 color=0x00000000 vis=PRIVATE),1]
05-15 18:39:23.002 1391 1391 W ContextImpl: Calling a method in the system process without a qualified user: android.app.ContextImpl.sendBroadcast:1181 android.content.ContextWrapper.sendBroadcast:479 cn.eben.newweather.DateWeatherService.a:19 cn.eben.newweather.DateWeatherService.a:0 cn.eben.newweather.DateWeatherService$1.handleMessage:7
05-15 18:39:23.087 623 623 V Biometrics/AcquisitionClient: Acquired: 0 0, shouldSend: true
05-15 18:39:23.088 623 623 V Biometrics/AcquisitionClient: Acquired: 6 2, shouldSend: true
05-15 18:39:23.185 623 623 V Biometrics/AcquisitionClient: Acquired: 0 0, shouldSend: true
05-15 18:39:23.191 623 623 V Biometrics/LoggableMonitor: Authentication latency: -1
05-15 18:39:23.191 623 623 W Biometrics/LoggableMonitor: found a negative latency : -1
05-15 18:39:23.193 623 623 V Biometrics/AuthenticationClient: onAuthenticated(true), ID:1669761433, Owner: com.android.systemui, isBP: false, listener: com.android.server.biometrics.sensors.ClientMonitorCallbackConverter@3bf1434, requireConfirmation: false, user: 0, clientMonitor: {[42] com.android.server.biometrics.sensors.fingerprint.hidl.FingerprintAuthenticationClient, proto=3, owner=com.android.systemui, cookie=0, requestId=13, userId=0}
05-15 18:39:23.193 623 623 W Biometrics/AuthenticationClient: Allowing background authentication, this is allowed only for platform or test invocations
05-15 18:39:23.193 623 623 D Biometrics/ClientMonitor: marking operation as done: {[42] com.android.server.biometrics.sensors.fingerprint.hidl.FingerprintAuthenticationClient, proto=3, owner=com.android.systemui, cookie=0, requestId=13, userId=0}
05-15 18:39:23.198 623 623 D Biometrics/AuthenticationClient: Skipping addAuthToken
05-15 18:39:23.198 623 623 D FingerprintService: Client finished, fps state updated to 0, client {[42] com.android.server.biometrics.sensors.fingerprint.hidl.FingerprintAuthenticationClient, proto=3, owner=com.android.systemui, cookie=0, requestId=13, userId=0}
05-15 18:39:23.200 623 623 D BiometricSchedulerOperation: [Finished / destroy]: {[42] com.android.server.biometrics.sensors.fingerprint.hidl.FingerprintAuthenticationClient, proto=3, owner=com.android.systemui, cookie=0, requestId=13, userId=0}
05-15 18:39:23.203 623 623 D BiometricScheduler/Fingerprint21: [Finishing] {[42] com.android.server.biometrics.sensors.fingerprint.hidl.FingerprintAuthenticationClient, proto=3, owner=com.android.systemui, cookie=0, requestId=13, userId=0}, success: true
05-15 18:39:23.203 623 623 D BiometricCoexCoordinator: removeAuthenticationClient(OtherFp), client: {[42] com.android.server.biometrics.sensors.fingerprint.hidl.FingerprintAuthenticationClient, proto=3, owner=com.android.systemui, cookie=0, requestId=13, userId=0}
05-15 18:39:23.203 623 623 D GestureAvailabilityTracker: Notifying gesture availability, active=true
05-15 18:39:23.203 623 623 D BiometricScheduler/Fingerprint21: No operations, returning to idle
05-15 18:39:23.204 623 623 D BiometricService: Sensor ID(0), oemStrength: 255, updatedStrength: 255, modality 2, state: 0, cookie: 0, props: ID: 0, Strength: 1, Type: 1, sensorId 0, hasEnrollments: true cannot participate in Keystore operations
05-15 18:39:23.205 782 782 I sysui_multi_action: [757,196,758,1,759,1]
05-15 18:39:23.205 782 782 I sysui_status_bar_state: [1,1,0,0,1,1]
05-15 18:39:23.205 782 782 I sysui_multi_action: [757,1697,758,10,759,0]
05-15 18:39:23.210 623 638 I wm_set_keyguard_shown: [1,0,1,keyguardGoingAway]
05-15 18:39:23.211 623 638 D ActivityTaskManager: Top Process State changed to PROCESS_STATE_TOP
05-15 18:39:23.212 782 782 I sysui_multi_action: [757,196,758,1,759,1]
05-15 18:39:23.212 782 782 I sysui_status_bar_state: [1,1,0,0,1,0]
05-15 18:39:23.212 623 638 I wm_set_resumed_activity: [0,com.android.settings/.Settings$NetworkDashboardActivity,resumeTopActivity]
05-15 18:39:23.215 623 623 D BiometricService: Sensor ID(0), oemStrength: 255, updatedStrength: 255, modality 2, state: 0, cookie: 0, props: ID: 0, Strength: 1, Type: 1, sensorId 0, hasEnrollments: true cannot participate in Keystore operations
05-15 18:39:23.217 623 638 I wm_resume_activity: [0,202139864,2752,com.android.settings/.Settings$NetworkDashboardActivity]
05-15 18:39:23.220 623 638 I wm_resume_activity: [0,98023526,2752,com.android.settings/.Settings]
05-15 18:39:23.235 984 984 I wm_on_restart_called: [202139864,com.android.settings.Settings$NetworkDashboardActivity,performRestartActivity]
05-15 18:39:23.247 984 984 I wm_on_start_called: [202139864,com.android.settings.Settings$NetworkDashboardActivity,handleStartActivity]
05-15 18:39:23.247 984 984 I snet_event_log: [120484087,-1,]
05-15 18:39:23.249 984 984 I wm_on_resume_called: [202139864,com.android.settings.Settings$NetworkDashboardActivity,RESUME_ACTIVITY]
05-15 18:39:23.254 984 984 I sysui_multi_action: [757,746,758,1,833,0,1089,0]
05-15 18:39:23.322 984 984 I wm_on_top_resumed_gained_called: [202139864,com.android.settings.Settings$NetworkDashboardActivity,topWhenResuming]
05-15 18:39:23.323 984 984 I wm_on_restart_called: [98023526,com.android.settings.Settings,performRestartActivity]
05-15 18:39:23.333 984 984 I wm_on_start_called: [98023526,com.android.settings.Settings,handleStartActivity]
05-15 18:39:23.334 984 984 I snet_event_log: [120484087,-1,]
05-15 18:39:23.335 984 984 I wm_on_resume_called: [98023526,com.android.settings.Settings,RESUME_ACTIVITY]
05-15 18:39:23.336 984 984 I sysui_multi_action: [757,35,758,1,833,0,1089,0]
05-15 18:39:23.489 782 782 I sysui_multi_action: [757,111,758,2]
05-15 18:39:23.502 782 782 I sysui_multi_action: [757,196,758,2,759,1]
05-15 18:39:23.502 782 782 I sysui_status_bar_state: [0,0,0,0,1,0]
05-15 18:39:23.509 623 638 I sysui_multi_action: [757,128,758,2,793,12852304,794,1941,795,12852304,796,1111,798,3,806,com.ebensz.email,857,100,858,2,947,0,1395,4,1500,12852304,1688,4,1689,2,1690,1]
05-15 18:39:23.509 623 638 I notification_visibility: [0|com.ebensz.email|1111|null|10072,0,12852304,12852304,0,3]
05-15 18:39:23.510 623 638 I sysui_multi_action: [757,128,758,2,793,12995633,794,1941,795,12995633,796,55,798,1,806,android,857,DEVELOPER,858,2,947,0,1395,4,1500,1941,1688,1]
05-15 18:39:23.510 623 638 I notification_visibility: [-1|android|55|null|1000,0,12995633,12995633,0,1]
05-15 18:39:23.511 623 638 I sysui_multi_action: [757,128,758,2,793,12843340,794,1942,795,12843340,796,1009,798,0,806,cn.eben.sync,857,CloudService,858,2,947,0,1395,4,1500,1941,1688,1]
05-15 18:39:23.511 623 638 I notification_visibility: [0|cn.eben.sync|1009|null|10064,0,12843340,12843340,0,0]
05-15 18:39:23.512 623 638 I sysui_multi_action: [757,128,758,2,793,3934616,794,1942,795,777,796,2131755453,798,2,806,com.baidu.appsearch,857,手机管理、安全检测相关通知,858,2,947,0,1395,4,1500,777,1688,1]
05-15 18:39:23.512 623 638 I notification_visibility: [0|com.baidu.appsearch|2131755453|null|10100,0,3934616,777,0,2]
05-15 18:39:23.515 623 638 I sysui_multi_action: [757,127,758,2]
05-15 18:39:23.515 623 638 I notification_panel_hidden:
05-15 18:39:23.521 623 643 I user_activity_timeout_override: -1
05-15 18:39:23.524 623 644 I input_focus: [Focus request 693570c com.android.settings/com.android.settings.Settings$NetworkDashboardActivity,reason=UpdateInputWindows]
05-15 18:39:23.550 623 711 I input_focus: [Focus leaving fc02a13 NotificationShade (server),reason=NOT_FOCUSABLE]
05-15 18:39:23.550 623 711 I input_focus: [Focus entering 693570c com.android.settings/com.android.settings.Settings$NetworkDashboardActivity (server),reason=setFocusedWindow]
05-15 18:39:23.755 623 623 E Fingerprint21: onAcquired for non-acquisition client: null
05-15 18:39:23.959 623 623 D BiometricService: Sensor ID(0), oemStrength: 255, updatedStrength: 255, modality 2, state: 0, cookie: 0, props: ID: 0, Strength: 1, Type: 1, sensorId 0, hasEnrollments: true cannot participate in Keystore operations
05-15 18:39:23.973 623 3030 I wm_set_keyguard_shown: [0,0,1,setKeyguardShown]
05-15 18:39:23.996 623 649 W BroadcastQueue: Background execution not allowed: receiving Intent { act=android.intent.action.USER_PRESENT flg=0x24200010 } to com.zhangyue.read.iReader/com.taobao.accs.EventReceiver
05-15 18:39:24.002 1391 1391 W ContextImpl: Calling a method in the system process without a qualified user: android.app.ContextImpl.sendBroadcast:1181 android.content.ContextWrapper.sendBroadcast:479 cn.eben.newweather.DateWeatherService.a:19 cn.eben.newweather.DateWeatherService.a:0 cn.eben.newweather.DateWeatherService$1.handleMessage:7
05-15 18:39:24.104 623 623 W Looper : Slow dispatch took 110ms main h=android.app.ActivityThread$H c=android.app.LoadedApk$ReceiverDispatcher$Args$$ExternalSyntheticLambda0@b103e59 m=0
05-15 18:39:25.003 1391 1391 W ContextImpl: Calling a method in the system process without a qualified user: android.app.ContextImpl.sendBroadcast:1181 android.content.ContextWrapper.sendBroadcast:479 cn.eben.newweather.DateWeatherService.a:19 cn.eben.newweather.DateWeatherService.a:0 cn.eben.newweather.DateWeatherService$1.handleMessage:7
05-15 18:39:25.563 623 711 I input_interaction: Interaction with: 693570c com.android.settings/com.android.settings.Settings$NetworkDashboardActivity (server), PointerEventDispatcher0 (server),
05-15 18:39:25.621 984 984 I sysui_multi_action: [757,177,758,4,759,0]
05-15 18:39:25.626 984 984 I sysui_multi_action: [757,853,758,4,854,network.NetworkDashboardFragment/airplane_mode,1089,0]
05-15 18:39:25.629 984 984 I sysui_multi_action: [757,830,758,4,833,0,854,airplane_mode,1089,0]
05-15 18:39:25.630 623 642 D BluetoothManagerService: Bluetooth persisted state: 0
05-15 18:39:25.630 623 642 D BluetoothManagerService: Airplane Mode change - current state: OFF, isAirplaneModeOn()=false
05-15 18:39:25.831 623 702 I commit_sys_config_file: [settings-0-0,3]
05-15 18:39:26.001 1391 1391 W ContextImpl: Calling a method in the system process without a qualified user: android.app.ContextImpl.sendBroadcast:1181 android.content.ContextWrapper.sendBroadcast:479 cn.eben.newweather.DateWeatherService.a:19 cn.eben.newweather.DateWeatherService.a:0 cn.eben.newweather.DateWeatherService$1.handleMessage:7
05-15 18:39:27.002 1391 1391 W ContextImpl: Calling a method in the system process without a qualified user: android.app.ContextImpl.sendBroadcast:1181 android.content.ContextWrapper.sendBroadcast:479 cn.eben.newweather.DateWeatherService.a:19 cn.eben.newweather.DateWeatherService.a:0 cn.eben.newweather.DateWeatherService$1.handleMessage:7
05-15 18:39:27.382 623 6545 W ContentProviderHelper: Permission Denial: opening provider com.android.providers.contacts.ContactsProvider2 from ProcessRecord{6d23060 1792:cn.eben.sync/u0a64} (pid=1792, uid=10064) requires android.permission.READ_CONTACTS or android.permission.WRITE_CONTACTS
05-15 18:39:27.747 623 623 I notification_enqueue: [10100,10735,com.baidu.appsearch,2131755453,NULL,0,Notification(channel=手机管理、安全检测相关通知 shortcut=null contentView=null vibrate=null sound=null defaults=0x0 flags=0x62 color=0x00000000 vis=PRIVATE),1]
05-15 18:39:28.000 1391 1391 W ContextImpl: Calling a method in the system process without a qualified user: android.app.ContextImpl.sendBroadcast:1181 android.content.ContextWrapper.sendBroadcast:479 cn.eben.newweather.DateWeatherService.a:19 cn.eben.newweather.DateWeatherService.a:0 cn.eben.newweather.DateWeatherService$1.handleMessage:7
05-15 18:39:28.498 984 984 I sysui_multi_action: [757,177,758,4,759,1]
05-15 18:39:28.501 984 984 I sysui_multi_action: [757,853,758,4,854,network.NetworkDashboardFragment/airplane_mode,1089,1]
05-15 18:39:28.505 984 984 I sysui_multi_action: [757,830,758,4,833,0,854,airplane_mode,1089,0]
05-15 18:39:28.518 623 642 D BluetoothManagerService: Bluetooth persisted state: 0
05-15 18:39:28.518 623 642 D BluetoothManagerService: Airplane Mode change - current state: OFF, isAirplaneModeOn()=true
05-15 18:39:28.519 623 1115 I Telecom : : isInEmergencyCall: false: TSI.iIEC@AMY
05-15 18:39:28.714 623 702 I commit_sys_config_file: [settings-0-0,14]
05-15 18:39:29.001 1391 1391 W ContextImpl: Calling a method in the system process without a qualified user: android.app.ContextImpl.sendBroadcast:1181 android.content.ContextWrapper.sendBroadcast:479 cn.eben.newweather.DateWeatherService.a:19 cn.eben.newweather.DateWeatherService.a:0 cn.eben.newweather.DateWeatherService$1.handleMessage:7
05-15 18:39:29.772 623 711 I input_interaction: Interaction with: 1e405f9 NavigationBar0 (server), PointerEventDispatcher0 (server),
05-15 18:39:29.779 782 782 I sysui_multi_action: [757,931,758,4,759,3,932,0,933,0]
05-15 18:39:29.868 782 782 I sysui_multi_action: [757,931,758,4,759,3,932,0,933,1]
05-15 18:39:29.874 623 640 D AutofillManagerService: Close system dialogs
05-15 18:39:29.877 623 641 I ActivityTaskManager: START u0 {act=android.intent.action.MAIN cat=[android.intent.category.HOME] flg=0x10000100 cmp=com.android.launcher3/.uioverrides.QuickstepLauncher (has extras)} from uid 0
05-15 18:39:29.882 623 641 I wm_task_moved: [1,1,8]
05-15 18:39:29.883 623 641 I wm_task_moved: [2727,1,2147483647]
05-15 18:39:29.883 984 984 I wm_on_top_resumed_lost_called: [202139864,com.android.settings.Settings$NetworkDashboardActivity,topStateChangedWhenResumed]
05-15 18:39:29.883 623 641 I wm_task_to_front: [0,2727]
05-15 18:39:29.884 623 641 I wm_focused_root_task: [0,0,1,2752,bringingFoundTaskToFront]
05-15 18:39:29.884 623 641 I wm_set_resumed_activity: [0,com.android.launcher3/.uioverrides.QuickstepLauncher,bringingFoundTaskToFront]
05-15 18:39:29.884 623 641 I wm_new_intent: [0,238215076,2727,com.android.launcher3/.uioverrides.QuickstepLauncher,android.intent.action.MAIN,NULL,NULL,268435712]
05-15 18:39:29.885 623 641 I wm_pause_activity: [0,202139864,com.android.settings/.Settings$NetworkDashboardActivity,userLeaving=true,pauseBackTasks]
05-15 18:39:29.886 623 641 I wm_add_to_stopping: [0,202139864,com.android.settings/.Settings$NetworkDashboardActivity,makeInvisible]
05-15 18:39:29.886 623 641 I wm_add_to_stopping: [0,98023526,com.android.settings/.Settings,makeInvisible]
05-15 18:39:29.886 623 641 I wm_pause_activity: [0,98023526,com.android.settings/.Settings,userLeaving=true,pauseBackTasks]
05-15 18:39:29.888 623 641 I wm_set_resumed_activity: [0,com.android.launcher3/.uioverrides.QuickstepLauncher,resumeTopActivity]
05-15 18:39:29.889 623 641 I wm_resume_activity: [0,238215076,2727,com.android.launcher3/.uioverrides.QuickstepLauncher]
05-15 18:39:29.893 623 643 I sysui_multi_action: [757,803,799,window_time_0,802,36]
05-15 18:39:29.900 984 984 I sysui_multi_action: [757,746,758,2,1089,6646]
05-15 18:39:29.902 984 984 I wm_on_paused_called: [202139864,com.android.settings.Settings$NetworkDashboardActivity,performPause]
05-15 18:39:29.903 984 984 I sysui_multi_action: [757,35,758,2,1089,6568]
05-15 18:39:29.904 984 984 I wm_on_paused_called: [98023526,com.android.settings.Settings,performPause]
05-15 18:39:29.906 623 711 I input_focus: [Focus leaving 693570c com.android.settings/com.android.settings.Settings$NetworkDashboardActivity (server),reason=NO_WINDOW]
05-15 18:39:29.909 1056 1056 I wm_on_restart_called: [238215076,com.android.launcher3.uioverrides.QuickstepLauncher,performRestartActivity]
05-15 18:39:29.911 1056 1056 I wm_on_start_called: [238215076,com.android.launcher3.uioverrides.QuickstepLauncher,handleStartActivity]
05-15 18:39:29.913 1056 1056 I wm_on_resume_called: [238215076,com.android.launcher3.uioverrides.QuickstepLauncher,RESUME_ACTIVITY]
05-15 18:39:29.914 1056 1056 I wm_on_top_resumed_gained_called: [238215076,com.android.launcher3.uioverrides.QuickstepLauncher,topStateChangedWhenResumed]
05-15 18:39:29.915 623 640 D AutofillManagerService: Close system dialogs
05-15 18:39:29.932 623 644 I input_focus: [Focus request ebb30d4 com.android.launcher3/com.android.launcher3.uioverrides.QuickstepLauncher,reason=UpdateInputWindows]
05-15 18:39:29.970 623 640 I sysui_multi_action: [319,86,322,78,325,3980,757,761,758,9,759,2,806,com.android.launcher3,871,com.android.launcher3.uioverrides.QuickstepLauncher,905,0,1320,4,1321,1]
05-15 18:39:29.983 623 711 I input_focus: [Focus entering ebb30d4 com.android.launcher3/com.android.launcher3.uioverrides.QuickstepLauncher (server),reason=Window became focusable. Previous reason: NOT_VISIBLE]
05-15 18:39:30.001 1391 1391 W ContextImpl: Calling a method in the system process without a qualified user: android.app.ContextImpl.sendBroadcast:1181 android.content.ContextWrapper.sendBroadcast:479 cn.eben.newweather.DateWeatherService.a:19 cn.eben.newweather.DateWeatherService.a:0 cn.eben.newweather.DateWeatherService$1.handleMessage:7
05-15 18:39:30.571 623 643 I wm_stop_activity: [0,98023526,com.android.settings/.Settings]
05-15 18:39:30.572 623 643 I wm_stop_activity: [0,202139864,com.android.settings/.Settings$NetworkDashboardActivity]
05-15 18:39:30.630 984 984 I wm_on_stop_called: [98023526,com.android.settings.Settings,STOP_ACTIVITY_ITEM]
05-15 18:39:30.651 984 984 I wm_on_stop_called: [202139864,com.android.settings.Settings$NetworkDashboardActivity,STOP_ACTIVITY_ITEM]
05-15 18:39:31.003 1391 1391 W ContextImpl: Calling a method in the system process without a qualified user: android.app.ContextImpl.sendBroadcast:1181 android.content.ContextWrapper.sendBroadcast:479 cn.eben.newweather.DateWeatherService.a:19 cn.eben.newweather.DateWeatherService.a:0 cn.eben.newweather.DateWeatherService$1.handleMessage:7
05-15 18:39:32.003 1391 1391 W ContextImpl: Calling a method in the system process without a qualified user: android.app.ContextImpl.sendBroadcast:1181 android.content.ContextWrapper.sendBroadcast:479 cn.eben.newweather.DateWeatherService.a:19 cn.eben.newweather.DateWeatherService.a:0 cn.eben.newweather.DateWeatherService$1.handleMessage:7
05-15 18:39:32.387 623 952 W ContentProviderHelper: Permission Denial: opening provider com.android.providers.contacts.ContactsProvider2 from ProcessRecord{6d23060 1792:cn.eben.sync/u0a64} (pid=1792, uid=10064) requires android.permission.READ_CONTACTS or android.permission.WRITE_CONTACTS
05-15 18:39:32.787 623 711 I input_interaction: Interaction with: ebb30d4 com.android.launcher3/com.android.launcher3.uioverrides.QuickstepLauncher (server), 9d2e9fb com.android.systemui.ImageWallpaper (server), PointerEventDispatcher0 (server),
05-15 18:39:32.880 623 952 I ActivityTaskManager: START u0 {act=android.intent.action.MAIN cat=[android.intent.category.LAUNCHER] flg=0x10200000 cmp=com.eben.browser/.MainActivity bnds=[1004,1760][1240,1895]} from uid 10089
05-15 18:39:32.895 623 952 I wm_task_moved: [2735,1,8]
05-15 18:39:32.895 623 952 I wm_task_to_front: [0,2735]
05-15 18:39:32.899 623 952 I wm_focused_root_task: [0,0,2735,1,bringingFoundTaskToFront]
05-15 18:39:32.901 623 952 I wm_set_resumed_activity: [0,com.eben.browser/.MainActivity,bringingFoundTaskToFront]
05-15 18:39:32.901 623 952 I wm_new_intent: [0,191641198,2735,com.eben.browser/.MainActivity,android.intent.action.MAIN,NULL,NULL,270532608]
05-15 18:39:32.902 623 952 I wm_pause_activity: [0,238215076,com.android.launcher3/.uioverrides.QuickstepLauncher,userLeaving=true,pauseBackTasks]
05-15 18:39:32.908 1056 1056 I wm_on_top_resumed_lost_called: [238215076,com.android.launcher3.uioverrides.QuickstepLauncher,topStateChangedWhenResumed]
05-15 18:39:32.909 1056 1056 I wm_on_paused_called: [238215076,com.android.launcher3.uioverrides.QuickstepLauncher,performPause]
05-15 18:39:32.913 623 6545 I wm_set_resumed_activity: [0,com.eben.browser/.MainActivity,resumeTopActivity]
05-15 18:39:32.913 623 643 I am_uid_active: 10057
05-15 18:39:32.913 623 6545 I wm_add_to_stopping: [0,238215076,com.android.launcher3/.uioverrides.QuickstepLauncher,makeInvisible]
05-15 18:39:32.914 623 6545 I wm_resume_activity: [0,191641198,2735,com.eben.browser/.MainActivity]
05-15 18:39:32.914 623 643 D ActivityManager: sync unfroze 8085 com.android.webview:sandboxed_process0:org.chromium.content.app.SandboxedProcessService0:1
05-15 18:39:32.915 623 703 I am_unfreeze: [8085,com.android.webview:sandboxed_process0:org.chromium.content.app.SandboxedProcessService0:1]
05-15 18:39:32.915 623 643 I am_uid_active: 99004
05-15 18:39:32.933 623 643 I sysui_multi_action: [757,803,799,window_time_0,802,3]
05-15 18:39:32.935 5017 5017 I wm_on_restart_called: [191641198,com.eben.browser.MainActivity,performRestartActivity]
05-15 18:39:32.936 5017 5017 I wm_on_start_called: [191641198,com.eben.browser.MainActivity,handleStartActivity]
05-15 18:39:32.946 5017 5017 I wm_on_resume_called: [191641198,com.eben.browser.MainActivity,RESUME_ACTIVITY]
05-15 18:39:32.946 5017 5017 I wm_on_top_resumed_gained_called: [191641198,com.eben.browser.MainActivity,topWhenResuming]
05-15 18:39:32.949 623 711 I input_focus: [Focus leaving ebb30d4 com.android.launcher3/com.android.launcher3.uioverrides.QuickstepLauncher (server),reason=NO_WINDOW]
05-15 18:39:32.951 623 644 I input_focus: [Focus request c60eaae com.eben.browser/com.eben.browser.MainActivity,reason=UpdateInputWindows]
05-15 18:39:33.001 1391 1391 W ContextImpl: Calling a method in the system process without a qualified user: android.app.ContextImpl.sendBroadcast:1181 android.content.ContextWrapper.sendBroadcast:479 cn.eben.newweather.DateWeatherService.a:19 cn.eben.newweather.DateWeatherService.a:0 cn.eben.newweather.DateWeatherService$1.handleMessage:7
05-15 18:39:33.004 623 640 I sysui_multi_action: [319,45,321,35,322,123,325,3983,757,761,758,9,759,4,806,com.eben.browser,871,com.eben.browser.MainActivity,904,com.android.launcher3,905,0,1320,4,1321,2]
05-15 18:39:33.474 623 643 I wm_stop_activity: [0,238215076,com.android.launcher3/.uioverrides.QuickstepLauncher]
05-15 18:39:33.496 623 711 I input_focus: [Focus entering c60eaae com.eben.browser/com.eben.browser.MainActivity (server),reason=Window became focusable. Previous reason: NOT_VISIBLE]
05-15 18:39:33.530 1056 1056 I wm_on_stop_called: [238215076,com.android.launcher3.uioverrides.QuickstepLauncher,STOP_ACTIVITY_ITEM]
05-15 18:39:33.954 623 952 I ActivityTaskManager: START u0 {act=android.intent.action.VIEW cat=[android.intent.category.BROWSABLE] dat=openapp.jdmobile://virtual?params={"url":"https://item.m.jd.com/product/10129023299164.html?cu=true&utm_source=lianmeng__9__go.smzdm.com&utm_medium=tuiguang&utm_campaign=t_1000089893_157_0_184__0f7015c61b6c8955&utm_term=34128f891b3a414d8107fbb798360572","category":"jump","des":"m","sourceType":"JSHOP_SOURCE_TYPE","sourceValue":"JSHOP_SOURCE_VALUE","M_sourceFrom":"czlogin","yinliuExt":"exp-banner___bXBhZ2VhY3RpdmVfNzY5NjJ8ZXhwLWJhbm5lcg","msf_type":"auto","m_param":{"m_source":"0","jda":"123.17473031382761967615439.1747303138.1747303138.1747303139.2","usc":"lianmeng__9__go.smzdm.com","ucp":"t_1000089893_157_0_184__0f7015c61b6c8955","umd":"tuiguang","utr":"34128f891b3a414d8107fbb798360572","jdv":"123|lianmeng__9__go.smzdm.com|t_1000089893_157_0_184__0f7015c61b6c8955|tuiguang|34128f891b3a414d8107fbb798360572|1747303145384","ref":"https://plogin.m.jd.com/login/login?appid=2193&czLogin=1&returnurl=https://item.m.jd.com/product/10129023299164.html?cu=true&utm_source=lianmeng__9__go.smzdm.com&utm_medium=tuiguang&utm_campaign=t_1000089893_157_0_184__0f7015c61b6c8955&utm_term=34128f891b3a414d8107fbb798360572&czyl=1","psn":"17473031382761967615439|2","psq":3,"unpl":"JF8EAMRnNSttWk5UBhJVEhoQGF8EW10NHh4DbmFSBw5eQ10HHAMfFBN7XlVdWRRKEx9vYxRUWVNPXA4eAisSEXtdVV9cCUIfCmdlNVRZXiVVaxsLHnx-SgpSX10MGRADPGBXXVVcT2Q1GAIrEyBLW1FYXwlJFwFmZANTXVBMUgIbBh4QGHtcZF5VDHsXAm9kDVVeWkhcDRsFHiIgT1tXWFkJShYAX2Y1VW0TJVVIGwQeFBJKX1RcVAtNEANnYANTXVxOVg0rAysR","pc_source":"","mba_muid":"17473031382761967615439","mba_sid":"1747303139358485084845","std":"MO-J2011-1","par":"appid=2193&czLogin=1&returnurl=https://item.m.jd.com/product/10129023299164.html?cu=true&utm_source=lianmeng__9__go.smzdm.com&utm_medium=tuiguang&utm_campaign=t_1000089893_157_0_184__0f7015c61b6c8955&utm_term=34128f891b3a414d8107fbb798360572&czyl=1","event_id":"MDownLoadFloat_AppArouse","mt_xid":"","mt_subsite":"","YINLIUhuanqi":"https://plogin.m.jd.com/login/login?appid=2193&czLogin=1&returnurl=https://item.m.jd.com/product/10129023299164.html?cu=true&utm_source=lianmeng__9__go.smzdm.com&utm_medium=tuiguang&utm_campaign=t_1000089893_157_0_184__0f7015c61b6c8955&utm_term=34128f891b3a414d8107fbb798360572&czyl=1","yls":"sh_aa","ylb":"safari","yld":"other","ylh":"https://plogin.m.jd.com/login/login","yle":"bXBhZ2VhY3RpdmVfNzY5NjJ8ZXhwLWJhbm5lcg","ylo":"android"},"SE":{"mt_subsite":"","__jdv":"123|lianmeng__9__go.smzdm.com|t_1000089893_157_0_184__0f7015c61b6c8955|tuiguang|34128f891b3a414d8107fbb798360572|1747303145384","unpl":"JF8EAMRnNSttWk5UBhJVEhoQGF8EW10NHh4DbmFSBw5eQ10HHAMfFBN7XlVdWRRKEx9vYxRUWVNPXA4eAisSEXtdVV9cCUIfCmdlNVRZXiVVaxsLHnx-SgpSX10MGRADPGBXXVVcT2Q1GAIrEyBLW1FYXwlJFwFmZANTXVBMUgIbBh4QGHtcZF5VDHsXAm9kDVVeWkhcDRsFHiIgT1tXWFkJShYAX2Y1VW0TJVVIGwQeFBJKX1RcVAtNEANnYANTXVxOVg0rAysR","__jda":"123.17473031382761967615439.1747303138.1747303138.1747303139.2"}}://m.jd.com/ pkg=com.jingdong.app.mall} from uid 10057
05-15 18:39:34.001 1391 1391 W ContextImpl: Calling a method in the system process without a qualified user: android.app.ContextImpl.sendBroadcast:1181 android.content.ContextWrapper.sendBroadcast:479 cn.eben.newweather.DateWeatherService.a:19 cn.eben.newweather.DateWeatherService.a:0 cn.eben.newweather.DateWeatherService$1.handleMessage:7
05-15 18:39:34.898 623 952 I ActivityTaskManager: START u0 {act=android.intent.action.VIEW cat=[android.intent.category.BROWSABLE] dat=openapp.jdmobile://virtual?params={"url":"https://item.m.jd.com/product/10129023299164.html?cu=true&utm_source=lianmeng__9__go.smzdm.com&utm_medium=tuiguang&utm_campaign=t_1000089893_157_0_184__0f7015c61b6c8955&utm_term=34128f891b3a414d8107fbb798360572","category":"jump","des":"m","sourceType":"JSHOP_SOURCE_TYPE","sourceValue":"JSHOP_SOURCE_VALUE","M_sourceFrom":"czlogin","yinliuExt":"exp-banner___bXBhZ2VhY3RpdmVfNzY5NjJ8ZXhwLWJhbm5lcg","msf_type":"auto","m_param":{"m_source":"0","jda":"123.17473031382761967615439.1747303138.1747303138.1747303139.2","usc":"lianmeng__9__go.smzdm.com","ucp":"t_1000089893_157_0_184__0f7015c61b6c8955","umd":"tuiguang","utr":"34128f891b3a414d8107fbb798360572","jdv":"123|lianmeng__9__go.smzdm.com|t_1000089893_157_0_184__0f7015c61b6c8955|tuiguang|34128f891b3a414d8107fbb798360572|1747303145384","ref":"https://plogin.m.jd.com/login/login?appid=2193&czLogin=1&returnurl=https://item.m.jd.com/product/10129023299164.html?cu=true&utm_source=lianmeng__9__go.smzdm.com&utm_medium=tuiguang&utm_campaign=t_1000089893_157_0_184__0f7015c61b6c8955&utm_term=34128f891b3a414d8107fbb798360572&czyl=1","psn":"17473031382761967615439|2","psq":3,"unpl":"JF8EAMRnNSttWk5UBhJVEhoQGF8EW10NHh4DbmFSBw5eQ10HHAMfFBN7XlVdWRRKEx9vYxRUWVNPXA4eAisSEXtdVV9cCUIfCmdlNVRZXiVVaxsLHnx-SgpSX10MGRADPGBXXVVcT2Q1GAIrEyBLW1FYXwlJFwFmZANTXVBMUgIbBh4QGHtcZF5VDHsXAm9kDVVeWkhcDRsFHiIgT1tXWFkJShYAX2Y1VW0TJVVIGwQeFBJKX1RcVAtNEANnYANTXVxOVg0rAysR","pc_source":"","mba_muid":"17473031382761967615439","mba_sid":"1747303139358485084845","std":"MO-J2011-1","par":"appid=2193&czLogin=1&returnurl=https://item.m.jd.com/product/10129023299164.html?cu=true&utm_source=lianmeng__9__go.smzdm.com&utm_medium=tuiguang&utm_campaign=t_1000089893_157_0_184__0f7015c61b6c8955&utm_term=34128f891b3a414d8107fbb798360572&czyl=1","event_id":"MDownLoadFloat_AppArouse","mt_xid":"","mt_subsite":"","YINLIUhuanqi":"https://plogin.m.jd.com/login/login?appid=2193&czLogin=1&returnurl=https://item.m.jd.com/product/10129023299164.html?cu=true&utm_source=lianmeng__9__go.smzdm.com&utm_medium=tuiguang&utm_campaign=t_1000089893_157_0_184__0f7015c61b6c8955&utm_term=34128f891b3a414d8107fbb798360572&czyl=1","yls":"sh_aa","ylb":"safari","yld":"other","ylh":"https://plogin.m.jd.com/login/login","yle":"bXBhZ2VhY3RpdmVfNzY5NjJ8ZXhwLWJhbm5lcg","ylo":"android"},"SE":{"mt_subsite":"","__jdv":"123|lianmeng__9__go.smzdm.com|t_1000089893_157_0_184__0f7015c61b6c8955|tuiguang|34128f891b3a414d8107fbb798360572|1747303145384","unpl":"JF8EAMRnNSttWk5UBhJVEhoQGF8EW10NHh4DbmFSBw5eQ10HHAMfFBN7XlVdWRRKEx9vYxRUWVNPXA4eAisSEXtdVV9cCUIfCmdlNVRZXiVVaxsLHnx-SgpSX10MGRADPGBXXVVcT2Q1GAIrEyBLW1FYXwlJFwFmZANTXVBMUgIbBh4QGHtcZF5VDHsXAm9kDVVeWkhcDRsFHiIgT1tXWFkJShYAX2Y1VW0TJVVIGwQeFBJKX1RcVAtNEANnYANTXVxOVg0rAysR","__jda":"123.17473031382761967615439.1747303138.1747303138.1747303139.2"}}://m.jd.com/ pkg=com.jingdong.app.mall} from uid 10057
05-15 18:39:35.002 1391 1391 W ContextImpl: Calling a method in the system process without a qualified user: android.app.ContextImpl.sendBroadcast:1181 android.content.ContextWrapper.sendBroadcast:479 cn.eben.newweather.DateWeatherService.a:19 cn.eben.newweather.DateWeatherService.a:0 cn.eben.newweather.DateWeatherService$1.handleMessage:7
05-15 18:39:35.110 623 711 I input_interaction: Interaction with: c60eaae com.eben.browser/com.eben.browser.MainActivity (server), PointerEventDispatcher0 (server),
05-15 18:39:35.922 623 1373 E TaskPersister: File error accessing recents directory (directory doesn't exist?).
05-15 18:39:36.001 1391 1391 W ContextImpl: Calling a method in the system process without a qualified user: android.app.ContextImpl.sendBroadcast:1181 android.content.ContextWrapper.sendBroadcast:479 cn.eben.newweather.DateWeatherService.a:19 cn.eben.newweather.DateWeatherService.a:0 cn.eben.newweather.DateWeatherService$1.handleMessage:7
05-15 18:39:37.001 1391 1391 W ContextImpl: Calling a method in the system process without a qualified user: android.app.ContextImpl.sendBroadcast:1181 android.content.ContextWrapper.sendBroadcast:479 cn.eben.newweather.DateWeatherService.a:19 cn.eben.newweather.DateWeatherService.a:0 cn.eben.newweather.DateWeatherService$1.handleMessage:7
05-15 18:39:37.391 623 638 W ContentProviderHelper: Permission Denial: opening provider com.android.providers.contacts.ContactsProvider2 from ProcessRecord{6d23060 1792:cn.eben.sync/u0a64} (pid=1792, uid=10064) requires android.permission.READ_CONTACTS or android.permission.WRITE_CONTACTS
05-15 18:39:38.002 1391 1391 W ContextImpl: Calling a method in the system process without a qualified user: android.app.ContextImpl.sendBroadcast:1181 android.content.ContextWrapper.sendBroadcast:479 cn.eben.newweather.DateWeatherService.a:19 cn.eben.newweather.DateWeatherService.a:0 cn.eben.newweather.DateWeatherService$1.handleMessage:7
05-15 18:39:39.002 1391 1391 W ContextImpl: Calling a method in the system process without a qualified user: android.app.ContextImpl.sendBroadcast:1181 android.content.ContextWrapper.sendBroadcast:479 cn.eben.newweather.DateWeatherService.a:19 cn.eben.newweather.DateWeatherService.a:0 cn.eben.newweather.DateWeatherService$1.handleMessage:7
05-15 18:39:40.002 1391 1391 W ContextImpl: Calling a method in the system process without a qualified user: android.app.ContextImpl.sendBroadcast:1181 android.content.ContextWrapper.sendBroadcast:479 cn.eben.newweather.DateWeatherService.a:19 cn.eben.newweather.DateWeatherService.a:0 cn.eben.newweather.DateWeatherService$1.handleMessage:7
05-15 18:39:41.003 1391 1391 W ContextImpl: Calling a method in the system process without a qualified user: android.app.ContextImpl.sendBroadcast:1181 android.content.ContextWrapper.sendBroadcast:479 cn.eben.newweather.DateWeatherService.a:19 cn.eben.newweather.DateWeatherService.a:0 cn.eben.newweather.DateWeatherService$1.handleMessage:7
05-15 18:39:42.004 1391 1391 W ContextImpl: Calling a method in the system process without a qualified user: android.app.ContextImpl.sendBroadcast:1181 android.content.ContextWrapper.sendBroadcast:479 cn.eben.newweather.DateWeatherService.a:19 cn.eben.newweather.DateWeatherService.a:0 cn.eben.newweather.DateWeatherService$1.handleMessage:7
05-15 18:39:42.394 623 952 W ContentProviderHelper: Permission Denial: opening provider com.android.providers.contacts.ContactsProvider2 from ProcessRecord{6d23060 1792:cn.eben.sync/u0a64} (pid=1792, uid=10064) requires android.permission.READ_CONTACTS or android.permission.WRITE_CONTACTS
05-15 18:39:43.002 1391 1391 W ContextImpl: Calling a method in the system process without a qualified user: android.app.ContextImpl.sendBroadcast:1181 android.content.ContextWrapper.sendBroadcast:479 cn.eben.newweather.DateWeatherService.a:19 cn.eben.newweather.DateWeatherService.a:0 cn.eben.newweather.DateWeatherService$1.handleMessage:7
05-15 18:39:44.002 1391 1391 W ContextImpl: Calling a method in the system process without a qualified user: android.app.ContextImpl.sendBroadcast:1181 android.content.ContextWrapper.sendBroadcast:479 cn.eben.newweather.DateWeatherService.a:19 cn.eben.newweather.DateWeatherService.a:0 cn.eben.newweather.DateWeatherService$1.handleMessage:7
05-15 18:39:45.002 1391 1391 W ContextImpl: Calling a method in the system process without a qualified user: android.app.ContextImpl.sendBroadcast:1181 android.content.ContextWrapper.sendBroadcast:479 cn.eben.newweather.DateWeatherService.a:19 cn.eben.newweather.DateWeatherService.a:0 cn.eben.newweather.DateWeatherService$1.handleMessage:7
05-15 18:39:45.327 27049 27049 I auditd : type=1400 audit(0.0:4923): avc: denied { read } for comm="CrashSDKBkgdHan" name="loadavg" dev="proc" ino=4026532226 scontext=u:r:untrusted_app:s0:c102,c256,c512,c768 tcontext=u:object_r:proc_loadavg:s0 tclass=file permissive=1 app=com.taobao.taobao
05-15 18:39:45.327 27049 27049 I auditd : type=1400 audit(0.0:4924): avc: denied { open } for comm="CrashSDKBkgdHan" path="/proc/loadavg" dev="proc" ino=4026532226 scontext=u:r:untrusted_app:s0:c102,c256,c512,c768 tcontext=u:object_r:proc_loadavg:s0 tclass=file permissive=1 app=com.taobao.taobao
05-15 18:39:45.327 27049 27049 I auditd : type=1400 audit(0.0:4925): avc: denied { open } for comm="CrashSDKBkgdHan" path="/proc/stat" dev="proc" ino=4026532228 scontext=u:r:untrusted_app:s0:c102,c256,c512,c768 tcontext=u:object_r:proc_stat:s0 tclass=file permissive=1 app=com.taobao.taobao
05-15 18:39:46.002 1391 1391 W ContextImpl: Calling a method in the system process without a qualified user: android.app.ContextImpl.sendBroadcast:1181 android.content.ContextWrapper.sendBroadcast:479 cn.eben.newweather.DateWeatherService.a:19 cn.eben.newweather.DateWeatherService.a:0 cn.eben.newweather.DateWeatherService$1.handleMessage:7
05-15 18:39:47.001 1391 1391 W ContextImpl: Calling a method in the system process without a qualified user: android.app.ContextImpl.sendBroadcast:1181 android.content.ContextWrapper.sendBroadcast:479 cn.eben.newweather.DateWeatherService.a:19 cn.eben.newweather.DateWeatherService.a:0 cn.eben.newweather.DateWeatherService$1.handleMessage:7
05-15 18:39:47.397 623 952 W ContentProviderHelper: Permission Denial: opening provider com.android.providers.contacts.ContactsProvider2 from ProcessRecord{6d23060 1792:cn.eben.sync/u0a64} (pid=1792, uid=10064) requires android.permission.READ_CONTACTS or android.permission.WRITE_CONTACTS
05-15 18:39:48.002 1391 1391 W ContextImpl: Calling a method in the system process without a qualified user: android.app.ContextImpl.sendBroadcast:1181 android.content.ContextWrapper.sendBroadcast:479 cn.eben.newweather.DateWeatherService.a:19 cn.eben.newweather.DateWeatherService.a:0 cn.eben.newweather.DateWeatherService$1.handleMessage:7
05-15 18:39:49.003 1391 1391 W ContextImpl: Calling a method in the system process without a qualified user: android.app.ContextImpl.sendBroadcast:1181 android.content.ContextWrapper.sendBroadcast:479 cn.eben.newweather.DateWeatherService.a:19 cn.eben.newweather.DateWeatherService.a:0 cn.eben.newweather.DateWeatherService$1.handleMessage:7
05-15 18:39:50.001 1391 1391 W ContextImpl: Calling a method in the system process without a qualified user: android.app.ContextImpl.sendBroadcast:1181 android.content.ContextWrapper.sendBroadcast:479 cn.eben.newweather.DateWeatherService.a:19 cn.eben.newweather.DateWeatherService.a:0 cn.eben.newweather.DateWeatherService$1.handleMessage:7
05-15 18:39:51.002 1391 1391 W ContextImpl: Calling a method in the system process without a qualified user: android.app.ContextImpl.sendBroadcast:1181 android.content.ContextWrapper.sendBroadcast:479 cn.eben.newweather.DateWeatherService.a:19 cn.eben.newweather.DateWeatherService.a:0 cn.eben.newweather.DateWeatherService$1.handleMessage:7
05-15 18:39:52.000 1391 1391 W ContextImpl: Calling a method in the system process without a qualified user: android.app.ContextImpl.sendBroadcast:1181 android.content.ContextWrapper.sendBroadcast:479 cn.eben.newweather.DateWeatherService.a:19 cn.eben.newweather.DateWeatherService.a:0 cn.eben.newweather.DateWeatherService$1.handleMessage:7
05-15 18:39:52.400 623 952 W ContentProviderHelper: Permission Denial: opening provider com.android.providers.contacts.ContactsProvider2 from ProcessRecord{6d23060 1792:cn.eben.sync/u0a64} (pid=1792, uid=10064) requires android.permission.READ_CONTACTS or android.permission.WRITE_CONTACTS
05-15 18:39:53.002 1391 1391 W ContextImpl: Calling a method in the system process without a qualified user: android.app.ContextImpl.sendBroadcast:1181 android.content.ContextWrapper.sendBroadcast:479 cn.eben.newweather.DateWeatherService.a:19 cn.eben.newweather.DateWeatherService.a:0 cn.eben.newweather.DateWeatherService$1.handleMessage:7
05-15 18:39:53.937 623 720 I netstats_mobile_sample: [0,0,0,0,0,0,0,0,0,0,0,0,1747298437250]
05-15 18:39:53.937 623 720 I netstats_wifi_sample: [0,0,0,0,0,0,0,0,0,0,0,0,1747298437250]
05-15 18:39:54.003 1391 1391 W ContextImpl: Calling a method in the system process without a qualified user: android.app.ContextImpl.sendBroadcast:1181 android.content.ContextWrapper.sendBroadcast:479 cn.eben.newweather.DateWeatherService.a:19 cn.eben.newweather.DateWeatherService.a:0 cn.eben.newweather.DateWeatherService$1.handleMessage:7
05-15 18:39:55.002 1391 1391 W ContextImpl: Calling a method in the system process without a qualified user: android.app.ContextImpl.sendBroadcast:1181 android.content.ContextWrapper.sendBroadcast:479 cn.eben.newweather.DateWeatherService.a:19 cn.eben.newweather.DateWeatherService.a:0 cn.eben.newweather.DateWeatherService$1.handleMessage:7
05-15 18:39:56.003 1391 1391 W ContextImpl: Calling a method in the system process without a qualified user: android.app.ContextImpl.sendBroadcast:1181 android.content.ContextWrapper.sendBroadcast:479 cn.eben.newweather.DateWeatherService.a:19 cn.eben.newweather.DateWeatherService.a:0 cn.eben.newweather.DateWeatherService$1.handleMessage:7
05-15 18:39:56.552 623 1955 I wm_finish_activity: [0,191641198,2735,com.eben.browser/.MainActivity,app-request]
05-15 18:39:56.552 623 1955 I wm_task_moved: [1,1,8]
05-15 18:39:56.553 623 1955 I wm_task_moved: [2727,1,2147483647]
05-15 18:39:56.553 623 1955 I wm_task_to_front: [0,2727]
05-15 18:39:56.553 623 1955 I wm_focused_root_task: [0,0,1,2735,finish-top adjustFocusToNextFocusableTask]
05-15 18:39:56.553 623 1955 I wm_set_resumed_activity: [0,com.android.launcher3/.uioverrides.QuickstepLauncher,finish-top adjustFocusToNextFocusableTask]
05-15 18:39:56.561 623 1955 I wm_pause_activity: [0,191641198,com.eben.browser/.MainActivity,userLeaving=false,finish]
05-15 18:39:56.563 623 644 I dvm_lock_sample: [system_server,1,android.anim,11,InputMonitor.java,156,void com.android.server.wm.InputMonitor$UpdateInputWindows.run(),TaskChangeNotificationController.java,342,void com.android.server.wm.TaskChangeNotificationController.forAllLocalListeners(com.android.server.wm.TaskChangeNotificationController$TaskStackConsumer, android.os.Message),2]
05-15 18:39:56.571 623 1955 I ActivityManager: Killing 8085:com.android.webview:sandboxed_process0:org.chromium.content.app.SandboxedProcessService0:1/u0a57i4 (adj 0): isolated not needed
05-15 18:39:56.571 623 1955 I am_kill : [0,8085,com.android.webview:sandboxed_process0:org.chromium.content.app.SandboxedProcessService0:1,0,isolated not needed]
05-15 18:39:56.597 623 711 I input_focus: [Focus leaving c60eaae com.eben.browser/com.eben.browser.MainActivity (server),reason=NO_WINDOW]
05-15 18:39:56.614 5017 5017 I wm_on_top_resumed_lost_called: [191641198,com.eben.browser.MainActivity,topStateChangedWhenResumed]
05-15 18:39:56.616 5017 5017 I wm_on_paused_called: [191641198,com.eben.browser.MainActivity,performPause]
05-15 18:39:56.617 623 1955 I wm_add_to_stopping: [0,191641198,com.eben.browser/.MainActivity,completeFinishing]
05-15 18:39:56.618 623 1955 I wm_set_resumed_activity: [0,com.android.launcher3/.uioverrides.QuickstepLauncher,resumeTopActivity]
05-15 18:39:56.620 623 1955 I wm_resume_activity: [0,238215076,2727,com.android.launcher3/.uioverrides.QuickstepLauncher]
05-15 18:39:56.623 623 643 I sysui_multi_action: [757,803,799,window_time_0,802,23]
05-15 18:39:56.633 1056 1056 I wm_on_restart_called: [238215076,com.android.launcher3.uioverrides.QuickstepLauncher,performRestartActivity]
05-15 18:39:56.635 1056 1056 I wm_on_start_called: [238215076,com.android.launcher3.uioverrides.QuickstepLauncher,handleStartActivity]
05-15 18:39:56.636 1056 1056 I wm_on_resume_called: [238215076,com.android.launcher3.uioverrides.QuickstepLauncher,RESUME_ACTIVITY]
05-15 18:39:56.636 1056 1056 I wm_on_top_resumed_gained_called: [238215076,com.android.launcher3.uioverrides.QuickstepLauncher,topWhenResuming]
05-15 18:39:56.641 623 648 I am_pss : [10735,10100,com.baidu.appsearch,192016384,173314048,0,386207744,0,4,16]
05-15 18:39:56.658 623 952 I am_proc_died: [0,8085,com.android.webview:sandboxed_process0:org.chromium.content.app.SandboxedProcessService0:1,0,10]
05-15 18:39:56.660 623 644 I input_focus: [Focus request ebb30d4 com.android.launcher3/com.android.launcher3.uioverrides.QuickstepLauncher,reason=UpdateInputWindows]
05-15 18:39:56.661 623 952 I am_uid_stopped: 99004
05-15 18:39:56.705 623 711 I input_focus: [Focus entering ebb30d4 com.android.launcher3/com.android.launcher3.uioverrides.QuickstepLauncher (server),reason=Window became focusable. Previous reason: NOT_VISIBLE]
05-15 18:39:57.000 1391 1391 W ContextImpl: Calling a method in the system process without a qualified user: android.app.ContextImpl.sendBroadcast:1181 android.content.ContextWrapper.sendBroadcast:479 cn.eben.newweather.DateWeatherService.a:19 cn.eben.newweather.DateWeatherService.a:0 cn.eben.newweather.DateWeatherService$1.handleMessage:7
05-15 18:39:57.293 623 643 I wm_destroy_activity: [0,191641198,2735,com.eben.browser/.MainActivity,finish-imm:idle]
05-15 18:39:57.344 5017 5017 I wm_on_stop_called: [191641198,com.eben.browser.MainActivity,LIFECYCLER_STOP_ACTIVITY]
05-15 18:39:57.355 5017 5017 I wm_on_destroy_called: [191641198,com.eben.browser.MainActivity,performDestroy]
05-15 18:39:57.375 623 952 I wm_task_removed: [2735,removeChild:removeChild last r=ActivityRecord{b6c366e u0 com.eben.browser/.MainActivity t-1 f}} in t=Task{b366a5d #2735 type=standard A=10057:com.eben.browser U=0 visible=false visibleRequested=false mode=fullscreen translucent=true sz=0}]
05-15 18:39:57.375 623 952 I wm_task_removed: [2735,removeChild]
05-15 18:39:57.380 623 644 W ActivityTaskManager: Can't find TaskDisplayArea to determine support for multi window. Task id=2735 attached=false
05-15 18:39:57.380 623 644 W ActivityTaskManager: Can't find TaskDisplayArea to determine support for multi window. Task id=2735 attached=false
05-15 18:39:57.404 623 952 W ContentProviderHelper: Permission Denial: opening provider com.android.providers.contacts.ContactsProvider2 from ProcessRecord{6d23060 1792:cn.eben.sync/u0a64} (pid=1792, uid=10064) requires android.permission.READ_CONTACTS or android.permission.WRITE_CONTACTS
05-15 18:39:57.900 623 711 I input_interaction: Interaction with: ebb30d4 com.android.launcher3/com.android.launcher3.uioverrides.QuickstepLauncher (server), 9d2e9fb com.android.systemui.ImageWallpaper (server), PointerEventDispatcher0 (server),
05-15 18:39:57.992 623 952 I ActivityTaskManager: START u0 {act=android.intent.action.MAIN cat=[android.intent.category.LAUNCHER] flg=0x10200000 cmp=com.eben.browser/.MainActivity bnds=[1004,1760][1240,1895]} from uid 10089
05-15 18:39:57.994 623 952 I wm_task_created: [2753,-1]
05-15 18:39:57.994 623 952 W ActivityTaskManager: Can't find TaskDisplayArea to determine support for multi window. Task id=2753 attached=false
05-15 18:39:58.000 623 952 I wm_task_moved: [2753,1,8]
05-15 18:39:58.000 623 952 I wm_task_to_front: [0,2753]
