05-15 19:28:59.561 1 1 I init : Command 'symlink /config/usb_gadget/g1/functions/ffs.adb /config/usb_gadget/g1/configs/b.1/f1' action=sys.usb.config=adb && sys.usb.configfs=1 && sys.usb.ffs.ready=1 (/system/etc/init/hw/init.usb.configfs.rc:22) took 1ms and failed: symlink() failed: File exists
05-15 19:28:59.561 1 1 I init : Command 'write /config/usb_gadget/g1/UDC ${sys.usb.controller}' action=sys.usb.config=adb && sys.usb.configfs=1 && sys.usb.ffs.ready=1 (/system/etc/init/hw/init.usb.configfs.rc:23) took 0ms and failed: Unable to write to file '/config/usb_gadget/g1/UDC': Unable to write file contents: Device or resource busy
05-15 18:57:36.003 1391 1391 W ContextImpl: Calling a method in the system process without a qualified user: android.app.ContextImpl.sendBroadcast:1181 android.content.ContextWrapper.sendBroadcast:479 cn.eben.newweather.DateWeatherService.a:19 cn.eben.newweather.DateWeatherService.a:0 cn.eben.newweather.DateWeatherService$1.handleMessage:7
05-15 19:29:00.621 541 541 I : read descriptors
05-15 19:29:00.621 541 541 I : read strings
05-15 19:29:00.623 1 1 I init : processing action (sys.usb.config=adb && sys.usb.configfs=1 && sys.usb.ffs.ready=1) from (/system/etc/init/hw/init.usb.configfs.rc:20)
05-15 19:29:00.978 27448 27448 I binder : 27049:27448 transaction failed 29202/0, size 2176-0 line 3265
05-15 19:29:00.979 27448 27448 I binder : 27049:27448 transaction failed 29202/0, size 540-0 line 3265
05-15 18:57:36.926 465 493 I RIL : ---> enter mainloop wait at port
05-15 18:57:36.926 465 493 D RIL-DEV : Get modem info
05-15 18:57:36.927 465 493 D RIL-DEV : [05-15_18:57:36:927] idVendor = 0bda
05-15 18:57:36.927 465 493 D RIL-DEV :
05-15 18:57:36.927 465 493 D RIL-DEV : [05-15_18:57:36:928] idVendor = 05e3
05-15 18:57:36.927 465 493 D RIL-DEV :
05-15 18:57:36.928 465 493 D RIL-DEV : [05-15_18:57:36:928] idVendor = 1d6b
05-15 18:57:36.928 465 493 D RIL-DEV :
05-15 18:57:36.928 465 493 D RIL-DEV : [05-15_18:57:36:928] idVendor = 1d6b
05-15 18:57:36.928 465 493 D RIL-DEV :
05-15 18:57:36.928 465 493 D RIL-DEV : [05-15_18:57:36:929] idVendor = 0bda
05-15 18:57:36.928 465 493 D RIL-DEV :
05-15 18:57:36.929 465 493 D RIL-DEV : [05-15_18:57:36:929] idVendor = 1d6b
05-15 18:57:36.929 465 493 D RIL-DEV :
05-15 18:57:36.929 465 493 D RIL-DEV : [05-15_18:57:36:929] idVendor = 2109
05-15 18:57:36.929 465 493 D RIL-DEV :
05-15 18:57:36.930 465 493 D RIL-DEV : [05-15_18:57:36:930] idVendor = 2109
05-15 18:57:36.930 465 493 D RIL-DEV :
05-15 18:57:36.930 465 493 D RIL-DEV : [05-15_18:57:36:930] idVendor = 1d6b
05-15 18:57:36.930 465 493 D RIL-DEV :
05-15 18:57:36.930 465 493 D RIL-DEV : [05-15_18:57:36:931] idVendor = 0bda
05-15 18:57:36.930 465 493 D RIL-DEV :
05-15 18:57:36.930 465 493 D RIL-DEV : [05-15_18:57:36:931] idVendor = 2109
05-15 18:57:36.930 465 493 D RIL-DEV :
05-15 18:57:36.931 465 493 E RIL-DEV : Cannot find Meig devices
05-15 18:57:36.931 465 493 I RIL : ---> can't find meig usb devices
05-15 18:57:37.002 1391 1391 W ContextImpl: Calling a method in the system process without a qualified user: android.app.ContextImpl.sendBroadcast:1181 android.content.ContextWrapper.sendBroadcast:479 cn.eben.newweather.DateWeatherService.a:19 cn.eben.newweather.DateWeatherService.a:0 cn.eben.newweather.DateWeatherService$1.handleMessage:7
05-15 19:29:01.664 541 541 I : read descriptors
05-15 19:29:01.664 541 541 I : read strings
05-15 18:57:38.002 1391 1391 W ContextImpl: Calling a method in the system process without a qualified user: android.app.ContextImpl.sendBroadcast:1181 android.content.ContextWrapper.sendBroadcast:479 cn.eben.newweather.DateWeatherService.a:19 cn.eben.newweather.DateWeatherService.a:0 cn.eben.newweather.DateWeatherService$1.handleMessage:7
05-15 19:29:02.707 541 541 I : read descriptors
05-15 19:29:02.708 541 541 I : read strings
05-15 19:29:02.710 1 1 I init : processing action (sys.usb.config=adb && sys.usb.configfs=1 && sys.usb.ffs.ready=1) from (/system/etc/init/hw/init.usb.configfs.rc:20)
05-15 19:29:02.713 1 1 I init : Command 'symlink /config/usb_gadget/g1/functions/ffs.adb /config/usb_gadget/g1/configs/b.1/f1' action=sys.usb.config=adb && sys.usb.configfs=1 && sys.usb.ffs.ready=1 (/system/etc/init/hw/init.usb.configfs.rc:22) took 0ms and failed: symlink() failed: File exists
05-15 19:29:02.717 1 1 I init : Command 'write /config/usb_gadget/g1/UDC ${sys.usb.controller}' action=sys.usb.config=adb && sys.usb.configfs=1 && sys.usb.ffs.ready=1 (/system/etc/init/hw/init.usb.configfs.rc:23) took 1ms and failed: Unable to write to file '/config/usb_gadget/g1/UDC': Unable to write file contents: Device or resource busy
05-15 18:57:38.579 623 1955 W ContentProviderHelper: Permission Denial: opening provider com.android.providers.contacts.ContactsProvider2 from ProcessRecord{6d23060 1792:cn.eben.sync/u0a64} (pid=1792, uid=10064) requires android.permission.READ_CONTACTS or android.permission.WRITE_CONTACTS
05-15 18:57:38.931 465 493 I RIL : ---> enter mainloop wait at port
05-15 18:57:38.932 465 493 D RIL-DEV : Get modem info
05-15 18:57:38.932 465 493 D RIL-DEV : [05-15_18:57:38:933] idVendor = 0bda
05-15 18:57:38.932 465 493 D RIL-DEV :
05-15 18:57:38.933 465 493 D RIL-DEV : [05-15_18:57:38:933] idVendor = 05e3
05-15 18:57:38.933 465 493 D RIL-DEV :
05-15 18:57:38.933 465 493 D RIL-DEV : [05-15_18:57:38:934] idVendor = 1d6b
05-15 18:57:38.933 465 493 D RIL-DEV :
05-15 18:57:38.934 465 493 D RIL-DEV : [05-15_18:57:38:934] idVendor = 1d6b
05-15 18:57:38.934 465 493 D RIL-DEV :
05-15 18:57:38.934 465 493 D RIL-DEV : [05-15_18:57:38:935] idVendor = 0bda
05-15 18:57:38.934 465 493 D RIL-DEV :
05-15 18:57:38.935 465 493 D RIL-DEV : [05-15_18:57:38:935] idVendor = 1d6b
05-15 18:57:38.935 465 493 D RIL-DEV :
05-15 18:57:38.935 465 493 D RIL-DEV : [05-15_18:57:38:935] idVendor = 2109
05-15 18:57:38.935 465 493 D RIL-DEV :
05-15 18:57:38.935 465 493 D RIL-DEV : [05-15_18:57:38:936] idVendor = 2109
05-15 18:57:38.935 465 493 D RIL-DEV :
05-15 18:57:38.936 465 493 D RIL-DEV : [05-15_18:57:38:936] idVendor = 1d6b
05-15 18:57:38.936 465 493 D RIL-DEV :
05-15 18:57:38.936 465 493 D RIL-DEV : [05-15_18:57:38:937] idVendor = 0bda
05-15 18:57:38.936 465 493 D RIL-DEV :
05-15 18:57:38.937 465 493 D RIL-DEV : [05-15_18:57:38:937] idVendor = 2109
05-15 18:57:38.937 465 493 D RIL-DEV :
05-15 18:57:38.937 465 493 E RIL-DEV : Cannot find Meig devices
05-15 18:57:38.937 465 493 I RIL : ---> can't find meig usb devices
05-15 18:57:39.002 1391 1391 W ContextImpl: Calling a method in the system process without a qualified user: android.app.ContextImpl.sendBroadcast:1181 android.content.ContextWrapper.sendBroadcast:479 cn.eben.newweather.DateWeatherService.a:19 cn.eben.newweather.DateWeatherService.a:0 cn.eben.newweather.DateWeatherService$1.handleMessage:7
05-15 19:29:03.764 541 541 I : read descriptors
05-15 19:29:03.764 541 541 I : read strings
05-15 19:29:03.767 1 1 I init : processing action (sys.usb.config=adb && sys.usb.configfs=1 && sys.usb.ffs.ready=1) from (/system/etc/init/hw/init.usb.configfs.rc:20)
05-15 19:29:03.771 1 1 I init : Command 'symlink /config/usb_gadget/g1/functions/ffs.adb /config/usb_gadget/g1/configs/b.1/f1' action=sys.usb.config=adb && sys.usb.configfs=1 && sys.usb.ffs.ready=1 (/system/etc/init/hw/init.usb.configfs.rc:22) took 2ms and failed: symlink() failed: File exists
05-15 19:29:03.773 1 1 I init : Command 'write /config/usb_gadget/g1/UDC ${sys.usb.controller}' action=sys.usb.config=adb && sys.usb.configfs=1 && sys.usb.ffs.ready=1 (/system/etc/init/hw/init.usb.configfs.rc:23) took 0ms and failed: Unable to write to file '/config/usb_gadget/g1/UDC': Unable to write file contents: Device or resource busy
05-15 19:29:04.023 27448 27448 I binder : 27049:27448 transaction failed 29202/0, size 1588-0 line 3265
05-15 18:57:40.003 1391 1391 W ContextImpl: Calling a method in the system process without a qualified user: android.app.ContextImpl.sendBroadcast:1181 android.content.ContextWrapper.sendBroadcast:479 cn.eben.newweather.DateWeatherService.a:19 cn.eben.newweather.DateWeatherService.a:0 cn.eben.newweather.DateWeatherService$1.handleMessage:7
05-15 19:29:04.821 541 541 I : read descriptors
05-15 19:29:04.821 541 541 I : read strings
05-15 19:29:04.824 1 1 I init : processing action (sys.usb.config=adb && sys.usb.configfs=1 && sys.usb.ffs.ready=1) from (/system/etc/init/hw/init.usb.configfs.rc:20)
05-15 19:29:04.825 1 1 I init : Command 'symlink /config/usb_gadget/g1/functions/ffs.adb /config/usb_gadget/g1/configs/b.1/f1' action=sys.usb.config=adb && sys.usb.configfs=1 && sys.usb.ffs.ready=1 (/system/etc/init/hw/init.usb.configfs.rc:22) took 0ms and failed: symlink() failed: File exists
05-15 19:29:04.826 1 1 I init : Command 'write /config/usb_gadget/g1/UDC ${sys.usb.controller}' action=sys.usb.config=adb && sys.usb.configfs=1 && sys.usb.ffs.ready=1 (/system/etc/init/hw/init.usb.configfs.rc:23) took 0ms and failed: Unable to write to file '/config/usb_gadget/g1/UDC': Unable to write file contents: Device or resource busy
05-15 18:57:40.938 465 493 I RIL : ---> enter mainloop wait at port
05-15 18:57:40.938 465 493 D RIL-DEV : Get modem info
05-15 18:57:40.939 465 493 D RIL-DEV : [05-15_18:57:40:939] idVendor = 0bda
05-15 18:57:40.939 465 493 D RIL-DEV :
05-15 18:57:40.939 465 493 D RIL-DEV : [05-15_18:57:40:940] idVendor = 05e3
05-15 18:57:40.939 465 493 D RIL-DEV :
05-15 18:57:40.940 465 493 D RIL-DEV : [05-15_18:57:40:940] idVendor = 1d6b
05-15 18:57:40.940 465 493 D RIL-DEV :
05-15 18:57:40.940 465 493 D RIL-DEV : [05-15_18:57:40:940] idVendor = 1d6b
05-15 18:57:40.940 465 493 D RIL-DEV :
05-15 18:57:40.940 465 493 D RIL-DEV : [05-15_18:57:40:941] idVendor = 0bda
05-15 18:57:40.940 465 493 D RIL-DEV :
05-15 18:57:40.941 465 493 D RIL-DEV : [05-15_18:57:40:941] idVendor = 1d6b
05-15 18:57:40.941 465 493 D RIL-DEV :
05-15 18:57:40.941 465 493 D RIL-DEV : [05-15_18:57:40:941] idVendor = 2109
05-15 18:57:40.941 465 493 D RIL-DEV :
05-15 18:57:40.941 465 493 D RIL-DEV : [05-15_18:57:40:942] idVendor = 2109
05-15 18:57:40.941 465 493 D RIL-DEV :
05-15 18:57:40.942 465 493 D RIL-DEV : [05-15_18:57:40:942] idVendor = 1d6b
05-15 18:57:40.942 465 493 D RIL-DEV :
05-15 18:57:40.942 465 493 D RIL-DEV : [05-15_18:57:40:943] idVendor = 0bda
05-15 18:57:40.942 465 493 D RIL-DEV :
05-15 18:57:40.943 465 493 D RIL-DEV : [05-15_18:57:40:943] idVendor = 2109
05-15 18:57:40.943 465 493 D RIL-DEV :
05-15 18:57:40.943 465 493 E RIL-DEV : Cannot find Meig devices
05-15 18:57:40.944 465 493 I RIL : ---> can't find meig usb devices
05-15 18:57:41.003 1391 1391 W ContextImpl: Calling a method in the system process without a qualified user: android.app.ContextImpl.sendBroadcast:1181 android.content.ContextWrapper.sendBroadcast:479 cn.eben.newweather.DateWeatherService.a:19 cn.eben.newweather.DateWeatherService.a:0 cn.eben.newweather.DateWeatherService$1.handleMessage:7
05-15 19:29:05.864 541 541 I : read descriptors
05-15 19:29:05.864 541 541 I : read strings
05-15 19:29:05.866 1 1 I init : processing action (sys.usb.config=adb && sys.usb.configfs=1 && sys.usb.ffs.ready=1) from (/system/etc/init/hw/init.usb.configfs.rc:20)
05-15 18:57:42.003 1391 1391 W ContextImpl: Calling a method in the system process without a qualified user: android.app.ContextImpl.sendBroadcast:1181 android.content.ContextWrapper.sendBroadcast:479 cn.eben.newweather.DateWeatherService.a:19 cn.eben.newweather.DateWeatherService.a:0 cn.eben.newweather.DateWeatherService$1.handleMessage:7
05-15 19:29:06.931 541 541 I : read descriptors
05-15 19:29:06.931 541 541 I : read strings
05-15 18:57:42.944 465 493 I RIL : ---> enter mainloop wait at port
05-15 18:57:42.944 465 493 D RIL-DEV : Get modem info
05-15 18:57:42.945 465 493 D RIL-DEV : [05-15_18:57:42:945] idVendor = 0bda
05-15 18:57:42.945 465 493 D RIL-DEV :
05-15 18:57:42.945 465 493 D RIL-DEV : [05-15_18:57:42:946] idVendor = 05e3
05-15 18:57:42.945 465 493 D RIL-DEV :
05-15 18:57:42.946 465 493 D RIL-DEV : [05-15_18:57:42:946] idVendor = 1d6b
05-15 18:57:42.946 465 493 D RIL-DEV :
05-15 18:57:42.946 465 493 D RIL-DEV : [05-15_18:57:42:947] idVendor = 1d6b
05-15 18:57:42.946 465 493 D RIL-DEV :
05-15 18:57:42.946 465 493 D RIL-DEV : [05-15_18:57:42:947] idVendor = 0bda
05-15 18:57:42.946 465 493 D RIL-DEV :
05-15 18:57:42.947 465 493 D RIL-DEV : [05-15_18:57:42:947] idVendor = 1d6b
05-15 18:57:42.947 465 493 D RIL-DEV :
05-15 18:57:42.947 465 493 D RIL-DEV : [05-15_18:57:42:948] idVendor = 2109
05-15 18:57:42.947 465 493 D RIL-DEV :
05-15 18:57:42.948 465 493 D RIL-DEV : [05-15_18:57:42:948] idVendor = 2109
05-15 18:57:42.948 465 493 D RIL-DEV :
05-15 18:57:42.948 465 493 D RIL-DEV : [05-15_18:57:42:948] idVendor = 1d6b
05-15 18:57:42.948 465 493 D RIL-DEV :
05-15 18:57:42.948 465 493 D RIL-DEV : [05-15_18:57:42:949] idVendor = 0bda
05-15 18:57:42.948 465 493 D RIL-DEV :
05-15 18:57:42.949 465 493 D RIL-DEV : [05-15_18:57:42:949] idVendor = 2109
05-15 18:57:42.949 465 493 D RIL-DEV :
05-15 18:57:42.949 465 493 E RIL-DEV : Cannot find Meig devices
05-15 18:57:42.949 465 493 I RIL : ---> can't find meig usb devices
05-15 18:57:43.003 1391 1391 W ContextImpl: Calling a method in the system process without a qualified user: android.app.ContextImpl.sendBroadcast:1181 android.content.ContextWrapper.sendBroadcast:479 cn.eben.newweather.DateWeatherService.a:19 cn.eben.newweather.DateWeatherService.a:0 cn.eben.newweather.DateWeatherService$1.handleMessage:7
05-15 19:29:07.971 541 541 I : read descriptors
05-15 19:29:07.971 541 541 I : read strings
05-15 19:29:07.973 1 1 I init : processing action (sys.usb.config=adb && sys.usb.configfs=1 && sys.usb.ffs.ready=1) from (/system/etc/init/hw/init.usb.configfs.rc:20)
05-15 19:29:07.978 1 1 I init : Command 'symlink /config/usb_gadget/g1/functions/ffs.adb /config/usb_gadget/g1/configs/b.1/f1' action=sys.usb.config=adb && sys.usb.configfs=1 && sys.usb.ffs.ready=1 (/system/etc/init/hw/init.usb.configfs.rc:22) took 1ms and failed: symlink() failed: File exists
05-15 19:29:07.979 1 1 I init : Command 'write /config/usb_gadget/g1/UDC ${sys.usb.controller}' action=sys.usb.config=adb && sys.usb.configfs=1 && sys.usb.ffs.ready=1 (/system/etc/init/hw/init.usb.configfs.rc:23) took 0ms and failed: Unable to write to file '/config/usb_gadget/g1/UDC': Unable to write file contents: Device or resource busy
05-15 18:57:43.585 623 1955 W ContentProviderHelper: Permission Denial: opening provider com.android.providers.contacts.ContactsProvider2 from ProcessRecord{6d23060 1792:cn.eben.sync/u0a64} (pid=1792, uid=10064) requires android.permission.READ_CONTACTS or android.permission.WRITE_CONTACTS
05-15 18:57:44.002 1391 1391 W ContextImpl: Calling a method in the system process without a qualified user: android.app.ContextImpl.sendBroadcast:1181 android.content.ContextWrapper.sendBroadcast:479 cn.eben.newweather.DateWeatherService.a:19 cn.eben.newweather.DateWeatherService.a:0 cn.eben.newweather.DateWeatherService$1.handleMessage:7
05-15 19:29:08.853 443 443 W healthd : battery l=100 v=8698 t=28.0 h=1 st=3 c=0 fc=9700000 cc=0 chg=u
05-15 19:29:09.014 541 541 I : read descriptors
05-15 19:29:09.014 541 541 I : read strings
05-15 19:29:09.016 1 1 I init : processing action (sys.usb.config=adb && sys.usb.configfs=1 && sys.usb.ffs.ready=1) from (/system/etc/init/hw/init.usb.configfs.rc:20)
05-15 19:29:09.019 1 1 I init : Command 'symlink /config/usb_gadget/g1/functions/ffs.adb /config/usb_gadget/g1/configs/b.1/f1' action=sys.usb.config=adb && sys.usb.configfs=1 && sys.usb.ffs.ready=1 (/system/etc/init/hw/init.usb.configfs.rc:22) took 0ms and failed: symlink() failed: File exists
05-15 19:29:09.022 1 1 I init : Command 'write /config/usb_gadget/g1/UDC ${sys.usb.controller}' action=sys.usb.config=adb && sys.usb.configfs=1 && sys.usb.ffs.ready=1 (/system/etc/init/hw/init.usb.configfs.rc:23) took 0ms and failed: Unable to write to file '/config/usb_gadget/g1/UDC': Unable to write file contents: Device or resource busy
05-15 18:57:44.949 465 493 I RIL : ---> enter mainloop wait at port
05-15 18:57:44.950 465 493 D RIL-DEV : Get modem info
05-15 18:57:44.950 465 493 D RIL-DEV : [05-15_18:57:44:951] idVendor = 0bda
05-15 18:57:44.950 465 493 D RIL-DEV :
05-15 18:57:44.951 465 493 D RIL-DEV : [05-15_18:57:44:951] idVendor = 05e3
05-15 18:57:44.951 465 493 D RIL-DEV :
05-15 18:57:44.951 465 493 D RIL-DEV : [05-15_18:57:44:952] idVendor = 1d6b
05-15 18:57:44.951 465 493 D RIL-DEV :
05-15 18:57:44.952 465 493 D RIL-DEV : [05-15_18:57:44:952] idVendor = 1d6b
05-15 18:57:44.952 465 493 D RIL-DEV :
05-15 18:57:44.952 465 493 D RIL-DEV : [05-15_18:57:44:952] idVendor = 0bda
05-15 18:57:44.952 465 493 D RIL-DEV :
05-15 18:57:44.953 465 493 D RIL-DEV : [05-15_18:57:44:953] idVendor = 1d6b
05-15 18:57:44.953 465 493 D RIL-DEV :
05-15 18:57:44.953 465 493 D RIL-DEV : [05-15_18:57:44:954] idVendor = 2109
05-15 18:57:44.953 465 493 D RIL-DEV :
05-15 18:57:44.954 465 493 D RIL-DEV : [05-15_18:57:44:954] idVendor = 2109
05-15 18:57:44.954 465 493 D RIL-DEV :
05-15 18:57:44.954 465 493 D RIL-DEV : [05-15_18:57:44:954] idVendor = 1d6b
05-15 18:57:44.954 465 493 D RIL-DEV :
05-15 18:57:44.954 465 493 D RIL-DEV : [05-15_18:57:44:955] idVendor = 0bda
05-15 18:57:44.954 465 493 D RIL-DEV :
05-15 18:57:44.955 465 493 D RIL-DEV : [05-15_18:57:44:955] idVendor = 2109
05-15 18:57:44.955 465 493 D RIL-DEV :
05-15 18:57:44.955 465 493 E RIL-DEV : Cannot find Meig devices
05-15 18:57:44.955 465 493 I RIL : ---> can't find meig usb devices
05-15 18:57:45.003 1391 1391 W ContextImpl: Calling a method in the system process without a qualified user: android.app.ContextImpl.sendBroadcast:1181 android.content.ContextWrapper.sendBroadcast:479 cn.eben.newweather.DateWeatherService.a:19 cn.eben.newweather.DateWeatherService.a:0 cn.eben.newweather.DateWeatherService$1.handleMessage:7
05-15 19:29:10.057 541 541 I : read descriptors
05-15 19:29:10.057 541 541 I : read strings
05-15 19:29:10.059 1 1 I init : processing action (sys.usb.config=adb && sys.usb.configfs=1 && sys.usb.ffs.ready=1) from (/system/etc/init/hw/init.usb.configfs.rc:20)
05-15 19:29:10.062 1 1 I init : Command 'symlink /config/usb_gadget/g1/functions/ffs.adb /config/usb_gadget/g1/configs/b.1/f1' action=sys.usb.config=adb && sys.usb.configfs=1 && sys.usb.ffs.ready=1 (/system/etc/init/hw/init.usb.configfs.rc:22) took 0ms and failed: symlink() failed: File exists
05-15 19:29:10.063 1 1 I init : Command 'write /config/usb_gadget/g1/UDC ${sys.usb.controller}' action=sys.usb.config=adb && sys.usb.configfs=1 && sys.usb.ffs.ready=1 (/system/etc/init/hw/init.usb.configfs.rc:23) took 0ms and failed: Unable to write to file '/config/usb_gadget/g1/UDC': Unable to write file contents: Device or resource busy
05-15 18:57:46.001 1391 1391 W ContextImpl: Calling a method in the system process without a qualified user: android.app.ContextImpl.sendBroadcast:1181 android.content.ContextWrapper.sendBroadcast:479 cn.eben.newweather.DateWeatherService.a:19 cn.eben.newweather.DateWeatherService.a:0 cn.eben.newweather.DateWeatherService$1.handleMessage:7
05-15 19:29:11.022 27448 27448 I binder : 27049:27448 transaction failed 29202/0, size 2176-0 line 3265
05-15 19:29:11.023 27448 27448 I binder : 27049:27448 transaction failed 29202/0, size 540-0 line 3265
05-15 19:29:11.107 541 541 I : read descriptors
05-15 19:29:11.107 541 541 I : read strings
05-15 19:29:11.109 1 1 I init : processing action (sys.usb.config=adb && sys.usb.configfs=1 && sys.usb.ffs.ready=1) from (/system/etc/init/hw/init.usb.configfs.rc:20)
05-15 18:57:46.955 465 493 I RIL : ---> enter mainloop wait at port
05-15 18:57:46.956 465 493 D RIL-DEV : Get modem info
05-15 18:57:46.956 465 493 D RIL-DEV : [05-15_18:57:46:957] idVendor = 0bda
05-15 18:57:46.956 465 493 D RIL-DEV :
05-15 18:57:46.957 465 493 D RIL-DEV : [05-15_18:57:46:957] idVendor = 05e3
05-15 18:57:46.957 465 493 D RIL-DEV :
05-15 18:57:46.957 465 493 D RIL-DEV : [05-15_18:57:46:958] idVendor = 1d6b
05-15 18:57:46.957 465 493 D RIL-DEV :
05-15 18:57:46.957 465 493 D RIL-DEV : [05-15_18:57:46:958] idVendor = 1d6b
05-15 18:57:46.957 465 493 D RIL-DEV :
05-15 18:57:46.958 465 493 D RIL-DEV : [05-15_18:57:46:958] idVendor = 0bda
05-15 18:57:46.958 465 493 D RIL-DEV :
05-15 18:57:46.958 465 493 D RIL-DEV : [05-15_18:57:46:959] idVendor = 1d6b
05-15 18:57:46.958 465 493 D RIL-DEV :
05-15 18:57:46.958 465 493 D RIL-DEV : [05-15_18:57:46:959] idVendor = 2109
05-15 18:57:46.958 465 493 D RIL-DEV :
05-15 18:57:46.959 465 493 D RIL-DEV : [05-15_18:57:46:959] idVendor = 2109
05-15 18:57:46.959 465 493 D RIL-DEV :
05-15 18:57:46.960 465 493 D RIL-DEV : [05-15_18:57:46:960] idVendor = 1d6b
05-15 18:57:46.960 465 493 D RIL-DEV :
05-15 18:57:46.960 465 493 D RIL-DEV : [05-15_18:57:46:960] idVendor = 0bda
05-15 18:57:46.960 465 493 D RIL-DEV :
05-15 18:57:46.960 465 493 D RIL-DEV : [05-15_18:57:46:961] idVendor = 2109
05-15 18:57:46.960 465 493 D RIL-DEV :
05-15 18:57:46.961 465 493 E RIL-DEV : Cannot find Meig devices
05-15 18:57:46.961 465 493 I RIL : ---> can't find meig usb devices
05-15 18:57:47.001 1391 1391 W ContextImpl: Calling a method in the system process without a qualified user: android.app.ContextImpl.sendBroadcast:1181 android.content.ContextWrapper.sendBroadcast:479 cn.eben.newweather.DateWeatherService.a:19 cn.eben.newweather.DateWeatherService.a:0 cn.eben.newweather.DateWeatherService$1.handleMessage:7
05-15 19:29:12.177 541 541 I : read descriptors
05-15 19:29:12.177 541 541 I : read strings
05-15 18:57:48.003 1391 1391 W ContextImpl: Calling a method in the system process without a qualified user: android.app.ContextImpl.sendBroadcast:1181 android.content.ContextWrapper.sendBroadcast:479 cn.eben.newweather.DateWeatherService.a:19 cn.eben.newweather.DateWeatherService.a:0 cn.eben.newweather.DateWeatherService$1.handleMessage:7
05-15 18:57:48.590 623 29878 W ContentProviderHelper: Permission Denial: opening provider com.android.providers.contacts.ContactsProvider2 from ProcessRecord{6d23060 1792:cn.eben.sync/u0a64} (pid=1792, uid=10064) requires android.permission.READ_CONTACTS or android.permission.WRITE_CONTACTS
05-15 19:29:13.227 541 541 I : read descriptors
05-15 19:29:13.227 541 541 I : read strings
05-15 19:29:13.229 1 1 I init : processing action (sys.usb.config=adb && sys.usb.configfs=1 && sys.usb.ffs.ready=1) from (/system/etc/init/hw/init.usb.configfs.rc:20)
05-15 19:29:13.234 1 1 I init : Command 'symlink /config/usb_gadget/g1/functions/ffs.adb /config/usb_gadget/g1/configs/b.1/f1' action=sys.usb.config=adb && sys.usb.configfs=1 && sys.usb.ffs.ready=1 (/system/etc/init/hw/init.usb.configfs.rc:22) took 2ms and failed: symlink() failed: File exists
05-15 19:29:13.235 1 1 I init : Command 'write /config/usb_gadget/g1/UDC ${sys.usb.controller}' action=sys.usb.config=adb && sys.usb.configfs=1 && sys.usb.ffs.ready=1 (/system/etc/init/hw/init.usb.configfs.rc:23) took 1ms and failed: Unable to write to file '/config/usb_gadget/g1/UDC': Unable to write file contents: Device or resource busy
05-15 18:57:48.961 465 493 I RIL : ---> enter mainloop wait at port
05-15 18:57:48.961 465 493 D RIL-DEV : Get modem info
05-15 18:57:48.962 465 493 D RIL-DEV : [05-15_18:57:48:962] idVendor = 0bda
05-15 18:57:48.962 465 493 D RIL-DEV :
05-15 18:57:48.962 465 493 D RIL-DEV : [05-15_18:57:48:963] idVendor = 05e3
05-15 18:57:48.962 465 493 D RIL-DEV :
05-15 18:57:48.963 465 493 D RIL-DEV : [05-15_18:57:48:963] idVendor = 1d6b
05-15 18:57:48.963 465 493 D RIL-DEV :
05-15 18:57:48.963 465 493 D RIL-DEV : [05-15_18:57:48:964] idVendor = 1d6b
05-15 18:57:48.963 465 493 D RIL-DEV :
05-15 18:57:48.963 465 493 D RIL-DEV : [05-15_18:57:48:964] idVendor = 0bda
05-15 18:57:48.963 465 493 D RIL-DEV :
05-15 18:57:48.964 465 493 D RIL-DEV : [05-15_18:57:48:964] idVendor = 1d6b
05-15 18:57:48.964 465 493 D RIL-DEV :
05-15 18:57:48.964 465 493 D RIL-DEV : [05-15_18:57:48:965] idVendor = 2109
05-15 18:57:48.964 465 493 D RIL-DEV :
05-15 18:57:48.965 465 493 D RIL-DEV : [05-15_18:57:48:965] idVendor = 2109
05-15 18:57:48.965 465 493 D RIL-DEV :
05-15 18:57:48.965 465 493 D RIL-DEV : [05-15_18:57:48:965] idVendor = 1d6b
05-15 18:57:48.965 465 493 D RIL-DEV :
05-15 18:57:48.965 465 493 D RIL-DEV : [05-15_18:57:48:966] idVendor = 0bda
05-15 18:57:48.965 465 493 D RIL-DEV :
05-15 18:57:48.966 465 493 D RIL-DEV : [05-15_18:57:48:966] idVendor = 2109
05-15 18:57:48.966 465 493 D RIL-DEV :
05-15 18:57:48.967 465 493 E RIL-DEV : Cannot find Meig devices
05-15 18:57:48.967 465 493 I RIL : ---> can't find meig usb devices
05-15 18:57:49.002 1391 1391 W ContextImpl: Calling a method in the system process without a qualified user: android.app.ContextImpl.sendBroadcast:1181 android.content.ContextWrapper.sendBroadcast:479 cn.eben.newweather.DateWeatherService.a:19 cn.eben.newweather.DateWeatherService.a:0 cn.eben.newweather.DateWeatherService$1.handleMessage:7
05-15 19:29:14.043 27448 27448 I binder : 27049:27448 transaction failed 29202/0, size 1588-0 line 3265
05-15 19:29:14.270 541 541 I : read descriptors
05-15 19:29:14.271 541 541 I : read strings
05-15 19:29:14.273 1 1 I init : processing action (sys.usb.config=adb && sys.usb.configfs=1 && sys.usb.ffs.ready=1) from (/system/etc/init/hw/init.usb.configfs.rc:20)
05-15 19:29:14.276 1 1 I init : Command 'symlink /config/usb_gadget/g1/functions/ffs.adb /config/usb_gadget/g1/configs/b.1/f1' action=sys.usb.config=adb && sys.usb.configfs=1 && sys.usb.ffs.ready=1 (/system/etc/init/hw/init.usb.configfs.rc:22) took 1ms and failed: symlink() failed: File exists
05-15 19:29:14.277 1 1 I init : Command 'write /config/usb_gadget/g1/UDC ${sys.usb.controller}' action=sys.usb.config=adb && sys.usb.configfs=1 && sys.usb.ffs.ready=1 (/system/etc/init/hw/init.usb.configfs.rc:23) took 1ms and failed: Unable to write to file '/config/usb_gadget/g1/UDC': Unable to write file contents: Device or resource busy
05-15 18:57:50.003 1391 1391 W ContextImpl: Calling a method in the system process without a qualified user: android.app.ContextImpl.sendBroadcast:1181 android.content.ContextWrapper.sendBroadcast:479 cn.eben.newweather.DateWeatherService.a:19 cn.eben.newweather.DateWeatherService.a:0 cn.eben.newweather.DateWeatherService$1.handleMessage:7
05-15 19:29:15.317 541 541 I : read descriptors
05-15 19:29:15.317 541 541 I : read strings
05-15 19:29:15.319 1 1 I init : processing action (sys.usb.config=adb && sys.usb.configfs=1 && sys.usb.ffs.ready=1) from (/system/etc/init/hw/init.usb.configfs.rc:20)
05-15 19:29:15.322 1 1 I init : Command 'symlink /config/usb_gadget/g1/functions/ffs.adb /config/usb_gadget/g1/configs/b.1/f1' action=sys.usb.config=adb && sys.usb.configfs=1 && sys.usb.ffs.ready=1 (/system/etc/init/hw/init.usb.configfs.rc:22) took 0ms and failed: symlink() failed: File exists
05-15 19:29:15.322 1 1 I init : Command 'write /config/usb_gadget/g1/UDC ${sys.usb.controller}' action=sys.usb.config=adb && sys.usb.configfs=1 && sys.usb.ffs.ready=1 (/system/etc/init/hw/init.usb.configfs.rc:23) took 0ms and failed: Unable to write to file '/config/usb_gadget/g1/UDC': Unable to write file contents: Device or resource busy
05-15 18:57:50.967 465 493 I RIL : ---> enter mainloop wait at port
05-15 18:57:50.967 465 493 D RIL-DEV : Get modem info
05-15 18:57:50.968 465 493 D RIL-DEV : [05-15_18:57:50:969] idVendor = 0bda
05-15 18:57:50.968 465 493 D RIL-DEV :
05-15 18:57:50.969 465 493 D RIL-DEV : [05-15_18:57:50:969] idVendor = 05e3
05-15 18:57:50.969 465 493 D RIL-DEV :
05-15 18:57:50.969 465 493 D RIL-DEV : [05-15_18:57:50:969] idVendor = 1d6b
05-15 18:57:50.969 465 493 D RIL-DEV :
05-15 18:57:50.969 465 493 D RIL-DEV : [05-15_18:57:50:970] idVendor = 1d6b
05-15 18:57:50.969 465 493 D RIL-DEV :
05-15 18:57:50.970 465 493 D RIL-DEV : [05-15_18:57:50:970] idVendor = 0bda
05-15 18:57:50.970 465 493 D RIL-DEV :
05-15 18:57:50.970 465 493 D RIL-DEV : [05-15_18:57:50:971] idVendor = 1d6b
05-15 18:57:50.970 465 493 D RIL-DEV :
05-15 18:57:50.971 465 493 D RIL-DEV : [05-15_18:57:50:971] idVendor = 2109
05-15 18:57:50.971 465 493 D RIL-DEV :
05-15 18:57:50.971 465 493 D RIL-DEV : [05-15_18:57:50:972] idVendor = 2109
05-15 18:57:50.971 465 493 D RIL-DEV :
05-15 18:57:50.971 465 493 D RIL-DEV : [05-15_18:57:50:972] idVendor = 1d6b
05-15 18:57:50.971 465 493 D RIL-DEV :
05-15 18:57:50.972 465 493 D RIL-DEV : [05-15_18:57:50:972] idVendor = 0bda
05-15 18:57:50.972 465 493 D RIL-DEV :
05-15 18:57:50.972 465 493 D RIL-DEV : [05-15_18:57:50:973] idVendor = 2109
05-15 18:57:50.972 465 493 D RIL-DEV :
05-15 18:57:50.973 465 493 E RIL-DEV : Cannot find Meig devices
05-15 18:57:50.973 465 493 I RIL : ---> can't find meig usb devices
05-15 18:57:51.003 1391 1391 W ContextImpl: Calling a method in the system process without a qualified user: android.app.ContextImpl.sendBroadcast:1181 android.content.ContextWrapper.sendBroadcast:479 cn.eben.newweather.DateWeatherService.a:19 cn.eben.newweather.DateWeatherService.a:0 cn.eben.newweather.DateWeatherService$1.handleMessage:7
05-15 19:29:16.367 541 541 I : read descriptors
05-15 19:29:16.367 541 541 I : read strings
05-15 19:29:16.370 1 1 I init : processing action (sys.usb.config=adb && sys.usb.configfs=1 && sys.usb.ffs.ready=1) from (/system/etc/init/hw/init.usb.configfs.rc:20)
05-15 18:57:52.003 1391 1391 W ContextImpl: Calling a method in the system process without a qualified user: android.app.ContextImpl.sendBroadcast:1181 android.content.ContextWrapper.sendBroadcast:479 cn.eben.newweather.DateWeatherService.a:19 cn.eben.newweather.DateWeatherService.a:0 cn.eben.newweather.DateWeatherService$1.handleMessage:7
05-15 19:29:17.441 541 541 I : read descriptors
05-15 19:29:17.441 541 541 I : read strings
05-15 18:57:52.973 465 493 I RIL : ---> enter mainloop wait at port
05-15 18:57:52.973 465 493 D RIL-DEV : Get modem info
05-15 18:57:52.974 465 493 D RIL-DEV : [05-15_18:57:52:975] idVendor = 0bda
05-15 18:57:52.974 465 493 D RIL-DEV :
05-15 18:57:52.975 465 493 D RIL-DEV : [05-15_18:57:52:975] idVendor = 05e3
05-15 18:57:52.975 465 493 D RIL-DEV :
05-15 18:57:52.975 465 493 D RIL-DEV : [05-15_18:57:52:975] idVendor = 1d6b
05-15 18:57:52.975 465 493 D RIL-DEV :
05-15 18:57:52.975 465 493 D RIL-DEV : [05-15_18:57:52:976] idVendor = 1d6b
05-15 18:57:52.975 465 493 D RIL-DEV :
05-15 18:57:52.976 465 493 D RIL-DEV : [05-15_18:57:52:976] idVendor = 0bda
05-15 18:57:52.976 465 493 D RIL-DEV :
05-15 18:57:52.976 465 493 D RIL-DEV : [05-15_18:57:52:977] idVendor = 1d6b
05-15 18:57:52.976 465 493 D RIL-DEV :
05-15 18:57:52.976 465 493 D RIL-DEV : [05-15_18:57:52:977] idVendor = 2109
05-15 18:57:52.976 465 493 D RIL-DEV :
05-15 18:57:52.977 465 493 D RIL-DEV : [05-15_18:57:52:977] idVendor = 2109
05-15 18:57:52.977 465 493 D RIL-DEV :
05-15 18:57:52.977 465 493 D RIL-DEV : [05-15_18:57:52:978] idVendor = 1d6b
05-15 18:57:52.977 465 493 D RIL-DEV :
05-15 18:57:52.978 465 493 D RIL-DEV : [05-15_18:57:52:978] idVendor = 0bda
05-15 18:57:52.978 465 493 D RIL-DEV :
05-15 18:57:52.978 465 493 D RIL-DEV : [05-15_18:57:52:978] idVendor = 2109
05-15 18:57:52.978 465 493 D RIL-DEV :
05-15 18:57:52.978 465 493 E RIL-DEV : Cannot find Meig devices
05-15 18:57:52.978 465 493 I RIL : ---> can't find meig usb devices
05-15 18:57:53.003 1391 1391 W ContextImpl: Calling a method in the system process without a qualified user: android.app.ContextImpl.sendBroadcast:1181 android.content.ContextWrapper.sendBroadcast:479 cn.eben.newweather.DateWeatherService.a:19 cn.eben.newweather.DateWeatherService.a:0 cn.eben.newweather.DateWeatherService$1.handleMessage:7
05-15 18:57:53.596 623 1955 W ContentProviderHelper: Permission Denial: opening provider com.android.providers.contacts.ContactsProvider2 from ProcessRecord{6d23060 1792:cn.eben.sync/u0a64} (pid=1792, uid=10064) requires android.permission.READ_CONTACTS or android.permission.WRITE_CONTACTS
05-15 19:29:18.491 541 541 I : read descriptors
05-15 19:29:18.491 541 541 I : read strings
05-15 19:29:18.493 1 1 I init : processing action (sys.usb.config=adb && sys.usb.configfs=1 && sys.usb.ffs.ready=1) from (/system/etc/init/hw/init.usb.configfs.rc:20)
05-15 19:29:18.496 1 1 I init : Command 'symlink /config/usb_gadget/g1/functions/ffs.adb /config/usb_gadget/g1/configs/b.1/f1' action=sys.usb.config=adb && sys.usb.configfs=1 && sys.usb.ffs.ready=1 (/system/etc/init/hw/init.usb.configfs.rc:22) took 0ms and failed: symlink() failed: File exists
05-15 19:29:18.497 1 1 I init : Command 'write /config/usb_gadget/g1/UDC ${sys.usb.controller}' action=sys.usb.config=adb && sys.usb.configfs=1 && sys.usb.ffs.ready=1 (/system/etc/init/hw/init.usb.configfs.rc:23) took 0ms and failed: Unable to write to file '/config/usb_gadget/g1/UDC': Unable to write file contents: Device or resource busy
05-15 18:57:54.003 1391 1391 W ContextImpl: Calling a method in the system process without a qualified user: android.app.ContextImpl.sendBroadcast:1181 android.content.ContextWrapper.sendBroadcast:479 cn.eben.newweather.DateWeatherService.a:19 cn.eben.newweather.DateWeatherService.a:0 cn.eben.newweather.DateWeatherService$1.handleMessage:7
05-15 18:57:54.979 465 493 I RIL : ---> enter mainloop wait at port
05-15 18:57:54.979 465 493 D RIL-DEV : Get modem info
05-15 18:57:54.980 465 493 D RIL-DEV : [05-15_18:57:54:980] idVendor = 0bda
05-15 18:57:54.980 465 493 D RIL-DEV :
05-15 18:57:54.980 465 493 D RIL-DEV : [05-15_18:57:54:981] idVendor = 05e3
05-15 18:57:54.980 465 493 D RIL-DEV :
05-15 18:57:54.981 465 493 D RIL-DEV : [05-15_18:57:54:981] idVendor = 1d6b
05-15 18:57:54.981 465 493 D RIL-DEV :
05-15 18:57:54.981 465 493 D RIL-DEV : [05-15_18:57:54:981] idVendor = 1d6b
05-15 18:57:54.981 465 493 D RIL-DEV :
05-15 18:57:54.981 465 493 D RIL-DEV : [05-15_18:57:54:982] idVendor = 0bda
05-15 18:57:54.981 465 493 D RIL-DEV :
05-15 18:57:54.982 465 493 D RIL-DEV : [05-15_18:57:54:982] idVendor = 1d6b
05-15 18:57:54.982 465 493 D RIL-DEV :
05-15 18:57:54.982 465 493 D RIL-DEV : [05-15_18:57:54:983] idVendor = 2109
05-15 18:57:54.982 465 493 D RIL-DEV :
05-15 18:57:54.983 465 493 D RIL-DEV : [05-15_18:57:54:983] idVendor = 2109
05-15 18:57:54.983 465 493 D RIL-DEV :
05-15 18:57:54.983 465 493 D RIL-DEV : [05-15_18:57:54:984] idVendor = 1d6b
05-15 18:57:54.983 465 493 D RIL-DEV :
05-15 18:57:54.984 465 493 D RIL-DEV : [05-15_18:57:54:984] idVendor = 0bda
05-15 18:57:54.984 465 493 D RIL-DEV :
05-15 18:57:54.984 465 493 D RIL-DEV : [05-15_18:57:54:984] idVendor = 2109
05-15 18:57:54.984 465 493 D RIL-DEV :
05-15 18:57:54.984 465 493 E RIL-DEV : Cannot find Meig devices
05-15 18:57:54.985 465 493 I RIL : ---> can't find meig usb devices
05-15 18:57:55.003 1391 1391 W ContextImpl: Calling a method in the system process without a qualified user: android.app.ContextImpl.sendBroadcast:1181 android.content.ContextWrapper.sendBroadcast:479 cn.eben.newweather.DateWeatherService.a:19 cn.eben.newweather.DateWeatherService.a:0 cn.eben.newweather.DateWeatherService$1.handleMessage:7
05-15 19:29:19.550 541 541 I : read descriptors
05-15 19:29:19.551 541 541 I : read strings
05-15 19:29:19.553 1 1 I init : processing action (sys.usb.config=adb && sys.usb.configfs=1 && sys.usb.ffs.ready=1) from (/system/etc/init/hw/init.usb.configfs.rc:20)
05-15 19:29:19.556 1 1 I init : Command 'symlink /config/usb_gadget/g1/functions/ffs.adb /config/usb_gadget/g1/configs/b.1/f1' action=sys.usb.config=adb && sys.usb.configfs=1 && sys.usb.ffs.ready=1 (/system/etc/init/hw/init.usb.configfs.rc:22) took 0ms and failed: symlink() failed: File exists
05-15 19:29:19.558 1 1 I init : Command 'write /config/usb_gadget/g1/UDC ${sys.usb.controller}' action=sys.usb.config=adb && sys.usb.configfs=1 && sys.usb.ffs.ready=1 (/system/etc/init/hw/init.usb.configfs.rc:23) took 2ms and failed: Unable to write to file '/config/usb_gadget/g1/UDC': Unable to write file contents: Device or resource busy
05-15 18:57:56.002 1391 1391 W ContextImpl: Calling a method in the system process without a qualified user: android.app.ContextImpl.sendBroadcast:1181 android.content.ContextWrapper.sendBroadcast:479 cn.eben.newweather.DateWeatherService.a:19 cn.eben.newweather.DateWeatherService.a:0 cn.eben.newweather.DateWeatherService$1.handleMessage:7
05-15 19:29:20.604 541 541 I : read descriptors
05-15 19:29:20.604 541 541 I : read strings
05-15 19:29:20.606 1 1 I init : processing action (sys.usb.config=adb && sys.usb.configfs=1 && sys.usb.ffs.ready=1) from (/system/etc/init/hw/init.usb.configfs.rc:20)
05-15 19:29:20.609 1 1 I init : Command 'symlink /config/usb_gadget/g1/functions/ffs.adb /config/usb_gadget/g1/configs/b.1/f1' action=sys.usb.config=adb && sys.usb.configfs=1 && sys.usb.ffs.ready=1 (/system/etc/init/hw/init.usb.configfs.rc:22) took 1ms and failed: symlink() failed: File exists
05-15 19:29:20.612 1 1 I init : Command 'write /config/usb_gadget/g1/UDC ${sys.usb.controller}' action=sys.usb.config=adb && sys.usb.configfs=1 && sys.usb.ffs.ready=1 (/system/etc/init/hw/init.usb.configfs.rc:23) took 2ms and failed: Unable to write to file '/config/usb_gadget/g1/UDC': Unable to write file contents: Device or resource busy
05-15 19:29:21.041 27448 27448 I binder : 27049:27448 transaction failed 29202/0, size 2176-0 line 3265
05-15 19:29:21.042 27448 27448 I binder : 27049:27448 transaction failed 29202/0, size 540-0 line 3265
05-15 18:57:56.985 465 493 I RIL : ---> enter mainloop wait at port
05-15 18:57:56.985 465 493 D RIL-DEV : Get modem info
05-15 18:57:56.986 465 493 D RIL-DEV : [05-15_18:57:56:987] idVendor = 0bda
05-15 18:57:56.986 465 493 D RIL-DEV :
05-15 18:57:56.987 465 493 D RIL-DEV : [05-15_18:57:56:987] idVendor = 05e3
05-15 18:57:56.987 465 493 D RIL-DEV :
05-15 18:57:56.987 465 493 D RIL-DEV : [05-15_18:57:56:987] idVendor = 1d6b
05-15 18:57:56.987 465 493 D RIL-DEV :
05-15 18:57:56.987 465 493 D RIL-DEV : [05-15_18:57:56:988] idVendor = 1d6b
05-15 18:57:56.987 465 493 D RIL-DEV :
05-15 18:57:56.988 465 493 D RIL-DEV : [05-15_18:57:56:988] idVendor = 0bda
05-15 18:57:56.988 465 493 D RIL-DEV :
05-15 18:57:56.988 465 493 D RIL-DEV : [05-15_18:57:56:989] idVendor = 1d6b
05-15 18:57:56.988 465 493 D RIL-DEV :
05-15 18:57:56.988 465 493 D RIL-DEV : [05-15_18:57:56:989] idVendor = 2109
05-15 18:57:56.988 465 493 D RIL-DEV :
05-15 18:57:56.989 465 493 D RIL-DEV : [05-15_18:57:56:989] idVendor = 2109
05-15 18:57:56.989 465 493 D RIL-DEV :
05-15 18:57:56.989 465 493 D RIL-DEV : [05-15_18:57:56:989] idVendor = 1d6b
05-15 18:57:56.989 465 493 D RIL-DEV :
05-15 18:57:56.990 465 493 D RIL-DEV : [05-15_18:57:56:991] idVendor = 0bda
05-15 18:57:56.990 465 493 D RIL-DEV :
05-15 18:57:56.991 465 493 D RIL-DEV : [05-15_18:57:56:991] idVendor = 2109
05-15 18:57:56.991 465 493 D RIL-DEV :
05-15 18:57:56.991 465 493 E RIL-DEV : Cannot find Meig devices
05-15 18:57:56.991 465 493 I RIL : ---> can't find meig usb devices
05-15 18:57:57.003 1391 1391 W ContextImpl: Calling a method in the system process without a qualified user: android.app.ContextImpl.sendBroadcast:1181 android.content.ContextWrapper.sendBroadcast:479 cn.eben.newweather.DateWeatherService.a:19 cn.eben.newweather.DateWeatherService.a:0 cn.eben.newweather.DateWeatherService$1.handleMessage:7
05-15 19:29:21.647 541 541 I : read descriptors
05-15 19:29:21.647 541 541 I : read strings
05-15 19:29:21.649 1 1 I init : processing action (sys.usb.config=adb && sys.usb.configfs=1 && sys.usb.ffs.ready=1) from (/system/etc/init/hw/init.usb.configfs.rc:20)
05-15 18:57:58.002 1391 1391 W ContextImpl: Calling a method in the system process without a qualified user: android.app.ContextImpl.sendBroadcast:1181 android.content.ContextWrapper.sendBroadcast:479 cn.eben.newweather.DateWeatherService.a:19 cn.eben.newweather.DateWeatherService.a:0 cn.eben.newweather.DateWeatherService$1.handleMessage:7
05-15 19:29:22.701 541 541 I : read descriptors
05-15 19:29:22.701 541 541 I : read strings
05-15 18:57:58.601 623 1955 W ContentProviderHelper: Permission Denial: opening provider com.android.providers.contacts.ContactsProvider2 from ProcessRecord{6d23060 1792:cn.eben.sync/u0a64} (pid=1792, uid=10064) requires android.permission.READ_CONTACTS or android.permission.WRITE_CONTACTS
05-15 18:57:58.991 465 493 I RIL : ---> enter mainloop wait at port
05-15 18:57:58.992 465 493 D RIL-DEV : Get modem info
05-15 18:57:58.992 465 493 D RIL-DEV : [05-15_18:57:58:993] idVendor = 0bda
05-15 18:57:58.992 465 493 D RIL-DEV :
05-15 18:57:58.993 465 493 D RIL-DEV : [05-15_18:57:58:993] idVendor = 05e3
05-15 18:57:58.993 465 493 D RIL-DEV :
05-15 18:57:58.993 465 493 D RIL-DEV : [05-15_18:57:58:994] idVendor = 1d6b
05-15 18:57:58.993 465 493 D RIL-DEV :
05-15 18:57:58.994 465 493 D RIL-DEV : [05-15_18:57:58:994] idVendor = 1d6b
05-15 18:57:58.994 465 493 D RIL-DEV :
05-15 18:57:58.994 465 493 D RIL-DEV : [05-15_18:57:58:994] idVendor = 0bda
05-15 18:57:58.994 465 493 D RIL-DEV :
05-15 18:57:58.994 465 493 D RIL-DEV : [05-15_18:57:58:995] idVendor = 1d6b
05-15 18:57:58.994 465 493 D RIL-DEV :
05-15 18:57:58.995 465 493 D RIL-DEV : [05-15_18:57:58:995] idVendor = 2109
05-15 18:57:58.995 465 493 D RIL-DEV :
05-15 18:57:58.995 465 493 D RIL-DEV : [05-15_18:57:58:996] idVendor = 2109
05-15 18:57:58.995 465 493 D RIL-DEV :
05-15 18:57:58.995 465 493 D RIL-DEV : [05-15_18:57:58:996] idVendor = 1d6b
05-15 18:57:58.995 465 493 D RIL-DEV :
05-15 18:57:58.996 465 493 D RIL-DEV : [05-15_18:57:58:996] idVendor = 0bda
05-15 18:57:58.996 465 493 D RIL-DEV :
05-15 18:57:58.996 465 493 D RIL-DEV : [05-15_18:57:58:997] idVendor = 2109
05-15 18:57:58.996 465 493 D RIL-DEV :
05-15 18:57:58.996 465 493 E RIL-DEV : Cannot find Meig devices
05-15 18:57:58.996 465 493 I RIL : ---> can't find meig usb devices
05-15 18:57:59.002 1391 1391 W ContextImpl: Calling a method in the system process without a qualified user: android.app.ContextImpl.sendBroadcast:1181 android.content.ContextWrapper.sendBroadcast:479 cn.eben.newweather.DateWeatherService.a:19 cn.eben.newweather.DateWeatherService.a:0 cn.eben.newweather.DateWeatherService$1.handleMessage:7
05-15 19:29:23.757 541 541 I : read descriptors
05-15 19:29:23.758 541 541 I : read strings
05-15 19:29:23.760 1 1 I init : processing action (sys.usb.config=adb && sys.usb.configfs=1 && sys.usb.ffs.ready=1) from (/system/etc/init/hw/init.usb.configfs.rc:20)
05-15 19:29:23.763 1 1 I init : Command 'symlink /config/usb_gadget/g1/functions/ffs.adb /config/usb_gadget/g1/configs/b.1/f1' action=sys.usb.config=adb && sys.usb.configfs=1 && sys.usb.ffs.ready=1 (/system/etc/init/hw/init.usb.configfs.rc:22) took 1ms and failed: symlink() failed: File exists
05-15 19:29:23.765 1 1 I init : Command 'write /config/usb_gadget/g1/UDC ${sys.usb.controller}' action=sys.usb.config=adb && sys.usb.configfs=1 && sys.usb.ffs.ready=1 (/system/etc/init/hw/init.usb.configfs.rc:23) took 1ms and failed: Unable to write to file '/config/usb_gadget/g1/UDC': Unable to write file contents: Device or resource busy
05-15 19:29:24.068 27448 27448 I binder : 27049:27448 transaction failed 29202/0, size 1588-0 line 3265
05-15 18:58:00.004 1391 1391 W ContextImpl: Calling a method in the system process without a qualified user: android.app.ContextImpl.sendBroadcast:1181 android.content.ContextWrapper.sendBroadcast:479 cn.eben.newweather.DateWeatherService.a:19 cn.eben.newweather.DateWeatherService.a:0 cn.eben.newweather.DateWeatherService$1.handleMessage:7
05-15 19:29:24.817 541 541 I : read descriptors
05-15 19:29:24.818 541 541 I : read strings
05-15 19:29:24.820 1 1 I init : processing action (sys.usb.config=adb && sys.usb.configfs=1 && sys.usb.ffs.ready=1) from (/system/etc/init/hw/init.usb.configfs.rc:20)
05-15 19:29:24.823 1 1 I init : Command 'symlink /config/usb_gadget/g1/functions/ffs.adb /config/usb_gadget/g1/configs/b.1/f1' action=sys.usb.config=adb && sys.usb.configfs=1 && sys.usb.ffs.ready=1 (/system/etc/init/hw/init.usb.configfs.rc:22) took 0ms and failed: symlink() failed: File exists
05-15 19:29:24.824 1 1 I init : Command 'write /config/usb_gadget/g1/UDC ${sys.usb.controller}' action=sys.usb.config=adb && sys.usb.configfs=1 && sys.usb.ffs.ready=1 (/system/etc/init/hw/init.usb.configfs.rc:23) took 0ms and failed: Unable to write to file '/config/usb_gadget/g1/UDC': Unable to write file contents: Device or resource busy
05-15 18:58:00.997 465 493 I RIL : ---> enter mainloop wait at port
05-15 18:58:00.997 465 493 D RIL-DEV : Get modem info
05-15 18:58:00.998 465 493 D RIL-DEV : [05-15_18:58:00:998] idVendor = 0bda
05-15 18:58:00.998 465 493 D RIL-DEV :
05-15 18:58:00.998 465 493 D RIL-DEV : [05-15_18:58:00:999] idVendor = 05e3
05-15 18:58:00.998 465 493 D RIL-DEV :
05-15 18:58:00.999 465 493 D RIL-DEV : [05-15_18:58:00:999] idVendor = 1d6b
05-15 18:58:00.999 465 493 D RIL-DEV :
05-15 18:58:00.999 465 493 D RIL-DEV : [05-15_18:58:01:000] idVendor = 1d6b
05-15 18:58:00.999 465 493 D RIL-DEV :
05-15 18:58:01.000 465 493 D RIL-DEV : [05-15_18:58:01:000] idVendor = 0bda
05-15 18:58:01.000 465 493 D RIL-DEV :
05-15 18:58:01.000 465 493 D RIL-DEV : [05-15_18:58:01:001] idVendor = 1d6b
05-15 18:58:01.000 465 493 D RIL-DEV :
05-15 18:58:01.000 465 493 D RIL-DEV : [05-15_18:58:01:001] idVendor = 2109
05-15 18:58:01.000 465 493 D RIL-DEV :
05-15 18:58:01.001 465 493 D RIL-DEV : [05-15_18:58:01:001] idVendor = 2109
05-15 18:58:01.001 465 493 D RIL-DEV :
05-15 18:58:01.001 465 493 D RIL-DEV : [05-15_18:58:01:002] idVendor = 1d6b
05-15 18:58:01.001 465 493 D RIL-DEV :
05-15 18:58:01.001 465 493 D RIL-DEV : [05-15_18:58:01:002] idVendor = 0bda
05-15 18:58:01.001 465 493 D RIL-DEV :
05-15 18:58:01.002 465 493 D RIL-DEV : [05-15_18:58:01:002] idVendor = 2109
05-15 18:58:01.002 465 493 D RIL-DEV :
05-15 18:58:01.002 1391 1391 W ContextImpl: Calling a method in the system process without a qualified user: android.app.ContextImpl.sendBroadcast:1181 android.content.ContextWrapper.sendBroadcast:479 cn.eben.newweather.DateWeatherService.a:19 cn.eben.newweather.DateWeatherService.a:0 cn.eben.newweather.DateWeatherService$1.handleMessage:7
05-15 18:58:01.002 465 493 E RIL-DEV : Cannot find Meig devices
05-15 18:58:01.002 465 493 I RIL : ---> can't find meig usb devices
05-15 19:29:25.860 541 541 I : read descriptors
05-15 19:29:25.861 541 541 I : read strings
05-15 19:29:25.863 1 1 I init : processing action (sys.usb.config=adb && sys.usb.configfs=1 && sys.usb.ffs.ready=1) from (/system/etc/init/hw/init.usb.configfs.rc:20)
05-15 19:29:25.867 1 1 I init : Command 'symlink /config/usb_gadget/g1/functions/ffs.adb /config/usb_gadget/g1/configs/b.1/f1' action=sys.usb.config=adb && sys.usb.configfs=1 && sys.usb.ffs.ready=1 (/system/etc/init/hw/init.usb.configfs.rc:22) took 0ms and failed: symlink() failed: File exists
05-15 19:29:25.867 1 1 I init : Command 'write /config/usb_gadget/g1/UDC ${sys.usb.controller}' action=sys.usb.config=adb && sys.usb.configfs=1 && sys.usb.ffs.ready=1 (/system/etc/init/hw/init.usb.configfs.rc:23) took 0ms and failed: Unable to write to file '/config/usb_gadget/g1/UDC': Unable to write file contents: Device or resource busy
05-15 18:58:02.000 1391 1391 W ContextImpl: Calling a method in the system process without a qualified user: android.app.ContextImpl.sendBroadcast:1181 android.content.ContextWrapper.sendBroadcast:479 cn.eben.newweather.DateWeatherService.a:19 cn.eben.newweather.DateWeatherService.a:0 cn.eben.newweather.DateWeatherService$1.handleMessage:7
05-15 19:29:26.927 541 541 I : read descriptors
05-15 19:29:26.928 541 541 I : read strings
05-15 19:29:26.929 1 1 I init : processing action (sys.usb.config=adb && sys.usb.configfs=1 && sys.usb.ffs.ready=1) from (/system/etc/init/hw/init.usb.configfs.rc:20)
05-15 18:58:02.742 623 648 I am_pss : [10735,10100,com.baidu.appsearch,127913984,110129152,0,322654208,0,4,28]
05-15 18:58:03.001 1391 1391 W ContextImpl: Calling a method in the system process without a qualified user: android.app.ContextImpl.sendBroadcast:1181 android.content.ContextWrapper.sendBroadcast:479 cn.eben.newweather.DateWeatherService.a:19 cn.eben.newweather.DateWeatherService.a:0 cn.eben.newweather.DateWeatherService$1.handleMessage:7
05-15 18:58:03.002 465 493 I RIL : ---> enter mainloop wait at port
05-15 18:58:03.003 465 493 D RIL-DEV : Get modem info
05-15 18:58:03.003 465 493 D RIL-DEV : [05-15_18:58:03:004] idVendor = 0bda
05-15 18:58:03.003 465 493 D RIL-DEV :
05-15 18:58:03.003 465 493 D RIL-DEV : [05-15_18:58:03:004] idVendor = 05e3
05-15 18:58:03.003 465 493 D RIL-DEV :
05-15 18:58:03.004 465 493 D RIL-DEV : [05-15_18:58:03:004] idVendor = 1d6b
05-15 18:58:03.004 465 493 D RIL-DEV :
05-15 18:58:03.004 465 493 D RIL-DEV : [05-15_18:58:03:004] idVendor = 1d6b
05-15 18:58:03.004 465 493 D RIL-DEV :
05-15 18:58:03.004 465 493 D RIL-DEV : [05-15_18:58:03:005] idVendor = 0bda
05-15 18:58:03.004 465 493 D RIL-DEV :
05-15 18:58:03.004 465 493 D RIL-DEV : [05-15_18:58:03:005] idVendor = 1d6b
05-15 18:58:03.004 465 493 D RIL-DEV :
05-15 18:58:03.005 465 493 D RIL-DEV : [05-15_18:58:03:005] idVendor = 2109
05-15 18:58:03.005 465 493 D RIL-DEV :
05-15 18:58:03.005 465 493 D RIL-DEV : [05-15_18:58:03:005] idVendor = 2109
05-15 18:58:03.005 465 493 D RIL-DEV :
05-15 18:58:03.005 465 493 D RIL-DEV : [05-15_18:58:03:005] idVendor = 1d6b
05-15 18:58:03.005 465 493 D RIL-DEV :
05-15 18:58:03.005 465 493 D RIL-DEV : [05-15_18:58:03:006] idVendor = 0bda
05-15 18:58:03.005 465 493 D RIL-DEV :
05-15 18:58:03.005 465 493 D RIL-DEV : [05-15_18:58:03:006] idVendor = 2109
05-15 18:58:03.005 465 493 D RIL-DEV :
05-15 18:58:03.006 465 493 E RIL-DEV : Cannot find Meig devices
05-15 18:58:03.006 465 493 I RIL : ---> can't find meig usb devices
05-15 19:29:27.991 541 541 I : read descriptors
05-15 19:29:27.991 541 541 I : read strings
05-15 18:58:03.607 623 1955 W ContentProviderHelper: Permission Denial: opening provider com.android.providers.contacts.ContactsProvider2 from ProcessRecord{6d23060 1792:cn.eben.sync/u0a64} (pid=1792, uid=10064) requires android.permission.READ_CONTACTS or android.permission.WRITE_CONTACTS
