05-15 18:29:02.220 623 649 W BroadcastQueue: Target SDK mismatch: receiver ActivityInfo{5ebaa2 cn.eben.android.receiver.AppSyncReceiver} targets 27 but delivery restricted to [0, 23] broadcasting Intent { act=android.net.conn.CONNECTIVITY_CHANGE flg=0x4200010 (has extras) } from android (pid=623, uid=1000) to cn.eben.sync/cn.eben.android.receiver.AppSyncReceiver
05-15 18:29:02.221 2778 2778 W ContextImpl: Calling a method in the system process without a qualified user: android.app.ContextImpl.startService:1824 android.content.ContextWrapper.startService:774 android.content.ContextWrapper.startService:774 com.ebensz.appmanager.service.UploadMyAppsInfoService.startUploadMyAppsInfoService:78 com.ebensz.appmanager.receiver.UploadMyAppsInfoReceiver.onReceive:33
05-15 18:29:02.226 623 29877 W BroadcastQueue: Target SDK mismatch: receiver ActivityInfo{938e25 com.ebensz.ota.ActionReceiver} targets 29 but delivery restricted to [0, 23] broadcasting Intent { act=android.net.conn.CONNECTIVITY_CHANGE flg=0x4200010 (has extras) } from android (pid=623, uid=1000) to com.ebensz.ota/.ActionReceiver
05-15 18:29:02.227 623 649 W BroadcastQueue: Target SDK mismatch: receiver ActivityInfo{9c0fbfa com.taobao.accs.EventReceiver} targets 26 but delivery restricted to [0, 23] broadcasting Intent { act=android.net.conn.CONNECTIVITY_CHANGE flg=0x4200010 (has extras) } from android (pid=623, uid=1000) to com.zhangyue.read.iReader/com.taobao.accs.EventReceiver
05-15 18:29:02.227 623 649 W BroadcastQueue: Target SDK mismatch: receiver ActivityInfo{14da5ab com.taobao.fleamarket.function.network.NetworkReceiver} targets 33 but delivery restricted to [0, 23] broadcasting Intent { act=android.net.conn.CONNECTIVITY_CHANGE flg=0x4200010 (has extras) } from android (pid=623, uid=1000) to com.taobao.idlefish/com.taobao.fleamarket.function.network.NetworkReceiver
05-15 18:29:02.237 623 781 D UsbHostManager: USB device attached: vidpid 2109:8817 mfg/product/ver/serial VIA Labs, Inc. /USB Billboard Device /0.01/0000000000000001 hasAudio/HID/Storage: false/false/false
05-15 18:29:02.239 623 781 D UsbHostManager: Added device UsbDevice[mName=/dev/bus/usb/003/025,mVendorId=8457,mProductId=34839,mClass=17,mSubclass=0,mProtocol=0,mManufacturerName=VIA Labs, Inc. ,mProductName=USB Billboard Device ,mVersion=0.01,mSerialNumberReader=com.android.server.usb.UsbSerialReader@3cbd408, mHasAudioPlayback=false, mHasAudioCapture=false, mHasMidi=false, mHasVideoCapture=false, mHasVideoPlayback=false, mConfigurations=[
05-15 18:29:02.239 623 781 D UsbHostManager: UsbConfiguration[mId=1,mName=0000000000000001,mAttributes=160,mMaxPower=50,mInterfaces=[
05-15 18:29:02.239 623 781 D UsbHostManager: UsbInterface[mId=0,mAlternateSetting=0,mName=0000000000000001,mClass=17,mSubclass=0,mProtocol=0,mEndpoints=[]]]
05-15 18:29:02.540 10735 10735 I dvm_lock_sample: [com.baidu.appsearch,1,main,317,QueuedWork.java,252,void android.app.QueuedWork.processPendingWork(),-,273,void android.app.QueuedWork.processPendingWork(),63]
05-15 18:29:02.552 623 623 W Looper : Slow dispatch took 382ms main h=android.app.ActivityThread$H c=android.app.LoadedApk$ReceiverDispatcher$Args$$ExternalSyntheticLambda0@d12ddc6 m=0
05-15 18:29:02.553 623 623 W Looper : Slow delivery took 380ms main h=com.android.server.job.controllers.ConnectivityController$CcHandler c=null m=0
05-15 18:29:02.556 623 623 W Looper : Drained
05-15 18:29:02.556 623 623 I battery_saving_stats: [0,0,0,49665,0,0,1571426,0,0]
05-15 18:29:02.589 623 623 I notification_enqueue: [10100,10735,com.baidu.appsearch,2131755453,NULL,0,Notification(channel=手机管理、安全检测相关通知 shortcut=null contentView=null vibrate=null sound=null defaults=0x0 flags=0x62 color=0x00000000 vis=PRIVATE),1]
05-15 18:29:02.611 623 623 I power_screen_broadcast_done: [1,471,1]
05-15 18:29:03.003 1391 1391 W ContextImpl: Calling a method in the system process without a qualified user: android.app.ContextImpl.sendBroadcast:1181 android.content.ContextWrapper.sendBroadcast:479 cn.eben.newweather.DateWeatherService.a:19 cn.eben.newweather.DateWeatherService.a:0 cn.eben.newweather.DateWeatherService$1.handleMessage:7
05-15 18:29:03.059 623 664 I sysui_latency: [5,931]
05-15 18:29:03.060 623 664 W PowerManagerService: Screen on took 933 ms
05-15 18:29:03.060 623 623 I sysui_multi_action: [757,198,758,1,759,3,1359,933,1694,14]
05-15 18:29:03.060 623 623 I power_screen_state: [1,0,0,0,933]
05-15 18:29:03.234 2778 2778 W ContextImpl: Calling a method in the system process without a qualified user: android.app.ContextImpl.startService:1824 android.content.ContextWrapper.startService:774 com.ebensz.appmanager.service.UploadMyAppsInfoService$1.handleMessage:63 android.os.Handler.dispatchMessage:106 android.os.Looper.loopOnce:201
05-15 18:29:04.002 1391 1391 W ContextImpl: Calling a method in the system process without a qualified user: android.app.ContextImpl.sendBroadcast:1181 android.content.ContextWrapper.sendBroadcast:479 cn.eben.newweather.DateWeatherService.a:19 cn.eben.newweather.DateWeatherService.a:0 cn.eben.newweather.DateWeatherService$1.handleMessage:7
05-15 18:29:05.003 1391 1391 W ContextImpl: Calling a method in the system process without a qualified user: android.app.ContextImpl.sendBroadcast:1181 android.content.ContextWrapper.sendBroadcast:479 cn.eben.newweather.DateWeatherService.a:19 cn.eben.newweather.DateWeatherService.a:0 cn.eben.newweather.DateWeatherService$1.handleMessage:7
05-15 18:29:06.002 1391 1391 W ContextImpl: Calling a method in the system process without a qualified user: android.app.ContextImpl.sendBroadcast:1181 android.content.ContextWrapper.sendBroadcast:479 cn.eben.newweather.DateWeatherService.a:19 cn.eben.newweather.DateWeatherService.a:0 cn.eben.newweather.DateWeatherService$1.handleMessage:7
05-15 18:29:07.002 1391 1391 W ContextImpl: Calling a method in the system process without a qualified user: android.app.ContextImpl.sendBroadcast:1181 android.content.ContextWrapper.sendBroadcast:479 cn.eben.newweather.DateWeatherService.a:19 cn.eben.newweather.DateWeatherService.a:0 cn.eben.newweather.DateWeatherService$1.handleMessage:7
05-15 18:29:07.085 623 6545 W ContentProviderHelper: Permission Denial: opening provider com.android.providers.contacts.ContactsProvider2 from ProcessRecord{6d23060 1792:cn.eben.sync/u0a64} (pid=1792, uid=10064) requires android.permission.READ_CONTACTS or android.permission.WRITE_CONTACTS
05-15 18:29:07.302 623 730 I netstats_mobile_sample: [0,0,0,0,0,0,0,0,0,0,0,0,1747297790615]
05-15 18:29:07.302 623 730 I netstats_wifi_sample: [0,0,0,0,0,0,0,0,0,0,0,0,1747297790615]
05-15 18:29:07.366 623 730 I netstats_mobile_sample: [0,0,0,0,0,0,0,0,0,0,0,0,1747297790679]
05-15 18:29:07.366 623 730 I netstats_wifi_sample: [0,0,0,0,0,0,0,0,0,0,0,0,1747297790679]
05-15 18:29:07.384 623 730 W ContextImpl: Calling a method in the system process without a qualified user: android.app.ContextImpl.sendStickyBroadcast:1567 com.android.server.ConnectivityService.sendStickyBroadcast:2811 com.android.server.ConnectivityService.sendGeneralBroadcast:2786 com.android.server.ConnectivityService.sendConnectedBroadcast:2759 com.android.server.ConnectivityService.sendLegacyNetworkBroadcast:8704
05-15 18:29:07.388 623 649 W BroadcastQueue: Target SDK mismatch: receiver ActivityInfo{4c8b30c com.xiaomi.push.service.receivers.NetworkStatusReceiver} targets 26 but delivery restricted to [0, 23] broadcasting Intent { act=android.net.conn.CONNECTIVITY_CHANGE flg=0x4200010 (has extras) } from android (pid=623, uid=1000) to com.zhangyue.read.iReader/com.xiaomi.push.service.receivers.NetworkStatusReceiver
05-15 18:29:07.388 623 649 W BroadcastQueue: Target SDK mismatch: receiver ActivityInfo{74a1455 com.xiaomi.push.service.receivers.NetworkStatusReceiver} targets 33 but delivery restricted to [0, 23] broadcasting Intent { act=android.net.conn.CONNECTIVITY_CHANGE flg=0x4200010 (has extras) } from android (pid=623, uid=1000) to com.taobao.idlefish/com.xiaomi.push.service.receivers.NetworkStatusReceiver
05-15 18:29:07.388 623 649 W BroadcastQueue: Target SDK mismatch: receiver ActivityInfo{b7abe6a com.xiaomi.push.service.receivers.NetworkStatusReceiver} targets 33 but delivery restricted to [0, 23] broadcasting Intent { act=android.net.conn.CONNECTIVITY_CHANGE flg=0x4200010 (has extras) } from android (pid=623, uid=1000) to com.taobao.taobao/com.xiaomi.push.service.receivers.NetworkStatusReceiver
05-15 18:29:07.388 623 649 W BroadcastQueue: Target SDK mismatch: receiver ActivityInfo{9438f5b cn.eben.help.LoadAllReceiver} targets 28 but delivery restricted to [0, 23] broadcasting Intent { act=android.net.conn.CONNECTIVITY_CHANGE flg=0x4200010 (has extras) } from android (pid=623, uid=1000) to cn.eben.help/.LoadAllReceiver
05-15 18:29:07.388 623 649 W BroadcastQueue: Target SDK mismatch: receiver ActivityInfo{2d3f3f8 cn.eben.android.receiver.AppSyncReceiver} targets 27 but delivery restricted to [0, 23] broadcasting Intent { act=android.net.conn.CONNECTIVITY_CHANGE flg=0x4200010 (has extras) } from android (pid=623, uid=1000) to cn.eben.sync/cn.eben.android.receiver.AppSyncReceiver
05-15 18:29:07.393 2778 2778 W ContextImpl: Calling a method in the system process without a qualified user: android.app.ContextImpl.startService:1824 android.content.ContextWrapper.startService:774 android.content.ContextWrapper.startService:774 com.ebensz.appmanager.service.UploadMyAppsInfoService.startUploadMyAppsInfoService:78 com.ebensz.appmanager.receiver.UploadMyAppsInfoReceiver.onReceive:33
05-15 18:29:07.419 1699 1699 W ContextImpl: Calling a method in the system process without a qualified user: android.app.ContextImpl.startService:1824 android.content.ContextWrapper.startService:774 android.content.ContextWrapper.startService:774 com.ebensz.appmanager.mydownloadmanager.DownloadReceiver.startService:245 com.ebensz.appmanager.mydownloadmanager.DownloadReceiver.onReceive:74
05-15 18:29:07.427 623 623 I notification_cancel_all: [1000,1699,com.ebensz.appmanager,0,0,64,9,NULL]
05-15 18:29:07.428 623 3030 W BroadcastQueue: Target SDK mismatch: receiver ActivityInfo{efd170e com.ebensz.ota.ActionReceiver} targets 29 but delivery restricted to [0, 23] broadcasting Intent { act=android.net.conn.CONNECTIVITY_CHANGE flg=0x4200010 (has extras) } from android (pid=623, uid=1000) to com.ebensz.ota/.ActionReceiver
05-15 18:29:07.429 623 649 W BroadcastQueue: Target SDK mismatch: receiver ActivityInfo{eb9bcc5 com.taobao.accs.EventReceiver} targets 26 but delivery restricted to [0, 23] broadcasting Intent { act=android.net.conn.CONNECTIVITY_CHANGE flg=0x4200010 (has extras) } from android (pid=623, uid=1000) to com.zhangyue.read.iReader/com.taobao.accs.EventReceiver
05-15 18:29:07.429 623 649 W BroadcastQueue: Target SDK mismatch: receiver ActivityInfo{1f7961a com.taobao.fleamarket.function.network.NetworkReceiver} targets 33 but delivery restricted to [0, 23] broadcasting Intent { act=android.net.conn.CONNECTIVITY_CHANGE flg=0x4200010 (has extras) } from android (pid=623, uid=1000) to com.taobao.idlefish/com.taobao.fleamarket.function.network.NetworkReceiver
05-15 18:29:07.581 623 730 W ContextImpl: Calling a method in the system process without a qualified user: android.app.ContextImpl.sendStickyBroadcast:1567 com.android.server.ConnectivityService.sendStickyBroadcast:2811 com.android.server.ConnectivityService.sendGeneralBroadcast:2786 com.android.server.ConnectivityService.sendInetConditionBroadcast:2763 com.android.server.ConnectivityService.updateInetCondition:8451
05-15 18:29:07.593 623 623 I notification_enqueue: [10100,10735,com.baidu.appsearch,2131755453,NULL,0,Notification(channel=手机管理、安全检测相关通知 shortcut=null contentView=null vibrate=null sound=null defaults=0x0 flags=0x62 color=0x00000000 vis=PRIVATE),1]
05-15 18:29:08.001 1391 1391 W ContextImpl: Calling a method in the system process without a qualified user: android.app.ContextImpl.sendBroadcast:1181 android.content.ContextWrapper.sendBroadcast:479 cn.eben.newweather.DateWeatherService.a:19 cn.eben.newweather.DateWeatherService.a:0 cn.eben.newweather.DateWeatherService$1.handleMessage:7
05-15 18:29:08.440 2778 2778 W ContextImpl: Calling a method in the system process without a qualified user: android.app.ContextImpl.startService:1824 android.content.ContextWrapper.startService:774 com.ebensz.appmanager.service.UploadMyAppsInfoService$1.handleMessage:63 android.os.Handler.dispatchMessage:106 android.os.Looper.loopOnce:201
05-15 18:29:09.003 1391 1391 W ContextImpl: Calling a method in the system process without a qualified user: android.app.ContextImpl.sendBroadcast:1181 android.content.ContextWrapper.sendBroadcast:479 cn.eben.newweather.DateWeatherService.a:19 cn.eben.newweather.DateWeatherService.a:0 cn.eben.newweather.DateWeatherService$1.handleMessage:7
05-15 18:29:09.349 19153 19153 I auditd : type=1400 audit(0.0:4848): avc: denied { read } for comm="CrashSDKBkgdHan" name="loadavg" dev="proc" ino=4026532226 scontext=u:r:untrusted_app:s0:c101,c256,c512,c768 tcontext=u:object_r:proc_loadavg:s0 tclass=file permissive=1 app=com.taobao.idlefish
05-15 18:29:09.349 19153 19153 I auditd : type=1400 audit(0.0:4849): avc: denied { open } for comm="CrashSDKBkgdHan" path="/proc/loadavg" dev="proc" ino=4026532226 scontext=u:r:untrusted_app:s0:c101,c256,c512,c768 tcontext=u:object_r:proc_loadavg:s0 tclass=file permissive=1 app=com.taobao.idlefish
05-15 18:29:09.349 19153 19153 I auditd : type=1400 audit(0.0:4850): avc: denied { open } for comm="CrashSDKBkgdHan" path="/proc/stat" dev="proc" ino=4026532228 scontext=u:r:untrusted_app:s0:c101,c256,c512,c768 tcontext=u:object_r:proc_stat:s0 tclass=file permissive=1 app=com.taobao.idlefish
05-15 18:29:10.001 1391 1391 W ContextImpl: Calling a method in the system process without a qualified user: android.app.ContextImpl.sendBroadcast:1181 android.content.ContextWrapper.sendBroadcast:479 cn.eben.newweather.DateWeatherService.a:19 cn.eben.newweather.DateWeatherService.a:0 cn.eben.newweather.DateWeatherService$1.handleMessage:7
05-15 18:29:10.132 623 664 V DisplayPowerController[0]: Brightness [0.05] reason changing to: 'manual [ dim ]', previous reason: 'manual'.
05-15 18:29:10.132 623 664 I sysui_multi_action: [757,1696,758,6,759,2]
05-15 18:29:11.002 1391 1391 W ContextImpl: Calling a method in the system process without a qualified user: android.app.ContextImpl.sendBroadcast:1181 android.content.ContextWrapper.sendBroadcast:479 cn.eben.newweather.DateWeatherService.a:19 cn.eben.newweather.DateWeatherService.a:0 cn.eben.newweather.DateWeatherService$1.handleMessage:7
05-15 18:29:12.002 1391 1391 W ContextImpl: Calling a method in the system process without a qualified user: android.app.ContextImpl.sendBroadcast:1181 android.content.ContextWrapper.sendBroadcast:479 cn.eben.newweather.DateWeatherService.a:19 cn.eben.newweather.DateWeatherService.a:0 cn.eben.newweather.DateWeatherService$1.handleMessage:7
05-15 18:29:12.091 623 8013 W ContentProviderHelper: Permission Denial: opening provider com.android.providers.contacts.ContactsProvider2 from ProcessRecord{6d23060 1792:cn.eben.sync/u0a64} (pid=1792, uid=10064) requires android.permission.READ_CONTACTS or android.permission.WRITE_CONTACTS
05-15 18:29:12.128 623 664 I PowerManagerService: Powering off display group due to timeout (groupId= 0, uid= 1000)...
05-15 18:29:12.129 623 664 I PowerManagerService: Going to sleep due to timeout (uid 1000)...
05-15 18:29:12.131 623 664 I power_sleep_requested: 0
05-15 18:29:12.246 623 664 V DisplayPowerController[0]: Brightness [0.5472441] reason changing to: 'manual', previous reason: 'manual [ dim ]'.
05-15 18:29:12.246 623 664 I sysui_multi_action: [757,1696,758,6,759,0]
05-15 18:29:12.601 623 623 I notification_enqueue: [10100,10735,com.baidu.appsearch,2131755453,NULL,0,Notification(channel=手机管理、安全检测相关通知 shortcut=null contentView=null vibrate=null sound=null defaults=0x0 flags=0x62 color=0x00000000 vis=PRIVATE),1]
05-15 18:29:12.652 27049 27049 I auditd : type=1400 audit(0.0:4851): avc: denied { read } for comm="NativeThread" name="unix" dev="proc" ino=4026532255 scontext=u:r:untrusted_app:s0:c102,c256,c512,c768 tcontext=u:object_r:proc_net:s0 tclass=file permissive=1 app=com.taobao.taobao
05-15 18:29:12.652 27049 27049 I auditd : type=1400 audit(0.0:4852): avc: denied { open } for comm="NativeThread" path="/proc/27049/net/unix" dev="proc" ino=4026532255 scontext=u:r:untrusted_app:s0:c102,c256,c512,c768 tcontext=u:object_r:proc_net:s0 tclass=file permissive=1 app=com.taobao.taobao
05-15 18:29:12.662 623 664 I DisplayPowerController[0]: Blocking screen off
05-15 18:29:12.662 623 664 I DisplayPowerController[0]: Unblocked screen off after 0 ms
05-15 18:29:12.679 623 664 V DisplayPowerController[0]: Brightness [0.003937008] reason changing to: 'screen_off', previous reason: 'manual'.
05-15 18:29:12.681 623 643 I DisplayDeviceRepository: Display device changed state: "内置屏幕", OFF
05-15 18:29:12.989 623 664 I PowerManagerService: Sleeping display group (groupId=0, uid=1000)...
05-15 18:29:12.989 623 664 I PowerManagerService: Sleeping (uid 1000)...
05-15 18:29:12.994 623 623 I sysui_multi_action: [757,198,758,2,759,3,1359,863,1695,2]
05-15 18:29:12.995 623 623 I power_screen_state: [0,3,0,0,863]
05-15 18:29:12.995 623 623 I screen_toggled: 0
05-15 18:29:12.995 623 623 I sysui_multi_action: [757,804,799,screen_timeout,801,15,802,1]
05-15 18:29:12.997 623 623 I sysui_multi_action: [757,1594,758,4,759,-2147483648,1359,9935]
05-15 18:29:12.997 623 623 I power_screen_broadcast_send: 1
05-15 18:29:13.005 1391 1391 W ContextImpl: Calling a method in the system process without a qualified user: android.app.ContextImpl.sendBroadcast:1181 android.content.ContextWrapper.sendBroadcast:479 cn.eben.newweather.DateWeatherService.a:19 cn.eben.newweather.DateWeatherService.a:0 cn.eben.newweather.DateWeatherService$1.handleMessage:7
05-15 18:29:13.025 623 1132 I sysui_multi_action: [757,128,758,2,793,12241820,794,10856,795,12241820,796,1111,798,3,806,com.ebensz.email,857,100,858,2,947,0,1395,4,1500,12241820,1688,4,1689,2,1690,1]
05-15 18:29:13.026 623 1132 I notification_visibility: [0|com.ebensz.email|1111|null|10072,0,12241820,12241820,0,3]
05-15 18:29:13.026 623 1132 I sysui_multi_action: [757,128,758,2,793,12385149,794,10857,795,12385149,796,55,798,1,806,android,857,DEVELOPER,858,2,947,0,1395,4,1500,10857,1688,1]
05-15 18:29:13.026 623 1132 I notification_visibility: [-1|android|55|null|1000,0,12385149,12385149,0,1]
05-15 18:29:13.027 623 1132 I sysui_multi_action: [757,128,758,2,793,12232855,794,10857,795,12232855,796,1009,798,0,806,cn.eben.sync,857,CloudService,858,2,947,0,1395,4,1500,10857,1688,1]
05-15 18:29:13.027 623 1132 I notification_visibility: [0|cn.eben.sync|1009|null|10064,0,12232855,12232855,0,0]
05-15 18:29:13.027 623 1132 I sysui_multi_action: [757,128,758,2,793,3324131,794,10858,795,428,796,2131755453,798,2,806,com.baidu.appsearch,857,手机管理、安全检测相关通知,858,2,947,0,1395,4,1500,428,1688,1]
05-15 18:29:13.027 623 1132 I notification_visibility: [0|com.baidu.appsearch|2131755453|null|10100,0,3324131,428,0,2]
05-15 18:29:13.029 623 1132 I sysui_multi_action: [757,127,758,2]
05-15 18:29:13.029 623 1132 I notification_panel_hidden:
05-15 18:29:13.031 623 623 I battery_saving_stats: [0,1,0,10475,0,0,3556724,0,0]
05-15 18:29:13.056 623 3030 W ActivityManager: Ignoring request to force stop protected package u0
05-15 18:29:13.089 623 623 I power_screen_broadcast_done: [0,92,1]
05-15 18:30:02.075 1391 1391 W ContextImpl: Calling a method in the system process without a qualified user: android.app.ContextImpl.sendBroadcast:1181 android.content.ContextWrapper.sendBroadcast:479 cn.eben.newweather.DateWeatherService.a:19 cn.eben.newweather.DateWeatherService.a:0 cn.eben.newweather.DateWeatherService$1.handleMessage:7
05-15 18:30:02.133 623 781 I PowerManagerService: Powering on display group fromAsleep (groupId=0, uid=1000, reason=WAKE_REASON_USBDEV_REMOVED, details=android.server.usb: device removed)...
05-15 18:30:02.133 623 781 I PowerManagerService: Waking up from Asleep (uid=1000, reason=WAKE_REASON_USBDEV_REMOVED, details=android.server.usb: device removed)...
05-15 18:30:02.135 623 781 D UsbHostManager: Removed device at /dev/bus/usb/003/025: USB Billboard Device
05-15 18:30:02.135 623 781 I UsbAlsaManager: USB Audio Device Removed: null
05-15 18:30:02.136 623 623 I screen_toggled: 1
05-15 18:30:02.136 623 623 I power_screen_broadcast_send: 1
05-15 18:30:02.137 623 664 I DisplayPowerController[0]: Blocking screen on until initial contents have been drawn.
05-15 18:30:02.139 623 664 V DisplayPowerController[0]: Brightness [0.5472441] reason changing to: 'manual', previous reason: 'screen_off'.
05-15 18:30:02.139 623 664 I sysui_multi_action: [757,1696,758,6,759,3]
05-15 18:30:02.142 623 643 I DisplayDeviceRepository: Display device changed state: "内置屏幕", ON
05-15 18:30:02.158 623 936 I sysui_multi_action: [757,127,758,1]
05-15 18:30:02.159 623 936 I sysui_multi_action: [757,804,799,note_load,801,4,802,1]
05-15 18:30:02.159 623 936 I notification_panel_revealed: 4
05-15 18:30:02.163 623 936 I sysui_multi_action: [757,128,758,1,793,12290958,794,0,795,12290958,796,1111,798,3,806,com.ebensz.email,857,100,858,2,947,0,1395,4,1500,12290958,1688,4,1689,2,1690,1]
05-15 18:30:02.163 623 936 I sysui_multi_action: [757,804,799,note_freshness,801,12290958,802,1]
05-15 18:30:02.163 623 936 I notification_visibility: [0|com.ebensz.email|1111|null|10072,1,12290958,12290958,0,3]
05-15 18:30:02.163 623 936 I sysui_multi_action: [757,128,758,1,793,12434286,794,0,795,12434286,796,55,798,1,806,android,857,DEVELOPER,858,2,947,0,1395,4,1500,59994,1688,1]
05-15 18:30:02.163 623 936 I sysui_multi_action: [757,1501,758,1,793,12434286,794,0,795,12434286,796,55,806,android,857,DEVELOPER,858,2,947,0,1500,0,1688,1]
05-15 18:30:02.163 623 936 I sysui_multi_action: [757,804,799,note_interruptive,801,0,802,1]
05-15 18:30:02.163 623 936 I sysui_multi_action: [757,804,799,note_freshness,801,12434286,802,1]
05-15 18:30:02.163 623 936 I notification_visibility: [-1|android|55|null|1000,1,12434286,12434286,0,1]
05-15 18:30:02.163 623 936 I sysui_multi_action: [757,128,758,1,793,12281992,794,0,795,12281992,796,1009,798,0,806,cn.eben.sync,857,CloudService,858,2,947,0,1395,4,1500,59994,1688,1]
05-15 18:30:02.163 623 936 I sysui_multi_action: [757,1501,758,1,793,12281992,794,0,795,12281992,796,1009,806,cn.eben.sync,857,CloudService,858,2,947,0,1500,0,1688,1]
05-15 18:30:02.163 623 936 I sysui_multi_action: [757,804,799,note_interruptive,801,0,802,1]
05-15 18:30:02.163 623 936 I sysui_multi_action: [757,804,799,note_freshness,801,12281992,802,1]
05-15 18:30:02.163 623 936 I notification_visibility: [0|cn.eben.sync|1009|null|10064,1,12281992,12281992,0,0]
05-15 18:30:02.164 623 936 I sysui_multi_action: [757,128,758,1,793,3373268,794,0,795,49565,796,2131755453,798,2,806,com.baidu.appsearch,857,手机管理、安全检测相关通知,858,2,947,0,1395,4,1500,49565,1688,1]
05-15 18:30:02.164 623 936 I sysui_multi_action: [757,804,799,note_freshness,801,49565,802,1]
05-15 18:30:02.164 623 936 I notification_visibility: [0|com.baidu.appsearch|2131755453|null|10100,1,3373268,49565,0,2]
05-15 18:30:02.213 623 730 I netstats_mobile_sample: [0,0,0,0,0,0,0,0,0,0,0,0,1747297845526]
05-15 18:30:02.213 623 730 I netstats_wifi_sample: [0,0,0,0,0,0,0,0,0,0,0,0,1747297845526]
05-15 18:30:02.216 623 664 I DisplayPowerController[0]: Unblocked screen on after 79 ms
05-15 18:30:02.220 623 730 W ContextImpl: Calling a method in the system process without a qualified user: android.app.ContextImpl.sendStickyBroadcast:1567 com.android.server.ConnectivityService.sendStickyBroadcast:2811 com.android.server.ConnectivityService.sendLegacyNetworkBroadcast:8732 com.android.server.ConnectivityService$LegacyTypeTracker.remove:1007 com.android.server.ConnectivityService$LegacyTypeTracker.remove:1024
05-15 18:30:02.226 623 649 W BroadcastQueue: Target SDK mismatch: receiver ActivityInfo{cddfa7e com.xiaomi.push.service.receivers.NetworkStatusReceiver} targets 26 but delivery restricted to [0, 23] broadcasting Intent { act=android.net.conn.CONNECTIVITY_CHANGE flg=0x4200010 (has extras) } from android (pid=623, uid=1000) to com.zhangyue.read.iReader/com.xiaomi.push.service.receivers.NetworkStatusReceiver
05-15 18:30:02.232 623 649 W BroadcastQueue: Target SDK mismatch: receiver ActivityInfo{353a02c com.xiaomi.push.service.receivers.NetworkStatusReceiver} targets 33 but delivery restricted to [0, 23] broadcasting Intent { act=android.net.conn.CONNECTIVITY_CHANGE flg=0x4200010 (has extras) } from android (pid=623, uid=1000) to com.taobao.idlefish/com.xiaomi.push.service.receivers.NetworkStatusReceiver
05-15 18:30:02.232 623 649 W BroadcastQueue: Target SDK mismatch: receiver ActivityInfo{370caf5 com.xiaomi.push.service.receivers.NetworkStatusReceiver} targets 33 but delivery restricted to [0, 23] broadcasting Intent { act=android.net.conn.CONNECTIVITY_CHANGE flg=0x4200010 (has extras) } from android (pid=623, uid=1000) to com.taobao.taobao/com.xiaomi.push.service.receivers.NetworkStatusReceiver
05-15 18:30:02.235 623 649 W BroadcastQueue: Target SDK mismatch: receiver ActivityInfo{4709318 cn.eben.help.LoadAllReceiver} targets 28 but delivery restricted to [0, 23] broadcasting Intent { act=android.net.conn.CONNECTIVITY_CHANGE flg=0x4200010 (has extras) } from android (pid=623, uid=1000) to cn.eben.help/.LoadAllReceiver
05-15 18:30:02.235 623 649 W BroadcastQueue: Target SDK mismatch: receiver ActivityInfo{d502171 cn.eben.android.receiver.AppSyncReceiver} targets 27 but delivery restricted to [0, 23] broadcasting Intent { act=android.net.conn.CONNECTIVITY_CHANGE flg=0x4200010 (has extras) } from android (pid=623, uid=1000) to cn.eben.sync/cn.eben.android.receiver.AppSyncReceiver
05-15 18:30:02.236 2778 2778 W ContextImpl: Calling a method in the system process without a qualified user: android.app.ContextImpl.startService:1824 android.content.ContextWrapper.startService:774 android.content.ContextWrapper.startService:774 com.ebensz.appmanager.service.UploadMyAppsInfoService.startUploadMyAppsInfoService:78 com.ebensz.appmanager.receiver.UploadMyAppsInfoReceiver.onReceive:33
05-15 18:30:02.242 623 1132 W BroadcastQueue: Target SDK mismatch: receiver ActivityInfo{63b56e2 com.ebensz.ota.ActionReceiver} targets 29 but delivery restricted to [0, 23] broadcasting Intent { act=android.net.conn.CONNECTIVITY_CHANGE flg=0x4200010 (has extras) } from android (pid=623, uid=1000) to com.ebensz.ota/.ActionReceiver
05-15 18:30:02.242 623 649 W BroadcastQueue: Target SDK mismatch: receiver ActivityInfo{890a73 com.taobao.accs.EventReceiver} targets 26 but delivery restricted to [0, 23] broadcasting Intent { act=android.net.conn.CONNECTIVITY_CHANGE flg=0x4200010 (has extras) } from android (pid=623, uid=1000) to com.zhangyue.read.iReader/com.taobao.accs.EventReceiver
05-15 18:30:02.242 623 649 W BroadcastQueue: Target SDK mismatch: receiver ActivityInfo{37aad30 com.taobao.fleamarket.function.network.NetworkReceiver} targets 33 but delivery restricted to [0, 23] broadcasting Intent { act=android.net.conn.CONNECTIVITY_CHANGE flg=0x4200010 (has extras) } from android (pid=623, uid=1000) to com.taobao.idlefish/com.taobao.fleamarket.function.network.NetworkReceiver
05-15 18:30:02.259 623 781 D UsbHostManager: USB device attached: vidpid 2109:8817 mfg/product/ver/serial VIA Labs, Inc. /USB Billboard Device /0.01/0000000000000001 hasAudio/HID/Storage: false/false/false
05-15 18:30:02.261 623 781 D UsbHostManager: Added device UsbDevice[mName=/dev/bus/usb/003/026,mVendorId=8457,mProductId=34839,mClass=17,mSubclass=0,mProtocol=0,mManufacturerName=VIA Labs, Inc. ,mProductName=USB Billboard Device ,mVersion=0.01,mSerialNumberReader=com.android.server.usb.UsbSerialReader@f208da9, mHasAudioPlayback=false, mHasAudioCapture=false, mHasMidi=false, mHasVideoCapture=false, mHasVideoPlayback=false, mConfigurations=[
05-15 18:30:02.261 623 781 D UsbHostManager: UsbConfiguration[mId=1,mName=0000000000000001,mAttributes=160,mMaxPower=50,mInterfaces=[
05-15 18:30:02.261 623 781 D UsbHostManager: UsbInterface[mId=0,mAlternateSetting=0,mName=0000000000000001,mClass=17,mSubclass=0,mProtocol=0,mEndpoints=[]]]
05-15 18:30:02.538 623 623 W Looper : Slow dispatch took 360ms main h=android.app.ActivityThread$H c=android.app.LoadedApk$ReceiverDispatcher$Args$$ExternalSyntheticLambda0@45fdacf m=0
05-15 18:30:02.538 623 623 W Looper : Slow delivery took 357ms main h=com.android.server.power.Notifier$NotifierHandler c=null m=7
05-15 18:30:02.539 623 623 W Looper : Drained
05-15 18:30:02.540 623 623 I battery_saving_stats: [0,0,0,49509,0,0,1620935,0,0]
05-15 18:30:02.574 623 623 I notification_enqueue: [10100,10735,com.baidu.appsearch,2131755453,NULL,0,Notification(channel=手机管理、安全检测相关通知 shortcut=null contentView=null vibrate=null sound=null defaults=0x0 flags=0x62 color=0x00000000 vis=PRIVATE),1]
05-15 18:30:02.589 623 623 I power_screen_broadcast_done: [1,453,1]
05-15 18:30:03.001 1391 1391 W ContextImpl: Calling a method in the system process without a qualified user: android.app.ContextImpl.sendBroadcast:1181 android.content.ContextWrapper.sendBroadcast:479 cn.eben.newweather.DateWeatherService.a:19 cn.eben.newweather.DateWeatherService.a:0 cn.eben.newweather.DateWeatherService$1.handleMessage:7
05-15 18:30:03.045 623 664 I sysui_latency: [5,911]
05-15 18:30:03.045 623 664 W PowerManagerService: Screen on took 912 ms
05-15 18:30:03.046 623 623 I sysui_multi_action: [757,198,758,1,759,3,1359,912,1694,14]
05-15 18:30:03.046 623 623 I power_screen_state: [1,0,0,0,912]
05-15 18:30:03.245 2778 2778 W ContextImpl: Calling a method in the system process without a qualified user: android.app.ContextImpl.startService:1824 android.content.ContextWrapper.startService:774 com.ebensz.appmanager.service.UploadMyAppsInfoService$1.handleMessage:63 android.os.Handler.dispatchMessage:106 android.os.Looper.loopOnce:201
05-15 18:30:03.766 623 1132 W ContentProviderHelper: Permission Denial: opening provider com.android.providers.contacts.ContactsProvider2 from ProcessRecord{6d23060 1792:cn.eben.sync/u0a64} (pid=1792, uid=10064) requires android.permission.READ_CONTACTS or android.permission.WRITE_CONTACTS
05-15 18:30:04.003 1391 1391 W ContextImpl: Calling a method in the system process without a qualified user: android.app.ContextImpl.sendBroadcast:1181 android.content.ContextWrapper.sendBroadcast:479 cn.eben.newweather.DateWeatherService.a:19 cn.eben.newweather.DateWeatherService.a:0 cn.eben.newweather.DateWeatherService$1.handleMessage:7
05-15 18:30:05.002 1391 1391 W ContextImpl: Calling a method in the system process without a qualified user: android.app.ContextImpl.sendBroadcast:1181 android.content.ContextWrapper.sendBroadcast:479 cn.eben.newweather.DateWeatherService.a:19 cn.eben.newweather.DateWeatherService.a:0 cn.eben.newweather.DateWeatherService$1.handleMessage:7
05-15 18:30:06.003 1391 1391 W ContextImpl: Calling a method in the system process without a qualified user: android.app.ContextImpl.sendBroadcast:1181 android.content.ContextWrapper.sendBroadcast:479 cn.eben.newweather.DateWeatherService.a:19 cn.eben.newweather.DateWeatherService.a:0 cn.eben.newweather.DateWeatherService$1.handleMessage:7
05-15 18:30:07.001 1391 1391 W ContextImpl: Calling a method in the system process without a qualified user: android.app.ContextImpl.sendBroadcast:1181 android.content.ContextWrapper.sendBroadcast:479 cn.eben.newweather.DateWeatherService.a:19 cn.eben.newweather.DateWeatherService.a:0 cn.eben.newweather.DateWeatherService$1.handleMessage:7
05-15 18:30:07.044 623 730 I netstats_mobile_sample: [0,0,0,0,0,0,0,0,0,0,0,0,1747297850357]
05-15 18:30:07.044 623 730 I netstats_wifi_sample: [0,0,0,0,0,0,0,0,0,0,0,0,1747297850357]
05-15 18:30:07.086 623 730 I netstats_mobile_sample: [0,0,0,0,0,0,0,0,0,0,0,0,1747297850399]
05-15 18:30:07.086 623 730 I netstats_wifi_sample: [0,0,0,0,0,0,0,0,0,0,0,0,1747297850399]
05-15 18:30:07.108 623 730 W ContextImpl: Calling a method in the system process without a qualified user: android.app.ContextImpl.sendStickyBroadcast:1567 com.android.server.ConnectivityService.sendStickyBroadcast:2811 com.android.server.ConnectivityService.sendGeneralBroadcast:2786 com.android.server.ConnectivityService.sendConnectedBroadcast:2759 com.android.server.ConnectivityService.sendLegacyNetworkBroadcast:8704
05-15 18:30:07.119 623 649 W BroadcastQueue: Target SDK mismatch: receiver ActivityInfo{9b8cb52 com.xiaomi.push.service.receivers.NetworkStatusReceiver} targets 26 but delivery restricted to [0, 23] broadcasting Intent { act=android.net.conn.CONNECTIVITY_CHANGE flg=0x4200010 (has extras) } from android (pid=623, uid=1000) to com.zhangyue.read.iReader/com.xiaomi.push.service.receivers.NetworkStatusReceiver
05-15 18:30:07.126 623 649 W BroadcastQueue: Target SDK mismatch: receiver ActivityInfo{8dacf20 com.xiaomi.push.service.receivers.NetworkStatusReceiver} targets 33 but delivery restricted to [0, 23] broadcasting Intent { act=android.net.conn.CONNECTIVITY_CHANGE flg=0x4200010 (has extras) } from android (pid=623, uid=1000) to com.taobao.idlefish/com.xiaomi.push.service.receivers.NetworkStatusReceiver
05-15 18:30:07.126 623 649 W BroadcastQueue: Target SDK mismatch: receiver ActivityInfo{30620d9 com.xiaomi.push.service.receivers.NetworkStatusReceiver} targets 33 but delivery restricted to [0, 23] broadcasting Intent { act=android.net.conn.CONNECTIVITY_CHANGE flg=0x4200010 (has extras) } from android (pid=623, uid=1000) to com.taobao.taobao/com.xiaomi.push.service.receivers.NetworkStatusReceiver
05-15 18:30:07.126 623 649 W BroadcastQueue: Target SDK mismatch: receiver ActivityInfo{8744a9e cn.eben.help.LoadAllReceiver} targets 28 but delivery restricted to [0, 23] broadcasting Intent { act=android.net.conn.CONNECTIVITY_CHANGE flg=0x4200010 (has extras) } from android (pid=623, uid=1000) to cn.eben.help/.LoadAllReceiver
05-15 18:30:07.126 623 649 W BroadcastQueue: Target SDK mismatch: receiver ActivityInfo{c74197f cn.eben.android.receiver.AppSyncReceiver} targets 27 but delivery restricted to [0, 23] broadcasting Intent { act=android.net.conn.CONNECTIVITY_CHANGE flg=0x4200010 (has extras) } from android (pid=623, uid=1000) to cn.eben.sync/cn.eben.android.receiver.AppSyncReceiver
05-15 18:30:07.128 2778 2778 W ContextImpl: Calling a method in the system process without a qualified user: android.app.ContextImpl.startService:1824 android.content.ContextWrapper.startService:774 android.content.ContextWrapper.startService:774 com.ebensz.appmanager.service.UploadMyAppsInfoService.startUploadMyAppsInfoService:78 com.ebensz.appmanager.receiver.UploadMyAppsInfoReceiver.onReceive:33
05-15 18:30:07.163 1699 1699 W ContextImpl: Calling a method in the system process without a qualified user: android.app.ContextImpl.startService:1824 android.content.ContextWrapper.startService:774 android.content.ContextWrapper.startService:774 com.ebensz.appmanager.mydownloadmanager.DownloadReceiver.startService:245 com.ebensz.appmanager.mydownloadmanager.DownloadReceiver.onReceive:74
05-15 18:30:07.167 623 936 W BroadcastQueue: Target SDK mismatch: receiver ActivityInfo{dedb977 com.ebensz.ota.ActionReceiver} targets 29 but delivery restricted to [0, 23] broadcasting Intent { act=android.net.conn.CONNECTIVITY_CHANGE flg=0x4200010 (has extras) } from android (pid=623, uid=1000) to com.ebensz.ota/.ActionReceiver
05-15 18:30:07.167 623 649 W BroadcastQueue: Target SDK mismatch: receiver ActivityInfo{5c469e4 com.taobao.accs.EventReceiver} targets 26 but delivery restricted to [0, 23] broadcasting Intent { act=android.net.conn.CONNECTIVITY_CHANGE flg=0x4200010 (has extras) } from android (pid=623, uid=1000) to com.zhangyue.read.iReader/com.taobao.accs.EventReceiver
05-15 18:30:07.167 623 649 W BroadcastQueue: Target SDK mismatch: receiver ActivityInfo{73cbe4d com.taobao.fleamarket.function.network.NetworkReceiver} targets 33 but delivery restricted to [0, 23] broadcasting Intent { act=android.net.conn.CONNECTIVITY_CHANGE flg=0x4200010 (has extras) } from android (pid=623, uid=1000) to com.taobao.idlefish/com.taobao.fleamarket.function.network.NetworkReceiver
05-15 18:30:07.167 623 623 I notification_cancel_all: [1000,1699,com.ebensz.appmanager,0,0,64,9,NULL]
05-15 18:30:07.304 623 730 W ContextImpl: Calling a method in the system process without a qualified user: android.app.ContextImpl.sendStickyBroadcast:1567 com.android.server.ConnectivityService.sendStickyBroadcast:2811 com.android.server.ConnectivityService.sendGeneralBroadcast:2786 com.android.server.ConnectivityService.sendInetConditionBroadcast:2763 com.android.server.ConnectivityService.updateInetCondition:8451
05-15 18:30:07.581 623 623 I notification_enqueue: [10100,10735,com.baidu.appsearch,2131755453,NULL,0,Notification(channel=手机管理、安全检测相关通知 shortcut=null contentView=null vibrate=null sound=null defaults=0x0 flags=0x62 color=0x00000000 vis=PRIVATE),1]
05-15 18:30:08.001 1391 1391 W ContextImpl: Calling a method in the system process without a qualified user: android.app.ContextImpl.sendBroadcast:1181 android.content.ContextWrapper.sendBroadcast:479 cn.eben.newweather.DateWeatherService.a:19 cn.eben.newweather.DateWeatherService.a:0 cn.eben.newweather.DateWeatherService$1.handleMessage:7
05-15 18:30:08.173 2778 2778 W ContextImpl: Calling a method in the system process without a qualified user: android.app.ContextImpl.startService:1824 android.content.ContextWrapper.startService:774 com.ebensz.appmanager.service.UploadMyAppsInfoService$1.handleMessage:63 android.os.Handler.dispatchMessage:106 android.os.Looper.loopOnce:201
05-15 18:30:08.772 623 637 W ContentProviderHelper: Permission Denial: opening provider com.android.providers.contacts.ContactsProvider2 from ProcessRecord{6d23060 1792:cn.eben.sync/u0a64} (pid=1792, uid=10064) requires android.permission.READ_CONTACTS or android.permission.WRITE_CONTACTS
05-15 18:30:09.002 1391 1391 W ContextImpl: Calling a method in the system process without a qualified user: android.app.ContextImpl.sendBroadcast:1181 android.content.ContextWrapper.sendBroadcast:479 cn.eben.newweather.DateWeatherService.a:19 cn.eben.newweather.DateWeatherService.a:0 cn.eben.newweather.DateWeatherService$1.handleMessage:7
05-15 18:30:10.002 1391 1391 W ContextImpl: Calling a method in the system process without a qualified user: android.app.ContextImpl.sendBroadcast:1181 android.content.ContextWrapper.sendBroadcast:479 cn.eben.newweather.DateWeatherService.a:19 cn.eben.newweather.DateWeatherService.a:0 cn.eben.newweather.DateWeatherService$1.handleMessage:7
05-15 18:30:10.137 623 664 V DisplayPowerController[0]: Brightness [0.05] reason changing to: 'manual [ dim ]', previous reason: 'manual'.
05-15 18:30:10.137 623 664 I sysui_multi_action: [757,1696,758,6,759,2]
05-15 18:30:11.003 1391 1391 W ContextImpl: Calling a method in the system process without a qualified user: android.app.ContextImpl.sendBroadcast:1181 android.content.ContextWrapper.sendBroadcast:479 cn.eben.newweather.DateWeatherService.a:19 cn.eben.newweather.DateWeatherService.a:0 cn.eben.newweather.DateWeatherService$1.handleMessage:7
05-15 18:30:12.002 1391 1391 W ContextImpl: Calling a method in the system process without a qualified user: android.app.ContextImpl.sendBroadcast:1181 android.content.ContextWrapper.sendBroadcast:479 cn.eben.newweather.DateWeatherService.a:19 cn.eben.newweather.DateWeatherService.a:0 cn.eben.newweather.DateWeatherService$1.handleMessage:7
05-15 18:30:12.135 623 664 I PowerManagerService: Powering off display group due to timeout (groupId= 0, uid= 1000)...
05-15 18:30:12.136 623 664 I PowerManagerService: Going to sleep due to timeout (uid 1000)...
05-15 18:30:12.138 623 664 I power_sleep_requested: 0
05-15 18:30:12.231 623 664 V DisplayPowerController[0]: Brightness [0.5472441] reason changing to: 'manual', previous reason: 'manual [ dim ]'.
05-15 18:30:12.231 623 664 I sysui_multi_action: [757,1696,758,6,759,0]
05-15 18:30:12.585 623 623 I notification_enqueue: [10100,10735,com.baidu.appsearch,2131755453,NULL,0,Notification(channel=手机管理、安全检测相关通知 shortcut=null contentView=null vibrate=null sound=null defaults=0x0 flags=0x62 color=0x00000000 vis=PRIVATE),1]
05-15 18:30:12.658 623 664 I DisplayPowerController[0]: Blocking screen off
05-15 18:30:12.659 623 664 I DisplayPowerController[0]: Unblocked screen off after 1 ms
05-15 18:30:12.680 623 664 V DisplayPowerController[0]: Brightness [0.003937008] reason changing to: 'screen_off', previous reason: 'manual'.
05-15 18:30:12.681 623 643 I DisplayDeviceRepository: Display device changed state: "内置屏幕", OFF
05-15 18:30:12.993 623 664 I PowerManagerService: Sleeping display group (groupId=0, uid=1000)...
05-15 18:30:12.993 623 664 I PowerManagerService: Sleeping (uid 1000)...
05-15 18:30:12.999 623 623 I sysui_multi_action: [757,198,758,2,759,3,1359,860,1695,2]
05-15 18:30:12.999 623 623 I power_screen_state: [0,3,0,0,860]
05-15 18:30:12.999 623 623 I screen_toggled: 0
05-15 18:30:13.000 623 623 I sysui_multi_action: [757,804,799,screen_timeout,801,15,802,1]
05-15 18:30:13.000 623 623 I sysui_multi_action: [757,1594,758,4,759,-2147483648,1359,9952]
05-15 18:30:13.001 623 623 I power_screen_broadcast_send: 1
05-15 18:30:13.003 1391 1391 W ContextImpl: Calling a method in the system process without a qualified user: android.app.ContextImpl.sendBroadcast:1181 android.content.ContextWrapper.sendBroadcast:479 cn.eben.newweather.DateWeatherService.a:19 cn.eben.newweather.DateWeatherService.a:0 cn.eben.newweather.DateWeatherService$1.handleMessage:7
05-15 18:30:13.027 623 1955 I sysui_multi_action: [757,128,758,2,793,12301822,794,10864,795,12301822,796,1111,798,3,806,com.ebensz.email,857,100,858,2,947,0,1395,4,1500,12301822,1688,4,1689,2,1690,1]
05-15 18:30:13.027 623 1955 I notification_visibility: [0|com.ebensz.email|1111|null|10072,0,12301822,12301822,0,3]
05-15 18:30:13.028 623 1955 I sysui_multi_action: [757,128,758,2,793,12445150,794,10864,795,12445150,796,55,798,1,806,android,857,DEVELOPER,858,2,947,0,1395,4,1500,10864,1688,1]
05-15 18:30:13.028 623 1955 I notification_visibility: [-1|android|55|null|1000,0,12445150,12445150,0,1]
05-15 18:30:13.028 623 1955 I sysui_multi_action: [757,128,758,2,793,12292857,794,10865,795,12292857,796,1009,798,0,806,cn.eben.sync,857,CloudService,858,2,947,0,1395,4,1500,10865,1688,1]
05-15 18:30:13.028 623 1955 I notification_visibility: [0|cn.eben.sync|1009|null|10064,0,12292857,12292857,0,0]
05-15 18:30:13.028 623 1955 I sysui_multi_action: [757,128,758,2,793,3384132,794,10864,795,444,796,2131755453,798,2,806,com.baidu.appsearch,857,手机管理、安全检测相关通知,858,2,947,0,1395,4,1500,444,1688,1]
05-15 18:30:13.029 623 1955 I notification_visibility: [0|com.baidu.appsearch|2131755453|null|10100,0,3384132,444,0,2]
05-15 18:30:13.029 623 623 I battery_saving_stats: [0,1,0,10489,0,0,3567213,0,0]
05-15 18:30:13.029 623 26904 I sysui_multi_action: [757,127,758,2]
05-15 18:30:13.029 623 26904 I notification_panel_hidden:
05-15 18:30:13.053 623 26904 W ActivityManager: Ignoring request to force stop protected package u0
05-15 18:30:13.092 623 623 I power_screen_broadcast_done: [0,90,1]
05-15 18:31:01.928 623 623 W Looper : Slow delivery took 1510ms main h=android.os.Handler c=com.android.internal.os.BinderCallsStats$1@eef90ab m=0
05-15 18:31:01.928 1391 1391 W ContextImpl: Calling a method in the system process without a qualified user: android.app.ContextImpl.sendBroadcast:1181 android.content.ContextWrapper.sendBroadcast:479 cn.eben.newweather.DateWeatherService.a:19 cn.eben.newweather.DateWeatherService.a:0 cn.eben.newweather.DateWeatherService$1.handleMessage:7
05-15 18:31:01.930 623 641 I dvm_lock_sample: [system_server,1,android.ui,2051,MessageQueue.java,337,android.os.Message android.os.MessageQueue.next(),-,600,boolean android.os.MessageQueue.enqueueMessage(android.os.Message, long),100]
05-15 18:31:01.930 623 641 W Looper : Slow delivery took 2052ms android.ui h=com.android.server.am.ActivityManagerService$UiHandler c=null m=31
05-15 18:31:01.934 623 1955 W ContentProviderHelper: Permission Denial: opening provider com.android.providers.contacts.ContactsProvider2 from ProcessRecord{6d23060 1792:cn.eben.sync/u0a64} (pid=1792, uid=10064) requires android.permission.READ_CONTACTS or android.permission.WRITE_CONTACTS
05-15 18:31:01.944 623 641 W Looper : Drained
05-15 18:31:01.955 623 623 W Looper : Drained
05-15 18:31:02.000 1391 1391 W ContextImpl: Calling a method in the system process without a qualified user: android.app.ContextImpl.sendBroadcast:1181 android.content.ContextWrapper.sendBroadcast:479 cn.eben.newweather.DateWeatherService.a:19 cn.eben.newweather.DateWeatherService.a:0 cn.eben.newweather.DateWeatherService$1.handleMessage:7
05-15 18:31:02.008 623 781 I PowerManagerService: Powering on display group fromAsleep (groupId=0, uid=1000, reason=WAKE_REASON_USBDEV_REMOVED, details=android.server.usb: device removed)...
05-15 18:31:02.008 623 781 I PowerManagerService: Waking up from Asleep (uid=1000, reason=WAKE_REASON_USBDEV_REMOVED, details=android.server.usb: device removed)...
05-15 18:31:02.009 623 781 D UsbHostManager: Removed device at /dev/bus/usb/003/026: USB Billboard Device
05-15 18:31:02.009 623 781 I UsbAlsaManager: USB Audio Device Removed: null
05-15 18:31:02.010 623 664 I DisplayPowerController[0]: Blocking screen on until initial contents have been drawn.
05-15 18:31:02.010 623 664 V DisplayPowerController[0]: Brightness [0.5472441] reason changing to: 'manual', previous reason: 'screen_off'.
05-15 18:31:02.010 623 664 I sysui_multi_action: [757,1696,758,6,759,3]
05-15 18:31:02.013 623 643 I DisplayDeviceRepository: Display device changed state: "内置屏幕", ON
05-15 18:31:02.023 623 623 I screen_toggled: 1
05-15 18:31:02.025 623 623 I power_screen_broadcast_send: 1
05-15 18:31:02.073 623 3030 I sysui_multi_action: [757,127,758,1]
05-15 18:31:02.073 623 3030 I sysui_multi_action: [757,804,799,note_load,801,4,802,1]
05-15 18:31:02.073 623 3030 I notification_panel_revealed: 4
05-15 18:31:02.075 623 3030 I sysui_multi_action: [757,128,758,1,793,12350870,794,0,795,12350870,796,1111,798,3,806,com.ebensz.email,857,100,858,2,947,0,1395,4,1500,12350870,1688,4,1689,2,1690,1]
05-15 18:31:02.075 623 3030 I sysui_multi_action: [757,804,799,note_freshness,801,12350870,802,1]
05-15 18:31:02.075 623 3030 I notification_visibility: [0|com.ebensz.email|1111|null|10072,1,12350870,12350870,0,3]
05-15 18:31:02.075 623 3030 I sysui_multi_action: [757,128,758,1,793,12494198,794,0,795,12494198,796,55,798,1,806,android,857,DEVELOPER,858,2,947,0,1395,4,1500,59912,1688,1]
05-15 18:31:02.075 623 3030 I sysui_multi_action: [757,1501,758,1,793,12494198,794,0,795,12494198,796,55,806,android,857,DEVELOPER,858,2,947,0,1500,0,1688,1]
05-15 18:31:02.075 623 3030 I sysui_multi_action: [757,804,799,note_interruptive,801,0,802,1]
05-15 18:31:02.075 623 3030 I sysui_multi_action: [757,804,799,note_freshness,801,12494198,802,1]
05-15 18:31:02.076 623 3030 I notification_visibility: [-1|android|55|null|1000,1,12494198,12494198,0,1]
05-15 18:31:02.076 623 3030 I sysui_multi_action: [757,128,758,1,793,12341905,794,0,795,12341905,796,1009,798,0,806,cn.eben.sync,857,CloudService,858,2,947,0,1395,4,1500,59913,1688,1]
05-15 18:31:02.076 623 3030 I sysui_multi_action: [757,1501,758,1,793,12341905,794,0,795,12341905,796,1009,806,cn.eben.sync,857,CloudService,858,2,947,0,1500,0,1688,1]
05-15 18:31:02.076 623 3030 I sysui_multi_action: [757,804,799,note_interruptive,801,0,802,1]
05-15 18:31:02.076 623 3030 I sysui_multi_action: [757,804,799,note_freshness,801,12341905,802,1]
05-15 18:31:02.076 623 3030 I notification_visibility: [0|cn.eben.sync|1009|null|10064,1,12341905,12341905,0,0]
05-15 18:31:02.076 623 3030 I sysui_multi_action: [757,128,758,1,793,3433180,794,0,795,49492,796,2131755453,798,2,806,com.baidu.appsearch,857,手机管理、安全检测相关通知,858,2,947,0,1395,4,1500,49492,1688,1]
05-15 18:31:02.076 623 3030 I sysui_multi_action: [757,804,799,note_freshness,801,49492,802,1]
05-15 18:31:02.076 623 3030 I notification_visibility: [0|com.baidu.appsearch|2131755453|null|10100,1,3433180,49492,0,2]
05-15 18:31:02.092 623 664 I DisplayPowerController[0]: Unblocked screen on after 82 ms
05-15 18:31:02.096 623 730 I netstats_mobile_sample: [0,0,0,0,0,0,0,0,0,0,0,0,1747297905409]
05-15 18:31:02.096 623 730 I netstats_wifi_sample: [0,0,0,0,0,0,0,0,0,0,0,0,1747297905409]
05-15 18:31:02.102 623 730 W ContextImpl: Calling a method in the system process without a qualified user: android.app.ContextImpl.sendStickyBroadcast:1567 com.android.server.ConnectivityService.sendStickyBroadcast:2811 com.android.server.ConnectivityService.sendLegacyNetworkBroadcast:8732 com.android.server.ConnectivityService$LegacyTypeTracker.remove:1007 com.android.server.ConnectivityService$LegacyTypeTracker.remove:1024
05-15 18:31:02.110 623 649 W BroadcastQueue: Target SDK mismatch: receiver ActivityInfo{279f4d4 com.xiaomi.push.service.receivers.NetworkStatusReceiver} targets 26 but delivery restricted to [0, 23] broadcasting Intent { act=android.net.conn.CONNECTIVITY_CHANGE flg=0x4200010 (has extras) } from android (pid=623, uid=1000) to com.zhangyue.read.iReader/com.xiaomi.push.service.receivers.NetworkStatusReceiver
05-15 18:31:02.110 623 649 W BroadcastQueue: Target SDK mismatch: receiver ActivityInfo{67e067d com.xiaomi.push.service.receivers.NetworkStatusReceiver} targets 33 but delivery restricted to [0, 23] broadcasting Intent { act=android.net.conn.CONNECTIVITY_CHANGE flg=0x4200010 (has extras) } from android (pid=623, uid=1000) to com.taobao.idlefish/com.xiaomi.push.service.receivers.NetworkStatusReceiver
