05-15 19:14:03.960 1 1 I init : Command 'symlink /config/usb_gadget/g1/functions/ffs.adb /config/usb_gadget/g1/configs/b.1/f1' action=sys.usb.config=adb && sys.usb.configfs=1 && sys.usb.ffs.ready=1 (/system/etc/init/hw/init.usb.configfs.rc:22) took 0ms and failed: symlink() failed: File exists
05-15 19:14:03.960 1 1 I init : Command 'write /config/usb_gadget/g1/UDC ${sys.usb.controller}' action=sys.usb.config=adb && sys.usb.configfs=1 && sys.usb.ffs.ready=1 (/system/etc/init/hw/init.usb.configfs.rc:23) took 0ms and failed: Unable to write to file '/config/usb_gadget/g1/UDC': Unable to write file contents: Device or resource busy
05-15 18:42:40.002 1391 1391 W ContextImpl: Calling a method in the system process without a qualified user: android.app.ContextImpl.sendBroadcast:1181 android.content.ContextWrapper.sendBroadcast:479 cn.eben.newweather.DateWeatherService.a:19 cn.eben.newweather.DateWeatherService.a:0 cn.eben.newweather.DateWeatherService$1.handleMessage:7
05-15 19:14:05.004 541 541 I : read descriptors
05-15 19:14:05.004 541 541 I : read strings
05-15 19:14:05.011 1 1 I init : processing action (sys.usb.config=adb && sys.usb.configfs=1 && sys.usb.ffs.ready=1) from (/system/etc/init/hw/init.usb.configfs.rc:20)
05-15 18:42:41.003 1391 1391 W ContextImpl: Calling a method in the system process without a qualified user: android.app.ContextImpl.sendBroadcast:1181 android.content.ContextWrapper.sendBroadcast:479 cn.eben.newweather.DateWeatherService.a:19 cn.eben.newweather.DateWeatherService.a:0 cn.eben.newweather.DateWeatherService$1.handleMessage:7
05-15 18:42:41.476 623 711 I input_interaction: Interaction with: 1e405f9 NavigationBar0 (server), PointerEventDispatcher0 (server),
05-15 18:42:41.482 782 782 I sysui_multi_action: [757,931,758,4,759,4,932,0,933,0]
05-15 18:42:41.493 623 711 I input_interaction: Interaction with: c7487a4 com.eben.browser/com.eben.browser.MainActivity (server), PointerEventDispatcher0 (server),
05-15 18:42:41.493 623 711 I input_interaction: Interaction with: 1e405f9 NavigationBar0 (server), PointerEventDispatcher0 (server),
05-15 19:14:06.074 541 541 I : read descriptors
05-15 19:14:06.074 541 541 I : read strings
05-15 18:42:41.556 782 782 I sysui_multi_action: [757,931,758,4,759,4,932,0,933,1]
05-15 18:42:41.558 623 6545 I sysui_multi_action: [757,803,799,key_back_press,802,1]
05-15 18:42:41.558 623 641 D AutofillManagerService: onBackKeyPressed()
05-15 18:42:42.001 1391 1391 W ContextImpl: Calling a method in the system process without a qualified user: android.app.ContextImpl.sendBroadcast:1181 android.content.ContextWrapper.sendBroadcast:479 cn.eben.newweather.DateWeatherService.a:19 cn.eben.newweather.DateWeatherService.a:0 cn.eben.newweather.DateWeatherService$1.handleMessage:7
05-15 18:42:42.567 623 6545 W ContentProviderHelper: Permission Denial: opening provider com.android.providers.contacts.ContactsProvider2 from ProcessRecord{6d23060 1792:cn.eben.sync/u0a64} (pid=1792, uid=10064) requires android.permission.READ_CONTACTS or android.permission.WRITE_CONTACTS
05-15 19:14:07.130 541 541 I : read descriptors
05-15 19:14:07.130 541 541 I : read strings
05-15 19:14:07.131 1 1 I init : processing action (sys.usb.config=adb && sys.usb.configfs=1 && sys.usb.ffs.ready=1) from (/system/etc/init/hw/init.usb.configfs.rc:20)
05-15 19:14:07.132 1 1 I init : Command 'symlink /config/usb_gadget/g1/functions/ffs.adb /config/usb_gadget/g1/configs/b.1/f1' action=sys.usb.config=adb && sys.usb.configfs=1 && sys.usb.ffs.ready=1 (/system/etc/init/hw/init.usb.configfs.rc:22) took 0ms and failed: symlink() failed: File exists
05-15 19:14:07.133 1 1 I init : Command 'write /config/usb_gadget/g1/UDC ${sys.usb.controller}' action=sys.usb.config=adb && sys.usb.configfs=1 && sys.usb.ffs.ready=1 (/system/etc/init/hw/init.usb.configfs.rc:23) took 0ms and failed: Unable to write to file '/config/usb_gadget/g1/UDC': Unable to write file contents: Device or resource busy
05-15 18:42:43.001 1391 1391 W ContextImpl: Calling a method in the system process without a qualified user: android.app.ContextImpl.sendBroadcast:1181 android.content.ContextWrapper.sendBroadcast:479 cn.eben.newweather.DateWeatherService.a:19 cn.eben.newweather.DateWeatherService.a:0 cn.eben.newweather.DateWeatherService$1.handleMessage:7
05-15 18:42:43.362 623 711 I input_interaction: Interaction with: c7487a4 com.eben.browser/com.eben.browser.MainActivity (server), PointerEventDispatcher0 (server),
05-15 19:14:08.170 541 541 I : read descriptors
05-15 19:14:08.170 541 541 I : read strings
05-15 19:14:08.171 1 1 I init : processing action (sys.usb.config=adb && sys.usb.configfs=1 && sys.usb.ffs.ready=1) from (/system/etc/init/hw/init.usb.configfs.rc:20)
05-15 19:14:08.172 1 1 I init : Command 'symlink /config/usb_gadget/g1/functions/ffs.adb /config/usb_gadget/g1/configs/b.1/f1' action=sys.usb.config=adb && sys.usb.configfs=1 && sys.usb.ffs.ready=1 (/system/etc/init/hw/init.usb.configfs.rc:22) took 0ms and failed: symlink() failed: File exists
05-15 19:14:08.172 1 1 I init : Command 'write /config/usb_gadget/g1/UDC ${sys.usb.controller}' action=sys.usb.config=adb && sys.usb.configfs=1 && sys.usb.ffs.ready=1 (/system/etc/init/hw/init.usb.configfs.rc:23) took 0ms and failed: Unable to write to file '/config/usb_gadget/g1/UDC': Unable to write file contents: Device or resource busy
05-15 18:42:44.002 1391 1391 W ContextImpl: Calling a method in the system process without a qualified user: android.app.ContextImpl.sendBroadcast:1181 android.content.ContextWrapper.sendBroadcast:479 cn.eben.newweather.DateWeatherService.a:19 cn.eben.newweather.DateWeatherService.a:0 cn.eben.newweather.DateWeatherService$1.handleMessage:7
05-15 19:14:08.850 443 443 W healthd : battery l=100 v=8570 t=27.5 h=1 st=3 c=0 fc=9700000 cc=0 chg=u
05-15 19:14:09.204 541 541 I : read descriptors
05-15 19:14:09.204 541 541 I : read strings
05-15 19:14:09.204 1 1 I init : processing action (sys.usb.config=adb && sys.usb.configfs=1 && sys.usb.ffs.ready=1) from (/system/etc/init/hw/init.usb.configfs.rc:20)
05-15 19:14:09.205 1 1 I init : Command 'symlink /config/usb_gadget/g1/functions/ffs.adb /config/usb_gadget/g1/configs/b.1/f1' action=sys.usb.config=adb && sys.usb.configfs=1 && sys.usb.ffs.ready=1 (/system/etc/init/hw/init.usb.configfs.rc:22) took 0ms and failed: symlink() failed: File exists
05-15 19:14:09.205 1 1 I init : Command 'write /config/usb_gadget/g1/UDC ${sys.usb.controller}' action=sys.usb.config=adb && sys.usb.configfs=1 && sys.usb.ffs.ready=1 (/system/etc/init/hw/init.usb.configfs.rc:23) took 0ms and failed: Unable to write to file '/config/usb_gadget/g1/UDC': Unable to write file contents: Device or resource busy
05-15 18:42:45.001 1391 1391 W ContextImpl: Calling a method in the system process without a qualified user: android.app.ContextImpl.sendBroadcast:1181 android.content.ContextWrapper.sendBroadcast:479 cn.eben.newweather.DateWeatherService.a:19 cn.eben.newweather.DateWeatherService.a:0 cn.eben.newweather.DateWeatherService$1.handleMessage:7
05-15 19:14:10.237 541 541 I : read descriptors
05-15 19:14:10.237 541 541 I : read strings
05-15 19:14:10.239 1 1 I init : processing action (sys.usb.config=adb && sys.usb.configfs=1 && sys.usb.ffs.ready=1) from (/system/etc/init/hw/init.usb.configfs.rc:20)
05-15 18:42:46.002 1391 1391 W ContextImpl: Calling a method in the system process without a qualified user: android.app.ContextImpl.sendBroadcast:1181 android.content.ContextWrapper.sendBroadcast:479 cn.eben.newweather.DateWeatherService.a:19 cn.eben.newweather.DateWeatherService.a:0 cn.eben.newweather.DateWeatherService$1.handleMessage:7
05-15 19:14:11.284 541 541 I : read descriptors
05-15 19:14:11.284 541 541 I : read strings
05-15 18:42:47.004 1391 1391 W ContextImpl: Calling a method in the system process without a qualified user: android.app.ContextImpl.sendBroadcast:1181 android.content.ContextWrapper.sendBroadcast:479 cn.eben.newweather.DateWeatherService.a:19 cn.eben.newweather.DateWeatherService.a:0 cn.eben.newweather.DateWeatherService$1.handleMessage:7
05-15 18:42:47.569 623 6545 W ContentProviderHelper: Permission Denial: opening provider com.android.providers.contacts.ContactsProvider2 from ProcessRecord{6d23060 1792:cn.eben.sync/u0a64} (pid=1792, uid=10064) requires android.permission.READ_CONTACTS or android.permission.WRITE_CONTACTS
05-15 19:14:12.354 541 541 I : read descriptors
05-15 19:14:12.354 541 541 I : read strings
05-15 19:14:12.355 1 1 I init : processing action (sys.usb.config=adb && sys.usb.configfs=1 && sys.usb.ffs.ready=1) from (/system/etc/init/hw/init.usb.configfs.rc:20)
05-15 19:14:12.356 1 1 I init : Command 'symlink /config/usb_gadget/g1/functions/ffs.adb /config/usb_gadget/g1/configs/b.1/f1' action=sys.usb.config=adb && sys.usb.configfs=1 && sys.usb.ffs.ready=1 (/system/etc/init/hw/init.usb.configfs.rc:22) took 0ms and failed: symlink() failed: File exists
05-15 19:14:12.357 1 1 I init : Command 'write /config/usb_gadget/g1/UDC ${sys.usb.controller}' action=sys.usb.config=adb && sys.usb.configfs=1 && sys.usb.ffs.ready=1 (/system/etc/init/hw/init.usb.configfs.rc:23) took 0ms and failed: Unable to write to file '/config/usb_gadget/g1/UDC': Unable to write file contents: Device or resource busy
05-15 18:42:48.000 1391 1391 W ContextImpl: Calling a method in the system process without a qualified user: android.app.ContextImpl.sendBroadcast:1181 android.content.ContextWrapper.sendBroadcast:479 cn.eben.newweather.DateWeatherService.a:19 cn.eben.newweather.DateWeatherService.a:0 cn.eben.newweather.DateWeatherService$1.handleMessage:7
05-15 19:14:13.421 541 541 I : read descriptors
05-15 19:14:13.421 541 541 I : read strings
05-15 19:14:13.423 1 1 I init : processing action (sys.usb.config=adb && sys.usb.configfs=1 && sys.usb.ffs.ready=1) from (/system/etc/init/hw/init.usb.configfs.rc:20)
05-15 19:14:13.426 1 1 I init : Command 'symlink /config/usb_gadget/g1/functions/ffs.adb /config/usb_gadget/g1/configs/b.1/f1' action=sys.usb.config=adb && sys.usb.configfs=1 && sys.usb.ffs.ready=1 (/system/etc/init/hw/init.usb.configfs.rc:22) took 0ms and failed: symlink() failed: File exists
05-15 19:14:13.427 1 1 I init : Command 'write /config/usb_gadget/g1/UDC ${sys.usb.controller}' action=sys.usb.config=adb && sys.usb.configfs=1 && sys.usb.ffs.ready=1 (/system/etc/init/hw/init.usb.configfs.rc:23) took 0ms and failed: Unable to write to file '/config/usb_gadget/g1/UDC': Unable to write file contents: Device or resource busy
05-15 18:42:49.003 1391 1391 W ContextImpl: Calling a method in the system process without a qualified user: android.app.ContextImpl.sendBroadcast:1181 android.content.ContextWrapper.sendBroadcast:479 cn.eben.newweather.DateWeatherService.a:19 cn.eben.newweather.DateWeatherService.a:0 cn.eben.newweather.DateWeatherService$1.handleMessage:7
05-15 19:14:14.460 541 541 I : read descriptors
05-15 19:14:14.460 541 541 I : read strings
05-15 19:14:14.462 1 1 I init : processing action (sys.usb.config=adb && sys.usb.configfs=1 && sys.usb.ffs.ready=1) from (/system/etc/init/hw/init.usb.configfs.rc:20)
05-15 19:14:14.463 1 1 I init : Command 'symlink /config/usb_gadget/g1/functions/ffs.adb /config/usb_gadget/g1/configs/b.1/f1' action=sys.usb.config=adb && sys.usb.configfs=1 && sys.usb.ffs.ready=1 (/system/etc/init/hw/init.usb.configfs.rc:22) took 0ms and failed: symlink() failed: File exists
05-15 19:14:14.464 1 1 I init : Command 'write /config/usb_gadget/g1/UDC ${sys.usb.controller}' action=sys.usb.config=adb && sys.usb.configfs=1 && sys.usb.ffs.ready=1 (/system/etc/init/hw/init.usb.configfs.rc:23) took 0ms and failed: Unable to write to file '/config/usb_gadget/g1/UDC': Unable to write file contents: Device or resource busy
05-15 18:42:50.002 1391 1391 W ContextImpl: Calling a method in the system process without a qualified user: android.app.ContextImpl.sendBroadcast:1181 android.content.ContextWrapper.sendBroadcast:479 cn.eben.newweather.DateWeatherService.a:19 cn.eben.newweather.DateWeatherService.a:0 cn.eben.newweather.DateWeatherService$1.handleMessage:7
05-15 19:14:15.513 541 541 I : read descriptors
05-15 19:14:15.514 541 541 I : read strings
05-15 19:14:15.515 1 1 I init : processing action (sys.usb.config=adb && sys.usb.configfs=1 && sys.usb.ffs.ready=1) from (/system/etc/init/hw/init.usb.configfs.rc:20)
05-15 18:42:51.002 1391 1391 W ContextImpl: Calling a method in the system process without a qualified user: android.app.ContextImpl.sendBroadcast:1181 android.content.ContextWrapper.sendBroadcast:479 cn.eben.newweather.DateWeatherService.a:19 cn.eben.newweather.DateWeatherService.a:0 cn.eben.newweather.DateWeatherService$1.handleMessage:7
05-15 18:42:52.003 1391 1391 W ContextImpl: Calling a method in the system process without a qualified user: android.app.ContextImpl.sendBroadcast:1181 android.content.ContextWrapper.sendBroadcast:479 cn.eben.newweather.DateWeatherService.a:19 cn.eben.newweather.DateWeatherService.a:0 cn.eben.newweather.DateWeatherService$1.handleMessage:7
05-15 19:14:16.571 541 541 I : read descriptors
05-15 19:14:16.571 541 541 I : read strings
05-15 18:42:52.572 623 1955 W ContentProviderHelper: Permission Denial: opening provider com.android.providers.contacts.ContactsProvider2 from ProcessRecord{6d23060 1792:cn.eben.sync/u0a64} (pid=1792, uid=10064) requires android.permission.READ_CONTACTS or android.permission.WRITE_CONTACTS
05-15 18:42:53.003 1391 1391 W ContextImpl: Calling a method in the system process without a qualified user: android.app.ContextImpl.sendBroadcast:1181 android.content.ContextWrapper.sendBroadcast:479 cn.eben.newweather.DateWeatherService.a:19 cn.eben.newweather.DateWeatherService.a:0 cn.eben.newweather.DateWeatherService$1.handleMessage:7
05-15 19:14:17.624 541 541 I : read descriptors
05-15 19:14:17.624 541 541 I : read strings
05-15 19:14:17.627 1 1 I init : processing action (sys.usb.config=adb && sys.usb.configfs=1 && sys.usb.ffs.ready=1) from (/system/etc/init/hw/init.usb.configfs.rc:20)
05-15 19:14:17.630 1 1 I init : Command 'symlink /config/usb_gadget/g1/functions/ffs.adb /config/usb_gadget/g1/configs/b.1/f1' action=sys.usb.config=adb && sys.usb.configfs=1 && sys.usb.ffs.ready=1 (/system/etc/init/hw/init.usb.configfs.rc:22) took 0ms and failed: symlink() failed: File exists
05-15 19:14:17.630 1 1 I init : Command 'write /config/usb_gadget/g1/UDC ${sys.usb.controller}' action=sys.usb.config=adb && sys.usb.configfs=1 && sys.usb.ffs.ready=1 (/system/etc/init/hw/init.usb.configfs.rc:23) took 0ms and failed: Unable to write to file '/config/usb_gadget/g1/UDC': Unable to write file contents: Device or resource busy
05-15 18:42:54.001 1391 1391 W ContextImpl: Calling a method in the system process without a qualified user: android.app.ContextImpl.sendBroadcast:1181 android.content.ContextWrapper.sendBroadcast:479 cn.eben.newweather.DateWeatherService.a:19 cn.eben.newweather.DateWeatherService.a:0 cn.eben.newweather.DateWeatherService$1.handleMessage:7
05-15 19:14:18.677 541 541 I : read descriptors
05-15 19:14:18.677 541 541 I : read strings
05-15 19:14:18.679 1 1 I init : processing action (sys.usb.config=adb && sys.usb.configfs=1 && sys.usb.ffs.ready=1) from (/system/etc/init/hw/init.usb.configfs.rc:20)
05-15 19:14:18.681 1 1 I init : Command 'symlink /config/usb_gadget/g1/functions/ffs.adb /config/usb_gadget/g1/configs/b.1/f1' action=sys.usb.config=adb && sys.usb.configfs=1 && sys.usb.ffs.ready=1 (/system/etc/init/hw/init.usb.configfs.rc:22) took 0ms and failed: symlink() failed: File exists
05-15 19:14:18.681 1 1 I init : Command 'write /config/usb_gadget/g1/UDC ${sys.usb.controller}' action=sys.usb.config=adb && sys.usb.configfs=1 && sys.usb.ffs.ready=1 (/system/etc/init/hw/init.usb.configfs.rc:23) took 0ms and failed: Unable to write to file '/config/usb_gadget/g1/UDC': Unable to write file contents: Device or resource busy
05-15 18:42:55.001 1391 1391 W ContextImpl: Calling a method in the system process without a qualified user: android.app.ContextImpl.sendBroadcast:1181 android.content.ContextWrapper.sendBroadcast:479 cn.eben.newweather.DateWeatherService.a:19 cn.eben.newweather.DateWeatherService.a:0 cn.eben.newweather.DateWeatherService$1.handleMessage:7
05-15 19:14:19.728 541 541 I : read descriptors
05-15 19:14:19.728 541 541 I : read strings
05-15 19:14:19.730 1 1 I init : processing action (sys.usb.config=adb && sys.usb.configfs=1 && sys.usb.ffs.ready=1) from (/system/etc/init/hw/init.usb.configfs.rc:20)
05-15 19:14:19.733 1 1 I init : Command 'symlink /config/usb_gadget/g1/functions/ffs.adb /config/usb_gadget/g1/configs/b.1/f1' action=sys.usb.config=adb && sys.usb.configfs=1 && sys.usb.ffs.ready=1 (/system/etc/init/hw/init.usb.configfs.rc:22) took 0ms and failed: symlink() failed: File exists
05-15 19:14:19.737 1 1 I init : Command 'write /config/usb_gadget/g1/UDC ${sys.usb.controller}' action=sys.usb.config=adb && sys.usb.configfs=1 && sys.usb.ffs.ready=1 (/system/etc/init/hw/init.usb.configfs.rc:23) took 1ms and failed: Unable to write to file '/config/usb_gadget/g1/UDC': Unable to write file contents: Device or resource busy
05-15 18:42:56.000 1391 1391 W ContextImpl: Calling a method in the system process without a qualified user: android.app.ContextImpl.sendBroadcast:1181 android.content.ContextWrapper.sendBroadcast:479 cn.eben.newweather.DateWeatherService.a:19 cn.eben.newweather.DateWeatherService.a:0 cn.eben.newweather.DateWeatherService$1.handleMessage:7
05-15 18:42:56.117 5017 5017 I auditd : type=1400 audit(0.0:4939): avc: denied { getattr } for comm="RenderThread" name="/" dev="dmabuf" ino=1 scontext=u:r:platform_app:s0:c512,c768 tcontext=u:object_r:unlabeled:s0 tclass=filesystem permissive=1 app=com.eben.browser
05-15 19:14:20.808 541 541 I : read descriptors
05-15 19:14:20.808 541 541 I : read strings
05-15 19:14:20.808 1 1 I init : processing action (sys.usb.config=adb && sys.usb.configfs=1 && sys.usb.ffs.ready=1) from (/system/etc/init/hw/init.usb.configfs.rc:20)
05-15 18:42:56.524 623 720 I netstats_mobile_sample: [0,0,0,0,0,0,0,0,0,0,0,0,1747298619837]
05-15 18:42:56.524 623 720 I netstats_wifi_sample: [0,0,0,0,0,0,0,0,0,0,0,0,1747298619837]
05-15 18:42:57.002 1391 1391 W ContextImpl: Calling a method in the system process without a qualified user: android.app.ContextImpl.sendBroadcast:1181 android.content.ContextWrapper.sendBroadcast:479 cn.eben.newweather.DateWeatherService.a:19 cn.eben.newweather.DateWeatherService.a:0 cn.eben.newweather.DateWeatherService$1.handleMessage:7
05-15 19:14:21.854 541 541 I : read descriptors
05-15 19:14:21.854 541 541 I : read strings
05-15 18:42:57.580 623 1115 W ContentProviderHelper: Permission Denial: opening provider com.android.providers.contacts.ContactsProvider2 from ProcessRecord{6d23060 1792:cn.eben.sync/u0a64} (pid=1792, uid=10064) requires android.permission.READ_CONTACTS or android.permission.WRITE_CONTACTS
05-15 18:42:58.001 1391 1391 W ContextImpl: Calling a method in the system process without a qualified user: android.app.ContextImpl.sendBroadcast:1181 android.content.ContextWrapper.sendBroadcast:479 cn.eben.newweather.DateWeatherService.a:19 cn.eben.newweather.DateWeatherService.a:0 cn.eben.newweather.DateWeatherService$1.handleMessage:7
05-15 19:14:22.903 541 541 I : read descriptors
05-15 19:14:22.903 541 541 I : read strings
05-15 19:14:22.904 1 1 I init : processing action (sys.usb.config=adb && sys.usb.configfs=1 && sys.usb.ffs.ready=1) from (/system/etc/init/hw/init.usb.configfs.rc:20)
05-15 19:14:22.905 1 1 I init : Command 'symlink /config/usb_gadget/g1/functions/ffs.adb /config/usb_gadget/g1/configs/b.1/f1' action=sys.usb.config=adb && sys.usb.configfs=1 && sys.usb.ffs.ready=1 (/system/etc/init/hw/init.usb.configfs.rc:22) took 0ms and failed: symlink() failed: File exists
05-15 19:14:22.905 1 1 I init : Command 'write /config/usb_gadget/g1/UDC ${sys.usb.controller}' action=sys.usb.config=adb && sys.usb.configfs=1 && sys.usb.ffs.ready=1 (/system/etc/init/hw/init.usb.configfs.rc:23) took 0ms and failed: Unable to write to file '/config/usb_gadget/g1/UDC': Unable to write file contents: Device or resource busy
05-15 18:42:59.001 1391 1391 W ContextImpl: Calling a method in the system process without a qualified user: android.app.ContextImpl.sendBroadcast:1181 android.content.ContextWrapper.sendBroadcast:479 cn.eben.newweather.DateWeatherService.a:19 cn.eben.newweather.DateWeatherService.a:0 cn.eben.newweather.DateWeatherService$1.handleMessage:7
05-15 19:14:23.970 541 541 I : read descriptors
05-15 19:14:23.970 541 541 I : read strings
05-15 19:14:23.971 1 1 I init : processing action (sys.usb.config=adb && sys.usb.configfs=1 && sys.usb.ffs.ready=1) from (/system/etc/init/hw/init.usb.configfs.rc:20)
05-15 19:14:23.972 1 1 I init : Command 'symlink /config/usb_gadget/g1/functions/ffs.adb /config/usb_gadget/g1/configs/b.1/f1' action=sys.usb.config=adb && sys.usb.configfs=1 && sys.usb.ffs.ready=1 (/system/etc/init/hw/init.usb.configfs.rc:22) took 0ms and failed: symlink() failed: File exists
05-15 19:14:23.973 1 1 I init : Command 'write /config/usb_gadget/g1/UDC ${sys.usb.controller}' action=sys.usb.config=adb && sys.usb.configfs=1 && sys.usb.ffs.ready=1 (/system/etc/init/hw/init.usb.configfs.rc:23) took 0ms and failed: Unable to write to file '/config/usb_gadget/g1/UDC': Unable to write file contents: Device or resource busy
05-15 18:43:00.003 1391 1391 W ContextImpl: Calling a method in the system process without a qualified user: android.app.ContextImpl.sendBroadcast:1181 android.content.ContextWrapper.sendBroadcast:479 cn.eben.newweather.DateWeatherService.a:19 cn.eben.newweather.DateWeatherService.a:0 cn.eben.newweather.DateWeatherService$1.handleMessage:7
05-15 19:14:25.037 541 541 I : read descriptors
05-15 19:14:25.037 541 541 I : read strings
05-15 19:14:25.038 1 1 I init : processing action (sys.usb.config=adb && sys.usb.configfs=1 && sys.usb.ffs.ready=1) from (/system/etc/init/hw/init.usb.configfs.rc:20)
05-15 19:14:25.040 1 1 I init : Command 'symlink /config/usb_gadget/g1/functions/ffs.adb /config/usb_gadget/g1/configs/b.1/f1' action=sys.usb.config=adb && sys.usb.configfs=1 && sys.usb.ffs.ready=1 (/system/etc/init/hw/init.usb.configfs.rc:22) took 0ms and failed: symlink() failed: File exists
05-15 19:14:25.040 1 1 I init : Command 'write /config/usb_gadget/g1/UDC ${sys.usb.controller}' action=sys.usb.config=adb && sys.usb.configfs=1 && sys.usb.ffs.ready=1 (/system/etc/init/hw/init.usb.configfs.rc:23) took 0ms and failed: Unable to write to file '/config/usb_gadget/g1/UDC': Unable to write file contents: Device or resource busy
05-15 18:43:01.001 1391 1391 W ContextImpl: Calling a method in the system process without a qualified user: android.app.ContextImpl.sendBroadcast:1181 android.content.ContextWrapper.sendBroadcast:479 cn.eben.newweather.DateWeatherService.a:19 cn.eben.newweather.DateWeatherService.a:0 cn.eben.newweather.DateWeatherService$1.handleMessage:7
05-15 19:14:26.083 541 541 I : read descriptors
05-15 19:14:26.084 541 541 I : read strings
05-15 19:14:26.084 1 1 I init : processing action (sys.usb.config=adb && sys.usb.configfs=1 && sys.usb.ffs.ready=1) from (/system/etc/init/hw/init.usb.configfs.rc:20)
05-15 18:43:02.002 1391 1391 W ContextImpl: Calling a method in the system process without a qualified user: android.app.ContextImpl.sendBroadcast:1181 android.content.ContextWrapper.sendBroadcast:479 cn.eben.newweather.DateWeatherService.a:19 cn.eben.newweather.DateWeatherService.a:0 cn.eben.newweather.DateWeatherService$1.handleMessage:7
05-15 18:43:02.583 623 1115 W ContentProviderHelper: Permission Denial: opening provider com.android.providers.contacts.ContactsProvider2 from ProcessRecord{6d23060 1792:cn.eben.sync/u0a64} (pid=1792, uid=10064) requires android.permission.READ_CONTACTS or android.permission.WRITE_CONTACTS
05-15 19:14:27.133 541 541 I : read descriptors
05-15 19:14:27.133 541 541 I : read strings
05-15 18:43:03.001 1391 1391 W ContextImpl: Calling a method in the system process without a qualified user: android.app.ContextImpl.sendBroadcast:1181 android.content.ContextWrapper.sendBroadcast:479 cn.eben.newweather.DateWeatherService.a:19 cn.eben.newweather.DateWeatherService.a:0 cn.eben.newweather.DateWeatherService$1.handleMessage:7
05-15 19:14:28.190 541 541 I : read descriptors
05-15 19:14:28.190 541 541 I : read strings
05-15 19:14:28.191 1 1 I init : processing action (sys.usb.config=adb && sys.usb.configfs=1 && sys.usb.ffs.ready=1) from (/system/etc/init/hw/init.usb.configfs.rc:20)
05-15 19:14:28.192 1 1 I init : Command 'symlink /config/usb_gadget/g1/functions/ffs.adb /config/usb_gadget/g1/configs/b.1/f1' action=sys.usb.config=adb && sys.usb.configfs=1 && sys.usb.ffs.ready=1 (/system/etc/init/hw/init.usb.configfs.rc:22) took 0ms and failed: symlink() failed: File exists
05-15 19:14:28.193 1 1 I init : Command 'write /config/usb_gadget/g1/UDC ${sys.usb.controller}' action=sys.usb.config=adb && sys.usb.configfs=1 && sys.usb.ffs.ready=1 (/system/etc/init/hw/init.usb.configfs.rc:23) took 0ms and failed: Unable to write to file '/config/usb_gadget/g1/UDC': Unable to write file contents: Device or resource busy
05-15 18:43:04.002 1391 1391 W ContextImpl: Calling a method in the system process without a qualified user: android.app.ContextImpl.sendBroadcast:1181 android.content.ContextWrapper.sendBroadcast:479 cn.eben.newweather.DateWeatherService.a:19 cn.eben.newweather.DateWeatherService.a:0 cn.eben.newweather.DateWeatherService$1.handleMessage:7
05-15 19:14:29.244 541 541 I : read descriptors
05-15 19:14:29.244 541 541 I : read strings
05-15 19:14:29.245 1 1 I init : processing action (sys.usb.config=adb && sys.usb.configfs=1 && sys.usb.ffs.ready=1) from (/system/etc/init/hw/init.usb.configfs.rc:20)
05-15 19:14:29.246 1 1 I init : Command 'symlink /config/usb_gadget/g1/functions/ffs.adb /config/usb_gadget/g1/configs/b.1/f1' action=sys.usb.config=adb && sys.usb.configfs=1 && sys.usb.ffs.ready=1 (/system/etc/init/hw/init.usb.configfs.rc:22) took 0ms and failed: symlink() failed: File exists
05-15 19:14:29.246 1 1 I init : Command 'write /config/usb_gadget/g1/UDC ${sys.usb.controller}' action=sys.usb.config=adb && sys.usb.configfs=1 && sys.usb.ffs.ready=1 (/system/etc/init/hw/init.usb.configfs.rc:23) took 0ms and failed: Unable to write to file '/config/usb_gadget/g1/UDC': Unable to write file contents: Device or resource busy
05-15 18:43:05.004 1391 1391 W ContextImpl: Calling a method in the system process without a qualified user: android.app.ContextImpl.sendBroadcast:1181 android.content.ContextWrapper.sendBroadcast:479 cn.eben.newweather.DateWeatherService.a:19 cn.eben.newweather.DateWeatherService.a:0 cn.eben.newweather.DateWeatherService$1.handleMessage:7
05-15 18:43:05.663 27049 27049 I auditd : type=1400 audit(0.0:4940): avc: denied { open } for comm="CrashSDKBkgdHan" path="/proc/stat" dev="proc" ino=4026532228 scontext=u:r:untrusted_app:s0:c102,c256,c512,c768 tcontext=u:object_r:proc_stat:s0 tclass=file permissive=1 app=com.taobao.taobao
05-15 19:14:30.304 541 541 I : read descriptors
05-15 19:14:30.304 541 541 I : read strings
05-15 19:14:30.304 1 1 I init : processing action (sys.usb.config=adb && sys.usb.configfs=1 && sys.usb.ffs.ready=1) from (/system/etc/init/hw/init.usb.configfs.rc:20)
05-15 19:14:30.305 1 1 I init : Command 'symlink /config/usb_gadget/g1/functions/ffs.adb /config/usb_gadget/g1/configs/b.1/f1' action=sys.usb.config=adb && sys.usb.configfs=1 && sys.usb.ffs.ready=1 (/system/etc/init/hw/init.usb.configfs.rc:22) took 0ms and failed: symlink() failed: File exists
05-15 19:14:30.306 1 1 I init : Command 'write /config/usb_gadget/g1/UDC ${sys.usb.controller}' action=sys.usb.config=adb && sys.usb.configfs=1 && sys.usb.ffs.ready=1 (/system/etc/init/hw/init.usb.configfs.rc:23) took 0ms and failed: Unable to write to file '/config/usb_gadget/g1/UDC': Unable to write file contents: Device or resource busy
05-15 18:43:06.002 1391 1391 W ContextImpl: Calling a method in the system process without a qualified user: android.app.ContextImpl.sendBroadcast:1181 android.content.ContextWrapper.sendBroadcast:479 cn.eben.newweather.DateWeatherService.a:19 cn.eben.newweather.DateWeatherService.a:0 cn.eben.newweather.DateWeatherService$1.handleMessage:7
05-15 19:14:31.370 541 541 I : read descriptors
05-15 19:14:31.370 541 541 I : read strings
05-15 19:14:31.372 1 1 I init : processing action (sys.usb.config=adb && sys.usb.configfs=1 && sys.usb.ffs.ready=1) from (/system/etc/init/hw/init.usb.configfs.rc:20)
05-15 18:43:07.001 1391 1391 W ContextImpl: Calling a method in the system process without a qualified user: android.app.ContextImpl.sendBroadcast:1181 android.content.ContextWrapper.sendBroadcast:479 cn.eben.newweather.DateWeatherService.a:19 cn.eben.newweather.DateWeatherService.a:0 cn.eben.newweather.DateWeatherService$1.handleMessage:7
05-15 18:43:07.588 623 1115 W ContentProviderHelper: Permission Denial: opening provider com.android.providers.contacts.ContactsProvider2 from ProcessRecord{6d23060 1792:cn.eben.sync/u0a64} (pid=1792, uid=10064) requires android.permission.READ_CONTACTS or android.permission.WRITE_CONTACTS
05-15 19:14:32.427 541 541 I : read descriptors
05-15 19:14:32.427 541 541 I : read strings
05-15 18:43:08.002 1391 1391 W ContextImpl: Calling a method in the system process without a qualified user: android.app.ContextImpl.sendBroadcast:1181 android.content.ContextWrapper.sendBroadcast:479 cn.eben.newweather.DateWeatherService.a:19 cn.eben.newweather.DateWeatherService.a:0 cn.eben.newweather.DateWeatherService$1.handleMessage:7
05-15 19:14:33.483 541 541 I : read descriptors
05-15 19:14:33.483 541 541 I : read strings
05-15 19:14:33.484 1 1 I init : processing action (sys.usb.config=adb && sys.usb.configfs=1 && sys.usb.ffs.ready=1) from (/system/etc/init/hw/init.usb.configfs.rc:20)
05-15 19:14:33.485 1 1 I init : Command 'symlink /config/usb_gadget/g1/functions/ffs.adb /config/usb_gadget/g1/configs/b.1/f1' action=sys.usb.config=adb && sys.usb.configfs=1 && sys.usb.ffs.ready=1 (/system/etc/init/hw/init.usb.configfs.rc:22) took 0ms and failed: symlink() failed: File exists
05-15 19:14:33.485 1 1 I init : Command 'write /config/usb_gadget/g1/UDC ${sys.usb.controller}' action=sys.usb.config=adb && sys.usb.configfs=1 && sys.usb.ffs.ready=1 (/system/etc/init/hw/init.usb.configfs.rc:23) took 0ms and failed: Unable to write to file '/config/usb_gadget/g1/UDC': Unable to write file contents: Device or resource busy
05-15 18:43:09.001 1391 1391 W ContextImpl: Calling a method in the system process without a qualified user: android.app.ContextImpl.sendBroadcast:1181 android.content.ContextWrapper.sendBroadcast:479 cn.eben.newweather.DateWeatherService.a:19 cn.eben.newweather.DateWeatherService.a:0 cn.eben.newweather.DateWeatherService$1.handleMessage:7
05-15 18:43:09.176 623 720 I netstats_mobile_sample: [0,0,0,0,0,0,0,0,0,0,0,0,1747298632489]
05-15 18:43:09.176 623 720 I netstats_wifi_sample: [0,0,0,0,0,0,0,0,0,0,0,0,1747298632489]
05-15 18:43:09.922 623 711 I input_interaction: Interaction with: 1e405f9 NavigationBar0 (server), PointerEventDispatcher0 (server),
05-15 18:43:09.923 782 782 I sysui_multi_action: [757,931,758,4,759,4,932,0,933,0]
05-15 18:43:09.927 623 711 I input_interaction: Interaction with: c7487a4 com.eben.browser/com.eben.browser.MainActivity (server), PointerEventDispatcher0 (server),
05-15 18:43:09.938 623 711 I input_interaction: Interaction with: 1e405f9 NavigationBar0 (server), PointerEventDispatcher0 (server),
05-15 19:14:34.534 541 541 I : read descriptors
05-15 19:14:34.534 541 541 I : read strings
05-15 19:14:34.538 1 1 I init : processing action (sys.usb.config=adb && sys.usb.configfs=1 && sys.usb.ffs.ready=1) from (/system/etc/init/hw/init.usb.configfs.rc:20)
05-15 19:14:34.540 1 1 I init : Command 'symlink /config/usb_gadget/g1/functions/ffs.adb /config/usb_gadget/g1/configs/b.1/f1' action=sys.usb.config=adb && sys.usb.configfs=1 && sys.usb.ffs.ready=1 (/system/etc/init/hw/init.usb.configfs.rc:22) took 0ms and failed: symlink() failed: File exists
05-15 19:14:34.540 1 1 I init : Command 'write /config/usb_gadget/g1/UDC ${sys.usb.controller}' action=sys.usb.config=adb && sys.usb.configfs=1 && sys.usb.ffs.ready=1 (/system/etc/init/hw/init.usb.configfs.rc:23) took 0ms and failed: Unable to write to file '/config/usb_gadget/g1/UDC': Unable to write file contents: Device or resource busy
05-15 18:43:10.001 1391 1391 W ContextImpl: Calling a method in the system process without a qualified user: android.app.ContextImpl.sendBroadcast:1181 android.content.ContextWrapper.sendBroadcast:479 cn.eben.newweather.DateWeatherService.a:19 cn.eben.newweather.DateWeatherService.a:0 cn.eben.newweather.DateWeatherService$1.handleMessage:7
05-15 18:43:10.007 782 782 I sysui_multi_action: [757,931,758,4,759,4,932,0,933,1]
05-15 18:43:10.008 623 936 I sysui_multi_action: [757,803,799,key_back_press,802,1]
05-15 18:43:10.008 623 641 D AutofillManagerService: onBackKeyPressed()
05-15 18:43:11.002 1391 1391 W ContextImpl: Calling a method in the system process without a qualified user: android.app.ContextImpl.sendBroadcast:1181 android.content.ContextWrapper.sendBroadcast:479 cn.eben.newweather.DateWeatherService.a:19 cn.eben.newweather.DateWeatherService.a:0 cn.eben.newweather.DateWeatherService$1.handleMessage:7
05-15 19:14:35.597 541 541 I : read descriptors
05-15 19:14:35.597 541 541 I : read strings
05-15 19:14:35.598 1 1 I init : processing action (sys.usb.config=adb && sys.usb.configfs=1 && sys.usb.ffs.ready=1) from (/system/etc/init/hw/init.usb.configfs.rc:20)
05-15 19:14:35.600 1 1 I init : Command 'symlink /config/usb_gadget/g1/functions/ffs.adb /config/usb_gadget/g1/configs/b.1/f1' action=sys.usb.config=adb && sys.usb.configfs=1 && sys.usb.ffs.ready=1 (/system/etc/init/hw/init.usb.configfs.rc:22) took 0ms and failed: symlink() failed: File exists
05-15 19:14:35.601 1 1 I init : Command 'write /config/usb_gadget/g1/UDC ${sys.usb.controller}' action=sys.usb.config=adb && sys.usb.configfs=1 && sys.usb.ffs.ready=1 (/system/etc/init/hw/init.usb.configfs.rc:23) took 0ms and failed: Unable to write to file '/config/usb_gadget/g1/UDC': Unable to write file contents: Device or resource busy
05-15 18:43:11.834 623 711 I input_interaction: Interaction with: c7487a4 com.eben.browser/com.eben.browser.MainActivity (server), PointerEventDispatcher0 (server),
05-15 18:43:12.001 1391 1391 W ContextImpl: Calling a method in the system process without a qualified user: android.app.ContextImpl.sendBroadcast:1181 android.content.ContextWrapper.sendBroadcast:479 cn.eben.newweather.DateWeatherService.a:19 cn.eben.newweather.DateWeatherService.a:0 cn.eben.newweather.DateWeatherService$1.handleMessage:7
05-15 19:14:36.650 541 541 I : read descriptors
05-15 19:14:36.650 541 541 I : read strings
05-15 19:14:36.650 1 1 I init : processing action (sys.usb.config=adb && sys.usb.configfs=1 && sys.usb.ffs.ready=1) from (/system/etc/init/hw/init.usb.configfs.rc:20)
05-15 18:43:12.591 623 936 W ContentProviderHelper: Permission Denial: opening provider com.android.providers.contacts.ContactsProvider2 from ProcessRecord{6d23060 1792:cn.eben.sync/u0a64} (pid=1792, uid=10064) requires android.permission.READ_CONTACTS or android.permission.WRITE_CONTACTS
05-15 18:43:13.001 1391 1391 W ContextImpl: Calling a method in the system process without a qualified user: android.app.ContextImpl.sendBroadcast:1181 android.content.ContextWrapper.sendBroadcast:479 cn.eben.newweather.DateWeatherService.a:19 cn.eben.newweather.DateWeatherService.a:0 cn.eben.newweather.DateWeatherService$1.handleMessage:7
05-15 19:14:37.690 541 541 I : read descriptors
05-15 19:14:37.690 541 541 I : read strings
05-15 18:43:14.001 1391 1391 W ContextImpl: Calling a method in the system process without a qualified user: android.app.ContextImpl.sendBroadcast:1181 android.content.ContextWrapper.sendBroadcast:479 cn.eben.newweather.DateWeatherService.a:19 cn.eben.newweather.DateWeatherService.a:0 cn.eben.newweather.DateWeatherService$1.handleMessage:7
05-15 19:14:38.738 541 541 I : read descriptors
05-15 19:14:38.738 541 541 I : read strings
05-15 19:14:38.742 1 1 I init : processing action (sys.usb.config=adb && sys.usb.configfs=1 && sys.usb.ffs.ready=1) from (/system/etc/init/hw/init.usb.configfs.rc:20)
05-15 19:14:38.744 1 1 I init : Command 'symlink /config/usb_gadget/g1/functions/ffs.adb /config/usb_gadget/g1/configs/b.1/f1' action=sys.usb.config=adb && sys.usb.configfs=1 && sys.usb.ffs.ready=1 (/system/etc/init/hw/init.usb.configfs.rc:22) took 0ms and failed: symlink() failed: File exists
05-15 19:14:38.745 1 1 I init : Command 'write /config/usb_gadget/g1/UDC ${sys.usb.controller}' action=sys.usb.config=adb && sys.usb.configfs=1 && sys.usb.ffs.ready=1 (/system/etc/init/hw/init.usb.configfs.rc:23) took 0ms and failed: Unable to write to file '/config/usb_gadget/g1/UDC': Unable to write file contents: Device or resource busy
05-15 18:43:14.271 623 711 I input_interaction: Interaction with: 1e405f9 NavigationBar0 (server), PointerEventDispatcher0 (server),
05-15 18:43:14.272 782 782 I sysui_multi_action: [757,931,758,4,759,4,932,0,933,0]
05-15 18:43:14.278 623 711 I input_interaction: Interaction with: c7487a4 com.eben.browser/com.eben.browser.MainActivity (server), PointerEventDispatcher0 (server),
05-15 18:43:14.285 623 711 I input_interaction: Interaction with: 1e405f9 NavigationBar0 (server), PointerEventDispatcher0 (server),
05-15 18:43:14.334 782 782 I sysui_multi_action: [757,931,758,4,759,4,932,0,933,1]
05-15 18:43:14.335 623 936 I sysui_multi_action: [757,803,799,key_back_press,802,1]
05-15 18:43:14.336 623 641 D AutofillManagerService: onBackKeyPressed()
05-15 18:43:15.002 1391 1391 W ContextImpl: Calling a method in the system process without a qualified user: android.app.ContextImpl.sendBroadcast:1181 android.content.ContextWrapper.sendBroadcast:479 cn.eben.newweather.DateWeatherService.a:19 cn.eben.newweather.DateWeatherService.a:0 cn.eben.newweather.DateWeatherService$1.handleMessage:7
05-15 19:14:39.804 541 541 I : read descriptors
05-15 19:14:39.804 541 541 I : read strings
05-15 19:14:39.806 1 1 I init : processing action (sys.usb.config=adb && sys.usb.configfs=1 && sys.usb.ffs.ready=1) from (/system/etc/init/hw/init.usb.configfs.rc:20)
05-15 19:14:39.808 1 1 I init : Command 'symlink /config/usb_gadget/g1/functions/ffs.adb /config/usb_gadget/g1/configs/b.1/f1' action=sys.usb.config=adb && sys.usb.configfs=1 && sys.usb.ffs.ready=1 (/system/etc/init/hw/init.usb.configfs.rc:22) took 0ms and failed: symlink() failed: File exists
05-15 19:14:39.809 1 1 I init : Command 'write /config/usb_gadget/g1/UDC ${sys.usb.controller}' action=sys.usb.config=adb && sys.usb.configfs=1 && sys.usb.ffs.ready=1 (/system/etc/init/hw/init.usb.configfs.rc:23) took 0ms and failed: Unable to write to file '/config/usb_gadget/g1/UDC': Unable to write file contents: Device or resource busy
05-15 18:43:15.855 782 782 I sysui_multi_action: [757,931,758,4,759,3,932,0,933,0]
05-15 18:43:15.916 782 782 I sysui_multi_action: [757,931,758,4,759,3,932,0,933,1]
05-15 18:43:15.924 623 641 I ActivityTaskManager: START u0 {act=android.intent.action.MAIN cat=[android.intent.category.HOME] flg=0x10000100 cmp=com.android.launcher3/.uioverrides.QuickstepLauncher (has extras)} from uid 0
05-15 18:43:15.924 623 641 I wm_task_moved: [1,1,8]
05-15 18:43:15.925 623 640 D AutofillManagerService: Close system dialogs
05-15 18:43:15.925 623 641 I wm_task_moved: [2727,1,2147483647]
05-15 18:43:15.925 623 641 I wm_task_to_front: [0,2727]
05-15 18:43:15.925 623 641 I wm_focused_root_task: [0,0,1,2753,bringingFoundTaskToFront]
05-15 18:43:15.926 623 641 I wm_set_resumed_activity: [0,com.android.launcher3/.uioverrides.QuickstepLauncher,bringingFoundTaskToFront]
05-15 18:43:15.926 623 641 I wm_new_intent: [0,238215076,2727,com.android.launcher3/.uioverrides.QuickstepLauncher,android.intent.action.MAIN,NULL,NULL,268435712]
05-15 18:43:15.926 5017 5017 I wm_on_top_resumed_lost_called: [5206150,com.eben.browser.MainActivity,topStateChangedWhenResumed]
05-15 18:43:15.926 623 641 I wm_pause_activity: [0,5206150,com.eben.browser/.MainActivity,userLeaving=true,pauseBackTasks]
05-15 18:43:15.929 623 641 I wm_add_to_stopping: [0,5206150,com.eben.browser/.MainActivity,makeInvisible]
05-15 18:43:15.930 623 641 I wm_set_resumed_activity: [0,com.android.launcher3/.uioverrides.QuickstepLauncher,resumeTopActivity]
05-15 18:43:15.931 623 641 I wm_resume_activity: [0,238215076,2727,com.android.launcher3/.uioverrides.QuickstepLauncher]
05-15 18:43:15.936 623 643 I sysui_multi_action: [757,803,799,window_time_0,802,198]
05-15 18:43:15.945 5017 5017 I wm_on_paused_called: [5206150,com.eben.browser.MainActivity,performPause]
05-15 18:43:15.950 623 711 I input_focus: [Focus leaving c7487a4 com.eben.browser/com.eben.browser.MainActivity (server),reason=NO_WINDOW]
05-15 18:43:15.952 1056 1056 I wm_on_restart_called: [238215076,com.android.launcher3.uioverrides.QuickstepLauncher,performRestartActivity]
05-15 18:43:15.953 623 648 I am_pss : [1885,99007,com.android.webview:sandboxed_process0:org.chromium.content.app.SandboxedProcessService0:2,168548352,160002048,0,256921600,0,3,10]
05-15 18:43:15.954 1056 1056 I wm_on_start_called: [238215076,com.android.launcher3.uioverrides.QuickstepLauncher,handleStartActivity]
05-15 18:43:15.956 1056 1056 I wm_on_resume_called: [238215076,com.android.launcher3.uioverrides.QuickstepLauncher,RESUME_ACTIVITY]
05-15 18:43:15.956 623 640 D AutofillManagerService: Close system dialogs
05-15 18:43:15.956 1056 1056 I wm_on_top_resumed_gained_called: [238215076,com.android.launcher3.uioverrides.QuickstepLauncher,topStateChangedWhenResumed]
05-15 18:43:15.970 623 644 I input_focus: [Focus request ebb30d4 com.android.launcher3/com.android.launcher3.uioverrides.QuickstepLauncher,reason=UpdateInputWindows]
05-15 18:43:15.974 623 648 I am_pss : [27049,10102,com.taobao.taobao,147686400,115236864,0,309387264,0,19,12]
05-15 18:43:15.979 623 648 I am_pss : [3355,10018,android.process.media,12268544,8622080,0,112910336,0,19,4]
05-15 18:43:16.000 623 640 I sysui_multi_action: [319,74,322,68,325,4206,757,761,758,9,759,2,806,com.android.launcher3,871,com.android.launcher3.uioverrides.QuickstepLauncher,905,0,1320,4,1321,1]
05-15 18:43:16.002 1391 1391 W ContextImpl: Calling a method in the system process without a qualified user: android.app.ContextImpl.sendBroadcast:1181 android.content.ContextWrapper.sendBroadcast:479 cn.eben.newweather.DateWeatherService.a:19 cn.eben.newweather.DateWeatherService.a:0 cn.eben.newweather.DateWeatherService$1.handleMessage:7
05-15 18:43:16.008 623 711 I input_focus: [Focus entering ebb30d4 com.android.launcher3/com.android.launcher3.uioverrides.QuickstepLauncher (server),reason=Window became focusable. Previous reason: NO_WINDOW]
05-15 19:14:40.891 541 541 I : read descriptors
05-15 19:14:40.891 541 541 I : read strings
05-15 19:14:40.893 1 1 I init : processing action (sys.usb.config=adb && sys.usb.configfs=1 && sys.usb.ffs.ready=1) from (/system/etc/init/hw/init.usb.configfs.rc:20)
05-15 19:14:40.895 1 1 I init : Command 'symlink /config/usb_gadget/g1/functions/ffs.adb /config/usb_gadget/g1/configs/b.1/f1' action=sys.usb.config=adb && sys.usb.configfs=1 && sys.usb.ffs.ready=1 (/system/etc/init/hw/init.usb.configfs.rc:22) took 0ms and failed: symlink() failed: File exists
05-15 19:14:40.895 1 1 I init : Command 'write /config/usb_gadget/g1/UDC ${sys.usb.controller}' action=sys.usb.config=adb && sys.usb.configfs=1 && sys.usb.ffs.ready=1 (/system/etc/init/hw/init.usb.configfs.rc:23) took 0ms and failed: Unable to write to file '/config/usb_gadget/g1/UDC': Unable to write file contents: Device or resource busy
05-15 18:43:16.597 623 643 I wm_stop_activity: [0,5206150,com.eben.browser/.MainActivity]
05-15 18:43:16.656 5017 5017 I wm_on_stop_called: [5206150,com.eben.browser.MainActivity,STOP_ACTIVITY_ITEM]
05-15 18:43:16.658 623 623 I notification_enqueue: [10100,10735,com.baidu.appsearch,2131755453,NULL,0,Notification(channel=手机管理、安全检测相关通知 shortcut=null contentView=null vibrate=null sound=null defaults=0x0 flags=0x62 color=0x00000000 vis=PRIVATE),1]
05-15 18:43:17.001 1391 1391 W ContextImpl: Calling a method in the system process without a qualified user: android.app.ContextImpl.sendBroadcast:1181 android.content.ContextWrapper.sendBroadcast:479 cn.eben.newweather.DateWeatherService.a:19 cn.eben.newweather.DateWeatherService.a:0 cn.eben.newweather.DateWeatherService$1.handleMessage:7
05-15 19:14:41.944 541 541 I : read descriptors
05-15 19:14:41.944 541 541 I : read strings
05-15 19:14:41.947 1 1 I init : processing action (sys.usb.config=adb && sys.usb.configfs=1 && sys.usb.ffs.ready=1) from (/system/etc/init/hw/init.usb.configfs.rc:20)
05-15 18:43:17.595 623 1955 W ContentProviderHelper: Permission Denial: opening provider com.android.providers.contacts.ContactsProvider2 from ProcessRecord{6d23060 1792:cn.eben.sync/u0a64} (pid=1792, uid=10064) requires android.permission.READ_CONTACTS or android.permission.WRITE_CONTACTS
05-15 18:43:18.003 1391 1391 W ContextImpl: Calling a method in the system process without a qualified user: android.app.ContextImpl.sendBroadcast:1181 android.content.ContextWrapper.sendBroadcast:479 cn.eben.newweather.DateWeatherService.a:19 cn.eben.newweather.DateWeatherService.a:0 cn.eben.newweather.DateWeatherService$1.handleMessage:7
05-15 19:14:42.994 541 541 I : read descriptors
05-15 19:14:42.994 541 541 I : read strings
05-15 18:43:19.002 1391 1391 W ContextImpl: Calling a method in the system process without a qualified user: android.app.ContextImpl.sendBroadcast:1181 android.content.ContextWrapper.sendBroadcast:479 cn.eben.newweather.DateWeatherService.a:19 cn.eben.newweather.DateWeatherService.a:0 cn.eben.newweather.DateWeatherService$1.handleMessage:7
05-15 19:14:44.047 541 541 I : read descriptors
05-15 19:14:44.047 541 541 I : read strings
05-15 19:14:44.049 1 1 I init : processing action (sys.usb.config=adb && sys.usb.configfs=1 && sys.usb.ffs.ready=1) from (/system/etc/init/hw/init.usb.configfs.rc:20)
05-15 19:14:44.051 1 1 I init : Command 'symlink /config/usb_gadget/g1/functions/ffs.adb /config/usb_gadget/g1/configs/b.1/f1' action=sys.usb.config=adb && sys.usb.configfs=1 && sys.usb.ffs.ready=1 (/system/etc/init/hw/init.usb.configfs.rc:22) took 0ms and failed: symlink() failed: File exists
05-15 19:14:44.052 1 1 I init : Command 'write /config/usb_gadget/g1/UDC ${sys.usb.controller}' action=sys.usb.config=adb && sys.usb.configfs=1 && sys.usb.ffs.ready=1 (/system/etc/init/hw/init.usb.configfs.rc:23) took 0ms and failed: Unable to write to file '/config/usb_gadget/g1/UDC': Unable to write file contents: Device or resource busy
05-15 18:43:20.003 1391 1391 W ContextImpl: Calling a method in the system process without a qualified user: android.app.ContextImpl.sendBroadcast:1181 android.content.ContextWrapper.sendBroadcast:479 cn.eben.newweather.DateWeatherService.a:19 cn.eben.newweather.DateWeatherService.a:0 cn.eben.newweather.DateWeatherService$1.handleMessage:7
05-15 19:14:45.097 541 541 I : read descriptors
05-15 19:14:45.097 541 541 I : read strings
05-15 19:14:45.100 1 1 I init : processing action (sys.usb.config=adb && sys.usb.configfs=1 && sys.usb.ffs.ready=1) from (/system/etc/init/hw/init.usb.configfs.rc:20)
05-15 19:14:45.103 1 1 I init : Command 'symlink /config/usb_gadget/g1/functions/ffs.adb /config/usb_gadget/g1/configs/b.1/f1' action=sys.usb.config=adb && sys.usb.configfs=1 && sys.usb.ffs.ready=1 (/system/etc/init/hw/init.usb.configfs.rc:22) took 0ms and failed: symlink() failed: File exists
05-15 19:14:45.104 1 1 I init : Command 'write /config/usb_gadget/g1/UDC ${sys.usb.controller}' action=sys.usb.config=adb && sys.usb.configfs=1 && sys.usb.ffs.ready=1 (/system/etc/init/hw/init.usb.configfs.rc:23) took 0ms and failed: Unable to write to file '/config/usb_gadget/g1/UDC': Unable to write file contents: Device or resource busy
05-15 18:43:21.003 1391 1391 W ContextImpl: Calling a method in the system process without a qualified user: android.app.ContextImpl.sendBroadcast:1181 android.content.ContextWrapper.sendBroadcast:479 cn.eben.newweather.DateWeatherService.a:19 cn.eben.newweather.DateWeatherService.a:0 cn.eben.newweather.DateWeatherService$1.handleMessage:7
05-15 19:14:46.150 541 541 I : read descriptors
05-15 19:14:46.150 541 541 I : read strings
05-15 19:14:46.152 1 1 I init : processing action (sys.usb.config=adb && sys.usb.configfs=1 && sys.usb.ffs.ready=1) from (/system/etc/init/hw/init.usb.configfs.rc:20)
05-15 19:14:46.154 1 1 I init : Command 'symlink /config/usb_gadget/g1/functions/ffs.adb /config/usb_gadget/g1/configs/b.1/f1' action=sys.usb.config=adb && sys.usb.configfs=1 && sys.usb.ffs.ready=1 (/system/etc/init/hw/init.usb.configfs.rc:22) took 0ms and failed: symlink() failed: File exists
05-15 19:14:46.154 1 1 I init : Command 'write /config/usb_gadget/g1/UDC ${sys.usb.controller}' action=sys.usb.config=adb && sys.usb.configfs=1 && sys.usb.ffs.ready=1 (/system/etc/init/hw/init.usb.configfs.rc:23) took 0ms and failed: Unable to write to file '/config/usb_gadget/g1/UDC': Unable to write file contents: Device or resource busy
05-15 18:43:22.002 1391 1391 W ContextImpl: Calling a method in the system process without a qualified user: android.app.ContextImpl.sendBroadcast:1181 android.content.ContextWrapper.sendBroadcast:479 cn.eben.newweather.DateWeatherService.a:19 cn.eben.newweather.DateWeatherService.a:0 cn.eben.newweather.DateWeatherService$1.handleMessage:7
05-15 18:43:22.602 623 1955 W ContentProviderHelper: Permission Denial: opening provider com.android.providers.contacts.ContactsProvider2 from ProcessRecord{6d23060 1792:cn.eben.sync/u0a64} (pid=1792, uid=10064) requires android.permission.READ_CONTACTS or android.permission.WRITE_CONTACTS
05-15 19:14:47.194 541 541 I : read descriptors
05-15 19:14:47.194 541 541 I : read strings
