05-15 18:38:18.001 1391 1391 W ContextImpl: Calling a method in the system process without a qualified user: android.app.ContextImpl.sendBroadcast:1181 android.content.ContextWrapper.sendBroadcast:479 cn.eben.newweather.DateWeatherService.a:19 cn.eben.newweather.DateWeatherService.a:0 cn.eben.newweather.DateWeatherService$1.handleMessage:7
05-15 18:38:19.002 1391 1391 W ContextImpl: Calling a method in the system process without a qualified user: android.app.ContextImpl.sendBroadcast:1181 android.content.ContextWrapper.sendBroadcast:479 cn.eben.newweather.DateWeatherService.a:19 cn.eben.newweather.DateWeatherService.a:0 cn.eben.newweather.DateWeatherService$1.handleMessage:7
05-15 18:38:20.002 1391 1391 W ContextImpl: Calling a method in the system process without a qualified user: android.app.ContextImpl.sendBroadcast:1181 android.content.ContextWrapper.sendBroadcast:479 cn.eben.newweather.DateWeatherService.a:19 cn.eben.newweather.DateWeatherService.a:0 cn.eben.newweather.DateWeatherService$1.handleMessage:7
05-15 18:38:21.002 1391 1391 W ContextImpl: Calling a method in the system process without a qualified user: android.app.ContextImpl.sendBroadcast:1181 android.content.ContextWrapper.sendBroadcast:479 cn.eben.newweather.DateWeatherService.a:19 cn.eben.newweather.DateWeatherService.a:0 cn.eben.newweather.DateWeatherService$1.handleMessage:7
05-15 18:38:22.002 1391 1391 W ContextImpl: Calling a method in the system process without a qualified user: android.app.ContextImpl.sendBroadcast:1181 android.content.ContextWrapper.sendBroadcast:479 cn.eben.newweather.DateWeatherService.a:19 cn.eben.newweather.DateWeatherService.a:0 cn.eben.newweather.DateWeatherService$1.handleMessage:7
05-15 18:38:22.055 19153 19153 I auditd : type=1400 audit(0.0:4906): avc: denied { open } for comm="CrashSDKBkgdHan" path="/proc/stat" dev="proc" ino=4026532228 scontext=u:r:untrusted_app:s0:c101,c256,c512,c768 tcontext=u:object_r:proc_stat:s0 tclass=file permissive=1 app=com.taobao.idlefish
05-15 18:38:22.376 623 664 V DisplayPowerController[0]: Brightness [0.05] reason changing to: 'manual [ dim ]', previous reason: 'manual'.
05-15 18:38:22.377 623 664 I sysui_multi_action: [757,1696,758,6,759,2]
05-15 18:38:22.690 623 27902 W ContentProviderHelper: Permission Denial: opening provider com.android.providers.contacts.ContactsProvider2 from ProcessRecord{6d23060 1792:cn.eben.sync/u0a64} (pid=1792, uid=10064) requires android.permission.READ_CONTACTS or android.permission.WRITE_CONTACTS
05-15 18:38:23.001 1391 1391 W ContextImpl: Calling a method in the system process without a qualified user: android.app.ContextImpl.sendBroadcast:1181 android.content.ContextWrapper.sendBroadcast:479 cn.eben.newweather.DateWeatherService.a:19 cn.eben.newweather.DateWeatherService.a:0 cn.eben.newweather.DateWeatherService$1.handleMessage:7
05-15 18:38:24.002 1391 1391 W ContextImpl: Calling a method in the system process without a qualified user: android.app.ContextImpl.sendBroadcast:1181 android.content.ContextWrapper.sendBroadcast:479 cn.eben.newweather.DateWeatherService.a:19 cn.eben.newweather.DateWeatherService.a:0 cn.eben.newweather.DateWeatherService$1.handleMessage:7
05-15 18:38:25.002 1391 1391 W ContextImpl: Calling a method in the system process without a qualified user: android.app.ContextImpl.sendBroadcast:1181 android.content.ContextWrapper.sendBroadcast:479 cn.eben.newweather.DateWeatherService.a:19 cn.eben.newweather.DateWeatherService.a:0 cn.eben.newweather.DateWeatherService$1.handleMessage:7
05-15 18:38:25.365 623 664 I PowerManagerService: Powering off display group due to timeout (groupId= 0, uid= 1000)...
05-15 18:38:25.365 623 664 I PowerManagerService: Going to sleep due to timeout (uid 1000)...
05-15 18:38:25.367 623 664 I power_sleep_requested: 0
05-15 18:38:25.427 623 638 D BiometricUtils: isEncrypted: false isLockdown: false
05-15 18:38:25.428 623 623 D BiometricScheduler/Fingerprint21: [Added] {[39] com.android.server.biometrics.sensors.fingerprint.hidl.FingerprintUpdateActiveUserClient, proto=1, owner=android, cookie=0, requestId=-1, userId=0}, new queue size: 1
05-15 18:38:25.428 623 623 D BiometricScheduler/Fingerprint21: [Polled] {[39] com.android.server.biometrics.sensors.fingerprint.hidl.FingerprintUpdateActiveUserClient, proto=1, owner=android, cookie=0, requestId=-1, userId=0}, State: 0
05-15 18:38:25.428 623 623 D BiometricScheduler/Fingerprint21: [Started] {[39] com.android.server.biometrics.sensors.fingerprint.hidl.FingerprintUpdateActiveUserClient, proto=1, owner=android, cookie=0, requestId=-1, userId=0}
05-15 18:38:25.428 623 623 D FingerprintUpdateActiveUserClient: Already user: com.android.server.biometrics.sensors.fingerprint.hidl.Fingerprint21$$ExternalSyntheticLambda17@8b2e172, returning
05-15 18:38:25.429 623 623 D BiometricSchedulerOperation: [Finished / destroy]: {[39] com.android.server.biometrics.sensors.fingerprint.hidl.FingerprintUpdateActiveUserClient, proto=1, owner=android, cookie=0, requestId=-1, userId=0}
05-15 18:38:25.429 623 623 V BiometricSchedulerOperation: started: {[39] com.android.server.biometrics.sensors.fingerprint.hidl.FingerprintUpdateActiveUserClient, proto=1, owner=android, cookie=0, requestId=-1, userId=0}, State: 5
05-15 18:38:25.431 623 623 D BiometricScheduler/Fingerprint21: [Added] {[40] com.android.server.biometrics.sensors.fingerprint.hidl.FingerprintAuthenticationClient, proto=3, owner=com.android.systemui, cookie=0, requestId=12, userId=0}, new queue size: 1
05-15 18:38:25.431 623 623 V BiometricScheduler/Fingerprint21: Not idle, current operation: {[39] com.android.server.biometrics.sensors.fingerprint.hidl.FingerprintUpdateActiveUserClient, proto=1, owner=android, cookie=0, requestId=-1, userId=0}, State: 5
05-15 18:38:25.432 623 623 D BiometricScheduler/Fingerprint21: [Finishing] {[39] com.android.server.biometrics.sensors.fingerprint.hidl.FingerprintUpdateActiveUserClient, proto=1, owner=android, cookie=0, requestId=-1, userId=0}, success: true
05-15 18:38:25.432 623 623 D BiometricScheduler/Fingerprint21: [Polled] {[40] com.android.server.biometrics.sensors.fingerprint.hidl.FingerprintAuthenticationClient, proto=3, owner=com.android.systemui, cookie=0, requestId=12, userId=0}, State: 0
05-15 18:38:25.432 623 623 D GestureAvailabilityTracker: Notifying gesture availability, active=false
05-15 18:38:25.432 623 623 D BiometricScheduler/Fingerprint21: [Started] {[40] com.android.server.biometrics.sensors.fingerprint.hidl.FingerprintAuthenticationClient, proto=3, owner=com.android.systemui, cookie=0, requestId=12, userId=0}
05-15 18:38:25.432 623 623 D BiometricCoexCoordinator: addAuthenticationClient(OtherFp), client: {[40] com.android.server.biometrics.sensors.fingerprint.hidl.FingerprintAuthenticationClient, proto=3, owner=com.android.systemui, cookie=0, requestId=12, userId=0}
05-15 18:38:25.432 623 623 D FingerprintService: Fps state updated from 0 to 2, client {[40] com.android.server.biometrics.sensors.fingerprint.hidl.FingerprintAuthenticationClient, proto=3, owner=com.android.systemui, cookie=0, requestId=12, userId=0}
05-15 18:38:25.433 623 623 D Biometrics/AuthenticationClient: Requesting auth for com.android.systemui
05-15 18:38:25.479 623 623 V BiometricSchedulerOperation: started: {[40] com.android.server.biometrics.sensors.fingerprint.hidl.FingerprintAuthenticationClient, proto=3, owner=com.android.systemui, cookie=0, requestId=12, userId=0}, State: 2
05-15 18:38:25.480 623 664 V DisplayPowerController[0]: Brightness [0.5472441] reason changing to: 'manual', previous reason: 'manual [ dim ]'.
05-15 18:38:25.480 623 664 I sysui_multi_action: [757,1696,758,6,759,0]
05-15 18:38:25.892 623 664 I DisplayPowerController[0]: Blocking screen off
05-15 18:38:25.892 623 664 I DisplayPowerController[0]: Unblocked screen off after 1 ms
05-15 18:38:25.917 623 664 D ActivityTaskManager: Top Process State changed to PROCESS_STATE_TOP_SLEEPING
05-15 18:38:25.919 623 664 I wm_pause_activity: [0,254195641,com.android.settings/.Settings$ChooseAccountActivity,userLeaving=false,sleep]
05-15 18:38:25.919 984 984 I wm_on_top_resumed_lost_called: [254195641,com.android.settings.Settings$ChooseAccountActivity,topStateChangedWhenResumed]
05-15 18:38:25.919 623 664 I wm_pause_activity: [0,210649236,com.android.settings/.Settings,userLeaving=false,sleep]
05-15 18:38:25.923 984 984 I sysui_multi_action: [757,10,758,2,1089,15301]
05-15 18:38:25.925 984 984 I wm_on_paused_called: [254195641,com.android.settings.Settings$ChooseAccountActivity,performPause]
05-15 18:38:25.929 623 26904 I wm_add_to_stopping: [0,254195641,com.android.settings/.Settings$ChooseAccountActivity,makeInvisible]
05-15 18:38:25.931 623 26904 I wm_add_to_stopping: [0,210649236,com.android.settings/.Settings,makeInvisible]
05-15 18:38:25.940 623 664 V DisplayPowerController[0]: Brightness [0.003937008] reason changing to: 'screen_off', previous reason: 'manual'.
05-15 18:38:25.941 984 984 I sysui_multi_action: [757,35,758,2,1089,24501]
05-15 18:38:25.943 984 984 I wm_on_paused_called: [210649236,com.android.settings.Settings,performPause]
05-15 18:38:25.949 623 27902 I wm_set_resumed_activity: [0,com.android.settings/.Settings$ChooseAccountActivity,resumeTopActivity]
05-15 18:38:25.951 623 27902 I wm_add_to_stopping: [0,254195641,com.android.settings/.Settings$ChooseAccountActivity,makeInvisible]
05-15 18:38:25.953 623 27902 I wm_resume_activity: [0,254195641,2736,com.android.settings/.Settings$ChooseAccountActivity]
05-15 18:38:25.970 623 27902 I wm_add_to_stopping: [0,254195641,com.android.settings/.Settings$ChooseAccountActivity,makeInvisible]
05-15 18:38:25.971 623 27902 I wm_pause_activity: [0,254195641,com.android.settings/.Settings$ChooseAccountActivity,userLeaving=false,sleep]
05-15 18:38:25.978 623 641 I dvm_lock_sample: [system_server,1,android.ui,11,ProcessList.java,4573,void com.android.server.am.ProcessList.dispatchProcessesChanged(),-,4669,com.android.server.am.ActivityManagerService$ProcessChangeItem com.android.server.am.ProcessList.enqueueProcessChangeItemLocked(int, int),2]
05-15 18:38:25.988 984 984 I wm_on_resume_called: [254195641,com.android.settings.Settings$ChooseAccountActivity,RESUME_ACTIVITY]
05-15 18:38:25.988 984 984 I sysui_multi_action: [757,10,758,1,833,0,1089,0]
05-15 18:38:25.990 623 643 I wm_stop_activity: [0,210649236,com.android.settings/.Settings]
05-15 18:38:25.990 984 984 I wm_on_top_resumed_gained_called: [254195641,com.android.settings.Settings$ChooseAccountActivity,topWhenResuming]
05-15 18:38:25.991 623 643 I sysui_multi_action: [757,803,799,window_time_0,802,16]
05-15 18:38:25.992 623 643 I DisplayDeviceRepository: Display device changed state: "内置屏幕", OFF
05-15 18:38:25.994 623 643 I sysui_multi_action: [757,803,799,window_time_0,802,0]
05-15 18:38:26.001 1391 1391 W ContextImpl: Calling a method in the system process without a qualified user: android.app.ContextImpl.sendBroadcast:1181 android.content.ContextWrapper.sendBroadcast:479 cn.eben.newweather.DateWeatherService.a:19 cn.eben.newweather.DateWeatherService.a:0 cn.eben.newweather.DateWeatherService$1.handleMessage:7
05-15 18:38:26.016 984 984 I wm_on_top_resumed_lost_called: [254195641,com.android.settings.Settings$ChooseAccountActivity,topStateChangedWhenResumed]
05-15 18:38:26.018 984 984 I sysui_multi_action: [757,10,758,2,1089,30]
05-15 18:38:26.019 984 984 I wm_on_paused_called: [254195641,com.android.settings.Settings$ChooseAccountActivity,performPause]
05-15 18:38:26.020 623 643 I wm_stop_activity: [0,254195641,com.android.settings/.Settings$ChooseAccountActivity]
05-15 18:38:26.022 984 984 I wm_on_stop_called: [210649236,com.android.settings.Settings,STOP_ACTIVITY_ITEM]
05-15 18:38:26.040 984 984 I wm_on_stop_called: [254195641,com.android.settings.Settings$ChooseAccountActivity,STOP_ACTIVITY_ITEM]
05-15 18:38:26.322 623 711 I input_focus: [Focus leaving 27686e5 com.android.settings/com.android.settings.Settings$ChooseAccountActivity (server),reason=NO_WINDOW]
05-15 18:38:26.324 623 664 I PowerManagerService: Sleeping display group (groupId=0, uid=1000)...
05-15 18:38:26.324 623 664 I PowerManagerService: Sleeping (uid 1000)...
05-15 18:38:26.326 623 623 I sysui_multi_action: [757,198,758,2,759,3,1359,960,1695,2]
05-15 18:38:26.326 623 623 I power_screen_state: [0,3,0,0,960]
05-15 18:38:26.326 623 623 I screen_toggled: 0
05-15 18:38:26.326 623 623 I sysui_multi_action: [757,804,799,screen_timeout,801,15,802,1]
05-15 18:38:26.327 623 623 I sysui_multi_action: [757,1594,758,4,759,-2147483648,1359,31121]
05-15 18:38:26.327 623 623 I power_screen_broadcast_send: 1
05-15 18:38:26.356 623 623 I battery_saving_stats: [0,1,0,33101,0,0,3681987,0,0]
05-15 18:38:26.366 623 1530 W ActivityManager: Ignoring request to force stop protected package u0
05-15 18:38:26.393 623 623 I power_screen_broadcast_done: [0,66,1]
05-15 18:38:30.417 623 641 W Looper : Slow dispatch took 2115ms android.ui h=com.android.server.am.ActivityManagerService$UiHandler c=com.android.server.am.UidObserverController$$ExternalSyntheticLambda0@7772221 m=0
05-15 18:38:30.419 623 712 I sysui_multi_action: [757,804,799,power_consecutive_short_tap_count,801,1,802,1]
05-15 18:38:30.419 1391 1391 W ContextImpl: Calling a method in the system process without a qualified user: android.app.ContextImpl.sendBroadcast:1181 android.content.ContextWrapper.sendBroadcast:479 cn.eben.newweather.DateWeatherService.a:19 cn.eben.newweather.DateWeatherService.a:0 cn.eben.newweather.DateWeatherService$1.handleMessage:7
05-15 18:38:30.420 623 712 I sysui_multi_action: [757,804,799,power_double_tap_interval,801,32362,802,1]
05-15 18:38:30.420 623 712 I intercept_power: [ACTION_DOWN,0,0]
05-15 18:38:30.425 623 637 W ContentProviderHelper: Permission Denial: opening provider com.android.providers.contacts.ContactsProvider2 from ProcessRecord{6d23060 1792:cn.eben.sync/u0a64} (pid=1792, uid=10064) requires android.permission.READ_CONTACTS or android.permission.WRITE_CONTACTS
05-15 18:38:30.430 623 712 I PowerManagerService: Powering on display group fromAsleep (groupId=0, uid=1000, reason=WAKE_REASON_POWER_BUTTON, details=android.policy:POWER)...
05-15 18:38:30.430 623 712 I PowerManagerService: Waking up from Asleep (uid=1000, reason=WAKE_REASON_POWER_BUTTON, details=android.policy:POWER)...
05-15 18:38:30.436 623 664 I DisplayPowerController[0]: Blocking screen on until initial contents have been drawn.
05-15 18:38:30.436 623 664 D ActivityTaskManager: Top Process State changed to PROCESS_STATE_TOP
05-15 18:38:30.439 623 712 I intercept_power: [ACTION_UP,0,0]
05-15 18:38:30.440 623 623 W Looper : Slow delivery took 2117ms main h=com.android.server.job.JobSchedulerService$JobHandler c=null m=4
05-15 18:38:30.441 623 664 I wm_set_resumed_activity: [0,com.android.settings/.Settings$ChooseAccountActivity,resumeTopActivity]
05-15 18:38:30.442 623 623 W Looper : Drained
05-15 18:38:30.442 623 623 I screen_toggled: 1
05-15 18:38:30.447 623 664 I wm_resume_activity: [0,254195641,2736,com.android.settings/.Settings$ChooseAccountActivity]
05-15 18:38:30.450 623 664 I wm_resume_activity: [0,210649236,2736,com.android.settings/.Settings]
05-15 18:38:30.451 623 644 I dvm_lock_sample: [system_server,1,android.anim,10,InputMonitor.java,156,void com.android.server.wm.InputMonitor$UpdateInputWindows.run(),WindowManagerService.java,8411,void com.android.server.wm.WindowManagerService.onAnimationFinished(),2]
05-15 18:38:30.452 623 664 V DisplayPowerController[0]: Brightness [0.5472441] reason changing to: 'manual', previous reason: 'screen_off'.
05-15 18:38:30.452 623 664 I sysui_multi_action: [757,1696,758,6,759,3]
05-15 18:38:30.457 623 643 I dvm_lock_sample: [system_server,1,android.display,15,WindowManagerService.java,5545,void com.android.server.wm.WindowManagerService$H.handleMessage(android.os.Message),-,8411,void com.android.server.wm.WindowManagerService.onAnimationFinished(),3]
05-15 18:38:30.459 623 623 I power_screen_broadcast_send: 1
05-15 18:38:30.467 984 984 I wm_on_restart_called: [254195641,com.android.settings.Settings$ChooseAccountActivity,performRestartActivity]
05-15 18:38:30.468 984 984 I wm_on_start_called: [254195641,com.android.settings.Settings$ChooseAccountActivity,handleStartActivity]
05-15 18:38:30.469 984 984 I snet_event_log: [120484087,-1,]
05-15 18:38:30.471 984 984 I wm_on_resume_called: [254195641,com.android.settings.Settings$ChooseAccountActivity,RESUME_ACTIVITY]
05-15 18:38:30.472 984 984 I sysui_multi_action: [757,10,758,1,833,0,1089,0]
05-15 18:38:30.475 984 984 I wm_on_top_resumed_gained_called: [254195641,com.android.settings.Settings$ChooseAccountActivity,topWhenResuming]
05-15 18:38:30.476 984 984 I wm_on_restart_called: [210649236,com.android.settings.Settings,performRestartActivity]
05-15 18:38:30.483 984 984 I wm_on_start_called: [210649236,com.android.settings.Settings,handleStartActivity]
05-15 18:38:30.484 984 984 I snet_event_log: [120484087,-1,]
05-15 18:38:30.484 984 984 I wm_on_resume_called: [210649236,com.android.settings.Settings,RESUME_ACTIVITY]
05-15 18:38:30.485 984 984 I sysui_multi_action: [757,35,758,1,833,0,1089,0]
05-15 18:38:30.489 623 623 I WindowManager: Suppressed redundant power key press while already in the process of turning the screen on.
05-15 18:38:30.490 623 623 D BiometricService: Sensor ID(0), oemStrength: 255, updatedStrength: 255, modality 2, state: 0, cookie: 0, props: ID: 0, Strength: 1, Type: 1, sensorId 0, hasEnrollments: true cannot participate in Keystore operations
05-15 18:38:30.494 623 643 I DisplayDeviceRepository: Display device changed state: "内置屏幕", ON
05-15 18:38:30.495 623 781 D UsbHostManager: Removed device at /dev/bus/usb/003/034: USB Billboard Device
05-15 18:38:30.496 623 781 I UsbAlsaManager: USB Audio Device Removed: null
05-15 18:38:30.500 782 782 I sysui_multi_action: [757,111,758,1]
05-15 18:38:30.501 782 782 I sysui_multi_action: [757,0,758,1,759,0,927,0,1593,0]
05-15 18:38:30.501 782 782 I sysui_multi_action: [757,123,758,1,759,123,927,1,928,1,1593,0]
05-15 18:38:30.501 782 782 I sysui_multi_action: [757,261,758,1,759,261,927,2,928,0,1593,0]
05-15 18:38:30.501 782 782 I sysui_multi_action: [757,0,758,1,759,0,927,3,1593,0]
05-15 18:38:30.502 782 782 I sysui_multi_action: [757,0,758,1,759,0,927,4,928,0,1593,0]
05-15 18:38:30.502 782 782 I sysui_multi_action: [757,1800,758,1,759,1800,927,6,928,0,1593,0]
05-15 18:38:30.507 623 1530 I wm_set_keyguard_shown: [1,0,0,setKeyguardShown]
05-15 18:38:30.508 623 1530 D ActivityTaskManager: Top Process State changed to PROCESS_STATE_TOP_SLEEPING
05-15 18:38:30.509 623 1530 I wm_pause_activity: [0,254195641,com.android.settings/.Settings$ChooseAccountActivity,userLeaving=false,sleep]
05-15 18:38:30.509 623 1530 I wm_pause_activity: [0,210649236,com.android.settings/.Settings,userLeaving=false,sleep]
05-15 18:38:30.523 623 1530 I wm_add_to_stopping: [0,254195641,com.android.settings/.Settings$ChooseAccountActivity,makeInvisible]
05-15 18:38:30.526 623 1530 I wm_add_to_stopping: [0,210649236,com.android.settings/.Settings,makeInvisible]
05-15 18:38:30.545 623 637 W ProcessStats: Tracking association SourceState{f350f34 com.android.settings/1000 Top #22872} whose proc state 1 is better than process ProcessState{a71815d com.android.permissioncontroller/10095 pkg=com.android.permissioncontroller} proc state 7 (1 skipped)
05-15 18:38:30.547 984 984 I wm_on_top_resumed_lost_called: [254195641,com.android.settings.Settings$ChooseAccountActivity,topStateChangedWhenResumed]
05-15 18:38:30.553 984 984 I sysui_multi_action: [757,10,758,2,1089,79]
05-15 18:38:30.557 623 730 I netstats_mobile_sample: [0,0,0,0,0,0,0,0,0,0,0,0,1747298353870]
05-15 18:38:30.557 984 984 I wm_on_paused_called: [254195641,com.android.settings.Settings$ChooseAccountActivity,performPause]
05-15 18:38:30.557 623 730 I netstats_wifi_sample: [0,0,0,0,0,0,0,0,0,0,0,0,1747298353870]
05-15 18:38:30.558 782 782 I sysui_multi_action: [757,196,758,1,759,1]
05-15 18:38:30.558 782 782 I sysui_status_bar_state: [1,1,0,0,1,0]
05-15 18:38:30.561 782 810 I dvm_lock_sample: [com.android.systemui,0,Binder:782_3,101,KeyguardViewMediator.java,1235,void com.android.systemui.keyguard.KeyguardViewMediator.onStartedWakingUp(boolean),-,765,void com.android.systemui.keyguard.KeyguardViewMediator$3.onBouncerVisiblityChanged(boolean),20]
05-15 18:38:30.561 623 643 I wm_stop_activity: [0,254195641,com.android.settings/.Settings$ChooseAccountActivity]
05-15 18:38:30.561 623 643 I sysui_multi_action: [757,803,799,window_time_0,802,4]
05-15 18:38:30.567 984 984 I sysui_multi_action: [757,35,758,2,1089,82]
05-15 18:38:30.568 623 664 I DisplayPowerController[0]: Unblocked screen on after 132 ms
05-15 18:38:30.568 623 730 W ContextImpl: Calling a method in the system process without a qualified user: android.app.ContextImpl.sendStickyBroadcast:1567 com.android.server.ConnectivityService.sendStickyBroadcast:2811 com.android.server.ConnectivityService.sendLegacyNetworkBroadcast:8732 com.android.server.ConnectivityService$LegacyTypeTracker.remove:1007 com.android.server.ConnectivityService$LegacyTypeTracker.remove:1024
05-15 18:38:30.570 984 984 I wm_on_paused_called: [210649236,com.android.settings.Settings,performPause]
05-15 18:38:30.571 623 649 W BroadcastQueue: Target SDK mismatch: receiver ActivityInfo{5b72ed7 com.xiaomi.push.service.receivers.NetworkStatusReceiver} targets 26 but delivery restricted to [0, 23] broadcasting Intent { act=android.net.conn.CONNECTIVITY_CHANGE flg=0x4200010 (has extras) } from android (pid=623, uid=1000) to com.zhangyue.read.iReader/com.xiaomi.push.service.receivers.NetworkStatusReceiver
05-15 18:38:30.571 623 649 W BroadcastQueue: Target SDK mismatch: receiver ActivityInfo{8ea3c4 com.xiaomi.push.service.receivers.NetworkStatusReceiver} targets 33 but delivery restricted to [0, 23] broadcasting Intent { act=android.net.conn.CONNECTIVITY_CHANGE flg=0x4200010 (has extras) } from android (pid=623, uid=1000) to com.taobao.idlefish/com.xiaomi.push.service.receivers.NetworkStatusReceiver
05-15 18:38:30.571 623 649 W BroadcastQueue: Target SDK mismatch: receiver ActivityInfo{39a2ad com.xiaomi.push.service.receivers.NetworkStatusReceiver} targets 33 but delivery restricted to [0, 23] broadcasting Intent { act=android.net.conn.CONNECTIVITY_CHANGE flg=0x4200010 (has extras) } from android (pid=623, uid=1000) to com.taobao.taobao/com.xiaomi.push.service.receivers.NetworkStatusReceiver
05-15 18:38:30.571 623 649 W BroadcastQueue: Target SDK mismatch: receiver ActivityInfo{6e929e2 cn.eben.help.LoadAllReceiver} targets 28 but delivery restricted to [0, 23] broadcasting Intent { act=android.net.conn.CONNECTIVITY_CHANGE flg=0x4200010 (has extras) } from android (pid=623, uid=1000) to cn.eben.help/.LoadAllReceiver
05-15 18:38:30.571 623 649 W BroadcastQueue: Target SDK mismatch: receiver ActivityInfo{2d5e173 cn.eben.android.receiver.AppSyncReceiver} targets 27 but delivery restricted to [0, 23] broadcasting Intent { act=android.net.conn.CONNECTIVITY_CHANGE flg=0x4200010 (has extras) } from android (pid=623, uid=1000) to cn.eben.sync/cn.eben.android.receiver.AppSyncReceiver
05-15 18:38:30.572 623 637 I wm_set_resumed_activity: [0,com.android.settings/.Settings$ChooseAccountActivity,resumeTopActivity]
05-15 18:38:30.573 623 637 I wm_add_to_stopping: [0,254195641,com.android.settings/.Settings$ChooseAccountActivity,makeInvisible]
05-15 18:38:30.598 623 781 D UsbHostManager: USB device attached: vidpid 2109:8817 mfg/product/ver/serial VIA Labs, Inc. /USB Billboard Device /0.01/0000000000000001 hasAudio/HID/Storage: false/false/false
05-15 18:38:30.600 623 781 D UsbHostManager: Added device UsbDevice[mName=/dev/bus/usb/003/035,mVendorId=8457,mProductId=34839,mClass=17,mSubclass=0,mProtocol=0,mManufacturerName=VIA Labs, Inc. ,mProductName=USB Billboard Device ,mVersion=0.01,mSerialNumberReader=com.android.server.usb.UsbSerialReader@7fabca9, mHasAudioPlayback=false, mHasAudioCapture=false, mHasMidi=false, mHasVideoCapture=false, mHasVideoPlayback=false, mConfigurations=[
05-15 18:38:30.600 623 781 D UsbHostManager: UsbConfiguration[mId=1,mName=0000000000000001,mAttributes=160,mMaxPower=50,mInterfaces=[
05-15 18:38:30.600 623 781 D UsbHostManager: UsbInterface[mId=0,mAlternateSetting=0,mName=0000000000000001,mClass=17,mSubclass=0,mProtocol=0,mEndpoints=[]]]
05-15 18:38:31.003 1391 1391 W ContextImpl: Calling a method in the system process without a qualified user: android.app.ContextImpl.sendBroadcast:1181 android.content.ContextWrapper.sendBroadcast:479 cn.eben.newweather.DateWeatherService.a:19 cn.eben.newweather.DateWeatherService.a:0 cn.eben.newweather.DateWeatherService$1.handleMessage:7
05-15 18:38:31.083 623 637 I wm_resume_activity: [0,254195641,2736,com.android.settings/.Settings$ChooseAccountActivity]
05-15 18:38:31.084 623 637 I wm_add_to_stopping: [0,254195641,com.android.settings/.Settings$ChooseAccountActivity,makeInvisible]
05-15 18:38:31.085 623 637 I wm_pause_activity: [0,254195641,com.android.settings/.Settings$ChooseAccountActivity,userLeaving=false,sleep]
05-15 18:38:31.090 623 643 I dvm_lock_sample: [system_server,1,android.display,520,ActivityTaskSupervisor.java,2372,void com.android.server.wm.ActivityTaskSupervisor$ActivityTaskSupervisorHandler.handleMessage(android.os.Message),TaskChangeNotificationController.java,342,void com.android.server.wm.TaskChangeNotificationController.forAllLocalListeners(com.android.server.wm.TaskChangeNotificationController$TaskStackConsumer, android.os.Message),100]
05-15 18:38:31.090 623 643 I wm_stop_activity: [0,210649236,com.android.settings/.Settings]
05-15 18:38:31.091 623 1955 I dvm_lock_sample: [system_server,1,Binder:623_B,519,WindowManagerService.java,2303,int com.android.server.wm.WindowManagerService.relayoutWindow(com.android.server.wm.Session, android.view.IWindow, android.view.WindowManager$LayoutParams, int, int, int, int, long, android.window.ClientWindowFrames, android.util.MergedConfiguration, android.view.SurfaceControl, android.view.InsetsState, android.view.InsetsSourceControl[], android.graphics.Point),TaskChangeNotificationController.java,342,void com.android.server.wm.TaskChangeNotificationController.forAllLocalListeners(com.android.server.wm.TaskChangeNotificationController$TaskStackConsumer, android.os.Message),100]
05-15 18:38:31.097 623 649 I dvm_lock_sample: [system_server,1,ActivityManager,525,ActivityTaskManagerService.java,5724,android.content.res.CompatibilityInfo com.android.server.wm.ActivityTaskManagerService$LocalService.compatibilityInfoForPackage(android.content.pm.ApplicationInfo),TaskChangeNotificationController.java,342,void com.android.server.wm.TaskChangeNotificationController.forAllLocalListeners(com.android.server.wm.TaskChangeNotificationController$TaskStackConsumer, android.os.Message),100]
05-15 18:38:31.097 623 644 I dvm_lock_sample: [system_server,1,android.anim,516,WindowAnimator.java,103,void com.android.server.wm.WindowAnimator.lambda$new$1$WindowAnimator(long),TaskChangeNotificationController.java,342,void com.android.server.wm.TaskChangeNotificationController.forAllLocalListeners(com.android.server.wm.TaskChangeNotificationController$TaskStackConsumer, android.os.Message),100]
05-15 18:38:31.099 623 1530 I dvm_lock_sample: [system_server,1,Binder:623_A,523,ActivityManagerService.java,11885,android.content.ComponentName com.android.server.am.ActivityManagerService.startService(android.app.IApplicationThread, android.content.Intent, java.lang.String, boolean, java.lang.String, java.lang.String, int),BroadcastQueue.java,996,void com.android.server.am.BroadcastQueue.processNextBroadcast(boolean),100]
05-15 18:38:31.100 2778 2778 W ContextImpl: Calling a method in the system process without a qualified user: android.app.ContextImpl.startService:1824 android.content.ContextWrapper.startService:774 android.content.ContextWrapper.startService:774 com.ebensz.appmanager.service.UploadMyAppsInfoService.startUploadMyAppsInfoService:78 com.ebensz.appmanager.receiver.UploadMyAppsInfoReceiver.onReceive:33
05-15 18:38:31.100 623 936 I dvm_lock_sample: [system_server,1,Binder:623_5,524,ActivityManagerService.java,12043,int com.android.server.am.ActivityManagerService.bindIsolatedService(android.app.IApplicationThread, android.os.IBinder, android.content.Intent, java.lang.String, android.app.IServiceConnection, int, java.lang.String, java.lang.String, int),BroadcastQueue.java,996,void com.android.server.am.BroadcastQueue.processNextBroadcast(boolean),100]
05-15 18:38:31.102 623 644 I input_focus: [Focus request fc02a13 NotificationShade,reason=UpdateInputWindows]
05-15 18:38:31.102 623 6545 I dvm_lock_sample: [system_server,1,Binder:623_11,525,ActivityManagerService.java,11885,android.content.ComponentName com.android.server.am.ActivityManagerService.startService(android.app.IApplicationThread, android.content.Intent, java.lang.String, boolean, java.lang.String, java.lang.String, int),,0,null,100]
05-15 18:38:31.109 623 781 I dvm_lock_sample: [system_server,0,UsbService host thread,508,ActivityManagerService.java,13631,int com.android.server.am.ActivityManagerService.broadcastIntentWithFeature(android.app.IApplicationThread, java.lang.String, android.content.Intent, java.lang.String, android.content.IIntentReceiver, int, java.lang.String, android.os.Bundle, java.lang.String[], java.lang.String[], int, android.os.Bundle, boolean, boolean, int),,0,null,100]
05-15 18:38:31.117 623 623 I dvm_lock_sample: [system_server,1,main,35,ActivityManagerService.java,13739,void com.android.server.am.ActivityManagerService.finishReceiver(android.os.IBinder, int, java.lang.String, android.os.Bundle, boolean, int),,0,null,7]
05-15 18:38:31.117 623 623 W Looper : Slow dispatch took 564ms main h=android.app.ActivityThread$H c=android.app.LoadedApk$ReceiverDispatcher$Args$$ExternalSyntheticLambda0@8842878 m=0
05-15 18:38:31.117 623 623 W Looper : Slow delivery took 559ms main h=com.android.server.power.Notifier$NotifierHandler c=null m=7
05-15 18:38:31.127 623 643 I sysui_multi_action: [757,803,799,window_time_0,802,1]
05-15 18:38:31.129 623 643 I user_activity_timeout_override: 10000
05-15 18:38:31.130 984 984 I wm_on_stop_called: [254195641,com.android.settings.Settings$ChooseAccountActivity,STOP_ACTIVITY_ITEM]
05-15 18:38:31.132 623 623 W Looper : Drained
05-15 18:38:31.133 623 623 I battery_saving_stats: [0,0,0,4776,0,0,2004265,0,0]
05-15 18:38:31.134 984 984 I wm_on_restart_called: [254195641,com.android.settings.Settings$ChooseAccountActivity,performRestartActivity]
05-15 18:38:31.135 984 984 I wm_on_start_called: [254195641,com.android.settings.Settings$ChooseAccountActivity,handleStartActivity]
05-15 18:38:31.136 984 984 I snet_event_log: [120484087,-1,]
05-15 18:38:31.145 984 984 I wm_on_resume_called: [254195641,com.android.settings.Settings$ChooseAccountActivity,RESUME_ACTIVITY]
05-15 18:38:31.146 623 1955 W BroadcastQueue: Target SDK mismatch: receiver ActivityInfo{b2e0d9e com.ebensz.ota.ActionReceiver} targets 29 but delivery restricted to [0, 23] broadcasting Intent { act=android.net.conn.CONNECTIVITY_CHANGE flg=0x4200010 (has extras) } from android (pid=623, uid=1000) to com.ebensz.ota/.ActionReceiver
05-15 18:38:31.146 984 984 I sysui_multi_action: [757,10,758,1,833,0,1089,0]
05-15 18:38:31.147 623 649 W BroadcastQueue: Target SDK mismatch: receiver ActivityInfo{f6207f com.taobao.accs.EventReceiver} targets 26 but delivery restricted to [0, 23] broadcasting Intent { act=android.net.conn.CONNECTIVITY_CHANGE flg=0x4200010 (has extras) } from android (pid=623, uid=1000) to com.zhangyue.read.iReader/com.taobao.accs.EventReceiver
05-15 18:38:31.147 623 649 W BroadcastQueue: Target SDK mismatch: receiver ActivityInfo{7ecb84c com.taobao.fleamarket.function.network.NetworkReceiver} targets 33 but delivery restricted to [0, 23] broadcasting Intent { act=android.net.conn.CONNECTIVITY_CHANGE flg=0x4200010 (has extras) } from android (pid=623, uid=1000) to com.taobao.idlefish/com.taobao.fleamarket.function.network.NetworkReceiver
05-15 18:38:31.152 984 984 I wm_on_top_resumed_gained_called: [254195641,com.android.settings.Settings$ChooseAccountActivity,topWhenResuming]
05-15 18:38:31.153 984 984 I wm_on_top_resumed_lost_called: [254195641,com.android.settings.Settings$ChooseAccountActivity,topStateChangedWhenResumed]
05-15 18:38:31.169 984 984 I sysui_multi_action: [757,10,758,2,1089,23]
05-15 18:38:31.172 984 984 I wm_on_paused_called: [254195641,com.android.settings.Settings$ChooseAccountActivity,performPause]
05-15 18:38:31.173 623 643 I wm_stop_activity: [0,254195641,com.android.settings/.Settings$ChooseAccountActivity]
05-15 18:38:31.179 984 984 I wm_on_stop_called: [210649236,com.android.settings.Settings,STOP_ACTIVITY_ITEM]
05-15 18:38:31.186 623 8013 I sysui_multi_action: [757,127,758,1]
05-15 18:38:31.186 623 8013 I sysui_multi_action: [757,804,799,note_load,801,4,802,1]
05-15 18:38:31.186 623 8013 I notification_panel_revealed: 4
05-15 18:38:31.190 623 8013 I sysui_multi_action: [757,128,758,1,793,12799985,794,0,795,12799985,796,1111,798,3,806,com.ebensz.email,857,100,858,2,947,0,1395,4,1500,12799985,1688,4,1689,2,1690,1]
05-15 18:38:31.190 623 8013 I sysui_multi_action: [757,804,799,note_freshness,801,12799985,802,1]
05-15 18:38:31.190 623 8013 I notification_visibility: [0|com.ebensz.email|1111|null|10072,1,12799985,12799985,0,3]
05-15 18:38:31.190 623 8013 I sysui_multi_action: [757,128,758,1,793,12943313,794,0,795,12943313,796,55,798,1,806,android,857,DEVELOPER,858,2,947,0,1395,4,1500,35955,1688,1]
05-15 18:38:31.190 623 8013 I sysui_multi_action: [757,1501,758,1,793,12943313,794,0,795,12943313,796,55,806,android,857,DEVELOPER,858,2,947,0,1500,0,1688,1]
05-15 18:38:31.190 623 8013 I sysui_multi_action: [757,804,799,note_interruptive,801,0,802,1]
05-15 18:38:31.190 623 8013 I sysui_multi_action: [757,804,799,note_freshness,801,12943313,802,1]
05-15 18:38:31.190 623 8013 I notification_visibility: [-1|android|55|null|1000,1,12943313,12943313,0,1]
05-15 18:38:31.191 623 8013 I sysui_multi_action: [757,128,758,1,793,12791020,794,0,795,12791020,796,1009,798,0,806,cn.eben.sync,857,CloudService,858,2,947,0,1395,4,1500,35955,1688,1]
05-15 18:38:31.191 623 8013 I sysui_multi_action: [757,1501,758,1,793,12791020,794,0,795,12791020,796,1009,806,cn.eben.sync,857,CloudService,858,2,947,0,1500,0,1688,1]
05-15 18:38:31.191 623 8013 I sysui_multi_action: [757,804,799,note_interruptive,801,0,802,1]
05-15 18:38:31.191 623 8013 I sysui_multi_action: [757,804,799,note_freshness,801,12791020,802,1]
05-15 18:38:31.191 623 8013 I notification_visibility: [0|cn.eben.sync|1009|null|10064,1,12791020,12791020,0,0]
05-15 18:38:31.191 623 8013 I sysui_multi_action: [757,128,758,1,793,3882295,794,0,795,27868,796,2131755453,798,2,806,com.baidu.appsearch,857,手机管理、安全检测相关通知,858,2,947,0,1395,4,1500,27868,1688,1]
05-15 18:38:31.192 623 8013 I sysui_multi_action: [757,804,799,note_freshness,801,27868,802,1]
05-15 18:38:31.192 623 8013 I notification_visibility: [0|com.baidu.appsearch|2131755453|null|10100,1,3882295,27868,0,2]
05-15 18:38:31.193 623 623 I notification_enqueue: [10100,10735,com.baidu.appsearch,2131755453,NULL,0,Notification(channel=手机管理、安全检测相关通知 shortcut=null contentView=null vibrate=null sound=null defaults=0x0 flags=0x62 color=0x00000000 vis=PRIVATE),1]
05-15 18:38:31.196 623 623 I power_screen_broadcast_done: [1,736,1]
05-15 18:38:31.209 984 984 I wm_on_stop_called: [254195641,com.android.settings.Settings$ChooseAccountActivity,STOP_ACTIVITY_ITEM]
05-15 18:38:31.219 623 3030 I ActivityTaskManager: Activity reported stop, but no longer stopping: ActivityRecord{f26b7b9 u0 com.android.settings/.Settings$ChooseAccountActivity t2736} STOPPED
05-15 18:38:31.589 623 664 I sysui_latency: [5,1159]
05-15 18:38:31.589 623 664 W PowerManagerService: Screen on took 2817 ms
05-15 18:38:31.594 623 711 I input_focus: [Focus entering fc02a13 NotificationShade (server),reason=Window became focusable. Previous reason: NO_WINDOW]
05-15 18:38:31.615 623 623 I sysui_multi_action: [757,198,758,1,759,1,1359,2817,1694,1]
05-15 18:38:31.616 623 623 I power_screen_state: [1,0,0,0,2817]
05-15 18:38:32.002 1391 1391 W ContextImpl: Calling a method in the system process without a qualified user: android.app.ContextImpl.sendBroadcast:1181 android.content.ContextWrapper.sendBroadcast:479 cn.eben.newweather.DateWeatherService.a:19 cn.eben.newweather.DateWeatherService.a:0 cn.eben.newweather.DateWeatherService$1.handleMessage:7
05-15 18:38:32.108 623 623 V Biometrics/AcquisitionClient: Acquired: 0 0, shouldSend: true
05-15 18:38:32.110 623 623 V Biometrics/AcquisitionClient: Acquired: 6 2, shouldSend: true
05-15 18:38:32.161 2778 2778 W ContextImpl: Calling a method in the system process without a qualified user: android.app.ContextImpl.startService:1824 android.content.ContextWrapper.startService:774 com.ebensz.appmanager.service.UploadMyAppsInfoService$1.handleMessage:63 android.os.Handler.dispatchMessage:106 android.os.Looper.loopOnce:201
05-15 18:38:32.216 623 623 V Biometrics/AcquisitionClient: Acquired: 0 0, shouldSend: true
05-15 18:38:32.219 623 623 V Biometrics/LoggableMonitor: Authentication latency: -1
05-15 18:38:32.219 623 623 W Biometrics/LoggableMonitor: found a negative latency : -1
05-15 18:38:32.220 623 623 V Biometrics/AuthenticationClient: onAuthenticated(true), ID:1669761433, Owner: com.android.systemui, isBP: false, listener: com.android.server.biometrics.sensors.ClientMonitorCallbackConverter@4def32a, requireConfirmation: false, user: 0, clientMonitor: {[40] com.android.server.biometrics.sensors.fingerprint.hidl.FingerprintAuthenticationClient, proto=3, owner=com.android.systemui, cookie=0, requestId=12, userId=0}
05-15 18:38:32.220 623 623 W Biometrics/AuthenticationClient: Allowing background authentication, this is allowed only for platform or test invocations
05-15 18:38:32.220 623 623 D Biometrics/ClientMonitor: marking operation as done: {[40] com.android.server.biometrics.sensors.fingerprint.hidl.FingerprintAuthenticationClient, proto=3, owner=com.android.systemui, cookie=0, requestId=12, userId=0}
05-15 18:38:32.222 623 623 D Biometrics/AuthenticationClient: Skipping addAuthToken
05-15 18:38:32.222 623 623 D FingerprintService: Client finished, fps state updated to 0, client {[40] com.android.server.biometrics.sensors.fingerprint.hidl.FingerprintAuthenticationClient, proto=3, owner=com.android.systemui, cookie=0, requestId=12, userId=0}
05-15 18:38:32.222 623 623 D BiometricSchedulerOperation: [Finished / destroy]: {[40] com.android.server.biometrics.sensors.fingerprint.hidl.FingerprintAuthenticationClient, proto=3, owner=com.android.systemui, cookie=0, requestId=12, userId=0}
05-15 18:38:32.224 623 623 D BiometricScheduler/Fingerprint21: [Finishing] {[40] com.android.server.biometrics.sensors.fingerprint.hidl.FingerprintAuthenticationClient, proto=3, owner=com.android.systemui, cookie=0, requestId=12, userId=0}, success: true
05-15 18:38:32.224 623 623 D BiometricCoexCoordinator: removeAuthenticationClient(OtherFp), client: {[40] com.android.server.biometrics.sensors.fingerprint.hidl.FingerprintAuthenticationClient, proto=3, owner=com.android.systemui, cookie=0, requestId=12, userId=0}
05-15 18:38:32.224 623 623 D GestureAvailabilityTracker: Notifying gesture availability, active=true
05-15 18:38:32.224 623 623 D BiometricScheduler/Fingerprint21: No operations, returning to idle
05-15 18:38:32.228 782 782 I sysui_multi_action: [757,196,758,1,759,1]
05-15 18:38:32.228 623 623 D BiometricService: Sensor ID(0), oemStrength: 255, updatedStrength: 255, modality 2, state: 0, cookie: 0, props: ID: 0, Strength: 1, Type: 1, sensorId 0, hasEnrollments: true cannot participate in Keystore operations
05-15 18:38:32.228 782 782 I sysui_status_bar_state: [1,1,0,0,1,1]
05-15 18:38:32.229 782 782 I sysui_multi_action: [757,1697,758,10,759,0]
05-15 18:38:32.240 623 638 I wm_set_keyguard_shown: [1,0,1,keyguardGoingAway]
05-15 18:38:32.240 623 638 D ActivityTaskManager: Top Process State changed to PROCESS_STATE_TOP
05-15 18:38:32.240 623 623 D BiometricService: Sensor ID(0), oemStrength: 255, updatedStrength: 255, modality 2, state: 0, cookie: 0, props: ID: 0, Strength: 1, Type: 1, sensorId 0, hasEnrollments: true cannot participate in Keystore operations
05-15 18:38:32.240 623 638 I wm_set_resumed_activity: [0,com.android.settings/.Settings$ChooseAccountActivity,resumeTopActivity]
05-15 18:38:32.241 623 638 I wm_resume_activity: [0,254195641,2736,com.android.settings/.Settings$ChooseAccountActivity]
05-15 18:38:32.242 782 782 I sysui_multi_action: [757,196,758,1,759,1]
05-15 18:38:32.242 623 638 I wm_resume_activity: [0,210649236,2736,com.android.settings/.Settings]
05-15 18:38:32.242 782 782 I sysui_status_bar_state: [1,1,0,0,1,0]
05-15 18:38:32.249 984 984 I wm_on_restart_called: [254195641,com.android.settings.Settings$ChooseAccountActivity,performRestartActivity]
05-15 18:38:32.250 984 984 I wm_on_start_called: [254195641,com.android.settings.Settings$ChooseAccountActivity,handleStartActivity]
05-15 18:38:32.251 984 984 I snet_event_log: [120484087,-1,]
05-15 18:38:32.254 984 984 I wm_on_resume_called: [254195641,com.android.settings.Settings$ChooseAccountActivity,RESUME_ACTIVITY]
05-15 18:38:32.255 984 984 I sysui_multi_action: [757,10,758,1,833,0,1089,0]
05-15 18:38:32.258 984 984 I wm_on_top_resumed_gained_called: [254195641,com.android.settings.Settings$ChooseAccountActivity,topWhenResuming]
05-15 18:38:32.259 984 984 I wm_on_restart_called: [210649236,com.android.settings.Settings,performRestartActivity]
05-15 18:38:32.279 984 984 I wm_on_start_called: [210649236,com.android.settings.Settings,handleStartActivity]
05-15 18:38:32.279 984 984 I snet_event_log: [120484087,-1,]
05-15 18:38:32.280 984 984 I wm_on_resume_called: [210649236,com.android.settings.Settings,RESUME_ACTIVITY]
05-15 18:38:32.280 984 984 I sysui_multi_action: [757,35,758,1,833,0,1089,0]
05-15 18:38:32.353 782 782 I sysui_multi_action: [757,196,758,2,759,1]
05-15 18:38:32.353 782 782 I sysui_status_bar_state: [1,0,0,0,1,0]
05-15 18:38:32.369 623 643 I user_activity_timeout_override: -1
05-15 18:38:32.371 623 644 I input_focus: [Focus request 27686e5 com.android.settings/com.android.settings.Settings$ChooseAccountActivity,reason=UpdateInputWindows]
05-15 18:38:32.391 623 711 I input_focus: [Focus leaving fc02a13 NotificationShade (server),reason=NOT_FOCUSABLE]
05-15 18:38:32.391 623 711 I input_focus: [Focus entering 27686e5 com.android.settings/com.android.settings.Settings$ChooseAccountActivity (server),reason=setFocusedWindow]
05-15 18:38:32.525 623 1530 I sysui_multi_action: [757,128,758,2,793,12801320,794,1335,795,12801320,796,1111,798,3,806,com.ebensz.email,857,100,858,2,947,0,1395,4,1500,12801320,1688,4,1689,2,1690,1]
05-15 18:38:32.525 623 1530 I notification_visibility: [0|com.ebensz.email|1111|null|10072,0,12801320,12801320,0,3]
05-15 18:38:32.526 623 1530 I sysui_multi_action: [757,128,758,2,793,12944649,794,1336,795,12944649,796,55,798,1,806,android,857,DEVELOPER,858,2,947,0,1395,4,1500,1336,1688,1]
05-15 18:38:32.526 623 1530 I notification_visibility: [-1|android|55|null|1000,0,12944649,12944649,0,1]
05-15 18:38:32.526 623 1530 I sysui_multi_action: [757,128,758,2,793,12792355,794,1335,795,12792355,796,1009,798,0,806,cn.eben.sync,857,CloudService,858,2,947,0,1395,4,1500,1335,1688,1]
05-15 18:38:32.526 623 1530 I notification_visibility: [0|cn.eben.sync|1009|null|10064,0,12792355,12792355,0,0]
05-15 18:38:32.527 623 1530 I sysui_multi_action: [757,128,758,2,793,3883631,794,1336,795,1338,796,2131755453,798,2,806,com.baidu.appsearch,857,手机管理、安全检测相关通知,858,2,947,0,1395,4,1500,1338,1688,1]
05-15 18:38:32.527 623 1530 I notification_visibility: [0|com.baidu.appsearch|2131755453|null|10100,0,3883631,1338,0,2]
05-15 18:38:32.528 623 1530 I sysui_multi_action: [757,127,758,2]
05-15 18:38:32.528 623 1530 I notification_panel_hidden:
05-15 18:38:32.774 623 623 E Fingerprint21: onAcquired for non-acquisition client: null
05-15 18:38:32.785 782 782 I sysui_multi_action: [757,111,758,2]
05-15 18:38:32.831 623 623 D BiometricService: Sensor ID(0), oemStrength: 255, updatedStrength: 255, modality 2, state: 0, cookie: 0, props: ID: 0, Strength: 1, Type: 1, sensorId 0, hasEnrollments: true cannot participate in Keystore operations
05-15 18:38:32.834 623 638 I wm_set_keyguard_shown: [0,0,1,setKeyguardShown]
05-15 18:38:32.840 623 649 W BroadcastQueue: Background execution not allowed: receiving Intent { act=android.intent.action.USER_PRESENT flg=0x24200010 } to com.zhangyue.read.iReader/com.taobao.accs.EventReceiver
05-15 18:38:33.002 1391 1391 W ContextImpl: Calling a method in the system process without a qualified user: android.app.ContextImpl.sendBroadcast:1181 android.content.ContextWrapper.sendBroadcast:479 cn.eben.newweather.DateWeatherService.a:19 cn.eben.newweather.DateWeatherService.a:0 cn.eben.newweather.DateWeatherService$1.handleMessage:7
05-15 18:38:34.002 1391 1391 W ContextImpl: Calling a method in the system process without a qualified user: android.app.ContextImpl.sendBroadcast:1181 android.content.ContextWrapper.sendBroadcast:479 cn.eben.newweather.DateWeatherService.a:19 cn.eben.newweather.DateWeatherService.a:0 cn.eben.newweather.DateWeatherService$1.handleMessage:7
05-15 18:38:34.661 623 711 I input_interaction: Interaction with: 27686e5 com.android.settings/com.android.settings.Settings$ChooseAccountActivity (server), PointerEventDispatcher0 (server),
05-15 18:38:34.748 623 1115 I wm_finish_activity: [0,254195641,2736,com.android.settings/.Settings$ChooseAccountActivity,app-request]
05-15 18:38:34.765 623 1115 I wm_pause_activity: [0,254195641,com.android.settings/.Settings$ChooseAccountActivity,userLeaving=false,finish]
05-15 18:38:34.767 984 984 I sysui_multi_action: [757,830,758,4,833,0,854,com.ebensz.email,1089,0]
05-15 18:38:34.769 984 984 I wm_on_top_resumed_lost_called: [254195641,com.android.settings.Settings$ChooseAccountActivity,topStateChangedWhenResumed]
05-15 18:38:34.770 984 984 I sysui_multi_action: [757,10,758,2,1089,2515]
05-15 18:38:34.771 984 984 I wm_on_paused_called: [254195641,com.android.settings.Settings$ChooseAccountActivity,performPause]
05-15 18:38:34.771 623 27902 I wm_add_to_stopping: [0,254195641,com.android.settings/.Settings$ChooseAccountActivity,completeFinishing]
05-15 18:38:34.771 623 27902 I wm_set_resumed_activity: [0,com.android.settings/.accounts.AddAccountSettings,resumeTopActivity]
05-15 18:38:34.772 623 27902 I wm_resume_activity: [0,213004978,2736,com.android.settings/.accounts.AddAccountSettings]
05-15 18:38:34.773 984 984 I wm_on_top_resumed_gained_called: [210649236,com.android.settings.Settings,topStateChangedWhenResumed]
05-15 18:38:34.774 984 984 I wm_on_top_resumed_lost_called: [210649236,com.android.settings.Settings,topStateChangedWhenResumed]
05-15 18:38:34.774 623 643 I sysui_multi_action: [757,803,799,window_time_0,802,3]
05-15 18:38:34.778 984 984 I wm_on_restart_called: [213004978,com.android.settings.accounts.AddAccountSettings,performRestartActivity]
05-15 18:38:34.778 984 984 I wm_on_start_called: [213004978,com.android.settings.accounts.AddAccountSettings,handleStartActivity]
05-15 18:38:34.779 623 711 I input_focus: [Focus leaving 27686e5 com.android.settings/com.android.settings.Settings$ChooseAccountActivity (server),reason=NO_WINDOW]
05-15 18:38:34.787 984 984 I wm_on_activity_result_called: [213004978,com.android.settings.accounts.AddAccountSettings,ACTIVITY_RESULT]
05-15 18:38:34.787 984 984 I wm_on_resume_called: [213004978,com.android.settings.accounts.AddAccountSettings,RESUME_ACTIVITY]
05-15 18:38:34.793 623 644 I input_focus: [Focus request a54bb5f com.android.settings/com.android.settings.accounts.AddAccountSettings,reason=UpdateInputWindows]
05-15 18:38:34.800 984 984 I wm_on_top_resumed_gained_called: [213004978,com.android.settings.accounts.AddAccountSettings,topStateChangedWhenResumed]
05-15 18:38:34.803 623 644 W WindowManager: Unable to find process with pid=984 uid=1000
05-15 18:38:34.804 623 642 I DropBoxManagerService: add tag=system_app_strictmode isTagEnabled=true flags=0x2
05-15 18:38:34.805 623 27902 I ActivityTaskManager: START u0 {flg=0x10008000 cmp=com.ebensz.email/.activity.setup.AccountSetupBasics clip={text/plain {}} (has extras)} from uid 1000
05-15 18:38:34.808 623 27902 W ActivityTaskManager: Activity is launching as a new task, so cancelling activity result.
05-15 18:38:34.809 623 27902 I wm_task_created: [2751,-1]
05-15 18:38:34.809 623 27902 W ActivityTaskManager: Can't find TaskDisplayArea to determine support for multi window. Task id=2751 attached=false
05-15 18:38:34.812 623 27902 I wm_task_moved: [2751,1,9]
05-15 18:38:34.812 623 27902 I wm_task_to_front: [0,2751]
05-15 18:38:34.813 623 27902 I wm_create_task: [0,2751]
05-15 18:38:34.813 623 27902 I wm_create_activity: [0,111450163,2751,com.ebensz.email/.activity.setup.AccountSetupBasics,NULL,NULL,NULL,268468224]
05-15 18:38:34.813 623 27902 I wm_task_moved: [2751,1,9]
05-15 18:38:34.814 623 27902 V SplashScreenExceptionList: SplashScreen checking exception for package com.ebensz.email (target sdk:28) -> false
05-15 18:38:34.815 623 27902 I wm_pause_activity: [0,213004978,com.android.settings/.accounts.AddAccountSettings,userLeaving=true,pauseBackTasks]
05-15 18:38:34.815 623 711 I input_focus: [Focus entering a54bb5f com.android.settings/com.android.settings.accounts.AddAccountSettings (server),reason=Window became focusable. Previous reason: NO_WINDOW]
05-15 18:38:34.815 623 27902 I wm_pause_activity: [0,210649236,com.android.settings/.Settings,userLeaving=true,pauseBackTasks]
05-15 18:38:34.819 984 984 I wm_on_top_resumed_lost_called: [213004978,com.android.settings.accounts.AddAccountSettings,pausing]
05-15 18:38:34.819 984 984 I wm_on_paused_called: [213004978,com.android.settings.accounts.AddAccountSettings,performPause]
