05-15 18:31:02.115 623 649 W BroadcastQueue: Target SDK mismatch: receiver ActivityInfo{28df1c3 com.xiaomi.push.service.receivers.NetworkStatusReceiver} targets 33 but delivery restricted to [0, 23] broadcasting Intent { act=android.net.conn.CONNECTIVITY_CHANGE flg=0x4200010 (has extras) } from android (pid=623, uid=1000) to com.taobao.taobao/com.xiaomi.push.service.receivers.NetworkStatusReceiver
05-15 18:31:02.115 623 649 W BroadcastQueue: Target SDK mismatch: receiver ActivityInfo{5eb8a40 cn.eben.help.LoadAllReceiver} targets 28 but delivery restricted to [0, 23] broadcasting Intent { act=android.net.conn.CONNECTIVITY_CHANGE flg=0x4200010 (has extras) } from android (pid=623, uid=1000) to cn.eben.help/.LoadAllReceiver
05-15 18:31:02.115 623 649 W BroadcastQueue: Target SDK mismatch: receiver ActivityInfo{6e98d79 cn.eben.android.receiver.AppSyncReceiver} targets 27 but delivery restricted to [0, 23] broadcasting Intent { act=android.net.conn.CONNECTIVITY_CHANGE flg=0x4200010 (has extras) } from android (pid=623, uid=1000) to cn.eben.sync/cn.eben.android.receiver.AppSyncReceiver
05-15 18:31:02.118 2778 2778 W ContextImpl: Calling a method in the system process without a qualified user: android.app.ContextImpl.startService:1824 android.content.ContextWrapper.startService:774 android.content.ContextWrapper.startService:774 com.ebensz.appmanager.service.UploadMyAppsInfoService.startUploadMyAppsInfoService:78 com.ebensz.appmanager.receiver.UploadMyAppsInfoReceiver.onReceive:33
05-15 18:31:02.120 623 781 D UsbHostManager: USB device attached: vidpid 2109:8817 mfg/product/ver/serial VIA Labs, Inc. /USB Billboard Device /0.01/0000000000000001 hasAudio/HID/Storage: false/false/false
05-15 18:31:02.123 623 781 D UsbHostManager: Added device UsbDevice[mName=/dev/bus/usb/003/027,mVendorId=8457,mProductId=34839,mClass=17,mSubclass=0,mProtocol=0,mManufacturerName=VIA Labs, Inc. ,mProductName=USB Billboard Device ,mVersion=0.01,mSerialNumberReader=com.android.server.usb.UsbSerialReader@959d63b, mHasAudioPlayback=false, mHasAudioCapture=false, mHasMidi=false, mHasVideoCapture=false, mHasVideoPlayback=false, mConfigurations=[
05-15 18:31:02.123 623 781 D UsbHostManager: UsbConfiguration[mId=1,mName=0000000000000001,mAttributes=160,mMaxPower=50,mInterfaces=[
05-15 18:31:02.123 623 781 D UsbHostManager: UsbInterface[mId=0,mAlternateSetting=0,mName=0000000000000001,mClass=17,mSubclass=0,mProtocol=0,mEndpoints=[]]]
05-15 18:31:02.125 623 637 W BroadcastQueue: Target SDK mismatch: receiver ActivityInfo{bea72b1 com.ebensz.ota.ActionReceiver} targets 29 but delivery restricted to [0, 23] broadcasting Intent { act=android.net.conn.CONNECTIVITY_CHANGE flg=0x4200010 (has extras) } from android (pid=623, uid=1000) to com.ebensz.ota/.ActionReceiver
05-15 18:31:02.125 623 649 W BroadcastQueue: Target SDK mismatch: receiver ActivityInfo{7aaf396 com.taobao.accs.EventReceiver} targets 26 but delivery restricted to [0, 23] broadcasting Intent { act=android.net.conn.CONNECTIVITY_CHANGE flg=0x4200010 (has extras) } from android (pid=623, uid=1000) to com.zhangyue.read.iReader/com.taobao.accs.EventReceiver
05-15 18:31:02.125 623 649 W BroadcastQueue: Target SDK mismatch: receiver ActivityInfo{6059b17 com.taobao.fleamarket.function.network.NetworkReceiver} targets 33 but delivery restricted to [0, 23] broadcasting Intent { act=android.net.conn.CONNECTIVITY_CHANGE flg=0x4200010 (has extras) } from android (pid=623, uid=1000) to com.taobao.idlefish/com.taobao.fleamarket.function.network.NetworkReceiver
05-15 18:31:02.425 10735 10735 I dvm_lock_sample: [com.baidu.appsearch,1,main,302,QueuedWork.java,252,void android.app.QueuedWork.processPendingWork(),-,273,void android.app.QueuedWork.processPendingWork(),60]
05-15 18:31:02.444 623 623 W Looper : Slow dispatch took 349ms main h=android.app.ActivityThread$H c=android.app.LoadedApk$ReceiverDispatcher$Args$$ExternalSyntheticLambda0@5f3847a m=0
05-15 18:31:02.444 623 623 W Looper : Slow delivery took 348ms main h=com.android.server.power.Notifier$NotifierHandler c=null m=7
05-15 18:31:02.447 623 623 W Looper : Drained
05-15 18:31:02.447 623 623 I battery_saving_stats: [0,0,0,49418,0,0,1670353,0,0]
05-15 18:31:02.495 623 623 I power_screen_broadcast_done: [1,470,1]
05-15 18:31:02.504 623 623 I notification_enqueue: [10100,10735,com.baidu.appsearch,2131755453,NULL,0,Notification(channel=手机管理、安全检测相关通知 shortcut=null contentView=null vibrate=null sound=null defaults=0x0 flags=0x62 color=0x00000000 vis=PRIVATE),1]
05-15 18:31:02.869 27049 27049 I auditd : type=1400 audit(0.0:4853): avc: denied { read } for comm="NativeThread" name="unix" dev="proc" ino=4026532255 scontext=u:r:untrusted_app:s0:c102,c256,c512,c768 tcontext=u:object_r:proc_net:s0 tclass=file permissive=1 app=com.taobao.taobao
05-15 18:31:02.869 27049 27049 I auditd : type=1400 audit(0.0:4854): avc: denied { open } for comm="NativeThread" path="/proc/27049/net/unix" dev="proc" ino=4026532255 scontext=u:r:untrusted_app:s0:c102,c256,c512,c768 tcontext=u:object_r:proc_net:s0 tclass=file permissive=1 app=com.taobao.taobao
05-15 18:31:02.965 623 664 I sysui_latency: [5,957]
05-15 18:31:02.965 623 664 W PowerManagerService: Screen on took 957 ms
05-15 18:31:02.966 623 623 I sysui_multi_action: [757,198,758,1,759,3,1359,957,1694,14]
05-15 18:31:02.966 623 623 I power_screen_state: [1,0,0,0,957]
05-15 18:31:03.005 1391 1391 W ContextImpl: Calling a method in the system process without a qualified user: android.app.ContextImpl.sendBroadcast:1181 android.content.ContextWrapper.sendBroadcast:479 cn.eben.newweather.DateWeatherService.a:19 cn.eben.newweather.DateWeatherService.a:0 cn.eben.newweather.DateWeatherService$1.handleMessage:7
05-15 18:31:03.160 2778 2778 W ContextImpl: Calling a method in the system process without a qualified user: android.app.ContextImpl.startService:1824 android.content.ContextWrapper.startService:774 com.ebensz.appmanager.service.UploadMyAppsInfoService$1.handleMessage:63 android.os.Handler.dispatchMessage:106 android.os.Looper.loopOnce:201
05-15 18:31:04.002 1391 1391 W ContextImpl: Calling a method in the system process without a qualified user: android.app.ContextImpl.sendBroadcast:1181 android.content.ContextWrapper.sendBroadcast:479 cn.eben.newweather.DateWeatherService.a:19 cn.eben.newweather.DateWeatherService.a:0 cn.eben.newweather.DateWeatherService$1.handleMessage:7
05-15 18:31:05.002 1391 1391 W ContextImpl: Calling a method in the system process without a qualified user: android.app.ContextImpl.sendBroadcast:1181 android.content.ContextWrapper.sendBroadcast:479 cn.eben.newweather.DateWeatherService.a:19 cn.eben.newweather.DateWeatherService.a:0 cn.eben.newweather.DateWeatherService$1.handleMessage:7
05-15 18:31:06.003 1391 1391 W ContextImpl: Calling a method in the system process without a qualified user: android.app.ContextImpl.sendBroadcast:1181 android.content.ContextWrapper.sendBroadcast:479 cn.eben.newweather.DateWeatherService.a:19 cn.eben.newweather.DateWeatherService.a:0 cn.eben.newweather.DateWeatherService$1.handleMessage:7
05-15 18:31:06.944 623 936 W ContentProviderHelper: Permission Denial: opening provider com.android.providers.contacts.ContactsProvider2 from ProcessRecord{6d23060 1792:cn.eben.sync/u0a64} (pid=1792, uid=10064) requires android.permission.READ_CONTACTS or android.permission.WRITE_CONTACTS
05-15 18:31:07.001 1391 1391 W ContextImpl: Calling a method in the system process without a qualified user: android.app.ContextImpl.sendBroadcast:1181 android.content.ContextWrapper.sendBroadcast:479 cn.eben.newweather.DateWeatherService.a:19 cn.eben.newweather.DateWeatherService.a:0 cn.eben.newweather.DateWeatherService$1.handleMessage:7
05-15 18:31:07.339 623 730 I netstats_mobile_sample: [0,0,0,0,0,0,0,0,0,0,0,0,1747297910652]
05-15 18:31:07.339 623 730 I netstats_wifi_sample: [0,0,0,0,0,0,0,0,0,0,0,0,1747297910652]
05-15 18:31:07.384 623 730 I netstats_mobile_sample: [0,0,0,0,0,0,0,0,0,0,0,0,1747297910697]
05-15 18:31:07.384 623 730 I netstats_wifi_sample: [0,0,0,0,0,0,0,0,0,0,0,0,1747297910697]
05-15 18:31:07.409 623 730 W ContextImpl: Calling a method in the system process without a qualified user: android.app.ContextImpl.sendStickyBroadcast:1567 com.android.server.ConnectivityService.sendStickyBroadcast:2811 com.android.server.ConnectivityService.sendGeneralBroadcast:2786 com.android.server.ConnectivityService.sendConnectedBroadcast:2759 com.android.server.ConnectivityService.sendLegacyNetworkBroadcast:8704
05-15 18:31:07.429 623 649 W BroadcastQueue: Target SDK mismatch: receiver ActivityInfo{49d6a19 com.xiaomi.push.service.receivers.NetworkStatusReceiver} targets 26 but delivery restricted to [0, 23] broadcasting Intent { act=android.net.conn.CONNECTIVITY_CHANGE flg=0x4200010 (has extras) } from android (pid=623, uid=1000) to com.zhangyue.read.iReader/com.xiaomi.push.service.receivers.NetworkStatusReceiver
05-15 18:31:07.431 623 649 W BroadcastQueue: Target SDK mismatch: receiver ActivityInfo{5affade com.xiaomi.push.service.receivers.NetworkStatusReceiver} targets 33 but delivery restricted to [0, 23] broadcasting Intent { act=android.net.conn.CONNECTIVITY_CHANGE flg=0x4200010 (has extras) } from android (pid=623, uid=1000) to com.taobao.idlefish/com.xiaomi.push.service.receivers.NetworkStatusReceiver
05-15 18:31:07.431 623 649 W BroadcastQueue: Target SDK mismatch: receiver ActivityInfo{11a4bf com.xiaomi.push.service.receivers.NetworkStatusReceiver} targets 33 but delivery restricted to [0, 23] broadcasting Intent { act=android.net.conn.CONNECTIVITY_CHANGE flg=0x4200010 (has extras) } from android (pid=623, uid=1000) to com.taobao.taobao/com.xiaomi.push.service.receivers.NetworkStatusReceiver
05-15 18:31:07.431 623 649 W BroadcastQueue: Target SDK mismatch: receiver ActivityInfo{26f878c cn.eben.help.LoadAllReceiver} targets 28 but delivery restricted to [0, 23] broadcasting Intent { act=android.net.conn.CONNECTIVITY_CHANGE flg=0x4200010 (has extras) } from android (pid=623, uid=1000) to cn.eben.help/.LoadAllReceiver
05-15 18:31:07.431 623 649 W BroadcastQueue: Target SDK mismatch: receiver ActivityInfo{7118ed5 cn.eben.android.receiver.AppSyncReceiver} targets 27 but delivery restricted to [0, 23] broadcasting Intent { act=android.net.conn.CONNECTIVITY_CHANGE flg=0x4200010 (has extras) } from android (pid=623, uid=1000) to cn.eben.sync/cn.eben.android.receiver.AppSyncReceiver
05-15 18:31:07.436 2778 2778 W ContextImpl: Calling a method in the system process without a qualified user: android.app.ContextImpl.startService:1824 android.content.ContextWrapper.startService:774 android.content.ContextWrapper.startService:774 com.ebensz.appmanager.service.UploadMyAppsInfoService.startUploadMyAppsInfoService:78 com.ebensz.appmanager.receiver.UploadMyAppsInfoReceiver.onReceive:33
05-15 18:31:07.455 1699 1699 W ContextImpl: Calling a method in the system process without a qualified user: android.app.ContextImpl.startService:1824 android.content.ContextWrapper.startService:774 android.content.ContextWrapper.startService:774 com.ebensz.appmanager.mydownloadmanager.DownloadReceiver.startService:245 com.ebensz.appmanager.mydownloadmanager.DownloadReceiver.onReceive:74
05-15 18:31:07.458 623 1132 W BroadcastQueue: Target SDK mismatch: receiver ActivityInfo{7fa87b6 com.ebensz.ota.ActionReceiver} targets 29 but delivery restricted to [0, 23] broadcasting Intent { act=android.net.conn.CONNECTIVITY_CHANGE flg=0x4200010 (has extras) } from android (pid=623, uid=1000) to com.ebensz.ota/.ActionReceiver
05-15 18:31:07.458 623 649 W BroadcastQueue: Target SDK mismatch: receiver ActivityInfo{7c96cb7 com.taobao.accs.EventReceiver} targets 26 but delivery restricted to [0, 23] broadcasting Intent { act=android.net.conn.CONNECTIVITY_CHANGE flg=0x4200010 (has extras) } from android (pid=623, uid=1000) to com.zhangyue.read.iReader/com.taobao.accs.EventReceiver
05-15 18:31:07.458 623 649 W BroadcastQueue: Target SDK mismatch: receiver ActivityInfo{c6d3c24 com.taobao.fleamarket.function.network.NetworkReceiver} targets 33 but delivery restricted to [0, 23] broadcasting Intent { act=android.net.conn.CONNECTIVITY_CHANGE flg=0x4200010 (has extras) } from android (pid=623, uid=1000) to com.taobao.idlefish/com.taobao.fleamarket.function.network.NetworkReceiver
05-15 18:31:07.459 623 623 I notification_cancel_all: [1000,1699,com.ebensz.appmanager,0,0,64,9,NULL]
05-15 18:31:07.504 623 623 I notification_enqueue: [10100,10735,com.baidu.appsearch,2131755453,NULL,0,Notification(channel=手机管理、安全检测相关通知 shortcut=null contentView=null vibrate=null sound=null defaults=0x0 flags=0x62 color=0x00000000 vis=PRIVATE),1]
05-15 18:31:07.581 623 730 W ContextImpl: Calling a method in the system process without a qualified user: android.app.ContextImpl.sendStickyBroadcast:1567 com.android.server.ConnectivityService.sendStickyBroadcast:2811 com.android.server.ConnectivityService.sendGeneralBroadcast:2786 com.android.server.ConnectivityService.sendInetConditionBroadcast:2763 com.android.server.ConnectivityService.updateInetCondition:8451
05-15 18:31:08.004 1391 1391 W ContextImpl: Calling a method in the system process without a qualified user: android.app.ContextImpl.sendBroadcast:1181 android.content.ContextWrapper.sendBroadcast:479 cn.eben.newweather.DateWeatherService.a:19 cn.eben.newweather.DateWeatherService.a:0 cn.eben.newweather.DateWeatherService$1.handleMessage:7
05-15 18:31:08.486 2778 2778 W ContextImpl: Calling a method in the system process without a qualified user: android.app.ContextImpl.startService:1824 android.content.ContextWrapper.startService:774 com.ebensz.appmanager.service.UploadMyAppsInfoService$1.handleMessage:63 android.os.Handler.dispatchMessage:106 android.os.Looper.loopOnce:201
05-15 18:31:09.002 1391 1391 W ContextImpl: Calling a method in the system process without a qualified user: android.app.ContextImpl.sendBroadcast:1181 android.content.ContextWrapper.sendBroadcast:479 cn.eben.newweather.DateWeatherService.a:19 cn.eben.newweather.DateWeatherService.a:0 cn.eben.newweather.DateWeatherService$1.handleMessage:7
05-15 18:31:09.229 27049 27049 I auditd : type=1400 audit(0.0:4855): avc: denied { read } for comm="CrashSDKBkgdHan" name="loadavg" dev="proc" ino=4026532226 scontext=u:r:untrusted_app:s0:c102,c256,c512,c768 tcontext=u:object_r:proc_loadavg:s0 tclass=file permissive=1 app=com.taobao.taobao
05-15 18:31:09.229 27049 27049 I auditd : type=1400 audit(0.0:4856): avc: denied { open } for comm="CrashSDKBkgdHan" path="/proc/loadavg" dev="proc" ino=4026532226 scontext=u:r:untrusted_app:s0:c102,c256,c512,c768 tcontext=u:object_r:proc_loadavg:s0 tclass=file permissive=1 app=com.taobao.taobao
05-15 18:31:09.229 27049 27049 I auditd : type=1400 audit(0.0:4857): avc: denied { open } for comm="CrashSDKBkgdHan" path="/proc/stat" dev="proc" ino=4026532228 scontext=u:r:untrusted_app:s0:c102,c256,c512,c768 tcontext=u:object_r:proc_stat:s0 tclass=file permissive=1 app=com.taobao.taobao
05-15 18:31:10.002 1391 1391 W ContextImpl: Calling a method in the system process without a qualified user: android.app.ContextImpl.sendBroadcast:1181 android.content.ContextWrapper.sendBroadcast:479 cn.eben.newweather.DateWeatherService.a:19 cn.eben.newweather.DateWeatherService.a:0 cn.eben.newweather.DateWeatherService$1.handleMessage:7
05-15 18:31:10.011 623 664 V DisplayPowerController[0]: Brightness [0.05] reason changing to: 'manual [ dim ]', previous reason: 'manual'.
05-15 18:31:10.011 623 664 I sysui_multi_action: [757,1696,758,6,759,2]
05-15 18:31:11.002 1391 1391 W ContextImpl: Calling a method in the system process without a qualified user: android.app.ContextImpl.sendBroadcast:1181 android.content.ContextWrapper.sendBroadcast:479 cn.eben.newweather.DateWeatherService.a:19 cn.eben.newweather.DateWeatherService.a:0 cn.eben.newweather.DateWeatherService$1.handleMessage:7
05-15 18:31:11.950 623 1132 W ContentProviderHelper: Permission Denial: opening provider com.android.providers.contacts.ContactsProvider2 from ProcessRecord{6d23060 1792:cn.eben.sync/u0a64} (pid=1792, uid=10064) requires android.permission.READ_CONTACTS or android.permission.WRITE_CONTACTS
05-15 18:31:12.002 1391 1391 W ContextImpl: Calling a method in the system process without a qualified user: android.app.ContextImpl.sendBroadcast:1181 android.content.ContextWrapper.sendBroadcast:479 cn.eben.newweather.DateWeatherService.a:19 cn.eben.newweather.DateWeatherService.a:0 cn.eben.newweather.DateWeatherService$1.handleMessage:7
05-15 18:31:12.009 623 664 I PowerManagerService: Powering off display group due to timeout (groupId= 0, uid= 1000)...
05-15 18:31:12.010 623 664 I PowerManagerService: Going to sleep due to timeout (uid 1000)...
05-15 18:31:12.012 623 664 I power_sleep_requested: 0
05-15 18:31:12.105 623 664 V DisplayPowerController[0]: Brightness [0.5472441] reason changing to: 'manual', previous reason: 'manual [ dim ]'.
05-15 18:31:12.105 623 664 I sysui_multi_action: [757,1696,758,6,759,0]
05-15 18:31:12.507 623 623 I notification_enqueue: [10100,10735,com.baidu.appsearch,2131755453,NULL,0,Notification(channel=手机管理、安全检测相关通知 shortcut=null contentView=null vibrate=null sound=null defaults=0x0 flags=0x62 color=0x00000000 vis=PRIVATE),1]
05-15 18:31:12.538 623 664 I DisplayPowerController[0]: Blocking screen off
05-15 18:31:12.538 623 664 I DisplayPowerController[0]: Unblocked screen off after 0 ms
05-15 18:31:12.547 623 664 V DisplayPowerController[0]: Brightness [0.003937008] reason changing to: 'screen_off', previous reason: 'manual'.
05-15 18:31:12.548 623 643 I DisplayDeviceRepository: Display device changed state: "内置屏幕", OFF
05-15 18:31:12.857 623 664 I PowerManagerService: Sleeping display group (groupId=0, uid=1000)...
05-15 18:31:12.858 623 664 I PowerManagerService: Sleeping (uid 1000)...
05-15 18:31:12.863 623 623 I sysui_multi_action: [757,198,758,2,759,3,1359,850,1695,2]
05-15 18:31:12.864 623 623 I power_screen_state: [0,3,0,0,850]
05-15 18:31:12.864 623 623 I screen_toggled: 0
05-15 18:31:12.864 623 623 I sysui_multi_action: [757,804,799,screen_timeout,801,15,802,1]
05-15 18:31:12.865 623 623 I sysui_multi_action: [757,1594,758,4,759,-2147483648,1359,9898]
05-15 18:31:12.866 623 623 I power_screen_broadcast_send: 1
05-15 18:31:12.891 623 1132 I sysui_multi_action: [757,128,758,2,793,12361686,794,10816,795,12361686,796,1111,798,3,806,com.ebensz.email,857,100,858,2,947,0,1395,4,1500,12361686,1688,4,1689,2,1690,1]
05-15 18:31:12.892 623 1132 I notification_visibility: [0|com.ebensz.email|1111|null|10072,0,12361686,12361686,0,3]
05-15 18:31:12.892 623 1132 I sysui_multi_action: [757,128,758,2,793,12505015,794,10817,795,12505015,796,55,798,1,806,android,857,DEVELOPER,858,2,947,0,1395,4,1500,10817,1688,1]
05-15 18:31:12.892 623 1132 I notification_visibility: [-1|android|55|null|1000,0,12505015,12505015,0,1]
05-15 18:31:12.892 623 1132 I sysui_multi_action: [757,128,758,2,793,12352721,794,10816,795,12352721,796,1009,798,0,806,cn.eben.sync,857,CloudService,858,2,947,0,1395,4,1500,10816,1688,1]
05-15 18:31:12.892 623 1132 I notification_visibility: [0|cn.eben.sync|1009|null|10064,0,12352721,12352721,0,0]
05-15 18:31:12.892 623 1132 I sysui_multi_action: [757,128,758,2,793,3443996,794,10816,795,387,796,2131755453,798,2,806,com.baidu.appsearch,857,手机管理、安全检测相关通知,858,2,947,0,1395,4,1500,387,1688,1]
05-15 18:31:12.892 623 1132 I notification_visibility: [0|com.baidu.appsearch|2131755453|null|10100,0,3443996,387,0,2]
05-15 18:31:12.893 623 1132 I sysui_multi_action: [757,127,758,2]
05-15 18:31:12.893 623 1132 I notification_panel_hidden:
05-15 18:31:12.896 623 623 I battery_saving_stats: [0,1,0,10449,0,0,3577662,0,0]
05-15 18:31:12.915 623 637 W ActivityManager: Ignoring request to force stop protected package u0
05-15 18:31:12.965 623 623 I power_screen_broadcast_done: [0,99,1]
05-15 18:31:13.001 1391 1391 W ContextImpl: Calling a method in the system process without a qualified user: android.app.ContextImpl.sendBroadcast:1181 android.content.ContextWrapper.sendBroadcast:479 cn.eben.newweather.DateWeatherService.a:19 cn.eben.newweather.DateWeatherService.a:0 cn.eben.newweather.DateWeatherService$1.handleMessage:7
05-15 18:32:01.935 1391 1391 W ContextImpl: Calling a method in the system process without a qualified user: android.app.ContextImpl.sendBroadcast:1181 android.content.ContextWrapper.sendBroadcast:479 cn.eben.newweather.DateWeatherService.a:19 cn.eben.newweather.DateWeatherService.a:0 cn.eben.newweather.DateWeatherService$1.handleMessage:7
05-15 18:32:01.974 623 720 I netstats_mobile_sample: [0,0,0,0,0,0,0,0,0,0,0,0,1747297965288]
05-15 18:32:01.974 623 720 I netstats_wifi_sample: [0,0,0,0,0,0,0,0,0,0,0,0,1747297965288]
05-15 18:32:01.987 623 781 I PowerManagerService: Powering on display group fromAsleep (groupId=0, uid=1000, reason=WAKE_REASON_USBDEV_REMOVED, details=android.server.usb: device removed)...
05-15 18:32:01.987 623 781 I PowerManagerService: Waking up from Asleep (uid=1000, reason=WAKE_REASON_USBDEV_REMOVED, details=android.server.usb: device removed)...
05-15 18:32:01.990 623 781 D UsbHostManager: Removed device at /dev/bus/usb/003/027: USB Billboard Device
05-15 18:32:01.990 623 781 I UsbAlsaManager: USB Audio Device Removed: null
05-15 18:32:01.990 623 664 I DisplayPowerController[0]: Blocking screen on until initial contents have been drawn.
05-15 18:32:01.991 623 623 I screen_toggled: 1
05-15 18:32:01.991 623 664 V DisplayPowerController[0]: Brightness [0.5472441] reason changing to: 'manual', previous reason: 'screen_off'.
05-15 18:32:01.991 623 664 I sysui_multi_action: [757,1696,758,6,759,3]
05-15 18:32:01.993 623 623 I power_screen_broadcast_send: 1
05-15 18:32:01.993 623 643 I DisplayDeviceRepository: Display device changed state: "内置屏幕", ON
05-15 18:32:02.001 1391 1391 W ContextImpl: Calling a method in the system process without a qualified user: android.app.ContextImpl.sendBroadcast:1181 android.content.ContextWrapper.sendBroadcast:479 cn.eben.newweather.DateWeatherService.a:19 cn.eben.newweather.DateWeatherService.a:0 cn.eben.newweather.DateWeatherService$1.handleMessage:7
05-15 18:32:02.035 623 952 I sysui_multi_action: [757,127,758,1]
05-15 18:32:02.035 623 952 I sysui_multi_action: [757,804,799,note_load,801,4,802,1]
05-15 18:32:02.035 623 952 I notification_panel_revealed: 4
05-15 18:32:02.038 623 936 I sysui_multi_action: [757,128,758,1,793,12410833,794,0,795,12410833,796,1111,798,3,806,com.ebensz.email,857,100,858,2,947,0,1395,4,1500,12410833,1688,4,1689,2,1690,1]
05-15 18:32:02.038 623 936 I sysui_multi_action: [757,804,799,note_freshness,801,12410833,802,1]
05-15 18:32:02.038 623 936 I notification_visibility: [0|com.ebensz.email|1111|null|10072,1,12410833,12410833,0,3]
05-15 18:32:02.038 623 936 I sysui_multi_action: [757,128,758,1,793,12554161,794,0,795,12554161,796,55,798,1,806,android,857,DEVELOPER,858,2,947,0,1395,4,1500,59963,1688,1]
05-15 18:32:02.038 623 936 I sysui_multi_action: [757,1501,758,1,793,12554161,794,0,795,12554161,796,55,806,android,857,DEVELOPER,858,2,947,0,1500,0,1688,1]
05-15 18:32:02.038 623 936 I sysui_multi_action: [757,804,799,note_interruptive,801,0,802,1]
05-15 18:32:02.038 623 936 I sysui_multi_action: [757,804,799,note_freshness,801,12554161,802,1]
05-15 18:32:02.039 623 936 I notification_visibility: [-1|android|55|null|1000,1,12554161,12554161,0,1]
05-15 18:32:02.039 623 936 I sysui_multi_action: [757,128,758,1,793,12401868,794,0,795,12401868,796,1009,798,0,806,cn.eben.sync,857,CloudService,858,2,947,0,1395,4,1500,59963,1688,1]
05-15 18:32:02.039 623 936 I sysui_multi_action: [757,1501,758,1,793,12401868,794,0,795,12401868,796,1009,806,cn.eben.sync,857,CloudService,858,2,947,0,1500,0,1688,1]
05-15 18:32:02.039 623 936 I sysui_multi_action: [757,804,799,note_interruptive,801,0,802,1]
05-15 18:32:02.039 623 936 I sysui_multi_action: [757,804,799,note_freshness,801,12401868,802,1]
05-15 18:32:02.039 623 936 I notification_visibility: [0|cn.eben.sync|1009|null|10064,1,12401868,12401868,0,0]
05-15 18:32:02.039 623 936 I sysui_multi_action: [757,128,758,1,793,3493143,794,0,795,49534,796,2131755453,798,2,806,com.baidu.appsearch,857,手机管理、安全检测相关通知,858,2,947,0,1395,4,1500,49534,1688,1]
05-15 18:32:02.039 623 936 I sysui_multi_action: [757,804,799,note_freshness,801,49534,802,1]
05-15 18:32:02.039 623 936 I notification_visibility: [0|com.baidu.appsearch|2131755453|null|10100,1,3493143,49534,0,2]
05-15 18:32:02.047 623 730 I netstats_mobile_sample: [0,0,0,0,0,0,0,0,0,0,0,0,1747297965360]
05-15 18:32:02.047 623 730 I netstats_wifi_sample: [0,0,0,0,0,0,0,0,0,0,0,0,1747297965360]
05-15 18:32:02.055 623 730 W ContextImpl: Calling a method in the system process without a qualified user: android.app.ContextImpl.sendStickyBroadcast:1567 com.android.server.ConnectivityService.sendStickyBroadcast:2811 com.android.server.ConnectivityService.sendLegacyNetworkBroadcast:8732 com.android.server.ConnectivityService$LegacyTypeTracker.remove:1007 com.android.server.ConnectivityService$LegacyTypeTracker.remove:1024
05-15 18:32:02.070 623 649 W BroadcastQueue: Target SDK mismatch: receiver ActivityInfo{b68ef98 com.xiaomi.push.service.receivers.NetworkStatusReceiver} targets 26 but delivery restricted to [0, 23] broadcasting Intent { act=android.net.conn.CONNECTIVITY_CHANGE flg=0x4200010 (has extras) } from android (pid=623, uid=1000) to com.zhangyue.read.iReader/com.xiaomi.push.service.receivers.NetworkStatusReceiver
05-15 18:32:02.073 623 664 I DisplayPowerController[0]: Unblocked screen on after 82 ms
05-15 18:32:02.077 623 649 W BroadcastQueue: Target SDK mismatch: receiver ActivityInfo{fa66e2d com.xiaomi.push.service.receivers.NetworkStatusReceiver} targets 33 but delivery restricted to [0, 23] broadcasting Intent { act=android.net.conn.CONNECTIVITY_CHANGE flg=0x4200010 (has extras) } from android (pid=623, uid=1000) to com.taobao.idlefish/com.xiaomi.push.service.receivers.NetworkStatusReceiver
05-15 18:32:02.077 623 649 W BroadcastQueue: Target SDK mismatch: receiver ActivityInfo{33ccf62 com.xiaomi.push.service.receivers.NetworkStatusReceiver} targets 33 but delivery restricted to [0, 23] broadcasting Intent { act=android.net.conn.CONNECTIVITY_CHANGE flg=0x4200010 (has extras) } from android (pid=623, uid=1000) to com.taobao.taobao/com.xiaomi.push.service.receivers.NetworkStatusReceiver
05-15 18:32:02.077 623 649 W BroadcastQueue: Target SDK mismatch: receiver ActivityInfo{fe058f3 cn.eben.help.LoadAllReceiver} targets 28 but delivery restricted to [0, 23] broadcasting Intent { act=android.net.conn.CONNECTIVITY_CHANGE flg=0x4200010 (has extras) } from android (pid=623, uid=1000) to cn.eben.help/.LoadAllReceiver
05-15 18:32:02.077 623 649 W BroadcastQueue: Target SDK mismatch: receiver ActivityInfo{c9219b0 cn.eben.android.receiver.AppSyncReceiver} targets 27 but delivery restricted to [0, 23] broadcasting Intent { act=android.net.conn.CONNECTIVITY_CHANGE flg=0x4200010 (has extras) } from android (pid=623, uid=1000) to cn.eben.sync/cn.eben.android.receiver.AppSyncReceiver
05-15 18:32:02.079 2778 2778 W ContextImpl: Calling a method in the system process without a qualified user: android.app.ContextImpl.startService:1824 android.content.ContextWrapper.startService:774 android.content.ContextWrapper.startService:774 com.ebensz.appmanager.service.UploadMyAppsInfoService.startUploadMyAppsInfoService:78 com.ebensz.appmanager.receiver.UploadMyAppsInfoReceiver.onReceive:33
05-15 18:32:02.085 623 637 W BroadcastQueue: Target SDK mismatch: receiver ActivityInfo{b6435e5 com.ebensz.ota.ActionReceiver} targets 29 but delivery restricted to [0, 23] broadcasting Intent { act=android.net.conn.CONNECTIVITY_CHANGE flg=0x4200010 (has extras) } from android (pid=623, uid=1000) to com.ebensz.ota/.ActionReceiver
05-15 18:32:02.086 623 649 W BroadcastQueue: Target SDK mismatch: receiver ActivityInfo{634e8ba com.taobao.accs.EventReceiver} targets 26 but delivery restricted to [0, 23] broadcasting Intent { act=android.net.conn.CONNECTIVITY_CHANGE flg=0x4200010 (has extras) } from android (pid=623, uid=1000) to com.zhangyue.read.iReader/com.taobao.accs.EventReceiver
05-15 18:32:02.086 623 649 W BroadcastQueue: Target SDK mismatch: receiver ActivityInfo{d4bf36b com.taobao.fleamarket.function.network.NetworkReceiver} targets 33 but delivery restricted to [0, 23] broadcasting Intent { act=android.net.conn.CONNECTIVITY_CHANGE flg=0x4200010 (has extras) } from android (pid=623, uid=1000) to com.taobao.idlefish/com.taobao.fleamarket.function.network.NetworkReceiver
05-15 18:32:02.108 623 781 D UsbHostManager: USB device attached: vidpid 2109:8817 mfg/product/ver/serial VIA Labs, Inc. /USB Billboard Device /0.01/0000000000000001 hasAudio/HID/Storage: false/false/false
05-15 18:32:02.110 623 781 D UsbHostManager: Added device UsbDevice[mName=/dev/bus/usb/003/028,mVendorId=8457,mProductId=34839,mClass=17,mSubclass=0,mProtocol=0,mManufacturerName=VIA Labs, Inc. ,mProductName=USB Billboard Device ,mVersion=0.01,mSerialNumberReader=com.android.server.usb.UsbSerialReader@d436ec8, mHasAudioPlayback=false, mHasAudioCapture=false, mHasMidi=false, mHasVideoCapture=false, mHasVideoPlayback=false, mConfigurations=[
05-15 18:32:02.110 623 781 D UsbHostManager: UsbConfiguration[mId=1,mName=0000000000000001,mAttributes=160,mMaxPower=50,mInterfaces=[
05-15 18:32:02.110 623 781 D UsbHostManager: UsbInterface[mId=0,mAlternateSetting=0,mName=0000000000000001,mClass=17,mSubclass=0,mProtocol=0,mEndpoints=[]]]
05-15 18:32:02.442 10735 10735 I dvm_lock_sample: [com.baidu.appsearch,1,main,363,QueuedWork.java,252,void android.app.QueuedWork.processPendingWork(),-,273,void android.app.QueuedWork.processPendingWork(),72]
05-15 18:32:02.461 623 623 W Looper : Slow dispatch took 442ms main h=android.app.ActivityThread$H c=android.app.LoadedApk$ReceiverDispatcher$Args$$ExternalSyntheticLambda0@fb8d686 m=0
05-15 18:32:02.461 623 623 W Looper : Slow delivery took 440ms main h=com.android.server.power.Notifier$NotifierHandler c=null m=7
05-15 18:32:02.463 623 623 W Looper : Drained
05-15 18:32:02.464 623 623 I battery_saving_stats: [0,0,0,49569,0,0,1719922,0,0]
05-15 18:32:02.492 623 623 I notification_enqueue: [10100,10735,com.baidu.appsearch,2131755453,NULL,0,Notification(channel=手机管理、安全检测相关通知 shortcut=null contentView=null vibrate=null sound=null defaults=0x0 flags=0x62 color=0x00000000 vis=PRIVATE),1]
05-15 18:32:02.507 623 623 I power_screen_broadcast_done: [1,514,1]
05-15 18:32:02.986 623 664 I sysui_latency: [5,999]
05-15 18:32:02.986 623 664 W PowerManagerService: Screen on took 999 ms
05-15 18:32:02.989 623 623 I sysui_multi_action: [757,198,758,1,759,3,1359,999,1694,14]
05-15 18:32:02.989 623 623 I power_screen_state: [1,0,0,0,999]
05-15 18:32:03.002 1391 1391 W ContextImpl: Calling a method in the system process without a qualified user: android.app.ContextImpl.sendBroadcast:1181 android.content.ContextWrapper.sendBroadcast:479 cn.eben.newweather.DateWeatherService.a:19 cn.eben.newweather.DateWeatherService.a:0 cn.eben.newweather.DateWeatherService$1.handleMessage:7
05-15 18:32:03.124 2778 2778 W ContextImpl: Calling a method in the system process without a qualified user: android.app.ContextImpl.startService:1824 android.content.ContextWrapper.startService:774 com.ebensz.appmanager.service.UploadMyAppsInfoService$1.handleMessage:63 android.os.Handler.dispatchMessage:106 android.os.Looper.loopOnce:201
05-15 18:32:03.572 623 637 W ContentProviderHelper: Permission Denial: opening provider com.android.providers.contacts.ContactsProvider2 from ProcessRecord{6d23060 1792:cn.eben.sync/u0a64} (pid=1792, uid=10064) requires android.permission.READ_CONTACTS or android.permission.WRITE_CONTACTS
05-15 18:32:04.002 1391 1391 W ContextImpl: Calling a method in the system process without a qualified user: android.app.ContextImpl.sendBroadcast:1181 android.content.ContextWrapper.sendBroadcast:479 cn.eben.newweather.DateWeatherService.a:19 cn.eben.newweather.DateWeatherService.a:0 cn.eben.newweather.DateWeatherService$1.handleMessage:7
05-15 18:32:05.002 1391 1391 W ContextImpl: Calling a method in the system process without a qualified user: android.app.ContextImpl.sendBroadcast:1181 android.content.ContextWrapper.sendBroadcast:479 cn.eben.newweather.DateWeatherService.a:19 cn.eben.newweather.DateWeatherService.a:0 cn.eben.newweather.DateWeatherService$1.handleMessage:7
05-15 18:32:06.003 1391 1391 W ContextImpl: Calling a method in the system process without a qualified user: android.app.ContextImpl.sendBroadcast:1181 android.content.ContextWrapper.sendBroadcast:479 cn.eben.newweather.DateWeatherService.a:19 cn.eben.newweather.DateWeatherService.a:0 cn.eben.newweather.DateWeatherService$1.handleMessage:7
05-15 18:32:06.195 23958 23958 I auditd : type=1400 audit(0.0:4858): avc: denied { read } for comm="CrashSDKBkgdHan" name="loadavg" dev="proc" ino=4026532226 scontext=u:r:untrusted_app:s0:c102,c256,c512,c768 tcontext=u:object_r:proc_loadavg:s0 tclass=file permissive=1 app=com.taobao.taobao
05-15 18:32:06.195 23958 23958 I auditd : type=1400 audit(0.0:4859): avc: denied { open } for comm="CrashSDKBkgdHan" path="/proc/loadavg" dev="proc" ino=4026532226 scontext=u:r:untrusted_app:s0:c102,c256,c512,c768 tcontext=u:object_r:proc_loadavg:s0 tclass=file permissive=1 app=com.taobao.taobao
05-15 18:32:06.195 23958 23958 I auditd : type=1400 audit(0.0:4860): avc: denied { open } for comm="CrashSDKBkgdHan" path="/proc/stat" dev="proc" ino=4026532228 scontext=u:r:untrusted_app:s0:c102,c256,c512,c768 tcontext=u:object_r:proc_stat:s0 tclass=file permissive=1 app=com.taobao.taobao
05-15 18:32:07.004 1391 1391 W ContextImpl: Calling a method in the system process without a qualified user: android.app.ContextImpl.sendBroadcast:1181 android.content.ContextWrapper.sendBroadcast:479 cn.eben.newweather.DateWeatherService.a:19 cn.eben.newweather.DateWeatherService.a:0 cn.eben.newweather.DateWeatherService$1.handleMessage:7
05-15 18:32:07.235 623 730 I netstats_mobile_sample: [0,0,0,0,0,0,0,0,0,0,0,0,1747297970549]
05-15 18:32:07.236 623 730 I netstats_wifi_sample: [0,0,0,0,0,0,0,0,0,0,0,0,1747297970549]
05-15 18:32:07.284 623 730 I netstats_mobile_sample: [0,0,0,0,0,0,0,0,0,0,0,0,1747297970598]
05-15 18:32:07.285 623 730 I netstats_wifi_sample: [0,0,0,0,0,0,0,0,0,0,0,0,1747297970598]
05-15 18:32:07.286 623 721 I service_manager_stats: [100,72,66554]
05-15 18:32:07.304 623 730 W ContextImpl: Calling a method in the system process without a qualified user: android.app.ContextImpl.sendStickyBroadcast:1567 com.android.server.ConnectivityService.sendStickyBroadcast:2811 com.android.server.ConnectivityService.sendGeneralBroadcast:2786 com.android.server.ConnectivityService.sendConnectedBroadcast:2759 com.android.server.ConnectivityService.sendLegacyNetworkBroadcast:8704
05-15 18:32:07.315 623 649 W BroadcastQueue: Target SDK mismatch: receiver ActivityInfo{18a6b1e com.xiaomi.push.service.receivers.NetworkStatusReceiver} targets 26 but delivery restricted to [0, 23] broadcasting Intent { act=android.net.conn.CONNECTIVITY_CHANGE flg=0x4200010 (has extras) } from android (pid=623, uid=1000) to com.zhangyue.read.iReader/com.xiaomi.push.service.receivers.NetworkStatusReceiver
05-15 18:32:07.316 623 649 W BroadcastQueue: Target SDK mismatch: receiver ActivityInfo{bc6efff com.xiaomi.push.service.receivers.NetworkStatusReceiver} targets 33 but delivery restricted to [0, 23] broadcasting Intent { act=android.net.conn.CONNECTIVITY_CHANGE flg=0x4200010 (has extras) } from android (pid=623, uid=1000) to com.taobao.idlefish/com.xiaomi.push.service.receivers.NetworkStatusReceiver
05-15 18:32:07.326 623 649 W BroadcastQueue: Target SDK mismatch: receiver ActivityInfo{3f07eb8 com.xiaomi.push.service.receivers.NetworkStatusReceiver} targets 33 but delivery restricted to [0, 23] broadcasting Intent { act=android.net.conn.CONNECTIVITY_CHANGE flg=0x4200010 (has extras) } from android (pid=623, uid=1000) to com.taobao.taobao/com.xiaomi.push.service.receivers.NetworkStatusReceiver
05-15 18:32:07.326 623 649 W BroadcastQueue: Target SDK mismatch: receiver ActivityInfo{e523491 cn.eben.help.LoadAllReceiver} targets 28 but delivery restricted to [0, 23] broadcasting Intent { act=android.net.conn.CONNECTIVITY_CHANGE flg=0x4200010 (has extras) } from android (pid=623, uid=1000) to cn.eben.help/.LoadAllReceiver
05-15 18:32:07.326 623 649 W BroadcastQueue: Target SDK mismatch: receiver ActivityInfo{e2abff6 cn.eben.android.receiver.AppSyncReceiver} targets 27 but delivery restricted to [0, 23] broadcasting Intent { act=android.net.conn.CONNECTIVITY_CHANGE flg=0x4200010 (has extras) } from android (pid=623, uid=1000) to cn.eben.sync/cn.eben.android.receiver.AppSyncReceiver
05-15 18:32:07.328 2778 2778 W ContextImpl: Calling a method in the system process without a qualified user: android.app.ContextImpl.startService:1824 android.content.ContextWrapper.startService:774 android.content.ContextWrapper.startService:774 com.ebensz.appmanager.service.UploadMyAppsInfoService.startUploadMyAppsInfoService:78 com.ebensz.appmanager.receiver.UploadMyAppsInfoReceiver.onReceive:33
05-15 18:32:07.342 1699 1699 W ContextImpl: Calling a method in the system process without a qualified user: android.app.ContextImpl.startService:1824 android.content.ContextWrapper.startService:774 android.content.ContextWrapper.startService:774 com.ebensz.appmanager.mydownloadmanager.DownloadReceiver.startService:245 com.ebensz.appmanager.mydownloadmanager.DownloadReceiver.onReceive:74
05-15 18:32:07.346 623 952 W BroadcastQueue: Target SDK mismatch: receiver ActivityInfo{f35d7ce com.ebensz.ota.ActionReceiver} targets 29 but delivery restricted to [0, 23] broadcasting Intent { act=android.net.conn.CONNECTIVITY_CHANGE flg=0x4200010 (has extras) } from android (pid=623, uid=1000) to com.ebensz.ota/.ActionReceiver
05-15 18:32:07.346 623 649 W BroadcastQueue: Target SDK mismatch: receiver ActivityInfo{901d6ef com.taobao.accs.EventReceiver} targets 26 but delivery restricted to [0, 23] broadcasting Intent { act=android.net.conn.CONNECTIVITY_CHANGE flg=0x4200010 (has extras) } from android (pid=623, uid=1000) to com.zhangyue.read.iReader/com.taobao.accs.EventReceiver
05-15 18:32:07.346 623 623 I notification_cancel_all: [1000,1699,com.ebensz.appmanager,0,0,64,9,NULL]
05-15 18:32:07.347 623 649 W BroadcastQueue: Target SDK mismatch: receiver ActivityInfo{11f85fc com.taobao.fleamarket.function.network.NetworkReceiver} targets 33 but delivery restricted to [0, 23] broadcasting Intent { act=android.net.conn.CONNECTIVITY_CHANGE flg=0x4200010 (has extras) } from android (pid=623, uid=1000) to com.taobao.idlefish/com.taobao.fleamarket.function.network.NetworkReceiver
05-15 18:32:07.494 623 623 I notification_enqueue: [10100,10735,com.baidu.appsearch,2131755453,NULL,0,Notification(channel=手机管理、安全检测相关通知 shortcut=null contentView=null vibrate=null sound=null defaults=0x0 flags=0x62 color=0x00000000 vis=PRIVATE),1]
05-15 18:32:07.516 623 730 W ContextImpl: Calling a method in the system process without a qualified user: android.app.ContextImpl.sendStickyBroadcast:1567 com.android.server.ConnectivityService.sendStickyBroadcast:2811 com.android.server.ConnectivityService.sendGeneralBroadcast:2786 com.android.server.ConnectivityService.sendInetConditionBroadcast:2763 com.android.server.ConnectivityService.updateInetCondition:8451
05-15 18:32:08.004 1391 1391 W ContextImpl: Calling a method in the system process without a qualified user: android.app.ContextImpl.sendBroadcast:1181 android.content.ContextWrapper.sendBroadcast:479 cn.eben.newweather.DateWeatherService.a:19 cn.eben.newweather.DateWeatherService.a:0 cn.eben.newweather.DateWeatherService$1.handleMessage:7
05-15 18:32:08.375 2778 2778 W ContextImpl: Calling a method in the system process without a qualified user: android.app.ContextImpl.startService:1824 android.content.ContextWrapper.startService:774 com.ebensz.appmanager.service.UploadMyAppsInfoService$1.handleMessage:63 android.os.Handler.dispatchMessage:106 android.os.Looper.loopOnce:201
05-15 18:32:08.577 623 3030 W ContentProviderHelper: Permission Denial: opening provider com.android.providers.contacts.ContactsProvider2 from ProcessRecord{6d23060 1792:cn.eben.sync/u0a64} (pid=1792, uid=10064) requires android.permission.READ_CONTACTS or android.permission.WRITE_CONTACTS
05-15 18:32:09.002 1391 1391 W ContextImpl: Calling a method in the system process without a qualified user: android.app.ContextImpl.sendBroadcast:1181 android.content.ContextWrapper.sendBroadcast:479 cn.eben.newweather.DateWeatherService.a:19 cn.eben.newweather.DateWeatherService.a:0 cn.eben.newweather.DateWeatherService$1.handleMessage:7
05-15 18:32:09.249 18533 18533 I auditd : type=1400 audit(0.0:4861): avc: denied { read } for comm="CrashSDKBkgdHan" name="loadavg" dev="proc" ino=4026532226 scontext=u:r:untrusted_app:s0:c101,c256,c512,c768 tcontext=u:object_r:proc_loadavg:s0 tclass=file permissive=1 app=com.taobao.idlefish
05-15 18:32:09.249 18533 18533 I auditd : type=1400 audit(0.0:4862): avc: denied { open } for comm="CrashSDKBkgdHan" path="/proc/loadavg" dev="proc" ino=4026532226 scontext=u:r:untrusted_app:s0:c101,c256,c512,c768 tcontext=u:object_r:proc_loadavg:s0 tclass=file permissive=1 app=com.taobao.idlefish
05-15 18:32:09.249 18533 18533 I auditd : type=1400 audit(0.0:4863): avc: denied { open } for comm="CrashSDKBkgdHan" path="/proc/stat" dev="proc" ino=4026532228 scontext=u:r:untrusted_app:s0:c101,c256,c512,c768 tcontext=u:object_r:proc_stat:s0 tclass=file permissive=1 app=com.taobao.idlefish
05-15 18:32:09.990 623 664 V DisplayPowerController[0]: Brightness [0.05] reason changing to: 'manual [ dim ]', previous reason: 'manual'.
05-15 18:32:09.991 623 664 I sysui_multi_action: [757,1696,758,6,759,2]
05-15 18:32:10.001 1391 1391 W ContextImpl: Calling a method in the system process without a qualified user: android.app.ContextImpl.sendBroadcast:1181 android.content.ContextWrapper.sendBroadcast:479 cn.eben.newweather.DateWeatherService.a:19 cn.eben.newweather.DateWeatherService.a:0 cn.eben.newweather.DateWeatherService$1.handleMessage:7
05-15 18:32:11.002 1391 1391 W ContextImpl: Calling a method in the system process without a qualified user: android.app.ContextImpl.sendBroadcast:1181 android.content.ContextWrapper.sendBroadcast:479 cn.eben.newweather.DateWeatherService.a:19 cn.eben.newweather.DateWeatherService.a:0 cn.eben.newweather.DateWeatherService$1.handleMessage:7
05-15 18:32:11.989 623 664 I PowerManagerService: Powering off display group due to timeout (groupId= 0, uid= 1000)...
05-15 18:32:11.989 623 664 I PowerManagerService: Going to sleep due to timeout (uid 1000)...
05-15 18:32:11.991 623 664 I power_sleep_requested: 0
05-15 18:32:12.001 1391 1391 W ContextImpl: Calling a method in the system process without a qualified user: android.app.ContextImpl.sendBroadcast:1181 android.content.ContextWrapper.sendBroadcast:479 cn.eben.newweather.DateWeatherService.a:19 cn.eben.newweather.DateWeatherService.a:0 cn.eben.newweather.DateWeatherService$1.handleMessage:7
05-15 18:32:12.077 623 664 V DisplayPowerController[0]: Brightness [0.5472441] reason changing to: 'manual', previous reason: 'manual [ dim ]'.
05-15 18:32:12.078 623 664 I sysui_multi_action: [757,1696,758,6,759,0]
05-15 18:32:12.504 623 664 I DisplayPowerController[0]: Blocking screen off
05-15 18:32:12.505 623 664 I DisplayPowerController[0]: Unblocked screen off after 1 ms
05-15 18:32:12.512 623 623 I notification_enqueue: [10100,10735,com.baidu.appsearch,2131755453,NULL,0,Notification(channel=手机管理、安全检测相关通知 shortcut=null contentView=null vibrate=null sound=null defaults=0x0 flags=0x62 color=0x00000000 vis=PRIVATE),1]
05-15 18:32:12.529 623 664 V DisplayPowerController[0]: Brightness [0.003937008] reason changing to: 'screen_off', previous reason: 'manual'.
05-15 18:32:12.533 623 643 I DisplayDeviceRepository: Display device changed state: "内置屏幕", OFF
05-15 18:32:12.842 623 664 I PowerManagerService: Sleeping display group (groupId=0, uid=1000)...
05-15 18:32:12.842 623 664 I PowerManagerService: Sleeping (uid 1000)...
05-15 18:32:12.847 623 623 I sysui_multi_action: [757,198,758,2,759,3,1359,854,1695,2]
05-15 18:32:12.848 623 623 I power_screen_state: [0,3,0,0,854]
05-15 18:32:12.848 623 623 I screen_toggled: 0
05-15 18:32:12.848 623 623 I sysui_multi_action: [757,804,799,screen_timeout,801,15,802,1]
05-15 18:32:12.849 623 623 I sysui_multi_action: [757,1594,758,4,759,-2147483648,1359,9859]
05-15 18:32:12.849 623 623 I power_screen_broadcast_send: 1
05-15 18:32:12.885 623 623 I battery_saving_stats: [0,1,0,10421,0,0,3588083,0,0]
05-15 18:32:12.887 623 29877 I sysui_multi_action: [757,128,758,2,793,12421681,794,10848,795,12421681,796,1111,798,3,806,com.ebensz.email,857,100,858,2,947,0,1395,4,1500,12421681,1688,4,1689,2,1690,1]
05-15 18:32:12.887 623 29877 I notification_visibility: [0|com.ebensz.email|1111|null|10072,0,12421681,12421681,0,3]
05-15 18:32:12.887 623 29877 I sysui_multi_action: [757,128,758,2,793,12565010,794,10849,795,12565010,796,55,798,1,806,android,857,DEVELOPER,858,2,947,0,1395,4,1500,10849,1688,1]
05-15 18:32:12.887 623 29877 I notification_visibility: [-1|android|55|null|1000,0,12565010,12565010,0,1]
05-15 18:32:12.888 623 29877 I sysui_multi_action: [757,128,758,2,793,12412717,794,10849,795,12412717,796,1009,798,0,806,cn.eben.sync,857,CloudService,858,2,947,0,1395,4,1500,10849,1688,1]
05-15 18:32:12.888 623 29877 I notification_visibility: [0|cn.eben.sync|1009|null|10064,0,12412717,12412717,0,0]
05-15 18:32:12.888 623 29877 I sysui_multi_action: [757,128,758,2,793,3503992,794,10849,795,385,796,2131755453,798,2,806,com.baidu.appsearch,857,手机管理、安全检测相关通知,858,2,947,0,1395,4,1500,385,1688,1]
05-15 18:32:12.888 623 29877 I notification_visibility: [0|com.baidu.appsearch|2131755453|null|10100,0,3503992,385,0,2]
05-15 18:32:12.889 623 936 I sysui_multi_action: [757,127,758,2]
05-15 18:32:12.889 623 936 I notification_panel_hidden:
05-15 18:32:12.901 623 936 W ActivityManager: Ignoring request to force stop protected package u0
05-15 18:32:12.959 623 623 I power_screen_broadcast_done: [0,110,1]
05-15 18:32:13.000 1391 1391 W ContextImpl: Calling a method in the system process without a qualified user: android.app.ContextImpl.sendBroadcast:1181 android.content.ContextWrapper.sendBroadcast:479 cn.eben.newweather.DateWeatherService.a:19 cn.eben.newweather.DateWeatherService.a:0 cn.eben.newweather.DateWeatherService$1.handleMessage:7
05-15 18:33:01.922 623 623 W Looper : Slow delivery took 1602ms main h=android.os.Handler c=com.android.internal.os.BinderCallsStats$1@eef90ab m=0
05-15 18:33:01.925 1391 1391 W ContextImpl: Calling a method in the system process without a qualified user: android.app.ContextImpl.sendBroadcast:1181 android.content.ContextWrapper.sendBroadcast:479 cn.eben.newweather.DateWeatherService.a:19 cn.eben.newweather.DateWeatherService.a:0 cn.eben.newweather.DateWeatherService$1.handleMessage:7
05-15 18:33:01.933 623 29877 W ContentProviderHelper: Permission Denial: opening provider com.android.providers.contacts.ContactsProvider2 from ProcessRecord{6d23060 1792:cn.eben.sync/u0a64} (pid=1792, uid=10064) requires android.permission.READ_CONTACTS or android.permission.WRITE_CONTACTS
05-15 18:33:01.934 623 623 W Looper : Drained
05-15 18:33:01.986 623 781 I PowerManagerService: Powering on display group fromAsleep (groupId=0, uid=1000, reason=WAKE_REASON_USBDEV_REMOVED, details=android.server.usb: device removed)...
05-15 18:33:01.986 623 781 I PowerManagerService: Waking up from Asleep (uid=1000, reason=WAKE_REASON_USBDEV_REMOVED, details=android.server.usb: device removed)...
05-15 18:33:01.991 623 781 D UsbHostManager: Removed device at /dev/bus/usb/003/028: USB Billboard Device
05-15 18:33:01.991 623 781 I UsbAlsaManager: USB Audio Device Removed: null
05-15 18:33:01.991 623 623 I screen_toggled: 1
05-15 18:33:01.991 623 623 I power_screen_broadcast_send: 1
05-15 18:33:01.992 623 664 I DisplayPowerController[0]: Blocking screen on until initial contents have been drawn.
05-15 18:33:01.993 623 664 V DisplayPowerController[0]: Brightness [0.5472441] reason changing to: 'manual', previous reason: 'screen_off'.
05-15 18:33:01.993 623 664 I sysui_multi_action: [757,1696,758,6,759,3]
05-15 18:33:01.995 623 643 I DisplayDeviceRepository: Display device changed state: "内置屏幕", ON
05-15 18:33:02.003 1391 1391 W ContextImpl: Calling a method in the system process without a qualified user: android.app.ContextImpl.sendBroadcast:1181 android.content.ContextWrapper.sendBroadcast:479 cn.eben.newweather.DateWeatherService.a:19 cn.eben.newweather.DateWeatherService.a:0 cn.eben.newweather.DateWeatherService$1.handleMessage:7
05-15 18:33:02.024 623 730 I netstats_mobile_sample: [0,0,0,0,0,0,0,0,0,0,0,0,1747298025337]
05-15 18:33:02.024 623 730 I netstats_wifi_sample: [0,0,0,0,0,0,0,0,0,0,0,0,1747298025337]
05-15 18:33:02.042 623 730 W ContextImpl: Calling a method in the system process without a qualified user: android.app.ContextImpl.sendStickyBroadcast:1567 com.android.server.ConnectivityService.sendStickyBroadcast:2811 com.android.server.ConnectivityService.sendLegacyNetworkBroadcast:8732 com.android.server.ConnectivityService$LegacyTypeTracker.remove:1007 com.android.server.ConnectivityService$LegacyTypeTracker.remove:1024
05-15 18:33:02.047 623 1530 I sysui_multi_action: [757,127,758,1]
05-15 18:33:02.047 623 1530 I sysui_multi_action: [757,804,799,note_load,801,4,802,1]
05-15 18:33:02.048 623 1530 I notification_panel_revealed: 4
05-15 18:33:02.049 623 952 I sysui_multi_action: [757,128,758,1,793,12470844,794,0,795,12470844,796,1111,798,3,806,com.ebensz.email,857,100,858,2,947,0,1395,4,1500,12470844,1688,4,1689,2,1690,1]
05-15 18:33:02.049 623 952 I sysui_multi_action: [757,804,799,note_freshness,801,12470844,802,1]
05-15 18:33:02.049 623 952 I notification_visibility: [0|com.ebensz.email|1111|null|10072,1,12470844,12470844,0,3]
