05-15 19:27:02.728 1 1 I init : Command 'write /config/usb_gadget/g1/UDC ${sys.usb.controller}' action=sys.usb.config=adb && sys.usb.configfs=1 && sys.usb.ffs.ready=1 (/system/etc/init/hw/init.usb.configfs.rc:23) took 2ms and failed: Unable to write to file '/config/usb_gadget/g1/UDC': Unable to write file contents: Device or resource busy
05-15 18:55:38.437 623 29878 W ContentProviderHelper: Permission Denial: opening provider com.android.providers.contacts.ContactsProvider2 from ProcessRecord{6d23060 1792:cn.eben.sync/u0a64} (pid=1792, uid=10064) requires android.permission.READ_CONTACTS or android.permission.WRITE_CONTACTS
05-15 18:55:39.002 1391 1391 W ContextImpl: Calling a method in the system process without a qualified user: android.app.ContextImpl.sendBroadcast:1181 android.content.ContextWrapper.sendBroadcast:479 cn.eben.newweather.DateWeatherService.a:19 cn.eben.newweather.DateWeatherService.a:0 cn.eben.newweather.DateWeatherService$1.handleMessage:7
05-15 19:27:03.761 541 541 I : read descriptors
05-15 19:27:03.761 541 541 I : read strings
05-15 19:27:03.763 1 1 I init : processing action (sys.usb.config=adb && sys.usb.configfs=1 && sys.usb.ffs.ready=1) from (/system/etc/init/hw/init.usb.configfs.rc:20)
05-15 19:27:03.765 1 1 I init : Command 'symlink /config/usb_gadget/g1/functions/ffs.adb /config/usb_gadget/g1/configs/b.1/f1' action=sys.usb.config=adb && sys.usb.configfs=1 && sys.usb.ffs.ready=1 (/system/etc/init/hw/init.usb.configfs.rc:22) took 0ms and failed: symlink() failed: File exists
05-15 19:27:03.766 1 1 I init : Command 'write /config/usb_gadget/g1/UDC ${sys.usb.controller}' action=sys.usb.config=adb && sys.usb.configfs=1 && sys.usb.ffs.ready=1 (/system/etc/init/hw/init.usb.configfs.rc:23) took 0ms and failed: Unable to write to file '/config/usb_gadget/g1/UDC': Unable to write file contents: Device or resource busy
05-15 18:55:40.001 1391 1391 W ContextImpl: Calling a method in the system process without a qualified user: android.app.ContextImpl.sendBroadcast:1181 android.content.ContextWrapper.sendBroadcast:479 cn.eben.newweather.DateWeatherService.a:19 cn.eben.newweather.DateWeatherService.a:0 cn.eben.newweather.DateWeatherService$1.handleMessage:7
05-15 19:27:04.801 541 541 I : read descriptors
05-15 19:27:04.801 541 541 I : read strings
05-15 19:27:04.803 1 1 I init : processing action (sys.usb.config=adb && sys.usb.configfs=1 && sys.usb.ffs.ready=1) from (/system/etc/init/hw/init.usb.configfs.rc:20)
05-15 18:55:41.002 1391 1391 W ContextImpl: Calling a method in the system process without a qualified user: android.app.ContextImpl.sendBroadcast:1181 android.content.ContextWrapper.sendBroadcast:479 cn.eben.newweather.DateWeatherService.a:19 cn.eben.newweather.DateWeatherService.a:0 cn.eben.newweather.DateWeatherService$1.handleMessage:7
05-15 19:27:05.857 541 541 I : read descriptors
05-15 19:27:05.857 541 541 I : read strings
05-15 18:55:42.002 1391 1391 W ContextImpl: Calling a method in the system process without a qualified user: android.app.ContextImpl.sendBroadcast:1181 android.content.ContextWrapper.sendBroadcast:479 cn.eben.newweather.DateWeatherService.a:19 cn.eben.newweather.DateWeatherService.a:0 cn.eben.newweather.DateWeatherService$1.handleMessage:7
05-15 19:27:06.914 541 541 I : read descriptors
05-15 19:27:06.914 541 541 I : read strings
05-15 19:27:06.916 1 1 I init : processing action (sys.usb.config=adb && sys.usb.configfs=1 && sys.usb.ffs.ready=1) from (/system/etc/init/hw/init.usb.configfs.rc:20)
05-15 19:27:06.921 1 1 I init : Command 'symlink /config/usb_gadget/g1/functions/ffs.adb /config/usb_gadget/g1/configs/b.1/f1' action=sys.usb.config=adb && sys.usb.configfs=1 && sys.usb.ffs.ready=1 (/system/etc/init/hw/init.usb.configfs.rc:22) took 0ms and failed: symlink() failed: File exists
05-15 19:27:06.922 1 1 I init : Command 'write /config/usb_gadget/g1/UDC ${sys.usb.controller}' action=sys.usb.config=adb && sys.usb.configfs=1 && sys.usb.ffs.ready=1 (/system/etc/init/hw/init.usb.configfs.rc:23) took 0ms and failed: Unable to write to file '/config/usb_gadget/g1/UDC': Unable to write file contents: Device or resource busy
05-15 18:55:43.003 1391 1391 W ContextImpl: Calling a method in the system process without a qualified user: android.app.ContextImpl.sendBroadcast:1181 android.content.ContextWrapper.sendBroadcast:479 cn.eben.newweather.DateWeatherService.a:19 cn.eben.newweather.DateWeatherService.a:0 cn.eben.newweather.DateWeatherService$1.handleMessage:7
05-15 19:27:07.967 541 541 I : read descriptors
05-15 19:27:07.967 541 541 I : read strings
05-15 19:27:07.969 1 1 I init : processing action (sys.usb.config=adb && sys.usb.configfs=1 && sys.usb.ffs.ready=1) from (/system/etc/init/hw/init.usb.configfs.rc:20)
05-15 19:27:07.973 1 1 I init : Command 'symlink /config/usb_gadget/g1/functions/ffs.adb /config/usb_gadget/g1/configs/b.1/f1' action=sys.usb.config=adb && sys.usb.configfs=1 && sys.usb.ffs.ready=1 (/system/etc/init/hw/init.usb.configfs.rc:22) took 0ms and failed: symlink() failed: File exists
05-15 19:27:07.974 1 1 I init : Command 'write /config/usb_gadget/g1/UDC ${sys.usb.controller}' action=sys.usb.config=adb && sys.usb.configfs=1 && sys.usb.ffs.ready=1 (/system/etc/init/hw/init.usb.configfs.rc:23) took 1ms and failed: Unable to write to file '/config/usb_gadget/g1/UDC': Unable to write file contents: Device or resource busy
05-15 18:55:43.442 623 638 W ContentProviderHelper: Permission Denial: opening provider com.android.providers.contacts.ContactsProvider2 from ProcessRecord{6d23060 1792:cn.eben.sync/u0a64} (pid=1792, uid=10064) requires android.permission.READ_CONTACTS or android.permission.WRITE_CONTACTS
05-15 18:55:44.002 1391 1391 W ContextImpl: Calling a method in the system process without a qualified user: android.app.ContextImpl.sendBroadcast:1181 android.content.ContextWrapper.sendBroadcast:479 cn.eben.newweather.DateWeatherService.a:19 cn.eben.newweather.DateWeatherService.a:0 cn.eben.newweather.DateWeatherService$1.handleMessage:7
05-15 19:27:08.854 443 443 W healthd : battery l=100 v=8698 t=28.0 h=1 st=3 c=0 fc=9700000 cc=0 chg=u
05-15 19:27:09.021 541 541 I : read descriptors
05-15 19:27:09.021 541 541 I : read strings
05-15 19:27:09.023 1 1 I init : processing action (sys.usb.config=adb && sys.usb.configfs=1 && sys.usb.ffs.ready=1) from (/system/etc/init/hw/init.usb.configfs.rc:20)
05-15 19:27:09.025 1 1 I init : Command 'symlink /config/usb_gadget/g1/functions/ffs.adb /config/usb_gadget/g1/configs/b.1/f1' action=sys.usb.config=adb && sys.usb.configfs=1 && sys.usb.ffs.ready=1 (/system/etc/init/hw/init.usb.configfs.rc:22) took 0ms and failed: symlink() failed: File exists
05-15 19:27:09.026 1 1 I init : Command 'write /config/usb_gadget/g1/UDC ${sys.usb.controller}' action=sys.usb.config=adb && sys.usb.configfs=1 && sys.usb.ffs.ready=1 (/system/etc/init/hw/init.usb.configfs.rc:23) took 0ms and failed: Unable to write to file '/config/usb_gadget/g1/UDC': Unable to write file contents: Device or resource busy
05-15 18:55:45.001 1391 1391 W ContextImpl: Calling a method in the system process without a qualified user: android.app.ContextImpl.sendBroadcast:1181 android.content.ContextWrapper.sendBroadcast:479 cn.eben.newweather.DateWeatherService.a:19 cn.eben.newweather.DateWeatherService.a:0 cn.eben.newweather.DateWeatherService$1.handleMessage:7
05-15 19:27:10.064 541 541 I : read descriptors
05-15 19:27:10.064 541 541 I : read strings
05-15 19:27:10.066 1 1 I init : processing action (sys.usb.config=adb && sys.usb.configfs=1 && sys.usb.ffs.ready=1) from (/system/etc/init/hw/init.usb.configfs.rc:20)
05-15 18:55:46.001 1391 1391 W ContextImpl: Calling a method in the system process without a qualified user: android.app.ContextImpl.sendBroadcast:1181 android.content.ContextWrapper.sendBroadcast:479 cn.eben.newweather.DateWeatherService.a:19 cn.eben.newweather.DateWeatherService.a:0 cn.eben.newweather.DateWeatherService$1.handleMessage:7
05-15 19:27:11.111 541 541 I : read descriptors
05-15 19:27:11.111 541 541 I : read strings
05-15 18:55:47.002 1391 1391 W ContextImpl: Calling a method in the system process without a qualified user: android.app.ContextImpl.sendBroadcast:1181 android.content.ContextWrapper.sendBroadcast:479 cn.eben.newweather.DateWeatherService.a:19 cn.eben.newweather.DateWeatherService.a:0 cn.eben.newweather.DateWeatherService$1.handleMessage:7
05-15 19:27:12.157 541 541 I : read descriptors
05-15 19:27:12.157 541 541 I : read strings
05-15 19:27:12.159 1 1 I init : processing action (sys.usb.config=adb && sys.usb.configfs=1 && sys.usb.ffs.ready=1) from (/system/etc/init/hw/init.usb.configfs.rc:20)
05-15 19:27:12.163 1 1 I init : Command 'symlink /config/usb_gadget/g1/functions/ffs.adb /config/usb_gadget/g1/configs/b.1/f1' action=sys.usb.config=adb && sys.usb.configfs=1 && sys.usb.ffs.ready=1 (/system/etc/init/hw/init.usb.configfs.rc:22) took 1ms and failed: symlink() failed: File exists
05-15 19:27:12.165 1 1 I init : Command 'write /config/usb_gadget/g1/UDC ${sys.usb.controller}' action=sys.usb.config=adb && sys.usb.configfs=1 && sys.usb.ffs.ready=1 (/system/etc/init/hw/init.usb.configfs.rc:23) took 2ms and failed: Unable to write to file '/config/usb_gadget/g1/UDC': Unable to write file contents: Device or resource busy
05-15 18:55:48.003 1391 1391 W ContextImpl: Calling a method in the system process without a qualified user: android.app.ContextImpl.sendBroadcast:1181 android.content.ContextWrapper.sendBroadcast:479 cn.eben.newweather.DateWeatherService.a:19 cn.eben.newweather.DateWeatherService.a:0 cn.eben.newweather.DateWeatherService$1.handleMessage:7
05-15 18:55:48.447 623 638 W ContentProviderHelper: Permission Denial: opening provider com.android.providers.contacts.ContactsProvider2 from ProcessRecord{6d23060 1792:cn.eben.sync/u0a64} (pid=1792, uid=10064) requires android.permission.READ_CONTACTS or android.permission.WRITE_CONTACTS
05-15 19:27:13.204 541 541 I : read descriptors
05-15 19:27:13.204 541 541 I : read strings
05-15 19:27:13.207 1 1 I init : processing action (sys.usb.config=adb && sys.usb.configfs=1 && sys.usb.ffs.ready=1) from (/system/etc/init/hw/init.usb.configfs.rc:20)
05-15 19:27:13.210 1 1 I init : Command 'symlink /config/usb_gadget/g1/functions/ffs.adb /config/usb_gadget/g1/configs/b.1/f1' action=sys.usb.config=adb && sys.usb.configfs=1 && sys.usb.ffs.ready=1 (/system/etc/init/hw/init.usb.configfs.rc:22) took 1ms and failed: symlink() failed: File exists
05-15 19:27:13.211 1 1 I init : Command 'write /config/usb_gadget/g1/UDC ${sys.usb.controller}' action=sys.usb.config=adb && sys.usb.configfs=1 && sys.usb.ffs.ready=1 (/system/etc/init/hw/init.usb.configfs.rc:23) took 0ms and failed: Unable to write to file '/config/usb_gadget/g1/UDC': Unable to write file contents: Device or resource busy
05-15 18:55:49.002 1391 1391 W ContextImpl: Calling a method in the system process without a qualified user: android.app.ContextImpl.sendBroadcast:1181 android.content.ContextWrapper.sendBroadcast:479 cn.eben.newweather.DateWeatherService.a:19 cn.eben.newweather.DateWeatherService.a:0 cn.eben.newweather.DateWeatherService$1.handleMessage:7
05-15 19:27:14.244 541 541 I : read descriptors
05-15 19:27:14.244 541 541 I : read strings
05-15 19:27:14.246 1 1 I init : processing action (sys.usb.config=adb && sys.usb.configfs=1 && sys.usb.ffs.ready=1) from (/system/etc/init/hw/init.usb.configfs.rc:20)
05-15 19:27:14.249 1 1 I init : Command 'symlink /config/usb_gadget/g1/functions/ffs.adb /config/usb_gadget/g1/configs/b.1/f1' action=sys.usb.config=adb && sys.usb.configfs=1 && sys.usb.ffs.ready=1 (/system/etc/init/hw/init.usb.configfs.rc:22) took 0ms and failed: symlink() failed: File exists
05-15 19:27:14.249 1 1 I init : Command 'write /config/usb_gadget/g1/UDC ${sys.usb.controller}' action=sys.usb.config=adb && sys.usb.configfs=1 && sys.usb.ffs.ready=1 (/system/etc/init/hw/init.usb.configfs.rc:23) took 0ms and failed: Unable to write to file '/config/usb_gadget/g1/UDC': Unable to write file contents: Device or resource busy
05-15 18:55:49.765 623 703 D ActivityManager: freezing 23958 com.taobao.taobao:channel
05-15 18:55:49.769 623 703 D ActivityManager: froze 23958 com.taobao.taobao:channel
05-15 18:55:49.769 623 703 I am_freeze: [23958,com.taobao.taobao:channel]
05-15 18:55:50.002 1391 1391 W ContextImpl: Calling a method in the system process without a qualified user: android.app.ContextImpl.sendBroadcast:1181 android.content.ContextWrapper.sendBroadcast:479 cn.eben.newweather.DateWeatherService.a:19 cn.eben.newweather.DateWeatherService.a:0 cn.eben.newweather.DateWeatherService$1.handleMessage:7
05-15 18:55:50.418 623 703 D ActivityManager: freezing 2549 com.android.settings.intelligence
05-15 18:55:50.420 623 703 D ActivityManager: froze 2549 com.android.settings.intelligence
05-15 18:55:50.420 623 703 I am_freeze: [2549,com.android.settings.intelligence] --------- beginning of radio
05-15 18:55:50.630 465 493 D RIL-DEV : Get modem info
05-15 18:55:50.631 465 493 D RIL-DEV : [05-15_18:55:50:631] idVendor = 0bda
05-15 18:55:50.631 465 493 D RIL-DEV :
05-15 18:55:50.631 465 493 D RIL-DEV : [05-15_18:55:50:632] idVendor = 05e3
05-15 18:55:50.631 465 493 D RIL-DEV :
05-15 18:55:50.632 465 493 D RIL-DEV : [05-15_18:55:50:632] idVendor = 1d6b
05-15 18:55:50.632 465 493 D RIL-DEV :
05-15 18:55:50.632 465 493 D RIL-DEV : [05-15_18:55:50:632] idVendor = 1d6b
05-15 18:55:50.632 465 493 D RIL-DEV :
05-15 18:55:50.632 465 493 D RIL-DEV : [05-15_18:55:50:633] idVendor = 0bda
05-15 18:55:50.632 465 493 D RIL-DEV :
05-15 18:55:50.633 465 493 D RIL-DEV : [05-15_18:55:50:633] idVendor = 1d6b
05-15 18:55:50.633 465 493 D RIL-DEV :
05-15 18:55:50.633 465 493 D RIL-DEV : [05-15_18:55:50:633] idVendor = 2109
05-15 18:55:50.633 465 493 D RIL-DEV :
05-15 18:55:50.633 465 493 D RIL-DEV : [05-15_18:55:50:634] idVendor = 2109
05-15 18:55:50.633 465 493 D RIL-DEV :
05-15 18:55:50.634 465 493 D RIL-DEV : [05-15_18:55:50:634] idVendor = 1d6b
05-15 18:55:50.634 465 493 D RIL-DEV :
05-15 18:55:50.634 465 493 D RIL-DEV : [05-15_18:55:50:635] idVendor = 0bda
05-15 18:55:50.634 465 493 D RIL-DEV :
05-15 18:55:50.634 465 493 D RIL-DEV : [05-15_18:55:50:635] idVendor = 2109
05-15 18:55:50.634 465 493 D RIL-DEV :
05-15 18:55:50.635 465 493 E RIL-DEV : Cannot find Meig devices
05-15 18:55:50.635 465 493 I RIL : ---> can't find meig usb devices
05-15 19:27:15.294 541 541 I : read descriptors
05-15 19:27:15.294 541 541 I : read strings
05-15 19:27:15.296 1 1 I init : processing action (sys.usb.config=adb && sys.usb.configfs=1 && sys.usb.ffs.ready=1) from (/system/etc/init/hw/init.usb.configfs.rc:20)
05-15 18:55:51.002 1391 1391 W ContextImpl: Calling a method in the system process without a qualified user: android.app.ContextImpl.sendBroadcast:1181 android.content.ContextWrapper.sendBroadcast:479 cn.eben.newweather.DateWeatherService.a:19 cn.eben.newweather.DateWeatherService.a:0 cn.eben.newweather.DateWeatherService$1.handleMessage:7
05-15 19:27:16.331 541 541 I : read descriptors
05-15 19:27:16.331 541 541 I : read strings
05-15 18:55:52.003 1391 1391 W ContextImpl: Calling a method in the system process without a qualified user: android.app.ContextImpl.sendBroadcast:1181 android.content.ContextWrapper.sendBroadcast:479 cn.eben.newweather.DateWeatherService.a:19 cn.eben.newweather.DateWeatherService.a:0 cn.eben.newweather.DateWeatherService$1.handleMessage:7
05-15 18:55:52.635 465 493 I RIL : ---> enter mainloop wait at port
05-15 18:55:52.636 465 493 D RIL-DEV : Get modem info
05-15 18:55:52.636 465 493 D RIL-DEV : [05-15_18:55:52:637] idVendor = 0bda
05-15 18:55:52.636 465 493 D RIL-DEV :
05-15 18:55:52.637 465 493 D RIL-DEV : [05-15_18:55:52:637] idVendor = 05e3
05-15 18:55:52.637 465 493 D RIL-DEV :
05-15 18:55:52.637 465 493 D RIL-DEV : [05-15_18:55:52:638] idVendor = 1d6b
05-15 18:55:52.637 465 493 D RIL-DEV :
05-15 18:55:52.638 465 493 D RIL-DEV : [05-15_18:55:52:638] idVendor = 1d6b
05-15 18:55:52.638 465 493 D RIL-DEV :
05-15 18:55:52.638 465 493 D RIL-DEV : [05-15_18:55:52:639] idVendor = 0bda
05-15 18:55:52.638 465 493 D RIL-DEV :
05-15 18:55:52.639 465 493 D RIL-DEV : [05-15_18:55:52:639] idVendor = 1d6b
05-15 18:55:52.639 465 493 D RIL-DEV :
05-15 18:55:52.639 465 493 D RIL-DEV : [05-15_18:55:52:639] idVendor = 2109
05-15 18:55:52.639 465 493 D RIL-DEV :
05-15 18:55:52.640 465 493 D RIL-DEV : [05-15_18:55:52:641] idVendor = 2109
05-15 18:55:52.640 465 493 D RIL-DEV :
05-15 18:55:52.640 465 493 D RIL-DEV : [05-15_18:55:52:641] idVendor = 1d6b
05-15 18:55:52.640 465 493 D RIL-DEV :
05-15 18:55:52.641 465 493 D RIL-DEV : [05-15_18:55:52:641] idVendor = 0bda
05-15 18:55:52.641 465 493 D RIL-DEV :
05-15 18:55:52.641 465 493 D RIL-DEV : [05-15_18:55:52:642] idVendor = 2109
05-15 18:55:52.641 465 493 D RIL-DEV :
05-15 18:55:52.641 465 493 E RIL-DEV : Cannot find Meig devices
05-15 18:55:52.642 465 493 I RIL : ---> can't find meig usb devices
05-15 19:27:17.391 541 541 I : read descriptors
05-15 19:27:17.391 541 541 I : read strings
05-15 19:27:17.393 1 1 I init : processing action (sys.usb.config=adb && sys.usb.configfs=1 && sys.usb.ffs.ready=1) from (/system/etc/init/hw/init.usb.configfs.rc:20)
05-15 19:27:17.397 1 1 I init : Command 'symlink /config/usb_gadget/g1/functions/ffs.adb /config/usb_gadget/g1/configs/b.1/f1' action=sys.usb.config=adb && sys.usb.configfs=1 && sys.usb.ffs.ready=1 (/system/etc/init/hw/init.usb.configfs.rc:22) took 1ms and failed: symlink() failed: File exists
05-15 19:27:17.398 1 1 I init : Command 'write /config/usb_gadget/g1/UDC ${sys.usb.controller}' action=sys.usb.config=adb && sys.usb.configfs=1 && sys.usb.ffs.ready=1 (/system/etc/init/hw/init.usb.configfs.rc:23) took 1ms and failed: Unable to write to file '/config/usb_gadget/g1/UDC': Unable to write file contents: Device or resource busy
05-15 18:55:53.002 1391 1391 W ContextImpl: Calling a method in the system process without a qualified user: android.app.ContextImpl.sendBroadcast:1181 android.content.ContextWrapper.sendBroadcast:479 cn.eben.newweather.DateWeatherService.a:19 cn.eben.newweather.DateWeatherService.a:0 cn.eben.newweather.DateWeatherService$1.handleMessage:7
05-15 18:55:53.453 623 638 W ContentProviderHelper: Permission Denial: opening provider com.android.providers.contacts.ContactsProvider2 from ProcessRecord{6d23060 1792:cn.eben.sync/u0a64} (pid=1792, uid=10064) requires android.permission.READ_CONTACTS or android.permission.WRITE_CONTACTS
05-15 19:27:18.447 541 541 I : read descriptors
05-15 19:27:18.447 541 541 I : read strings
05-15 19:27:18.449 1 1 I init : processing action (sys.usb.config=adb && sys.usb.configfs=1 && sys.usb.ffs.ready=1) from (/system/etc/init/hw/init.usb.configfs.rc:20)
05-15 19:27:18.453 1 1 I init : Command 'symlink /config/usb_gadget/g1/functions/ffs.adb /config/usb_gadget/g1/configs/b.1/f1' action=sys.usb.config=adb && sys.usb.configfs=1 && sys.usb.ffs.ready=1 (/system/etc/init/hw/init.usb.configfs.rc:22) took 0ms and failed: symlink() failed: File exists
05-15 19:27:18.454 1 1 I init : Command 'write /config/usb_gadget/g1/UDC ${sys.usb.controller}' action=sys.usb.config=adb && sys.usb.configfs=1 && sys.usb.ffs.ready=1 (/system/etc/init/hw/init.usb.configfs.rc:23) took 1ms and failed: Unable to write to file '/config/usb_gadget/g1/UDC': Unable to write file contents: Device or resource busy
05-15 18:55:54.003 1391 1391 W ContextImpl: Calling a method in the system process without a qualified user: android.app.ContextImpl.sendBroadcast:1181 android.content.ContextWrapper.sendBroadcast:479 cn.eben.newweather.DateWeatherService.a:19 cn.eben.newweather.DateWeatherService.a:0 cn.eben.newweather.DateWeatherService$1.handleMessage:7
05-15 18:55:54.642 465 493 I RIL : ---> enter mainloop wait at port
05-15 18:55:54.642 465 493 D RIL-DEV : Get modem info
05-15 18:55:54.643 465 493 D RIL-DEV : [05-15_18:55:54:643] idVendor = 0bda
05-15 18:55:54.643 465 493 D RIL-DEV :
05-15 18:55:54.643 465 493 D RIL-DEV : [05-15_18:55:54:644] idVendor = 05e3
05-15 18:55:54.643 465 493 D RIL-DEV :
05-15 18:55:54.644 465 493 D RIL-DEV : [05-15_18:55:54:644] idVendor = 1d6b
05-15 18:55:54.644 465 493 D RIL-DEV :
05-15 18:55:54.644 465 493 D RIL-DEV : [05-15_18:55:54:645] idVendor = 1d6b
05-15 18:55:54.644 465 493 D RIL-DEV :
05-15 18:55:54.644 465 493 D RIL-DEV : [05-15_18:55:54:645] idVendor = 0bda
05-15 18:55:54.644 465 493 D RIL-DEV :
05-15 18:55:54.645 465 493 D RIL-DEV : [05-15_18:55:54:645] idVendor = 1d6b
05-15 18:55:54.645 465 493 D RIL-DEV :
05-15 18:55:54.645 465 493 D RIL-DEV : [05-15_18:55:54:646] idVendor = 2109
05-15 18:55:54.645 465 493 D RIL-DEV :
05-15 18:55:54.646 465 493 D RIL-DEV : [05-15_18:55:54:647] idVendor = 2109
05-15 18:55:54.646 465 493 D RIL-DEV :
05-15 18:55:54.647 465 493 D RIL-DEV : [05-15_18:55:54:647] idVendor = 1d6b
05-15 18:55:54.647 465 493 D RIL-DEV :
05-15 18:55:54.647 465 493 D RIL-DEV : [05-15_18:55:54:648] idVendor = 0bda
05-15 18:55:54.647 465 493 D RIL-DEV :
05-15 18:55:54.647 465 493 D RIL-DEV : [05-15_18:55:54:648] idVendor = 2109
05-15 18:55:54.647 465 493 D RIL-DEV :
05-15 18:55:54.648 465 493 E RIL-DEV : Cannot find Meig devices
05-15 18:55:54.648 465 493 I RIL : ---> can't find meig usb devices
05-15 19:27:19.487 541 541 I : read descriptors
05-15 19:27:19.487 541 541 I : read strings
05-15 19:27:19.490 1 1 I init : processing action (sys.usb.config=adb && sys.usb.configfs=1 && sys.usb.ffs.ready=1) from (/system/etc/init/hw/init.usb.configfs.rc:20)
05-15 19:27:19.493 1 1 I init : Command 'symlink /config/usb_gadget/g1/functions/ffs.adb /config/usb_gadget/g1/configs/b.1/f1' action=sys.usb.config=adb && sys.usb.configfs=1 && sys.usb.ffs.ready=1 (/system/etc/init/hw/init.usb.configfs.rc:22) took 1ms and failed: symlink() failed: File exists
05-15 19:27:19.496 1 1 I init : Command 'write /config/usb_gadget/g1/UDC ${sys.usb.controller}' action=sys.usb.config=adb && sys.usb.configfs=1 && sys.usb.ffs.ready=1 (/system/etc/init/hw/init.usb.configfs.rc:23) took 1ms and failed: Unable to write to file '/config/usb_gadget/g1/UDC': Unable to write file contents: Device or resource busy
05-15 18:55:55.002 1391 1391 W ContextImpl: Calling a method in the system process without a qualified user: android.app.ContextImpl.sendBroadcast:1181 android.content.ContextWrapper.sendBroadcast:479 cn.eben.newweather.DateWeatherService.a:19 cn.eben.newweather.DateWeatherService.a:0 cn.eben.newweather.DateWeatherService$1.handleMessage:7
05-15 19:27:20.534 541 541 I : read descriptors
05-15 19:27:20.534 541 541 I : read strings
05-15 19:27:20.536 1 1 I init : processing action (sys.usb.config=adb && sys.usb.configfs=1 && sys.usb.ffs.ready=1) from (/system/etc/init/hw/init.usb.configfs.rc:20)
05-15 18:55:56.002 1391 1391 W ContextImpl: Calling a method in the system process without a qualified user: android.app.ContextImpl.sendBroadcast:1181 android.content.ContextWrapper.sendBroadcast:479 cn.eben.newweather.DateWeatherService.a:19 cn.eben.newweather.DateWeatherService.a:0 cn.eben.newweather.DateWeatherService$1.handleMessage:7
05-15 19:27:20.688 27448 27448 I binder : 27049:27448 transaction failed 29202/0, size 2176-0 line 3265
05-15 19:27:20.689 27448 27448 I binder : 27049:27448 transaction failed 29202/0, size 540-0 line 3265
05-15 18:55:56.649 465 493 I RIL : ---> enter mainloop wait at port
05-15 18:55:56.649 465 493 D RIL-DEV : Get modem info
05-15 18:55:56.650 465 493 D RIL-DEV : [05-15_18:55:56:650] idVendor = 0bda
05-15 18:55:56.650 465 493 D RIL-DEV :
05-15 18:55:56.650 465 493 D RIL-DEV : [05-15_18:55:56:650] idVendor = 05e3
05-15 18:55:56.650 465 493 D RIL-DEV :
05-15 18:55:56.650 465 493 D RIL-DEV : [05-15_18:55:56:651] idVendor = 1d6b
05-15 18:55:56.650 465 493 D RIL-DEV :
05-15 18:55:56.651 465 493 D RIL-DEV : [05-15_18:55:56:651] idVendor = 1d6b
05-15 18:55:56.651 465 493 D RIL-DEV :
05-15 18:55:56.651 465 493 D RIL-DEV : [05-15_18:55:56:651] idVendor = 0bda
05-15 18:55:56.651 465 493 D RIL-DEV :
05-15 18:55:56.651 465 493 D RIL-DEV : [05-15_18:55:56:652] idVendor = 1d6b
05-15 18:55:56.651 465 493 D RIL-DEV :
05-15 18:55:56.652 465 493 D RIL-DEV : [05-15_18:55:56:652] idVendor = 2109
05-15 18:55:56.652 465 493 D RIL-DEV :
05-15 18:55:56.652 465 493 D RIL-DEV : [05-15_18:55:56:652] idVendor = 2109
05-15 18:55:56.652 465 493 D RIL-DEV :
05-15 18:55:56.652 465 493 D RIL-DEV : [05-15_18:55:56:653] idVendor = 1d6b
05-15 18:55:56.652 465 493 D RIL-DEV :
05-15 18:55:56.653 465 493 D RIL-DEV : [05-15_18:55:56:654] idVendor = 0bda
05-15 18:55:56.653 465 493 D RIL-DEV :
05-15 18:55:56.654 465 493 D RIL-DEV : [05-15_18:55:56:654] idVendor = 2109
05-15 18:55:56.654 465 493 D RIL-DEV :
05-15 18:55:56.654 465 493 E RIL-DEV : Cannot find Meig devices
05-15 18:55:56.654 465 493 I RIL : ---> can't find meig usb devices
05-15 18:55:57.002 1391 1391 W ContextImpl: Calling a method in the system process without a qualified user: android.app.ContextImpl.sendBroadcast:1181 android.content.ContextWrapper.sendBroadcast:479 cn.eben.newweather.DateWeatherService.a:19 cn.eben.newweather.DateWeatherService.a:0 cn.eben.newweather.DateWeatherService$1.handleMessage:7
05-15 19:27:21.591 541 541 I : read descriptors
05-15 19:27:21.591 541 541 I : read strings
05-15 18:55:58.002 1391 1391 W ContextImpl: Calling a method in the system process without a qualified user: android.app.ContextImpl.sendBroadcast:1181 android.content.ContextWrapper.sendBroadcast:479 cn.eben.newweather.DateWeatherService.a:19 cn.eben.newweather.DateWeatherService.a:0 cn.eben.newweather.DateWeatherService$1.handleMessage:7
05-15 19:27:22.641 541 541 I : read descriptors
05-15 19:27:22.641 541 541 I : read strings
05-15 19:27:22.643 1 1 I init : processing action (sys.usb.config=adb && sys.usb.configfs=1 && sys.usb.ffs.ready=1) from (/system/etc/init/hw/init.usb.configfs.rc:20)
05-15 19:27:22.646 1 1 I init : Command 'symlink /config/usb_gadget/g1/functions/ffs.adb /config/usb_gadget/g1/configs/b.1/f1' action=sys.usb.config=adb && sys.usb.configfs=1 && sys.usb.ffs.ready=1 (/system/etc/init/hw/init.usb.configfs.rc:22) took 0ms and failed: symlink() failed: File exists
05-15 19:27:22.648 1 1 I init : Command 'write /config/usb_gadget/g1/UDC ${sys.usb.controller}' action=sys.usb.config=adb && sys.usb.configfs=1 && sys.usb.ffs.ready=1 (/system/etc/init/hw/init.usb.configfs.rc:23) took 1ms and failed: Unable to write to file '/config/usb_gadget/g1/UDC': Unable to write file contents: Device or resource busy
05-15 18:55:58.460 623 638 W ContentProviderHelper: Permission Denial: opening provider com.android.providers.contacts.ContactsProvider2 from ProcessRecord{6d23060 1792:cn.eben.sync/u0a64} (pid=1792, uid=10064) requires android.permission.READ_CONTACTS or android.permission.WRITE_CONTACTS
05-15 18:55:58.655 465 493 I RIL : ---> enter mainloop wait at port
05-15 18:55:58.655 465 493 D RIL-DEV : Get modem info
05-15 18:55:58.656 465 493 D RIL-DEV : [05-15_18:55:58:656] idVendor = 0bda
05-15 18:55:58.656 465 493 D RIL-DEV :
05-15 18:55:58.656 465 493 D RIL-DEV : [05-15_18:55:58:657] idVendor = 05e3
05-15 18:55:58.656 465 493 D RIL-DEV :
05-15 18:55:58.657 465 493 D RIL-DEV : [05-15_18:55:58:657] idVendor = 1d6b
05-15 18:55:58.657 465 493 D RIL-DEV :
05-15 18:55:58.657 465 493 D RIL-DEV : [05-15_18:55:58:657] idVendor = 1d6b
05-15 18:55:58.657 465 493 D RIL-DEV :
05-15 18:55:58.657 465 493 D RIL-DEV : [05-15_18:55:58:658] idVendor = 0bda
05-15 18:55:58.657 465 493 D RIL-DEV :
05-15 18:55:58.658 465 493 D RIL-DEV : [05-15_18:55:58:658] idVendor = 1d6b
05-15 18:55:58.658 465 493 D RIL-DEV :
05-15 18:55:58.658 465 493 D RIL-DEV : [05-15_18:55:58:658] idVendor = 2109
05-15 18:55:58.658 465 493 D RIL-DEV :
05-15 18:55:58.658 465 493 D RIL-DEV : [05-15_18:55:58:659] idVendor = 2109
05-15 18:55:58.658 465 493 D RIL-DEV :
05-15 18:55:58.659 465 493 D RIL-DEV : [05-15_18:55:58:659] idVendor = 1d6b
05-15 18:55:58.659 465 493 D RIL-DEV :
05-15 18:55:58.659 465 493 D RIL-DEV : [05-15_18:55:58:659] idVendor = 0bda
05-15 18:55:58.659 465 493 D RIL-DEV :
05-15 18:55:58.659 465 493 D RIL-DEV : [05-15_18:55:58:660] idVendor = 2109
05-15 18:55:58.659 465 493 D RIL-DEV :
05-15 18:55:58.660 465 493 E RIL-DEV : Cannot find Meig devices
05-15 18:55:58.660 465 493 I RIL : ---> can't find meig usb devices
05-15 18:55:59.002 1391 1391 W ContextImpl: Calling a method in the system process without a qualified user: android.app.ContextImpl.sendBroadcast:1181 android.content.ContextWrapper.sendBroadcast:479 cn.eben.newweather.DateWeatherService.a:19 cn.eben.newweather.DateWeatherService.a:0 cn.eben.newweather.DateWeatherService$1.handleMessage:7
05-15 19:27:23.698 541 541 I : read descriptors
05-15 19:27:23.698 541 541 I : read strings
05-15 19:27:23.700 1 1 I init : processing action (sys.usb.config=adb && sys.usb.configfs=1 && sys.usb.ffs.ready=1) from (/system/etc/init/hw/init.usb.configfs.rc:20)
05-15 19:27:23.704 1 1 I init : Command 'symlink /config/usb_gadget/g1/functions/ffs.adb /config/usb_gadget/g1/configs/b.1/f1' action=sys.usb.config=adb && sys.usb.configfs=1 && sys.usb.ffs.ready=1 (/system/etc/init/hw/init.usb.configfs.rc:22) took 1ms and failed: symlink() failed: File exists
05-15 19:27:23.705 1 1 I init : Command 'write /config/usb_gadget/g1/UDC ${sys.usb.controller}' action=sys.usb.config=adb && sys.usb.configfs=1 && sys.usb.ffs.ready=1 (/system/etc/init/hw/init.usb.configfs.rc:23) took 1ms and failed: Unable to write to file '/config/usb_gadget/g1/UDC': Unable to write file contents: Device or resource busy
05-15 19:27:23.767 27448 27448 I binder : 27049:27448 transaction failed 29202/0, size 1588-0 line 3265
05-15 18:56:00.003 1391 1391 W ContextImpl: Calling a method in the system process without a qualified user: android.app.ContextImpl.sendBroadcast:1181 android.content.ContextWrapper.sendBroadcast:479 cn.eben.newweather.DateWeatherService.a:19 cn.eben.newweather.DateWeatherService.a:0 cn.eben.newweather.DateWeatherService$1.handleMessage:7
05-15 19:27:24.747 541 541 I : read descriptors
05-15 19:27:24.747 541 541 I : read strings
05-15 19:27:24.751 1 1 I init : processing action (sys.usb.config=adb && sys.usb.configfs=1 && sys.usb.ffs.ready=1) from (/system/etc/init/hw/init.usb.configfs.rc:20)
05-15 19:27:24.754 1 1 I init : Command 'symlink /config/usb_gadget/g1/functions/ffs.adb /config/usb_gadget/g1/configs/b.1/f1' action=sys.usb.config=adb && sys.usb.configfs=1 && sys.usb.ffs.ready=1 (/system/etc/init/hw/init.usb.configfs.rc:22) took 1ms and failed: symlink() failed: File exists
05-15 19:27:24.756 1 1 I init : Command 'write /config/usb_gadget/g1/UDC ${sys.usb.controller}' action=sys.usb.config=adb && sys.usb.configfs=1 && sys.usb.ffs.ready=1 (/system/etc/init/hw/init.usb.configfs.rc:23) took 1ms and failed: Unable to write to file '/config/usb_gadget/g1/UDC': Unable to write file contents: Device or resource busy
05-15 18:56:00.660 465 493 I RIL : ---> enter mainloop wait at port
05-15 18:56:00.660 465 493 D RIL-DEV : Get modem info
05-15 18:56:00.661 465 493 D RIL-DEV : [05-15_18:56:00:662] idVendor = 0bda
05-15 18:56:00.661 465 493 D RIL-DEV :
05-15 18:56:00.662 465 493 D RIL-DEV : [05-15_18:56:00:662] idVendor = 05e3
05-15 18:56:00.662 465 493 D RIL-DEV :
05-15 18:56:00.662 465 493 D RIL-DEV : [05-15_18:56:00:662] idVendor = 1d6b
05-15 18:56:00.662 465 493 D RIL-DEV :
05-15 18:56:00.662 465 493 D RIL-DEV : [05-15_18:56:00:663] idVendor = 1d6b
05-15 18:56:00.662 465 493 D RIL-DEV :
05-15 18:56:00.663 465 493 D RIL-DEV : [05-15_18:56:00:664] idVendor = 0bda
05-15 18:56:00.663 465 493 D RIL-DEV :
05-15 18:56:00.664 465 493 D RIL-DEV : [05-15_18:56:00:664] idVendor = 1d6b
05-15 18:56:00.664 465 493 D RIL-DEV :
05-15 18:56:00.664 465 493 D RIL-DEV : [05-15_18:56:00:665] idVendor = 2109
05-15 18:56:00.664 465 493 D RIL-DEV :
05-15 18:56:00.665 465 493 D RIL-DEV : [05-15_18:56:00:665] idVendor = 2109
05-15 18:56:00.665 465 493 D RIL-DEV :
05-15 18:56:00.665 465 493 D RIL-DEV : [05-15_18:56:00:665] idVendor = 1d6b
05-15 18:56:00.665 465 493 D RIL-DEV :
05-15 18:56:00.665 465 493 D RIL-DEV : [05-15_18:56:00:666] idVendor = 0bda
05-15 18:56:00.665 465 493 D RIL-DEV :
05-15 18:56:00.666 465 493 D RIL-DEV : [05-15_18:56:00:666] idVendor = 2109
05-15 18:56:00.666 465 493 D RIL-DEV :
05-15 18:56:00.666 465 493 E RIL-DEV : Cannot find Meig devices
05-15 18:56:00.666 465 493 I RIL : ---> can't find meig usb devices
05-15 18:56:01.003 1391 1391 W ContextImpl: Calling a method in the system process without a qualified user: android.app.ContextImpl.sendBroadcast:1181 android.content.ContextWrapper.sendBroadcast:479 cn.eben.newweather.DateWeatherService.a:19 cn.eben.newweather.DateWeatherService.a:0 cn.eben.newweather.DateWeatherService$1.handleMessage:7
05-15 19:27:25.811 541 541 I : read descriptors
05-15 19:27:25.811 541 541 I : read strings
05-15 19:27:25.813 1 1 I init : processing action (sys.usb.config=adb && sys.usb.configfs=1 && sys.usb.ffs.ready=1) from (/system/etc/init/hw/init.usb.configfs.rc:20)
05-15 18:56:02.002 1391 1391 W ContextImpl: Calling a method in the system process without a qualified user: android.app.ContextImpl.sendBroadcast:1181 android.content.ContextWrapper.sendBroadcast:479 cn.eben.newweather.DateWeatherService.a:19 cn.eben.newweather.DateWeatherService.a:0 cn.eben.newweather.DateWeatherService$1.handleMessage:7
05-15 19:27:26.880 541 541 I : read descriptors
05-15 19:27:26.881 541 541 I : read strings
05-15 18:56:02.667 465 493 I RIL : ---> enter mainloop wait at port
05-15 18:56:02.667 465 493 D RIL-DEV : Get modem info
05-15 18:56:02.668 465 493 D RIL-DEV : [05-15_18:56:02:668] idVendor = 0bda
05-15 18:56:02.668 465 493 D RIL-DEV :
05-15 18:56:02.668 465 493 D RIL-DEV : [05-15_18:56:02:669] idVendor = 05e3
05-15 18:56:02.668 465 493 D RIL-DEV :
05-15 18:56:02.669 465 493 D RIL-DEV : [05-15_18:56:02:669] idVendor = 1d6b
05-15 18:56:02.669 465 493 D RIL-DEV :
05-15 18:56:02.669 465 493 D RIL-DEV : [05-15_18:56:02:669] idVendor = 1d6b
05-15 18:56:02.669 465 493 D RIL-DEV :
05-15 18:56:02.669 465 493 D RIL-DEV : [05-15_18:56:02:670] idVendor = 0bda
05-15 18:56:02.669 465 493 D RIL-DEV :
05-15 18:56:02.670 465 493 D RIL-DEV : [05-15_18:56:02:670] idVendor = 1d6b
05-15 18:56:02.670 465 493 D RIL-DEV :
05-15 18:56:02.670 465 493 D RIL-DEV : [05-15_18:56:02:671] idVendor = 2109
05-15 18:56:02.670 465 493 D RIL-DEV :
05-15 18:56:02.671 465 493 D RIL-DEV : [05-15_18:56:02:671] idVendor = 2109
05-15 18:56:02.671 465 493 D RIL-DEV :
05-15 18:56:02.671 465 493 D RIL-DEV : [05-15_18:56:02:672] idVendor = 1d6b
05-15 18:56:02.671 465 493 D RIL-DEV :
05-15 18:56:02.672 465 493 D RIL-DEV : [05-15_18:56:02:672] idVendor = 0bda
05-15 18:56:02.672 465 493 D RIL-DEV :
05-15 18:56:02.672 465 493 D RIL-DEV : [05-15_18:56:02:672] idVendor = 2109
05-15 18:56:02.672 465 493 D RIL-DEV :
05-15 18:56:02.672 465 493 E RIL-DEV : Cannot find Meig devices
05-15 18:56:02.673 465 493 I RIL : ---> can't find meig usb devices
05-15 18:56:03.003 1391 1391 W ContextImpl: Calling a method in the system process without a qualified user: android.app.ContextImpl.sendBroadcast:1181 android.content.ContextWrapper.sendBroadcast:479 cn.eben.newweather.DateWeatherService.a:19 cn.eben.newweather.DateWeatherService.a:0 cn.eben.newweather.DateWeatherService$1.handleMessage:7
05-15 19:27:27.941 541 541 I : read descriptors
05-15 19:27:27.941 541 541 I : read strings
05-15 19:27:27.943 1 1 I init : processing action (sys.usb.config=adb && sys.usb.configfs=1 && sys.usb.ffs.ready=1) from (/system/etc/init/hw/init.usb.configfs.rc:20)
05-15 19:27:27.946 1 1 I init : Command 'symlink /config/usb_gadget/g1/functions/ffs.adb /config/usb_gadget/g1/configs/b.1/f1' action=sys.usb.config=adb && sys.usb.configfs=1 && sys.usb.ffs.ready=1 (/system/etc/init/hw/init.usb.configfs.rc:22) took 1ms and failed: symlink() failed: File exists
05-15 19:27:27.949 1 1 I init : Command 'write /config/usb_gadget/g1/UDC ${sys.usb.controller}' action=sys.usb.config=adb && sys.usb.configfs=1 && sys.usb.ffs.ready=1 (/system/etc/init/hw/init.usb.configfs.rc:23) took 1ms and failed: Unable to write to file '/config/usb_gadget/g1/UDC': Unable to write file contents: Device or resource busy
05-15 18:56:03.466 623 29878 W ContentProviderHelper: Permission Denial: opening provider com.android.providers.contacts.ContactsProvider2 from ProcessRecord{6d23060 1792:cn.eben.sync/u0a64} (pid=1792, uid=10064) requires android.permission.READ_CONTACTS or android.permission.WRITE_CONTACTS
05-15 18:56:03.996 623 648 I am_pss : [2892,10060,com.zhangyue.read.iReader,168720384,146632704,0,377315328,0,2,47]
05-15 18:56:04.002 1391 1391 W ContextImpl: Calling a method in the system process without a qualified user: android.app.ContextImpl.sendBroadcast:1181 android.content.ContextWrapper.sendBroadcast:479 cn.eben.newweather.DateWeatherService.a:19 cn.eben.newweather.DateWeatherService.a:0 cn.eben.newweather.DateWeatherService$1.handleMessage:7
05-15 18:56:04.006 623 648 I am_pss : [2981,99008,com.android.webview:sandboxed_process0:org.chromium.content.app.SandboxedProcessService0:0,7699456,2834432,0,79781888,0,3,9]
05-15 19:27:28.984 541 541 I : read descriptors
05-15 19:27:28.984 541 541 I : read strings
05-15 19:27:28.986 1 1 I init : processing action (sys.usb.config=adb && sys.usb.configfs=1 && sys.usb.ffs.ready=1) from (/system/etc/init/hw/init.usb.configfs.rc:20)
05-15 19:27:28.991 1 1 I init : Command 'symlink /config/usb_gadget/g1/functions/ffs.adb /config/usb_gadget/g1/configs/b.1/f1' action=sys.usb.config=adb && sys.usb.configfs=1 && sys.usb.ffs.ready=1 (/system/etc/init/hw/init.usb.configfs.rc:22) took 1ms and failed: symlink() failed: File exists
05-15 19:27:28.993 1 1 I init : Command 'write /config/usb_gadget/g1/UDC ${sys.usb.controller}' action=sys.usb.config=adb && sys.usb.configfs=1 && sys.usb.ffs.ready=1 (/system/etc/init/hw/init.usb.configfs.rc:23) took 1ms and failed: Unable to write to file '/config/usb_gadget/g1/UDC': Unable to write file contents: Device or resource busy
05-15 18:56:04.674 465 493 I RIL : ---> enter mainloop wait at port
05-15 18:56:04.674 465 493 D RIL-DEV : Get modem info
05-15 18:56:04.674 465 493 D RIL-DEV : [05-15_18:56:04:675] idVendor = 0bda
05-15 18:56:04.674 465 493 D RIL-DEV :
05-15 18:56:04.675 465 493 D RIL-DEV : [05-15_18:56:04:675] idVendor = 05e3
05-15 18:56:04.675 465 493 D RIL-DEV :
05-15 18:56:04.675 465 493 D RIL-DEV : [05-15_18:56:04:676] idVendor = 1d6b
05-15 18:56:04.675 465 493 D RIL-DEV :
05-15 18:56:04.675 465 493 D RIL-DEV : [05-15_18:56:04:676] idVendor = 1d6b
05-15 18:56:04.675 465 493 D RIL-DEV :
05-15 18:56:04.675 465 493 D RIL-DEV : [05-15_18:56:04:676] idVendor = 0bda
05-15 18:56:04.675 465 493 D RIL-DEV :
05-15 18:56:04.676 465 493 D RIL-DEV : [05-15_18:56:04:677] idVendor = 1d6b
05-15 18:56:04.676 465 493 D RIL-DEV :
05-15 18:56:04.676 465 493 D RIL-DEV : [05-15_18:56:04:677] idVendor = 2109
05-15 18:56:04.676 465 493 D RIL-DEV :
05-15 18:56:04.677 465 493 D RIL-DEV : [05-15_18:56:04:677] idVendor = 2109
05-15 18:56:04.677 465 493 D RIL-DEV :
05-15 18:56:04.677 465 493 D RIL-DEV : [05-15_18:56:04:677] idVendor = 1d6b
05-15 18:56:04.677 465 493 D RIL-DEV :
05-15 18:56:04.677 465 493 D RIL-DEV : [05-15_18:56:04:678] idVendor = 0bda
05-15 18:56:04.677 465 493 D RIL-DEV :
05-15 18:56:04.677 465 493 D RIL-DEV : [05-15_18:56:04:678] idVendor = 2109
05-15 18:56:04.677 465 493 D RIL-DEV :
05-15 18:56:04.678 465 493 E RIL-DEV : Cannot find Meig devices
05-15 18:56:04.678 465 493 I RIL : ---> can't find meig usb devices
05-15 18:56:05.002 1391 1391 W ContextImpl: Calling a method in the system process without a qualified user: android.app.ContextImpl.sendBroadcast:1181 android.content.ContextWrapper.sendBroadcast:479 cn.eben.newweather.DateWeatherService.a:19 cn.eben.newweather.DateWeatherService.a:0 cn.eben.newweather.DateWeatherService$1.handleMessage:7
05-15 19:27:30.030 541 541 I : read descriptors
05-15 19:27:30.031 541 541 I : read strings
05-15 19:27:30.033 1 1 I init : processing action (sys.usb.config=adb && sys.usb.configfs=1 && sys.usb.ffs.ready=1) from (/system/etc/init/hw/init.usb.configfs.rc:20)
05-15 19:27:30.036 1 1 I init : Command 'symlink /config/usb_gadget/g1/functions/ffs.adb /config/usb_gadget/g1/configs/b.1/f1' action=sys.usb.config=adb && sys.usb.configfs=1 && sys.usb.ffs.ready=1 (/system/etc/init/hw/init.usb.configfs.rc:22) took 0ms and failed: symlink() failed: File exists
05-15 19:27:30.037 1 1 I init : Command 'write /config/usb_gadget/g1/UDC ${sys.usb.controller}' action=sys.usb.config=adb && sys.usb.configfs=1 && sys.usb.ffs.ready=1 (/system/etc/init/hw/init.usb.configfs.rc:23) took 1ms and failed: Unable to write to file '/config/usb_gadget/g1/UDC': Unable to write file contents: Device or resource busy
05-15 18:56:06.002 1391 1391 W ContextImpl: Calling a method in the system process without a qualified user: android.app.ContextImpl.sendBroadcast:1181 android.content.ContextWrapper.sendBroadcast:479 cn.eben.newweather.DateWeatherService.a:19 cn.eben.newweather.DateWeatherService.a:0 cn.eben.newweather.DateWeatherService$1.handleMessage:7
05-15 19:27:30.721 27448 27448 I binder : 27049:27448 transaction failed 29202/0, size 2176-0 line 3265
05-15 19:27:30.722 27448 27448 I binder : 27049:27448 transaction failed 29202/0, size 540-0 line 3265
05-15 19:27:31.101 541 541 I : read descriptors
05-15 19:27:31.101 541 541 I : read strings
05-15 19:27:31.103 1 1 I init : processing action (sys.usb.config=adb && sys.usb.configfs=1 && sys.usb.ffs.ready=1) from (/system/etc/init/hw/init.usb.configfs.rc:20)
05-15 18:56:06.678 465 493 I RIL : ---> enter mainloop wait at port
05-15 18:56:06.678 465 493 D RIL-DEV : Get modem info
05-15 18:56:06.679 465 493 D RIL-DEV : [05-15_18:56:06:679] idVendor = 0bda
05-15 18:56:06.679 465 493 D RIL-DEV :
05-15 18:56:06.680 465 493 D RIL-DEV : [05-15_18:56:06:680] idVendor = 05e3
05-15 18:56:06.680 465 493 D RIL-DEV :
05-15 18:56:06.680 465 493 D RIL-DEV : [05-15_18:56:06:680] idVendor = 1d6b
05-15 18:56:06.680 465 493 D RIL-DEV :
05-15 18:56:06.680 465 493 D RIL-DEV : [05-15_18:56:06:681] idVendor = 1d6b
05-15 18:56:06.680 465 493 D RIL-DEV :
05-15 18:56:06.681 465 493 D RIL-DEV : [05-15_18:56:06:681] idVendor = 0bda
05-15 18:56:06.681 465 493 D RIL-DEV :
05-15 18:56:06.681 465 493 D RIL-DEV : [05-15_18:56:06:681] idVendor = 1d6b
05-15 18:56:06.681 465 493 D RIL-DEV :
05-15 18:56:06.681 465 493 D RIL-DEV : [05-15_18:56:06:682] idVendor = 2109
05-15 18:56:06.681 465 493 D RIL-DEV :
05-15 18:56:06.682 465 493 D RIL-DEV : [05-15_18:56:06:682] idVendor = 2109
05-15 18:56:06.682 465 493 D RIL-DEV :
05-15 18:56:06.682 465 493 D RIL-DEV : [05-15_18:56:06:682] idVendor = 1d6b
05-15 18:56:06.682 465 493 D RIL-DEV :
05-15 18:56:06.682 465 493 D RIL-DEV : [05-15_18:56:06:683] idVendor = 0bda
05-15 18:56:06.682 465 493 D RIL-DEV :
05-15 18:56:06.683 465 493 D RIL-DEV : [05-15_18:56:06:683] idVendor = 2109
05-15 18:56:06.683 465 493 D RIL-DEV :
05-15 18:56:06.683 465 493 E RIL-DEV : Cannot find Meig devices
05-15 18:56:06.683 465 493 I RIL : ---> can't find meig usb devices
05-15 18:56:07.003 1391 1391 W ContextImpl: Calling a method in the system process without a qualified user: android.app.ContextImpl.sendBroadcast:1181 android.content.ContextWrapper.sendBroadcast:479 cn.eben.newweather.DateWeatherService.a:19 cn.eben.newweather.DateWeatherService.a:0 cn.eben.newweather.DateWeatherService$1.handleMessage:7
05-15 19:27:32.157 541 541 I : read descriptors
05-15 19:27:32.157 541 541 I : read strings
05-15 18:56:08.001 1391 1391 W ContextImpl: Calling a method in the system process without a qualified user: android.app.ContextImpl.sendBroadcast:1181 android.content.ContextWrapper.sendBroadcast:479 cn.eben.newweather.DateWeatherService.a:19 cn.eben.newweather.DateWeatherService.a:0 cn.eben.newweather.DateWeatherService$1.handleMessage:7
05-15 18:56:08.472 623 29878 W ContentProviderHelper: Permission Denial: opening provider com.android.providers.contacts.ContactsProvider2 from ProcessRecord{6d23060 1792:cn.eben.sync/u0a64} (pid=1792, uid=10064) requires android.permission.READ_CONTACTS or android.permission.WRITE_CONTACTS
05-15 19:27:33.204 541 541 I : read descriptors
05-15 19:27:33.204 541 541 I : read strings
05-15 19:27:33.206 1 1 I init : processing action (sys.usb.config=adb && sys.usb.configfs=1 && sys.usb.ffs.ready=1) from (/system/etc/init/hw/init.usb.configfs.rc:20)
05-15 19:27:33.209 1 1 I init : Command 'symlink /config/usb_gadget/g1/functions/ffs.adb /config/usb_gadget/g1/configs/b.1/f1' action=sys.usb.config=adb && sys.usb.configfs=1 && sys.usb.ffs.ready=1 (/system/etc/init/hw/init.usb.configfs.rc:22) took 1ms and failed: symlink() failed: File exists
05-15 19:27:33.212 1 1 I init : Command 'write /config/usb_gadget/g1/UDC ${sys.usb.controller}' action=sys.usb.config=adb && sys.usb.configfs=1 && sys.usb.ffs.ready=1 (/system/etc/init/hw/init.usb.configfs.rc:23) took 2ms and failed: Unable to write to file '/config/usb_gadget/g1/UDC': Unable to write file contents: Device or resource busy
05-15 18:56:08.683 465 493 I RIL : ---> enter mainloop wait at port
05-15 18:56:08.683 465 493 D RIL-DEV : Get modem info
05-15 18:56:08.684 465 493 D RIL-DEV : [05-15_18:56:08:684] idVendor = 0bda
05-15 18:56:08.684 465 493 D RIL-DEV :
05-15 18:56:08.684 465 493 D RIL-DEV : [05-15_18:56:08:685] idVendor = 05e3
05-15 18:56:08.684 465 493 D RIL-DEV :
05-15 18:56:08.684 465 493 D RIL-DEV : [05-15_18:56:08:685] idVendor = 1d6b
05-15 18:56:08.684 465 493 D RIL-DEV :
05-15 18:56:08.684 465 493 D RIL-DEV : [05-15_18:56:08:685] idVendor = 1d6b
05-15 18:56:08.684 465 493 D RIL-DEV :
05-15 18:56:08.684 465 493 D RIL-DEV : [05-15_18:56:08:685] idVendor = 0bda
05-15 18:56:08.684 465 493 D RIL-DEV :
05-15 18:56:08.685 465 493 D RIL-DEV : [05-15_18:56:08:685] idVendor = 1d6b
05-15 18:56:08.685 465 493 D RIL-DEV :
05-15 18:56:08.685 465 493 D RIL-DEV : [05-15_18:56:08:685] idVendor = 2109
05-15 18:56:08.685 465 493 D RIL-DEV :
05-15 18:56:08.685 465 493 D RIL-DEV : [05-15_18:56:08:686] idVendor = 2109
05-15 18:56:08.685 465 493 D RIL-DEV :
05-15 18:56:08.685 465 493 D RIL-DEV : [05-15_18:56:08:686] idVendor = 1d6b
05-15 18:56:08.685 465 493 D RIL-DEV :
05-15 18:56:08.685 465 493 D RIL-DEV : [05-15_18:56:08:686] idVendor = 0bda
05-15 18:56:08.685 465 493 D RIL-DEV :
05-15 18:56:08.685 465 493 D RIL-DEV : [05-15_18:56:08:686] idVendor = 2109
05-15 18:56:08.685 465 493 D RIL-DEV :
05-15 18:56:08.686 465 493 E RIL-DEV : Cannot find Meig devices
05-15 18:56:08.686 465 493 I RIL : ---> can't find meig usb devices
05-15 18:56:09.002 1391 1391 W ContextImpl: Calling a method in the system process without a qualified user: android.app.ContextImpl.sendBroadcast:1181 android.content.ContextWrapper.sendBroadcast:479 cn.eben.newweather.DateWeatherService.a:19 cn.eben.newweather.DateWeatherService.a:0 cn.eben.newweather.DateWeatherService$1.handleMessage:7
05-15 19:27:33.772 27448 27448 I binder : 27049:27448 transaction failed 29202/0, size 1588-0 line 3265
05-15 19:27:34.257 541 541 I : read descriptors
05-15 19:27:34.257 541 541 I : read strings
05-15 19:27:34.259 1 1 I init : processing action (sys.usb.config=adb && sys.usb.configfs=1 && sys.usb.ffs.ready=1) from (/system/etc/init/hw/init.usb.configfs.rc:20)
05-15 19:27:34.263 1 1 I init : Command 'symlink /config/usb_gadget/g1/functions/ffs.adb /config/usb_gadget/g1/configs/b.1/f1' action=sys.usb.config=adb && sys.usb.configfs=1 && sys.usb.ffs.ready=1 (/system/etc/init/hw/init.usb.configfs.rc:22) took 0ms and failed: symlink() failed: File exists
05-15 19:27:34.264 1 1 I init : Command 'write /config/usb_gadget/g1/UDC ${sys.usb.controller}' action=sys.usb.config=adb && sys.usb.configfs=1 && sys.usb.ffs.ready=1 (/system/etc/init/hw/init.usb.configfs.rc:23) took 0ms and failed: Unable to write to file '/config/usb_gadget/g1/UDC': Unable to write file contents: Device or resource busy
05-15 18:56:10.003 1391 1391 W ContextImpl: Calling a method in the system process without a qualified user: android.app.ContextImpl.sendBroadcast:1181 android.content.ContextWrapper.sendBroadcast:479 cn.eben.newweather.DateWeatherService.a:19 cn.eben.newweather.DateWeatherService.a:0 cn.eben.newweather.DateWeatherService$1.handleMessage:7
05-15 18:56:10.102 623 703 D ActivityManager: freezing 4141 com.android.webview:webview_service
05-15 18:56:10.104 623 703 D ActivityManager: froze 4141 com.android.webview:webview_service
05-15 18:56:10.104 623 703 I am_freeze: [4141,com.android.webview:webview_service]
05-15 18:56:10.686 465 493 I RIL : ---> enter mainloop wait at port
05-15 18:56:10.686 465 493 D RIL-DEV : Get modem info
05-15 18:56:10.687 465 493 D RIL-DEV : [05-15_18:56:10:687] idVendor = 0bda
05-15 18:56:10.687 465 493 D RIL-DEV :
05-15 18:56:10.687 465 493 D RIL-DEV : [05-15_18:56:10:688] idVendor = 05e3
05-15 18:56:10.687 465 493 D RIL-DEV :
05-15 18:56:10.688 465 493 D RIL-DEV : [05-15_18:56:10:688] idVendor = 1d6b
05-15 18:56:10.688 465 493 D RIL-DEV :
05-15 18:56:10.688 465 493 D RIL-DEV : [05-15_18:56:10:689] idVendor = 1d6b
05-15 18:56:10.688 465 493 D RIL-DEV :
05-15 18:56:10.688 465 493 D RIL-DEV : [05-15_18:56:10:689] idVendor = 0bda
05-15 18:56:10.688 465 493 D RIL-DEV :
05-15 18:56:10.689 465 493 D RIL-DEV : [05-15_18:56:10:689] idVendor = 1d6b
05-15 18:56:10.689 465 493 D RIL-DEV :
05-15 18:56:10.690 465 493 D RIL-DEV : [05-15_18:56:10:690] idVendor = 2109
05-15 18:56:10.690 465 493 D RIL-DEV :
05-15 18:56:10.690 465 493 D RIL-DEV : [05-15_18:56:10:691] idVendor = 2109
05-15 18:56:10.690 465 493 D RIL-DEV :
05-15 18:56:10.691 465 493 D RIL-DEV : [05-15_18:56:10:691] idVendor = 1d6b
05-15 18:56:10.691 465 493 D RIL-DEV :
05-15 18:56:10.691 465 493 D RIL-DEV : [05-15_18:56:10:692] idVendor = 0bda
05-15 18:56:10.691 465 493 D RIL-DEV :
05-15 18:56:10.691 465 493 D RIL-DEV : [05-15_18:56:10:692] idVendor = 2109
05-15 18:56:10.691 465 493 D RIL-DEV :
05-15 18:56:10.692 465 493 E RIL-DEV : Cannot find Meig devices
