05-15 18:56:39.003 1391 1391 W ContextImpl: Calling a method in the system process without a qualified user: android.app.ContextImpl.sendBroadcast:1181 android.content.ContextWrapper.sendBroadcast:479 cn.eben.newweather.DateWeatherService.a:19 cn.eben.newweather.DateWeatherService.a:0 cn.eben.newweather.DateWeatherService$1.handleMessage:7
05-15 19:28:03.701 541 541 I : read descriptors
05-15 19:28:03.701 541 541 I : read strings
05-15 19:28:03.855 27448 27448 I binder : 27049:27448 transaction failed 29202/0, size 1588-0 line 3265
05-15 18:56:40.002 1391 1391 W ContextImpl: Calling a method in the system process without a qualified user: android.app.ContextImpl.sendBroadcast:1181 android.content.ContextWrapper.sendBroadcast:479 cn.eben.newweather.DateWeatherService.a:19 cn.eben.newweather.DateWeatherService.a:0 cn.eben.newweather.DateWeatherService$1.handleMessage:7
05-15 19:28:04.757 541 541 I : read descriptors
05-15 19:28:04.758 541 541 I : read strings
05-15 19:28:04.760 1 1 I init : processing action (sys.usb.config=adb && sys.usb.configfs=1 && sys.usb.ffs.ready=1) from (/system/etc/init/hw/init.usb.configfs.rc:20)
05-15 19:28:04.763 1 1 I init : Command 'symlink /config/usb_gadget/g1/functions/ffs.adb /config/usb_gadget/g1/configs/b.1/f1' action=sys.usb.config=adb && sys.usb.configfs=1 && sys.usb.ffs.ready=1 (/system/etc/init/hw/init.usb.configfs.rc:22) took 0ms and failed: symlink() failed: File exists
05-15 19:28:04.763 1 1 I init : Command 'write /config/usb_gadget/g1/UDC ${sys.usb.controller}' action=sys.usb.config=adb && sys.usb.configfs=1 && sys.usb.ffs.ready=1 (/system/etc/init/hw/init.usb.configfs.rc:23) took 0ms and failed: Unable to write to file '/config/usb_gadget/g1/UDC': Unable to write file contents: Device or resource busy
05-15 18:56:40.773 465 493 I RIL : ---> enter mainloop wait at port
05-15 18:56:40.773 465 493 D RIL-DEV : Get modem info
05-15 18:56:40.774 465 493 D RIL-DEV : [05-15_18:56:40:774] idVendor = 0bda
05-15 18:56:40.774 465 493 D RIL-DEV :
05-15 18:56:40.774 465 493 D RIL-DEV : [05-15_18:56:40:775] idVendor = 05e3
05-15 18:56:40.774 465 493 D RIL-DEV :
05-15 18:56:40.775 465 493 D RIL-DEV : [05-15_18:56:40:775] idVendor = 1d6b
05-15 18:56:40.775 465 493 D RIL-DEV :
05-15 18:56:40.775 465 493 D RIL-DEV : [05-15_18:56:40:776] idVendor = 1d6b
05-15 18:56:40.775 465 493 D RIL-DEV :
05-15 18:56:40.775 465 493 D RIL-DEV : [05-15_18:56:40:776] idVendor = 0bda
05-15 18:56:40.775 465 493 D RIL-DEV :
05-15 18:56:40.776 465 493 D RIL-DEV : [05-15_18:56:40:776] idVendor = 1d6b
05-15 18:56:40.776 465 493 D RIL-DEV :
05-15 18:56:40.776 465 493 D RIL-DEV : [05-15_18:56:40:777] idVendor = 2109
05-15 18:56:40.776 465 493 D RIL-DEV :
05-15 18:56:40.777 465 493 D RIL-DEV : [05-15_18:56:40:777] idVendor = 2109
05-15 18:56:40.777 465 493 D RIL-DEV :
05-15 18:56:40.777 465 493 D RIL-DEV : [05-15_18:56:40:778] idVendor = 1d6b
05-15 18:56:40.777 465 493 D RIL-DEV :
05-15 18:56:40.777 465 493 D RIL-DEV : [05-15_18:56:40:778] idVendor = 0bda
05-15 18:56:40.777 465 493 D RIL-DEV :
05-15 18:56:40.778 465 493 D RIL-DEV : [05-15_18:56:40:778] idVendor = 2109
05-15 18:56:40.778 465 493 D RIL-DEV :
05-15 18:56:40.778 465 493 E RIL-DEV : Cannot find Meig devices
05-15 18:56:40.778 465 493 I RIL : ---> can't find meig usb devices
05-15 18:56:41.003 1391 1391 W ContextImpl: Calling a method in the system process without a qualified user: android.app.ContextImpl.sendBroadcast:1181 android.content.ContextWrapper.sendBroadcast:479 cn.eben.newweather.DateWeatherService.a:19 cn.eben.newweather.DateWeatherService.a:0 cn.eben.newweather.DateWeatherService$1.handleMessage:7
05-15 19:28:05.811 541 541 I : read descriptors
05-15 19:28:05.811 541 541 I : read strings
05-15 19:28:05.813 1 1 I init : processing action (sys.usb.config=adb && sys.usb.configfs=1 && sys.usb.ffs.ready=1) from (/system/etc/init/hw/init.usb.configfs.rc:20)
05-15 19:28:05.816 1 1 I init : Command 'symlink /config/usb_gadget/g1/functions/ffs.adb /config/usb_gadget/g1/configs/b.1/f1' action=sys.usb.config=adb && sys.usb.configfs=1 && sys.usb.ffs.ready=1 (/system/etc/init/hw/init.usb.configfs.rc:22) took 0ms and failed: symlink() failed: File exists
05-15 19:28:05.817 1 1 I init : Command 'write /config/usb_gadget/g1/UDC ${sys.usb.controller}' action=sys.usb.config=adb && sys.usb.configfs=1 && sys.usb.ffs.ready=1 (/system/etc/init/hw/init.usb.configfs.rc:23) took 0ms and failed: Unable to write to file '/config/usb_gadget/g1/UDC': Unable to write file contents: Device or resource busy
05-15 18:56:42.002 1391 1391 W ContextImpl: Calling a method in the system process without a qualified user: android.app.ContextImpl.sendBroadcast:1181 android.content.ContextWrapper.sendBroadcast:479 cn.eben.newweather.DateWeatherService.a:19 cn.eben.newweather.DateWeatherService.a:0 cn.eben.newweather.DateWeatherService$1.handleMessage:7
05-15 19:28:06.857 541 541 I : read descriptors
05-15 19:28:06.858 541 541 I : read strings
05-15 19:28:06.861 1 1 I init : processing action (sys.usb.config=adb && sys.usb.configfs=1 && sys.usb.ffs.ready=1) from (/system/etc/init/hw/init.usb.configfs.rc:20)
05-15 19:28:06.863 1 1 I init : Command 'symlink /config/usb_gadget/g1/functions/ffs.adb /config/usb_gadget/g1/configs/b.1/f1' action=sys.usb.config=adb && sys.usb.configfs=1 && sys.usb.ffs.ready=1 (/system/etc/init/hw/init.usb.configfs.rc:22) took 0ms and failed: symlink() failed: File exists
05-15 19:28:06.863 1 1 I init : Command 'write /config/usb_gadget/g1/UDC ${sys.usb.controller}' action=sys.usb.config=adb && sys.usb.configfs=1 && sys.usb.ffs.ready=1 (/system/etc/init/hw/init.usb.configfs.rc:23) took 0ms and failed: Unable to write to file '/config/usb_gadget/g1/UDC': Unable to write file contents: Device or resource busy
05-15 18:56:42.779 465 493 I RIL : ---> enter mainloop wait at port
05-15 18:56:42.779 465 493 D RIL-DEV : Get modem info
05-15 18:56:42.780 465 493 D RIL-DEV : [05-15_18:56:42:780] idVendor = 0bda
05-15 18:56:42.780 465 493 D RIL-DEV :
05-15 18:56:42.780 465 493 D RIL-DEV : [05-15_18:56:42:780] idVendor = 05e3
05-15 18:56:42.780 465 493 D RIL-DEV :
05-15 18:56:42.780 465 493 D RIL-DEV : [05-15_18:56:42:781] idVendor = 1d6b
05-15 18:56:42.780 465 493 D RIL-DEV :
05-15 18:56:42.781 465 493 D RIL-DEV : [05-15_18:56:42:781] idVendor = 1d6b
05-15 18:56:42.781 465 493 D RIL-DEV :
05-15 18:56:42.781 465 493 D RIL-DEV : [05-15_18:56:42:781] idVendor = 0bda
05-15 18:56:42.781 465 493 D RIL-DEV :
05-15 18:56:42.781 465 493 D RIL-DEV : [05-15_18:56:42:782] idVendor = 1d6b
05-15 18:56:42.781 465 493 D RIL-DEV :
05-15 18:56:42.782 465 493 D RIL-DEV : [05-15_18:56:42:782] idVendor = 2109
05-15 18:56:42.782 465 493 D RIL-DEV :
05-15 18:56:42.782 465 493 D RIL-DEV : [05-15_18:56:42:783] idVendor = 2109
05-15 18:56:42.782 465 493 D RIL-DEV :
05-15 18:56:42.782 465 493 D RIL-DEV : [05-15_18:56:42:783] idVendor = 1d6b
05-15 18:56:42.782 465 493 D RIL-DEV :
05-15 18:56:42.783 465 493 D RIL-DEV : [05-15_18:56:42:783] idVendor = 0bda
05-15 18:56:42.783 465 493 D RIL-DEV :
05-15 18:56:42.783 465 493 D RIL-DEV : [05-15_18:56:42:784] idVendor = 2109
05-15 18:56:42.783 465 493 D RIL-DEV :
05-15 18:56:42.784 465 493 E RIL-DEV : Cannot find Meig devices
05-15 18:56:42.784 465 493 I RIL : ---> can't find meig usb devices
05-15 18:56:43.002 1391 1391 W ContextImpl: Calling a method in the system process without a qualified user: android.app.ContextImpl.sendBroadcast:1181 android.content.ContextWrapper.sendBroadcast:479 cn.eben.newweather.DateWeatherService.a:19 cn.eben.newweather.DateWeatherService.a:0 cn.eben.newweather.DateWeatherService$1.handleMessage:7
05-15 19:28:07.897 541 541 I : read descriptors
05-15 19:28:07.897 541 541 I : read strings
05-15 19:28:07.899 1 1 I init : processing action (sys.usb.config=adb && sys.usb.configfs=1 && sys.usb.ffs.ready=1) from (/system/etc/init/hw/init.usb.configfs.rc:20)
05-15 18:56:43.517 623 1955 W ContentProviderHelper: Permission Denial: opening provider com.android.providers.contacts.ContactsProvider2 from ProcessRecord{6d23060 1792:cn.eben.sync/u0a64} (pid=1792, uid=10064) requires android.permission.READ_CONTACTS or android.permission.WRITE_CONTACTS
05-15 18:56:44.001 1391 1391 W ContextImpl: Calling a method in the system process without a qualified user: android.app.ContextImpl.sendBroadcast:1181 android.content.ContextWrapper.sendBroadcast:479 cn.eben.newweather.DateWeatherService.a:19 cn.eben.newweather.DateWeatherService.a:0 cn.eben.newweather.DateWeatherService$1.handleMessage:7
05-15 19:28:08.853 443 443 W healthd : battery l=100 v=8698 t=28.0 h=1 st=3 c=0 fc=9700000 cc=0 chg=u
05-15 19:28:08.951 541 541 I : read descriptors
05-15 19:28:08.951 541 541 I : read strings
05-15 18:56:44.784 465 493 I RIL : ---> enter mainloop wait at port
05-15 18:56:44.784 465 493 D RIL-DEV : Get modem info
05-15 18:56:44.785 465 493 D RIL-DEV : [05-15_18:56:44:785] idVendor = 0bda
05-15 18:56:44.785 465 493 D RIL-DEV :
05-15 18:56:44.785 465 493 D RIL-DEV : [05-15_18:56:44:786] idVendor = 05e3
05-15 18:56:44.785 465 493 D RIL-DEV :
05-15 18:56:44.786 465 493 D RIL-DEV : [05-15_18:56:44:786] idVendor = 1d6b
05-15 18:56:44.786 465 493 D RIL-DEV :
05-15 18:56:44.786 465 493 D RIL-DEV : [05-15_18:56:44:786] idVendor = 1d6b
05-15 18:56:44.786 465 493 D RIL-DEV :
05-15 18:56:44.786 465 493 D RIL-DEV : [05-15_18:56:44:787] idVendor = 0bda
05-15 18:56:44.786 465 493 D RIL-DEV :
05-15 18:56:44.787 465 493 D RIL-DEV : [05-15_18:56:44:787] idVendor = 1d6b
05-15 18:56:44.787 465 493 D RIL-DEV :
05-15 18:56:44.787 465 493 D RIL-DEV : [05-15_18:56:44:788] idVendor = 2109
05-15 18:56:44.787 465 493 D RIL-DEV :
05-15 18:56:44.788 465 493 D RIL-DEV : [05-15_18:56:44:788] idVendor = 2109
05-15 18:56:44.788 465 493 D RIL-DEV :
05-15 18:56:44.788 465 493 D RIL-DEV : [05-15_18:56:44:788] idVendor = 1d6b
05-15 18:56:44.788 465 493 D RIL-DEV :
05-15 18:56:44.788 465 493 D RIL-DEV : [05-15_18:56:44:789] idVendor = 0bda
05-15 18:56:44.788 465 493 D RIL-DEV :
05-15 18:56:44.789 465 493 D RIL-DEV : [05-15_18:56:44:789] idVendor = 2109
05-15 18:56:44.789 465 493 D RIL-DEV :
05-15 18:56:44.789 465 493 E RIL-DEV : Cannot find Meig devices
05-15 18:56:44.790 465 493 I RIL : ---> can't find meig usb devices
05-15 18:56:45.001 1391 1391 W ContextImpl: Calling a method in the system process without a qualified user: android.app.ContextImpl.sendBroadcast:1181 android.content.ContextWrapper.sendBroadcast:479 cn.eben.newweather.DateWeatherService.a:19 cn.eben.newweather.DateWeatherService.a:0 cn.eben.newweather.DateWeatherService$1.handleMessage:7
05-15 19:28:10.027 541 541 I : read descriptors
05-15 19:28:10.027 541 541 I : read strings
05-15 19:28:10.029 1 1 I init : processing action (sys.usb.config=adb && sys.usb.configfs=1 && sys.usb.ffs.ready=1) from (/system/etc/init/hw/init.usb.configfs.rc:20)
05-15 19:28:10.033 1 1 I init : Command 'symlink /config/usb_gadget/g1/functions/ffs.adb /config/usb_gadget/g1/configs/b.1/f1' action=sys.usb.config=adb && sys.usb.configfs=1 && sys.usb.ffs.ready=1 (/system/etc/init/hw/init.usb.configfs.rc:22) took 1ms and failed: symlink() failed: File exists
05-15 19:28:10.034 1 1 I init : Command 'write /config/usb_gadget/g1/UDC ${sys.usb.controller}' action=sys.usb.config=adb && sys.usb.configfs=1 && sys.usb.ffs.ready=1 (/system/etc/init/hw/init.usb.configfs.rc:23) took 1ms and failed: Unable to write to file '/config/usb_gadget/g1/UDC': Unable to write file contents: Device or resource busy
05-15 18:56:46.001 1391 1391 W ContextImpl: Calling a method in the system process without a qualified user: android.app.ContextImpl.sendBroadcast:1181 android.content.ContextWrapper.sendBroadcast:479 cn.eben.newweather.DateWeatherService.a:19 cn.eben.newweather.DateWeatherService.a:0 cn.eben.newweather.DateWeatherService$1.handleMessage:7
05-15 19:28:10.863 27448 27448 I binder : 27049:27448 transaction failed 29202/0, size 2176-0 line 3265
05-15 19:28:10.864 27448 27448 I binder : 27049:27448 transaction failed 29202/0, size 540-0 line 3265
05-15 19:28:11.087 541 541 I : read descriptors
05-15 19:28:11.087 541 541 I : read strings
05-15 19:28:11.089 1 1 I init : processing action (sys.usb.config=adb && sys.usb.configfs=1 && sys.usb.ffs.ready=1) from (/system/etc/init/hw/init.usb.configfs.rc:20)
05-15 19:28:11.093 1 1 I init : Command 'symlink /config/usb_gadget/g1/functions/ffs.adb /config/usb_gadget/g1/configs/b.1/f1' action=sys.usb.config=adb && sys.usb.configfs=1 && sys.usb.ffs.ready=1 (/system/etc/init/hw/init.usb.configfs.rc:22) took 0ms and failed: symlink() failed: File exists
05-15 19:28:11.093 1 1 I init : Command 'write /config/usb_gadget/g1/UDC ${sys.usb.controller}' action=sys.usb.config=adb && sys.usb.configfs=1 && sys.usb.ffs.ready=1 (/system/etc/init/hw/init.usb.configfs.rc:23) took 0ms and failed: Unable to write to file '/config/usb_gadget/g1/UDC': Unable to write file contents: Device or resource busy
05-15 18:56:46.790 465 493 I RIL : ---> enter mainloop wait at port
05-15 18:56:46.790 465 493 D RIL-DEV : Get modem info
05-15 18:56:46.791 465 493 D RIL-DEV : [05-15_18:56:46:792] idVendor = 0bda
05-15 18:56:46.791 465 493 D RIL-DEV :
05-15 18:56:46.792 465 493 D RIL-DEV : [05-15_18:56:46:792] idVendor = 05e3
05-15 18:56:46.792 465 493 D RIL-DEV :
05-15 18:56:46.792 465 493 D RIL-DEV : [05-15_18:56:46:792] idVendor = 1d6b
05-15 18:56:46.792 465 493 D RIL-DEV :
05-15 18:56:46.792 465 493 D RIL-DEV : [05-15_18:56:46:793] idVendor = 1d6b
05-15 18:56:46.792 465 493 D RIL-DEV :
05-15 18:56:46.793 465 493 D RIL-DEV : [05-15_18:56:46:793] idVendor = 0bda
05-15 18:56:46.793 465 493 D RIL-DEV :
05-15 18:56:46.793 465 493 D RIL-DEV : [05-15_18:56:46:794] idVendor = 1d6b
05-15 18:56:46.793 465 493 D RIL-DEV :
05-15 18:56:46.794 465 493 D RIL-DEV : [05-15_18:56:46:794] idVendor = 2109
05-15 18:56:46.794 465 493 D RIL-DEV :
05-15 18:56:46.794 465 493 D RIL-DEV : [05-15_18:56:46:795] idVendor = 2109
05-15 18:56:46.794 465 493 D RIL-DEV :
05-15 18:56:46.794 465 493 D RIL-DEV : [05-15_18:56:46:795] idVendor = 1d6b
05-15 18:56:46.794 465 493 D RIL-DEV :
05-15 18:56:46.795 465 493 D RIL-DEV : [05-15_18:56:46:795] idVendor = 0bda
05-15 18:56:46.795 465 493 D RIL-DEV :
05-15 18:56:46.795 465 493 D RIL-DEV : [05-15_18:56:46:796] idVendor = 2109
05-15 18:56:46.795 465 493 D RIL-DEV :
05-15 18:56:46.796 465 493 E RIL-DEV : Cannot find Meig devices
05-15 18:56:46.796 465 493 I RIL : ---> can't find meig usb devices
05-15 18:56:47.001 1391 1391 W ContextImpl: Calling a method in the system process without a qualified user: android.app.ContextImpl.sendBroadcast:1181 android.content.ContextWrapper.sendBroadcast:479 cn.eben.newweather.DateWeatherService.a:19 cn.eben.newweather.DateWeatherService.a:0 cn.eben.newweather.DateWeatherService$1.handleMessage:7
05-15 19:28:12.150 541 541 I : read descriptors
05-15 19:28:12.151 541 541 I : read strings
05-15 19:28:12.153 1 1 I init : processing action (sys.usb.config=adb && sys.usb.configfs=1 && sys.usb.ffs.ready=1) from (/system/etc/init/hw/init.usb.configfs.rc:20)
05-15 19:28:12.156 1 1 I init : Command 'symlink /config/usb_gadget/g1/functions/ffs.adb /config/usb_gadget/g1/configs/b.1/f1' action=sys.usb.config=adb && sys.usb.configfs=1 && sys.usb.ffs.ready=1 (/system/etc/init/hw/init.usb.configfs.rc:22) took 1ms and failed: symlink() failed: File exists
05-15 19:28:12.158 1 1 I init : Command 'write /config/usb_gadget/g1/UDC ${sys.usb.controller}' action=sys.usb.config=adb && sys.usb.configfs=1 && sys.usb.ffs.ready=1 (/system/etc/init/hw/init.usb.configfs.rc:23) took 2ms and failed: Unable to write to file '/config/usb_gadget/g1/UDC': Unable to write file contents: Device or resource busy
05-15 18:56:48.003 1391 1391 W ContextImpl: Calling a method in the system process without a qualified user: android.app.ContextImpl.sendBroadcast:1181 android.content.ContextWrapper.sendBroadcast:479 cn.eben.newweather.DateWeatherService.a:19 cn.eben.newweather.DateWeatherService.a:0 cn.eben.newweather.DateWeatherService$1.handleMessage:7
05-15 18:56:48.524 623 1955 W ContentProviderHelper: Permission Denial: opening provider com.android.providers.contacts.ContactsProvider2 from ProcessRecord{6d23060 1792:cn.eben.sync/u0a64} (pid=1792, uid=10064) requires android.permission.READ_CONTACTS or android.permission.WRITE_CONTACTS
05-15 19:28:13.224 541 541 I : read descriptors
05-15 19:28:13.224 541 541 I : read strings
05-15 19:28:13.226 1 1 I init : processing action (sys.usb.config=adb && sys.usb.configfs=1 && sys.usb.ffs.ready=1) from (/system/etc/init/hw/init.usb.configfs.rc:20)
05-15 18:56:48.796 465 493 I RIL : ---> enter mainloop wait at port
05-15 18:56:48.796 465 493 D RIL-DEV : Get modem info
05-15 18:56:48.797 465 493 D RIL-DEV : [05-15_18:56:48:798] idVendor = 0bda
05-15 18:56:48.797 465 493 D RIL-DEV :
05-15 18:56:48.798 465 493 D RIL-DEV : [05-15_18:56:48:798] idVendor = 05e3
05-15 18:56:48.798 465 493 D RIL-DEV :
05-15 18:56:48.798 465 493 D RIL-DEV : [05-15_18:56:48:798] idVendor = 1d6b
05-15 18:56:48.798 465 493 D RIL-DEV :
05-15 18:56:48.798 465 493 D RIL-DEV : [05-15_18:56:48:799] idVendor = 1d6b
05-15 18:56:48.798 465 493 D RIL-DEV :
05-15 18:56:48.799 465 493 D RIL-DEV : [05-15_18:56:48:799] idVendor = 0bda
05-15 18:56:48.799 465 493 D RIL-DEV :
05-15 18:56:48.799 465 493 D RIL-DEV : [05-15_18:56:48:800] idVendor = 1d6b
05-15 18:56:48.799 465 493 D RIL-DEV :
05-15 18:56:48.799 465 493 D RIL-DEV : [05-15_18:56:48:800] idVendor = 2109
05-15 18:56:48.799 465 493 D RIL-DEV :
05-15 18:56:48.800 465 493 D RIL-DEV : [05-15_18:56:48:800] idVendor = 2109
05-15 18:56:48.800 465 493 D RIL-DEV :
05-15 18:56:48.800 465 493 D RIL-DEV : [05-15_18:56:48:801] idVendor = 1d6b
05-15 18:56:48.800 465 493 D RIL-DEV :
05-15 18:56:48.801 465 493 D RIL-DEV : [05-15_18:56:48:801] idVendor = 0bda
05-15 18:56:48.801 465 493 D RIL-DEV :
05-15 18:56:48.801 465 493 D RIL-DEV : [05-15_18:56:48:801] idVendor = 2109
05-15 18:56:48.801 465 493 D RIL-DEV :
05-15 18:56:48.801 465 493 E RIL-DEV : Cannot find Meig devices
05-15 18:56:48.801 465 493 I RIL : ---> can't find meig usb devices
05-15 18:56:49.003 1391 1391 W ContextImpl: Calling a method in the system process without a qualified user: android.app.ContextImpl.sendBroadcast:1181 android.content.ContextWrapper.sendBroadcast:479 cn.eben.newweather.DateWeatherService.a:19 cn.eben.newweather.DateWeatherService.a:0 cn.eben.newweather.DateWeatherService$1.handleMessage:7
05-15 19:28:13.897 27448 27448 I binder : 27049:27448 transaction failed 29202/0, size 1588-0 line 3265
05-15 19:28:14.274 541 541 I : read descriptors
05-15 19:28:14.274 541 541 I : read strings
05-15 18:56:50.003 1391 1391 W ContextImpl: Calling a method in the system process without a qualified user: android.app.ContextImpl.sendBroadcast:1181 android.content.ContextWrapper.sendBroadcast:479 cn.eben.newweather.DateWeatherService.a:19 cn.eben.newweather.DateWeatherService.a:0 cn.eben.newweather.DateWeatherService$1.handleMessage:7
05-15 19:28:15.327 541 541 I : read descriptors
05-15 19:28:15.328 541 541 I : read strings
05-15 19:28:15.331 1 1 I init : processing action (sys.usb.config=adb && sys.usb.configfs=1 && sys.usb.ffs.ready=1) from (/system/etc/init/hw/init.usb.configfs.rc:20)
05-15 19:28:15.334 1 1 I init : Command 'symlink /config/usb_gadget/g1/functions/ffs.adb /config/usb_gadget/g1/configs/b.1/f1' action=sys.usb.config=adb && sys.usb.configfs=1 && sys.usb.ffs.ready=1 (/system/etc/init/hw/init.usb.configfs.rc:22) took 1ms and failed: symlink() failed: File exists
05-15 19:28:15.335 1 1 I init : Command 'write /config/usb_gadget/g1/UDC ${sys.usb.controller}' action=sys.usb.config=adb && sys.usb.configfs=1 && sys.usb.ffs.ready=1 (/system/etc/init/hw/init.usb.configfs.rc:23) took 1ms and failed: Unable to write to file '/config/usb_gadget/g1/UDC': Unable to write file contents: Device or resource busy
05-15 18:56:50.802 465 493 I RIL : ---> enter mainloop wait at port
05-15 18:56:50.802 465 493 D RIL-DEV : Get modem info
05-15 18:56:50.802 465 493 D RIL-DEV : [05-15_18:56:50:803] idVendor = 0bda
05-15 18:56:50.802 465 493 D RIL-DEV :
05-15 18:56:50.802 465 493 D RIL-DEV : [05-15_18:56:50:803] idVendor = 05e3
05-15 18:56:50.802 465 493 D RIL-DEV :
05-15 18:56:50.802 465 493 D RIL-DEV : [05-15_18:56:50:803] idVendor = 1d6b
05-15 18:56:50.802 465 493 D RIL-DEV :
05-15 18:56:50.802 465 493 D RIL-DEV : [05-15_18:56:50:803] idVendor = 1d6b
05-15 18:56:50.802 465 493 D RIL-DEV :
05-15 18:56:50.803 465 493 D RIL-DEV : [05-15_18:56:50:803] idVendor = 0bda
05-15 18:56:50.803 465 493 D RIL-DEV :
05-15 18:56:50.803 465 493 D RIL-DEV : [05-15_18:56:50:803] idVendor = 1d6b
05-15 18:56:50.803 465 493 D RIL-DEV :
05-15 18:56:50.803 465 493 D RIL-DEV : [05-15_18:56:50:803] idVendor = 2109
05-15 18:56:50.803 465 493 D RIL-DEV :
05-15 18:56:50.803 465 493 D RIL-DEV : [05-15_18:56:50:804] idVendor = 2109
05-15 18:56:50.803 465 493 D RIL-DEV :
05-15 18:56:50.803 465 493 D RIL-DEV : [05-15_18:56:50:804] idVendor = 1d6b
05-15 18:56:50.803 465 493 D RIL-DEV :
05-15 18:56:50.803 465 493 D RIL-DEV : [05-15_18:56:50:804] idVendor = 0bda
05-15 18:56:50.803 465 493 D RIL-DEV :
05-15 18:56:50.803 465 493 D RIL-DEV : [05-15_18:56:50:804] idVendor = 2109
05-15 18:56:50.803 465 493 D RIL-DEV :
05-15 18:56:50.804 465 493 E RIL-DEV : Cannot find Meig devices
05-15 18:56:50.804 465 493 I RIL : ---> can't find meig usb devices
05-15 18:56:51.002 1391 1391 W ContextImpl: Calling a method in the system process without a qualified user: android.app.ContextImpl.sendBroadcast:1181 android.content.ContextWrapper.sendBroadcast:479 cn.eben.newweather.DateWeatherService.a:19 cn.eben.newweather.DateWeatherService.a:0 cn.eben.newweather.DateWeatherService$1.handleMessage:7
05-15 19:28:16.391 541 541 I : read descriptors
05-15 19:28:16.391 541 541 I : read strings
05-15 19:28:16.393 1 1 I init : processing action (sys.usb.config=adb && sys.usb.configfs=1 && sys.usb.ffs.ready=1) from (/system/etc/init/hw/init.usb.configfs.rc:20)
05-15 19:28:16.396 1 1 I init : Command 'symlink /config/usb_gadget/g1/functions/ffs.adb /config/usb_gadget/g1/configs/b.1/f1' action=sys.usb.config=adb && sys.usb.configfs=1 && sys.usb.ffs.ready=1 (/system/etc/init/hw/init.usb.configfs.rc:22) took 1ms and failed: symlink() failed: File exists
05-15 19:28:16.399 1 1 I init : Command 'write /config/usb_gadget/g1/UDC ${sys.usb.controller}' action=sys.usb.config=adb && sys.usb.configfs=1 && sys.usb.ffs.ready=1 (/system/etc/init/hw/init.usb.configfs.rc:23) took 1ms and failed: Unable to write to file '/config/usb_gadget/g1/UDC': Unable to write file contents: Device or resource busy
05-15 18:56:52.003 1391 1391 W ContextImpl: Calling a method in the system process without a qualified user: android.app.ContextImpl.sendBroadcast:1181 android.content.ContextWrapper.sendBroadcast:479 cn.eben.newweather.DateWeatherService.a:19 cn.eben.newweather.DateWeatherService.a:0 cn.eben.newweather.DateWeatherService$1.handleMessage:7
05-15 18:56:52.804 465 493 I RIL : ---> enter mainloop wait at port
05-15 18:56:52.804 465 493 D RIL-DEV : Get modem info
05-15 18:56:52.805 465 493 D RIL-DEV : [05-15_18:56:52:805] idVendor = 0bda
05-15 18:56:52.805 465 493 D RIL-DEV :
05-15 18:56:52.805 465 493 D RIL-DEV : [05-15_18:56:52:806] idVendor = 05e3
05-15 18:56:52.805 465 493 D RIL-DEV :
05-15 18:56:52.806 465 493 D RIL-DEV : [05-15_18:56:52:807] idVendor = 1d6b
05-15 18:56:52.806 465 493 D RIL-DEV :
05-15 18:56:52.806 465 493 D RIL-DEV : [05-15_18:56:52:807] idVendor = 1d6b
05-15 18:56:52.806 465 493 D RIL-DEV :
05-15 18:56:52.807 465 493 D RIL-DEV : [05-15_18:56:52:807] idVendor = 0bda
05-15 18:56:52.807 465 493 D RIL-DEV :
05-15 18:56:52.807 465 493 D RIL-DEV : [05-15_18:56:52:808] idVendor = 1d6b
05-15 18:56:52.807 465 493 D RIL-DEV :
05-15 18:56:52.807 465 493 D RIL-DEV : [05-15_18:56:52:808] idVendor = 2109
05-15 18:56:52.807 465 493 D RIL-DEV :
05-15 18:56:52.808 465 493 D RIL-DEV : [05-15_18:56:52:808] idVendor = 2109
05-15 18:56:52.808 465 493 D RIL-DEV :
05-15 18:56:52.808 465 493 D RIL-DEV : [05-15_18:56:52:809] idVendor = 1d6b
05-15 18:56:52.808 465 493 D RIL-DEV :
05-15 18:56:52.809 465 493 D RIL-DEV : [05-15_18:56:52:809] idVendor = 0bda
05-15 18:56:52.809 465 493 D RIL-DEV :
05-15 18:56:52.809 465 493 D RIL-DEV : [05-15_18:56:52:810] idVendor = 2109
05-15 18:56:52.809 465 493 D RIL-DEV :
05-15 18:56:52.811 465 493 E RIL-DEV : Cannot find Meig devices
05-15 18:56:52.811 465 493 I RIL : ---> can't find meig usb devices
05-15 19:28:17.460 541 541 I : read descriptors
05-15 19:28:17.461 541 541 I : read strings
05-15 19:28:17.463 1 1 I init : processing action (sys.usb.config=adb && sys.usb.configfs=1 && sys.usb.ffs.ready=1) from (/system/etc/init/hw/init.usb.configfs.rc:20)
05-15 19:28:17.466 1 1 I init : Command 'symlink /config/usb_gadget/g1/functions/ffs.adb /config/usb_gadget/g1/configs/b.1/f1' action=sys.usb.config=adb && sys.usb.configfs=1 && sys.usb.ffs.ready=1 (/system/etc/init/hw/init.usb.configfs.rc:22) took 0ms and failed: symlink() failed: File exists
05-15 19:28:17.468 1 1 I init : Command 'write /config/usb_gadget/g1/UDC ${sys.usb.controller}' action=sys.usb.config=adb && sys.usb.configfs=1 && sys.usb.ffs.ready=1 (/system/etc/init/hw/init.usb.configfs.rc:23) took 2ms and failed: Unable to write to file '/config/usb_gadget/g1/UDC': Unable to write file contents: Device or resource busy
05-15 18:56:53.002 1391 1391 W ContextImpl: Calling a method in the system process without a qualified user: android.app.ContextImpl.sendBroadcast:1181 android.content.ContextWrapper.sendBroadcast:479 cn.eben.newweather.DateWeatherService.a:19 cn.eben.newweather.DateWeatherService.a:0 cn.eben.newweather.DateWeatherService$1.handleMessage:7
05-15 18:56:53.530 623 1955 W ContentProviderHelper: Permission Denial: opening provider com.android.providers.contacts.ContactsProvider2 from ProcessRecord{6d23060 1792:cn.eben.sync/u0a64} (pid=1792, uid=10064) requires android.permission.READ_CONTACTS or android.permission.WRITE_CONTACTS
05-15 19:28:18.514 541 541 I : read descriptors
05-15 19:28:18.514 541 541 I : read strings
05-15 19:28:18.517 1 1 I init : processing action (sys.usb.config=adb && sys.usb.configfs=1 && sys.usb.ffs.ready=1) from (/system/etc/init/hw/init.usb.configfs.rc:20)
05-15 18:56:54.002 1391 1391 W ContextImpl: Calling a method in the system process without a qualified user: android.app.ContextImpl.sendBroadcast:1181 android.content.ContextWrapper.sendBroadcast:479 cn.eben.newweather.DateWeatherService.a:19 cn.eben.newweather.DateWeatherService.a:0 cn.eben.newweather.DateWeatherService$1.handleMessage:7
05-15 18:56:54.812 465 493 I RIL : ---> enter mainloop wait at port
05-15 18:56:54.812 465 493 D RIL-DEV : Get modem info
05-15 18:56:54.813 465 493 D RIL-DEV : [05-15_18:56:54:813] idVendor = 0bda
05-15 18:56:54.813 465 493 D RIL-DEV :
05-15 18:56:54.813 465 493 D RIL-DEV : [05-15_18:56:54:814] idVendor = 05e3
05-15 18:56:54.813 465 493 D RIL-DEV :
05-15 18:56:54.814 465 493 D RIL-DEV : [05-15_18:56:54:814] idVendor = 1d6b
05-15 18:56:54.814 465 493 D RIL-DEV :
05-15 18:56:54.814 465 493 D RIL-DEV : [05-15_18:56:54:815] idVendor = 1d6b
05-15 18:56:54.814 465 493 D RIL-DEV :
05-15 18:56:54.814 465 493 D RIL-DEV : [05-15_18:56:54:815] idVendor = 0bda
05-15 18:56:54.814 465 493 D RIL-DEV :
05-15 18:56:54.815 465 493 D RIL-DEV : [05-15_18:56:54:815] idVendor = 1d6b
05-15 18:56:54.815 465 493 D RIL-DEV :
05-15 18:56:54.815 465 493 D RIL-DEV : [05-15_18:56:54:816] idVendor = 2109
05-15 18:56:54.815 465 493 D RIL-DEV :
05-15 18:56:54.816 465 493 D RIL-DEV : [05-15_18:56:54:816] idVendor = 2109
05-15 18:56:54.816 465 493 D RIL-DEV :
05-15 18:56:54.816 465 493 D RIL-DEV : [05-15_18:56:54:816] idVendor = 1d6b
05-15 18:56:54.816 465 493 D RIL-DEV :
05-15 18:56:54.816 465 493 D RIL-DEV : [05-15_18:56:54:817] idVendor = 0bda
05-15 18:56:54.816 465 493 D RIL-DEV :
05-15 18:56:54.817 465 493 D RIL-DEV : [05-15_18:56:54:817] idVendor = 2109
05-15 18:56:54.817 465 493 D RIL-DEV :
05-15 18:56:54.817 465 493 E RIL-DEV : Cannot find Meig devices
05-15 18:56:54.817 465 493 I RIL : ---> can't find meig usb devices
05-15 18:56:55.003 1391 1391 W ContextImpl: Calling a method in the system process without a qualified user: android.app.ContextImpl.sendBroadcast:1181 android.content.ContextWrapper.sendBroadcast:479 cn.eben.newweather.DateWeatherService.a:19 cn.eben.newweather.DateWeatherService.a:0 cn.eben.newweather.DateWeatherService$1.handleMessage:7
05-15 19:28:19.570 541 541 I : read descriptors
05-15 19:28:19.571 541 541 I : read strings
05-15 18:56:56.002 1391 1391 W ContextImpl: Calling a method in the system process without a qualified user: android.app.ContextImpl.sendBroadcast:1181 android.content.ContextWrapper.sendBroadcast:479 cn.eben.newweather.DateWeatherService.a:19 cn.eben.newweather.DateWeatherService.a:0 cn.eben.newweather.DateWeatherService$1.handleMessage:7
05-15 19:28:20.634 541 541 I : read descriptors
05-15 19:28:20.634 541 541 I : read strings
05-15 19:28:20.637 1 1 I init : processing action (sys.usb.config=adb && sys.usb.configfs=1 && sys.usb.ffs.ready=1) from (/system/etc/init/hw/init.usb.configfs.rc:20)
05-15 19:28:20.640 1 1 I init : Command 'symlink /config/usb_gadget/g1/functions/ffs.adb /config/usb_gadget/g1/configs/b.1/f1' action=sys.usb.config=adb && sys.usb.configfs=1 && sys.usb.ffs.ready=1 (/system/etc/init/hw/init.usb.configfs.rc:22) took 0ms and failed: symlink() failed: File exists
05-15 19:28:20.641 1 1 I init : Command 'write /config/usb_gadget/g1/UDC ${sys.usb.controller}' action=sys.usb.config=adb && sys.usb.configfs=1 && sys.usb.ffs.ready=1 (/system/etc/init/hw/init.usb.configfs.rc:23) took 0ms and failed: Unable to write to file '/config/usb_gadget/g1/UDC': Unable to write file contents: Device or resource busy
05-15 19:28:20.869 27448 27448 I binder : 27049:27448 transaction failed 29202/0, size 2176-0 line 3265
05-15 19:28:20.870 27448 27448 I binder : 27049:27448 transaction failed 29202/0, size 540-0 line 3265
05-15 18:56:56.818 465 493 I RIL : ---> enter mainloop wait at port
05-15 18:56:56.818 465 493 D RIL-DEV : Get modem info
05-15 18:56:56.819 465 493 D RIL-DEV : [05-15_18:56:56:819] idVendor = 0bda
05-15 18:56:56.819 465 493 D RIL-DEV :
05-15 18:56:56.819 465 493 D RIL-DEV : [05-15_18:56:56:819] idVendor = 05e3
05-15 18:56:56.819 465 493 D RIL-DEV :
05-15 18:56:56.820 465 493 D RIL-DEV : [05-15_18:56:56:820] idVendor = 1d6b
05-15 18:56:56.820 465 493 D RIL-DEV :
05-15 18:56:56.820 465 493 D RIL-DEV : [05-15_18:56:56:820] idVendor = 1d6b
05-15 18:56:56.820 465 493 D RIL-DEV :
05-15 18:56:56.820 465 493 D RIL-DEV : [05-15_18:56:56:821] idVendor = 0bda
05-15 18:56:56.820 465 493 D RIL-DEV :
05-15 18:56:56.821 465 493 D RIL-DEV : [05-15_18:56:56:821] idVendor = 1d6b
05-15 18:56:56.821 465 493 D RIL-DEV :
05-15 18:56:56.821 465 493 D RIL-DEV : [05-15_18:56:56:821] idVendor = 2109
05-15 18:56:56.821 465 493 D RIL-DEV :
05-15 18:56:56.821 465 493 D RIL-DEV : [05-15_18:56:56:822] idVendor = 2109
05-15 18:56:56.821 465 493 D RIL-DEV :
05-15 18:56:56.822 465 493 D RIL-DEV : [05-15_18:56:56:822] idVendor = 1d6b
05-15 18:56:56.822 465 493 D RIL-DEV :
05-15 18:56:56.822 465 493 D RIL-DEV : [05-15_18:56:56:822] idVendor = 0bda
05-15 18:56:56.822 465 493 D RIL-DEV :
05-15 18:56:56.822 465 493 D RIL-DEV : [05-15_18:56:56:823] idVendor = 2109
05-15 18:56:56.822 465 493 D RIL-DEV :
05-15 18:56:56.823 465 493 E RIL-DEV : Cannot find Meig devices
05-15 18:56:56.823 465 493 I RIL : ---> can't find meig usb devices
05-15 18:56:57.003 1391 1391 W ContextImpl: Calling a method in the system process without a qualified user: android.app.ContextImpl.sendBroadcast:1181 android.content.ContextWrapper.sendBroadcast:479 cn.eben.newweather.DateWeatherService.a:19 cn.eben.newweather.DateWeatherService.a:0 cn.eben.newweather.DateWeatherService$1.handleMessage:7
05-15 19:28:21.684 541 541 I : read descriptors
05-15 19:28:21.684 541 541 I : read strings
05-15 19:28:21.686 1 1 I init : processing action (sys.usb.config=adb && sys.usb.configfs=1 && sys.usb.ffs.ready=1) from (/system/etc/init/hw/init.usb.configfs.rc:20)
05-15 19:28:21.688 1 1 I init : Command 'symlink /config/usb_gadget/g1/functions/ffs.adb /config/usb_gadget/g1/configs/b.1/f1' action=sys.usb.config=adb && sys.usb.configfs=1 && sys.usb.ffs.ready=1 (/system/etc/init/hw/init.usb.configfs.rc:22) took 0ms and failed: symlink() failed: File exists
05-15 19:28:21.689 1 1 I init : Command 'write /config/usb_gadget/g1/UDC ${sys.usb.controller}' action=sys.usb.config=adb && sys.usb.configfs=1 && sys.usb.ffs.ready=1 (/system/etc/init/hw/init.usb.configfs.rc:23) took 0ms and failed: Unable to write to file '/config/usb_gadget/g1/UDC': Unable to write file contents: Device or resource busy
05-15 18:56:58.002 1391 1391 W ContextImpl: Calling a method in the system process without a qualified user: android.app.ContextImpl.sendBroadcast:1181 android.content.ContextWrapper.sendBroadcast:479 cn.eben.newweather.DateWeatherService.a:19 cn.eben.newweather.DateWeatherService.a:0 cn.eben.newweather.DateWeatherService$1.handleMessage:7
05-15 19:28:22.740 541 541 I : read descriptors
05-15 19:28:22.740 541 541 I : read strings
05-15 19:28:22.743 1 1 I init : processing action (sys.usb.config=adb && sys.usb.configfs=1 && sys.usb.ffs.ready=1) from (/system/etc/init/hw/init.usb.configfs.rc:20)
05-15 19:28:22.745 1 1 I init : Command 'symlink /config/usb_gadget/g1/functions/ffs.adb /config/usb_gadget/g1/configs/b.1/f1' action=sys.usb.config=adb && sys.usb.configfs=1 && sys.usb.ffs.ready=1 (/system/etc/init/hw/init.usb.configfs.rc:22) took 0ms and failed: symlink() failed: File exists
05-15 19:28:22.745 1 1 I init : Command 'write /config/usb_gadget/g1/UDC ${sys.usb.controller}' action=sys.usb.config=adb && sys.usb.configfs=1 && sys.usb.ffs.ready=1 (/system/etc/init/hw/init.usb.configfs.rc:23) took 0ms and failed: Unable to write to file '/config/usb_gadget/g1/UDC': Unable to write file contents: Device or resource busy
05-15 18:56:58.536 623 1955 W ContentProviderHelper: Permission Denial: opening provider com.android.providers.contacts.ContactsProvider2 from ProcessRecord{6d23060 1792:cn.eben.sync/u0a64} (pid=1792, uid=10064) requires android.permission.READ_CONTACTS or android.permission.WRITE_CONTACTS
05-15 18:56:58.823 465 493 I RIL : ---> enter mainloop wait at port
05-15 18:56:58.823 465 493 D RIL-DEV : Get modem info
05-15 18:56:58.824 465 493 D RIL-DEV : [05-15_18:56:58:825] idVendor = 0bda
05-15 18:56:58.824 465 493 D RIL-DEV :
05-15 18:56:58.825 465 493 D RIL-DEV : [05-15_18:56:58:825] idVendor = 05e3
05-15 18:56:58.825 465 493 D RIL-DEV :
05-15 18:56:58.825 465 493 D RIL-DEV : [05-15_18:56:58:825] idVendor = 1d6b
05-15 18:56:58.825 465 493 D RIL-DEV :
05-15 18:56:58.825 465 493 D RIL-DEV : [05-15_18:56:58:826] idVendor = 1d6b
05-15 18:56:58.825 465 493 D RIL-DEV :
05-15 18:56:58.826 465 493 D RIL-DEV : [05-15_18:56:58:826] idVendor = 0bda
05-15 18:56:58.826 465 493 D RIL-DEV :
05-15 18:56:58.827 465 493 D RIL-DEV : [05-15_18:56:58:827] idVendor = 1d6b
05-15 18:56:58.827 465 493 D RIL-DEV :
05-15 18:56:58.827 465 493 D RIL-DEV : [05-15_18:56:58:827] idVendor = 2109
05-15 18:56:58.827 465 493 D RIL-DEV :
05-15 18:56:58.828 465 493 D RIL-DEV : [05-15_18:56:58:828] idVendor = 2109
05-15 18:56:58.828 465 493 D RIL-DEV :
05-15 18:56:58.828 465 493 D RIL-DEV : [05-15_18:56:58:828] idVendor = 1d6b
05-15 18:56:58.828 465 493 D RIL-DEV :
05-15 18:56:58.828 465 493 D RIL-DEV : [05-15_18:56:58:829] idVendor = 0bda
05-15 18:56:58.828 465 493 D RIL-DEV :
05-15 18:56:58.828 465 493 D RIL-DEV : [05-15_18:56:58:829] idVendor = 2109
05-15 18:56:58.828 465 493 D RIL-DEV :
05-15 18:56:58.829 465 493 E RIL-DEV : Cannot find Meig devices
05-15 18:56:58.829 465 493 I RIL : ---> can't find meig usb devices
05-15 18:56:59.003 1391 1391 W ContextImpl: Calling a method in the system process without a qualified user: android.app.ContextImpl.sendBroadcast:1181 android.content.ContextWrapper.sendBroadcast:479 cn.eben.newweather.DateWeatherService.a:19 cn.eben.newweather.DateWeatherService.a:0 cn.eben.newweather.DateWeatherService$1.handleMessage:7
05-15 19:28:23.781 541 541 I : read descriptors
05-15 19:28:23.781 541 541 I : read strings
05-15 19:28:23.783 1 1 I init : processing action (sys.usb.config=adb && sys.usb.configfs=1 && sys.usb.ffs.ready=1) from (/system/etc/init/hw/init.usb.configfs.rc:20)
05-15 19:28:23.938 27448 27448 I binder : 27049:27448 transaction failed 29202/0, size 1588-0 line 3265
05-15 18:57:00.002 1391 1391 W ContextImpl: Calling a method in the system process without a qualified user: android.app.ContextImpl.sendBroadcast:1181 android.content.ContextWrapper.sendBroadcast:479 cn.eben.newweather.DateWeatherService.a:19 cn.eben.newweather.DateWeatherService.a:0 cn.eben.newweather.DateWeatherService$1.handleMessage:7
05-15 19:28:24.847 541 541 I : read descriptors
05-15 19:28:24.847 541 541 I : read strings
05-15 18:57:00.829 465 493 I RIL : ---> enter mainloop wait at port
05-15 18:57:00.830 465 493 D RIL-DEV : Get modem info
05-15 18:57:00.830 465 493 D RIL-DEV : [05-15_18:57:00:831] idVendor = 0bda
05-15 18:57:00.830 465 493 D RIL-DEV :
05-15 18:57:00.831 465 493 D RIL-DEV : [05-15_18:57:00:831] idVendor = 05e3
05-15 18:57:00.831 465 493 D RIL-DEV :
05-15 18:57:00.831 465 493 D RIL-DEV : [05-15_18:57:00:832] idVendor = 1d6b
05-15 18:57:00.831 465 493 D RIL-DEV :
05-15 18:57:00.832 465 493 D RIL-DEV : [05-15_18:57:00:832] idVendor = 1d6b
05-15 18:57:00.832 465 493 D RIL-DEV :
05-15 18:57:00.832 465 493 D RIL-DEV : [05-15_18:57:00:832] idVendor = 0bda
05-15 18:57:00.832 465 493 D RIL-DEV :
05-15 18:57:00.833 465 493 D RIL-DEV : [05-15_18:57:00:833] idVendor = 1d6b
05-15 18:57:00.833 465 493 D RIL-DEV :
05-15 18:57:00.833 465 493 D RIL-DEV : [05-15_18:57:00:833] idVendor = 2109
05-15 18:57:00.833 465 493 D RIL-DEV :
05-15 18:57:00.833 465 493 D RIL-DEV : [05-15_18:57:00:834] idVendor = 2109
05-15 18:57:00.833 465 493 D RIL-DEV :
05-15 18:57:00.834 465 493 D RIL-DEV : [05-15_18:57:00:834] idVendor = 1d6b
05-15 18:57:00.834 465 493 D RIL-DEV :
05-15 18:57:00.834 465 493 D RIL-DEV : [05-15_18:57:00:835] idVendor = 0bda
05-15 18:57:00.834 465 493 D RIL-DEV :
05-15 18:57:00.835 465 493 D RIL-DEV : [05-15_18:57:00:835] idVendor = 2109
05-15 18:57:00.835 465 493 D RIL-DEV :
05-15 18:57:00.835 465 493 E RIL-DEV : Cannot find Meig devices
05-15 18:57:00.835 465 493 I RIL : ---> can't find meig usb devices
05-15 18:57:01.002 1391 1391 W ContextImpl: Calling a method in the system process without a qualified user: android.app.ContextImpl.sendBroadcast:1181 android.content.ContextWrapper.sendBroadcast:479 cn.eben.newweather.DateWeatherService.a:19 cn.eben.newweather.DateWeatherService.a:0 cn.eben.newweather.DateWeatherService$1.handleMessage:7
05-15 19:28:25.924 541 541 I : read descriptors
05-15 19:28:25.924 541 541 I : read strings
05-15 19:28:25.926 1 1 I init : processing action (sys.usb.config=adb && sys.usb.configfs=1 && sys.usb.ffs.ready=1) from (/system/etc/init/hw/init.usb.configfs.rc:20)
05-15 19:28:25.930 1 1 I init : Command 'symlink /config/usb_gadget/g1/functions/ffs.adb /config/usb_gadget/g1/configs/b.1/f1' action=sys.usb.config=adb && sys.usb.configfs=1 && sys.usb.ffs.ready=1 (/system/etc/init/hw/init.usb.configfs.rc:22) took 0ms and failed: symlink() failed: File exists
05-15 19:28:25.931 1 1 I init : Command 'write /config/usb_gadget/g1/UDC ${sys.usb.controller}' action=sys.usb.config=adb && sys.usb.configfs=1 && sys.usb.ffs.ready=1 (/system/etc/init/hw/init.usb.configfs.rc:23) took 0ms and failed: Unable to write to file '/config/usb_gadget/g1/UDC': Unable to write file contents: Device or resource busy
05-15 18:57:02.002 1391 1391 W ContextImpl: Calling a method in the system process without a qualified user: android.app.ContextImpl.sendBroadcast:1181 android.content.ContextWrapper.sendBroadcast:479 cn.eben.newweather.DateWeatherService.a:19 cn.eben.newweather.DateWeatherService.a:0 cn.eben.newweather.DateWeatherService$1.handleMessage:7
05-15 19:28:26.994 541 541 I : read descriptors
05-15 19:28:26.994 541 541 I : read strings
05-15 19:28:26.996 1 1 I init : processing action (sys.usb.config=adb && sys.usb.configfs=1 && sys.usb.ffs.ready=1) from (/system/etc/init/hw/init.usb.configfs.rc:20)
05-15 19:28:27.000 1 1 I init : Command 'symlink /config/usb_gadget/g1/functions/ffs.adb /config/usb_gadget/g1/configs/b.1/f1' action=sys.usb.config=adb && sys.usb.configfs=1 && sys.usb.ffs.ready=1 (/system/etc/init/hw/init.usb.configfs.rc:22) took 1ms and failed: symlink() failed: File exists
05-15 19:28:27.001 1 1 I init : Command 'write /config/usb_gadget/g1/UDC ${sys.usb.controller}' action=sys.usb.config=adb && sys.usb.configfs=1 && sys.usb.ffs.ready=1 (/system/etc/init/hw/init.usb.configfs.rc:23) took 0ms and failed: Unable to write to file '/config/usb_gadget/g1/UDC': Unable to write file contents: Device or resource busy
05-15 18:57:02.836 465 493 I RIL : ---> enter mainloop wait at port
05-15 18:57:02.836 465 493 D RIL-DEV : Get modem info
05-15 18:57:02.837 465 493 D RIL-DEV : [05-15_18:57:02:837] idVendor = 0bda
05-15 18:57:02.837 465 493 D RIL-DEV :
05-15 18:57:02.837 465 493 D RIL-DEV : [05-15_18:57:02:838] idVendor = 05e3
05-15 18:57:02.837 465 493 D RIL-DEV :
05-15 18:57:02.837 465 493 D RIL-DEV : [05-15_18:57:02:838] idVendor = 1d6b
05-15 18:57:02.837 465 493 D RIL-DEV :
05-15 18:57:02.838 465 493 D RIL-DEV : [05-15_18:57:02:838] idVendor = 1d6b
05-15 18:57:02.838 465 493 D RIL-DEV :
05-15 18:57:02.838 465 493 D RIL-DEV : [05-15_18:57:02:839] idVendor = 0bda
05-15 18:57:02.838 465 493 D RIL-DEV :
05-15 18:57:02.839 465 493 D RIL-DEV : [05-15_18:57:02:839] idVendor = 1d6b
05-15 18:57:02.839 465 493 D RIL-DEV :
05-15 18:57:02.839 465 493 D RIL-DEV : [05-15_18:57:02:839] idVendor = 2109
05-15 18:57:02.839 465 493 D RIL-DEV :
05-15 18:57:02.840 465 493 D RIL-DEV : [05-15_18:57:02:840] idVendor = 2109
05-15 18:57:02.840 465 493 D RIL-DEV :
05-15 18:57:02.840 465 493 D RIL-DEV : [05-15_18:57:02:840] idVendor = 1d6b
05-15 18:57:02.840 465 493 D RIL-DEV :
05-15 18:57:02.840 465 493 D RIL-DEV : [05-15_18:57:02:841] idVendor = 0bda
05-15 18:57:02.840 465 493 D RIL-DEV :
05-15 18:57:02.841 465 493 D RIL-DEV : [05-15_18:57:02:841] idVendor = 2109
05-15 18:57:02.841 465 493 D RIL-DEV :
05-15 18:57:02.841 465 493 E RIL-DEV : Cannot find Meig devices
05-15 18:57:02.841 465 493 I RIL : ---> can't find meig usb devices
05-15 18:57:03.001 1391 1391 W ContextImpl: Calling a method in the system process without a qualified user: android.app.ContextImpl.sendBroadcast:1181 android.content.ContextWrapper.sendBroadcast:479 cn.eben.newweather.DateWeatherService.a:19 cn.eben.newweather.DateWeatherService.a:0 cn.eben.newweather.DateWeatherService$1.handleMessage:7
05-15 19:28:28.040 541 541 I : read descriptors
05-15 19:28:28.041 541 541 I : read strings
05-15 19:28:28.044 1 1 I init : processing action (sys.usb.config=adb && sys.usb.configfs=1 && sys.usb.ffs.ready=1) from (/system/etc/init/hw/init.usb.configfs.rc:20)
05-15 19:28:28.046 1 1 I init : Command 'symlink /config/usb_gadget/g1/functions/ffs.adb /config/usb_gadget/g1/configs/b.1/f1' action=sys.usb.config=adb && sys.usb.configfs=1 && sys.usb.ffs.ready=1 (/system/etc/init/hw/init.usb.configfs.rc:22) took 0ms and failed: symlink() failed: File exists
05-15 19:28:28.046 1 1 I init : Command 'write /config/usb_gadget/g1/UDC ${sys.usb.controller}' action=sys.usb.config=adb && sys.usb.configfs=1 && sys.usb.ffs.ready=1 (/system/etc/init/hw/init.usb.configfs.rc:23) took 0ms and failed: Unable to write to file '/config/usb_gadget/g1/UDC': Unable to write file contents: Device or resource busy
05-15 18:57:03.541 623 29878 W ContentProviderHelper: Permission Denial: opening provider com.android.providers.contacts.ContactsProvider2 from ProcessRecord{6d23060 1792:cn.eben.sync/u0a64} (pid=1792, uid=10064) requires android.permission.READ_CONTACTS or android.permission.WRITE_CONTACTS
05-15 18:57:04.003 1391 1391 W ContextImpl: Calling a method in the system process without a qualified user: android.app.ContextImpl.sendBroadcast:1181 android.content.ContextWrapper.sendBroadcast:479 cn.eben.newweather.DateWeatherService.a:19 cn.eben.newweather.DateWeatherService.a:0 cn.eben.newweather.DateWeatherService$1.handleMessage:7
05-15 19:28:29.084 541 541 I : read descriptors
05-15 19:28:29.084 541 541 I : read strings
05-15 19:28:29.086 1 1 I init : processing action (sys.usb.config=adb && sys.usb.configfs=1 && sys.usb.ffs.ready=1) from (/system/etc/init/hw/init.usb.configfs.rc:20)
05-15 18:57:04.842 465 493 I RIL : ---> enter mainloop wait at port
05-15 18:57:04.842 465 493 D RIL-DEV : Get modem info
05-15 18:57:04.843 465 493 D RIL-DEV : [05-15_18:57:04:843] idVendor = 0bda
05-15 18:57:04.843 465 493 D RIL-DEV :
05-15 18:57:04.843 465 493 D RIL-DEV : [05-15_18:57:04:844] idVendor = 05e3
05-15 18:57:04.843 465 493 D RIL-DEV :
05-15 18:57:04.844 465 493 D RIL-DEV : [05-15_18:57:04:844] idVendor = 1d6b
05-15 18:57:04.844 465 493 D RIL-DEV :
05-15 18:57:04.844 465 493 D RIL-DEV : [05-15_18:57:04:844] idVendor = 1d6b
05-15 18:57:04.844 465 493 D RIL-DEV :
05-15 18:57:04.844 465 493 D RIL-DEV : [05-15_18:57:04:845] idVendor = 0bda
05-15 18:57:04.844 465 493 D RIL-DEV :
05-15 18:57:04.845 465 493 D RIL-DEV : [05-15_18:57:04:845] idVendor = 1d6b
05-15 18:57:04.845 465 493 D RIL-DEV :
05-15 18:57:04.845 465 493 D RIL-DEV : [05-15_18:57:04:845] idVendor = 2109
05-15 18:57:04.845 465 493 D RIL-DEV :
05-15 18:57:04.845 465 493 D RIL-DEV : [05-15_18:57:04:846] idVendor = 2109
05-15 18:57:04.845 465 493 D RIL-DEV :
05-15 18:57:04.846 465 493 D RIL-DEV : [05-15_18:57:04:846] idVendor = 1d6b
05-15 18:57:04.846 465 493 D RIL-DEV :
05-15 18:57:04.846 465 493 D RIL-DEV : [05-15_18:57:04:847] idVendor = 0bda
05-15 18:57:04.846 465 493 D RIL-DEV :
05-15 18:57:04.847 465 493 D RIL-DEV : [05-15_18:57:04:847] idVendor = 2109
05-15 18:57:04.847 465 493 D RIL-DEV :
05-15 18:57:04.847 465 493 E RIL-DEV : Cannot find Meig devices
05-15 18:57:04.847 465 493 I RIL : ---> can't find meig usb devices
05-15 18:57:05.001 1391 1391 W ContextImpl: Calling a method in the system process without a qualified user: android.app.ContextImpl.sendBroadcast:1181 android.content.ContextWrapper.sendBroadcast:479 cn.eben.newweather.DateWeatherService.a:19 cn.eben.newweather.DateWeatherService.a:0 cn.eben.newweather.DateWeatherService$1.handleMessage:7
05-15 19:28:30.131 541 541 I : read descriptors
05-15 19:28:30.131 541 541 I : read strings
05-15 18:57:06.001 1391 1391 W ContextImpl: Calling a method in the system process without a qualified user: android.app.ContextImpl.sendBroadcast:1181 android.content.ContextWrapper.sendBroadcast:479 cn.eben.newweather.DateWeatherService.a:19 cn.eben.newweather.DateWeatherService.a:0 cn.eben.newweather.DateWeatherService$1.handleMessage:7
05-15 19:28:30.877 27448 27448 I binder : 27049:27448 transaction failed 29202/0, size 2176-0 line 3265
05-15 19:28:30.877 27448 27448 I binder : 27049:27448 transaction failed 29202/0, size 540-0 line 3265
05-15 19:28:31.177 541 541 I : read descriptors
05-15 19:28:31.177 541 541 I : read strings
05-15 19:28:31.180 1 1 I init : processing action (sys.usb.config=adb && sys.usb.configfs=1 && sys.usb.ffs.ready=1) from (/system/etc/init/hw/init.usb.configfs.rc:20)
05-15 19:28:31.183 1 1 I init : Command 'symlink /config/usb_gadget/g1/functions/ffs.adb /config/usb_gadget/g1/configs/b.1/f1' action=sys.usb.config=adb && sys.usb.configfs=1 && sys.usb.ffs.ready=1 (/system/etc/init/hw/init.usb.configfs.rc:22) took 0ms and failed: symlink() failed: File exists
05-15 19:28:31.187 1 1 I init : Command 'write /config/usb_gadget/g1/UDC ${sys.usb.controller}' action=sys.usb.config=adb && sys.usb.configfs=1 && sys.usb.ffs.ready=1 (/system/etc/init/hw/init.usb.configfs.rc:23) took 0ms and failed: Unable to write to file '/config/usb_gadget/g1/UDC': Unable to write file contents: Device or resource busy
05-15 18:57:06.848 465 493 I RIL : ---> enter mainloop wait at port
05-15 18:57:06.848 465 493 D RIL-DEV : Get modem info
05-15 18:57:06.849 465 493 D RIL-DEV : [05-15_18:57:06:849] idVendor = 0bda
05-15 18:57:06.849 465 493 D RIL-DEV :
05-15 18:57:06.849 465 493 D RIL-DEV : [05-15_18:57:06:850] idVendor = 05e3
05-15 18:57:06.849 465 493 D RIL-DEV :
05-15 18:57:06.850 465 493 D RIL-DEV : [05-15_18:57:06:850] idVendor = 1d6b
05-15 18:57:06.850 465 493 D RIL-DEV :
05-15 18:57:06.850 465 493 D RIL-DEV : [05-15_18:57:06:850] idVendor = 1d6b
05-15 18:57:06.850 465 493 D RIL-DEV :
05-15 18:57:06.850 465 493 D RIL-DEV : [05-15_18:57:06:851] idVendor = 0bda
05-15 18:57:06.850 465 493 D RIL-DEV :
05-15 18:57:06.851 465 493 D RIL-DEV : [05-15_18:57:06:851] idVendor = 1d6b
05-15 18:57:06.851 465 493 D RIL-DEV :
05-15 18:57:06.851 465 493 D RIL-DEV : [05-15_18:57:06:851] idVendor = 2109
05-15 18:57:06.851 465 493 D RIL-DEV :
05-15 18:57:06.851 465 493 D RIL-DEV : [05-15_18:57:06:852] idVendor = 2109
05-15 18:57:06.851 465 493 D RIL-DEV :
05-15 18:57:06.852 465 493 D RIL-DEV : [05-15_18:57:06:852] idVendor = 1d6b
05-15 18:57:06.852 465 493 D RIL-DEV :
05-15 18:57:06.852 465 493 D RIL-DEV : [05-15_18:57:06:852] idVendor = 0bda
05-15 18:57:06.852 465 493 D RIL-DEV :
05-15 18:57:06.852 465 493 D RIL-DEV : [05-15_18:57:06:853] idVendor = 2109
05-15 18:57:06.852 465 493 D RIL-DEV :
05-15 18:57:06.853 465 493 E RIL-DEV : Cannot find Meig devices
05-15 18:57:06.853 465 493 I RIL : ---> can't find meig usb devices
05-15 18:57:07.002 1391 1391 W ContextImpl: Calling a method in the system process without a qualified user: android.app.ContextImpl.sendBroadcast:1181 android.content.ContextWrapper.sendBroadcast:479 cn.eben.newweather.DateWeatherService.a:19 cn.eben.newweather.DateWeatherService.a:0 cn.eben.newweather.DateWeatherService$1.handleMessage:7
05-15 19:28:32.227 541 541 I : read descriptors
05-15 19:28:32.227 541 541 I : read strings
