05-15 18:38:34.825 623 638 I wm_finish_activity: [0,213004978,2736,com.android.settings/.accounts.AddAccountSettings,app-request]
05-15 18:38:34.825 984 984 I wm_on_activity_result_called: [213004978,com.android.settings.accounts.AddAccountSettings,ACTIVITY_RESULT]
05-15 18:38:34.825 623 638 I wm_add_to_stopping: [0,213004978,com.android.settings/.accounts.AddAccountSettings,completeFinishing]
05-15 18:38:34.826 623 638 I wm_add_to_stopping: [0,210649236,com.android.settings/.Settings,makeInvisible]
05-15 18:38:34.827 623 643 I sysui_multi_action: [757,803,799,window_time_0,802,0]
05-15 18:38:34.828 984 984 I sysui_multi_action: [757,35,758,2,1089,2548]
05-15 18:38:34.829 984 984 I wm_on_paused_called: [210649236,com.android.settings.Settings,performPause]
05-15 18:38:34.832 623 638 I wm_restart_activity: [0,111450163,2751,com.ebensz.email/.activity.setup.AccountSetupBasics]
05-15 18:38:34.834 623 638 I wm_set_resumed_activity: [0,com.ebensz.email/.activity.setup.AccountSetupBasics,minimalResumeActivityLocked]
05-15 18:38:34.841 623 643 I sysui_multi_action: [757,803,799,window_time_0,802,0]
05-15 18:38:34.881 2094 2094 I wm_on_create_called: [111450163,com.ebensz.email.activity.setup.AccountSetupBasics,performCreate]
05-15 18:38:34.881 2094 2094 I wm_on_start_called: [111450163,com.ebensz.email.activity.setup.AccountSetupBasics,handleStartActivity]
05-15 18:38:34.882 2094 2094 I wm_on_resume_called: [111450163,com.ebensz.email.activity.setup.AccountSetupBasics,RESUME_ACTIVITY]
05-15 18:38:34.889 2094 2094 I wm_on_top_resumed_gained_called: [111450163,com.ebensz.email.activity.setup.AccountSetupBasics,topStateChangedWhenResumed]
05-15 18:38:34.912 623 644 I input_focus: [Focus request d6e0f77 com.ebensz.email/com.ebensz.email.activity.setup.AccountSetupBasics,reason=UpdateInputWindows]
05-15 18:38:34.911 2094 2094 I auditd : type=1400 audit(0.0:4907): avc: denied { open } for comm="RenderThread" path="/dev/__properties__/u:object_r:vendor_default_prop:s0" dev="tmpfs" ino=281 scontext=u:r:platform_app:s0:c512,c768 tcontext=u:object_r:vendor_default_prop:s0 tclass=file permissive=1 app=com.ebensz.email
05-15 18:38:34.911 2094 2094 I auditd : type=1400 audit(0.0:4908): avc: denied { getattr } for comm="RenderThread" path="/dev/__properties__/u:object_r:vendor_default_prop:s0" dev="tmpfs" ino=281 scontext=u:r:platform_app:s0:c512,c768 tcontext=u:object_r:vendor_default_prop:s0 tclass=file permissive=1 app=com.ebensz.email
05-15 18:38:34.911 2094 2094 I auditd : type=1400 audit(0.0:4909): avc: denied { map } for comm="RenderThread" path="/dev/__properties__/u:object_r:vendor_default_prop:s0" dev="tmpfs" ino=281 scontext=u:r:platform_app:s0:c512,c768 tcontext=u:object_r:vendor_default_prop:s0 tclass=file permissive=1 app=com.ebensz.email
05-15 18:38:34.940 623 711 I input_focus: [Focus leaving a54bb5f com.android.settings/com.android.settings.accounts.AddAccountSettings (server),reason=Waiting for window because NO_WINDOW]
05-15 18:38:34.961 623 3030 I wm_stop_activity: [0,210649236,com.android.settings/.Settings]
05-15 18:38:34.962 623 640 I sysui_multi_action: [319,45,321,41,322,154,325,3929,757,761,758,8,759,1,806,com.ebensz.email,871,com.ebensz.email.activity.setup.AccountSetupBasics,904,com.android.settings,905,0,1320,4,1321,1]
05-15 18:38:34.964 623 640 I wm_activity_launch_time: [0,111450163,com.ebensz.email/.activity.setup.AccountSetupBasics,154]
05-15 18:38:34.965 984 984 I wm_on_stop_called: [210649236,com.android.settings.Settings,STOP_ACTIVITY_ITEM]
05-15 18:38:34.979 623 711 I input_focus: [Focus entering d6e0f77 com.ebensz.email/com.ebensz.email.activity.setup.AccountSetupBasics (server),reason=Window became focusable. Previous reason: NOT_VISIBLE]
05-15 18:38:35.001 1391 1391 W ContextImpl: Calling a method in the system process without a qualified user: android.app.ContextImpl.sendBroadcast:1181 android.content.ContextWrapper.sendBroadcast:479 cn.eben.newweather.DateWeatherService.a:19 cn.eben.newweather.DateWeatherService.a:0 cn.eben.newweather.DateWeatherService$1.handleMessage:7
05-15 18:38:35.014 623 3030 W WindowManager: Unable to find process with pid=984 uid=1000
05-15 18:38:35.015 623 643 I wm_destroy_activity: [0,213004978,2736,com.android.settings/.accounts.AddAccountSettings,finish-imm:idle]
05-15 18:38:35.015 623 643 I wm_destroy_activity: [0,254195641,2736,com.android.settings/.Settings$ChooseAccountActivity,finish-imm:idle]
05-15 18:38:35.036 984 984 I wm_on_stop_called: [213004978,com.android.settings.accounts.AddAccountSettings,LIFECYCLER_STOP_ACTIVITY]
05-15 18:38:35.037 984 984 I wm_on_destroy_called: [213004978,com.android.settings.accounts.AddAccountSettings,performDestroy]
05-15 18:38:35.041 984 984 I wm_on_stop_called: [254195641,com.android.settings.Settings$ChooseAccountActivity,LIFECYCLER_STOP_ACTIVITY]
05-15 18:38:35.043 984 984 I wm_on_destroy_called: [254195641,com.android.settings.Settings$ChooseAccountActivity,performDestroy]
05-15 18:38:35.430 623 27902 W ContentProviderHelper: Permission Denial: opening provider com.android.providers.contacts.ContactsProvider2 from ProcessRecord{6d23060 1792:cn.eben.sync/u0a64} (pid=1792, uid=10064) requires android.permission.READ_CONTACTS or android.permission.WRITE_CONTACTS
05-15 18:38:35.745 623 711 I input_interaction: Interaction with: d6e0f77 com.ebensz.email/com.ebensz.email.activity.setup.AccountSetupBasics (server), PointerEventDispatcher0 (server),
05-15 18:38:35.927 623 730 I netstats_mobile_sample: [0,0,0,0,0,0,0,0,0,0,0,0,1747298359240]
05-15 18:38:35.927 623 730 I netstats_wifi_sample: [0,0,0,0,0,0,0,0,0,0,0,0,1747298359240]
05-15 18:38:35.970 623 730 I netstats_mobile_sample: [0,0,0,0,0,0,0,0,0,0,0,0,1747298359283]
05-15 18:38:35.970 623 730 I netstats_wifi_sample: [0,0,0,0,0,0,0,0,0,0,0,0,1747298359283]
05-15 18:38:35.983 623 730 W ContextImpl: Calling a method in the system process without a qualified user: android.app.ContextImpl.sendStickyBroadcast:1567 com.android.server.ConnectivityService.sendStickyBroadcast:2811 com.android.server.ConnectivityService.sendGeneralBroadcast:2786 com.android.server.ConnectivityService.sendConnectedBroadcast:2759 com.android.server.ConnectivityService.sendLegacyNetworkBroadcast:8704
05-15 18:38:35.994 623 649 W BroadcastQueue: Target SDK mismatch: receiver ActivityInfo{10412d4 com.xiaomi.push.service.receivers.NetworkStatusReceiver} targets 26 but delivery restricted to [0, 23] broadcasting Intent { act=android.net.conn.CONNECTIVITY_CHANGE flg=0x4200010 (has extras) } from android (pid=623, uid=1000) to com.zhangyue.read.iReader/com.xiaomi.push.service.receivers.NetworkStatusReceiver
05-15 18:38:35.996 623 649 W BroadcastQueue: Target SDK mismatch: receiver ActivityInfo{4035772 com.xiaomi.push.service.receivers.NetworkStatusReceiver} targets 33 but delivery restricted to [0, 23] broadcasting Intent { act=android.net.conn.CONNECTIVITY_CHANGE flg=0x4200010 (has extras) } from android (pid=623, uid=1000) to com.taobao.idlefish/com.xiaomi.push.service.receivers.NetworkStatusReceiver
05-15 18:38:35.996 623 649 W BroadcastQueue: Target SDK mismatch: receiver ActivityInfo{e3d27c3 com.xiaomi.push.service.receivers.NetworkStatusReceiver} targets 33 but delivery restricted to [0, 23] broadcasting Intent { act=android.net.conn.CONNECTIVITY_CHANGE flg=0x4200010 (has extras) } from android (pid=623, uid=1000) to com.taobao.taobao/com.xiaomi.push.service.receivers.NetworkStatusReceiver
05-15 18:38:35.996 623 649 W BroadcastQueue: Target SDK mismatch: receiver ActivityInfo{5f98840 cn.eben.help.LoadAllReceiver} targets 28 but delivery restricted to [0, 23] broadcasting Intent { act=android.net.conn.CONNECTIVITY_CHANGE flg=0x4200010 (has extras) } from android (pid=623, uid=1000) to cn.eben.help/.LoadAllReceiver
05-15 18:38:35.996 623 649 W BroadcastQueue: Target SDK mismatch: receiver ActivityInfo{442b379 cn.eben.android.receiver.AppSyncReceiver} targets 27 but delivery restricted to [0, 23] broadcasting Intent { act=android.net.conn.CONNECTIVITY_CHANGE flg=0x4200010 (has extras) } from android (pid=623, uid=1000) to cn.eben.sync/cn.eben.android.receiver.AppSyncReceiver
05-15 18:38:35.997 2778 2778 W ContextImpl: Calling a method in the system process without a qualified user: android.app.ContextImpl.startService:1824 android.content.ContextWrapper.startService:774 android.content.ContextWrapper.startService:774 com.ebensz.appmanager.service.UploadMyAppsInfoService.startUploadMyAppsInfoService:78 com.ebensz.appmanager.receiver.UploadMyAppsInfoReceiver.onReceive:33
05-15 18:38:36.002 1391 1391 W ContextImpl: Calling a method in the system process without a qualified user: android.app.ContextImpl.sendBroadcast:1181 android.content.ContextWrapper.sendBroadcast:479 cn.eben.newweather.DateWeatherService.a:19 cn.eben.newweather.DateWeatherService.a:0 cn.eben.newweather.DateWeatherService$1.handleMessage:7
05-15 18:38:36.011 1699 1699 W ContextImpl: Calling a method in the system process without a qualified user: android.app.ContextImpl.startService:1824 android.content.ContextWrapper.startService:774 android.content.ContextWrapper.startService:774 com.ebensz.appmanager.mydownloadmanager.DownloadReceiver.startService:245 com.ebensz.appmanager.mydownloadmanager.DownloadReceiver.onReceive:74
05-15 18:38:36.012 623 638 W BroadcastQueue: Target SDK mismatch: receiver ActivityInfo{8b20e35 com.ebensz.ota.ActionReceiver} targets 29 but delivery restricted to [0, 23] broadcasting Intent { act=android.net.conn.CONNECTIVITY_CHANGE flg=0x4200010 (has extras) } from android (pid=623, uid=1000) to com.ebensz.ota/.ActionReceiver
05-15 18:38:36.013 623 649 W BroadcastQueue: Target SDK mismatch: receiver ActivityInfo{62262ca com.taobao.accs.EventReceiver} targets 26 but delivery restricted to [0, 23] broadcasting Intent { act=android.net.conn.CONNECTIVITY_CHANGE flg=0x4200010 (has extras) } from android (pid=623, uid=1000) to com.zhangyue.read.iReader/com.taobao.accs.EventReceiver
05-15 18:38:36.013 623 623 I notification_cancel_all: [1000,1699,com.ebensz.appmanager,0,0,64,9,NULL]
05-15 18:38:36.013 623 649 W BroadcastQueue: Target SDK mismatch: receiver ActivityInfo{8f9cc3b com.taobao.fleamarket.function.network.NetworkReceiver} targets 33 but delivery restricted to [0, 23] broadcasting Intent { act=android.net.conn.CONNECTIVITY_CHANGE flg=0x4200010 (has extras) } from android (pid=623, uid=1000) to com.taobao.idlefish/com.taobao.fleamarket.function.network.NetworkReceiver
05-15 18:38:36.183 623 730 W ContextImpl: Calling a method in the system process without a qualified user: android.app.ContextImpl.sendStickyBroadcast:1567 com.android.server.ConnectivityService.sendStickyBroadcast:2811 com.android.server.ConnectivityService.sendGeneralBroadcast:2786 com.android.server.ConnectivityService.sendInetConditionBroadcast:2763 com.android.server.ConnectivityService.updateInetCondition:8451
05-15 18:38:36.195 623 623 I notification_enqueue: [10100,10735,com.baidu.appsearch,2131755453,NULL,0,Notification(channel=手机管理、安全检测相关通知 shortcut=null contentView=null vibrate=null sound=null defaults=0x0 flags=0x62 color=0x00000000 vis=PRIVATE),1]
05-15 18:38:36.199 623 623 I notification_enqueue: [10100,10735,com.baidu.appsearch,2131755453,NULL,0,Notification(channel=手机管理、安全检测相关通知 shortcut=null contentView=null vibrate=null sound=null defaults=0x0 flags=0x62 color=0x00000000 vis=PRIVATE),1]
05-15 18:38:36.387 623 711 I input_interaction: Interaction with: 1e405f9 NavigationBar0 (server), PointerEventDispatcher0 (server),
05-15 18:38:36.391 782 782 I sysui_multi_action: [757,931,758,4,759,4,932,0,933,0]
05-15 18:38:36.393 623 711 I input_interaction: Interaction with: d6e0f77 com.ebensz.email/com.ebensz.email.activity.setup.AccountSetupBasics (server), PointerEventDispatcher0 (server),
05-15 18:38:36.403 623 711 I input_interaction: Interaction with: 1e405f9 NavigationBar0 (server), PointerEventDispatcher0 (server),
05-15 18:38:36.466 782 782 I sysui_multi_action: [757,931,758,4,759,4,932,0,933,1]
05-15 18:38:36.468 623 3030 I sysui_multi_action: [757,803,799,key_back_press,802,1]
05-15 18:38:36.468 623 641 D AutofillManagerService: onBackKeyPressed()
05-15 18:38:36.849 782 782 I sysui_multi_action: [757,931,758,4,759,4,932,0,933,0]
05-15 18:38:36.853 623 711 I input_interaction: Interaction with: d6e0f77 com.ebensz.email/com.ebensz.email.activity.setup.AccountSetupBasics (server), PointerEventDispatcher0 (server),
05-15 18:38:36.859 623 711 I input_interaction: Interaction with: 1e405f9 NavigationBar0 (server), PointerEventDispatcher0 (server),
05-15 18:38:36.957 782 782 I sysui_multi_action: [757,931,758,4,759,4,932,0,933,1]
05-15 18:38:36.959 623 638 I sysui_multi_action: [757,803,799,key_back_press,802,1]
05-15 18:38:36.960 623 641 D AutofillManagerService: onBackKeyPressed()
05-15 18:38:36.969 623 638 I wm_finish_activity: [0,111450163,2751,com.ebensz.email/.activity.setup.AccountSetupBasics,app-request]
05-15 18:38:36.969 623 638 I wm_task_moved: [2736,1,9]
05-15 18:38:36.969 623 638 I wm_task_to_front: [0,2736]
05-15 18:38:36.971 623 638 I wm_focused_root_task: [0,0,2736,2751,finish-top adjustFocusToNextFocusableTask]
05-15 18:38:36.995 623 638 I wm_pause_activity: [0,111450163,com.ebensz.email/.activity.setup.AccountSetupBasics,userLeaving=false,finish]
05-15 18:38:37.002 1391 1391 W ContextImpl: Calling a method in the system process without a qualified user: android.app.ContextImpl.sendBroadcast:1181 android.content.ContextWrapper.sendBroadcast:479 cn.eben.newweather.DateWeatherService.a:19 cn.eben.newweather.DateWeatherService.a:0 cn.eben.newweather.DateWeatherService$1.handleMessage:7
05-15 18:38:37.003 2094 2094 I wm_on_top_resumed_lost_called: [111450163,com.ebensz.email.activity.setup.AccountSetupBasics,topStateChangedWhenResumed]
05-15 18:38:37.005 2094 2094 I wm_on_paused_called: [111450163,com.ebensz.email.activity.setup.AccountSetupBasics,performPause]
05-15 18:38:37.007 623 3030 I wm_add_to_stopping: [0,111450163,com.ebensz.email/.activity.setup.AccountSetupBasics,completeFinishing]
05-15 18:38:37.012 623 3030 I wm_set_resumed_activity: [0,com.android.settings/.SubSettings,resumeTopActivity]
05-15 18:38:37.015 623 3030 I wm_resume_activity: [0,110682606,2736,com.android.settings/.SubSettings]
05-15 18:38:37.019 623 3030 I wm_resume_activity: [0,210649236,2736,com.android.settings/.Settings]
05-15 18:38:37.029 623 643 I sysui_multi_action: [757,803,799,window_time_0,802,3]
05-15 18:38:37.030 984 984 I wm_on_restart_called: [110682606,com.android.settings.SubSettings,performRestartActivity]
05-15 18:38:37.031 984 984 I wm_on_start_called: [110682606,com.android.settings.SubSettings,handleStartActivity]
05-15 18:38:37.032 984 984 I snet_event_log: [120484087,-1,]
05-15 18:38:37.036 984 984 I wm_on_resume_called: [110682606,com.android.settings.SubSettings,RESUME_ACTIVITY]
05-15 18:38:37.036 623 711 I input_focus: [Focus leaving d6e0f77 com.ebensz.email/com.ebensz.email.activity.setup.AccountSetupBasics (server),reason=NO_WINDOW]
05-15 18:38:37.041 2778 2778 W ContextImpl: Calling a method in the system process without a qualified user: android.app.ContextImpl.startService:1824 android.content.ContextWrapper.startService:774 com.ebensz.appmanager.service.UploadMyAppsInfoService$1.handleMessage:63 android.os.Handler.dispatchMessage:106 android.os.Looper.loopOnce:201
05-15 18:38:37.044 984 984 I sysui_multi_action: [757,8,758,1,833,35,1089,0]
05-15 18:38:37.052 984 984 I wm_on_top_resumed_gained_called: [110682606,com.android.settings.SubSettings,topWhenResuming]
05-15 18:38:37.053 984 984 I wm_on_restart_called: [210649236,com.android.settings.Settings,performRestartActivity]
05-15 18:38:37.062 984 984 I wm_on_start_called: [210649236,com.android.settings.Settings,handleStartActivity]
05-15 18:38:37.062 984 984 I snet_event_log: [120484087,-1,]
05-15 18:38:37.062 984 984 I wm_on_resume_called: [210649236,com.android.settings.Settings,RESUME_ACTIVITY]
05-15 18:38:37.062 984 984 I sysui_multi_action: [757,35,758,1,833,0,1089,0]
05-15 18:38:37.095 623 644 I input_focus: [Focus request d46c69b com.android.settings/com.android.settings.SubSettings,reason=UpdateInputWindows]
05-15 18:38:37.126 623 711 I input_focus: [Focus entering d46c69b com.android.settings/com.android.settings.SubSettings (server),reason=Window became focusable. Previous reason: NOT_VISIBLE]
05-15 18:38:37.370 623 643 I wm_destroy_activity: [0,111450163,2751,com.ebensz.email/.activity.setup.AccountSetupBasics,finish-imm:idle]
05-15 18:38:37.374 2094 2094 I wm_on_stop_called: [111450163,com.ebensz.email.activity.setup.AccountSetupBasics,LIFECYCLER_STOP_ACTIVITY]
05-15 18:38:37.375 2094 2094 I wm_on_destroy_called: [111450163,com.ebensz.email.activity.setup.AccountSetupBasics,performDestroy]
05-15 18:38:37.388 623 638 I wm_task_removed: [2751,removeChild:removeChild last r=ActivityRecord{6a49833 u0 com.ebensz.email/.activity.setup.AccountSetupBasics t-1 f}} in t=Task{5e07687 #2751 type=standard A=10072:com.ebensz.email U=0 visible=false visibleRequested=false mode=fullscreen translucent=true sz=0}]
05-15 18:38:37.388 623 638 I wm_task_removed: [2751,removeChild]
05-15 18:38:37.391 623 644 W ActivityTaskManager: Can't find TaskDisplayArea to determine support for multi window. Task id=2751 attached=false
05-15 18:38:37.391 623 644 W ActivityTaskManager: Can't find TaskDisplayArea to determine support for multi window. Task id=2751 attached=false
05-15 18:38:38.002 1391 1391 W ContextImpl: Calling a method in the system process without a qualified user: android.app.ContextImpl.sendBroadcast:1181 android.content.ContextWrapper.sendBroadcast:479 cn.eben.newweather.DateWeatherService.a:19 cn.eben.newweather.DateWeatherService.a:0 cn.eben.newweather.DateWeatherService$1.handleMessage:7
05-15 18:38:38.148 623 711 I input_interaction: Interaction with: d46c69b com.android.settings/com.android.settings.SubSettings (server), PointerEventDispatcher0 (server),
05-15 18:38:38.247 623 637 I wm_finish_activity: [0,110682606,2736,com.android.settings/.SubSettings,app-request]
05-15 18:38:38.269 623 637 I wm_pause_activity: [0,110682606,com.android.settings/.SubSettings,userLeaving=false,finish]
05-15 18:38:38.274 984 984 I wm_on_top_resumed_lost_called: [110682606,com.android.settings.SubSettings,topStateChangedWhenResumed]
05-15 18:38:38.276 984 984 I sysui_multi_action: [757,8,758,2,1089,1232]
05-15 18:38:38.278 984 984 I wm_on_paused_called: [110682606,com.android.settings.SubSettings,performPause]
05-15 18:38:38.278 623 27902 I wm_add_to_stopping: [0,110682606,com.android.settings/.SubSettings,completeFinishing]
05-15 18:38:38.279 623 643 I sysui_multi_action: [757,803,799,window_time_0,802,1]
05-15 18:38:38.280 623 27902 I wm_finish_activity: [0,210649236,2736,com.android.settings/.Settings,app-request]
05-15 18:38:38.280 623 27902 I wm_task_moved: [1,1,8]
05-15 18:38:38.281 623 27902 I wm_task_moved: [2727,1,2147483647]
05-15 18:38:38.281 623 27902 I wm_task_to_front: [0,2727]
05-15 18:38:38.282 623 27902 I wm_focused_root_task: [0,0,1,2736,finish-top adjustFocusToNextFocusableTask]
05-15 18:38:38.282 623 27902 I wm_set_resumed_activity: [0,com.android.launcher3/.uioverrides.QuickstepLauncher,finish-top adjustFocusToNextFocusableTask]
05-15 18:38:38.299 623 27902 I wm_pause_activity: [0,210649236,com.android.settings/.Settings,userLeaving=false,finish]
05-15 18:38:38.303 623 27902 W ActivityTaskManager: Duplicate finish request for r=ActivityRecord{698e1ee u0 com.android.settings/.SubSettings t2736 f}}
05-15 18:38:38.303 623 27902 W ActivityTaskManager: Duplicate finish request for r=ActivityRecord{c8e4094 u0 com.android.settings/.Settings t2736 f}}
05-15 18:38:38.306 984 984 I wm_on_top_resumed_gained_called: [210649236,com.android.settings.Settings,topStateChangedWhenResumed]
05-15 18:38:38.306 984 984 I wm_on_top_resumed_lost_called: [210649236,com.android.settings.Settings,topStateChangedWhenResumed]
05-15 18:38:38.308 984 984 I sysui_multi_action: [757,35,758,2,1089,1245]
05-15 18:38:38.309 984 984 I wm_on_paused_called: [210649236,com.android.settings.Settings,performPause]
05-15 18:38:38.309 623 27902 I wm_add_to_stopping: [0,210649236,com.android.settings/.Settings,completeFinishing]
05-15 18:38:38.311 623 711 I input_focus: [Focus leaving d46c69b com.android.settings/com.android.settings.SubSettings (server),reason=NO_WINDOW]
05-15 18:38:38.312 623 27902 I wm_set_resumed_activity: [0,com.android.launcher3/.uioverrides.QuickstepLauncher,resumeTopActivity]
05-15 18:38:38.315 623 27902 I wm_resume_activity: [0,238215076,2727,com.android.launcher3/.uioverrides.QuickstepLauncher]
05-15 18:38:38.319 623 643 I sysui_multi_action: [757,803,799,window_time_0,802,0]
05-15 18:38:38.328 1056 1056 I wm_on_restart_called: [238215076,com.android.launcher3.uioverrides.QuickstepLauncher,performRestartActivity]
05-15 18:38:38.329 1056 1056 I wm_on_start_called: [238215076,com.android.launcher3.uioverrides.QuickstepLauncher,handleStartActivity]
05-15 18:38:38.334 1056 1056 I wm_on_resume_called: [238215076,com.android.launcher3.uioverrides.QuickstepLauncher,RESUME_ACTIVITY]
05-15 18:38:38.334 1056 1056 I wm_on_top_resumed_gained_called: [238215076,com.android.launcher3.uioverrides.QuickstepLauncher,topWhenResuming]
05-15 18:38:38.343 623 644 I input_focus: [Focus request ebb30d4 com.android.launcher3/com.android.launcher3.uioverrides.QuickstepLauncher,reason=UpdateInputWindows]
05-15 18:38:38.384 623 711 I input_focus: [Focus entering ebb30d4 com.android.launcher3/com.android.launcher3.uioverrides.QuickstepLauncher (server),reason=Window became focusable. Previous reason: NOT_VISIBLE]
05-15 18:38:38.839 623 1373 E TaskPersister: File error accessing recents directory (directory doesn't exist?).
05-15 18:38:38.974 623 643 I wm_destroy_activity: [0,210649236,2736,com.android.settings/.Settings,finish-imm:idle]
05-15 18:38:38.974 623 643 I wm_destroy_activity: [0,110682606,2736,com.android.settings/.SubSettings,finish-imm:idle]
05-15 18:38:39.002 1391 1391 W ContextImpl: Calling a method in the system process without a qualified user: android.app.ContextImpl.sendBroadcast:1181 android.content.ContextWrapper.sendBroadcast:479 cn.eben.newweather.DateWeatherService.a:19 cn.eben.newweather.DateWeatherService.a:0 cn.eben.newweather.DateWeatherService$1.handleMessage:7
05-15 18:38:39.026 984 984 I wm_on_stop_called: [210649236,com.android.settings.Settings,LIFECYCLER_STOP_ACTIVITY]
05-15 18:38:39.033 984 984 I wm_on_destroy_called: [210649236,com.android.settings.Settings,performDestroy]
05-15 18:38:39.049 623 27902 D ActivityTaskManager: Remove task fragment: removeLastChild ActivityRecord{c8e4094 u0 com.android.settings/.Settings t-1 f}}
05-15 18:38:39.052 984 984 I wm_on_stop_called: [110682606,com.android.settings.SubSettings,LIFECYCLER_STOP_ACTIVITY]
05-15 18:38:39.055 984 984 I wm_on_destroy_called: [110682606,com.android.settings.SubSettings,performDestroy]
05-15 18:38:39.062 623 936 D ActivityTaskManager: Remove task fragment: removeLastChild ActivityRecord{698e1ee u0 com.android.settings/.SubSettings t-1 f}}
05-15 18:38:39.062 623 936 I wm_task_removed: [2736,removeChild:removeChild last r=com.android.server.wm.TaskFragment@3eda33 in t=Task{37f7cfb #2736 type=standard A=1000:com.android.settings.root U=0 visible=false visibleRequested=false mode=fullscreen translucent=true sz=0}]
05-15 18:38:39.062 623 936 I wm_task_removed: [2736,removeChild]
05-15 18:38:39.063 623 644 W ActivityTaskManager: Can't find TaskDisplayArea to determine support for multi window. Task id=2736 attached=false
05-15 18:38:39.064 623 644 W ActivityTaskManager: Can't find TaskDisplayArea to determine support for multi window. Task id=2736 attached=false
05-15 18:38:39.216 623 711 I input_interaction: Interaction with: ebb30d4 com.android.launcher3/com.android.launcher3.uioverrides.QuickstepLauncher (server), 9d2e9fb com.android.systemui.ImageWallpaper (server), PointerEventDispatcher0 (server),
05-15 18:38:39.322 623 936 I ActivityTaskManager: START u0 {act=android.intent.action.MAIN cat=[android.intent.category.LAUNCHER] flg=0x10200000 cmp=com.android.settings/.Settings bnds=[296,716][532,1042]} from uid 10089
05-15 18:38:39.324 623 936 I wm_task_created: [2752,-1]
05-15 18:38:39.324 623 936 W ActivityTaskManager: Can't find TaskDisplayArea to determine support for multi window. Task id=2752 attached=false
05-15 18:38:39.338 623 936 I wm_task_moved: [2752,1,8]
05-15 18:38:39.338 623 936 I wm_task_to_front: [0,2752]
05-15 18:38:39.339 623 936 I wm_create_task: [0,2752]
05-15 18:38:39.339 623 936 I wm_create_activity: [0,98023526,2752,com.android.settings/.Settings,android.intent.action.MAIN,NULL,NULL,270532608]
05-15 18:38:39.340 623 936 I wm_task_moved: [2752,1,8]
05-15 18:38:39.343 623 936 I wm_pause_activity: [0,238215076,com.android.launcher3/.uioverrides.QuickstepLauncher,userLeaving=true,pauseBackTasks]
05-15 18:38:39.357 1056 1056 I wm_on_top_resumed_lost_called: [238215076,com.android.launcher3.uioverrides.QuickstepLauncher,topStateChangedWhenResumed]
05-15 18:38:39.357 1056 1056 I wm_on_paused_called: [238215076,com.android.launcher3.uioverrides.QuickstepLauncher,performPause]
05-15 18:38:39.358 623 936 W ActivityTaskManager: Tried to set launchTime (0) < mLastActivityLaunchTime (3907345)
05-15 18:38:39.358 623 936 I wm_add_to_stopping: [0,238215076,com.android.launcher3/.uioverrides.QuickstepLauncher,makeInvisible]
05-15 18:38:39.359 623 936 I wm_restart_activity: [0,98023526,2752,com.android.settings/.Settings]
05-15 18:38:39.360 623 936 I wm_set_resumed_activity: [0,com.android.settings/.Settings,minimalResumeActivityLocked]
05-15 18:38:39.385 984 984 I wm_on_create_called: [98023526,com.android.settings.Settings,performCreate]
05-15 18:38:39.392 623 637 W ActivityTaskManager: setResumedActivity on non-leaf task fragment Task{8143743 #2752 type=standard A=1000:com.android.settings.root U=0 visible=true visibleRequested=true mode=fullscreen translucent=false sz=1}
05-15 18:38:39.392 623 637 I ActivityTaskManager: START u0 {cmp=com.android.settings/.Settings$NetworkDashboardActivity} from uid 1000
05-15 18:38:39.393 623 637 I wm_task_moved: [2752,1,8]
05-15 18:38:39.393 623 637 I wm_set_resumed_activity: [0,com.android.settings/.Settings,positionChildAt]
05-15 18:38:39.393 623 637 I wm_create_activity: [0,202139864,2752,com.android.settings/.Settings$NetworkDashboardActivity,NULL,NULL,NULL,0]
05-15 18:38:39.393 623 637 W ActivityTaskManager: Tried to set launchTime (0) < mLastActivityLaunchTime (3934360)
05-15 18:38:39.393 623 637 I wm_restart_activity: [0,202139864,2752,com.android.settings/.Settings$NetworkDashboardActivity]
05-15 18:38:39.394 623 637 I wm_set_resumed_activity: [0,com.android.settings/.Settings$NetworkDashboardActivity,minimalResumeActivityLocked]
05-15 18:38:39.398 623 643 I sysui_multi_action: [757,803,799,window_time_0,802,1]
05-15 18:38:39.401 623 27902 E UserRestrictionsUtils: Unknown restriction queried by uid 1000 (com.android.server.telecom et al): null
05-15 18:38:39.404 623 711 I input_focus: [Focus leaving ebb30d4 com.android.launcher3/com.android.launcher3.uioverrides.QuickstepLauncher (server),reason=NO_WINDOW]
05-15 18:38:39.417 984 984 I wm_on_start_called: [98023526,com.android.settings.Settings,handleStartActivity]
05-15 18:38:39.417 984 984 I snet_event_log: [120484087,-1,]
05-15 18:38:39.417 984 984 I wm_on_resume_called: [98023526,com.android.settings.Settings,RESUME_ACTIVITY]
05-15 18:38:39.417 984 984 I sysui_multi_action: [757,35,758,1,833,0,1089,22]
05-15 18:38:39.421 984 984 I sysui_multi_action: [757,1729,758,4,854,isParalleledControllers:false,1089,26]
05-15 18:38:39.425 984 984 I wm_on_top_resumed_gained_called: [98023526,com.android.settings.Settings,topStateChangedWhenResumed]
05-15 18:38:39.494 984 984 I wm_on_top_resumed_lost_called: [98023526,com.android.settings.Settings,topStateChangedWhenResumed]
05-15 18:38:39.510 984 984 I service_manager_stats: [100,48,761253]
05-15 18:38:39.514 623 3030 E UserRestrictionsUtils: Unknown restriction queried by uid 1000 (com.android.server.telecom et al): null
05-15 18:38:39.514 623 3030 E UserRestrictionsUtils: Unknown restriction queried by uid 1000 (com.android.server.telecom et al): null
05-15 18:38:39.518 623 3030 E UserRestrictionsUtils: Unknown restriction queried by uid 1000 (com.android.server.telecom et al): no_ethernet_settings
05-15 18:38:39.518 623 649 I am_wtf : [0,984,system_server,-1,UserRestrictionsUtils,Unknown restriction queried by uid 1000 (com.android.server.telecom et al): no_ethernet_settings]
05-15 18:38:39.518 623 3030 E UserRestrictionsUtils: Unknown restriction queried by uid 1000 (com.android.server.telecom et al): no_ethernet_settings
05-15 18:38:39.519 623 649 I DropBoxManagerService: add tag=system_server_wtf isTagEnabled=true flags=0x2
05-15 18:38:39.523 984 984 I wm_on_create_called: [202139864,com.android.settings.Settings$NetworkDashboardActivity,performCreate]
05-15 18:38:39.523 623 649 I am_wtf : [0,984,system_server,-1,UserRestrictionsUtils,Unknown restriction queried by uid 1000 (com.android.server.telecom et al): no_ethernet_settings]
05-15 18:38:39.524 623 649 I DropBoxManagerService: add tag=system_server_wtf isTagEnabled=true flags=0x2
05-15 18:38:39.534 984 984 I wm_on_start_called: [202139864,com.android.settings.Settings$NetworkDashboardActivity,handleStartActivity]
05-15 18:38:39.534 984 984 I snet_event_log: [120484087,-1,]
05-15 18:38:39.535 984 984 I wm_on_resume_called: [202139864,com.android.settings.Settings$NetworkDashboardActivity,RESUME_ACTIVITY]
05-15 18:38:39.537 984 984 I sysui_multi_action: [757,746,758,1,833,0,1089,29]
05-15 18:38:39.563 984 984 I sysui_multi_action: [757,1729,758,4,854,isParalleledControllers:false,1089,55]
05-15 18:38:39.612 623 644 I input_focus: [Focus request 693570c com.android.settings/com.android.settings.Settings$NetworkDashboardActivity,reason=UpdateInputWindows]
05-15 18:38:39.630 623 644 I sysui_multi_action: [324,1,757,1090,758,12,806,com.android.settings,871,com.android.settings.Settings$NetworkDashboardActivity,1091,307]
05-15 18:38:39.632 623 640 I sysui_multi_action: [319,56,321,53,322,307,325,3934,757,761,758,8,759,1,806,com.android.settings,871,com.android.settings.Settings$NetworkDashboardActivity,905,0,1320,4,1321,2]
05-15 18:38:39.633 623 640 I wm_activity_launch_time: [0,202139864,com.android.settings/.Settings$NetworkDashboardActivity,307]
05-15 18:38:39.635 984 984 I wm_on_top_resumed_gained_called: [202139864,com.android.settings.Settings$NetworkDashboardActivity,topStateChangedWhenResumed]
05-15 18:38:39.640 623 711 I input_focus: [Focus entering 693570c com.android.settings/com.android.settings.Settings$NetworkDashboardActivity (server),reason=Window became focusable. Previous reason: NO_WINDOW]
05-15 18:38:39.976 623 936 I wm_stop_activity: [0,238215076,com.android.launcher3/.uioverrides.QuickstepLauncher]
05-15 18:38:39.979 1056 1056 I wm_on_stop_called: [238215076,com.android.launcher3.uioverrides.QuickstepLauncher,STOP_ACTIVITY_ITEM]
05-15 18:38:40.002 1391 1391 W ContextImpl: Calling a method in the system process without a qualified user: android.app.ContextImpl.sendBroadcast:1181 android.content.ContextWrapper.sendBroadcast:479 cn.eben.newweather.DateWeatherService.a:19 cn.eben.newweather.DateWeatherService.a:0 cn.eben.newweather.DateWeatherService$1.handleMessage:7
05-15 18:38:40.438 623 3030 W ContentProviderHelper: Permission Denial: opening provider com.android.providers.contacts.ContactsProvider2 from ProcessRecord{6d23060 1792:cn.eben.sync/u0a64} (pid=1792, uid=10064) requires android.permission.READ_CONTACTS or android.permission.WRITE_CONTACTS
05-15 18:38:41.003 1391 1391 W ContextImpl: Calling a method in the system process without a qualified user: android.app.ContextImpl.sendBroadcast:1181 android.content.ContextWrapper.sendBroadcast:479 cn.eben.newweather.DateWeatherService.a:19 cn.eben.newweather.DateWeatherService.a:0 cn.eben.newweather.DateWeatherService$1.handleMessage:7
05-15 18:38:41.205 623 623 I notification_enqueue: [10100,10735,com.baidu.appsearch,2131755453,NULL,0,Notification(channel=手机管理、安全检测相关通知 shortcut=null contentView=null vibrate=null sound=null defaults=0x0 flags=0x62 color=0x00000000 vis=PRIVATE),1]
05-15 18:38:42.003 1391 1391 W ContextImpl: Calling a method in the system process without a qualified user: android.app.ContextImpl.sendBroadcast:1181 android.content.ContextWrapper.sendBroadcast:479 cn.eben.newweather.DateWeatherService.a:19 cn.eben.newweather.DateWeatherService.a:0 cn.eben.newweather.DateWeatherService$1.handleMessage:7
05-15 18:38:43.001 1391 1391 W ContextImpl: Calling a method in the system process without a qualified user: android.app.ContextImpl.sendBroadcast:1181 android.content.ContextWrapper.sendBroadcast:479 cn.eben.newweather.DateWeatherService.a:19 cn.eben.newweather.DateWeatherService.a:0 cn.eben.newweather.DateWeatherService$1.handleMessage:7
05-15 18:38:43.065 623 1373 E TaskPersister: File error accessing recents directory (directory doesn't exist?).
05-15 18:38:44.003 1391 1391 W ContextImpl: Calling a method in the system process without a qualified user: android.app.ContextImpl.sendBroadcast:1181 android.content.ContextWrapper.sendBroadcast:479 cn.eben.newweather.DateWeatherService.a:19 cn.eben.newweather.DateWeatherService.a:0 cn.eben.newweather.DateWeatherService$1.handleMessage:7
05-15 18:38:45.001 1391 1391 W ContextImpl: Calling a method in the system process without a qualified user: android.app.ContextImpl.sendBroadcast:1181 android.content.ContextWrapper.sendBroadcast:479 cn.eben.newweather.DateWeatherService.a:19 cn.eben.newweather.DateWeatherService.a:0 cn.eben.newweather.DateWeatherService$1.handleMessage:7
05-15 18:38:45.444 623 936 W ContentProviderHelper: Permission Denial: opening provider com.android.providers.contacts.ContactsProvider2 from ProcessRecord{6d23060 1792:cn.eben.sync/u0a64} (pid=1792, uid=10064) requires android.permission.READ_CONTACTS or android.permission.WRITE_CONTACTS
05-15 18:38:46.002 1391 1391 W ContextImpl: Calling a method in the system process without a qualified user: android.app.ContextImpl.sendBroadcast:1181 android.content.ContextWrapper.sendBroadcast:479 cn.eben.newweather.DateWeatherService.a:19 cn.eben.newweather.DateWeatherService.a:0 cn.eben.newweather.DateWeatherService$1.handleMessage:7
05-15 18:38:47.001 1391 1391 W ContextImpl: Calling a method in the system process without a qualified user: android.app.ContextImpl.sendBroadcast:1181 android.content.ContextWrapper.sendBroadcast:479 cn.eben.newweather.DateWeatherService.a:19 cn.eben.newweather.DateWeatherService.a:0 cn.eben.newweather.DateWeatherService$1.handleMessage:7
05-15 18:38:48.002 1391 1391 W ContextImpl: Calling a method in the system process without a qualified user: android.app.ContextImpl.sendBroadcast:1181 android.content.ContextWrapper.sendBroadcast:479 cn.eben.newweather.DateWeatherService.a:19 cn.eben.newweather.DateWeatherService.a:0 cn.eben.newweather.DateWeatherService$1.handleMessage:7
05-15 18:38:49.003 1391 1391 W ContextImpl: Calling a method in the system process without a qualified user: android.app.ContextImpl.sendBroadcast:1181 android.content.ContextWrapper.sendBroadcast:479 cn.eben.newweather.DateWeatherService.a:19 cn.eben.newweather.DateWeatherService.a:0 cn.eben.newweather.DateWeatherService$1.handleMessage:7
05-15 18:38:50.002 1391 1391 W ContextImpl: Calling a method in the system process without a qualified user: android.app.ContextImpl.sendBroadcast:1181 android.content.ContextWrapper.sendBroadcast:479 cn.eben.newweather.DateWeatherService.a:19 cn.eben.newweather.DateWeatherService.a:0 cn.eben.newweather.DateWeatherService$1.handleMessage:7
05-15 18:38:50.449 623 3030 W ContentProviderHelper: Permission Denial: opening provider com.android.providers.contacts.ContactsProvider2 from ProcessRecord{6d23060 1792:cn.eben.sync/u0a64} (pid=1792, uid=10064) requires android.permission.READ_CONTACTS or android.permission.WRITE_CONTACTS
05-15 18:38:50.488 27049 27049 I auditd : type=1400 audit(0.0:4910): avc: denied { read } for comm="CrashSDKBkgdHan" name="loadavg" dev="proc" ino=4026532226 scontext=u:r:untrusted_app:s0:c102,c256,c512,c768 tcontext=u:object_r:proc_loadavg:s0 tclass=file permissive=1 app=com.taobao.taobao
05-15 18:38:50.488 27049 27049 I auditd : type=1400 audit(0.0:4911): avc: denied { open } for comm="CrashSDKBkgdHan" path="/proc/loadavg" dev="proc" ino=4026532226 scontext=u:r:untrusted_app:s0:c102,c256,c512,c768 tcontext=u:object_r:proc_loadavg:s0 tclass=file permissive=1 app=com.taobao.taobao
05-15 18:38:50.491 27049 27049 I auditd : type=1400 audit(0.0:4912): avc: denied { open } for comm="CrashSDKBkgdHan" path="/proc/stat" dev="proc" ino=4026532228 scontext=u:r:untrusted_app:s0:c102,c256,c512,c768 tcontext=u:object_r:proc_stat:s0 tclass=file permissive=1 app=com.taobao.taobao
05-15 18:38:51.002 1391 1391 W ContextImpl: Calling a method in the system process without a qualified user: android.app.ContextImpl.sendBroadcast:1181 android.content.ContextWrapper.sendBroadcast:479 cn.eben.newweather.DateWeatherService.a:19 cn.eben.newweather.DateWeatherService.a:0 cn.eben.newweather.DateWeatherService$1.handleMessage:7
05-15 18:38:51.221 623 664 V DisplayPowerController[0]: Brightness [0.05] reason changing to: 'manual [ dim ]', previous reason: 'manual'.
05-15 18:38:51.222 623 664 I sysui_multi_action: [757,1696,758,6,759,2]
05-15 18:38:52.003 1391 1391 W ContextImpl: Calling a method in the system process without a qualified user: android.app.ContextImpl.sendBroadcast:1181 android.content.ContextWrapper.sendBroadcast:479 cn.eben.newweather.DateWeatherService.a:19 cn.eben.newweather.DateWeatherService.a:0 cn.eben.newweather.DateWeatherService$1.handleMessage:7
05-15 18:38:53.003 1391 1391 W ContextImpl: Calling a method in the system process without a qualified user: android.app.ContextImpl.sendBroadcast:1181 android.content.ContextWrapper.sendBroadcast:479 cn.eben.newweather.DateWeatherService.a:19 cn.eben.newweather.DateWeatherService.a:0 cn.eben.newweather.DateWeatherService$1.handleMessage:7
05-15 18:38:54.003 1391 1391 W ContextImpl: Calling a method in the system process without a qualified user: android.app.ContextImpl.sendBroadcast:1181 android.content.ContextWrapper.sendBroadcast:479 cn.eben.newweather.DateWeatherService.a:19 cn.eben.newweather.DateWeatherService.a:0 cn.eben.newweather.DateWeatherService$1.handleMessage:7
05-15 18:38:54.218 623 664 I PowerManagerService: Powering off display group due to timeout (groupId= 0, uid= 1000)...
05-15 18:38:54.218 623 664 I PowerManagerService: Going to sleep due to timeout (uid 1000)...
05-15 18:38:54.220 623 664 I power_sleep_requested: 0
05-15 18:38:54.261 623 3030 D BiometricUtils: isEncrypted: false isLockdown: false
05-15 18:38:54.263 623 623 D BiometricScheduler/Fingerprint21: [Added] {[41] com.android.server.biometrics.sensors.fingerprint.hidl.FingerprintUpdateActiveUserClient, proto=1, owner=android, cookie=0, requestId=-1, userId=0}, new queue size: 1
05-15 18:38:54.263 623 623 D BiometricScheduler/Fingerprint21: [Polled] {[41] com.android.server.biometrics.sensors.fingerprint.hidl.FingerprintUpdateActiveUserClient, proto=1, owner=android, cookie=0, requestId=-1, userId=0}, State: 0
05-15 18:38:54.263 623 623 D BiometricScheduler/Fingerprint21: [Started] {[41] com.android.server.biometrics.sensors.fingerprint.hidl.FingerprintUpdateActiveUserClient, proto=1, owner=android, cookie=0, requestId=-1, userId=0}
05-15 18:38:54.263 623 623 D FingerprintUpdateActiveUserClient: Already user: com.android.server.biometrics.sensors.fingerprint.hidl.Fingerprint21$$ExternalSyntheticLambda17@dba991e, returning
05-15 18:38:54.263 623 623 D BiometricSchedulerOperation: [Finished / destroy]: {[41] com.android.server.biometrics.sensors.fingerprint.hidl.FingerprintUpdateActiveUserClient, proto=1, owner=android, cookie=0, requestId=-1, userId=0}
05-15 18:38:54.263 623 623 V BiometricSchedulerOperation: started: {[41] com.android.server.biometrics.sensors.fingerprint.hidl.FingerprintUpdateActiveUserClient, proto=1, owner=android, cookie=0, requestId=-1, userId=0}, State: 5
05-15 18:38:54.264 623 623 D BiometricScheduler/Fingerprint21: [Added] {[42] com.android.server.biometrics.sensors.fingerprint.hidl.FingerprintAuthenticationClient, proto=3, owner=com.android.systemui, cookie=0, requestId=13, userId=0}, new queue size: 1
05-15 18:38:54.264 623 623 V BiometricScheduler/Fingerprint21: Not idle, current operation: {[41] com.android.server.biometrics.sensors.fingerprint.hidl.FingerprintUpdateActiveUserClient, proto=1, owner=android, cookie=0, requestId=-1, userId=0}, State: 5
05-15 18:38:54.265 623 623 D BiometricScheduler/Fingerprint21: [Finishing] {[41] com.android.server.biometrics.sensors.fingerprint.hidl.FingerprintUpdateActiveUserClient, proto=1, owner=android, cookie=0, requestId=-1, userId=0}, success: true
05-15 18:38:54.265 623 623 D BiometricScheduler/Fingerprint21: [Polled] {[42] com.android.server.biometrics.sensors.fingerprint.hidl.FingerprintAuthenticationClient, proto=3, owner=com.android.systemui, cookie=0, requestId=13, userId=0}, State: 0
05-15 18:38:54.265 623 623 D GestureAvailabilityTracker: Notifying gesture availability, active=false
05-15 18:38:54.265 623 623 D BiometricScheduler/Fingerprint21: [Started] {[42] com.android.server.biometrics.sensors.fingerprint.hidl.FingerprintAuthenticationClient, proto=3, owner=com.android.systemui, cookie=0, requestId=13, userId=0}
05-15 18:38:54.265 623 623 D BiometricCoexCoordinator: addAuthenticationClient(OtherFp), client: {[42] com.android.server.biometrics.sensors.fingerprint.hidl.FingerprintAuthenticationClient, proto=3, owner=com.android.systemui, cookie=0, requestId=13, userId=0}
05-15 18:38:54.265 623 623 D FingerprintService: Fps state updated from 0 to 2, client {[42] com.android.server.biometrics.sensors.fingerprint.hidl.FingerprintAuthenticationClient, proto=3, owner=com.android.systemui, cookie=0, requestId=13, userId=0}
05-15 18:38:54.265 623 623 D Biometrics/AuthenticationClient: Requesting auth for com.android.systemui
05-15 18:38:54.314 623 664 V DisplayPowerController[0]: Brightness [0.5472441] reason changing to: 'manual', previous reason: 'manual [ dim ]'.
05-15 18:38:54.314 623 664 I sysui_multi_action: [757,1696,758,6,759,0]
05-15 18:38:54.319 623 623 V BiometricSchedulerOperation: started: {[42] com.android.server.biometrics.sensors.fingerprint.hidl.FingerprintAuthenticationClient, proto=3, owner=com.android.systemui, cookie=0, requestId=13, userId=0}, State: 2
05-15 18:38:54.746 623 664 I DisplayPowerController[0]: Blocking screen off
05-15 18:38:54.746 623 664 I DisplayPowerController[0]: Unblocked screen off after 1 ms
05-15 18:38:54.772 623 664 D ActivityTaskManager: Top Process State changed to PROCESS_STATE_TOP_SLEEPING
05-15 18:38:54.775 623 664 I wm_pause_activity: [0,202139864,com.android.settings/.Settings$NetworkDashboardActivity,userLeaving=false,sleep]
05-15 18:38:54.775 623 664 I wm_pause_activity: [0,98023526,com.android.settings/.Settings,userLeaving=false,sleep]
05-15 18:38:54.777 984 984 I wm_on_top_resumed_lost_called: [202139864,com.android.settings.Settings$NetworkDashboardActivity,topStateChangedWhenResumed]
05-15 18:38:54.786 623 664 V DisplayPowerController[0]: Brightness [0.003937008] reason changing to: 'screen_off', previous reason: 'manual'.
05-15 18:38:54.792 623 643 I DisplayDeviceRepository: Display device changed state: "内置屏幕", OFF
05-15 18:38:54.803 984 984 I sysui_multi_action: [757,746,758,2,1089,15266]
05-15 18:38:54.814 984 984 I wm_on_paused_called: [202139864,com.android.settings.Settings$NetworkDashboardActivity,performPause]
05-15 18:38:54.819 623 1115 I wm_add_to_stopping: [0,202139864,com.android.settings/.Settings$NetworkDashboardActivity,makeInvisible]
05-15 18:38:54.820 623 1115 I wm_add_to_stopping: [0,98023526,com.android.settings/.Settings,makeInvisible]
05-15 18:38:54.826 623 643 I wm_stop_activity: [0,202139864,com.android.settings/.Settings$NetworkDashboardActivity]
05-15 18:38:54.826 623 643 I sysui_multi_action: [757,803,799,window_time_0,802,15]
05-15 18:38:54.827 984 984 I sysui_multi_action: [757,35,758,2,1089,15409]
05-15 18:38:54.829 984 984 I wm_on_paused_called: [98023526,com.android.settings.Settings,performPause]
05-15 18:38:54.832 623 1115 I wm_set_resumed_activity: [0,com.android.settings/.Settings$NetworkDashboardActivity,resumeTopActivity]
05-15 18:38:54.832 623 1115 I wm_add_to_stopping: [0,202139864,com.android.settings/.Settings$NetworkDashboardActivity,makeInvisible]
05-15 18:38:54.835 623 1115 I wm_resume_activity: [0,202139864,2752,com.android.settings/.Settings$NetworkDashboardActivity]
05-15 18:38:54.836 623 1115 I wm_add_to_stopping: [0,202139864,com.android.settings/.Settings$NetworkDashboardActivity,makeInvisible]
05-15 18:38:54.837 623 1115 I wm_pause_activity: [0,202139864,com.android.settings/.Settings$NetworkDashboardActivity,userLeaving=false,sleep]
05-15 18:38:54.841 623 643 I wm_stop_activity: [0,98023526,com.android.settings/.Settings]
05-15 18:38:54.844 623 643 I sysui_multi_action: [757,803,799,window_time_0,802,0]
05-15 18:38:54.850 984 984 I wm_on_stop_called: [202139864,com.android.settings.Settings$NetworkDashboardActivity,STOP_ACTIVITY_ITEM]
05-15 18:38:54.859 984 984 I wm_on_restart_called: [202139864,com.android.settings.Settings$NetworkDashboardActivity,performRestartActivity]
05-15 18:38:54.869 984 984 I wm_on_start_called: [202139864,com.android.settings.Settings$NetworkDashboardActivity,handleStartActivity]
05-15 18:38:54.870 984 984 I snet_event_log: [120484087,-1,]
05-15 18:38:54.872 984 984 I wm_on_resume_called: [202139864,com.android.settings.Settings$NetworkDashboardActivity,RESUME_ACTIVITY]
05-15 18:38:54.877 984 984 I sysui_multi_action: [757,746,758,1,833,0,1089,0]
05-15 18:38:54.908 984 984 I wm_on_top_resumed_gained_called: [202139864,com.android.settings.Settings$NetworkDashboardActivity,topWhenResuming]
05-15 18:38:54.908 984 984 I wm_on_top_resumed_lost_called: [202139864,com.android.settings.Settings$NetworkDashboardActivity,topStateChangedWhenResumed]
05-15 18:38:54.913 984 984 I sysui_multi_action: [757,746,758,2,1089,36]
05-15 18:38:54.915 984 984 I wm_on_paused_called: [202139864,com.android.settings.Settings$NetworkDashboardActivity,performPause]
05-15 18:38:54.916 623 643 I wm_stop_activity: [0,202139864,com.android.settings/.Settings$NetworkDashboardActivity]
05-15 18:38:54.918 984 984 I wm_on_stop_called: [98023526,com.android.settings.Settings,STOP_ACTIVITY_ITEM]
05-15 18:38:54.950 984 984 I wm_on_stop_called: [202139864,com.android.settings.Settings$NetworkDashboardActivity,STOP_ACTIVITY_ITEM]
05-15 18:38:54.967 623 3030 I ActivityTaskManager: Activity reported stop, but no longer stopping: ActivityRecord{c0c68d8 u0 com.android.settings/.Settings$NetworkDashboardActivity t2752} STOPPED
05-15 18:38:55.002 1391 1391 W ContextImpl: Calling a method in the system process without a qualified user: android.app.ContextImpl.sendBroadcast:1181 android.content.ContextWrapper.sendBroadcast:479 cn.eben.newweather.DateWeatherService.a:19 cn.eben.newweather.DateWeatherService.a:0 cn.eben.newweather.DateWeatherService$1.handleMessage:7
05-15 18:38:55.162 623 664 I PowerManagerService: Sleeping display group (groupId=0, uid=1000)...
05-15 18:38:55.162 623 664 I PowerManagerService: Sleeping (uid 1000)...
05-15 18:38:55.167 623 711 I input_focus: [Focus leaving 693570c com.android.settings/com.android.settings.Settings$NetworkDashboardActivity (server),reason=NO_WINDOW]
05-15 18:38:55.169 623 623 I sysui_multi_action: [757,198,758,2,759,3,1359,945,1695,2]
05-15 18:38:55.170 623 623 I power_screen_state: [0,3,0,0,945]
05-15 18:38:55.170 623 623 I screen_toggled: 0
05-15 18:38:55.170 623 623 I sysui_multi_action: [757,804,799,screen_timeout,801,15,802,1]
05-15 18:38:55.171 623 623 I sysui_multi_action: [757,1594,758,4,759,-2147483648,1359,23555]
05-15 18:38:55.171 623 623 I power_screen_broadcast_send: 1
05-15 18:38:55.218 623 623 I battery_saving_stats: [0,1,0,24085,0,0,3706072,0,0]
05-15 18:38:55.232 623 1115 W ActivityManager: Ignoring request to force stop protected package u0
05-15 18:38:55.266 623 623 I power_screen_broadcast_done: [0,95,1]
05-15 18:39:02.077 1391 1391 W ContextImpl: Calling a method in the system process without a qualified user: android.app.ContextImpl.sendBroadcast:1181 android.content.ContextWrapper.sendBroadcast:479 cn.eben.newweather.DateWeatherService.a:19 cn.eben.newweather.DateWeatherService.a:0 cn.eben.newweather.DateWeatherService$1.handleMessage:7
05-15 18:39:02.078 623 936 W ContentProviderHelper: Permission Denial: opening provider com.android.providers.contacts.ContactsProvider2 from ProcessRecord{6d23060 1792:cn.eben.sync/u0a64} (pid=1792, uid=10064) requires android.permission.READ_CONTACTS or android.permission.WRITE_CONTACTS
05-15 18:39:02.100 623 664 I dvm_lock_sample: [system_server,1,PowerManagerService,2290,PowerManagerService.java,2981,void com.android.server.power.PowerManagerService.handleSandman(int),-,1433,void com.android.server.power.PowerManagerService.acquireWakeLockInternal(android.os.IBinder, int, int, java.lang.String, java.lang.String, android.os.WorkSource, java.lang.String, int, int),100]
05-15 18:39:02.100 623 623 W Looper : Slow dispatch took 2291ms main h=android.app.ActivityThread$H c=android.app.LoadedApk$ServiceDispatcher$RunConnection@f7f479a m=0
05-15 18:39:02.100 623 623 W Looper : Slow delivery took 2292ms main h=com.android.server.power.Notifier$NotifierHandler c=null m=7
05-15 18:39:02.105 623 623 W Looper : Drained
05-15 18:39:02.109 623 623 D BiometricService: Sensor ID(0), oemStrength: 255, updatedStrength: 255, modality 2, state: 0, cookie: 0, props: ID: 0, Strength: 1, Type: 1, sensorId 0, hasEnrollments: true cannot participate in Keystore operations
