05-15 19:28:32.230 1 1 I init : processing action (sys.usb.config=adb && sys.usb.configfs=1 && sys.usb.ffs.ready=1) from (/system/etc/init/hw/init.usb.configfs.rc:20)
05-15 19:28:32.234 1 1 I init : Command 'symlink /config/usb_gadget/g1/functions/ffs.adb /config/usb_gadget/g1/configs/b.1/f1' action=sys.usb.config=adb && sys.usb.configfs=1 && sys.usb.ffs.ready=1 (/system/etc/init/hw/init.usb.configfs.rc:22) took 1ms and failed: symlink() failed: File exists
05-15 19:28:32.235 1 1 I init : Command 'write /config/usb_gadget/g1/UDC ${sys.usb.controller}' action=sys.usb.config=adb && sys.usb.configfs=1 && sys.usb.ffs.ready=1 (/system/etc/init/hw/init.usb.configfs.rc:23) took 1ms and failed: Unable to write to file '/config/usb_gadget/g1/UDC': Unable to write file contents: Device or resource busy
05-15 18:57:08.003 1391 1391 W ContextImpl: Calling a method in the system process without a qualified user: android.app.ContextImpl.sendBroadcast:1181 android.content.ContextWrapper.sendBroadcast:479 cn.eben.newweather.DateWeatherService.a:19 cn.eben.newweather.DateWeatherService.a:0 cn.eben.newweather.DateWeatherService$1.handleMessage:7
05-15 18:57:08.547 623 29878 W ContentProviderHelper: Permission Denial: opening provider com.android.providers.contacts.ContactsProvider2 from ProcessRecord{6d23060 1792:cn.eben.sync/u0a64} (pid=1792, uid=10064) requires android.permission.READ_CONTACTS or android.permission.WRITE_CONTACTS
05-15 19:28:33.274 541 541 I : read descriptors
05-15 19:28:33.274 541 541 I : read strings
05-15 19:28:33.277 1 1 I init : processing action (sys.usb.config=adb && sys.usb.configfs=1 && sys.usb.ffs.ready=1) from (/system/etc/init/hw/init.usb.configfs.rc:20)
05-15 19:28:33.279 1 1 I init : Command 'symlink /config/usb_gadget/g1/functions/ffs.adb /config/usb_gadget/g1/configs/b.1/f1' action=sys.usb.config=adb && sys.usb.configfs=1 && sys.usb.ffs.ready=1 (/system/etc/init/hw/init.usb.configfs.rc:22) took 0ms and failed: symlink() failed: File exists
05-15 19:28:33.281 1 1 I init : Command 'write /config/usb_gadget/g1/UDC ${sys.usb.controller}' action=sys.usb.config=adb && sys.usb.configfs=1 && sys.usb.ffs.ready=1 (/system/etc/init/hw/init.usb.configfs.rc:23) took 0ms and failed: Unable to write to file '/config/usb_gadget/g1/UDC': Unable to write file contents: Device or resource busy
05-15 18:57:08.853 465 493 I RIL : ---> enter mainloop wait at port
05-15 18:57:08.853 465 493 D RIL-DEV : Get modem info
05-15 18:57:08.854 465 493 D RIL-DEV : [05-15_18:57:08:854] idVendor = 0bda
05-15 18:57:08.854 465 493 D RIL-DEV :
05-15 18:57:08.854 465 493 D RIL-DEV : [05-15_18:57:08:855] idVendor = 05e3
05-15 18:57:08.854 465 493 D RIL-DEV :
05-15 18:57:08.854 465 493 D RIL-DEV : [05-15_18:57:08:855] idVendor = 1d6b
05-15 18:57:08.854 465 493 D RIL-DEV :
05-15 18:57:08.854 465 493 D RIL-DEV : [05-15_18:57:08:855] idVendor = 1d6b
05-15 18:57:08.854 465 493 D RIL-DEV :
05-15 18:57:08.854 465 493 D RIL-DEV : [05-15_18:57:08:855] idVendor = 0bda
05-15 18:57:08.854 465 493 D RIL-DEV :
05-15 18:57:08.855 465 493 D RIL-DEV : [05-15_18:57:08:855] idVendor = 1d6b
05-15 18:57:08.855 465 493 D RIL-DEV :
05-15 18:57:08.855 465 493 D RIL-DEV : [05-15_18:57:08:855] idVendor = 2109
05-15 18:57:08.855 465 493 D RIL-DEV :
05-15 18:57:08.855 465 493 D RIL-DEV : [05-15_18:57:08:855] idVendor = 2109
05-15 18:57:08.855 465 493 D RIL-DEV :
05-15 18:57:08.855 465 493 D RIL-DEV : [05-15_18:57:08:855] idVendor = 1d6b
05-15 18:57:08.855 465 493 D RIL-DEV :
05-15 18:57:08.855 465 493 D RIL-DEV : [05-15_18:57:08:855] idVendor = 0bda
05-15 18:57:08.855 465 493 D RIL-DEV :
05-15 18:57:08.855 465 493 D RIL-DEV : [05-15_18:57:08:856] idVendor = 2109
05-15 18:57:08.855 465 493 D RIL-DEV :
05-15 18:57:08.855 465 493 E RIL-DEV : Cannot find Meig devices
05-15 18:57:08.855 465 493 I RIL : ---> can't find meig usb devices
05-15 18:57:09.003 1391 1391 W ContextImpl: Calling a method in the system process without a qualified user: android.app.ContextImpl.sendBroadcast:1181 android.content.ContextWrapper.sendBroadcast:479 cn.eben.newweather.DateWeatherService.a:19 cn.eben.newweather.DateWeatherService.a:0 cn.eben.newweather.DateWeatherService$1.handleMessage:7
05-15 19:28:33.959 27448 27448 I binder : 27049:27448 transaction failed 29202/0, size 1588-0 line 3265
05-15 19:28:34.330 541 541 I : read descriptors
05-15 19:28:34.331 541 541 I : read strings
05-15 19:28:34.334 1 1 I init : processing action (sys.usb.config=adb && sys.usb.configfs=1 && sys.usb.ffs.ready=1) from (/system/etc/init/hw/init.usb.configfs.rc:20)
05-15 18:57:10.003 1391 1391 W ContextImpl: Calling a method in the system process without a qualified user: android.app.ContextImpl.sendBroadcast:1181 android.content.ContextWrapper.sendBroadcast:479 cn.eben.newweather.DateWeatherService.a:19 cn.eben.newweather.DateWeatherService.a:0 cn.eben.newweather.DateWeatherService$1.handleMessage:7
05-15 19:28:35.384 541 541 I : read descriptors
05-15 19:28:35.384 541 541 I : read strings
05-15 18:57:10.855 465 493 I RIL : ---> enter mainloop wait at port
05-15 18:57:10.856 465 493 D RIL-DEV : Get modem info
05-15 18:57:10.856 465 493 D RIL-DEV : [05-15_18:57:10:856] idVendor = 0bda
05-15 18:57:10.856 465 493 D RIL-DEV :
05-15 18:57:10.856 465 493 D RIL-DEV : [05-15_18:57:10:857] idVendor = 05e3
05-15 18:57:10.856 465 493 D RIL-DEV :
05-15 18:57:10.856 465 493 D RIL-DEV : [05-15_18:57:10:857] idVendor = 1d6b
05-15 18:57:10.856 465 493 D RIL-DEV :
05-15 18:57:10.856 465 493 D RIL-DEV : [05-15_18:57:10:857] idVendor = 1d6b
05-15 18:57:10.856 465 493 D RIL-DEV :
05-15 18:57:10.856 465 493 D RIL-DEV : [05-15_18:57:10:857] idVendor = 0bda
05-15 18:57:10.856 465 493 D RIL-DEV :
05-15 18:57:10.857 465 493 D RIL-DEV : [05-15_18:57:10:857] idVendor = 1d6b
05-15 18:57:10.857 465 493 D RIL-DEV :
05-15 18:57:10.857 465 493 D RIL-DEV : [05-15_18:57:10:857] idVendor = 2109
05-15 18:57:10.857 465 493 D RIL-DEV :
05-15 18:57:10.857 465 493 D RIL-DEV : [05-15_18:57:10:857] idVendor = 2109
05-15 18:57:10.857 465 493 D RIL-DEV :
05-15 18:57:10.857 465 493 D RIL-DEV : [05-15_18:57:10:857] idVendor = 1d6b
05-15 18:57:10.857 465 493 D RIL-DEV :
05-15 18:57:10.857 465 493 D RIL-DEV : [05-15_18:57:10:858] idVendor = 0bda
05-15 18:57:10.857 465 493 D RIL-DEV :
05-15 18:57:10.857 465 493 D RIL-DEV : [05-15_18:57:10:858] idVendor = 2109
05-15 18:57:10.857 465 493 D RIL-DEV :
05-15 18:57:10.857 465 493 E RIL-DEV : Cannot find Meig devices
05-15 18:57:10.857 465 493 I RIL : ---> can't find meig usb devices
05-15 18:57:11.001 1391 1391 W ContextImpl: Calling a method in the system process without a qualified user: android.app.ContextImpl.sendBroadcast:1181 android.content.ContextWrapper.sendBroadcast:479 cn.eben.newweather.DateWeatherService.a:19 cn.eben.newweather.DateWeatherService.a:0 cn.eben.newweather.DateWeatherService$1.handleMessage:7
05-15 19:28:36.434 541 541 I : read descriptors
05-15 19:28:36.434 541 541 I : read strings
05-15 19:28:36.437 1 1 I init : processing action (sys.usb.config=adb && sys.usb.configfs=1 && sys.usb.ffs.ready=1) from (/system/etc/init/hw/init.usb.configfs.rc:20)
05-15 19:28:36.441 1 1 I init : Command 'symlink /config/usb_gadget/g1/functions/ffs.adb /config/usb_gadget/g1/configs/b.1/f1' action=sys.usb.config=adb && sys.usb.configfs=1 && sys.usb.ffs.ready=1 (/system/etc/init/hw/init.usb.configfs.rc:22) took 1ms and failed: symlink() failed: File exists
05-15 19:28:36.442 1 1 I init : Command 'write /config/usb_gadget/g1/UDC ${sys.usb.controller}' action=sys.usb.config=adb && sys.usb.configfs=1 && sys.usb.ffs.ready=1 (/system/etc/init/hw/init.usb.configfs.rc:23) took 1ms and failed: Unable to write to file '/config/usb_gadget/g1/UDC': Unable to write file contents: Device or resource busy
05-15 18:57:12.003 1391 1391 W ContextImpl: Calling a method in the system process without a qualified user: android.app.ContextImpl.sendBroadcast:1181 android.content.ContextWrapper.sendBroadcast:479 cn.eben.newweather.DateWeatherService.a:19 cn.eben.newweather.DateWeatherService.a:0 cn.eben.newweather.DateWeatherService$1.handleMessage:7
05-15 18:57:12.858 465 493 I RIL : ---> enter mainloop wait at port
05-15 18:57:12.858 465 493 D RIL-DEV : Get modem info
05-15 18:57:12.858 465 493 D RIL-DEV : [05-15_18:57:12:859] idVendor = 0bda
05-15 18:57:12.858 465 493 D RIL-DEV :
05-15 18:57:12.858 465 493 D RIL-DEV : [05-15_18:57:12:859] idVendor = 05e3
05-15 18:57:12.858 465 493 D RIL-DEV :
05-15 18:57:12.858 465 493 D RIL-DEV : [05-15_18:57:12:859] idVendor = 1d6b
05-15 18:57:12.858 465 493 D RIL-DEV :
05-15 18:57:12.859 465 493 D RIL-DEV : [05-15_18:57:12:859] idVendor = 1d6b
05-15 18:57:12.859 465 493 D RIL-DEV :
05-15 18:57:12.859 465 493 D RIL-DEV : [05-15_18:57:12:859] idVendor = 0bda
05-15 18:57:12.859 465 493 D RIL-DEV :
05-15 18:57:12.859 465 493 D RIL-DEV : [05-15_18:57:12:859] idVendor = 1d6b
05-15 18:57:12.859 465 493 D RIL-DEV :
05-15 18:57:12.859 465 493 D RIL-DEV : [05-15_18:57:12:859] idVendor = 2109
05-15 18:57:12.859 465 493 D RIL-DEV :
05-15 18:57:12.859 465 493 D RIL-DEV : [05-15_18:57:12:860] idVendor = 2109
05-15 18:57:12.859 465 493 D RIL-DEV :
05-15 18:57:12.859 465 493 D RIL-DEV : [05-15_18:57:12:860] idVendor = 1d6b
05-15 18:57:12.859 465 493 D RIL-DEV :
05-15 18:57:12.859 465 493 D RIL-DEV : [05-15_18:57:12:860] idVendor = 0bda
05-15 18:57:12.859 465 493 D RIL-DEV :
05-15 18:57:12.859 465 493 D RIL-DEV : [05-15_18:57:12:860] idVendor = 2109
05-15 18:57:12.859 465 493 D RIL-DEV :
05-15 18:57:12.860 465 493 E RIL-DEV : Cannot find Meig devices
05-15 18:57:12.860 465 493 I RIL : ---> can't find meig usb devices
05-15 19:28:37.487 541 541 I : read descriptors
05-15 19:28:37.487 541 541 I : read strings
05-15 19:28:37.491 1 1 I init : processing action (sys.usb.config=adb && sys.usb.configfs=1 && sys.usb.ffs.ready=1) from (/system/etc/init/hw/init.usb.configfs.rc:20)
05-15 19:28:37.494 1 1 I init : Command 'symlink /config/usb_gadget/g1/functions/ffs.adb /config/usb_gadget/g1/configs/b.1/f1' action=sys.usb.config=adb && sys.usb.configfs=1 && sys.usb.ffs.ready=1 (/system/etc/init/hw/init.usb.configfs.rc:22) took 1ms and failed: symlink() failed: File exists
05-15 19:28:37.495 1 1 I init : Command 'write /config/usb_gadget/g1/UDC ${sys.usb.controller}' action=sys.usb.config=adb && sys.usb.configfs=1 && sys.usb.ffs.ready=1 (/system/etc/init/hw/init.usb.configfs.rc:23) took 1ms and failed: Unable to write to file '/config/usb_gadget/g1/UDC': Unable to write file contents: Device or resource busy
05-15 18:57:13.002 1391 1391 W ContextImpl: Calling a method in the system process without a qualified user: android.app.ContextImpl.sendBroadcast:1181 android.content.ContextWrapper.sendBroadcast:479 cn.eben.newweather.DateWeatherService.a:19 cn.eben.newweather.DateWeatherService.a:0 cn.eben.newweather.DateWeatherService$1.handleMessage:7
05-15 18:57:13.552 623 29878 W ContentProviderHelper: Permission Denial: opening provider com.android.providers.contacts.ContactsProvider2 from ProcessRecord{6d23060 1792:cn.eben.sync/u0a64} (pid=1792, uid=10064) requires android.permission.READ_CONTACTS or android.permission.WRITE_CONTACTS
05-15 19:28:38.534 541 541 I : read descriptors
05-15 19:28:38.534 541 541 I : read strings
05-15 19:28:38.536 1 1 I init : processing action (sys.usb.config=adb && sys.usb.configfs=1 && sys.usb.ffs.ready=1) from (/system/etc/init/hw/init.usb.configfs.rc:20)
05-15 19:28:38.540 1 1 I init : Command 'symlink /config/usb_gadget/g1/functions/ffs.adb /config/usb_gadget/g1/configs/b.1/f1' action=sys.usb.config=adb && sys.usb.configfs=1 && sys.usb.ffs.ready=1 (/system/etc/init/hw/init.usb.configfs.rc:22) took 1ms and failed: symlink() failed: File exists
05-15 19:28:38.541 1 1 I init : Command 'write /config/usb_gadget/g1/UDC ${sys.usb.controller}' action=sys.usb.config=adb && sys.usb.configfs=1 && sys.usb.ffs.ready=1 (/system/etc/init/hw/init.usb.configfs.rc:23) took 1ms and failed: Unable to write to file '/config/usb_gadget/g1/UDC': Unable to write file contents: Device or resource busy
05-15 18:57:14.003 1391 1391 W ContextImpl: Calling a method in the system process without a qualified user: android.app.ContextImpl.sendBroadcast:1181 android.content.ContextWrapper.sendBroadcast:479 cn.eben.newweather.DateWeatherService.a:19 cn.eben.newweather.DateWeatherService.a:0 cn.eben.newweather.DateWeatherService$1.handleMessage:7
05-15 18:57:14.860 465 493 I RIL : ---> enter mainloop wait at port
05-15 18:57:14.860 465 493 D RIL-DEV : Get modem info
05-15 18:57:14.861 465 493 D RIL-DEV : [05-15_18:57:14:862] idVendor = 0bda
05-15 18:57:14.861 465 493 D RIL-DEV :
05-15 18:57:14.862 465 493 D RIL-DEV : [05-15_18:57:14:862] idVendor = 05e3
05-15 18:57:14.862 465 493 D RIL-DEV :
05-15 18:57:14.862 465 493 D RIL-DEV : [05-15_18:57:14:862] idVendor = 1d6b
05-15 18:57:14.862 465 493 D RIL-DEV :
05-15 18:57:14.862 465 493 D RIL-DEV : [05-15_18:57:14:863] idVendor = 1d6b
05-15 18:57:14.862 465 493 D RIL-DEV :
05-15 18:57:14.863 465 493 D RIL-DEV : [05-15_18:57:14:863] idVendor = 0bda
05-15 18:57:14.863 465 493 D RIL-DEV :
05-15 18:57:14.863 465 493 D RIL-DEV : [05-15_18:57:14:864] idVendor = 1d6b
05-15 18:57:14.863 465 493 D RIL-DEV :
05-15 18:57:14.863 465 493 D RIL-DEV : [05-15_18:57:14:864] idVendor = 2109
05-15 18:57:14.863 465 493 D RIL-DEV :
05-15 18:57:14.864 465 493 D RIL-DEV : [05-15_18:57:14:864] idVendor = 2109
05-15 18:57:14.864 465 493 D RIL-DEV :
05-15 18:57:14.864 465 493 D RIL-DEV : [05-15_18:57:14:865] idVendor = 1d6b
05-15 18:57:14.864 465 493 D RIL-DEV :
05-15 18:57:14.864 465 493 D RIL-DEV : [05-15_18:57:14:865] idVendor = 0bda
05-15 18:57:14.864 465 493 D RIL-DEV :
05-15 18:57:14.865 465 493 D RIL-DEV : [05-15_18:57:14:865] idVendor = 2109
05-15 18:57:14.865 465 493 D RIL-DEV :
05-15 18:57:14.865 465 493 E RIL-DEV : Cannot find Meig devices
05-15 18:57:14.865 465 493 I RIL : ---> can't find meig usb devices
05-15 18:57:15.002 1391 1391 W ContextImpl: Calling a method in the system process without a qualified user: android.app.ContextImpl.sendBroadcast:1181 android.content.ContextWrapper.sendBroadcast:479 cn.eben.newweather.DateWeatherService.a:19 cn.eben.newweather.DateWeatherService.a:0 cn.eben.newweather.DateWeatherService$1.handleMessage:7
05-15 19:28:39.601 541 541 I : read descriptors
05-15 19:28:39.601 541 541 I : read strings
05-15 19:28:39.603 1 1 I init : processing action (sys.usb.config=adb && sys.usb.configfs=1 && sys.usb.ffs.ready=1) from (/system/etc/init/hw/init.usb.configfs.rc:20)
05-15 18:57:16.002 1391 1391 W ContextImpl: Calling a method in the system process without a qualified user: android.app.ContextImpl.sendBroadcast:1181 android.content.ContextWrapper.sendBroadcast:479 cn.eben.newweather.DateWeatherService.a:19 cn.eben.newweather.DateWeatherService.a:0 cn.eben.newweather.DateWeatherService$1.handleMessage:7
05-15 19:28:40.650 541 541 I : read descriptors
05-15 19:28:40.651 541 541 I : read strings
05-15 19:28:40.913 27448 27448 I binder : 27049:27448 transaction failed 29202/0, size 2176-0 line 3265
05-15 19:28:40.914 27448 27448 I binder : 27049:27448 transaction failed 29202/0, size 540-0 line 3265
05-15 18:57:16.670 623 623 I notification_enqueue: [10100,10735,com.baidu.appsearch,2131755453,NULL,0,Notification(channel=手机管理、安全检测相关通知 shortcut=null contentView=null vibrate=null sound=null defaults=0x0 flags=0x62 color=0x00000000 vis=PRIVATE),1]
05-15 18:57:16.866 465 493 I RIL : ---> enter mainloop wait at port
05-15 18:57:16.866 465 493 D RIL-DEV : Get modem info
05-15 18:57:16.867 465 493 D RIL-DEV : [05-15_18:57:16:867] idVendor = 0bda
05-15 18:57:16.867 465 493 D RIL-DEV :
05-15 18:57:16.867 465 493 D RIL-DEV : [05-15_18:57:16:868] idVendor = 05e3
05-15 18:57:16.867 465 493 D RIL-DEV :
05-15 18:57:16.867 465 493 D RIL-DEV : [05-15_18:57:16:868] idVendor = 1d6b
05-15 18:57:16.867 465 493 D RIL-DEV :
05-15 18:57:16.868 465 493 D RIL-DEV : [05-15_18:57:16:868] idVendor = 1d6b
05-15 18:57:16.868 465 493 D RIL-DEV :
05-15 18:57:16.868 465 493 D RIL-DEV : [05-15_18:57:16:869] idVendor = 0bda
05-15 18:57:16.868 465 493 D RIL-DEV :
05-15 18:57:16.869 465 493 D RIL-DEV : [05-15_18:57:16:869] idVendor = 1d6b
05-15 18:57:16.869 465 493 D RIL-DEV :
05-15 18:57:16.869 465 493 D RIL-DEV : [05-15_18:57:16:869] idVendor = 2109
05-15 18:57:16.869 465 493 D RIL-DEV :
05-15 18:57:16.869 465 493 D RIL-DEV : [05-15_18:57:16:870] idVendor = 2109
05-15 18:57:16.869 465 493 D RIL-DEV :
05-15 18:57:16.870 465 493 D RIL-DEV : [05-15_18:57:16:870] idVendor = 1d6b
05-15 18:57:16.870 465 493 D RIL-DEV :
05-15 18:57:16.870 465 493 D RIL-DEV : [05-15_18:57:16:870] idVendor = 0bda
05-15 18:57:16.870 465 493 D RIL-DEV :
05-15 18:57:16.870 465 493 D RIL-DEV : [05-15_18:57:16:871] idVendor = 2109
05-15 18:57:16.870 465 493 D RIL-DEV :
05-15 18:57:16.871 465 493 E RIL-DEV : Cannot find Meig devices
05-15 18:57:16.871 465 493 I RIL : ---> can't find meig usb devices
05-15 18:57:17.002 1391 1391 W ContextImpl: Calling a method in the system process without a qualified user: android.app.ContextImpl.sendBroadcast:1181 android.content.ContextWrapper.sendBroadcast:479 cn.eben.newweather.DateWeatherService.a:19 cn.eben.newweather.DateWeatherService.a:0 cn.eben.newweather.DateWeatherService$1.handleMessage:7
05-15 19:28:41.701 541 541 I : read descriptors
05-15 19:28:41.701 541 541 I : read strings
05-15 19:28:41.703 1 1 I init : processing action (sys.usb.config=adb && sys.usb.configfs=1 && sys.usb.ffs.ready=1) from (/system/etc/init/hw/init.usb.configfs.rc:20)
05-15 19:28:41.706 1 1 I init : Command 'symlink /config/usb_gadget/g1/functions/ffs.adb /config/usb_gadget/g1/configs/b.1/f1' action=sys.usb.config=adb && sys.usb.configfs=1 && sys.usb.ffs.ready=1 (/system/etc/init/hw/init.usb.configfs.rc:22) took 1ms and failed: symlink() failed: File exists
05-15 19:28:41.710 1 1 I init : Command 'write /config/usb_gadget/g1/UDC ${sys.usb.controller}' action=sys.usb.config=adb && sys.usb.configfs=1 && sys.usb.ffs.ready=1 (/system/etc/init/hw/init.usb.configfs.rc:23) took 0ms and failed: Unable to write to file '/config/usb_gadget/g1/UDC': Unable to write file contents: Device or resource busy
05-15 18:57:18.003 1391 1391 W ContextImpl: Calling a method in the system process without a qualified user: android.app.ContextImpl.sendBroadcast:1181 android.content.ContextWrapper.sendBroadcast:479 cn.eben.newweather.DateWeatherService.a:19 cn.eben.newweather.DateWeatherService.a:0 cn.eben.newweather.DateWeatherService$1.handleMessage:7
05-15 19:28:42.744 541 541 I : read descriptors
05-15 19:28:42.744 541 541 I : read strings
05-15 19:28:42.746 1 1 I init : processing action (sys.usb.config=adb && sys.usb.configfs=1 && sys.usb.ffs.ready=1) from (/system/etc/init/hw/init.usb.configfs.rc:20)
05-15 19:28:42.749 1 1 I init : Command 'symlink /config/usb_gadget/g1/functions/ffs.adb /config/usb_gadget/g1/configs/b.1/f1' action=sys.usb.config=adb && sys.usb.configfs=1 && sys.usb.ffs.ready=1 (/system/etc/init/hw/init.usb.configfs.rc:22) took 0ms and failed: symlink() failed: File exists
05-15 19:28:42.750 1 1 I init : Command 'write /config/usb_gadget/g1/UDC ${sys.usb.controller}' action=sys.usb.config=adb && sys.usb.configfs=1 && sys.usb.ffs.ready=1 (/system/etc/init/hw/init.usb.configfs.rc:23) took 0ms and failed: Unable to write to file '/config/usb_gadget/g1/UDC': Unable to write file contents: Device or resource busy
05-15 18:57:18.557 623 1955 W ContentProviderHelper: Permission Denial: opening provider com.android.providers.contacts.ContactsProvider2 from ProcessRecord{6d23060 1792:cn.eben.sync/u0a64} (pid=1792, uid=10064) requires android.permission.READ_CONTACTS or android.permission.WRITE_CONTACTS
05-15 18:57:18.872 465 493 I RIL : ---> enter mainloop wait at port
05-15 18:57:18.872 465 493 D RIL-DEV : Get modem info
05-15 18:57:18.873 465 493 D RIL-DEV : [05-15_18:57:18:873] idVendor = 0bda
05-15 18:57:18.873 465 493 D RIL-DEV :
05-15 18:57:18.873 465 493 D RIL-DEV : [05-15_18:57:18:874] idVendor = 05e3
05-15 18:57:18.873 465 493 D RIL-DEV :
05-15 18:57:18.873 465 493 D RIL-DEV : [05-15_18:57:18:874] idVendor = 1d6b
05-15 18:57:18.873 465 493 D RIL-DEV :
05-15 18:57:18.874 465 493 D RIL-DEV : [05-15_18:57:18:874] idVendor = 1d6b
05-15 18:57:18.874 465 493 D RIL-DEV :
05-15 18:57:18.874 465 493 D RIL-DEV : [05-15_18:57:18:875] idVendor = 0bda
05-15 18:57:18.874 465 493 D RIL-DEV :
05-15 18:57:18.875 465 493 D RIL-DEV : [05-15_18:57:18:875] idVendor = 1d6b
05-15 18:57:18.875 465 493 D RIL-DEV :
05-15 18:57:18.875 465 493 D RIL-DEV : [05-15_18:57:18:875] idVendor = 2109
05-15 18:57:18.875 465 493 D RIL-DEV :
05-15 18:57:18.875 465 493 D RIL-DEV : [05-15_18:57:18:876] idVendor = 2109
05-15 18:57:18.875 465 493 D RIL-DEV :
05-15 18:57:18.876 465 493 D RIL-DEV : [05-15_18:57:18:876] idVendor = 1d6b
05-15 18:57:18.876 465 493 D RIL-DEV :
05-15 18:57:18.876 465 493 D RIL-DEV : [05-15_18:57:18:877] idVendor = 0bda
05-15 18:57:18.876 465 493 D RIL-DEV :
05-15 18:57:18.877 465 493 D RIL-DEV : [05-15_18:57:18:877] idVendor = 2109
05-15 18:57:18.877 465 493 D RIL-DEV :
05-15 18:57:18.877 465 493 E RIL-DEV : Cannot find Meig devices
05-15 18:57:18.877 465 493 I RIL : ---> can't find meig usb devices
05-15 18:57:19.002 1391 1391 W ContextImpl: Calling a method in the system process without a qualified user: android.app.ContextImpl.sendBroadcast:1181 android.content.ContextWrapper.sendBroadcast:479 cn.eben.newweather.DateWeatherService.a:19 cn.eben.newweather.DateWeatherService.a:0 cn.eben.newweather.DateWeatherService$1.handleMessage:7
05-15 19:28:43.821 541 541 I : read descriptors
05-15 19:28:43.821 541 541 I : read strings
05-15 19:28:43.823 1 1 I init : processing action (sys.usb.config=adb && sys.usb.configfs=1 && sys.usb.ffs.ready=1) from (/system/etc/init/hw/init.usb.configfs.rc:20)
05-15 19:28:43.828 1 1 I init : Command 'symlink /config/usb_gadget/g1/functions/ffs.adb /config/usb_gadget/g1/configs/b.1/f1' action=sys.usb.config=adb && sys.usb.configfs=1 && sys.usb.ffs.ready=1 (/system/etc/init/hw/init.usb.configfs.rc:22) took 2ms and failed: symlink() failed: File exists
05-15 19:28:43.831 1 1 I init : Command 'write /config/usb_gadget/g1/UDC ${sys.usb.controller}' action=sys.usb.config=adb && sys.usb.configfs=1 && sys.usb.ffs.ready=1 (/system/etc/init/hw/init.usb.configfs.rc:23) took 1ms and failed: Unable to write to file '/config/usb_gadget/g1/UDC': Unable to write file contents: Device or resource busy
05-15 19:28:43.982 27448 27448 I binder : 27049:27448 transaction failed 29202/0, size 1588-0 line 3265
05-15 18:57:20.003 1391 1391 W ContextImpl: Calling a method in the system process without a qualified user: android.app.ContextImpl.sendBroadcast:1181 android.content.ContextWrapper.sendBroadcast:479 cn.eben.newweather.DateWeatherService.a:19 cn.eben.newweather.DateWeatherService.a:0 cn.eben.newweather.DateWeatherService$1.handleMessage:7
05-15 19:28:44.864 541 541 I : read descriptors
05-15 19:28:44.864 541 541 I : read strings
05-15 19:28:44.866 1 1 I init : processing action (sys.usb.config=adb && sys.usb.configfs=1 && sys.usb.ffs.ready=1) from (/system/etc/init/hw/init.usb.configfs.rc:20)
05-15 18:57:20.877 465 493 I RIL : ---> enter mainloop wait at port
05-15 18:57:20.878 465 493 D RIL-DEV : Get modem info
05-15 18:57:20.878 465 493 D RIL-DEV : [05-15_18:57:20:879] idVendor = 0bda
05-15 18:57:20.878 465 493 D RIL-DEV :
05-15 18:57:20.879 465 493 D RIL-DEV : [05-15_18:57:20:879] idVendor = 05e3
05-15 18:57:20.879 465 493 D RIL-DEV :
05-15 18:57:20.879 465 493 D RIL-DEV : [05-15_18:57:20:880] idVendor = 1d6b
05-15 18:57:20.879 465 493 D RIL-DEV :
05-15 18:57:20.880 465 493 D RIL-DEV : [05-15_18:57:20:880] idVendor = 1d6b
05-15 18:57:20.880 465 493 D RIL-DEV :
05-15 18:57:20.880 465 493 D RIL-DEV : [05-15_18:57:20:880] idVendor = 0bda
05-15 18:57:20.880 465 493 D RIL-DEV :
05-15 18:57:20.880 465 493 D RIL-DEV : [05-15_18:57:20:881] idVendor = 1d6b
05-15 18:57:20.880 465 493 D RIL-DEV :
05-15 18:57:20.881 465 493 D RIL-DEV : [05-15_18:57:20:881] idVendor = 2109
05-15 18:57:20.881 465 493 D RIL-DEV :
05-15 18:57:20.881 465 493 D RIL-DEV : [05-15_18:57:20:882] idVendor = 2109
05-15 18:57:20.881 465 493 D RIL-DEV :
05-15 18:57:20.881 465 493 D RIL-DEV : [05-15_18:57:20:882] idVendor = 1d6b
05-15 18:57:20.881 465 493 D RIL-DEV :
05-15 18:57:20.882 465 493 D RIL-DEV : [05-15_18:57:20:882] idVendor = 0bda
05-15 18:57:20.882 465 493 D RIL-DEV :
05-15 18:57:20.882 465 493 D RIL-DEV : [05-15_18:57:20:882] idVendor = 2109
05-15 18:57:20.882 465 493 D RIL-DEV :
05-15 18:57:20.882 465 493 E RIL-DEV : Cannot find Meig devices
05-15 18:57:20.883 465 493 I RIL : ---> can't find meig usb devices
05-15 18:57:21.001 1391 1391 W ContextImpl: Calling a method in the system process without a qualified user: android.app.ContextImpl.sendBroadcast:1181 android.content.ContextWrapper.sendBroadcast:479 cn.eben.newweather.DateWeatherService.a:19 cn.eben.newweather.DateWeatherService.a:0 cn.eben.newweather.DateWeatherService$1.handleMessage:7
05-15 19:28:45.907 541 541 I : read descriptors
05-15 19:28:45.907 541 541 I : read strings
05-15 18:57:22.002 1391 1391 W ContextImpl: Calling a method in the system process without a qualified user: android.app.ContextImpl.sendBroadcast:1181 android.content.ContextWrapper.sendBroadcast:479 cn.eben.newweather.DateWeatherService.a:19 cn.eben.newweather.DateWeatherService.a:0 cn.eben.newweather.DateWeatherService$1.handleMessage:7
05-15 19:28:46.961 541 541 I : read descriptors
05-15 19:28:46.961 541 541 I : read strings
05-15 19:28:46.963 1 1 I init : processing action (sys.usb.config=adb && sys.usb.configfs=1 && sys.usb.ffs.ready=1) from (/system/etc/init/hw/init.usb.configfs.rc:20)
05-15 19:28:46.966 1 1 I init : Command 'symlink /config/usb_gadget/g1/functions/ffs.adb /config/usb_gadget/g1/configs/b.1/f1' action=sys.usb.config=adb && sys.usb.configfs=1 && sys.usb.ffs.ready=1 (/system/etc/init/hw/init.usb.configfs.rc:22) took 0ms and failed: symlink() failed: File exists
05-15 19:28:46.967 1 1 I init : Command 'write /config/usb_gadget/g1/UDC ${sys.usb.controller}' action=sys.usb.config=adb && sys.usb.configfs=1 && sys.usb.ffs.ready=1 (/system/etc/init/hw/init.usb.configfs.rc:23) took 0ms and failed: Unable to write to file '/config/usb_gadget/g1/UDC': Unable to write file contents: Device or resource busy
05-15 18:57:22.883 465 493 I RIL : ---> enter mainloop wait at port
05-15 18:57:22.884 465 493 D RIL-DEV : Get modem info
05-15 18:57:22.884 465 493 D RIL-DEV : [05-15_18:57:22:885] idVendor = 0bda
05-15 18:57:22.884 465 493 D RIL-DEV :
05-15 18:57:22.885 465 493 D RIL-DEV : [05-15_18:57:22:885] idVendor = 05e3
05-15 18:57:22.885 465 493 D RIL-DEV :
05-15 18:57:22.885 465 493 D RIL-DEV : [05-15_18:57:22:886] idVendor = 1d6b
05-15 18:57:22.885 465 493 D RIL-DEV :
05-15 18:57:22.885 465 493 D RIL-DEV : [05-15_18:57:22:886] idVendor = 1d6b
05-15 18:57:22.885 465 493 D RIL-DEV :
05-15 18:57:22.887 465 493 D RIL-DEV : [05-15_18:57:22:887] idVendor = 0bda
05-15 18:57:22.887 465 493 D RIL-DEV :
05-15 18:57:22.887 465 493 D RIL-DEV : [05-15_18:57:22:888] idVendor = 1d6b
05-15 18:57:22.887 465 493 D RIL-DEV :
05-15 18:57:22.888 465 493 D RIL-DEV : [05-15_18:57:22:888] idVendor = 2109
05-15 18:57:22.888 465 493 D RIL-DEV :
05-15 18:57:22.888 465 493 D RIL-DEV : [05-15_18:57:22:889] idVendor = 2109
05-15 18:57:22.888 465 493 D RIL-DEV :
05-15 18:57:22.888 465 493 D RIL-DEV : [05-15_18:57:22:889] idVendor = 1d6b
05-15 18:57:22.888 465 493 D RIL-DEV :
05-15 18:57:22.889 465 493 D RIL-DEV : [05-15_18:57:22:889] idVendor = 0bda
05-15 18:57:22.889 465 493 D RIL-DEV :
05-15 18:57:22.889 465 493 D RIL-DEV : [05-15_18:57:22:890] idVendor = 2109
05-15 18:57:22.889 465 493 D RIL-DEV :
05-15 18:57:22.890 465 493 E RIL-DEV : Cannot find Meig devices
05-15 18:57:22.890 465 493 I RIL : ---> can't find meig usb devices
05-15 18:57:23.002 1391 1391 W ContextImpl: Calling a method in the system process without a qualified user: android.app.ContextImpl.sendBroadcast:1181 android.content.ContextWrapper.sendBroadcast:479 cn.eben.newweather.DateWeatherService.a:19 cn.eben.newweather.DateWeatherService.a:0 cn.eben.newweather.DateWeatherService$1.handleMessage:7
05-15 19:28:48.017 541 541 I : read descriptors
05-15 19:28:48.017 541 541 I : read strings
05-15 19:28:48.020 1 1 I init : processing action (sys.usb.config=adb && sys.usb.configfs=1 && sys.usb.ffs.ready=1) from (/system/etc/init/hw/init.usb.configfs.rc:20)
05-15 19:28:48.023 1 1 I init : Command 'symlink /config/usb_gadget/g1/functions/ffs.adb /config/usb_gadget/g1/configs/b.1/f1' action=sys.usb.config=adb && sys.usb.configfs=1 && sys.usb.ffs.ready=1 (/system/etc/init/hw/init.usb.configfs.rc:22) took 1ms and failed: symlink() failed: File exists
05-15 19:28:48.026 1 1 I init : Command 'write /config/usb_gadget/g1/UDC ${sys.usb.controller}' action=sys.usb.config=adb && sys.usb.configfs=1 && sys.usb.ffs.ready=1 (/system/etc/init/hw/init.usb.configfs.rc:23) took 1ms and failed: Unable to write to file '/config/usb_gadget/g1/UDC': Unable to write file contents: Device or resource busy
05-15 18:57:23.563 623 1955 W ContentProviderHelper: Permission Denial: opening provider com.android.providers.contacts.ContactsProvider2 from ProcessRecord{6d23060 1792:cn.eben.sync/u0a64} (pid=1792, uid=10064) requires android.permission.READ_CONTACTS or android.permission.WRITE_CONTACTS
05-15 18:57:24.002 1391 1391 W ContextImpl: Calling a method in the system process without a qualified user: android.app.ContextImpl.sendBroadcast:1181 android.content.ContextWrapper.sendBroadcast:479 cn.eben.newweather.DateWeatherService.a:19 cn.eben.newweather.DateWeatherService.a:0 cn.eben.newweather.DateWeatherService$1.handleMessage:7
05-15 19:28:49.061 541 541 I : read descriptors
05-15 19:28:49.061 541 541 I : read strings
05-15 19:28:49.063 1 1 I init : processing action (sys.usb.config=adb && sys.usb.configfs=1 && sys.usb.ffs.ready=1) from (/system/etc/init/hw/init.usb.configfs.rc:20)
05-15 19:28:49.066 1 1 I init : Command 'symlink /config/usb_gadget/g1/functions/ffs.adb /config/usb_gadget/g1/configs/b.1/f1' action=sys.usb.config=adb && sys.usb.configfs=1 && sys.usb.ffs.ready=1 (/system/etc/init/hw/init.usb.configfs.rc:22) took 0ms and failed: symlink() failed: File exists
05-15 19:28:49.069 1 1 I init : Command 'write /config/usb_gadget/g1/UDC ${sys.usb.controller}' action=sys.usb.config=adb && sys.usb.configfs=1 && sys.usb.ffs.ready=1 (/system/etc/init/hw/init.usb.configfs.rc:23) took 1ms and failed: Unable to write to file '/config/usb_gadget/g1/UDC': Unable to write file contents: Device or resource busy
05-15 18:57:24.890 465 493 I RIL : ---> enter mainloop wait at port
05-15 18:57:24.890 465 493 D RIL-DEV : Get modem info
05-15 18:57:24.891 465 493 D RIL-DEV : [05-15_18:57:24:891] idVendor = 0bda
05-15 18:57:24.891 465 493 D RIL-DEV :
05-15 18:57:24.891 465 493 D RIL-DEV : [05-15_18:57:24:892] idVendor = 05e3
05-15 18:57:24.891 465 493 D RIL-DEV :
05-15 18:57:24.892 465 493 D RIL-DEV : [05-15_18:57:24:892] idVendor = 1d6b
05-15 18:57:24.892 465 493 D RIL-DEV :
05-15 18:57:24.892 465 493 D RIL-DEV : [05-15_18:57:24:892] idVendor = 1d6b
05-15 18:57:24.892 465 493 D RIL-DEV :
05-15 18:57:24.892 465 493 D RIL-DEV : [05-15_18:57:24:893] idVendor = 0bda
05-15 18:57:24.892 465 493 D RIL-DEV :
05-15 18:57:24.893 465 493 D RIL-DEV : [05-15_18:57:24:893] idVendor = 1d6b
05-15 18:57:24.893 465 493 D RIL-DEV :
05-15 18:57:24.893 465 493 D RIL-DEV : [05-15_18:57:24:894] idVendor = 2109
05-15 18:57:24.893 465 493 D RIL-DEV :
05-15 18:57:24.894 465 493 D RIL-DEV : [05-15_18:57:24:894] idVendor = 2109
05-15 18:57:24.894 465 493 D RIL-DEV :
05-15 18:57:24.894 465 493 D RIL-DEV : [05-15_18:57:24:894] idVendor = 1d6b
05-15 18:57:24.894 465 493 D RIL-DEV :
05-15 18:57:24.894 465 493 D RIL-DEV : [05-15_18:57:24:895] idVendor = 0bda
05-15 18:57:24.894 465 493 D RIL-DEV :
05-15 18:57:24.895 465 493 D RIL-DEV : [05-15_18:57:24:895] idVendor = 2109
05-15 18:57:24.895 465 493 D RIL-DEV :
05-15 18:57:24.895 465 493 E RIL-DEV : Cannot find Meig devices
05-15 18:57:24.895 465 493 I RIL : ---> can't find meig usb devices
05-15 18:57:25.001 1391 1391 W ContextImpl: Calling a method in the system process without a qualified user: android.app.ContextImpl.sendBroadcast:1181 android.content.ContextWrapper.sendBroadcast:479 cn.eben.newweather.DateWeatherService.a:19 cn.eben.newweather.DateWeatherService.a:0 cn.eben.newweather.DateWeatherService$1.handleMessage:7
05-15 19:28:50.107 541 541 I : read descriptors
05-15 19:28:50.107 541 541 I : read strings
05-15 19:28:50.110 1 1 I init : processing action (sys.usb.config=adb && sys.usb.configfs=1 && sys.usb.ffs.ready=1) from (/system/etc/init/hw/init.usb.configfs.rc:20)
05-15 18:57:26.001 1391 1391 W ContextImpl: Calling a method in the system process without a qualified user: android.app.ContextImpl.sendBroadcast:1181 android.content.ContextWrapper.sendBroadcast:479 cn.eben.newweather.DateWeatherService.a:19 cn.eben.newweather.DateWeatherService.a:0 cn.eben.newweather.DateWeatherService$1.handleMessage:7
05-15 19:28:50.943 27448 27448 I binder : 27049:27448 transaction failed 29202/0, size 2176-0 line 3265
05-15 19:28:50.944 27448 27448 I binder : 27049:27448 transaction failed 29202/0, size 540-0 line 3265
05-15 19:28:51.157 541 541 I : read descriptors
05-15 19:28:51.157 541 541 I : read strings
05-15 18:57:26.895 465 493 I RIL : ---> enter mainloop wait at port
05-15 18:57:26.896 465 493 D RIL-DEV : Get modem info
05-15 18:57:26.896 465 493 D RIL-DEV : [05-15_18:57:26:897] idVendor = 0bda
05-15 18:57:26.896 465 493 D RIL-DEV :
05-15 18:57:26.897 465 493 D RIL-DEV : [05-15_18:57:26:897] idVendor = 05e3
05-15 18:57:26.897 465 493 D RIL-DEV :
05-15 18:57:26.897 465 493 D RIL-DEV : [05-15_18:57:26:898] idVendor = 1d6b
05-15 18:57:26.897 465 493 D RIL-DEV :
05-15 18:57:26.897 465 493 D RIL-DEV : [05-15_18:57:26:898] idVendor = 1d6b
05-15 18:57:26.897 465 493 D RIL-DEV :
05-15 18:57:26.898 465 493 D RIL-DEV : [05-15_18:57:26:898] idVendor = 0bda
05-15 18:57:26.898 465 493 D RIL-DEV :
05-15 18:57:26.898 465 493 D RIL-DEV : [05-15_18:57:26:899] idVendor = 1d6b
05-15 18:57:26.898 465 493 D RIL-DEV :
05-15 18:57:26.899 465 493 D RIL-DEV : [05-15_18:57:26:899] idVendor = 2109
05-15 18:57:26.899 465 493 D RIL-DEV :
05-15 18:57:26.899 465 493 D RIL-DEV : [05-15_18:57:26:899] idVendor = 2109
05-15 18:57:26.899 465 493 D RIL-DEV :
05-15 18:57:26.899 465 493 D RIL-DEV : [05-15_18:57:26:900] idVendor = 1d6b
05-15 18:57:26.899 465 493 D RIL-DEV :
05-15 18:57:26.900 465 493 D RIL-DEV : [05-15_18:57:26:900] idVendor = 0bda
05-15 18:57:26.900 465 493 D RIL-DEV :
05-15 18:57:26.900 465 493 D RIL-DEV : [05-15_18:57:26:901] idVendor = 2109
05-15 18:57:26.900 465 493 D RIL-DEV :
05-15 18:57:26.900 465 493 E RIL-DEV : Cannot find Meig devices
05-15 18:57:26.901 465 493 I RIL : ---> can't find meig usb devices
05-15 18:57:27.003 1391 1391 W ContextImpl: Calling a method in the system process without a qualified user: android.app.ContextImpl.sendBroadcast:1181 android.content.ContextWrapper.sendBroadcast:479 cn.eben.newweather.DateWeatherService.a:19 cn.eben.newweather.DateWeatherService.a:0 cn.eben.newweather.DateWeatherService$1.handleMessage:7
05-15 19:28:52.200 541 541 I : read descriptors
05-15 19:28:52.201 541 541 I : read strings
05-15 19:28:52.203 1 1 I init : processing action (sys.usb.config=adb && sys.usb.configfs=1 && sys.usb.ffs.ready=1) from (/system/etc/init/hw/init.usb.configfs.rc:20)
05-15 19:28:52.206 1 1 I init : Command 'symlink /config/usb_gadget/g1/functions/ffs.adb /config/usb_gadget/g1/configs/b.1/f1' action=sys.usb.config=adb && sys.usb.configfs=1 && sys.usb.ffs.ready=1 (/system/etc/init/hw/init.usb.configfs.rc:22) took 0ms and failed: symlink() failed: File exists
05-15 19:28:52.209 1 1 I init : Command 'write /config/usb_gadget/g1/UDC ${sys.usb.controller}' action=sys.usb.config=adb && sys.usb.configfs=1 && sys.usb.ffs.ready=1 (/system/etc/init/hw/init.usb.configfs.rc:23) took 1ms and failed: Unable to write to file '/config/usb_gadget/g1/UDC': Unable to write file contents: Device or resource busy
05-15 18:57:28.003 1391 1391 W ContextImpl: Calling a method in the system process without a qualified user: android.app.ContextImpl.sendBroadcast:1181 android.content.ContextWrapper.sendBroadcast:479 cn.eben.newweather.DateWeatherService.a:19 cn.eben.newweather.DateWeatherService.a:0 cn.eben.newweather.DateWeatherService$1.handleMessage:7
05-15 18:57:28.568 623 1955 W ContentProviderHelper: Permission Denial: opening provider com.android.providers.contacts.ContactsProvider2 from ProcessRecord{6d23060 1792:cn.eben.sync/u0a64} (pid=1792, uid=10064) requires android.permission.READ_CONTACTS or android.permission.WRITE_CONTACTS
05-15 19:28:53.244 541 541 I : read descriptors
05-15 19:28:53.244 541 541 I : read strings
05-15 19:28:53.246 1 1 I init : processing action (sys.usb.config=adb && sys.usb.configfs=1 && sys.usb.ffs.ready=1) from (/system/etc/init/hw/init.usb.configfs.rc:20)
05-15 19:28:53.249 1 1 I init : Command 'symlink /config/usb_gadget/g1/functions/ffs.adb /config/usb_gadget/g1/configs/b.1/f1' action=sys.usb.config=adb && sys.usb.configfs=1 && sys.usb.ffs.ready=1 (/system/etc/init/hw/init.usb.configfs.rc:22) took 0ms and failed: symlink() failed: File exists
05-15 19:28:53.253 1 1 I init : Command 'write /config/usb_gadget/g1/UDC ${sys.usb.controller}' action=sys.usb.config=adb && sys.usb.configfs=1 && sys.usb.ffs.ready=1 (/system/etc/init/hw/init.usb.configfs.rc:23) took 1ms and failed: Unable to write to file '/config/usb_gadget/g1/UDC': Unable to write file contents: Device or resource busy
05-15 18:57:28.901 465 493 I RIL : ---> enter mainloop wait at port
05-15 18:57:28.901 465 493 D RIL-DEV : Get modem info
05-15 18:57:28.902 465 493 D RIL-DEV : [05-15_18:57:28:902] idVendor = 0bda
05-15 18:57:28.902 465 493 D RIL-DEV :
05-15 18:57:28.903 465 493 D RIL-DEV : [05-15_18:57:28:903] idVendor = 05e3
05-15 18:57:28.903 465 493 D RIL-DEV :
05-15 18:57:28.903 465 493 D RIL-DEV : [05-15_18:57:28:904] idVendor = 1d6b
05-15 18:57:28.903 465 493 D RIL-DEV :
05-15 18:57:28.903 465 493 D RIL-DEV : [05-15_18:57:28:904] idVendor = 1d6b
05-15 18:57:28.903 465 493 D RIL-DEV :
05-15 18:57:28.904 465 493 D RIL-DEV : [05-15_18:57:28:904] idVendor = 0bda
05-15 18:57:28.904 465 493 D RIL-DEV :
05-15 18:57:28.904 465 493 D RIL-DEV : [05-15_18:57:28:905] idVendor = 1d6b
05-15 18:57:28.904 465 493 D RIL-DEV :
05-15 18:57:28.905 465 493 D RIL-DEV : [05-15_18:57:28:905] idVendor = 2109
05-15 18:57:28.905 465 493 D RIL-DEV :
05-15 18:57:28.905 465 493 D RIL-DEV : [05-15_18:57:28:906] idVendor = 2109
05-15 18:57:28.905 465 493 D RIL-DEV :
05-15 18:57:28.905 465 493 D RIL-DEV : [05-15_18:57:28:906] idVendor = 1d6b
05-15 18:57:28.905 465 493 D RIL-DEV :
05-15 18:57:28.906 465 493 D RIL-DEV : [05-15_18:57:28:906] idVendor = 0bda
05-15 18:57:28.906 465 493 D RIL-DEV :
05-15 18:57:28.906 465 493 D RIL-DEV : [05-15_18:57:28:907] idVendor = 2109
05-15 18:57:28.906 465 493 D RIL-DEV :
05-15 18:57:28.907 465 493 E RIL-DEV : Cannot find Meig devices
05-15 18:57:28.907 465 493 I RIL : ---> can't find meig usb devices
05-15 18:57:29.000 1391 1391 W ContextImpl: Calling a method in the system process without a qualified user: android.app.ContextImpl.sendBroadcast:1181 android.content.ContextWrapper.sendBroadcast:479 cn.eben.newweather.DateWeatherService.a:19 cn.eben.newweather.DateWeatherService.a:0 cn.eben.newweather.DateWeatherService$1.handleMessage:7
05-15 19:28:53.986 27448 27448 I binder : 27049:27448 transaction failed 29202/0, size 1588-0 line 3265
05-15 19:28:54.307 541 541 I : read descriptors
05-15 19:28:54.307 541 541 I : read strings
05-15 19:28:54.309 1 1 I init : processing action (sys.usb.config=adb && sys.usb.configfs=1 && sys.usb.ffs.ready=1) from (/system/etc/init/hw/init.usb.configfs.rc:20)
05-15 19:28:54.313 1 1 I init : Command 'symlink /config/usb_gadget/g1/functions/ffs.adb /config/usb_gadget/g1/configs/b.1/f1' action=sys.usb.config=adb && sys.usb.configfs=1 && sys.usb.ffs.ready=1 (/system/etc/init/hw/init.usb.configfs.rc:22) took 1ms and failed: symlink() failed: File exists
05-15 19:28:54.316 1 1 I init : Command 'write /config/usb_gadget/g1/UDC ${sys.usb.controller}' action=sys.usb.config=adb && sys.usb.configfs=1 && sys.usb.ffs.ready=1 (/system/etc/init/hw/init.usb.configfs.rc:23) took 2ms and failed: Unable to write to file '/config/usb_gadget/g1/UDC': Unable to write file contents: Device or resource busy
05-15 18:57:30.003 1391 1391 W ContextImpl: Calling a method in the system process without a qualified user: android.app.ContextImpl.sendBroadcast:1181 android.content.ContextWrapper.sendBroadcast:479 cn.eben.newweather.DateWeatherService.a:19 cn.eben.newweather.DateWeatherService.a:0 cn.eben.newweather.DateWeatherService$1.handleMessage:7
05-15 19:28:55.364 541 541 I : read descriptors
05-15 19:28:55.364 541 541 I : read strings
05-15 19:28:55.366 1 1 I init : processing action (sys.usb.config=adb && sys.usb.configfs=1 && sys.usb.ffs.ready=1) from (/system/etc/init/hw/init.usb.configfs.rc:20)
05-15 18:57:30.907 465 493 I RIL : ---> enter mainloop wait at port
05-15 18:57:30.908 465 493 D RIL-DEV : Get modem info
05-15 18:57:30.908 465 493 D RIL-DEV : [05-15_18:57:30:909] idVendor = 0bda
05-15 18:57:30.908 465 493 D RIL-DEV :
05-15 18:57:30.909 465 493 D RIL-DEV : [05-15_18:57:30:909] idVendor = 05e3
05-15 18:57:30.909 465 493 D RIL-DEV :
05-15 18:57:30.909 465 493 D RIL-DEV : [05-15_18:57:30:910] idVendor = 1d6b
05-15 18:57:30.909 465 493 D RIL-DEV :
05-15 18:57:30.910 465 493 D RIL-DEV : [05-15_18:57:30:910] idVendor = 1d6b
05-15 18:57:30.910 465 493 D RIL-DEV :
05-15 18:57:30.910 465 493 D RIL-DEV : [05-15_18:57:30:910] idVendor = 0bda
05-15 18:57:30.910 465 493 D RIL-DEV :
05-15 18:57:30.910 465 493 D RIL-DEV : [05-15_18:57:30:911] idVendor = 1d6b
05-15 18:57:30.910 465 493 D RIL-DEV :
05-15 18:57:30.911 465 493 D RIL-DEV : [05-15_18:57:30:911] idVendor = 2109
05-15 18:57:30.911 465 493 D RIL-DEV :
05-15 18:57:30.911 465 493 D RIL-DEV : [05-15_18:57:30:912] idVendor = 2109
05-15 18:57:30.911 465 493 D RIL-DEV :
05-15 18:57:30.911 465 493 D RIL-DEV : [05-15_18:57:30:912] idVendor = 1d6b
05-15 18:57:30.911 465 493 D RIL-DEV :
05-15 18:57:30.912 465 493 D RIL-DEV : [05-15_18:57:30:912] idVendor = 0bda
05-15 18:57:30.912 465 493 D RIL-DEV :
05-15 18:57:30.912 465 493 D RIL-DEV : [05-15_18:57:30:913] idVendor = 2109
05-15 18:57:30.912 465 493 D RIL-DEV :
05-15 18:57:30.913 465 493 E RIL-DEV : Cannot find Meig devices
05-15 18:57:30.913 465 493 I RIL : ---> can't find meig usb devices
05-15 18:57:31.003 1391 1391 W ContextImpl: Calling a method in the system process without a qualified user: android.app.ContextImpl.sendBroadcast:1181 android.content.ContextWrapper.sendBroadcast:479 cn.eben.newweather.DateWeatherService.a:19 cn.eben.newweather.DateWeatherService.a:0 cn.eben.newweather.DateWeatherService$1.handleMessage:7
05-15 19:28:56.410 541 541 I : read descriptors
05-15 19:28:56.411 541 541 I : read strings
05-15 18:57:32.003 1391 1391 W ContextImpl: Calling a method in the system process without a qualified user: android.app.ContextImpl.sendBroadcast:1181 android.content.ContextWrapper.sendBroadcast:479 cn.eben.newweather.DateWeatherService.a:19 cn.eben.newweather.DateWeatherService.a:0 cn.eben.newweather.DateWeatherService$1.handleMessage:7
05-15 18:57:32.914 465 493 I RIL : ---> enter mainloop wait at port
05-15 18:57:32.914 465 493 D RIL-DEV : Get modem info
05-15 18:57:32.915 465 493 D RIL-DEV : [05-15_18:57:32:915] idVendor = 0bda
05-15 18:57:32.915 465 493 D RIL-DEV :
05-15 18:57:32.915 465 493 D RIL-DEV : [05-15_18:57:32:916] idVendor = 05e3
05-15 18:57:32.915 465 493 D RIL-DEV :
05-15 18:57:32.915 465 493 D RIL-DEV : [05-15_18:57:32:916] idVendor = 1d6b
05-15 18:57:32.915 465 493 D RIL-DEV :
05-15 18:57:32.916 465 493 D RIL-DEV : [05-15_18:57:32:916] idVendor = 1d6b
05-15 18:57:32.916 465 493 D RIL-DEV :
05-15 18:57:32.916 465 493 D RIL-DEV : [05-15_18:57:32:917] idVendor = 0bda
05-15 18:57:32.916 465 493 D RIL-DEV :
05-15 18:57:32.917 465 493 D RIL-DEV : [05-15_18:57:32:917] idVendor = 1d6b
05-15 18:57:32.917 465 493 D RIL-DEV :
05-15 18:57:32.917 465 493 D RIL-DEV : [05-15_18:57:32:918] idVendor = 2109
05-15 18:57:32.917 465 493 D RIL-DEV :
05-15 18:57:32.918 465 493 D RIL-DEV : [05-15_18:57:32:918] idVendor = 2109
05-15 18:57:32.918 465 493 D RIL-DEV :
05-15 18:57:32.918 465 493 D RIL-DEV : [05-15_18:57:32:918] idVendor = 1d6b
05-15 18:57:32.918 465 493 D RIL-DEV :
05-15 18:57:32.918 465 493 D RIL-DEV : [05-15_18:57:32:919] idVendor = 0bda
05-15 18:57:32.918 465 493 D RIL-DEV :
05-15 18:57:32.918 465 493 D RIL-DEV : [05-15_18:57:32:919] idVendor = 2109
05-15 18:57:32.918 465 493 D RIL-DEV :
05-15 18:57:32.919 465 493 E RIL-DEV : Cannot find Meig devices
05-15 18:57:32.919 465 493 I RIL : ---> can't find meig usb devices
05-15 19:28:57.460 541 541 I : read descriptors
05-15 19:28:57.460 541 541 I : read strings
05-15 19:28:57.463 1 1 I init : processing action (sys.usb.config=adb && sys.usb.configfs=1 && sys.usb.ffs.ready=1) from (/system/etc/init/hw/init.usb.configfs.rc:20)
05-15 19:28:57.466 1 1 I init : Command 'symlink /config/usb_gadget/g1/functions/ffs.adb /config/usb_gadget/g1/configs/b.1/f1' action=sys.usb.config=adb && sys.usb.configfs=1 && sys.usb.ffs.ready=1 (/system/etc/init/hw/init.usb.configfs.rc:22) took 0ms and failed: symlink() failed: File exists
05-15 19:28:57.469 1 1 I init : Command 'write /config/usb_gadget/g1/UDC ${sys.usb.controller}' action=sys.usb.config=adb && sys.usb.configfs=1 && sys.usb.ffs.ready=1 (/system/etc/init/hw/init.usb.configfs.rc:23) took 2ms and failed: Unable to write to file '/config/usb_gadget/g1/UDC': Unable to write file contents: Device or resource busy
05-15 18:57:33.002 1391 1391 W ContextImpl: Calling a method in the system process without a qualified user: android.app.ContextImpl.sendBroadcast:1181 android.content.ContextWrapper.sendBroadcast:479 cn.eben.newweather.DateWeatherService.a:19 cn.eben.newweather.DateWeatherService.a:0 cn.eben.newweather.DateWeatherService$1.handleMessage:7
05-15 18:57:33.573 623 1955 W ContentProviderHelper: Permission Denial: opening provider com.android.providers.contacts.ContactsProvider2 from ProcessRecord{6d23060 1792:cn.eben.sync/u0a64} (pid=1792, uid=10064) requires android.permission.READ_CONTACTS or android.permission.WRITE_CONTACTS
05-15 19:28:58.504 541 541 I : read descriptors
05-15 19:28:58.504 541 541 I : read strings
05-15 19:28:58.506 1 1 I init : processing action (sys.usb.config=adb && sys.usb.configfs=1 && sys.usb.ffs.ready=1) from (/system/etc/init/hw/init.usb.configfs.rc:20)
05-15 19:28:58.509 1 1 I init : Command 'symlink /config/usb_gadget/g1/functions/ffs.adb /config/usb_gadget/g1/configs/b.1/f1' action=sys.usb.config=adb && sys.usb.configfs=1 && sys.usb.ffs.ready=1 (/system/etc/init/hw/init.usb.configfs.rc:22) took 0ms and failed: symlink() failed: File exists
05-15 19:28:58.509 1 1 I init : Command 'write /config/usb_gadget/g1/UDC ${sys.usb.controller}' action=sys.usb.config=adb && sys.usb.configfs=1 && sys.usb.ffs.ready=1 (/system/etc/init/hw/init.usb.configfs.rc:23) took 0ms and failed: Unable to write to file '/config/usb_gadget/g1/UDC': Unable to write file contents: Device or resource busy
05-15 18:57:34.001 1391 1391 W ContextImpl: Calling a method in the system process without a qualified user: android.app.ContextImpl.sendBroadcast:1181 android.content.ContextWrapper.sendBroadcast:479 cn.eben.newweather.DateWeatherService.a:19 cn.eben.newweather.DateWeatherService.a:0 cn.eben.newweather.DateWeatherService$1.handleMessage:7
05-15 18:57:34.919 465 493 I RIL : ---> enter mainloop wait at port
05-15 18:57:34.920 465 493 D RIL-DEV : Get modem info
05-15 18:57:34.920 465 493 D RIL-DEV : [05-15_18:57:34:921] idVendor = 0bda
05-15 18:57:34.920 465 493 D RIL-DEV :
05-15 18:57:34.921 465 493 D RIL-DEV : [05-15_18:57:34:921] idVendor = 05e3
05-15 18:57:34.921 465 493 D RIL-DEV :
05-15 18:57:34.921 465 493 D RIL-DEV : [05-15_18:57:34:922] idVendor = 1d6b
05-15 18:57:34.921 465 493 D RIL-DEV :
05-15 18:57:34.922 465 493 D RIL-DEV : [05-15_18:57:34:922] idVendor = 1d6b
05-15 18:57:34.922 465 493 D RIL-DEV :
05-15 18:57:34.922 465 493 D RIL-DEV : [05-15_18:57:34:922] idVendor = 0bda
05-15 18:57:34.922 465 493 D RIL-DEV :
05-15 18:57:34.923 465 493 D RIL-DEV : [05-15_18:57:34:923] idVendor = 1d6b
05-15 18:57:34.923 465 493 D RIL-DEV :
05-15 18:57:34.923 465 493 D RIL-DEV : [05-15_18:57:34:924] idVendor = 2109
05-15 18:57:34.923 465 493 D RIL-DEV :
05-15 18:57:34.924 465 493 D RIL-DEV : [05-15_18:57:34:924] idVendor = 2109
05-15 18:57:34.924 465 493 D RIL-DEV :
05-15 18:57:34.924 465 493 D RIL-DEV : [05-15_18:57:34:924] idVendor = 1d6b
05-15 18:57:34.924 465 493 D RIL-DEV :
05-15 18:57:34.924 465 493 D RIL-DEV : [05-15_18:57:34:925] idVendor = 0bda
05-15 18:57:34.924 465 493 D RIL-DEV :
05-15 18:57:34.925 465 493 D RIL-DEV : [05-15_18:57:34:925] idVendor = 2109
05-15 18:57:34.925 465 493 D RIL-DEV :
05-15 18:57:34.925 465 493 E RIL-DEV : Cannot find Meig devices
05-15 18:57:34.925 465 493 I RIL : ---> can't find meig usb devices
05-15 18:57:35.003 1391 1391 W ContextImpl: Calling a method in the system process without a qualified user: android.app.ContextImpl.sendBroadcast:1181 android.content.ContextWrapper.sendBroadcast:479 cn.eben.newweather.DateWeatherService.a:19 cn.eben.newweather.DateWeatherService.a:0 cn.eben.newweather.DateWeatherService$1.handleMessage:7
05-15 19:28:59.554 541 541 I : read descriptors
05-15 19:28:59.554 541 541 I : read strings
05-15 19:28:59.557 1 1 I init : processing action (sys.usb.config=adb && sys.usb.configfs=1 && sys.usb.ffs.ready=1) from (/system/etc/init/hw/init.usb.configfs.rc:20)
