05-15 18:37:55.235 623 637 I sysui_multi_action: [757,1501,758,1,793,12907358,794,0,795,12907358,796,55,806,android,857,DEVELOPER,858,2,947,0,1500,0,1688,1]
05-15 18:37:55.235 623 637 I sysui_multi_action: [757,804,799,note_interruptive,801,0,802,1]
05-15 18:37:55.235 623 637 I sysui_multi_action: [757,804,799,note_freshness,801,12907358,802,1]
05-15 18:37:55.235 623 637 I notification_visibility: [-1|android|55|null|1000,1,12907358,12907358,0,1]
05-15 18:37:55.236 623 637 I sysui_multi_action: [757,128,758,1,793,12755064,794,0,795,12755064,796,1009,798,0,806,cn.eben.sync,857,CloudService,858,2,947,0,1395,4,1500,2488,1688,1]
05-15 18:37:55.236 623 637 I sysui_multi_action: [757,1501,758,1,793,12755065,794,1,795,12755065,796,1009,806,cn.eben.sync,857,CloudService,858,2,947,0,1500,0,1688,1]
05-15 18:37:55.236 623 637 I sysui_multi_action: [757,804,799,note_interruptive,801,0,802,1]
05-15 18:37:55.236 623 637 I sysui_multi_action: [757,804,799,note_freshness,801,12755064,802,1]
05-15 18:37:55.237 623 637 I notification_visibility: [0|cn.eben.sync|1009|null|10064,1,12755064,12755064,0,0]
05-15 18:37:55.237 623 637 I sysui_multi_action: [757,128,758,1,793,3846341,794,0,795,1925,796,2131755453,798,2,806,com.baidu.appsearch,857,手机管理、安全检测相关通知,858,2,947,0,1395,4,1500,1925,1688,1]
05-15 18:37:55.237 623 637 I sysui_multi_action: [757,804,799,note_freshness,801,1925,802,1]
05-15 18:37:55.238 623 637 I notification_visibility: [0|com.baidu.appsearch|2131755453|null|10100,1,3846341,1925,0,2]
05-15 18:37:55.343 623 623 I power_screen_broadcast_done: [1,113,1]
05-15 18:37:56.002 1391 1391 W ContextImpl: Calling a method in the system process without a qualified user: android.app.ContextImpl.sendBroadcast:1181 android.content.ContextWrapper.sendBroadcast:479 cn.eben.newweather.DateWeatherService.a:19 cn.eben.newweather.DateWeatherService.a:0 cn.eben.newweather.DateWeatherService$1.handleMessage:7
05-15 18:37:56.233 782 782 I sysui_multi_action: [757,197,758,1,759,1]
05-15 18:37:56.233 782 782 I sysui_status_bar_state: [1,1,0,1,1,0]
05-15 18:37:56.281 782 782 I sysui_multi_action: [757,186,758,4,826,497,827,4553]
05-15 18:37:56.282 782 782 I sysui_lockscreen_gesture: [1,497,4553]
05-15 18:37:56.292 623 638 I sysui_multi_action: [757,128,758,2,793,12765087,794,1058,795,12765087,796,1111,798,3,806,com.ebensz.email,857,100,858,2,947,0,1395,4,1500,12765087,1688,4,1689,2,1690,1]
05-15 18:37:56.292 623 638 I notification_visibility: [0|com.ebensz.email|1111|null|10072,0,12765087,12765087,0,3]
05-15 18:37:56.293 623 638 I sysui_multi_action: [757,128,758,2,793,12908416,794,1058,795,12908416,796,55,798,1,806,android,857,DEVELOPER,858,2,947,0,1395,4,1500,1058,1688,1]
05-15 18:37:56.293 623 638 I notification_visibility: [-1|android|55|null|1000,0,12908416,12908416,0,1]
05-15 18:37:56.293 623 638 I sysui_multi_action: [757,128,758,2,793,12756122,794,1058,795,12756122,796,1009,798,0,806,cn.eben.sync,857,CloudService,858,2,947,0,1395,4,1500,1057,1688,1]
05-15 18:37:56.293 623 638 I notification_visibility: [0|cn.eben.sync|1009|null|10064,0,12756122,12756122,0,0]
05-15 18:37:56.294 623 638 I sysui_multi_action: [757,128,758,2,793,3847397,794,1056,795,2981,796,2131755453,798,2,806,com.baidu.appsearch,857,手机管理、安全检测相关通知,858,2,947,0,1395,4,1500,2981,1688,1]
05-15 18:37:56.294 623 638 I notification_visibility: [0|com.baidu.appsearch|2131755453|null|10100,0,3847397,2981,0,2]
05-15 18:37:56.295 623 638 I sysui_multi_action: [757,127,758,2]
05-15 18:37:56.296 623 638 I notification_panel_hidden:
05-15 18:37:57.002 1391 1391 W ContextImpl: Calling a method in the system process without a qualified user: android.app.ContextImpl.sendBroadcast:1181 android.content.ContextWrapper.sendBroadcast:479 cn.eben.newweather.DateWeatherService.a:19 cn.eben.newweather.DateWeatherService.a:0 cn.eben.newweather.DateWeatherService$1.handleMessage:7
05-15 18:37:57.665 623 638 W ContentProviderHelper: Permission Denial: opening provider com.android.providers.contacts.ContactsProvider2 from ProcessRecord{6d23060 1792:cn.eben.sync/u0a64} (pid=1792, uid=10064) requires android.permission.READ_CONTACTS or android.permission.WRITE_CONTACTS
05-15 18:37:58.002 1391 1391 W ContextImpl: Calling a method in the system process without a qualified user: android.app.ContextImpl.sendBroadcast:1181 android.content.ContextWrapper.sendBroadcast:479 cn.eben.newweather.DateWeatherService.a:19 cn.eben.newweather.DateWeatherService.a:0 cn.eben.newweather.DateWeatherService$1.handleMessage:7
05-15 18:37:58.129 623 730 I netstats_mobile_sample: [0,0,0,0,0,0,0,0,0,0,0,0,1747298321442]
05-15 18:37:58.129 623 730 I netstats_wifi_sample: [0,0,0,0,0,0,0,0,0,0,0,0,1747298321442]
05-15 18:37:58.182 623 730 I netstats_mobile_sample: [0,0,0,0,0,0,0,0,0,0,0,0,1747298321495]
05-15 18:37:58.182 623 730 I netstats_wifi_sample: [0,0,0,0,0,0,0,0,0,0,0,0,1747298321495]
05-15 18:37:58.201 623 730 W ContextImpl: Calling a method in the system process without a qualified user: android.app.ContextImpl.sendStickyBroadcast:1567 com.android.server.ConnectivityService.sendStickyBroadcast:2811 com.android.server.ConnectivityService.sendGeneralBroadcast:2786 com.android.server.ConnectivityService.sendConnectedBroadcast:2759 com.android.server.ConnectivityService.sendLegacyNetworkBroadcast:8704
05-15 18:37:58.213 623 649 W BroadcastQueue: Target SDK mismatch: receiver ActivityInfo{a8d7fe3 com.xiaomi.push.service.receivers.NetworkStatusReceiver} targets 26 but delivery restricted to [0, 23] broadcasting Intent { act=android.net.conn.CONNECTIVITY_CHANGE flg=0x4200010 (has extras) } from android (pid=623, uid=1000) to com.zhangyue.read.iReader/com.xiaomi.push.service.receivers.NetworkStatusReceiver
05-15 18:37:58.213 623 649 W BroadcastQueue: Target SDK mismatch: receiver ActivityInfo{7c8cde0 com.xiaomi.push.service.receivers.NetworkStatusReceiver} targets 33 but delivery restricted to [0, 23] broadcasting Intent { act=android.net.conn.CONNECTIVITY_CHANGE flg=0x4200010 (has extras) } from android (pid=623, uid=1000) to com.taobao.idlefish/com.xiaomi.push.service.receivers.NetworkStatusReceiver
05-15 18:37:58.213 623 649 W BroadcastQueue: Target SDK mismatch: receiver ActivityInfo{a7a1899 com.xiaomi.push.service.receivers.NetworkStatusReceiver} targets 33 but delivery restricted to [0, 23] broadcasting Intent { act=android.net.conn.CONNECTIVITY_CHANGE flg=0x4200010 (has extras) } from android (pid=623, uid=1000) to com.taobao.taobao/com.xiaomi.push.service.receivers.NetworkStatusReceiver
05-15 18:37:58.213 623 649 W BroadcastQueue: Target SDK mismatch: receiver ActivityInfo{8d1475e cn.eben.help.LoadAllReceiver} targets 28 but delivery restricted to [0, 23] broadcasting Intent { act=android.net.conn.CONNECTIVITY_CHANGE flg=0x4200010 (has extras) } from android (pid=623, uid=1000) to cn.eben.help/.LoadAllReceiver
05-15 18:37:58.213 623 649 W BroadcastQueue: Target SDK mismatch: receiver ActivityInfo{58e373f cn.eben.android.receiver.AppSyncReceiver} targets 27 but delivery restricted to [0, 23] broadcasting Intent { act=android.net.conn.CONNECTIVITY_CHANGE flg=0x4200010 (has extras) } from android (pid=623, uid=1000) to cn.eben.sync/cn.eben.android.receiver.AppSyncReceiver
05-15 18:37:58.232 2778 2778 W ContextImpl: Calling a method in the system process without a qualified user: android.app.ContextImpl.startService:1824 android.content.ContextWrapper.startService:774 android.content.ContextWrapper.startService:774 com.ebensz.appmanager.service.UploadMyAppsInfoService.startUploadMyAppsInfoService:78 com.ebensz.appmanager.receiver.UploadMyAppsInfoReceiver.onReceive:33
05-15 18:37:58.250 1699 1699 W ContextImpl: Calling a method in the system process without a qualified user: android.app.ContextImpl.startService:1824 android.content.ContextWrapper.startService:774 android.content.ContextWrapper.startService:774 com.ebensz.appmanager.mydownloadmanager.DownloadReceiver.startService:245 com.ebensz.appmanager.mydownloadmanager.DownloadReceiver.onReceive:74
05-15 18:37:58.258 623 26904 W BroadcastQueue: Target SDK mismatch: receiver ActivityInfo{dce27d3 com.ebensz.ota.ActionReceiver} targets 29 but delivery restricted to [0, 23] broadcasting Intent { act=android.net.conn.CONNECTIVITY_CHANGE flg=0x4200010 (has extras) } from android (pid=623, uid=1000) to com.ebensz.ota/.ActionReceiver
05-15 18:37:58.259 623 649 W BroadcastQueue: Target SDK mismatch: receiver ActivityInfo{11b6f10 com.taobao.accs.EventReceiver} targets 26 but delivery restricted to [0, 23] broadcasting Intent { act=android.net.conn.CONNECTIVITY_CHANGE flg=0x4200010 (has extras) } from android (pid=623, uid=1000) to com.zhangyue.read.iReader/com.taobao.accs.EventReceiver
05-15 18:37:58.259 623 649 W BroadcastQueue: Target SDK mismatch: receiver ActivityInfo{ae55a09 com.taobao.fleamarket.function.network.NetworkReceiver} targets 33 but delivery restricted to [0, 23] broadcasting Intent { act=android.net.conn.CONNECTIVITY_CHANGE flg=0x4200010 (has extras) } from android (pid=623, uid=1000) to com.taobao.idlefish/com.taobao.fleamarket.function.network.NetworkReceiver
05-15 18:37:58.266 623 623 I notification_cancel_all: [1000,1699,com.ebensz.appmanager,0,0,64,9,NULL]
05-15 18:37:58.317 623 623 I notification_enqueue: [10100,10735,com.baidu.appsearch,2131755453,NULL,0,Notification(channel=手机管理、安全检测相关通知 shortcut=null contentView=null vibrate=null sound=null defaults=0x0 flags=0x62 color=0x00000000 vis=PRIVATE),1]
05-15 18:37:58.414 623 730 W ContextImpl: Calling a method in the system process without a qualified user: android.app.ContextImpl.sendStickyBroadcast:1567 com.android.server.ConnectivityService.sendStickyBroadcast:2811 com.android.server.ConnectivityService.sendGeneralBroadcast:2786 com.android.server.ConnectivityService.sendInetConditionBroadcast:2763 com.android.server.ConnectivityService.updateInetCondition:8451
05-15 18:37:58.571 27049 27049 I auditd : type=1400 audit(0.0:4885): avc: denied { read } for comm="CrashSDKBkgdHan" name="loadavg" dev="proc" ino=4026532226 scontext=u:r:untrusted_app:s0:c102,c256,c512,c768 tcontext=u:object_r:proc_loadavg:s0 tclass=file permissive=1 app=com.taobao.taobao
05-15 18:37:58.571 27049 27049 I auditd : type=1400 audit(0.0:4886): avc: denied { open } for comm="CrashSDKBkgdHan" path="/proc/loadavg" dev="proc" ino=4026532226 scontext=u:r:untrusted_app:s0:c102,c256,c512,c768 tcontext=u:object_r:proc_loadavg:s0 tclass=file permissive=1 app=com.taobao.taobao
05-15 18:37:58.571 27049 27049 I auditd : type=1400 audit(0.0:4887): avc: denied { open } for comm="CrashSDKBkgdHan" path="/proc/stat" dev="proc" ino=4026532228 scontext=u:r:untrusted_app:s0:c102,c256,c512,c768 tcontext=u:object_r:proc_stat:s0 tclass=file permissive=1 app=com.taobao.taobao
05-15 18:37:59.004 1391 1391 W ContextImpl: Calling a method in the system process without a qualified user: android.app.ContextImpl.sendBroadcast:1181 android.content.ContextWrapper.sendBroadcast:479 cn.eben.newweather.DateWeatherService.a:19 cn.eben.newweather.DateWeatherService.a:0 cn.eben.newweather.DateWeatherService$1.handleMessage:7
05-15 18:37:59.241 623 711 I input_interaction: Interaction with: 6bb91ca InputMethod (server), PointerEventDispatcher0 (server),
05-15 18:37:59.273 2778 2778 W ContextImpl: Calling a method in the system process without a qualified user: android.app.ContextImpl.startService:1824 android.content.ContextWrapper.startService:774 com.ebensz.appmanager.service.UploadMyAppsInfoService$1.handleMessage:63 android.os.Handler.dispatchMessage:106 android.os.Looper.loopOnce:201
05-15 18:38:00.002 1391 1391 W ContextImpl: Calling a method in the system process without a qualified user: android.app.ContextImpl.sendBroadcast:1181 android.content.ContextWrapper.sendBroadcast:479 cn.eben.newweather.DateWeatherService.a:19 cn.eben.newweather.DateWeatherService.a:0 cn.eben.newweather.DateWeatherService$1.handleMessage:7
05-15 18:38:00.721 623 1115 D LockSettingsService: spBasedDoVerifyCredential: user=0 hasEnrolledBiometrics=true
05-15 18:38:00.801 782 782 I sysui_latency: [3,82]
05-15 18:38:00.803 782 782 I sysui_multi_action: [757,197,758,10]
05-15 18:38:00.804 782 782 I sysui_multi_action: [757,197,758,5,759,1]
05-15 18:38:00.898 623 718 D BiometricDeferredQueue: Fingerprint addPendingLockoutResetForUser: 0
05-15 18:38:00.966 623 1115 I LockSettingsService: Unlocking user 0 with secret only, length 32
05-15 18:38:00.966 623 1115 I uc_unlock_user: 0
05-15 18:38:00.966 623 1115 D LockSettingsService: unlockUser finished
05-15 18:38:00.966 623 1115 I uc_finish_user_unlocking: 0
05-15 18:38:00.966 623 1115 W ActivityManager: UserLifecycleEvent 5 received without an active userJourneySession.
05-15 18:38:00.966 623 1115 D LockSettingsService: unlockUser finished
05-15 18:38:00.966 623 1115 I LockSettingsService: Disabling escrow token on user 0
05-15 18:38:00.967 623 718 D BiometricDeferredQueue: Processing pending resetLockout for fingerprint
05-15 18:38:00.967 623 623 D BiometricScheduler/Fingerprint21: [Added] {[38] com.android.server.biometrics.sensors.fingerprint.hidl.FingerprintResetLockoutClient, proto=12, owner=android, cookie=0, requestId=-1, userId=0}, new queue size: 1
05-15 18:38:00.967 623 623 V BiometricScheduler/Fingerprint21: Not idle, current operation: {[37] com.android.server.biometrics.sensors.fingerprint.hidl.FingerprintAuthenticationClient, proto=3, owner=com.android.systemui, cookie=0, requestId=11, userId=0}, State: 2
05-15 18:38:00.974 782 782 I sysui_latency: [4,255]
05-15 18:38:01.000 1391 1391 W ContextImpl: Calling a method in the system process without a qualified user: android.app.ContextImpl.sendBroadcast:1181 android.content.ContextWrapper.sendBroadcast:479 cn.eben.newweather.DateWeatherService.a:19 cn.eben.newweather.DateWeatherService.a:0 cn.eben.newweather.DateWeatherService$1.handleMessage:7
05-15 18:38:01.305 782 782 D FingerprintManager: Cancel fingerprint authentication requested for: 11
05-15 18:38:01.306 623 1115 D Fingerprint21: cancelAuthentication, sensorId: 0
05-15 18:38:01.306 623 623 D BiometricScheduler/Fingerprint21: cancelAuthenticationOrDetection, requestId: 11
05-15 18:38:01.306 623 623 D BiometricScheduler/Fingerprint21: Cancelling auth/detect op: {[37] com.android.server.biometrics.sensors.fingerprint.hidl.FingerprintAuthenticationClient, proto=3, owner=com.android.systemui, cookie=0, requestId=11, userId=0}, State: 2
05-15 18:38:01.306 623 623 D BiometricSchedulerOperation: [Cancelling] Current client: {[37] com.android.server.biometrics.sensors.fingerprint.hidl.FingerprintAuthenticationClient, proto=3, owner=com.android.systemui, cookie=0, requestId=11, userId=0}
05-15 18:38:01.312 623 26904 I wm_set_keyguard_shown: [1,0,1,keyguardGoingAway]
05-15 18:38:01.313 623 26904 D ActivityTaskManager: Top Process State changed to PROCESS_STATE_TOP
05-15 18:38:01.315 623 26904 I wm_set_resumed_activity: [0,com.android.settings/.SubSettings,resumeTopActivity]
05-15 18:38:01.334 623 26904 I wm_resume_activity: [0,126299921,2736,com.android.settings/.SubSettings]
05-15 18:38:01.338 623 26904 I wm_resume_activity: [0,210649236,2736,com.android.settings/.Settings]
05-15 18:38:01.349 623 623 D Fingerprint21: handleError, client: FingerprintAuthenticationClient, error: 5, vendorCode: 0
05-15 18:38:01.350 623 623 D Biometrics/AcquisitionClient: onErrorInternal code: 5, finish: true
05-15 18:38:01.350 623 623 V Biometrics/LoggableMonitor: Error latency: -1
05-15 18:38:01.350 623 623 W Biometrics/LoggableMonitor: found a negative latency : -1
05-15 18:38:01.350 623 623 D FingerprintService: Client finished, fps state updated to 0, client {[37] com.android.server.biometrics.sensors.fingerprint.hidl.FingerprintAuthenticationClient, proto=3, owner=com.android.systemui, cookie=0, requestId=11, userId=0}
05-15 18:38:01.350 623 623 D BiometricSchedulerOperation: [Finished / destroy]: {[37] com.android.server.biometrics.sensors.fingerprint.hidl.FingerprintAuthenticationClient, proto=3, owner=com.android.systemui, cookie=0, requestId=11, userId=0}
05-15 18:38:01.350 984 984 I wm_on_restart_called: [126299921,com.android.settings.SubSettings,performRestartActivity]
05-15 18:38:01.350 623 623 D BiometricCoexCoordinator: shouldUsuallyVibrate: false, hapticSuppressedByCoex: false
05-15 18:38:01.351 623 623 D BiometricScheduler/Fingerprint21: [Finishing] {[37] com.android.server.biometrics.sensors.fingerprint.hidl.FingerprintAuthenticationClient, proto=3, owner=com.android.systemui, cookie=0, requestId=11, userId=0}, success: false
05-15 18:38:01.351 623 623 D BiometricCoexCoordinator: removeAuthenticationClient(OtherFp), client: {[37] com.android.server.biometrics.sensors.fingerprint.hidl.FingerprintAuthenticationClient, proto=3, owner=com.android.systemui, cookie=0, requestId=11, userId=0}
05-15 18:38:01.351 623 623 D GestureAvailabilityTracker: Notifying gesture availability, active=true
05-15 18:38:01.351 623 623 D BiometricScheduler/Fingerprint21: [Polled] {[38] com.android.server.biometrics.sensors.fingerprint.hidl.FingerprintResetLockoutClient, proto=12, owner=android, cookie=0, requestId=-1, userId=0}, State: 0
05-15 18:38:01.351 623 623 D BiometricScheduler/Fingerprint21: [Started] {[38] com.android.server.biometrics.sensors.fingerprint.hidl.FingerprintResetLockoutClient, proto=12, owner=android, cookie=0, requestId=-1, userId=0}
05-15 18:38:01.352 623 623 D BiometricSchedulerOperation: [Finished / destroy]: {[38] com.android.server.biometrics.sensors.fingerprint.hidl.FingerprintResetLockoutClient, proto=12, owner=android, cookie=0, requestId=-1, userId=0}
05-15 18:38:01.353 623 623 V BiometricSchedulerOperation: started: {[38] com.android.server.biometrics.sensors.fingerprint.hidl.FingerprintResetLockoutClient, proto=12, owner=android, cookie=0, requestId=-1, userId=0}, State: 5
05-15 18:38:01.353 623 623 D BiometricScheduler/Fingerprint21: [Finishing] {[38] com.android.server.biometrics.sensors.fingerprint.hidl.FingerprintResetLockoutClient, proto=12, owner=android, cookie=0, requestId=-1, userId=0}, success: true
05-15 18:38:01.353 623 623 D BiometricScheduler/Fingerprint21: No operations, returning to idle
05-15 18:38:01.362 782 782 I sysui_multi_action: [757,1697,758,15,759,0,1741,5]
05-15 18:38:01.363 984 984 I wm_on_start_called: [126299921,com.android.settings.SubSettings,handleStartActivity]
05-15 18:38:01.364 984 984 I snet_event_log: [120484087,-1,]
05-15 18:38:01.365 984 984 I wm_on_resume_called: [126299921,com.android.settings.SubSettings,RESUME_ACTIVITY]
05-15 18:38:01.371 984 984 I sysui_multi_action: [757,746,758,1,833,35,1089,0]
05-15 18:38:01.426 984 984 I wm_on_top_resumed_gained_called: [126299921,com.android.settings.SubSettings,topWhenResuming]
05-15 18:38:01.427 984 984 I wm_on_restart_called: [210649236,com.android.settings.Settings,performRestartActivity]
05-15 18:38:01.438 984 984 I wm_on_start_called: [210649236,com.android.settings.Settings,handleStartActivity]
05-15 18:38:01.439 984 984 I snet_event_log: [120484087,-1,]
05-15 18:38:01.439 984 984 I wm_on_resume_called: [210649236,com.android.settings.Settings,RESUME_ACTIVITY]
05-15 18:38:01.440 984 984 I sysui_multi_action: [757,35,758,1,833,0,1089,0]
05-15 18:38:01.442 623 26904 W BatteryExternalStatsWorker: error reading modem stats:ERROR_INVALID_INFO_RECEIVED
05-15 18:38:01.451 322 322 I auditd : type=1400 audit(0.0:4888): avc: denied { read } for comm="Binder:322_2" name="wakeup4" dev="sysfs" ino=24387 scontext=u:r:system_suspend:s0 tcontext=u:object_r:sysfs:s0 tclass=dir permissive=1
05-15 18:38:01.451 322 322 I auditd : type=1400 audit(0.0:4889): avc: denied { open } for comm="Binder:322_2" path="/sys/devices/platform/fdba8000.jpege-core/wakeup/wakeup4" dev="sysfs" ino=24387 scontext=u:r:system_suspend:s0 tcontext=u:object_r:sysfs:s0 tclass=dir permissive=1
05-15 18:38:01.451 322 322 I auditd : type=1400 audit(0.0:4890): avc: denied { read } for comm="Binder:322_2" name="event_count" dev="sysfs" ino=24394 scontext=u:r:system_suspend:s0 tcontext=u:object_r:sysfs:s0 tclass=file permissive=1
05-15 18:38:01.455 322 322 I auditd : type=1400 audit(0.0:4891): avc: denied { open } for comm="Binder:322_2" path="/sys/devices/platform/fdba8000.jpege-core/wakeup/wakeup4/event_count" dev="sysfs" ino=24394 scontext=u:r:system_suspend:s0 tcontext=u:object_r:sysfs:s0 tclass=file permissive=1
05-15 18:38:01.455 322 322 I auditd : type=1400 audit(0.0:4892): avc: denied { getattr } for comm="Binder:322_2" path="/sys/devices/platform/fdba8000.jpege-core/wakeup/wakeup4/event_count" dev="sysfs" ino=24394 scontext=u:r:system_suspend:s0 tcontext=u:object_r:sysfs:s0 tclass=file permissive=1
05-15 18:38:01.475 322 322 I auditd : type=1400 audit(0.0:4893): avc: denied { read } for comm="Binder:322_2" name="wakeup25" dev="sysfs" ino=42260 scontext=u:r:system_suspend:s0 tcontext=u:object_r:power_supply_tcpm:s0 tclass=dir permissive=1
05-15 18:38:01.475 322 322 I auditd : type=1400 audit(0.0:4894): avc: denied { open } for comm="Binder:322_2" path="/sys/devices/platform/feaa0000.i2c/i2c-2/2-004e/power_supply/tcpm-source-psy-2-004e/wakeup25" dev="sysfs" ino=42260 scontext=u:r:system_suspend:s0 tcontext=u:object_r:power_supply_tcpm:s0 tclass=dir permissive=1
05-15 18:38:01.512 782 782 I sysui_latency: [11,708]
05-15 18:38:01.526 623 2170 I am_uid_active: 10095
05-15 18:38:01.550 782 782 I sysui_multi_action: [757,111,758,2]
05-15 18:38:01.573 782 782 I sysui_multi_action: [757,196,758,2,759,1]
05-15 18:38:01.573 782 782 I sysui_status_bar_state: [0,0,0,0,1,0]
05-15 18:38:01.590 623 643 I user_activity_timeout_override: -1
05-15 18:38:01.593 623 644 I input_focus: [Focus request f335b40 com.android.settings/com.android.settings.SubSettings,reason=UpdateInputWindows]
05-15 18:38:01.620 623 711 I input_focus: [Focus leaving fc02a13 NotificationShade (server),reason=NOT_FOCUSABLE]
05-15 18:38:01.621 623 711 I input_focus: [Focus entering f335b40 com.android.settings/com.android.settings.SubSettings (server),reason=setFocusedWindow]
05-15 18:38:02.000 1391 1391 W ContextImpl: Calling a method in the system process without a qualified user: android.app.ContextImpl.sendBroadcast:1181 android.content.ContextWrapper.sendBroadcast:479 cn.eben.newweather.DateWeatherService.a:19 cn.eben.newweather.DateWeatherService.a:0 cn.eben.newweather.DateWeatherService$1.handleMessage:7
05-15 18:38:02.026 623 623 D BiometricService: Sensor ID(0), oemStrength: 255, updatedStrength: 255, modality 2, state: 0, cookie: 0, props: ID: 0, Strength: 1, Type: 1, sensorId 0, hasEnrollments: true cannot participate in Keystore operations
05-15 18:38:02.032 623 27902 I wm_set_keyguard_shown: [0,0,1,setKeyguardShown]
05-15 18:38:02.078 623 27902 W BroadcastQueue: Background execution not allowed: receiving Intent { act=android.intent.action.USER_PRESENT flg=0x24200010 } to com.zhangyue.read.iReader/com.taobao.accs.EventReceiver
05-15 18:38:02.670 623 638 W ContentProviderHelper: Permission Denial: opening provider com.android.providers.contacts.ContactsProvider2 from ProcessRecord{6d23060 1792:cn.eben.sync/u0a64} (pid=1792, uid=10064) requires android.permission.READ_CONTACTS or android.permission.WRITE_CONTACTS
05-15 18:38:02.729 623 711 I input_interaction: Interaction with: 478c048 com.android.settings/com.android.settings.Settings (server), PointerEventDispatcher0 (server),
05-15 18:38:02.736 623 644 I input_focus: [Focus request 478c048 com.android.settings/com.android.settings.Settings,reason=UpdateInputWindows]
05-15 18:38:02.769 623 711 I input_focus: [Focus leaving f335b40 com.android.settings/com.android.settings.SubSettings (server),reason=setFocusedWindow]
05-15 18:38:02.769 623 711 I input_focus: [Focus entering 478c048 com.android.settings/com.android.settings.Settings (server),reason=setFocusedWindow]
05-15 18:38:03.003 1391 1391 W ContextImpl: Calling a method in the system process without a qualified user: android.app.ContextImpl.sendBroadcast:1181 android.content.ContextWrapper.sendBroadcast:479 cn.eben.newweather.DateWeatherService.a:19 cn.eben.newweather.DateWeatherService.a:0 cn.eben.newweather.DateWeatherService$1.handleMessage:7
05-15 18:38:03.320 623 623 I notification_enqueue: [10100,10735,com.baidu.appsearch,2131755453,NULL,0,Notification(channel=手机管理、安全检测相关通知 shortcut=null contentView=null vibrate=null sound=null defaults=0x0 flags=0x62 color=0x00000000 vis=PRIVATE),1]
05-15 18:38:03.324 623 623 I notification_enqueue: [10100,10735,com.baidu.appsearch,2131755453,NULL,0,Notification(channel=手机管理、安全检测相关通知 shortcut=null contentView=null vibrate=null sound=null defaults=0x0 flags=0x62 color=0x00000000 vis=PRIVATE),1]
05-15 18:38:04.004 1391 1391 W ContextImpl: Calling a method in the system process without a qualified user: android.app.ContextImpl.sendBroadcast:1181 android.content.ContextWrapper.sendBroadcast:479 cn.eben.newweather.DateWeatherService.a:19 cn.eben.newweather.DateWeatherService.a:0 cn.eben.newweather.DateWeatherService$1.handleMessage:7
05-15 18:38:04.431 984 984 I sysui_multi_action: [757,830,758,4,833,0,854,top_level_network,1089,0]
05-15 18:38:04.435 623 27902 I wm_finish_activity: [0,126299921,2736,com.android.settings/.SubSettings,app-request]
05-15 18:38:04.454 623 27902 I wm_pause_activity: [0,126299921,com.android.settings/.SubSettings,userLeaving=false,finish]
05-15 18:38:04.458 623 27902 W ActivityTaskManager: Duplicate finish request for r=ActivityRecord{7872f11 u0 com.android.settings/.SubSettings t2736 f}}
05-15 18:38:04.461 623 27902 I ActivityTaskManager: START u0 {act=android.intent.action.MAIN cmp=com.android.settings/.SubSettings (has extras)} from uid 1000
05-15 18:38:04.463 623 27902 I wm_task_moved: [2736,1,8]
05-15 18:38:04.464 623 27902 I wm_set_resumed_activity: [0,com.android.settings/.Settings,positionChildAt]
05-15 18:38:04.464 623 27902 I wm_create_activity: [0,169869876,2736,com.android.settings/.SubSettings,android.intent.action.MAIN,NULL,NULL,0]
05-15 18:38:04.466 984 984 I wm_on_top_resumed_lost_called: [126299921,com.android.settings.SubSettings,topStateChangedWhenResumed]
05-15 18:38:04.472 984 984 I sysui_multi_action: [757,746,758,2,1089,3102]
05-15 18:38:04.474 984 984 I wm_on_paused_called: [126299921,com.android.settings.SubSettings,performPause]
05-15 18:38:04.475 623 27902 I wm_add_to_stopping: [0,126299921,com.android.settings/.SubSettings,completeFinishing]
05-15 18:38:04.475 623 27902 W ActivityTaskManager: Tried to set launchTime (0) < mLastActivityLaunchTime (3470004)
05-15 18:38:04.476 623 27902 I wm_restart_activity: [0,169869876,2736,com.android.settings/.SubSettings]
05-15 18:38:04.479 623 27902 I wm_set_resumed_activity: [0,com.android.settings/.SubSettings,minimalResumeActivityLocked]
05-15 18:38:04.482 623 643 I sysui_multi_action: [757,803,799,window_time_0,802,1593]
05-15 18:38:04.483 984 984 I wm_on_top_resumed_gained_called: [210649236,com.android.settings.Settings,topStateChangedWhenResumed]
05-15 18:38:04.520 623 1530 E UserRestrictionsUtils: Unknown restriction queried by uid 1000 (com.android.server.telecom et al): null
05-15 18:38:04.520 623 27902 E UserRestrictionsUtils: Unknown restriction queried by uid 1000 (com.android.server.telecom et al): null
05-15 18:38:04.523 623 1530 E UserRestrictionsUtils: Unknown restriction queried by uid 1000 (com.android.server.telecom et al): no_ethernet_settings
05-15 18:38:04.524 623 649 I am_wtf : [0,984,system_server,-1,UserRestrictionsUtils,Unknown restriction queried by uid 1000 (com.android.server.telecom et al): no_ethernet_settings]
05-15 18:38:04.524 623 1530 E UserRestrictionsUtils: Unknown restriction queried by uid 1000 (com.android.server.telecom et al): no_ethernet_settings
05-15 18:38:04.524 623 649 I DropBoxManagerService: add tag=system_server_wtf isTagEnabled=true flags=0x2
05-15 18:38:04.529 623 649 I am_wtf : [0,984,system_server,-1,UserRestrictionsUtils,Unknown restriction queried by uid 1000 (com.android.server.telecom et al): no_ethernet_settings]
05-15 18:38:04.530 623 649 I DropBoxManagerService: add tag=system_server_wtf isTagEnabled=true flags=0x2
05-15 18:38:04.531 984 984 I wm_on_create_called: [169869876,com.android.settings.SubSettings,performCreate]
05-15 18:38:04.547 984 984 I wm_on_start_called: [169869876,com.android.settings.SubSettings,handleStartActivity]
05-15 18:38:04.548 984 984 I snet_event_log: [120484087,-1,]
05-15 18:38:04.549 984 984 I wm_on_resume_called: [169869876,com.android.settings.SubSettings,RESUME_ACTIVITY]
05-15 18:38:04.553 984 984 I sysui_multi_action: [757,746,758,1,833,35,1089,41]
05-15 18:38:04.579 984 984 I sysui_multi_action: [757,1729,758,4,854,isParalleledControllers:false,1089,68]
05-15 18:38:04.583 984 984 I wm_on_top_resumed_lost_called: [210649236,com.android.settings.Settings,topStateChangedWhenResumed]
05-15 18:38:04.614 623 644 I input_focus: [Focus request 3a5748d com.android.settings/com.android.settings.SubSettings,reason=UpdateInputWindows]
05-15 18:38:04.624 984 984 I wm_on_top_resumed_gained_called: [169869876,com.android.settings.SubSettings,topStateChangedWhenResumed]
05-15 18:38:04.626 623 644 W WindowManager: Unable to find process with pid=984 uid=1000
05-15 18:38:04.627 623 640 I wm_activity_launch_time: [0,169869876,com.android.settings/.SubSettings,165]
05-15 18:38:04.642 623 711 I input_focus: [Focus leaving 478c048 com.android.settings/com.android.settings.Settings (server),reason=setFocusedWindow]
05-15 18:38:04.642 623 711 I input_focus: [Focus entering 3a5748d com.android.settings/com.android.settings.SubSettings (server),reason=setFocusedWindow]
05-15 18:38:04.844 623 26904 W WindowManager: Unable to find process with pid=984 uid=1000
05-15 18:38:04.844 623 643 I wm_destroy_activity: [0,126299921,2736,com.android.settings/.SubSettings,finish-imm:idle]
05-15 18:38:04.878 984 984 I wm_on_stop_called: [126299921,com.android.settings.SubSettings,LIFECYCLER_STOP_ACTIVITY]
05-15 18:38:04.886 984 984 I wm_on_destroy_called: [126299921,com.android.settings.SubSettings,performDestroy]
05-15 18:38:04.891 623 1115 D ActivityTaskManager: Remove task fragment: removeLastChild ActivityRecord{7872f11 u0 com.android.settings/.SubSettings t-1 f}}
05-15 18:38:05.001 1391 1391 W ContextImpl: Calling a method in the system process without a qualified user: android.app.ContextImpl.sendBroadcast:1181 android.content.ContextWrapper.sendBroadcast:479 cn.eben.newweather.DateWeatherService.a:19 cn.eben.newweather.DateWeatherService.a:0 cn.eben.newweather.DateWeatherService$1.handleMessage:7
05-15 18:38:06.000 1391 1391 W ContextImpl: Calling a method in the system process without a qualified user: android.app.ContextImpl.sendBroadcast:1181 android.content.ContextWrapper.sendBroadcast:479 cn.eben.newweather.DateWeatherService.a:19 cn.eben.newweather.DateWeatherService.a:0 cn.eben.newweather.DateWeatherService$1.handleMessage:7
05-15 18:38:06.095 623 644 I input_focus: [Focus request 478c048 com.android.settings/com.android.settings.Settings,reason=UpdateInputWindows]
05-15 18:38:06.119 623 711 I input_focus: [Focus leaving 3a5748d com.android.settings/com.android.settings.SubSettings (server),reason=setFocusedWindow]
05-15 18:38:06.119 623 711 I input_focus: [Focus entering 478c048 com.android.settings/com.android.settings.Settings (server),reason=setFocusedWindow]
05-15 18:38:07.001 1391 1391 W ContextImpl: Calling a method in the system process without a qualified user: android.app.ContextImpl.sendBroadcast:1181 android.content.ContextWrapper.sendBroadcast:479 cn.eben.newweather.DateWeatherService.a:19 cn.eben.newweather.DateWeatherService.a:0 cn.eben.newweather.DateWeatherService$1.handleMessage:7
05-15 18:38:07.675 623 26904 W ContentProviderHelper: Permission Denial: opening provider com.android.providers.contacts.ContactsProvider2 from ProcessRecord{6d23060 1792:cn.eben.sync/u0a64} (pid=1792, uid=10064) requires android.permission.READ_CONTACTS or android.permission.WRITE_CONTACTS
05-15 18:38:07.817 984 984 I sysui_multi_action: [757,830,758,4,833,0,854,top_level_accounts,1089,0]
05-15 18:38:07.819 623 26904 I wm_finish_activity: [0,169869876,2736,com.android.settings/.SubSettings,app-request]
05-15 18:38:07.853 623 26904 I wm_pause_activity: [0,169869876,com.android.settings/.SubSettings,userLeaving=false,finish]
05-15 18:38:07.855 623 644 I dvm_lock_sample: [system_server,1,android.anim,36,InputMonitor.java,156,void com.android.server.wm.InputMonitor$UpdateInputWindows.run(),ActivityClientController.java,460,boolean com.android.server.wm.ActivityClientController.finishActivity(android.os.IBinder, int, android.content.Intent, int),7]
05-15 18:38:07.856 623 26904 W ActivityTaskManager: Duplicate finish request for r=ActivityRecord{a200234 u0 com.android.settings/.SubSettings t2736 f}}
05-15 18:38:07.859 623 26904 I ActivityTaskManager: START u0 {act=android.intent.action.MAIN cmp=com.android.settings/.SubSettings (has extras)} from uid 1000
05-15 18:38:07.860 623 26904 I wm_task_moved: [2736,1,8]
05-15 18:38:07.860 623 26904 I wm_set_resumed_activity: [0,com.android.settings/.Settings,positionChildAt]
05-15 18:38:07.860 623 26904 I wm_create_activity: [0,110682606,2736,com.android.settings/.SubSettings,android.intent.action.MAIN,NULL,NULL,0]
05-15 18:38:07.886 984 984 I wm_on_top_resumed_lost_called: [169869876,com.android.settings.SubSettings,topStateChangedWhenResumed]
05-15 18:38:07.891 984 984 I sysui_multi_action: [757,746,758,2,1089,3338]
05-15 18:38:07.892 984 984 I wm_on_paused_called: [169869876,com.android.settings.SubSettings,performPause]
05-15 18:38:07.893 623 26904 I wm_add_to_stopping: [0,169869876,com.android.settings/.SubSettings,completeFinishing]
05-15 18:38:07.893 623 26904 W ActivityTaskManager: Tried to set launchTime (0) < mLastActivityLaunchTime (3901273)
05-15 18:38:07.894 623 26904 I wm_restart_activity: [0,110682606,2736,com.android.settings/.SubSettings]
05-15 18:38:07.897 623 26904 I wm_set_resumed_activity: [0,com.android.settings/.SubSettings,minimalResumeActivityLocked]
05-15 18:38:07.899 623 643 I sysui_multi_action: [757,803,799,window_time_0,802,4]
05-15 18:38:07.905 984 984 I wm_on_top_resumed_gained_called: [210649236,com.android.settings.Settings,topStateChangedWhenResumed]
05-15 18:38:07.927 623 26904 E UserRestrictionsUtils: Unknown restriction queried by uid 1000 (com.android.server.telecom et al): null
05-15 18:38:07.935 984 984 I wm_on_create_called: [110682606,com.android.settings.SubSettings,performCreate]
05-15 18:38:07.944 984 984 I wm_on_start_called: [110682606,com.android.settings.SubSettings,handleStartActivity]
05-15 18:38:07.944 984 984 I snet_event_log: [120484087,-1,]
05-15 18:38:07.946 984 984 I wm_on_resume_called: [110682606,com.android.settings.SubSettings,RESUME_ACTIVITY]
05-15 18:38:07.949 984 984 I sysui_multi_action: [757,8,758,1,833,35,1089,26]
05-15 18:38:07.952 984 984 I sysui_multi_action: [757,1729,758,4,854,isParalleledControllers:false,1089,29]
05-15 18:38:07.956 984 984 I wm_on_top_resumed_lost_called: [210649236,com.android.settings.Settings,topStateChangedWhenResumed]
05-15 18:38:07.977 623 644 I input_focus: [Focus request d46c69b com.android.settings/com.android.settings.SubSettings,reason=UpdateInputWindows]
05-15 18:38:07.983 984 984 I wm_on_top_resumed_gained_called: [110682606,com.android.settings.SubSettings,topStateChangedWhenResumed]
05-15 18:38:07.986 623 644 W WindowManager: Unable to find process with pid=984 uid=1000
05-15 18:38:07.986 623 640 I wm_activity_launch_time: [0,110682606,com.android.settings/.SubSettings,126]
05-15 18:38:07.993 623 711 I input_focus: [Focus leaving 478c048 com.android.settings/com.android.settings.Settings (server),reason=setFocusedWindow]
05-15 18:38:07.993 623 711 I input_focus: [Focus entering d46c69b com.android.settings/com.android.settings.SubSettings (server),reason=setFocusedWindow]
05-15 18:38:08.002 1391 1391 W ContextImpl: Calling a method in the system process without a qualified user: android.app.ContextImpl.sendBroadcast:1181 android.content.ContextWrapper.sendBroadcast:479 cn.eben.newweather.DateWeatherService.a:19 cn.eben.newweather.DateWeatherService.a:0 cn.eben.newweather.DateWeatherService$1.handleMessage:7
05-15 18:38:08.196 623 26904 W WindowManager: Unable to find process with pid=984 uid=1000
05-15 18:38:08.197 623 643 I wm_destroy_activity: [0,169869876,2736,com.android.settings/.SubSettings,finish-imm:idle]
05-15 18:38:08.231 984 984 I wm_on_stop_called: [169869876,com.android.settings.SubSettings,LIFECYCLER_STOP_ACTIVITY]
05-15 18:38:08.239 984 984 I wm_on_destroy_called: [169869876,com.android.settings.SubSettings,performDestroy]
05-15 18:38:08.246 623 1115 D ActivityTaskManager: Remove task fragment: removeLastChild ActivityRecord{a200234 u0 com.android.settings/.SubSettings t-1 f}}
05-15 18:38:08.878 23958 23958 I auditd : type=1400 audit(0.0:4898): avc: denied { read } for comm="CrashSDKBkgdHan" name="loadavg" dev="proc" ino=4026532226 scontext=u:r:untrusted_app:s0:c102,c256,c512,c768 tcontext=u:object_r:proc_loadavg:s0 tclass=file permissive=1 app=com.taobao.taobao
05-15 18:38:08.878 23958 23958 I auditd : type=1400 audit(0.0:4899): avc: denied { open } for comm="CrashSDKBkgdHan" path="/proc/loadavg" dev="proc" ino=4026532226 scontext=u:r:untrusted_app:s0:c102,c256,c512,c768 tcontext=u:object_r:proc_loadavg:s0 tclass=file permissive=1 app=com.taobao.taobao
05-15 18:38:08.878 23958 23958 I auditd : type=1400 audit(0.0:4900): avc: denied { open } for comm="CrashSDKBkgdHan" path="/proc/stat" dev="proc" ino=4026532228 scontext=u:r:untrusted_app:s0:c102,c256,c512,c768 tcontext=u:object_r:proc_stat:s0 tclass=file permissive=1 app=com.taobao.taobao
05-15 18:38:09.001 1391 1391 W ContextImpl: Calling a method in the system process without a qualified user: android.app.ContextImpl.sendBroadcast:1181 android.content.ContextWrapper.sendBroadcast:479 cn.eben.newweather.DateWeatherService.a:19 cn.eben.newweather.DateWeatherService.a:0 cn.eben.newweather.DateWeatherService$1.handleMessage:7
05-15 18:38:09.010 623 1373 E TaskPersister: File error accessing recents directory (directory doesn't exist?).
05-15 18:38:10.003 1391 1391 W ContextImpl: Calling a method in the system process without a qualified user: android.app.ContextImpl.sendBroadcast:1181 android.content.ContextWrapper.sendBroadcast:479 cn.eben.newweather.DateWeatherService.a:19 cn.eben.newweather.DateWeatherService.a:0 cn.eben.newweather.DateWeatherService$1.handleMessage:7
05-15 18:38:10.363 623 711 I input_interaction: Interaction with: d46c69b com.android.settings/com.android.settings.SubSettings (server), PointerEventDispatcher0 (server),
05-15 18:38:10.480 984 984 I sysui_multi_action: [757,830,758,4,833,0,854,add_account,1089,0]
05-15 18:38:10.485 623 1115 I ActivityTaskManager: START u0 {act=android.settings.ADD_ACCOUNT_SETTINGS cmp=com.android.settings/.accounts.AddAccountSettings (has extras)} from uid 1000
05-15 18:38:10.490 623 1115 I wm_task_moved: [2736,1,8]
05-15 18:38:10.491 623 1115 I wm_set_resumed_activity: [0,com.android.settings/.SubSettings,positionChildAt]
05-15 18:38:10.491 623 1115 I wm_create_activity: [0,213004978,2736,com.android.settings/.accounts.AddAccountSettings,android.settings.ADD_ACCOUNT_SETTINGS,NULL,NULL,0]
05-15 18:38:10.493 623 1115 I wm_pause_activity: [0,110682606,com.android.settings/.SubSettings,userLeaving=true,resumeTopActivity]
05-15 18:38:10.500 984 984 I wm_on_top_resumed_lost_called: [110682606,com.android.settings.SubSettings,topStateChangedWhenResumed]
05-15 18:38:10.501 984 984 I sysui_multi_action: [757,8,758,2,1089,2552]
05-15 18:38:10.502 984 984 I wm_on_paused_called: [110682606,com.android.settings.SubSettings,performPause]
05-15 18:38:10.503 623 27902 W ActivityTaskManager: Tried to set launchTime (0) < mLastActivityLaunchTime (3904690)
05-15 18:38:10.503 623 27902 I wm_add_to_stopping: [0,110682606,com.android.settings/.SubSettings,makeInvisible]
05-15 18:38:10.504 623 27902 I wm_restart_activity: [0,213004978,2736,com.android.settings/.accounts.AddAccountSettings]
05-15 18:38:10.504 623 27902 I wm_set_resumed_activity: [0,com.android.settings/.accounts.AddAccountSettings,minimalResumeActivityLocked]
05-15 18:38:10.507 984 984 I wm_on_top_resumed_gained_called: [210649236,com.android.settings.Settings,topStateChangedWhenResumed]
05-15 18:38:10.510 623 643 I sysui_multi_action: [757,803,799,window_time_0,802,2]
05-15 18:38:10.515 623 27902 I ActivityTaskManager: START u0 {cmp=com.android.settings/.Settings$ChooseAccountActivity (has extras)} from uid 1000
05-15 18:38:10.516 623 27902 I wm_task_moved: [2736,1,8]
05-15 18:38:10.516 623 27902 I wm_set_resumed_activity: [0,com.android.settings/.accounts.AddAccountSettings,positionChildAt]
05-15 18:38:10.516 623 27902 I wm_create_activity: [0,254195641,2736,com.android.settings/.Settings$ChooseAccountActivity,NULL,NULL,NULL,0]
05-15 18:38:10.516 623 27902 I wm_pause_activity: [0,213004978,com.android.settings/.accounts.AddAccountSettings,userLeaving=true,resumeTopActivity]
05-15 18:38:10.518 984 984 I wm_on_create_called: [213004978,com.android.settings.accounts.AddAccountSettings,performCreate]
05-15 18:38:10.526 623 711 I input_focus: [Focus leaving d46c69b com.android.settings/com.android.settings.SubSettings (server),reason=NO_WINDOW]
05-15 18:38:10.527 984 984 I wm_on_start_called: [213004978,com.android.settings.accounts.AddAccountSettings,handleStartActivity]
05-15 18:38:10.528 984 984 I wm_on_resume_called: [213004978,com.android.settings.accounts.AddAccountSettings,RESUME_ACTIVITY]
05-15 18:38:10.531 984 984 I wm_on_top_resumed_lost_called: [210649236,com.android.settings.Settings,topStateChangedWhenResumed]
05-15 18:38:10.538 623 644 I input_focus: [Focus request a54bb5f com.android.settings/com.android.settings.accounts.AddAccountSettings,reason=UpdateInputWindows]
05-15 18:38:10.547 984 984 I wm_on_paused_called: [213004978,com.android.settings.accounts.AddAccountSettings,performPause]
05-15 18:38:10.548 623 27902 W ActivityTaskManager: Tried to set launchTime (0) < mLastActivityLaunchTime (3907300)
05-15 18:38:10.548 623 27902 I wm_add_to_stopping: [0,213004978,com.android.settings/.accounts.AddAccountSettings,makeInvisible]
05-15 18:38:10.548 623 27902 I wm_restart_activity: [0,254195641,2736,com.android.settings/.Settings$ChooseAccountActivity]
05-15 18:38:10.550 623 27902 I wm_set_resumed_activity: [0,com.android.settings/.Settings$ChooseAccountActivity,minimalResumeActivityLocked]
05-15 18:38:10.553 623 643 I wm_stop_activity: [0,213004978,com.android.settings/.accounts.AddAccountSettings]
05-15 18:38:10.554 623 643 I sysui_multi_action: [757,803,799,window_time_0,802,0]
05-15 18:38:10.556 984 984 I wm_on_top_resumed_gained_called: [210649236,com.android.settings.Settings,topStateChangedWhenResumed]
05-15 18:38:10.612 984 984 I wm_on_create_called: [254195641,com.android.settings.Settings$ChooseAccountActivity,performCreate]
05-15 18:38:10.620 984 984 I wm_on_start_called: [254195641,com.android.settings.Settings$ChooseAccountActivity,handleStartActivity]
05-15 18:38:10.620 984 984 I snet_event_log: [120484087,-1,]
05-15 18:38:10.621 984 984 I wm_on_resume_called: [254195641,com.android.settings.Settings$ChooseAccountActivity,RESUME_ACTIVITY]
05-15 18:38:10.621 984 984 I sysui_multi_action: [757,10,758,1,833,0,1089,34]
05-15 18:38:10.622 984 984 I sysui_multi_action: [757,1729,758,4,854,isParalleledControllers:false,1089,34]
05-15 18:38:10.624 984 984 I wm_on_top_resumed_lost_called: [210649236,com.android.settings.Settings,topStateChangedWhenResumed]
05-15 18:38:10.625 984 984 I wm_on_stop_called: [213004978,com.android.settings.accounts.AddAccountSettings,STOP_ACTIVITY_ITEM]
05-15 18:38:10.638 623 644 I input_focus: [Focus request 27686e5 com.android.settings/com.android.settings.Settings$ChooseAccountActivity,reason=UpdateInputWindows]
05-15 18:38:10.651 984 984 I wm_on_top_resumed_gained_called: [254195641,com.android.settings.Settings$ChooseAccountActivity,topStateChangedWhenResumed]
05-15 18:38:10.652 623 644 W WindowManager: Unable to find process with pid=984 uid=1000
05-15 18:38:10.653 623 640 I wm_activity_launch_time: [0,254195641,com.android.settings/.Settings$ChooseAccountActivity,168]
05-15 18:38:10.674 623 711 I input_focus: [Focus entering 27686e5 com.android.settings/com.android.settings.Settings$ChooseAccountActivity (server),reason=Window became focusable. Previous reason: NOT_VISIBLE]
05-15 18:38:10.875 623 26904 W WindowManager: Unable to find process with pid=984 uid=1000
05-15 18:38:10.884 623 643 I dvm_lock_sample: [system_server,1,android.display,10,ActivityTaskSupervisor.java,2372,void com.android.server.wm.ActivityTaskSupervisor$ActivityTaskSupervisorHandler.handleMessage(android.os.Message),SurfaceAnimator.java,140,void com.android.server.wm.SurfaceAnimator.lambda$getFinishedCallback$1$SurfaceAnimator(com.android.server.wm.SurfaceAnimator$OnAnimationFinishedCallback, int, com.android.server.wm.AnimationAdapter),2]
05-15 18:38:10.885 623 643 I wm_stop_activity: [0,110682606,com.android.settings/.SubSettings]
05-15 18:38:10.905 984 984 I wm_on_stop_called: [110682606,com.android.settings.SubSettings,STOP_ACTIVITY_ITEM]
05-15 18:38:11.002 1391 1391 W ContextImpl: Calling a method in the system process without a qualified user: android.app.ContextImpl.sendBroadcast:1181 android.content.ContextWrapper.sendBroadcast:479 cn.eben.newweather.DateWeatherService.a:19 cn.eben.newweather.DateWeatherService.a:0 cn.eben.newweather.DateWeatherService$1.handleMessage:7
05-15 18:38:12.000 1391 1391 W ContextImpl: Calling a method in the system process without a qualified user: android.app.ContextImpl.sendBroadcast:1181 android.content.ContextWrapper.sendBroadcast:479 cn.eben.newweather.DateWeatherService.a:19 cn.eben.newweather.DateWeatherService.a:0 cn.eben.newweather.DateWeatherService$1.handleMessage:7
05-15 18:38:12.025 18533 18533 I auditd : type=1400 audit(0.0:4901): avc: denied { read } for comm="CrashSDKBkgdHan" name="loadavg" dev="proc" ino=4026532226 scontext=u:r:untrusted_app:s0:c101,c256,c512,c768 tcontext=u:object_r:proc_loadavg:s0 tclass=file permissive=1 app=com.taobao.idlefish
05-15 18:38:12.025 18533 18533 I auditd : type=1400 audit(0.0:4902): avc: denied { open } for comm="CrashSDKBkgdHan" path="/proc/loadavg" dev="proc" ino=4026532226 scontext=u:r:untrusted_app:s0:c101,c256,c512,c768 tcontext=u:object_r:proc_loadavg:s0 tclass=file permissive=1 app=com.taobao.idlefish
05-15 18:38:12.025 18533 18533 I auditd : type=1400 audit(0.0:4903): avc: denied { open } for comm="CrashSDKBkgdHan" path="/proc/stat" dev="proc" ino=4026532228 scontext=u:r:untrusted_app:s0:c101,c256,c512,c768 tcontext=u:object_r:proc_stat:s0 tclass=file permissive=1 app=com.taobao.idlefish
05-15 18:38:12.128 27049 27049 I auditd : type=1400 audit(0.0:4904): avc: denied { read } for comm="NativeThread" name="unix" dev="proc" ino=4026532255 scontext=u:r:untrusted_app:s0:c102,c256,c512,c768 tcontext=u:object_r:proc_net:s0 tclass=file permissive=1 app=com.taobao.taobao
05-15 18:38:12.128 27049 27049 I auditd : type=1400 audit(0.0:4905): avc: denied { open } for comm="NativeThread" path="/proc/27049/net/unix" dev="proc" ino=4026532255 scontext=u:r:untrusted_app:s0:c102,c256,c512,c768 tcontext=u:object_r:proc_net:s0 tclass=file permissive=1 app=com.taobao.taobao
05-15 18:38:12.679 623 26904 W ContentProviderHelper: Permission Denial: opening provider com.android.providers.contacts.ContactsProvider2 from ProcessRecord{6d23060 1792:cn.eben.sync/u0a64} (pid=1792, uid=10064) requires android.permission.READ_CONTACTS or android.permission.WRITE_CONTACTS
05-15 18:38:13.002 1391 1391 W ContextImpl: Calling a method in the system process without a qualified user: android.app.ContextImpl.sendBroadcast:1181 android.content.ContextWrapper.sendBroadcast:479 cn.eben.newweather.DateWeatherService.a:19 cn.eben.newweather.DateWeatherService.a:0 cn.eben.newweather.DateWeatherService$1.handleMessage:7
05-15 18:38:14.002 1391 1391 W ContextImpl: Calling a method in the system process without a qualified user: android.app.ContextImpl.sendBroadcast:1181 android.content.ContextWrapper.sendBroadcast:479 cn.eben.newweather.DateWeatherService.a:19 cn.eben.newweather.DateWeatherService.a:0 cn.eben.newweather.DateWeatherService$1.handleMessage:7
05-15 18:38:14.018 623 1373 E TaskPersister: File error accessing recents directory (directory doesn't exist?).
05-15 18:38:14.028 623 648 I am_pss : [1056,10089,com.android.launcher3,80556032,71766016,0,233345024,0,5,20]
05-15 18:38:15.002 1391 1391 W ContextImpl: Calling a method in the system process without a qualified user: android.app.ContextImpl.sendBroadcast:1181 android.content.ContextWrapper.sendBroadcast:479 cn.eben.newweather.DateWeatherService.a:19 cn.eben.newweather.DateWeatherService.a:0 cn.eben.newweather.DateWeatherService$1.handleMessage:7
05-15 18:38:16.002 1391 1391 W ContextImpl: Calling a method in the system process without a qualified user: android.app.ContextImpl.sendBroadcast:1181 android.content.ContextWrapper.sendBroadcast:479 cn.eben.newweather.DateWeatherService.a:19 cn.eben.newweather.DateWeatherService.a:0 cn.eben.newweather.DateWeatherService$1.handleMessage:7
05-15 18:38:17.002 1391 1391 W ContextImpl: Calling a method in the system process without a qualified user: android.app.ContextImpl.sendBroadcast:1181 android.content.ContextWrapper.sendBroadcast:479 cn.eben.newweather.DateWeatherService.a:19 cn.eben.newweather.DateWeatherService.a:0 cn.eben.newweather.DateWeatherService$1.handleMessage:7
05-15 18:38:17.684 623 26904 W ContentProviderHelper: Permission Denial: opening provider com.android.providers.contacts.ContactsProvider2 from ProcessRecord{6d23060 1792:cn.eben.sync/u0a64} (pid=1792, uid=10064) requires android.permission.READ_CONTACTS or android.permission.WRITE_CONTACTS
