05-15 18:56:10.692 465 493 I RIL : ---> can't find meig usb devices
05-15 19:27:35.307 541 541 I : read descriptors
05-15 19:27:35.307 541 541 I : read strings
05-15 19:27:35.309 1 1 I init : processing action (sys.usb.config=adb && sys.usb.configfs=1 && sys.usb.ffs.ready=1) from (/system/etc/init/hw/init.usb.configfs.rc:20)
05-15 19:27:35.312 1 1 I init : Command 'symlink /config/usb_gadget/g1/functions/ffs.adb /config/usb_gadget/g1/configs/b.1/f1' action=sys.usb.config=adb && sys.usb.configfs=1 && sys.usb.ffs.ready=1 (/system/etc/init/hw/init.usb.configfs.rc:22) took 0ms and failed: symlink() failed: File exists
05-15 19:27:35.312 1 1 I init : Command 'write /config/usb_gadget/g1/UDC ${sys.usb.controller}' action=sys.usb.config=adb && sys.usb.configfs=1 && sys.usb.ffs.ready=1 (/system/etc/init/hw/init.usb.configfs.rc:23) took 0ms and failed: Unable to write to file '/config/usb_gadget/g1/UDC': Unable to write file contents: Device or resource busy
05-15 18:56:11.003 1391 1391 W ContextImpl: Calling a method in the system process without a qualified user: android.app.ContextImpl.sendBroadcast:1181 android.content.ContextWrapper.sendBroadcast:479 cn.eben.newweather.DateWeatherService.a:19 cn.eben.newweather.DateWeatherService.a:0 cn.eben.newweather.DateWeatherService$1.handleMessage:7
05-15 19:27:36.364 541 541 I : read descriptors
05-15 19:27:36.364 541 541 I : read strings
05-15 19:27:36.366 1 1 I init : processing action (sys.usb.config=adb && sys.usb.configfs=1 && sys.usb.ffs.ready=1) from (/system/etc/init/hw/init.usb.configfs.rc:20)
05-15 18:56:12.002 1391 1391 W ContextImpl: Calling a method in the system process without a qualified user: android.app.ContextImpl.sendBroadcast:1181 android.content.ContextWrapper.sendBroadcast:479 cn.eben.newweather.DateWeatherService.a:19 cn.eben.newweather.DateWeatherService.a:0 cn.eben.newweather.DateWeatherService$1.handleMessage:7
05-15 18:56:12.692 465 493 I RIL : ---> enter mainloop wait at port
05-15 18:56:12.692 465 493 D RIL-DEV : Get modem info
05-15 18:56:12.693 465 493 D RIL-DEV : [05-15_18:56:12:694] idVendor = 0bda
05-15 18:56:12.693 465 493 D RIL-DEV :
05-15 18:56:12.694 465 493 D RIL-DEV : [05-15_18:56:12:694] idVendor = 05e3
05-15 18:56:12.694 465 493 D RIL-DEV :
05-15 18:56:12.694 465 493 D RIL-DEV : [05-15_18:56:12:694] idVendor = 1d6b
05-15 18:56:12.694 465 493 D RIL-DEV :
05-15 18:56:12.694 465 493 D RIL-DEV : [05-15_18:56:12:695] idVendor = 1d6b
05-15 18:56:12.694 465 493 D RIL-DEV :
05-15 18:56:12.695 465 493 D RIL-DEV : [05-15_18:56:12:695] idVendor = 0bda
05-15 18:56:12.695 465 493 D RIL-DEV :
05-15 18:56:12.695 465 493 D RIL-DEV : [05-15_18:56:12:695] idVendor = 1d6b
05-15 18:56:12.695 465 493 D RIL-DEV :
05-15 18:56:12.695 465 493 D RIL-DEV : [05-15_18:56:12:696] idVendor = 2109
05-15 18:56:12.695 465 493 D RIL-DEV :
05-15 18:56:12.696 465 493 D RIL-DEV : [05-15_18:56:12:696] idVendor = 2109
05-15 18:56:12.696 465 493 D RIL-DEV :
05-15 18:56:12.696 465 493 D RIL-DEV : [05-15_18:56:12:697] idVendor = 1d6b
05-15 18:56:12.696 465 493 D RIL-DEV :
05-15 18:56:12.696 465 493 D RIL-DEV : [05-15_18:56:12:697] idVendor = 0bda
05-15 18:56:12.696 465 493 D RIL-DEV :
05-15 18:56:12.697 465 493 D RIL-DEV : [05-15_18:56:12:697] idVendor = 2109
05-15 18:56:12.697 465 493 D RIL-DEV :
05-15 18:56:12.697 465 493 E RIL-DEV : Cannot find Meig devices
05-15 18:56:12.697 465 493 I RIL : ---> can't find meig usb devices
05-15 19:27:37.407 541 541 I : read descriptors
05-15 19:27:37.407 541 541 I : read strings
05-15 18:56:13.001 1391 1391 W ContextImpl: Calling a method in the system process without a qualified user: android.app.ContextImpl.sendBroadcast:1181 android.content.ContextWrapper.sendBroadcast:479 cn.eben.newweather.DateWeatherService.a:19 cn.eben.newweather.DateWeatherService.a:0 cn.eben.newweather.DateWeatherService$1.handleMessage:7
05-15 18:56:13.478 623 29878 W ContentProviderHelper: Permission Denial: opening provider com.android.providers.contacts.ContactsProvider2 from ProcessRecord{6d23060 1792:cn.eben.sync/u0a64} (pid=1792, uid=10064) requires android.permission.READ_CONTACTS or android.permission.WRITE_CONTACTS
05-15 19:27:38.468 541 541 I : read descriptors
05-15 19:27:38.468 541 541 I : read strings
05-15 19:27:38.471 1 1 I init : processing action (sys.usb.config=adb && sys.usb.configfs=1 && sys.usb.ffs.ready=1) from (/system/etc/init/hw/init.usb.configfs.rc:20)
05-15 19:27:38.473 1 1 I init : Command 'symlink /config/usb_gadget/g1/functions/ffs.adb /config/usb_gadget/g1/configs/b.1/f1' action=sys.usb.config=adb && sys.usb.configfs=1 && sys.usb.ffs.ready=1 (/system/etc/init/hw/init.usb.configfs.rc:22) took 0ms and failed: symlink() failed: File exists
05-15 19:27:38.473 1 1 I init : Command 'write /config/usb_gadget/g1/UDC ${sys.usb.controller}' action=sys.usb.config=adb && sys.usb.configfs=1 && sys.usb.ffs.ready=1 (/system/etc/init/hw/init.usb.configfs.rc:23) took 0ms and failed: Unable to write to file '/config/usb_gadget/g1/UDC': Unable to write file contents: Device or resource busy
05-15 18:56:14.001 1391 1391 W ContextImpl: Calling a method in the system process without a qualified user: android.app.ContextImpl.sendBroadcast:1181 android.content.ContextWrapper.sendBroadcast:479 cn.eben.newweather.DateWeatherService.a:19 cn.eben.newweather.DateWeatherService.a:0 cn.eben.newweather.DateWeatherService$1.handleMessage:7
05-15 18:56:14.698 465 493 I RIL : ---> enter mainloop wait at port
05-15 18:56:14.698 465 493 D RIL-DEV : Get modem info
05-15 18:56:14.699 465 493 D RIL-DEV : [05-15_18:56:14:699] idVendor = 0bda
05-15 18:56:14.699 465 493 D RIL-DEV :
05-15 18:56:14.699 465 493 D RIL-DEV : [05-15_18:56:14:699] idVendor = 05e3
05-15 18:56:14.699 465 493 D RIL-DEV :
05-15 18:56:14.700 465 493 D RIL-DEV : [05-15_18:56:14:700] idVendor = 1d6b
05-15 18:56:14.700 465 493 D RIL-DEV :
05-15 18:56:14.700 465 493 D RIL-DEV : [05-15_18:56:14:700] idVendor = 1d6b
05-15 18:56:14.700 465 493 D RIL-DEV :
05-15 18:56:14.700 465 493 D RIL-DEV : [05-15_18:56:14:701] idVendor = 0bda
05-15 18:56:14.700 465 493 D RIL-DEV :
05-15 18:56:14.701 465 493 D RIL-DEV : [05-15_18:56:14:701] idVendor = 1d6b
05-15 18:56:14.701 465 493 D RIL-DEV :
05-15 18:56:14.701 465 493 D RIL-DEV : [05-15_18:56:14:702] idVendor = 2109
05-15 18:56:14.701 465 493 D RIL-DEV :
05-15 18:56:14.702 465 493 D RIL-DEV : [05-15_18:56:14:702] idVendor = 2109
05-15 18:56:14.702 465 493 D RIL-DEV :
05-15 18:56:14.702 465 493 D RIL-DEV : [05-15_18:56:14:702] idVendor = 1d6b
05-15 18:56:14.702 465 493 D RIL-DEV :
05-15 18:56:14.702 465 493 D RIL-DEV : [05-15_18:56:14:703] idVendor = 0bda
05-15 18:56:14.702 465 493 D RIL-DEV :
05-15 18:56:14.703 465 493 D RIL-DEV : [05-15_18:56:14:704] idVendor = 2109
05-15 18:56:14.703 465 493 D RIL-DEV :
05-15 18:56:14.704 465 493 E RIL-DEV : Cannot find Meig devices
05-15 18:56:14.704 465 493 I RIL : ---> can't find meig usb devices
05-15 19:27:39.504 541 541 I : read descriptors
05-15 19:27:39.504 541 541 I : read strings
05-15 19:27:39.506 1 1 I init : processing action (sys.usb.config=adb && sys.usb.configfs=1 && sys.usb.ffs.ready=1) from (/system/etc/init/hw/init.usb.configfs.rc:20)
05-15 19:27:39.510 1 1 I init : Command 'symlink /config/usb_gadget/g1/functions/ffs.adb /config/usb_gadget/g1/configs/b.1/f1' action=sys.usb.config=adb && sys.usb.configfs=1 && sys.usb.ffs.ready=1 (/system/etc/init/hw/init.usb.configfs.rc:22) took 1ms and failed: symlink() failed: File exists
05-15 19:27:39.510 1 1 I init : Command 'write /config/usb_gadget/g1/UDC ${sys.usb.controller}' action=sys.usb.config=adb && sys.usb.configfs=1 && sys.usb.ffs.ready=1 (/system/etc/init/hw/init.usb.configfs.rc:23) took 0ms and failed: Unable to write to file '/config/usb_gadget/g1/UDC': Unable to write file contents: Device or resource busy
05-15 18:56:15.002 1391 1391 W ContextImpl: Calling a method in the system process without a qualified user: android.app.ContextImpl.sendBroadcast:1181 android.content.ContextWrapper.sendBroadcast:479 cn.eben.newweather.DateWeatherService.a:19 cn.eben.newweather.DateWeatherService.a:0 cn.eben.newweather.DateWeatherService$1.handleMessage:7
05-15 18:56:16.002 1391 1391 W ContextImpl: Calling a method in the system process without a qualified user: android.app.ContextImpl.sendBroadcast:1181 android.content.ContextWrapper.sendBroadcast:479 cn.eben.newweather.DateWeatherService.a:19 cn.eben.newweather.DateWeatherService.a:0 cn.eben.newweather.DateWeatherService$1.handleMessage:7
05-15 19:27:40.561 541 541 I : read descriptors
05-15 19:27:40.561 541 541 I : read strings
05-15 19:27:40.564 1 1 I init : processing action (sys.usb.config=adb && sys.usb.configfs=1 && sys.usb.ffs.ready=1) from (/system/etc/init/hw/init.usb.configfs.rc:20)
05-15 19:27:40.566 1 1 I init : Command 'symlink /config/usb_gadget/g1/functions/ffs.adb /config/usb_gadget/g1/configs/b.1/f1' action=sys.usb.config=adb && sys.usb.configfs=1 && sys.usb.ffs.ready=1 (/system/etc/init/hw/init.usb.configfs.rc:22) took 0ms and failed: symlink() failed: File exists
05-15 19:27:40.567 1 1 I init : Command 'write /config/usb_gadget/g1/UDC ${sys.usb.controller}' action=sys.usb.config=adb && sys.usb.configfs=1 && sys.usb.ffs.ready=1 (/system/etc/init/hw/init.usb.configfs.rc:23) took 0ms and failed: Unable to write to file '/config/usb_gadget/g1/UDC': Unable to write file contents: Device or resource busy
05-15 19:27:40.765 27448 27448 I binder : 27049:27448 transaction failed 29202/0, size 2176-0 line 3265
05-15 19:27:40.766 27448 27448 I binder : 27049:27448 transaction failed 29202/0, size 540-0 line 3265
05-15 18:56:16.704 465 493 I RIL : ---> enter mainloop wait at port
05-15 18:56:16.704 465 493 D RIL-DEV : Get modem info
05-15 18:56:16.705 465 493 D RIL-DEV : [05-15_18:56:16:706] idVendor = 0bda
05-15 18:56:16.705 465 493 D RIL-DEV :
05-15 18:56:16.706 465 493 D RIL-DEV : [05-15_18:56:16:706] idVendor = 05e3
05-15 18:56:16.706 465 493 D RIL-DEV :
05-15 18:56:16.706 465 493 D RIL-DEV : [05-15_18:56:16:707] idVendor = 1d6b
05-15 18:56:16.706 465 493 D RIL-DEV :
05-15 18:56:16.707 465 493 D RIL-DEV : [05-15_18:56:16:707] idVendor = 1d6b
05-15 18:56:16.707 465 493 D RIL-DEV :
05-15 18:56:16.707 465 493 D RIL-DEV : [05-15_18:56:16:707] idVendor = 0bda
05-15 18:56:16.707 465 493 D RIL-DEV :
05-15 18:56:16.707 465 493 D RIL-DEV : [05-15_18:56:16:708] idVendor = 1d6b
05-15 18:56:16.707 465 493 D RIL-DEV :
05-15 18:56:16.708 465 493 D RIL-DEV : [05-15_18:56:16:708] idVendor = 2109
05-15 18:56:16.708 465 493 D RIL-DEV :
05-15 18:56:16.708 465 493 D RIL-DEV : [05-15_18:56:16:709] idVendor = 2109
05-15 18:56:16.708 465 493 D RIL-DEV :
05-15 18:56:16.709 465 493 D RIL-DEV : [05-15_18:56:16:709] idVendor = 1d6b
05-15 18:56:16.709 465 493 D RIL-DEV :
05-15 18:56:16.709 465 493 D RIL-DEV : [05-15_18:56:16:709] idVendor = 0bda
05-15 18:56:16.709 465 493 D RIL-DEV :
05-15 18:56:16.709 465 493 D RIL-DEV : [05-15_18:56:16:710] idVendor = 2109
05-15 18:56:16.709 465 493 D RIL-DEV :
05-15 18:56:16.710 465 493 E RIL-DEV : Cannot find Meig devices
05-15 18:56:16.710 465 493 I RIL : ---> can't find meig usb devices
05-15 18:56:17.003 1391 1391 W ContextImpl: Calling a method in the system process without a qualified user: android.app.ContextImpl.sendBroadcast:1181 android.content.ContextWrapper.sendBroadcast:479 cn.eben.newweather.DateWeatherService.a:19 cn.eben.newweather.DateWeatherService.a:0 cn.eben.newweather.DateWeatherService$1.handleMessage:7
05-15 19:27:41.607 541 541 I : read descriptors
05-15 19:27:41.607 541 541 I : read strings
05-15 19:27:41.610 1 1 I init : processing action (sys.usb.config=adb && sys.usb.configfs=1 && sys.usb.ffs.ready=1) from (/system/etc/init/hw/init.usb.configfs.rc:20)
05-15 18:56:18.003 1391 1391 W ContextImpl: Calling a method in the system process without a qualified user: android.app.ContextImpl.sendBroadcast:1181 android.content.ContextWrapper.sendBroadcast:479 cn.eben.newweather.DateWeatherService.a:19 cn.eben.newweather.DateWeatherService.a:0 cn.eben.newweather.DateWeatherService$1.handleMessage:7
05-15 19:27:42.674 541 541 I : read descriptors
05-15 19:27:42.674 541 541 I : read strings
05-15 18:56:18.485 623 29878 W ContentProviderHelper: Permission Denial: opening provider com.android.providers.contacts.ContactsProvider2 from ProcessRecord{6d23060 1792:cn.eben.sync/u0a64} (pid=1792, uid=10064) requires android.permission.READ_CONTACTS or android.permission.WRITE_CONTACTS
05-15 18:56:18.710 465 493 I RIL : ---> enter mainloop wait at port
05-15 18:56:18.711 465 493 D RIL-DEV : Get modem info
05-15 18:56:18.711 465 493 D RIL-DEV : [05-15_18:56:18:712] idVendor = 0bda
05-15 18:56:18.711 465 493 D RIL-DEV :
05-15 18:56:18.712 465 493 D RIL-DEV : [05-15_18:56:18:712] idVendor = 05e3
05-15 18:56:18.712 465 493 D RIL-DEV :
05-15 18:56:18.712 465 493 D RIL-DEV : [05-15_18:56:18:713] idVendor = 1d6b
05-15 18:56:18.712 465 493 D RIL-DEV :
05-15 18:56:18.713 465 493 D RIL-DEV : [05-15_18:56:18:713] idVendor = 1d6b
05-15 18:56:18.713 465 493 D RIL-DEV :
05-15 18:56:18.713 465 493 D RIL-DEV : [05-15_18:56:18:714] idVendor = 0bda
05-15 18:56:18.713 465 493 D RIL-DEV :
05-15 18:56:18.714 465 493 D RIL-DEV : [05-15_18:56:18:714] idVendor = 1d6b
05-15 18:56:18.714 465 493 D RIL-DEV :
05-15 18:56:18.714 465 493 D RIL-DEV : [05-15_18:56:18:714] idVendor = 2109
05-15 18:56:18.714 465 493 D RIL-DEV :
05-15 18:56:18.714 465 493 D RIL-DEV : [05-15_18:56:18:715] idVendor = 2109
05-15 18:56:18.714 465 493 D RIL-DEV :
05-15 18:56:18.715 465 493 D RIL-DEV : [05-15_18:56:18:715] idVendor = 1d6b
05-15 18:56:18.715 465 493 D RIL-DEV :
05-15 18:56:18.715 465 493 D RIL-DEV : [05-15_18:56:18:716] idVendor = 0bda
05-15 18:56:18.715 465 493 D RIL-DEV :
05-15 18:56:18.716 465 493 D RIL-DEV : [05-15_18:56:18:716] idVendor = 2109
05-15 18:56:18.716 465 493 D RIL-DEV :
05-15 18:56:18.716 465 493 E RIL-DEV : Cannot find Meig devices
05-15 18:56:18.716 465 493 I RIL : ---> can't find meig usb devices
05-15 18:56:19.003 1391 1391 W ContextImpl: Calling a method in the system process without a qualified user: android.app.ContextImpl.sendBroadcast:1181 android.content.ContextWrapper.sendBroadcast:479 cn.eben.newweather.DateWeatherService.a:19 cn.eben.newweather.DateWeatherService.a:0 cn.eben.newweather.DateWeatherService$1.handleMessage:7
05-15 19:27:43.714 541 541 I : read descriptors
05-15 19:27:43.714 541 541 I : read strings
05-15 19:27:43.716 1 1 I init : processing action (sys.usb.config=adb && sys.usb.configfs=1 && sys.usb.ffs.ready=1) from (/system/etc/init/hw/init.usb.configfs.rc:20)
05-15 19:27:43.719 1 1 I init : Command 'symlink /config/usb_gadget/g1/functions/ffs.adb /config/usb_gadget/g1/configs/b.1/f1' action=sys.usb.config=adb && sys.usb.configfs=1 && sys.usb.ffs.ready=1 (/system/etc/init/hw/init.usb.configfs.rc:22) took 0ms and failed: symlink() failed: File exists
05-15 19:27:43.719 1 1 I init : Command 'write /config/usb_gadget/g1/UDC ${sys.usb.controller}' action=sys.usb.config=adb && sys.usb.configfs=1 && sys.usb.ffs.ready=1 (/system/etc/init/hw/init.usb.configfs.rc:23) took 0ms and failed: Unable to write to file '/config/usb_gadget/g1/UDC': Unable to write file contents: Device or resource busy
05-15 19:27:43.794 27448 27448 I binder : 27049:27448 transaction failed 29202/0, size 1588-0 line 3265
05-15 18:56:20.002 1391 1391 W ContextImpl: Calling a method in the system process without a qualified user: android.app.ContextImpl.sendBroadcast:1181 android.content.ContextWrapper.sendBroadcast:479 cn.eben.newweather.DateWeatherService.a:19 cn.eben.newweather.DateWeatherService.a:0 cn.eben.newweather.DateWeatherService$1.handleMessage:7
05-15 19:27:44.774 541 541 I : read descriptors
05-15 19:27:44.774 541 541 I : read strings
05-15 19:27:44.776 1 1 I init : processing action (sys.usb.config=adb && sys.usb.configfs=1 && sys.usb.ffs.ready=1) from (/system/etc/init/hw/init.usb.configfs.rc:20)
05-15 19:27:44.779 1 1 I init : Command 'symlink /config/usb_gadget/g1/functions/ffs.adb /config/usb_gadget/g1/configs/b.1/f1' action=sys.usb.config=adb && sys.usb.configfs=1 && sys.usb.ffs.ready=1 (/system/etc/init/hw/init.usb.configfs.rc:22) took 0ms and failed: symlink() failed: File exists
05-15 19:27:44.779 1 1 I init : Command 'write /config/usb_gadget/g1/UDC ${sys.usb.controller}' action=sys.usb.config=adb && sys.usb.configfs=1 && sys.usb.ffs.ready=1 (/system/etc/init/hw/init.usb.configfs.rc:23) took 0ms and failed: Unable to write to file '/config/usb_gadget/g1/UDC': Unable to write file contents: Device or resource busy
05-15 18:56:20.717 465 493 I RIL : ---> enter mainloop wait at port
05-15 18:56:20.717 465 493 D RIL-DEV : Get modem info
05-15 18:56:20.718 465 493 D RIL-DEV : [05-15_18:56:20:718] idVendor = 0bda
05-15 18:56:20.718 465 493 D RIL-DEV :
05-15 18:56:20.718 465 493 D RIL-DEV : [05-15_18:56:20:719] idVendor = 05e3
05-15 18:56:20.718 465 493 D RIL-DEV :
05-15 18:56:20.719 465 493 D RIL-DEV : [05-15_18:56:20:719] idVendor = 1d6b
05-15 18:56:20.719 465 493 D RIL-DEV :
05-15 18:56:20.719 465 493 D RIL-DEV : [05-15_18:56:20:720] idVendor = 1d6b
05-15 18:56:20.719 465 493 D RIL-DEV :
05-15 18:56:20.720 465 493 D RIL-DEV : [05-15_18:56:20:720] idVendor = 0bda
05-15 18:56:20.720 465 493 D RIL-DEV :
05-15 18:56:20.720 465 493 D RIL-DEV : [05-15_18:56:20:721] idVendor = 1d6b
05-15 18:56:20.720 465 493 D RIL-DEV :
05-15 18:56:20.721 465 493 D RIL-DEV : [05-15_18:56:20:721] idVendor = 2109
05-15 18:56:20.721 465 493 D RIL-DEV :
05-15 18:56:20.721 465 493 D RIL-DEV : [05-15_18:56:20:722] idVendor = 2109
05-15 18:56:20.721 465 493 D RIL-DEV :
05-15 18:56:20.721 465 493 D RIL-DEV : [05-15_18:56:20:722] idVendor = 1d6b
05-15 18:56:20.721 465 493 D RIL-DEV :
05-15 18:56:20.722 465 493 D RIL-DEV : [05-15_18:56:20:722] idVendor = 0bda
05-15 18:56:20.722 465 493 D RIL-DEV :
05-15 18:56:20.722 465 493 D RIL-DEV : [05-15_18:56:20:723] idVendor = 2109
05-15 18:56:20.722 465 493 D RIL-DEV :
05-15 18:56:20.723 465 493 E RIL-DEV : Cannot find Meig devices
05-15 18:56:20.723 465 493 I RIL : ---> can't find meig usb devices
05-15 18:56:21.002 1391 1391 W ContextImpl: Calling a method in the system process without a qualified user: android.app.ContextImpl.sendBroadcast:1181 android.content.ContextWrapper.sendBroadcast:479 cn.eben.newweather.DateWeatherService.a:19 cn.eben.newweather.DateWeatherService.a:0 cn.eben.newweather.DateWeatherService$1.handleMessage:7
05-15 19:27:45.824 541 541 I : read descriptors
05-15 19:27:45.824 541 541 I : read strings
05-15 19:27:45.826 1 1 I init : processing action (sys.usb.config=adb && sys.usb.configfs=1 && sys.usb.ffs.ready=1) from (/system/etc/init/hw/init.usb.configfs.rc:20)
05-15 19:27:45.828 1 1 I init : Command 'symlink /config/usb_gadget/g1/functions/ffs.adb /config/usb_gadget/g1/configs/b.1/f1' action=sys.usb.config=adb && sys.usb.configfs=1 && sys.usb.ffs.ready=1 (/system/etc/init/hw/init.usb.configfs.rc:22) took 0ms and failed: symlink() failed: File exists
05-15 19:27:45.829 1 1 I init : Command 'write /config/usb_gadget/g1/UDC ${sys.usb.controller}' action=sys.usb.config=adb && sys.usb.configfs=1 && sys.usb.ffs.ready=1 (/system/etc/init/hw/init.usb.configfs.rc:23) took 0ms and failed: Unable to write to file '/config/usb_gadget/g1/UDC': Unable to write file contents: Device or resource busy
05-15 18:56:22.003 1391 1391 W ContextImpl: Calling a method in the system process without a qualified user: android.app.ContextImpl.sendBroadcast:1181 android.content.ContextWrapper.sendBroadcast:479 cn.eben.newweather.DateWeatherService.a:19 cn.eben.newweather.DateWeatherService.a:0 cn.eben.newweather.DateWeatherService$1.handleMessage:7
05-15 19:27:46.864 541 541 I : read descriptors
05-15 19:27:46.864 541 541 I : read strings
05-15 19:27:46.866 1 1 I init : processing action (sys.usb.config=adb && sys.usb.configfs=1 && sys.usb.ffs.ready=1) from (/system/etc/init/hw/init.usb.configfs.rc:20)
05-15 18:56:22.723 465 493 I RIL : ---> enter mainloop wait at port
05-15 18:56:22.723 465 493 D RIL-DEV : Get modem info
05-15 18:56:22.724 465 493 D RIL-DEV : [05-15_18:56:22:725] idVendor = 0bda
05-15 18:56:22.724 465 493 D RIL-DEV :
05-15 18:56:22.725 465 493 D RIL-DEV : [05-15_18:56:22:725] idVendor = 05e3
05-15 18:56:22.725 465 493 D RIL-DEV :
05-15 18:56:22.725 465 493 D RIL-DEV : [05-15_18:56:22:725] idVendor = 1d6b
05-15 18:56:22.725 465 493 D RIL-DEV :
05-15 18:56:22.725 465 493 D RIL-DEV : [05-15_18:56:22:726] idVendor = 1d6b
05-15 18:56:22.725 465 493 D RIL-DEV :
05-15 18:56:22.726 465 493 D RIL-DEV : [05-15_18:56:22:726] idVendor = 0bda
05-15 18:56:22.726 465 493 D RIL-DEV :
05-15 18:56:22.726 465 493 D RIL-DEV : [05-15_18:56:22:727] idVendor = 1d6b
05-15 18:56:22.726 465 493 D RIL-DEV :
05-15 18:56:22.726 465 493 D RIL-DEV : [05-15_18:56:22:727] idVendor = 2109
05-15 18:56:22.726 465 493 D RIL-DEV :
05-15 18:56:22.727 465 493 D RIL-DEV : [05-15_18:56:22:727] idVendor = 2109
05-15 18:56:22.727 465 493 D RIL-DEV :
05-15 18:56:22.727 465 493 D RIL-DEV : [05-15_18:56:22:728] idVendor = 1d6b
05-15 18:56:22.727 465 493 D RIL-DEV :
05-15 18:56:22.728 465 493 D RIL-DEV : [05-15_18:56:22:728] idVendor = 0bda
05-15 18:56:22.728 465 493 D RIL-DEV :
05-15 18:56:22.728 465 493 D RIL-DEV : [05-15_18:56:22:728] idVendor = 2109
05-15 18:56:22.728 465 493 D RIL-DEV :
05-15 18:56:22.728 465 493 E RIL-DEV : Cannot find Meig devices
05-15 18:56:22.728 465 493 I RIL : ---> can't find meig usb devices
05-15 18:56:23.003 1391 1391 W ContextImpl: Calling a method in the system process without a qualified user: android.app.ContextImpl.sendBroadcast:1181 android.content.ContextWrapper.sendBroadcast:479 cn.eben.newweather.DateWeatherService.a:19 cn.eben.newweather.DateWeatherService.a:0 cn.eben.newweather.DateWeatherService$1.handleMessage:7
05-15 19:27:47.924 541 541 I : read descriptors
05-15 19:27:47.924 541 541 I : read strings
05-15 18:56:23.491 623 638 W ContentProviderHelper: Permission Denial: opening provider com.android.providers.contacts.ContactsProvider2 from ProcessRecord{6d23060 1792:cn.eben.sync/u0a64} (pid=1792, uid=10064) requires android.permission.READ_CONTACTS or android.permission.WRITE_CONTACTS
05-15 18:56:24.003 1391 1391 W ContextImpl: Calling a method in the system process without a qualified user: android.app.ContextImpl.sendBroadcast:1181 android.content.ContextWrapper.sendBroadcast:479 cn.eben.newweather.DateWeatherService.a:19 cn.eben.newweather.DateWeatherService.a:0 cn.eben.newweather.DateWeatherService$1.handleMessage:7
05-15 19:27:48.997 541 541 I : read descriptors
05-15 19:27:48.997 541 541 I : read strings
05-15 19:27:48.999 1 1 I init : processing action (sys.usb.config=adb && sys.usb.configfs=1 && sys.usb.ffs.ready=1) from (/system/etc/init/hw/init.usb.configfs.rc:20)
05-15 19:27:49.003 1 1 I init : Command 'symlink /config/usb_gadget/g1/functions/ffs.adb /config/usb_gadget/g1/configs/b.1/f1' action=sys.usb.config=adb && sys.usb.configfs=1 && sys.usb.ffs.ready=1 (/system/etc/init/hw/init.usb.configfs.rc:22) took 0ms and failed: symlink() failed: File exists
05-15 19:27:49.003 1 1 I init : Command 'write /config/usb_gadget/g1/UDC ${sys.usb.controller}' action=sys.usb.config=adb && sys.usb.configfs=1 && sys.usb.ffs.ready=1 (/system/etc/init/hw/init.usb.configfs.rc:23) took 0ms and failed: Unable to write to file '/config/usb_gadget/g1/UDC': Unable to write file contents: Device or resource busy
05-15 18:56:24.729 465 493 I RIL : ---> enter mainloop wait at port
05-15 18:56:24.729 465 493 D RIL-DEV : Get modem info
05-15 18:56:24.730 465 493 D RIL-DEV : [05-15_18:56:24:730] idVendor = 0bda
05-15 18:56:24.730 465 493 D RIL-DEV :
05-15 18:56:24.730 465 493 D RIL-DEV : [05-15_18:56:24:730] idVendor = 05e3
05-15 18:56:24.730 465 493 D RIL-DEV :
05-15 18:56:24.730 465 493 D RIL-DEV : [05-15_18:56:24:731] idVendor = 1d6b
05-15 18:56:24.730 465 493 D RIL-DEV :
05-15 18:56:24.731 465 493 D RIL-DEV : [05-15_18:56:24:731] idVendor = 1d6b
05-15 18:56:24.731 465 493 D RIL-DEV :
05-15 18:56:24.731 465 493 D RIL-DEV : [05-15_18:56:24:732] idVendor = 0bda
05-15 18:56:24.731 465 493 D RIL-DEV :
05-15 18:56:24.732 465 493 D RIL-DEV : [05-15_18:56:24:732] idVendor = 1d6b
05-15 18:56:24.732 465 493 D RIL-DEV :
05-15 18:56:24.732 465 493 D RIL-DEV : [05-15_18:56:24:732] idVendor = 2109
05-15 18:56:24.732 465 493 D RIL-DEV :
05-15 18:56:24.732 465 493 D RIL-DEV : [05-15_18:56:24:733] idVendor = 2109
05-15 18:56:24.732 465 493 D RIL-DEV :
05-15 18:56:24.733 465 493 D RIL-DEV : [05-15_18:56:24:733] idVendor = 1d6b
05-15 18:56:24.733 465 493 D RIL-DEV :
05-15 18:56:24.733 465 493 D RIL-DEV : [05-15_18:56:24:734] idVendor = 0bda
05-15 18:56:24.733 465 493 D RIL-DEV :
05-15 18:56:24.734 465 493 D RIL-DEV : [05-15_18:56:24:734] idVendor = 2109
05-15 18:56:24.734 465 493 D RIL-DEV :
05-15 18:56:24.734 465 493 E RIL-DEV : Cannot find Meig devices
05-15 18:56:24.734 465 493 I RIL : ---> can't find meig usb devices
05-15 18:56:25.002 1391 1391 W ContextImpl: Calling a method in the system process without a qualified user: android.app.ContextImpl.sendBroadcast:1181 android.content.ContextWrapper.sendBroadcast:479 cn.eben.newweather.DateWeatherService.a:19 cn.eben.newweather.DateWeatherService.a:0 cn.eben.newweather.DateWeatherService$1.handleMessage:7
05-15 19:27:50.054 541 541 I : read descriptors
05-15 19:27:50.054 541 541 I : read strings
05-15 19:27:50.056 1 1 I init : processing action (sys.usb.config=adb && sys.usb.configfs=1 && sys.usb.ffs.ready=1) from (/system/etc/init/hw/init.usb.configfs.rc:20)
05-15 19:27:50.060 1 1 I init : Command 'symlink /config/usb_gadget/g1/functions/ffs.adb /config/usb_gadget/g1/configs/b.1/f1' action=sys.usb.config=adb && sys.usb.configfs=1 && sys.usb.ffs.ready=1 (/system/etc/init/hw/init.usb.configfs.rc:22) took 0ms and failed: symlink() failed: File exists
05-15 19:27:50.060 1 1 I init : Command 'write /config/usb_gadget/g1/UDC ${sys.usb.controller}' action=sys.usb.config=adb && sys.usb.configfs=1 && sys.usb.ffs.ready=1 (/system/etc/init/hw/init.usb.configfs.rc:23) took 0ms and failed: Unable to write to file '/config/usb_gadget/g1/UDC': Unable to write file contents: Device or resource busy
05-15 18:56:26.002 1391 1391 W ContextImpl: Calling a method in the system process without a qualified user: android.app.ContextImpl.sendBroadcast:1181 android.content.ContextWrapper.sendBroadcast:479 cn.eben.newweather.DateWeatherService.a:19 cn.eben.newweather.DateWeatherService.a:0 cn.eben.newweather.DateWeatherService$1.handleMessage:7
05-15 19:27:50.791 27448 27448 I binder : 27049:27448 transaction failed 29202/0, size 2176-0 line 3265
05-15 19:27:50.792 27448 27448 I binder : 27049:27448 transaction failed 29202/0, size 540-0 line 3265
05-15 19:27:51.104 541 541 I : read descriptors
05-15 19:27:51.104 541 541 I : read strings
05-15 19:27:51.106 1 1 I init : processing action (sys.usb.config=adb && sys.usb.configfs=1 && sys.usb.ffs.ready=1) from (/system/etc/init/hw/init.usb.configfs.rc:20)
05-15 19:27:51.109 1 1 I init : Command 'symlink /config/usb_gadget/g1/functions/ffs.adb /config/usb_gadget/g1/configs/b.1/f1' action=sys.usb.config=adb && sys.usb.configfs=1 && sys.usb.ffs.ready=1 (/system/etc/init/hw/init.usb.configfs.rc:22) took 0ms and failed: symlink() failed: File exists
05-15 19:27:51.112 1 1 I init : Command 'write /config/usb_gadget/g1/UDC ${sys.usb.controller}' action=sys.usb.config=adb && sys.usb.configfs=1 && sys.usb.ffs.ready=1 (/system/etc/init/hw/init.usb.configfs.rc:23) took 1ms and failed: Unable to write to file '/config/usb_gadget/g1/UDC': Unable to write file contents: Device or resource busy
05-15 18:56:26.735 465 493 I RIL : ---> enter mainloop wait at port
05-15 18:56:26.735 465 493 D RIL-DEV : Get modem info
05-15 18:56:26.736 465 493 D RIL-DEV : [05-15_18:56:26:736] idVendor = 0bda
05-15 18:56:26.736 465 493 D RIL-DEV :
05-15 18:56:26.736 465 493 D RIL-DEV : [05-15_18:56:26:737] idVendor = 05e3
05-15 18:56:26.736 465 493 D RIL-DEV :
05-15 18:56:26.737 465 493 D RIL-DEV : [05-15_18:56:26:737] idVendor = 1d6b
05-15 18:56:26.737 465 493 D RIL-DEV :
05-15 18:56:26.737 465 493 D RIL-DEV : [05-15_18:56:26:737] idVendor = 1d6b
05-15 18:56:26.737 465 493 D RIL-DEV :
05-15 18:56:26.737 465 493 D RIL-DEV : [05-15_18:56:26:738] idVendor = 0bda
05-15 18:56:26.737 465 493 D RIL-DEV :
05-15 18:56:26.738 465 493 D RIL-DEV : [05-15_18:56:26:738] idVendor = 1d6b
05-15 18:56:26.738 465 493 D RIL-DEV :
05-15 18:56:26.738 465 493 D RIL-DEV : [05-15_18:56:26:738] idVendor = 2109
05-15 18:56:26.738 465 493 D RIL-DEV :
05-15 18:56:26.738 465 493 D RIL-DEV : [05-15_18:56:26:739] idVendor = 2109
05-15 18:56:26.738 465 493 D RIL-DEV :
05-15 18:56:26.739 465 493 D RIL-DEV : [05-15_18:56:26:739] idVendor = 1d6b
05-15 18:56:26.739 465 493 D RIL-DEV :
05-15 18:56:26.739 465 493 D RIL-DEV : [05-15_18:56:26:739] idVendor = 0bda
05-15 18:56:26.739 465 493 D RIL-DEV :
05-15 18:56:26.739 465 493 D RIL-DEV : [05-15_18:56:26:740] idVendor = 2109
05-15 18:56:26.739 465 493 D RIL-DEV :
05-15 18:56:26.740 465 493 E RIL-DEV : Cannot find Meig devices
05-15 18:56:26.740 465 493 I RIL : ---> can't find meig usb devices
05-15 18:56:27.003 1391 1391 W ContextImpl: Calling a method in the system process without a qualified user: android.app.ContextImpl.sendBroadcast:1181 android.content.ContextWrapper.sendBroadcast:479 cn.eben.newweather.DateWeatherService.a:19 cn.eben.newweather.DateWeatherService.a:0 cn.eben.newweather.DateWeatherService$1.handleMessage:7
05-15 19:27:52.158 541 541 I : read descriptors
05-15 19:27:52.158 541 541 I : read strings
05-15 19:27:52.160 1 1 I init : processing action (sys.usb.config=adb && sys.usb.configfs=1 && sys.usb.ffs.ready=1) from (/system/etc/init/hw/init.usb.configfs.rc:20)
05-15 18:56:28.002 1391 1391 W ContextImpl: Calling a method in the system process without a qualified user: android.app.ContextImpl.sendBroadcast:1181 android.content.ContextWrapper.sendBroadcast:479 cn.eben.newweather.DateWeatherService.a:19 cn.eben.newweather.DateWeatherService.a:0 cn.eben.newweather.DateWeatherService$1.handleMessage:7
05-15 18:56:28.497 623 638 W ContentProviderHelper: Permission Denial: opening provider com.android.providers.contacts.ContactsProvider2 from ProcessRecord{6d23060 1792:cn.eben.sync/u0a64} (pid=1792, uid=10064) requires android.permission.READ_CONTACTS or android.permission.WRITE_CONTACTS
05-15 19:27:53.211 541 541 I : read descriptors
05-15 19:27:53.211 541 541 I : read strings
05-15 18:56:28.740 465 493 I RIL : ---> enter mainloop wait at port
05-15 18:56:28.740 465 493 D RIL-DEV : Get modem info
05-15 18:56:28.741 465 493 D RIL-DEV : [05-15_18:56:28:742] idVendor = 0bda
05-15 18:56:28.741 465 493 D RIL-DEV :
05-15 18:56:28.742 465 493 D RIL-DEV : [05-15_18:56:28:742] idVendor = 05e3
05-15 18:56:28.742 465 493 D RIL-DEV :
05-15 18:56:28.742 465 493 D RIL-DEV : [05-15_18:56:28:742] idVendor = 1d6b
05-15 18:56:28.742 465 493 D RIL-DEV :
05-15 18:56:28.742 465 493 D RIL-DEV : [05-15_18:56:28:743] idVendor = 1d6b
05-15 18:56:28.742 465 493 D RIL-DEV :
05-15 18:56:28.743 465 493 D RIL-DEV : [05-15_18:56:28:743] idVendor = 0bda
05-15 18:56:28.743 465 493 D RIL-DEV :
05-15 18:56:28.743 465 493 D RIL-DEV : [05-15_18:56:28:744] idVendor = 1d6b
05-15 18:56:28.743 465 493 D RIL-DEV :
05-15 18:56:28.743 465 493 D RIL-DEV : [05-15_18:56:28:744] idVendor = 2109
05-15 18:56:28.743 465 493 D RIL-DEV :
05-15 18:56:28.744 465 493 D RIL-DEV : [05-15_18:56:28:744] idVendor = 2109
05-15 18:56:28.744 465 493 D RIL-DEV :
05-15 18:56:28.744 465 493 D RIL-DEV : [05-15_18:56:28:745] idVendor = 1d6b
05-15 18:56:28.744 465 493 D RIL-DEV :
05-15 18:56:28.744 465 493 D RIL-DEV : [05-15_18:56:28:745] idVendor = 0bda
05-15 18:56:28.744 465 493 D RIL-DEV :
05-15 18:56:28.745 465 493 D RIL-DEV : [05-15_18:56:28:745] idVendor = 2109
05-15 18:56:28.745 465 493 D RIL-DEV :
05-15 18:56:28.745 465 493 E RIL-DEV : Cannot find Meig devices
05-15 18:56:28.745 465 493 I RIL : ---> can't find meig usb devices
05-15 18:56:29.003 1391 1391 W ContextImpl: Calling a method in the system process without a qualified user: android.app.ContextImpl.sendBroadcast:1181 android.content.ContextWrapper.sendBroadcast:479 cn.eben.newweather.DateWeatherService.a:19 cn.eben.newweather.DateWeatherService.a:0 cn.eben.newweather.DateWeatherService$1.handleMessage:7
05-15 19:27:53.813 27448 27448 I binder : 27049:27448 transaction failed 29202/0, size 1588-0 line 3265
05-15 19:27:54.261 541 541 I : read descriptors
05-15 19:27:54.261 541 541 I : read strings
05-15 19:27:54.263 1 1 I init : processing action (sys.usb.config=adb && sys.usb.configfs=1 && sys.usb.ffs.ready=1) from (/system/etc/init/hw/init.usb.configfs.rc:20)
05-15 19:27:54.268 1 1 I init : Command 'symlink /config/usb_gadget/g1/functions/ffs.adb /config/usb_gadget/g1/configs/b.1/f1' action=sys.usb.config=adb && sys.usb.configfs=1 && sys.usb.ffs.ready=1 (/system/etc/init/hw/init.usb.configfs.rc:22) took 2ms and failed: symlink() failed: File exists
05-15 19:27:54.269 1 1 I init : Command 'write /config/usb_gadget/g1/UDC ${sys.usb.controller}' action=sys.usb.config=adb && sys.usb.configfs=1 && sys.usb.ffs.ready=1 (/system/etc/init/hw/init.usb.configfs.rc:23) took 1ms and failed: Unable to write to file '/config/usb_gadget/g1/UDC': Unable to write file contents: Device or resource busy
05-15 18:56:30.002 1391 1391 W ContextImpl: Calling a method in the system process without a qualified user: android.app.ContextImpl.sendBroadcast:1181 android.content.ContextWrapper.sendBroadcast:479 cn.eben.newweather.DateWeatherService.a:19 cn.eben.newweather.DateWeatherService.a:0 cn.eben.newweather.DateWeatherService$1.handleMessage:7
05-15 18:56:30.745 465 493 I RIL : ---> enter mainloop wait at port
05-15 18:56:30.746 465 493 D RIL-DEV : Get modem info
05-15 18:56:30.746 465 493 D RIL-DEV : [05-15_18:56:30:747] idVendor = 0bda
05-15 18:56:30.746 465 493 D RIL-DEV :
05-15 18:56:30.747 465 493 D RIL-DEV : [05-15_18:56:30:747] idVendor = 05e3
05-15 18:56:30.747 465 493 D RIL-DEV :
05-15 18:56:30.747 465 493 D RIL-DEV : [05-15_18:56:30:748] idVendor = 1d6b
05-15 18:56:30.747 465 493 D RIL-DEV :
05-15 18:56:30.747 465 493 D RIL-DEV : [05-15_18:56:30:748] idVendor = 1d6b
05-15 18:56:30.747 465 493 D RIL-DEV :
05-15 18:56:30.748 465 493 D RIL-DEV : [05-15_18:56:30:748] idVendor = 0bda
05-15 18:56:30.748 465 493 D RIL-DEV :
05-15 18:56:30.748 465 493 D RIL-DEV : [05-15_18:56:30:749] idVendor = 1d6b
05-15 18:56:30.748 465 493 D RIL-DEV :
05-15 18:56:30.749 465 493 D RIL-DEV : [05-15_18:56:30:749] idVendor = 2109
05-15 18:56:30.749 465 493 D RIL-DEV :
05-15 18:56:30.749 465 493 D RIL-DEV : [05-15_18:56:30:750] idVendor = 2109
05-15 18:56:30.749 465 493 D RIL-DEV :
05-15 18:56:30.749 465 493 D RIL-DEV : [05-15_18:56:30:750] idVendor = 1d6b
05-15 18:56:30.749 465 493 D RIL-DEV :
05-15 18:56:30.750 465 493 D RIL-DEV : [05-15_18:56:30:750] idVendor = 0bda
05-15 18:56:30.750 465 493 D RIL-DEV :
05-15 18:56:30.750 465 493 D RIL-DEV : [05-15_18:56:30:751] idVendor = 2109
05-15 18:56:30.750 465 493 D RIL-DEV :
05-15 18:56:30.750 465 493 E RIL-DEV : Cannot find Meig devices
05-15 18:56:30.750 465 493 I RIL : ---> can't find meig usb devices
05-15 19:27:55.320 541 541 I : read descriptors
05-15 19:27:55.321 541 541 I : read strings
05-15 19:27:55.323 1 1 I init : processing action (sys.usb.config=adb && sys.usb.configfs=1 && sys.usb.ffs.ready=1) from (/system/etc/init/hw/init.usb.configfs.rc:20)
05-15 19:27:55.326 1 1 I init : Command 'symlink /config/usb_gadget/g1/functions/ffs.adb /config/usb_gadget/g1/configs/b.1/f1' action=sys.usb.config=adb && sys.usb.configfs=1 && sys.usb.ffs.ready=1 (/system/etc/init/hw/init.usb.configfs.rc:22) took 0ms and failed: symlink() failed: File exists
05-15 19:27:55.326 1 1 I init : Command 'write /config/usb_gadget/g1/UDC ${sys.usb.controller}' action=sys.usb.config=adb && sys.usb.configfs=1 && sys.usb.ffs.ready=1 (/system/etc/init/hw/init.usb.configfs.rc:23) took 0ms and failed: Unable to write to file '/config/usb_gadget/g1/UDC': Unable to write file contents: Device or resource busy
05-15 18:56:31.002 1391 1391 W ContextImpl: Calling a method in the system process without a qualified user: android.app.ContextImpl.sendBroadcast:1181 android.content.ContextWrapper.sendBroadcast:479 cn.eben.newweather.DateWeatherService.a:19 cn.eben.newweather.DateWeatherService.a:0 cn.eben.newweather.DateWeatherService$1.handleMessage:7
05-15 19:27:56.361 541 541 I : read descriptors
05-15 19:27:56.361 541 541 I : read strings
05-15 19:27:56.363 1 1 I init : processing action (sys.usb.config=adb && sys.usb.configfs=1 && sys.usb.ffs.ready=1) from (/system/etc/init/hw/init.usb.configfs.rc:20)
05-15 19:27:56.366 1 1 I init : Command 'symlink /config/usb_gadget/g1/functions/ffs.adb /config/usb_gadget/g1/configs/b.1/f1' action=sys.usb.config=adb && sys.usb.configfs=1 && sys.usb.ffs.ready=1 (/system/etc/init/hw/init.usb.configfs.rc:22) took 0ms and failed: symlink() failed: File exists
05-15 19:27:56.369 1 1 I init : Command 'write /config/usb_gadget/g1/UDC ${sys.usb.controller}' action=sys.usb.config=adb && sys.usb.configfs=1 && sys.usb.ffs.ready=1 (/system/etc/init/hw/init.usb.configfs.rc:23) took 1ms and failed: Unable to write to file '/config/usb_gadget/g1/UDC': Unable to write file contents: Device or resource busy
05-15 18:56:32.003 1391 1391 W ContextImpl: Calling a method in the system process without a qualified user: android.app.ContextImpl.sendBroadcast:1181 android.content.ContextWrapper.sendBroadcast:479 cn.eben.newweather.DateWeatherService.a:19 cn.eben.newweather.DateWeatherService.a:0 cn.eben.newweather.DateWeatherService$1.handleMessage:7
05-15 18:56:32.751 465 493 I RIL : ---> enter mainloop wait at port
05-15 18:56:32.751 465 493 D RIL-DEV : Get modem info
05-15 18:56:32.752 465 493 D RIL-DEV : [05-15_18:56:32:752] idVendor = 0bda
05-15 18:56:32.752 465 493 D RIL-DEV :
05-15 18:56:32.752 465 493 D RIL-DEV : [05-15_18:56:32:753] idVendor = 05e3
05-15 18:56:32.752 465 493 D RIL-DEV :
05-15 18:56:32.753 465 493 D RIL-DEV : [05-15_18:56:32:753] idVendor = 1d6b
05-15 18:56:32.753 465 493 D RIL-DEV :
05-15 18:56:32.753 465 493 D RIL-DEV : [05-15_18:56:32:754] idVendor = 1d6b
05-15 18:56:32.753 465 493 D RIL-DEV :
05-15 18:56:32.754 465 493 D RIL-DEV : [05-15_18:56:32:754] idVendor = 0bda
05-15 18:56:32.754 465 493 D RIL-DEV :
05-15 18:56:32.754 465 493 D RIL-DEV : [05-15_18:56:32:754] idVendor = 1d6b
05-15 18:56:32.754 465 493 D RIL-DEV :
05-15 18:56:32.754 465 493 D RIL-DEV : [05-15_18:56:32:755] idVendor = 2109
05-15 18:56:32.754 465 493 D RIL-DEV :
05-15 18:56:32.755 465 493 D RIL-DEV : [05-15_18:56:32:755] idVendor = 2109
05-15 18:56:32.755 465 493 D RIL-DEV :
05-15 18:56:32.755 465 493 D RIL-DEV : [05-15_18:56:32:756] idVendor = 1d6b
05-15 18:56:32.755 465 493 D RIL-DEV :
05-15 18:56:32.755 465 493 D RIL-DEV : [05-15_18:56:32:756] idVendor = 0bda
05-15 18:56:32.755 465 493 D RIL-DEV :
05-15 18:56:32.756 465 493 D RIL-DEV : [05-15_18:56:32:756] idVendor = 2109
05-15 18:56:32.756 465 493 D RIL-DEV :
05-15 18:56:32.756 465 493 E RIL-DEV : Cannot find Meig devices
05-15 18:56:32.756 465 493 I RIL : ---> can't find meig usb devices
05-15 19:27:57.411 541 541 I : read descriptors
05-15 19:27:57.411 541 541 I : read strings
05-15 19:27:57.413 1 1 I init : processing action (sys.usb.config=adb && sys.usb.configfs=1 && sys.usb.ffs.ready=1) from (/system/etc/init/hw/init.usb.configfs.rc:20)
05-15 18:56:33.001 1391 1391 W ContextImpl: Calling a method in the system process without a qualified user: android.app.ContextImpl.sendBroadcast:1181 android.content.ContextWrapper.sendBroadcast:479 cn.eben.newweather.DateWeatherService.a:19 cn.eben.newweather.DateWeatherService.a:0 cn.eben.newweather.DateWeatherService$1.handleMessage:7
05-15 18:56:33.503 623 637 W ContentProviderHelper: Permission Denial: opening provider com.android.providers.contacts.ContactsProvider2 from ProcessRecord{6d23060 1792:cn.eben.sync/u0a64} (pid=1792, uid=10064) requires android.permission.READ_CONTACTS or android.permission.WRITE_CONTACTS
05-15 19:27:58.457 541 541 I : read descriptors
05-15 19:27:58.457 541 541 I : read strings
05-15 18:56:34.003 1391 1391 W ContextImpl: Calling a method in the system process without a qualified user: android.app.ContextImpl.sendBroadcast:1181 android.content.ContextWrapper.sendBroadcast:479 cn.eben.newweather.DateWeatherService.a:19 cn.eben.newweather.DateWeatherService.a:0 cn.eben.newweather.DateWeatherService$1.handleMessage:7
05-15 18:56:34.757 465 493 I RIL : ---> enter mainloop wait at port
05-15 18:56:34.757 465 493 D RIL-DEV : Get modem info
05-15 18:56:34.758 465 493 D RIL-DEV : [05-15_18:56:34:758] idVendor = 0bda
05-15 18:56:34.758 465 493 D RIL-DEV :
05-15 18:56:34.758 465 493 D RIL-DEV : [05-15_18:56:34:759] idVendor = 05e3
05-15 18:56:34.758 465 493 D RIL-DEV :
05-15 18:56:34.759 465 493 D RIL-DEV : [05-15_18:56:34:759] idVendor = 1d6b
05-15 18:56:34.759 465 493 D RIL-DEV :
05-15 18:56:34.759 465 493 D RIL-DEV : [05-15_18:56:34:759] idVendor = 1d6b
05-15 18:56:34.759 465 493 D RIL-DEV :
05-15 18:56:34.759 465 493 D RIL-DEV : [05-15_18:56:34:760] idVendor = 0bda
05-15 18:56:34.759 465 493 D RIL-DEV :
05-15 18:56:34.760 465 493 D RIL-DEV : [05-15_18:56:34:760] idVendor = 1d6b
05-15 18:56:34.760 465 493 D RIL-DEV :
05-15 18:56:34.760 465 493 D RIL-DEV : [05-15_18:56:34:760] idVendor = 2109
05-15 18:56:34.760 465 493 D RIL-DEV :
05-15 18:56:34.760 465 493 D RIL-DEV : [05-15_18:56:34:761] idVendor = 2109
05-15 18:56:34.760 465 493 D RIL-DEV :
05-15 18:56:34.761 465 493 D RIL-DEV : [05-15_18:56:34:761] idVendor = 1d6b
05-15 18:56:34.761 465 493 D RIL-DEV :
05-15 18:56:34.761 465 493 D RIL-DEV : [05-15_18:56:34:762] idVendor = 0bda
05-15 18:56:34.761 465 493 D RIL-DEV :
05-15 18:56:34.761 465 493 D RIL-DEV : [05-15_18:56:34:762] idVendor = 2109
05-15 18:56:34.761 465 493 D RIL-DEV :
05-15 18:56:34.762 465 493 E RIL-DEV : Cannot find Meig devices
05-15 18:56:34.762 465 493 I RIL : ---> can't find meig usb devices
05-15 19:27:59.500 541 541 I : read descriptors
05-15 19:27:59.501 541 541 I : read strings
05-15 19:27:59.503 1 1 I init : processing action (sys.usb.config=adb && sys.usb.configfs=1 && sys.usb.ffs.ready=1) from (/system/etc/init/hw/init.usb.configfs.rc:20)
05-15 19:27:59.506 1 1 I init : Command 'symlink /config/usb_gadget/g1/functions/ffs.adb /config/usb_gadget/g1/configs/b.1/f1' action=sys.usb.config=adb && sys.usb.configfs=1 && sys.usb.ffs.ready=1 (/system/etc/init/hw/init.usb.configfs.rc:22) took 0ms and failed: symlink() failed: File exists
05-15 19:27:59.510 1 1 I init : Command 'write /config/usb_gadget/g1/UDC ${sys.usb.controller}' action=sys.usb.config=adb && sys.usb.configfs=1 && sys.usb.ffs.ready=1 (/system/etc/init/hw/init.usb.configfs.rc:23) took 1ms and failed: Unable to write to file '/config/usb_gadget/g1/UDC': Unable to write file contents: Device or resource busy
05-15 18:56:35.003 1391 1391 W ContextImpl: Calling a method in the system process without a qualified user: android.app.ContextImpl.sendBroadcast:1181 android.content.ContextWrapper.sendBroadcast:479 cn.eben.newweather.DateWeatherService.a:19 cn.eben.newweather.DateWeatherService.a:0 cn.eben.newweather.DateWeatherService$1.handleMessage:7
05-15 19:28:00.544 541 541 I : read descriptors
05-15 19:28:00.544 541 541 I : read strings
05-15 18:56:36.003 1391 1391 W ContextImpl: Calling a method in the system process without a qualified user: android.app.ContextImpl.sendBroadcast:1181 android.content.ContextWrapper.sendBroadcast:479 cn.eben.newweather.DateWeatherService.a:19 cn.eben.newweather.DateWeatherService.a:0 cn.eben.newweather.DateWeatherService$1.handleMessage:7
05-15 19:28:00.546 1 1 I init : processing action (sys.usb.config=adb && sys.usb.configfs=1 && sys.usb.ffs.ready=1) from (/system/etc/init/hw/init.usb.configfs.rc:20)
05-15 19:28:00.549 1 1 I init : Command 'symlink /config/usb_gadget/g1/functions/ffs.adb /config/usb_gadget/g1/configs/b.1/f1' action=sys.usb.config=adb && sys.usb.configfs=1 && sys.usb.ffs.ready=1 (/system/etc/init/hw/init.usb.configfs.rc:22) took 1ms and failed: symlink() failed: File exists
05-15 19:28:00.551 1 1 I init : Command 'write /config/usb_gadget/g1/UDC ${sys.usb.controller}' action=sys.usb.config=adb && sys.usb.configfs=1 && sys.usb.ffs.ready=1 (/system/etc/init/hw/init.usb.configfs.rc:23) took 1ms and failed: Unable to write to file '/config/usb_gadget/g1/UDC': Unable to write file contents: Device or resource busy
05-15 19:28:00.821 27448 27448 I binder : 27049:27448 transaction failed 29202/0, size 2176-0 line 3265
05-15 19:28:00.822 27448 27448 I binder : 27049:27448 transaction failed 29202/0, size 540-0 line 3265
05-15 18:56:36.762 465 493 I RIL : ---> enter mainloop wait at port
05-15 18:56:36.762 465 493 D RIL-DEV : Get modem info
05-15 18:56:36.763 465 493 D RIL-DEV : [05-15_18:56:36:764] idVendor = 0bda
05-15 18:56:36.763 465 493 D RIL-DEV :
05-15 18:56:36.764 465 493 D RIL-DEV : [05-15_18:56:36:764] idVendor = 05e3
05-15 18:56:36.764 465 493 D RIL-DEV :
05-15 18:56:36.764 465 493 D RIL-DEV : [05-15_18:56:36:764] idVendor = 1d6b
05-15 18:56:36.764 465 493 D RIL-DEV :
05-15 18:56:36.764 465 493 D RIL-DEV : [05-15_18:56:36:765] idVendor = 1d6b
05-15 18:56:36.764 465 493 D RIL-DEV :
05-15 18:56:36.765 465 493 D RIL-DEV : [05-15_18:56:36:765] idVendor = 0bda
05-15 18:56:36.765 465 493 D RIL-DEV :
05-15 18:56:36.765 465 493 D RIL-DEV : [05-15_18:56:36:766] idVendor = 1d6b
05-15 18:56:36.765 465 493 D RIL-DEV :
05-15 18:56:36.765 465 493 D RIL-DEV : [05-15_18:56:36:766] idVendor = 2109
05-15 18:56:36.765 465 493 D RIL-DEV :
05-15 18:56:36.766 465 493 D RIL-DEV : [05-15_18:56:36:766] idVendor = 2109
05-15 18:56:36.766 465 493 D RIL-DEV :
05-15 18:56:36.766 465 493 D RIL-DEV : [05-15_18:56:36:767] idVendor = 1d6b
05-15 18:56:36.766 465 493 D RIL-DEV :
05-15 18:56:36.767 465 493 D RIL-DEV : [05-15_18:56:36:767] idVendor = 0bda
05-15 18:56:36.767 465 493 D RIL-DEV :
05-15 18:56:36.767 465 493 D RIL-DEV : [05-15_18:56:36:767] idVendor = 2109
05-15 18:56:36.767 465 493 D RIL-DEV :
05-15 18:56:36.767 465 493 E RIL-DEV : Cannot find Meig devices
05-15 18:56:36.767 465 493 I RIL : ---> can't find meig usb devices
05-15 18:56:37.003 1391 1391 W ContextImpl: Calling a method in the system process without a qualified user: android.app.ContextImpl.sendBroadcast:1181 android.content.ContextWrapper.sendBroadcast:479 cn.eben.newweather.DateWeatherService.a:19 cn.eben.newweather.DateWeatherService.a:0 cn.eben.newweather.DateWeatherService$1.handleMessage:7
05-15 19:28:01.594 541 541 I : read descriptors
05-15 19:28:01.594 541 541 I : read strings
05-15 19:28:01.597 1 1 I init : processing action (sys.usb.config=adb && sys.usb.configfs=1 && sys.usb.ffs.ready=1) from (/system/etc/init/hw/init.usb.configfs.rc:20)
05-15 19:28:01.601 1 1 I init : Command 'symlink /config/usb_gadget/g1/functions/ffs.adb /config/usb_gadget/g1/configs/b.1/f1' action=sys.usb.config=adb && sys.usb.configfs=1 && sys.usb.ffs.ready=1 (/system/etc/init/hw/init.usb.configfs.rc:22) took 1ms and failed: symlink() failed: File exists
05-15 19:28:01.602 1 1 I init : Command 'write /config/usb_gadget/g1/UDC ${sys.usb.controller}' action=sys.usb.config=adb && sys.usb.configfs=1 && sys.usb.ffs.ready=1 (/system/etc/init/hw/init.usb.configfs.rc:23) took 1ms and failed: Unable to write to file '/config/usb_gadget/g1/UDC': Unable to write file contents: Device or resource busy
05-15 18:56:38.003 1391 1391 W ContextImpl: Calling a method in the system process without a qualified user: android.app.ContextImpl.sendBroadcast:1181 android.content.ContextWrapper.sendBroadcast:479 cn.eben.newweather.DateWeatherService.a:19 cn.eben.newweather.DateWeatherService.a:0 cn.eben.newweather.DateWeatherService$1.handleMessage:7
05-15 19:28:02.644 541 541 I : read descriptors
05-15 19:28:02.644 541 541 I : read strings
05-15 19:28:02.646 1 1 I init : processing action (sys.usb.config=adb && sys.usb.configfs=1 && sys.usb.ffs.ready=1) from (/system/etc/init/hw/init.usb.configfs.rc:20)
05-15 18:56:38.510 623 637 W ContentProviderHelper: Permission Denial: opening provider com.android.providers.contacts.ContactsProvider2 from ProcessRecord{6d23060 1792:cn.eben.sync/u0a64} (pid=1792, uid=10064) requires android.permission.READ_CONTACTS or android.permission.WRITE_CONTACTS
05-15 18:56:38.768 465 493 I RIL : ---> enter mainloop wait at port
05-15 18:56:38.768 465 493 D RIL-DEV : Get modem info
05-15 18:56:38.769 465 493 D RIL-DEV : [05-15_18:56:38:769] idVendor = 0bda
05-15 18:56:38.769 465 493 D RIL-DEV :
05-15 18:56:38.769 465 493 D RIL-DEV : [05-15_18:56:38:769] idVendor = 05e3
05-15 18:56:38.769 465 493 D RIL-DEV :
05-15 18:56:38.769 465 493 D RIL-DEV : [05-15_18:56:38:770] idVendor = 1d6b
05-15 18:56:38.769 465 493 D RIL-DEV :
05-15 18:56:38.770 465 493 D RIL-DEV : [05-15_18:56:38:770] idVendor = 1d6b
05-15 18:56:38.770 465 493 D RIL-DEV :
05-15 18:56:38.770 465 493 D RIL-DEV : [05-15_18:56:38:771] idVendor = 0bda
05-15 18:56:38.770 465 493 D RIL-DEV :
05-15 18:56:38.771 465 493 D RIL-DEV : [05-15_18:56:38:771] idVendor = 1d6b
05-15 18:56:38.771 465 493 D RIL-DEV :
05-15 18:56:38.771 465 493 D RIL-DEV : [05-15_18:56:38:771] idVendor = 2109
05-15 18:56:38.771 465 493 D RIL-DEV :
05-15 18:56:38.771 465 493 D RIL-DEV : [05-15_18:56:38:772] idVendor = 2109
05-15 18:56:38.771 465 493 D RIL-DEV :
05-15 18:56:38.772 465 493 D RIL-DEV : [05-15_18:56:38:772] idVendor = 1d6b
05-15 18:56:38.772 465 493 D RIL-DEV :
05-15 18:56:38.772 465 493 D RIL-DEV : [05-15_18:56:38:772] idVendor = 0bda
05-15 18:56:38.772 465 493 D RIL-DEV :
05-15 18:56:38.772 465 493 D RIL-DEV : [05-15_18:56:38:773] idVendor = 2109
05-15 18:56:38.772 465 493 D RIL-DEV :
05-15 18:56:38.773 465 493 E RIL-DEV : Cannot find Meig devices
05-15 18:56:38.773 465 493 I RIL : ---> can't find meig usb devices
