--------- beginning of events
05-15 18:19:02.183 623 2170 I sysui_multi_action: [757,128,758,1,793,2713287,794,0,795,49875,796,2131755453,798,2,806,com.baidu.appsearch,857,手机管理、安全检测相关通知,858,2,947,0,1395,4,1500,49875,1688,1]
05-15 18:19:02.184 623 2170 I sysui_multi_action: [757,804,799,note_freshness,801,49875,802,1]
05-15 18:19:02.184 623 2170 I notification_visibility: [0|com.baidu.appsearch|2131755453|null|10100,1,2713287,49875,0,2]
05-15 18:19:02.397 623 623 I notification_enqueue: [10100,10735,com.baidu.appsearch,2131755453,NULL,0,Notification(channel=手机管理、安全检测相关通知 shortcut=null contentView=null vibrate=null sound=null defaults=0x0 flags=0x62 color=0x00000000 vis=PRIVATE),1]
05-15 18:19:02.414 623 623 I power_screen_broadcast_done: [1,257,1]
05-15 18:19:02.883 623 664 I sysui_latency: [5,748]
05-15 18:19:02.884 623 623 I sysui_multi_action: [757,198,758,1,759,3,1359,749,1694,14]
05-15 18:19:02.884 623 623 I power_screen_state: [1,0,0,0,749]
05-15 18:19:03.355 19153 19153 I auditd : type=1400 audit(0.0:4798): avc: denied { read } for comm="CrashSDKBkgdHan" name="loadavg" dev="proc" ino=4026532226 scontext=u:r:untrusted_app:s0:c101,c256,c512,c768 tcontext=u:object_r:proc_loadavg:s0 tclass=file permissive=1 app=com.taobao.idlefish
05-15 18:19:03.355 19153 19153 I auditd : type=1400 audit(0.0:4799): avc: denied { open } for comm="CrashSDKBkgdHan" path="/proc/loadavg" dev="proc" ino=4026532226 scontext=u:r:untrusted_app:s0:c101,c256,c512,c768 tcontext=u:object_r:proc_loadavg:s0 tclass=file permissive=1 app=com.taobao.idlefish
05-15 18:19:03.355 19153 19153 I auditd : type=1400 audit(0.0:4800): avc: denied { open } for comm="CrashSDKBkgdHan" path="/proc/stat" dev="proc" ino=4026532228 scontext=u:r:untrusted_app:s0:c101,c256,c512,c768 tcontext=u:object_r:proc_stat:s0 tclass=file permissive=1 app=com.taobao.idlefish
05-15 18:19:06.345 27049 27049 I auditd : type=1400 audit(0.0:4801): avc: denied { read } for comm="NativeThread" name="unix" dev="proc" ino=4026532255 scontext=u:r:untrusted_app:s0:c102,c256,c512,c768 tcontext=u:object_r:proc_net:s0 tclass=file permissive=1 app=com.taobao.taobao
05-15 18:19:06.345 27049 27049 I auditd : type=1400 audit(0.0:4802): avc: denied { open } for comm="NativeThread" path="/proc/27049/net/unix" dev="proc" ino=4026532255 scontext=u:r:untrusted_app:s0:c102,c256,c512,c768 tcontext=u:object_r:proc_net:s0 tclass=file permissive=1 app=com.taobao.taobao
05-15 18:19:07.403 623 623 I notification_enqueue: [10100,10735,com.baidu.appsearch,2131755453,NULL,0,Notification(channel=手机管理、安全检测相关通知 shortcut=null contentView=null vibrate=null sound=null defaults=0x0 flags=0x62 color=0x00000000 vis=PRIVATE),1]
05-15 18:19:07.423 623 730 I netstats_mobile_sample: [0,0,0,0,0,0,0,0,0,0,0,0,1747297190736]
05-15 18:19:07.423 623 730 I netstats_wifi_sample: [0,0,0,0,0,0,0,0,0,0,0,0,1747297190736]
05-15 18:19:07.452 623 730 I netstats_mobile_sample: [0,0,0,0,0,0,0,0,0,0,0,0,1747297190765]
05-15 18:19:07.452 623 730 I netstats_wifi_sample: [0,0,0,0,0,0,0,0,0,0,0,0,1747297190765]
05-15 18:19:07.510 623 623 I notification_cancel_all: [1000,1699,com.ebensz.appmanager,0,0,64,9,NULL]
05-15 18:19:10.140 623 664 I sysui_multi_action: [757,1696,758,6,759,2]
05-15 18:19:12.139 623 664 I power_sleep_requested: 0
05-15 18:19:12.221 623 664 I sysui_multi_action: [757,1696,758,6,759,0]
05-15 18:19:12.413 623 623 I notification_enqueue: [10100,10735,com.baidu.appsearch,2131755453,NULL,0,Notification(channel=手机管理、安全检测相关通知 shortcut=null contentView=null vibrate=null sound=null defaults=0x0 flags=0x62 color=0x00000000 vis=PRIVATE),1]
05-15 18:19:12.999 623 623 I sysui_multi_action: [757,198,758,2,759,3,1359,860,1695,2]
05-15 18:19:13.000 623 623 I power_screen_state: [0,3,0,0,860]
05-15 18:19:13.000 623 623 I screen_toggled: 0
05-15 18:19:13.000 623 623 I sysui_multi_action: [757,804,799,screen_timeout,801,15,802,1]
05-15 18:19:13.003 623 623 I sysui_multi_action: [757,1594,758,4,759,-2147483648,1359,10119]
05-15 18:19:13.004 623 623 I power_screen_broadcast_send: 1
05-15 18:19:13.024 623 680 I sysui_multi_action: [757,128,758,2,793,11641819,794,10842,795,11641819,796,1111,798,3,806,com.ebensz.email,857,100,858,2,947,0,1395,4,1500,11641819,1688,4,1689,2,1690,1]
05-15 18:19:13.025 623 680 I notification_visibility: [0|com.ebensz.email|1111|null|10072,0,11641819,11641819,0,3]
05-15 18:19:13.025 623 680 I sysui_multi_action: [757,128,758,2,793,11785148,794,10843,795,11785148,796,55,798,1,806,android,857,DEVELOPER,858,2,947,0,1395,4,1500,10842,1688,1]
05-15 18:19:13.025 623 680 I notification_visibility: [-1|android|55|null|1000,0,11785148,11785148,0,1]
05-15 18:19:13.026 623 680 I sysui_multi_action: [757,128,758,2,793,11632855,794,10843,795,11632855,796,1009,798,0,806,cn.eben.sync,857,CloudService,858,2,947,0,1395,4,1500,10843,1688,1]
05-15 18:19:13.026 623 680 I notification_visibility: [0|cn.eben.sync|1009|null|10064,0,11632855,11632855,0,0]
05-15 18:19:13.026 623 680 I sysui_multi_action: [757,128,758,2,793,2724130,794,10843,795,619,796,2131755453,798,2,806,com.baidu.appsearch,857,手机管理、安全检测相关通知,858,2,947,0,1395,4,1500,619,1688,1]
05-15 18:19:13.026 623 680 I notification_visibility: [0|com.baidu.appsearch|2131755453|null|10100,0,2724130,619,0,2]
05-15 18:19:13.027 623 1955 I sysui_multi_action: [757,127,758,2]
05-15 18:19:13.028 623 1955 I notification_panel_hidden:
05-15 18:19:13.032 623 623 I battery_saving_stats: [0,1,0,10873,0,0,3440849,0,0]
05-15 18:19:13.078 623 623 I power_screen_broadcast_done: [0,75,1]
05-15 18:20:01.982 623 664 I sysui_multi_action: [757,1696,758,6,759,3]
05-15 18:20:01.989 623 623 I screen_toggled: 1
05-15 18:20:01.989 623 623 I power_screen_broadcast_send: 1
05-15 18:20:02.019 623 638 I sysui_multi_action: [757,127,758,1]
05-15 18:20:02.019 623 638 I sysui_multi_action: [757,804,799,note_load,801,4,802,1]
05-15 18:20:02.019 623 638 I notification_panel_revealed: 4
05-15 18:20:02.020 623 6545 I sysui_multi_action: [757,128,758,1,793,11690815,794,0,795,11690815,796,1111,798,3,806,com.ebensz.email,857,100,858,2,947,0,1395,4,1500,11690815,1688,4,1689,2,1690,1]
05-15 18:20:02.020 623 6545 I sysui_multi_action: [757,804,799,note_freshness,801,11690815,802,1]
05-15 18:20:02.020 623 6545 I notification_visibility: [0|com.ebensz.email|1111|null|10072,1,11690815,11690815,0,3]
05-15 18:20:02.020 623 6545 I sysui_multi_action: [757,128,758,1,793,11834143,794,0,795,11834143,796,55,798,1,806,android,857,DEVELOPER,858,2,947,0,1395,4,1500,59837,1688,1]
05-15 18:20:02.020 623 6545 I sysui_multi_action: [757,1501,758,1,793,11834143,794,0,795,11834143,796,55,806,android,857,DEVELOPER,858,2,947,0,1500,0,1688,1]
05-15 18:20:02.020 623 6545 I sysui_multi_action: [757,804,799,note_interruptive,801,0,802,1]
05-15 18:20:02.020 623 6545 I sysui_multi_action: [757,804,799,note_freshness,801,11834143,802,1]
05-15 18:20:02.020 623 6545 I notification_visibility: [-1|android|55|null|1000,1,11834143,11834143,0,1]
05-15 18:20:02.020 623 6545 I sysui_multi_action: [757,128,758,1,793,11681849,794,0,795,11681849,796,1009,798,0,806,cn.eben.sync,857,CloudService,858,2,947,0,1395,4,1500,59837,1688,1]
05-15 18:20:02.020 623 6545 I sysui_multi_action: [757,1501,758,1,793,11681849,794,0,795,11681849,796,1009,806,cn.eben.sync,857,CloudService,858,2,947,0,1500,0,1688,1]
05-15 18:20:02.020 623 6545 I sysui_multi_action: [757,804,799,note_interruptive,801,0,802,1]
05-15 18:20:02.020 623 6545 I sysui_multi_action: [757,804,799,note_freshness,801,11681849,802,1]
05-15 18:20:02.020 623 6545 I notification_visibility: [0|cn.eben.sync|1009|null|10064,1,11681849,11681849,0,0]
05-15 18:20:02.020 623 6545 I sysui_multi_action: [757,128,758,1,793,2773124,794,0,795,49613,796,2131755453,798,2,806,com.baidu.appsearch,857,手机管理、安全检测相关通知,858,2,947,0,1395,4,1500,49613,1688,1]
05-15 18:20:02.020 623 6545 I sysui_multi_action: [757,804,799,note_freshness,801,49613,802,1]
05-15 18:20:02.020 623 6545 I notification_visibility: [0|com.baidu.appsearch|2131755453|null|10100,1,2773124,49613,0,2]
05-15 18:20:02.046 623 730 I netstats_mobile_sample: [0,0,0,0,0,0,0,0,0,0,0,0,1747297245359]
05-15 18:20:02.046 623 730 I netstats_wifi_sample: [0,0,0,0,0,0,0,0,0,0,0,0,1747297245359]
05-15 18:20:02.276 10735 10735 I dvm_lock_sample: [com.baidu.appsearch,1,main,215,QueuedWork.java,252,void android.app.QueuedWork.processPendingWork(),-,273,void android.app.QueuedWork.processPendingWork(),43]
05-15 18:20:02.290 623 623 I battery_saving_stats: [0,0,0,49258,0,0,1136560,0,0]
05-15 18:20:02.337 623 623 I notification_enqueue: [10100,10735,com.baidu.appsearch,2131755453,NULL,0,Notification(channel=手机管理、安全检测相关通知 shortcut=null contentView=null vibrate=null sound=null defaults=0x0 flags=0x62 color=0x00000000 vis=PRIVATE),1]
05-15 18:20:02.339 623 623 I power_screen_broadcast_done: [1,350,1]
05-15 18:20:02.815 623 664 I sysui_latency: [5,837]
05-15 18:20:02.815 623 623 I sysui_multi_action: [757,198,758,1,759,3,1359,837,1694,14]
05-15 18:20:02.816 623 623 I power_screen_state: [1,0,0,0,837]
05-15 18:20:07.343 623 623 I notification_enqueue: [10100,10735,com.baidu.appsearch,2131755453,NULL,0,Notification(channel=手机管理、安全检测相关通知 shortcut=null contentView=null vibrate=null sound=null defaults=0x0 flags=0x62 color=0x00000000 vis=PRIVATE),1]
05-15 18:20:07.411 623 730 I netstats_mobile_sample: [0,0,0,0,0,0,0,0,0,0,0,0,1747297250724]
05-15 18:20:07.412 623 730 I netstats_wifi_sample: [0,0,0,0,0,0,0,0,0,0,0,0,1747297250724]
05-15 18:20:07.444 623 730 I netstats_mobile_sample: [0,0,0,0,0,0,0,0,0,0,0,0,1747297250757]
05-15 18:20:07.444 623 730 I netstats_wifi_sample: [0,0,0,0,0,0,0,0,0,0,0,0,1747297250757]
05-15 18:20:07.538 623 623 I notification_cancel_all: [1000,1699,com.ebensz.appmanager,0,0,64,9,NULL]
05-15 18:20:09.762 27049 27049 I auditd : type=1400 audit(0.0:4803): avc: denied { read } for comm="NativeThread" name="unix" dev="proc" ino=4026532255 scontext=u:r:untrusted_app:s0:c102,c256,c512,c768 tcontext=u:object_r:proc_net:s0 tclass=file permissive=1 app=com.taobao.taobao
05-15 18:20:09.762 27049 27049 I auditd : type=1400 audit(0.0:4804): avc: denied { open } for comm="NativeThread" path="/proc/27049/net/unix" dev="proc" ino=4026532255 scontext=u:r:untrusted_app:s0:c102,c256,c512,c768 tcontext=u:object_r:proc_net:s0 tclass=file permissive=1 app=com.taobao.taobao
05-15 18:20:09.984 623 664 I sysui_multi_action: [757,1696,758,6,759,2]
05-15 18:20:11.979 623 664 I power_sleep_requested: 0
05-15 18:20:11.996 623 648 I am_pss : [14412,10100,com.baidu.appsearch:bdservice_v1,22595584,10276864,0,152621056,0,10,13]
05-15 18:20:12.026 623 664 I sysui_multi_action: [757,1696,758,6,759,0]
05-15 18:20:12.349 623 623 I notification_enqueue: [10100,10735,com.baidu.appsearch,2131755453,NULL,0,Notification(channel=手机管理、安全检测相关通知 shortcut=null contentView=null vibrate=null sound=null defaults=0x0 flags=0x62 color=0x00000000 vis=PRIVATE),1]
05-15 18:20:12.780 623 623 I sysui_multi_action: [757,198,758,2,759,3,1359,787,1695,2]
05-15 18:20:12.781 623 623 I power_screen_state: [0,3,0,0,787]
05-15 18:20:12.781 623 623 I screen_toggled: 0
05-15 18:20:12.782 623 623 I sysui_multi_action: [757,804,799,screen_timeout,801,15,802,1]
05-15 18:20:12.783 623 623 I sysui_multi_action: [757,1594,758,4,759,-2147483648,1359,9968]
05-15 18:20:12.784 623 623 I power_screen_broadcast_send: 1
05-15 18:20:12.804 623 3014 I sysui_multi_action: [757,128,758,2,793,11701599,794,10784,795,11701599,796,1111,798,3,806,com.ebensz.email,857,100,858,2,947,0,1395,4,1500,11701599,1688,4,1689,2,1690,1]
05-15 18:20:12.804 623 3014 I notification_visibility: [0|com.ebensz.email|1111|null|10072,0,11701599,11701599,0,3]
05-15 18:20:12.804 623 3014 I sysui_multi_action: [757,128,758,2,793,11844927,794,10784,795,11844927,796,55,798,1,806,android,857,DEVELOPER,858,2,947,0,1395,4,1500,10784,1688,1]
05-15 18:20:12.805 623 3014 I notification_visibility: [-1|android|55|null|1000,0,11844927,11844927,0,1]
05-15 18:20:12.805 623 3014 I sysui_multi_action: [757,128,758,2,793,11692634,794,10785,795,11692634,796,1009,798,0,806,cn.eben.sync,857,CloudService,858,2,947,0,1395,4,1500,10785,1688,1]
05-15 18:20:12.805 623 3014 I notification_visibility: [0|cn.eben.sync|1009|null|10064,0,11692634,11692634,0,0]
05-15 18:20:12.805 623 3014 I sysui_multi_action: [757,128,758,2,793,2783909,794,10785,795,458,796,2131755453,798,2,806,com.baidu.appsearch,857,手机管理、安全检测相关通知,858,2,947,0,1395,4,1500,458,1688,1]
05-15 18:20:12.805 623 3014 I notification_visibility: [0|com.baidu.appsearch|2131755453|null|10100,0,2783909,458,0,2]
05-15 18:20:12.806 623 2170 I sysui_multi_action: [757,127,758,2]
05-15 18:20:12.806 623 2170 I notification_panel_hidden:
05-15 18:20:12.830 623 623 I battery_saving_stats: [0,1,0,10540,0,0,3451389,0,0]
05-15 18:20:12.889 623 623 I power_screen_broadcast_done: [0,105,1]
05-15 18:21:01.928 623 664 I dvm_lock_sample: [system_server,1,PowerManagerService,2087,PowerManagerService.java,2981,void com.android.server.power.PowerManagerService.handleSandman(int),-,1433,void com.android.server.power.PowerManagerService.acquireWakeLockInternal(android.os.IBinder, int, int, java.lang.String, java.lang.String, android.os.WorkSource, java.lang.String, int, int),100]
05-15 18:21:02.042 623 730 I netstats_mobile_sample: [0,0,0,0,0,0,0,0,0,0,0,0,1747297305355]
05-15 18:21:02.042 623 730 I netstats_wifi_sample: [0,0,0,0,0,0,0,0,0,0,0,0,1747297305355]
05-15 18:21:02.042 623 664 I sysui_multi_action: [757,1696,758,6,759,3]
05-15 18:21:02.044 623 623 I screen_toggled: 1
05-15 18:21:02.044 623 623 I power_screen_broadcast_send: 1
05-15 18:21:02.107 623 1115 I sysui_multi_action: [757,127,758,1]
05-15 18:21:02.107 623 1115 I sysui_multi_action: [757,804,799,note_load,801,4,802,1]
05-15 18:21:02.107 623 1115 I notification_panel_revealed: 4
05-15 18:21:02.109 623 1115 I sysui_multi_action: [757,128,758,1,793,11750904,794,0,795,11750904,796,1111,798,3,806,com.ebensz.email,857,100,858,2,947,0,1395,4,1500,11750904,1688,4,1689,2,1690,1]
05-15 18:21:02.109 623 1115 I sysui_multi_action: [757,804,799,note_freshness,801,11750904,802,1]
05-15 18:21:02.109 623 1115 I notification_visibility: [0|com.ebensz.email|1111|null|10072,1,11750904,11750904,0,3]
05-15 18:21:02.109 623 1115 I sysui_multi_action: [757,128,758,1,793,11894232,794,0,795,11894232,796,55,798,1,806,android,857,DEVELOPER,858,2,947,0,1395,4,1500,60089,1688,1]
05-15 18:21:02.109 623 1115 I sysui_multi_action: [757,1501,758,1,793,11894232,794,0,795,11894232,796,55,806,android,857,DEVELOPER,858,2,947,0,1500,0,1688,1]
05-15 18:21:02.109 623 1115 I sysui_multi_action: [757,804,799,note_interruptive,801,0,802,1]
05-15 18:21:02.109 623 1115 I sysui_multi_action: [757,804,799,note_freshness,801,11894232,802,1]
05-15 18:21:02.109 623 1115 I notification_visibility: [-1|android|55|null|1000,1,11894232,11894232,0,1]
05-15 18:21:02.110 623 1115 I sysui_multi_action: [757,128,758,1,793,11741939,794,0,795,11741939,796,1009,798,0,806,cn.eben.sync,857,CloudService,858,2,947,0,1395,4,1500,60090,1688,1]
05-15 18:21:02.110 623 1115 I sysui_multi_action: [757,1501,758,1,793,11741939,794,0,795,11741939,796,1009,806,cn.eben.sync,857,CloudService,858,2,947,0,1500,0,1688,1]
05-15 18:21:02.110 623 1115 I sysui_multi_action: [757,804,799,note_interruptive,801,0,802,1]
05-15 18:21:02.110 623 1115 I sysui_multi_action: [757,804,799,note_freshness,801,11741939,802,1]
05-15 18:21:02.110 623 1115 I notification_visibility: [0|cn.eben.sync|1009|null|10064,1,11741939,11741939,0,0]
05-15 18:21:02.110 623 1115 I sysui_multi_action: [757,128,758,1,793,2833214,794,0,795,49763,796,2131755453,798,2,806,com.baidu.appsearch,857,手机管理、安全检测相关通知,858,2,947,0,1395,4,1500,49763,1688,1]
05-15 18:21:02.110 623 1115 I sysui_multi_action: [757,804,799,note_freshness,801,49763,802,1]
05-15 18:21:02.110 623 1115 I notification_visibility: [0|com.baidu.appsearch|2131755453|null|10100,1,2833214,49763,0,2]
05-15 18:21:02.259 623 623 I battery_saving_stats: [0,0,0,49429,0,0,1185989,0,0]
05-15 18:21:02.291 623 623 I power_screen_broadcast_done: [1,247,1]
05-15 18:21:02.298 623 623 I notification_enqueue: [10100,10735,com.baidu.appsearch,2131755453,NULL,0,Notification(channel=手机管理、安全检测相关通知 shortcut=null contentView=null vibrate=null sound=null defaults=0x0 flags=0x62 color=0x00000000 vis=PRIVATE),1]
05-15 18:21:02.771 623 664 I sysui_latency: [5,738]
05-15 18:21:02.771 623 623 I sysui_multi_action: [757,198,758,1,759,3,1359,739,1694,14]
05-15 18:21:02.772 623 623 I power_screen_state: [1,0,0,0,739]
05-15 18:21:03.611 27049 27049 I auditd : type=1400 audit(0.0:4805): avc: denied { read } for comm="CrashSDKBkgdHan" name="loadavg" dev="proc" ino=4026532226 scontext=u:r:untrusted_app:s0:c102,c256,c512,c768 tcontext=u:object_r:proc_loadavg:s0 tclass=file permissive=1 app=com.taobao.taobao
05-15 18:21:03.611 27049 27049 I auditd : type=1400 audit(0.0:4806): avc: denied { open } for comm="CrashSDKBkgdHan" path="/proc/loadavg" dev="proc" ino=4026532226 scontext=u:r:untrusted_app:s0:c102,c256,c512,c768 tcontext=u:object_r:proc_loadavg:s0 tclass=file permissive=1 app=com.taobao.taobao
05-15 18:21:03.611 27049 27049 I auditd : type=1400 audit(0.0:4807): avc: denied { open } for comm="CrashSDKBkgdHan" path="/proc/stat" dev="proc" ino=4026532228 scontext=u:r:untrusted_app:s0:c102,c256,c512,c768 tcontext=u:object_r:proc_stat:s0 tclass=file permissive=1 app=com.taobao.taobao
05-15 18:21:07.246 623 730 I netstats_mobile_sample: [0,0,0,0,0,0,0,0,0,0,0,0,1747297310559]
05-15 18:21:07.246 623 730 I netstats_wifi_sample: [0,0,0,0,0,0,0,0,0,0,0,0,1747297310559]
05-15 18:21:07.296 623 730 I netstats_mobile_sample: [0,0,0,0,0,0,0,0,0,0,0,0,1747297310610]
05-15 18:21:07.297 623 730 I netstats_wifi_sample: [0,0,0,0,0,0,0,0,0,0,0,0,1747297310610]
05-15 18:21:07.302 623 623 I notification_enqueue: [10100,10735,com.baidu.appsearch,2131755453,NULL,0,Notification(channel=手机管理、安全检测相关通知 shortcut=null contentView=null vibrate=null sound=null defaults=0x0 flags=0x62 color=0x00000000 vis=PRIVATE),1]
05-15 18:21:07.379 623 623 I notification_cancel_all: [1000,1699,com.ebensz.appmanager,0,0,64,9,NULL]
05-15 18:21:09.751 27049 27049 I auditd : type=1400 audit(0.0:4808): avc: denied { read } for comm="NativeThread" name="unix" dev="proc" ino=4026532255 scontext=u:r:untrusted_app:s0:c102,c256,c512,c768 tcontext=u:object_r:proc_net:s0 tclass=file permissive=1 app=com.taobao.taobao
05-15 18:21:09.751 27049 27049 I auditd : type=1400 audit(0.0:4809): avc: denied { open } for comm="NativeThread" path="/proc/27049/net/unix" dev="proc" ino=4026532255 scontext=u:r:untrusted_app:s0:c102,c256,c512,c768 tcontext=u:object_r:proc_net:s0 tclass=file permissive=1 app=com.taobao.taobao
05-15 18:21:10.037 623 664 I sysui_multi_action: [757,1696,758,6,759,2]
05-15 18:21:12.035 623 664 I power_sleep_requested: 0
05-15 18:21:12.094 623 664 I sysui_multi_action: [757,1696,758,6,759,0]
05-15 18:21:12.305 623 623 I notification_enqueue: [10100,10735,com.baidu.appsearch,2131755453,NULL,0,Notification(channel=手机管理、安全检测相关通知 shortcut=null contentView=null vibrate=null sound=null defaults=0x0 flags=0x62 color=0x00000000 vis=PRIVATE),1]
05-15 18:21:12.854 623 623 I sysui_multi_action: [757,198,758,2,759,3,1359,818,1695,2]
05-15 18:21:12.857 623 623 I power_screen_state: [0,3,0,0,818]
05-15 18:21:12.857 623 623 I screen_toggled: 0
05-15 18:21:12.857 623 623 I sysui_multi_action: [757,804,799,screen_timeout,801,15,802,1]
05-15 18:21:12.859 623 623 I sysui_multi_action: [757,1594,758,4,759,-2147483648,1359,10087]
05-15 18:21:12.860 623 623 I power_screen_broadcast_send: 1
05-15 18:21:12.879 623 3014 I sysui_multi_action: [757,128,758,2,793,11761674,794,10770,795,11761674,796,1111,798,3,806,com.ebensz.email,857,100,858,2,947,0,1395,4,1500,11761674,1688,4,1689,2,1690,1]
05-15 18:21:12.879 623 3014 I notification_visibility: [0|com.ebensz.email|1111|null|10072,0,11761674,11761674,0,3]
05-15 18:21:12.879 623 3014 I sysui_multi_action: [757,128,758,2,793,11905002,794,10770,795,11905002,796,55,798,1,806,android,857,DEVELOPER,858,2,947,0,1395,4,1500,10770,1688,1]
05-15 18:21:12.879 623 3014 I notification_visibility: [-1|android|55|null|1000,0,11905002,11905002,0,1]
05-15 18:21:12.880 623 3014 I sysui_multi_action: [757,128,758,2,793,11752709,794,10770,795,11752709,796,1009,798,0,806,cn.eben.sync,857,CloudService,858,2,947,0,1395,4,1500,10770,1688,1]
05-15 18:21:12.880 623 3014 I notification_visibility: [0|cn.eben.sync|1009|null|10064,0,11752709,11752709,0,0]
05-15 18:21:12.880 623 3014 I sysui_multi_action: [757,128,758,2,793,2843984,794,10770,795,577,796,2131755453,798,2,806,com.baidu.appsearch,857,手机管理、安全检测相关通知,858,2,947,0,1395,4,1500,577,1688,1]
05-15 18:21:12.880 623 3014 I notification_visibility: [0|com.baidu.appsearch|2131755453|null|10100,0,2843984,577,0,2]
05-15 18:21:12.882 623 638 I sysui_multi_action: [757,127,758,2]
05-15 18:21:12.882 623 638 I notification_panel_hidden:
05-15 18:21:12.890 623 623 I battery_saving_stats: [0,1,0,10631,0,0,3462020,0,0]
05-15 18:21:12.950 623 623 I power_screen_broadcast_done: [0,90,1]
05-15 18:21:25.630 23958 23958 I auditd : type=1400 audit(0.0:4810): avc: denied { open } for comm="CrashSDKBkgdHan" path="/proc/stat" dev="proc" ino=4026532228 scontext=u:r:untrusted_app:s0:c102,c256,c512,c768 tcontext=u:object_r:proc_stat:s0 tclass=file permissive=1 app=com.taobao.taobao
05-15 18:21:25.668 623 664 I sysui_multi_action: [757,1696,758,6,759,3]
05-15 18:21:25.670 623 623 I screen_toggled: 1
05-15 18:21:25.670 623 623 I power_screen_broadcast_send: 1
05-15 18:21:25.739 623 8013 I sysui_multi_action: [757,127,758,1]
05-15 18:21:25.739 623 8013 I sysui_multi_action: [757,804,799,note_load,801,4,802,1]
05-15 18:21:25.739 623 8013 I notification_panel_revealed: 4
05-15 18:21:25.741 623 8013 I sysui_multi_action: [757,128,758,1,793,11774536,794,0,795,11774536,796,1111,798,3,806,com.ebensz.email,857,100,858,2,947,0,1395,4,1500,11774536,1688,4,1689,2,1690,1]
05-15 18:21:25.741 623 8013 I sysui_multi_action: [757,804,799,note_freshness,801,11774536,802,1]
05-15 18:21:25.742 623 8013 I notification_visibility: [0|com.ebensz.email|1111|null|10072,1,11774536,11774536,0,3]
05-15 18:21:25.742 623 8013 I sysui_multi_action: [757,128,758,1,793,11917865,794,0,795,11917865,796,55,798,1,806,android,857,DEVELOPER,858,2,947,0,1395,4,1500,23633,1688,1]
05-15 18:21:25.742 623 8013 I sysui_multi_action: [757,1501,758,1,793,11917865,794,0,795,11917865,796,55,806,android,857,DEVELOPER,858,2,947,0,1500,0,1688,1]
05-15 18:21:25.742 623 8013 I sysui_multi_action: [757,804,799,note_interruptive,801,0,802,1]
05-15 18:21:25.742 623 8013 I sysui_multi_action: [757,804,799,note_freshness,801,11917865,802,1]
05-15 18:21:25.742 623 8013 I notification_visibility: [-1|android|55|null|1000,1,11917865,11917865,0,1]
05-15 18:21:25.742 623 8013 I sysui_multi_action: [757,128,758,1,793,11765571,794,0,795,11765571,796,1009,798,0,806,cn.eben.sync,857,CloudService,858,2,947,0,1395,4,1500,23632,1688,1]
05-15 18:21:25.743 623 8013 I sysui_multi_action: [757,1501,758,1,793,11765572,794,1,795,11765572,796,1009,806,cn.eben.sync,857,CloudService,858,2,947,0,1500,0,1688,1]
05-15 18:21:25.743 623 8013 I sysui_multi_action: [757,804,799,note_interruptive,801,0,802,1]
05-15 18:21:25.743 623 8013 I sysui_multi_action: [757,804,799,note_freshness,801,11765571,802,1]
05-15 18:21:25.743 623 8013 I notification_visibility: [0|cn.eben.sync|1009|null|10064,1,11765571,11765571,0,0]
05-15 18:21:25.743 623 8013 I sysui_multi_action: [757,128,758,1,793,2856847,794,0,795,13440,796,2131755453,798,2,806,com.baidu.appsearch,857,手机管理、安全检测相关通知,858,2,947,0,1395,4,1500,13440,1688,1]
05-15 18:21:25.743 623 8013 I sysui_multi_action: [757,804,799,note_freshness,801,13440,802,1]
05-15 18:21:25.743 623 8013 I notification_visibility: [0|com.baidu.appsearch|2131755453|null|10100,1,2856847,13440,0,2]
05-15 18:21:25.761 623 730 I netstats_mobile_sample: [0,0,0,0,0,0,0,0,0,0,0,0,1747297329074]
05-15 18:21:25.761 623 730 I netstats_wifi_sample: [0,0,0,0,0,0,0,0,0,0,0,0,1747297329074]
05-15 18:21:25.981 623 623 I battery_saving_stats: [0,0,0,13091,0,0,1199080,0,0]
05-15 18:21:26.028 623 623 I notification_enqueue: [10100,10735,com.baidu.appsearch,2131755453,NULL,0,Notification(channel=手机管理、安全检测相关通知 shortcut=null contentView=null vibrate=null sound=null defaults=0x0 flags=0x62 color=0x00000000 vis=PRIVATE),1]
05-15 18:21:26.050 623 623 I power_screen_broadcast_done: [1,380,1]
05-15 18:21:26.487 623 664 I sysui_latency: [5,824]
05-15 18:21:26.489 623 623 I sysui_multi_action: [757,198,758,1,759,3,1359,824,1694,14]
05-15 18:21:26.490 623 623 I power_screen_state: [1,0,0,0,824]
05-15 18:21:28.727 18533 18533 I auditd : type=1400 audit(0.0:4811): avc: denied { read } for comm="CrashSDKBkgdHan" name="loadavg" dev="proc" ino=4026532226 scontext=u:r:untrusted_app:s0:c101,c256,c512,c768 tcontext=u:object_r:proc_loadavg:s0 tclass=file permissive=1 app=com.taobao.idlefish
05-15 18:21:28.727 18533 18533 I auditd : type=1400 audit(0.0:4812): avc: denied { open } for comm="CrashSDKBkgdHan" path="/proc/loadavg" dev="proc" ino=4026532226 scontext=u:r:untrusted_app:s0:c101,c256,c512,c768 tcontext=u:object_r:proc_loadavg:s0 tclass=file permissive=1 app=com.taobao.idlefish
05-15 18:21:28.727 18533 18533 I auditd : type=1400 audit(0.0:4813): avc: denied { open } for comm="CrashSDKBkgdHan" path="/proc/stat" dev="proc" ino=4026532228 scontext=u:r:untrusted_app:s0:c101,c256,c512,c768 tcontext=u:object_r:proc_stat:s0 tclass=file permissive=1 app=com.taobao.idlefish
05-15 18:21:31.035 623 623 I notification_enqueue: [10100,10735,com.baidu.appsearch,2131755453,NULL,0,Notification(channel=手机管理、安全检测相关通知 shortcut=null contentView=null vibrate=null sound=null defaults=0x0 flags=0x62 color=0x00000000 vis=PRIVATE),1]
05-15 18:21:31.166 623 730 I netstats_mobile_sample: [0,0,0,0,0,0,0,0,0,0,0,0,1747297334480]
05-15 18:21:31.167 623 730 I netstats_wifi_sample: [0,0,0,0,0,0,0,0,0,0,0,0,1747297334480]
05-15 18:21:31.195 623 730 I netstats_mobile_sample: [0,0,0,0,0,0,0,0,0,0,0,0,1747297334508]
05-15 18:21:31.202 623 730 I netstats_wifi_sample: [0,0,0,0,0,0,0,0,0,0,0,0,1747297334508]
05-15 18:21:31.281 623 623 I notification_cancel_all: [1000,1699,com.ebensz.appmanager,0,0,64,9,NULL]
05-15 18:21:33.668 623 664 I sysui_multi_action: [757,1696,758,6,759,2]
05-15 18:21:35.667 623 664 I power_sleep_requested: 0
05-15 18:21:35.745 623 664 I sysui_multi_action: [757,1696,758,6,759,0]
05-15 18:21:36.042 623 623 I notification_enqueue: [10100,10735,com.baidu.appsearch,2131755453,NULL,0,Notification(channel=手机管理、安全检测相关通知 shortcut=null contentView=null vibrate=null sound=null defaults=0x0 flags=0x62 color=0x00000000 vis=PRIVATE),1]
05-15 18:21:36.513 623 623 I sysui_multi_action: [757,198,758,2,759,3,1359,845,1695,2]
05-15 18:21:36.514 623 623 I power_screen_state: [0,3,0,0,845]
05-15 18:21:36.514 623 623 I screen_toggled: 0
05-15 18:21:36.514 623 623 I sysui_multi_action: [757,804,799,screen_timeout,801,15,802,1]
05-15 18:21:36.515 623 623 I sysui_multi_action: [757,1594,758,4,759,-2147483648,1359,10025]
05-15 18:21:36.515 623 623 I power_screen_broadcast_send: 1
05-15 18:21:36.533 623 680 I sysui_multi_action: [757,128,758,2,793,11785328,794,10792,795,11785328,796,1111,798,3,806,com.ebensz.email,857,100,858,2,947,0,1395,4,1500,11785328,1688,4,1689,2,1690,1]
05-15 18:21:36.534 623 680 I notification_visibility: [0|com.ebensz.email|1111|null|10072,0,11785328,11785328,0,3]
05-15 18:21:36.534 623 680 I sysui_multi_action: [757,128,758,2,793,11928657,794,10792,795,11928657,796,55,798,1,806,android,857,DEVELOPER,858,2,947,0,1395,4,1500,10792,1688,1]
05-15 18:21:36.534 623 680 I notification_visibility: [-1|android|55|null|1000,0,11928657,11928657,0,1]
05-15 18:21:36.535 623 680 I sysui_multi_action: [757,128,758,2,793,11776363,794,10792,795,11776363,796,1009,798,0,806,cn.eben.sync,857,CloudService,858,2,947,0,1395,4,1500,10791,1688,1]
05-15 18:21:36.535 623 680 I notification_visibility: [0|cn.eben.sync|1009|null|10064,0,11776363,11776363,0,0]
05-15 18:21:36.535 623 680 I sysui_multi_action: [757,128,758,2,793,2867639,794,10792,795,497,796,2131755453,798,2,806,com.baidu.appsearch,857,手机管理、安全检测相关通知,858,2,947,0,1395,4,1500,497,1688,1]
05-15 18:21:36.535 623 680 I notification_visibility: [0|com.baidu.appsearch|2131755453|null|10100,0,2867639,497,0,2]
05-15 18:21:36.536 623 1955 I sysui_multi_action: [757,127,758,2]
05-15 18:21:36.536 623 1955 I notification_panel_hidden:
05-15 18:21:36.570 623 623 I battery_saving_stats: [0,1,0,10589,0,0,3472609,0,0]
05-15 18:21:36.615 623 623 I power_screen_broadcast_done: [0,100,1]
05-15 18:22:01.932 19153 19153 I auditd : type=1400 audit(0.0:4814): avc: denied { read } for comm="CrashSDKBkgdHan" name="loadavg" dev="proc" ino=4026532226 scontext=u:r:untrusted_app:s0:c101,c256,c512,c768 tcontext=u:object_r:proc_loadavg:s0 tclass=file permissive=1 app=com.taobao.idlefish
05-15 18:22:01.932 19153 19153 I auditd : type=1400 audit(0.0:4815): avc: denied { open } for comm="CrashSDKBkgdHan" path="/proc/loadavg" dev="proc" ino=4026532226 scontext=u:r:untrusted_app:s0:c101,c256,c512,c768 tcontext=u:object_r:proc_loadavg:s0 tclass=file permissive=1 app=com.taobao.idlefish
05-15 18:22:01.981 623 623 I screen_toggled: 1
05-15 18:22:01.981 623 623 I power_screen_broadcast_send: 1
05-15 18:22:01.982 623 664 I sysui_multi_action: [757,1696,758,6,759,3]
05-15 18:22:02.006 623 2170 I sysui_multi_action: [757,127,758,1]
05-15 18:22:02.006 623 2170 I sysui_multi_action: [757,804,799,note_load,801,4,802,1]
05-15 18:22:02.006 623 2170 I notification_panel_revealed: 4
05-15 18:22:02.008 623 2170 I sysui_multi_action: [757,128,758,1,793,11810803,794,0,795,11810803,796,1111,798,3,806,com.ebensz.email,857,100,858,2,947,0,1395,4,1500,11810803,1688,4,1689,2,1690,1]
05-15 18:22:02.008 623 2170 I sysui_multi_action: [757,804,799,note_freshness,801,11810803,802,1]
05-15 18:22:02.008 623 2170 I notification_visibility: [0|com.ebensz.email|1111|null|10072,1,11810803,11810803,0,3]
05-15 18:22:02.008 623 2170 I sysui_multi_action: [757,128,758,1,793,11954131,794,0,795,11954131,796,55,798,1,806,android,857,DEVELOPER,858,2,947,0,1395,4,1500,36266,1688,1]
05-15 18:22:02.008 623 2170 I sysui_multi_action: [757,1501,758,1,793,11954131,794,0,795,11954131,796,55,806,android,857,DEVELOPER,858,2,947,0,1500,0,1688,1]
05-15 18:22:02.008 623 2170 I sysui_multi_action: [757,804,799,note_interruptive,801,0,802,1]
05-15 18:22:02.008 623 2170 I sysui_multi_action: [757,804,799,note_freshness,801,11954131,802,1]
05-15 18:22:02.008 623 2170 I notification_visibility: [-1|android|55|null|1000,1,11954131,11954131,0,1]
05-15 18:22:02.008 623 2170 I sysui_multi_action: [757,128,758,1,793,11801837,794,0,795,11801837,796,1009,798,0,806,cn.eben.sync,857,CloudService,858,2,947,0,1395,4,1500,36265,1688,1]
05-15 18:22:02.008 623 2170 I sysui_multi_action: [757,1501,758,1,793,11801837,794,0,795,11801837,796,1009,806,cn.eben.sync,857,CloudService,858,2,947,0,1500,0,1688,1]
05-15 18:22:02.008 623 2170 I sysui_multi_action: [757,804,799,note_interruptive,801,0,802,1]
05-15 18:22:02.009 623 2170 I sysui_multi_action: [757,804,799,note_freshness,801,11801837,802,1]
05-15 18:22:02.009 623 2170 I notification_visibility: [0|cn.eben.sync|1009|null|10064,1,11801837,11801837,0,0]
05-15 18:22:02.010 623 2170 I sysui_multi_action: [757,128,758,1,793,2893113,794,0,795,25971,796,2131755453,798,2,806,com.baidu.appsearch,857,手机管理、安全检测相关通知,858,2,947,0,1395,4,1500,25971,1688,1]
05-15 18:22:02.010 623 2170 I sysui_multi_action: [757,804,799,note_freshness,801,25971,802,1]
05-15 18:22:02.010 623 2170 I notification_visibility: [0|com.baidu.appsearch|2131755453|null|10100,1,2893113,25971,0,2]
05-15 18:22:02.052 623 730 I netstats_mobile_sample: [0,0,0,0,0,0,0,0,0,0,0,0,1747297365365]
05-15 18:22:02.052 623 730 I netstats_wifi_sample: [0,0,0,0,0,0,0,0,0,0,0,0,1747297365365]
05-15 18:22:02.295 10735 10735 I dvm_lock_sample: [com.baidu.appsearch,1,main,212,QueuedWork.java,252,void android.app.QueuedWork.processPendingWork(),-,273,void android.app.QueuedWork.processPendingWork(),42]
05-15 18:22:02.307 623 623 I battery_saving_stats: [0,0,0,25737,0,0,1224817,0,0]
05-15 18:22:02.344 623 623 I power_screen_broadcast_done: [1,364,1]
05-15 18:22:02.363 623 623 I notification_enqueue: [10100,10735,com.baidu.appsearch,2131755453,NULL,0,Notification(channel=手机管理、安全检测相关通知 shortcut=null contentView=null vibrate=null sound=null defaults=0x0 flags=0x62 color=0x00000000 vis=PRIVATE),1]
05-15 18:22:02.815 623 664 I sysui_latency: [5,838]
05-15 18:22:02.815 623 623 I sysui_multi_action: [757,198,758,1,759,3,1359,838,1694,14]
05-15 18:22:02.815 623 623 I power_screen_state: [1,0,0,0,838]
05-15 18:22:07.204 623 730 I netstats_mobile_sample: [0,0,0,0,0,0,0,0,0,0,0,0,1747297370517]
05-15 18:22:07.204 623 730 I netstats_wifi_sample: [0,0,0,0,0,0,0,0,0,0,0,0,1747297370517]
05-15 18:22:07.272 623 730 I netstats_mobile_sample: [0,0,0,0,0,0,0,0,0,0,0,0,1747297370586]
05-15 18:22:07.272 623 730 I netstats_wifi_sample: [0,0,0,0,0,0,0,0,0,0,0,0,1747297370586]
05-15 18:22:07.334 623 623 I notification_cancel_all: [1000,1699,com.ebensz.appmanager,0,0,64,9,NULL]
05-15 18:22:07.366 623 623 I notification_enqueue: [10100,10735,com.baidu.appsearch,2131755453,NULL,0,Notification(channel=手机管理、安全检测相关通知 shortcut=null contentView=null vibrate=null sound=null defaults=0x0 flags=0x62 color=0x00000000 vis=PRIVATE),1]
05-15 18:22:07.519 623 689 I service_manager_stats: [100,62,58271]
05-15 18:22:09.825 27049 27049 I auditd : type=1400 audit(0.0:4816): avc: denied { read } for comm="NativeThread" name="unix" dev="proc" ino=4026532255 scontext=u:r:untrusted_app:s0:c102,c256,c512,c768 tcontext=u:object_r:proc_net:s0 tclass=file permissive=1 app=com.taobao.taobao
05-15 18:22:09.825 27049 27049 I auditd : type=1400 audit(0.0:4817): avc: denied { open } for comm="NativeThread" path="/proc/27049/net/unix" dev="proc" ino=4026532255 scontext=u:r:untrusted_app:s0:c102,c256,c512,c768 tcontext=u:object_r:proc_net:s0 tclass=file permissive=1 app=com.taobao.taobao
05-15 18:22:09.982 623 664 I sysui_multi_action: [757,1696,758,6,759,2]
05-15 18:22:11.980 623 664 I power_sleep_requested: 0
05-15 18:22:12.045 623 664 I sysui_multi_action: [757,1696,758,6,759,0]
05-15 18:22:12.378 623 623 I notification_enqueue: [10100,10735,com.baidu.appsearch,2131755453,NULL,0,Notification(channel=手机管理、安全检测相关通知 shortcut=null contentView=null vibrate=null sound=null defaults=0x0 flags=0x62 color=0x00000000 vis=PRIVATE),1]
05-15 18:22:12.762 623 623 I sysui_multi_action: [757,198,758,2,759,3,1359,784,1695,2]
05-15 18:22:12.762 623 623 I power_screen_state: [0,3,0,0,784]
05-15 18:22:12.762 623 623 I screen_toggled: 0
05-15 18:22:12.762 623 623 I sysui_multi_action: [757,804,799,screen_timeout,801,15,802,1]
05-15 18:22:12.763 623 623 I sysui_multi_action: [757,1594,758,4,759,-2147483648,1359,9947]
05-15 18:22:12.763 623 623 I power_screen_broadcast_send: 1
05-15 18:22:12.773 623 3030 I sysui_multi_action: [757,128,758,2,793,11821568,794,10765,795,11821568,796,1111,798,3,806,com.ebensz.email,857,100,858,2,947,0,1395,4,1500,11821568,1688,4,1689,2,1690,1]
05-15 18:22:12.774 623 3030 I notification_visibility: [0|com.ebensz.email|1111|null|10072,0,11821568,11821568,0,3]
05-15 18:22:12.774 623 3030 I sysui_multi_action: [757,128,758,2,793,11964897,794,10766,795,11964897,796,55,798,1,806,android,857,DEVELOPER,858,2,947,0,1395,4,1500,10766,1688,1]
05-15 18:22:12.774 623 3030 I notification_visibility: [-1|android|55|null|1000,0,11964897,11964897,0,1]
05-15 18:22:12.774 623 3030 I sysui_multi_action: [757,128,758,2,793,11812603,794,10766,795,11812603,796,1009,798,0,806,cn.eben.sync,857,CloudService,858,2,947,0,1395,4,1500,10766,1688,1]
05-15 18:22:12.774 623 3030 I notification_visibility: [0|cn.eben.sync|1009|null|10064,0,11812603,11812603,0,0]
05-15 18:22:12.775 623 3030 I sysui_multi_action: [757,128,758,2,793,2903879,794,10766,795,400,796,2131755453,798,2,806,com.baidu.appsearch,857,手机管理、安全检测相关通知,858,2,947,0,1395,4,1500,400,1688,1]
05-15 18:22:12.775 623 3030 I notification_visibility: [0|com.baidu.appsearch|2131755453|null|10100,0,2903879,400,0,2]
05-15 18:22:12.775 623 3030 I sysui_multi_action: [757,127,758,2]
05-15 18:22:12.775 623 3030 I notification_panel_hidden:
05-15 18:22:12.781 623 623 I battery_saving_stats: [0,1,0,10474,0,0,3483083,0,0]
05-15 18:22:12.807 623 623 I power_screen_broadcast_done: [0,44,1]
05-15 18:23:01.949 623 623 I dvm_lock_sample: [system_server,1,main,8,JobSchedulerService.java,1986,void com.android.server.job.JobSchedulerService$JobHandler.handleMessage(android.os.Message),QuotaController.java,793,boolean com.android.server.job.controllers.QuotaController.isUidInForeground(int),1]
05-15 18:23:01.974 623 664 I sysui_multi_action: [757,1696,758,6,759,3]
05-15 18:23:01.974 623 623 I screen_toggled: 1
05-15 18:23:01.974 623 623 I power_screen_broadcast_send: 1
05-15 18:23:02.012 623 680 I sysui_multi_action: [757,127,758,1]
05-15 18:23:02.012 623 680 I sysui_multi_action: [757,804,799,note_load,801,4,802,1]
05-15 18:23:02.012 623 680 I notification_panel_revealed: 4
05-15 18:23:02.013 623 680 I sysui_multi_action: [757,128,758,1,793,11870807,794,0,795,11870807,796,1111,798,3,806,com.ebensz.email,857,100,858,2,947,0,1395,4,1500,11870807,1688,4,1689,2,1690,1]
05-15 18:23:02.013 623 680 I sysui_multi_action: [757,804,799,note_freshness,801,11870807,802,1]
05-15 18:23:02.013 623 680 I notification_visibility: [0|com.ebensz.email|1111|null|10072,1,11870807,11870807,0,3]
05-15 18:23:02.013 623 680 I sysui_multi_action: [757,128,758,1,793,12014136,794,0,795,12014136,796,55,798,1,806,android,857,DEVELOPER,858,2,947,0,1395,4,1500,60005,1688,1]
05-15 18:23:02.013 623 680 I sysui_multi_action: [757,1501,758,1,793,12014136,794,0,795,12014136,796,55,806,android,857,DEVELOPER,858,2,947,0,1500,0,1688,1]
05-15 18:23:02.013 623 680 I sysui_multi_action: [757,804,799,note_interruptive,801,0,802,1]
05-15 18:23:02.013 623 680 I sysui_multi_action: [757,804,799,note_freshness,801,12014136,802,1]
05-15 18:23:02.013 623 680 I notification_visibility: [-1|android|55|null|1000,1,12014136,12014136,0,1]
05-15 18:23:02.013 623 680 I sysui_multi_action: [757,128,758,1,793,11861842,794,0,795,11861842,796,1009,798,0,806,cn.eben.sync,857,CloudService,858,2,947,0,1395,4,1500,60005,1688,1]
05-15 18:23:02.013 623 680 I sysui_multi_action: [757,1501,758,1,793,11861842,794,0,795,11861842,796,1009,806,cn.eben.sync,857,CloudService,858,2,947,0,1500,0,1688,1]
05-15 18:23:02.013 623 680 I sysui_multi_action: [757,804,799,note_interruptive,801,0,802,1]
05-15 18:23:02.013 623 680 I sysui_multi_action: [757,804,799,note_freshness,801,11861842,802,1]
05-15 18:23:02.014 623 680 I notification_visibility: [0|cn.eben.sync|1009|null|10064,1,11861842,11861842,0,0]
05-15 18:23:02.014 623 680 I sysui_multi_action: [757,128,758,1,793,2953118,794,0,795,49639,796,2131755453,798,2,806,com.baidu.appsearch,857,手机管理、安全检测相关通知,858,2,947,0,1395,4,1500,49639,1688,1]
05-15 18:23:02.014 623 680 I sysui_multi_action: [757,804,799,note_freshness,801,49639,802,1]
05-15 18:23:02.014 623 680 I notification_visibility: [0|com.baidu.appsearch|2131755453|null|10100,1,2953118,49639,0,2]
05-15 18:23:02.051 623 730 I netstats_mobile_sample: [0,0,0,0,0,0,0,0,0,0,0,0,1747297425364]
05-15 18:23:02.051 623 730 I netstats_wifi_sample: [0,0,0,0,0,0,0,0,0,0,0,0,1747297425364]
05-15 18:23:02.322 623 623 I battery_saving_stats: [0,0,0,49542,0,0,1274359,0,0]
05-15 18:23:02.361 623 623 I notification_enqueue: [10100,10735,com.baidu.appsearch,2131755453,NULL,0,Notification(channel=手机管理、安全检测相关通知 shortcut=null contentView=null vibrate=null sound=null defaults=0x0 flags=0x62 color=0x00000000 vis=PRIVATE),1]
05-15 18:23:02.375 623 623 I power_screen_broadcast_done: [1,401,1]
05-15 18:23:02.839 623 664 I sysui_latency: [5,868]
05-15 18:23:02.839 623 623 I sysui_multi_action: [757,198,758,1,759,3,1359,869,1694,14]
05-15 18:23:02.840 623 623 I power_screen_state: [1,0,0,0,869]
05-15 18:23:07.199 623 730 I netstats_mobile_sample: [0,0,0,0,0,0,0,0,0,0,0,0,1747297430513]
05-15 18:23:07.200 623 730 I netstats_wifi_sample: [0,0,0,0,0,0,0,0,0,0,0,0,1747297430513]
05-15 18:23:07.248 623 730 I netstats_mobile_sample: [0,0,0,0,0,0,0,0,0,0,0,0,1747297430561]
05-15 18:23:07.248 623 730 I netstats_wifi_sample: [0,0,0,0,0,0,0,0,0,0,0,0,1747297430561]
05-15 18:23:07.295 623 637 I dvm_lock_sample: [system_server,0,Binder:623_1,6,ActivityManagerService.java,12087,void com.android.server.am.ActivityManagerService.serviceDoneExecuting(android.os.IBinder, int, int, int),-,11897,android.content.ComponentName com.android.server.am.ActivityManagerService.startService(android.app.IApplicationThread, android.content.Intent, java.lang.String, boolean, java.lang.String, java.lang.String, int),1]
05-15 18:23:07.336 623 623 I notification_cancel_all: [1000,1699,com.ebensz.appmanager,0,0,64,9,NULL]
05-15 18:23:07.362 623 623 I notification_enqueue: [10100,10735,com.baidu.appsearch,2131755453,NULL,0,Notification(channel=手机管理、安全检测相关通知 shortcut=null contentView=null vibrate=null sound=null defaults=0x0 flags=0x62 color=0x00000000 vis=PRIVATE),1]
05-15 18:23:09.976 623 664 I sysui_multi_action: [757,1696,758,6,759,2]
05-15 18:23:11.974 623 664 I power_sleep_requested: 0
05-15 18:23:12.059 623 664 I sysui_multi_action: [757,1696,758,6,759,0]
05-15 18:23:12.370 623 623 I notification_enqueue: [10100,10735,com.baidu.appsearch,2131755453,NULL,0,Notification(channel=手机管理、安全检测相关通知 shortcut=null contentView=null vibrate=null sound=null defaults=0x0 flags=0x62 color=0x00000000 vis=PRIVATE),1]
05-15 18:23:12.816 623 623 I sysui_multi_action: [757,198,758,2,759,3,1359,842,1695,2]
05-15 18:23:12.817 623 623 I power_screen_state: [0,3,0,0,842]
05-15 18:23:12.817 623 623 I screen_toggled: 0
05-15 18:23:12.817 623 623 I sysui_multi_action: [757,804,799,screen_timeout,801,15,802,1]
05-15 18:23:12.818 623 623 I sysui_multi_action: [757,1594,758,4,759,-2147483648,1359,9978]
05-15 18:23:12.818 623 623 I power_screen_broadcast_send: 1
05-15 18:23:12.837 623 6545 I sysui_multi_action: [757,128,758,2,793,11881632,794,10825,795,11881632,796,1111,798,3,806,com.ebensz.email,857,100,858,2,947,0,1395,4,1500,11881632,1688,4,1689,2,1690,1]
05-15 18:23:12.837 623 6545 I notification_visibility: [0|com.ebensz.email|1111|null|10072,0,11881632,11881632,0,3]
05-15 18:23:12.837 623 6545 I sysui_multi_action: [757,128,758,2,793,12024960,794,10824,795,12024960,796,55,798,1,806,android,857,DEVELOPER,858,2,947,0,1395,4,1500,10824,1688,1]
05-15 18:23:12.838 623 6545 I notification_visibility: [-1|android|55|null|1000,0,12024960,12024960,0,1]
05-15 18:23:12.838 623 6545 I sysui_multi_action: [757,128,758,2,793,11872667,794,10825,795,11872667,796,1009,798,0,806,cn.eben.sync,857,CloudService,858,2,947,0,1395,4,1500,10825,1688,1]
05-15 18:23:12.838 623 6545 I notification_visibility: [0|cn.eben.sync|1009|null|10064,0,11872667,11872667,0,0]
05-15 18:23:12.838 623 6545 I sysui_multi_action: [757,128,758,2,793,2963942,794,10824,795,472,796,2131755453,798,2,806,com.baidu.appsearch,857,手机管理、安全检测相关通知,858,2,947,0,1395,4,1500,472,1688,1]
05-15 18:23:12.838 623 6545 I notification_visibility: [0|com.baidu.appsearch|2131755453|null|10100,0,2963942,472,0,2]
05-15 18:23:12.839 623 6545 I sysui_multi_action: [757,127,758,2]
05-15 18:23:12.839 623 6545 I notification_panel_hidden:
05-15 18:23:12.863 623 623 I battery_saving_stats: [0,1,0,10540,0,0,3493623,0,0]
05-15 18:23:12.925 623 623 I power_screen_broadcast_done: [0,106,1]
05-15 18:24:02.068 27049 27049 I auditd : type=1400 audit(0.0:4818): avc: denied { read } for comm="CrashSDKBkgdHan" name="loadavg" dev="proc" ino=4026532226 scontext=u:r:untrusted_app:s0:c102,c256,c512,c768 tcontext=u:object_r:proc_loadavg:s0 tclass=file permissive=1 app=com.taobao.taobao
05-15 18:24:02.068 27049 27049 I auditd : type=1400 audit(0.0:4819): avc: denied { open } for comm="CrashSDKBkgdHan" path="/proc/loadavg" dev="proc" ino=4026532226 scontext=u:r:untrusted_app:s0:c102,c256,c512,c768 tcontext=u:object_r:proc_loadavg:s0 tclass=file permissive=1 app=com.taobao.taobao
05-15 18:24:02.068 27049 27049 I auditd : type=1400 audit(0.0:4820): avc: denied { open } for comm="CrashSDKBkgdHan" path="/proc/stat" dev="proc" ino=4026532228 scontext=u:r:untrusted_app:s0:c102,c256,c512,c768 tcontext=u:object_r:proc_stat:s0 tclass=file permissive=1 app=com.taobao.taobao
05-15 18:24:02.107 623 623 I screen_toggled: 1
05-15 18:24:02.107 623 623 I power_screen_broadcast_send: 1
05-15 18:24:02.107 623 664 I sysui_multi_action: [757,1696,758,6,759,3]
05-15 18:24:02.160 623 1955 I sysui_multi_action: [757,127,758,1]
05-15 18:24:02.160 623 1955 I sysui_multi_action: [757,804,799,note_load,801,4,802,1]
05-15 18:24:02.160 623 1955 I notification_panel_revealed: 4
05-15 18:24:02.163 623 637 I sysui_multi_action: [757,128,758,1,793,11930958,794,0,795,11930958,796,1111,798,3,806,com.ebensz.email,857,100,858,2,947,0,1395,4,1500,11930958,1688,4,1689,2,1690,1]
05-15 18:24:02.163 623 637 I sysui_multi_action: [757,804,799,note_freshness,801,11930958,802,1]
05-15 18:24:02.163 623 637 I notification_visibility: [0|com.ebensz.email|1111|null|10072,1,11930958,11930958,0,3]
05-15 18:24:02.163 623 637 I sysui_multi_action: [757,128,758,1,793,12074286,794,0,795,12074286,796,55,798,1,806,android,857,DEVELOPER,858,2,947,0,1395,4,1500,60150,1688,1]
05-15 18:24:02.164 623 637 I sysui_multi_action: [757,1501,758,1,793,12074287,794,1,795,12074287,796,55,806,android,857,DEVELOPER,858,2,947,0,1500,0,1688,1]
05-15 18:24:02.164 623 637 I sysui_multi_action: [757,804,799,note_interruptive,801,0,802,1]
05-15 18:24:02.164 623 637 I sysui_multi_action: [757,804,799,note_freshness,801,12074286,802,1]
05-15 18:24:02.164 623 637 I notification_visibility: [-1|android|55|null|1000,1,12074286,12074286,0,1]
05-15 18:24:02.164 623 637 I sysui_multi_action: [757,128,758,1,793,11921993,794,0,795,11921993,796,1009,798,0,806,cn.eben.sync,857,CloudService,858,2,947,0,1395,4,1500,60151,1688,1]
05-15 18:24:02.164 623 637 I sysui_multi_action: [757,1501,758,1,793,11921993,794,0,795,11921993,796,1009,806,cn.eben.sync,857,CloudService,858,2,947,0,1500,0,1688,1]
05-15 18:24:02.164 623 637 I sysui_multi_action: [757,804,799,note_interruptive,801,0,802,1]
05-15 18:24:02.164 623 637 I sysui_multi_action: [757,804,799,note_freshness,801,11921993,802,1]
05-15 18:24:02.164 623 637 I notification_visibility: [0|cn.eben.sync|1009|null|10064,1,11921993,11921993,0,0]
05-15 18:24:02.164 623 637 I sysui_multi_action: [757,128,758,1,793,3013268,794,0,795,49798,796,2131755453,798,2,806,com.baidu.appsearch,857,手机管理、安全检测相关通知,858,2,947,0,1395,4,1500,49798,1688,1]
05-15 18:24:02.164 623 637 I sysui_multi_action: [757,804,799,note_freshness,801,49798,802,1]
05-15 18:24:02.164 623 637 I notification_visibility: [0|com.baidu.appsearch|2131755453|null|10100,1,3013268,49798,0,2]
05-15 18:24:02.181 623 730 I netstats_mobile_sample: [0,0,0,0,0,0,0,0,0,0,0,0,1747297485494]
05-15 18:24:02.181 623 730 I netstats_wifi_sample: [0,0,0,0,0,0,0,0,0,0,0,0,1747297485494]
05-15 18:24:02.471 623 623 I battery_saving_stats: [0,0,0,49608,0,0,1323967,0,0]
05-15 18:24:02.500 623 623 I notification_enqueue: [10100,10735,com.baidu.appsearch,2131755453,NULL,0,Notification(channel=手机管理、安全检测相关通知 shortcut=null contentView=null vibrate=null sound=null defaults=0x0 flags=0x62 color=0x00000000 vis=PRIVATE),1]
05-15 18:24:02.507 623 623 I power_screen_broadcast_done: [1,400,1]
05-15 18:24:02.996 623 664 I sysui_latency: [5,892]
05-15 18:24:02.998 623 623 I sysui_multi_action: [757,198,758,1,759,3,1359,893,1694,14]
05-15 18:24:02.998 623 623 I power_screen_state: [1,0,0,0,893]
05-15 18:24:05.735 27049 27049 I auditd : type=1400 audit(0.0:4821): avc: denied { read } for comm="NativeThread" name="unix" dev="proc" ino=4026532255 scontext=u:r:untrusted_app:s0:c102,c256,c512,c768 tcontext=u:object_r:proc_net:s0 tclass=file permissive=1 app=com.taobao.taobao
05-15 18:24:05.735 27049 27049 I auditd : type=1400 audit(0.0:4822): avc: denied { open } for comm="NativeThread" path="/proc/27049/net/unix" dev="proc" ino=4026532255 scontext=u:r:untrusted_app:s0:c102,c256,c512,c768 tcontext=u:object_r:proc_net:s0 tclass=file permissive=1 app=com.taobao.taobao
05-15 18:24:07.420 623 730 I netstats_mobile_sample: [0,0,0,0,0,0,0,0,0,0,0,0,1747297490733]
05-15 18:24:07.421 623 730 I netstats_wifi_sample: [0,0,0,0,0,0,0,0,0,0,0,0,1747297490733]
05-15 18:24:07.466 623 730 I netstats_mobile_sample: [0,0,0,0,0,0,0,0,0,0,0,0,1747297490779]
05-15 18:24:07.466 623 730 I netstats_wifi_sample: [0,0,0,0,0,0,0,0,0,0,0,0,1747297490779]
05-15 18:24:07.516 623 655 I dvm_lock_sample: [system_server,0,batterystats-handler,13,MessageQueue.java,337,android.os.Message android.os.MessageQueue.next(),-,600,boolean android.os.MessageQueue.enqueueMessage(android.os.Message, long),2]
05-15 18:24:07.523 623 623 I notification_enqueue: [10100,10735,com.baidu.appsearch,2131755453,NULL,0,Notification(channel=手机管理、安全检测相关通知 shortcut=null contentView=null vibrate=null sound=null defaults=0x0 flags=0x62 color=0x00000000 vis=PRIVATE),1]
05-15 18:24:07.550 623 623 I notification_cancel_all: [1000,1699,com.ebensz.appmanager,0,0,64,9,NULL]
05-15 18:24:10.108 623 664 I sysui_multi_action: [757,1696,758,6,759,2]
05-15 18:24:12.107 623 664 I power_sleep_requested: 0
05-15 18:24:12.190 623 664 I sysui_multi_action: [757,1696,758,6,759,0]
05-15 18:24:12.492 23958 23958 I auditd : type=1400 audit(0.0:4823): avc: denied { read } for comm="CrashSDKBkgdHan" name="loadavg" dev="proc" ino=4026532226 scontext=u:r:untrusted_app:s0:c102,c256,c512,c768 tcontext=u:object_r:proc_loadavg:s0 tclass=file permissive=1 app=com.taobao.taobao
05-15 18:24:12.492 23958 23958 I auditd : type=1400 audit(0.0:4824): avc: denied { open } for comm="CrashSDKBkgdHan" path="/proc/loadavg" dev="proc" ino=4026532226 scontext=u:r:untrusted_app:s0:c102,c256,c512,c768 tcontext=u:object_r:proc_loadavg:s0 tclass=file permissive=1 app=com.taobao.taobao
