05-15 18:36:07.849 623 730 W ContextImpl: Calling a method in the system process without a qualified user: android.app.ContextImpl.sendStickyBroadcast:1567 com.android.server.ConnectivityService.sendStickyBroadcast:2811 com.android.server.ConnectivityService.sendGeneralBroadcast:2786 com.android.server.ConnectivityService.sendInetConditionBroadcast:2763 com.android.server.ConnectivityService.updateInetCondition:8451
05-15 18:36:08.002 1391 1391 W ContextImpl: Calling a method in the system process without a qualified user: android.app.ContextImpl.sendBroadcast:1181 android.content.ContextWrapper.sendBroadcast:479 cn.eben.newweather.DateWeatherService.a:19 cn.eben.newweather.DateWeatherService.a:0 cn.eben.newweather.DateWeatherService$1.handleMessage:7
05-15 18:36:08.636 2778 2778 W ContextImpl: Calling a method in the system process without a qualified user: android.app.ContextImpl.startService:1824 android.content.ContextWrapper.startService:774 com.ebensz.appmanager.service.UploadMyAppsInfoService$1.handleMessage:63 android.os.Handler.dispatchMessage:106 android.os.Looper.loopOnce:201
05-15 18:36:09.002 1391 1391 W ContextImpl: Calling a method in the system process without a qualified user: android.app.ContextImpl.sendBroadcast:1181 android.content.ContextWrapper.sendBroadcast:479 cn.eben.newweather.DateWeatherService.a:19 cn.eben.newweather.DateWeatherService.a:0 cn.eben.newweather.DateWeatherService$1.handleMessage:7
05-15 18:36:09.996 623 664 V DisplayPowerController[0]: Brightness [0.05] reason changing to: 'manual [ dim ]', previous reason: 'manual'.
05-15 18:36:09.997 623 664 I sysui_multi_action: [757,1696,758,6,759,2]
05-15 18:36:10.002 1391 1391 W ContextImpl: Calling a method in the system process without a qualified user: android.app.ContextImpl.sendBroadcast:1181 android.content.ContextWrapper.sendBroadcast:479 cn.eben.newweather.DateWeatherService.a:19 cn.eben.newweather.DateWeatherService.a:0 cn.eben.newweather.DateWeatherService$1.handleMessage:7
05-15 18:36:11.003 1391 1391 W ContextImpl: Calling a method in the system process without a qualified user: android.app.ContextImpl.sendBroadcast:1181 android.content.ContextWrapper.sendBroadcast:479 cn.eben.newweather.DateWeatherService.a:19 cn.eben.newweather.DateWeatherService.a:0 cn.eben.newweather.DateWeatherService$1.handleMessage:7
05-15 18:36:11.937 623 6545 W ContentProviderHelper: Permission Denial: opening provider com.android.providers.contacts.ContactsProvider2 from ProcessRecord{6d23060 1792:cn.eben.sync/u0a64} (pid=1792, uid=10064) requires android.permission.READ_CONTACTS or android.permission.WRITE_CONTACTS
05-15 18:36:11.993 623 664 I PowerManagerService: Powering off display group due to timeout (groupId= 0, uid= 1000)...
05-15 18:36:11.993 623 664 I PowerManagerService: Going to sleep due to timeout (uid 1000)...
05-15 18:36:11.995 623 664 I power_sleep_requested: 0
05-15 18:36:12.001 1391 1391 W ContextImpl: Calling a method in the system process without a qualified user: android.app.ContextImpl.sendBroadcast:1181 android.content.ContextWrapper.sendBroadcast:479 cn.eben.newweather.DateWeatherService.a:19 cn.eben.newweather.DateWeatherService.a:0 cn.eben.newweather.DateWeatherService$1.handleMessage:7
05-15 18:36:12.088 623 664 V DisplayPowerController[0]: Brightness [0.5472441] reason changing to: 'manual', previous reason: 'manual [ dim ]'.
05-15 18:36:12.089 623 664 I sysui_multi_action: [757,1696,758,6,759,0]
05-15 18:36:12.504 623 664 I DisplayPowerController[0]: Blocking screen off
05-15 18:36:12.505 623 664 I DisplayPowerController[0]: Unblocked screen off after 2 ms
05-15 18:36:12.530 623 664 V DisplayPowerController[0]: Brightness [0.003937008] reason changing to: 'screen_off', previous reason: 'manual'.
05-15 18:36:12.531 623 643 I DisplayDeviceRepository: Display device changed state: "内置屏幕", OFF
05-15 18:36:12.540 623 623 I notification_enqueue: [10100,10735,com.baidu.appsearch,2131755453,NULL,0,Notification(channel=手机管理、安全检测相关通知 shortcut=null contentView=null vibrate=null sound=null defaults=0x0 flags=0x62 color=0x00000000 vis=PRIVATE),1]
05-15 18:36:12.829 623 664 I PowerManagerService: Sleeping display group (groupId=0, uid=1000)...
05-15 18:36:12.829 623 664 I PowerManagerService: Sleeping (uid 1000)...
05-15 18:36:12.837 623 623 I sysui_multi_action: [757,198,758,2,759,3,1359,837,1695,2]
05-15 18:36:12.838 623 623 I power_screen_state: [0,3,0,0,837]
05-15 18:36:12.838 623 623 I screen_toggled: 0
05-15 18:36:12.838 623 623 I sysui_multi_action: [757,804,799,screen_timeout,801,15,802,1]
05-15 18:36:12.839 623 623 I sysui_multi_action: [757,1594,758,4,759,-2147483648,1359,9830]
05-15 18:36:12.839 623 623 I power_screen_broadcast_send: 1
05-15 18:36:12.858 623 1955 I sysui_multi_action: [757,128,758,2,793,12661653,794,10806,795,12661653,796,1111,798,3,806,com.ebensz.email,857,100,858,2,947,0,1395,4,1500,12661653,1688,4,1689,2,1690,1]
05-15 18:36:12.858 623 1955 I notification_visibility: [0|com.ebensz.email|1111|null|10072,0,12661653,12661653,0,3]
05-15 18:36:12.859 623 1955 I sysui_multi_action: [757,128,758,2,793,12804982,794,10806,795,12804982,796,55,798,1,806,android,857,DEVELOPER,858,2,947,0,1395,4,1500,10806,1688,1]
05-15 18:36:12.859 623 1955 I notification_visibility: [-1|android|55|null|1000,0,12804982,12804982,0,1]
05-15 18:36:12.859 623 1955 I sysui_multi_action: [757,128,758,2,793,12652688,794,10806,795,12652688,796,1009,798,0,806,cn.eben.sync,857,CloudService,858,2,947,0,1395,4,1500,10806,1688,1]
05-15 18:36:12.859 623 1955 I notification_visibility: [0|cn.eben.sync|1009|null|10064,0,12652688,12652688,0,0]
05-15 18:36:12.860 623 1955 I sysui_multi_action: [757,128,758,2,793,3743964,794,10807,795,322,796,2131755453,798,2,806,com.baidu.appsearch,857,手机管理、安全检测相关通知,858,2,947,0,1395,4,1500,322,1688,1]
05-15 18:36:12.860 623 1955 I notification_visibility: [0|com.baidu.appsearch|2131755453|null|10100,0,3743964,322,0,2]
05-15 18:36:12.861 623 1955 I sysui_multi_action: [757,127,758,2]
05-15 18:36:12.861 623 1955 I notification_panel_hidden:
05-15 18:36:12.862 623 623 I battery_saving_stats: [0,1,0,10375,0,0,3638527,0,0]
05-15 18:36:12.875 623 29878 W ActivityManager: Ignoring request to force stop protected package u0
05-15 18:36:12.907 623 623 I power_screen_broadcast_done: [0,68,1]
05-15 18:36:13.001 1391 1391 W ContextImpl: Calling a method in the system process without a qualified user: android.app.ContextImpl.sendBroadcast:1181 android.content.ContextWrapper.sendBroadcast:479 cn.eben.newweather.DateWeatherService.a:19 cn.eben.newweather.DateWeatherService.a:0 cn.eben.newweather.DateWeatherService$1.handleMessage:7
05-15 18:37:02.087 1391 1391 W ContextImpl: Calling a method in the system process without a qualified user: android.app.ContextImpl.sendBroadcast:1181 android.content.ContextWrapper.sendBroadcast:479 cn.eben.newweather.DateWeatherService.a:19 cn.eben.newweather.DateWeatherService.a:0 cn.eben.newweather.DateWeatherService$1.handleMessage:7
05-15 18:37:02.089 623 623 W Looper : Slow dispatch took 2285ms main h=android.app.ActivityThread$H c=android.app.LoadedApk$ServiceDispatcher$RunConnection@4bfc9db m=0
05-15 18:37:02.089 623 623 W Looper : Slow delivery took 2284ms main h=com.android.server.power.Notifier$NotifierHandler c=null m=7
05-15 18:37:02.089 623 664 I dvm_lock_sample: [system_server,1,PowerManagerService,2284,PowerManagerService.java,2981,void com.android.server.power.PowerManagerService.handleSandman(int),-,1433,void com.android.server.power.PowerManagerService.acquireWakeLockInternal(android.os.IBinder, int, int, java.lang.String, java.lang.String, android.os.WorkSource, java.lang.String, int, int),100]
05-15 18:37:02.098 623 623 W Looper : Drained
05-15 18:37:02.116 623 781 I PowerManagerService: Powering on display group fromAsleep (groupId=0, uid=1000, reason=WAKE_REASON_USBDEV_REMOVED, details=android.server.usb: device removed)...
05-15 18:37:02.116 623 781 I PowerManagerService: Waking up from Asleep (uid=1000, reason=WAKE_REASON_USBDEV_REMOVED, details=android.server.usb: device removed)...
05-15 18:37:02.118 623 781 D UsbHostManager: Removed device at /dev/bus/usb/003/032: USB Billboard Device
05-15 18:37:02.118 623 781 I UsbAlsaManager: USB Audio Device Removed: null
05-15 18:37:02.118 623 664 I DisplayPowerController[0]: Blocking screen on until initial contents have been drawn.
05-15 18:37:02.119 623 664 V DisplayPowerController[0]: Brightness [0.5472441] reason changing to: 'manual', previous reason: 'screen_off'.
05-15 18:37:02.119 623 664 I sysui_multi_action: [757,1696,758,6,759,3]
05-15 18:37:02.119 623 623 I screen_toggled: 1
05-15 18:37:02.119 623 623 I power_screen_broadcast_send: 1
05-15 18:37:02.122 623 643 I DisplayDeviceRepository: Display device changed state: "内置屏幕", ON
05-15 18:37:02.154 623 27902 I sysui_multi_action: [757,127,758,1]
05-15 18:37:02.154 623 27902 I sysui_multi_action: [757,804,799,note_load,801,4,802,1]
05-15 18:37:02.155 623 27902 I notification_panel_revealed: 4
05-15 18:37:02.160 623 1955 I sysui_multi_action: [757,128,758,1,793,12710955,794,0,795,12710955,796,1111,798,3,806,com.ebensz.email,857,100,858,2,947,0,1395,4,1500,12710955,1688,4,1689,2,1690,1]
05-15 18:37:02.160 623 1955 I sysui_multi_action: [757,804,799,note_freshness,801,12710955,802,1]
05-15 18:37:02.161 623 1955 I notification_visibility: [0|com.ebensz.email|1111|null|10072,1,12710955,12710955,0,3]
05-15 18:37:02.161 623 1955 I sysui_multi_action: [757,128,758,1,793,12854284,794,0,795,12854284,796,55,798,1,806,android,857,DEVELOPER,858,2,947,0,1395,4,1500,60108,1688,1]
05-15 18:37:02.161 623 1955 I sysui_multi_action: [757,1501,758,1,793,12854284,794,0,795,12854284,796,55,806,android,857,DEVELOPER,858,2,947,0,1500,0,1688,1]
05-15 18:37:02.161 623 1955 I sysui_multi_action: [757,804,799,note_interruptive,801,0,802,1]
05-15 18:37:02.161 623 1955 I sysui_multi_action: [757,804,799,note_freshness,801,12854284,802,1]
05-15 18:37:02.161 623 1955 I notification_visibility: [-1|android|55|null|1000,1,12854284,12854284,0,1]
05-15 18:37:02.161 623 1955 I sysui_multi_action: [757,128,758,1,793,12701990,794,0,795,12701990,796,1009,798,0,806,cn.eben.sync,857,CloudService,858,2,947,0,1395,4,1500,60108,1688,1]
05-15 18:37:02.161 623 1955 I sysui_multi_action: [757,1501,758,1,793,12701990,794,0,795,12701990,796,1009,806,cn.eben.sync,857,CloudService,858,2,947,0,1500,0,1688,1]
05-15 18:37:02.161 623 1955 I sysui_multi_action: [757,804,799,note_interruptive,801,0,802,1]
05-15 18:37:02.161 623 1955 I sysui_multi_action: [757,804,799,note_freshness,801,12701990,802,1]
05-15 18:37:02.161 623 1955 I notification_visibility: [0|cn.eben.sync|1009|null|10064,1,12701990,12701990,0,0]
05-15 18:37:02.161 623 1955 I sysui_multi_action: [757,128,758,1,793,3793265,794,0,795,49623,796,2131755453,798,2,806,com.baidu.appsearch,857,手机管理、安全检测相关通知,858,2,947,0,1395,4,1500,49623,1688,1]
05-15 18:37:02.161 623 1955 I sysui_multi_action: [757,804,799,note_freshness,801,49623,802,1]
05-15 18:37:02.162 623 1955 I notification_visibility: [0|com.baidu.appsearch|2131755453|null|10100,1,3793265,49623,0,2]
05-15 18:37:02.183 623 664 I DisplayPowerController[0]: Unblocked screen on after 65 ms
05-15 18:37:02.193 623 730 I netstats_mobile_sample: [0,0,0,0,0,0,0,0,0,0,0,0,1747298265506]
05-15 18:37:02.193 623 730 I netstats_wifi_sample: [0,0,0,0,0,0,0,0,0,0,0,0,1747298265506]
05-15 18:37:02.199 623 730 W ContextImpl: Calling a method in the system process without a qualified user: android.app.ContextImpl.sendStickyBroadcast:1567 com.android.server.ConnectivityService.sendStickyBroadcast:2811 com.android.server.ConnectivityService.sendLegacyNetworkBroadcast:8732 com.android.server.ConnectivityService$LegacyTypeTracker.remove:1007 com.android.server.ConnectivityService$LegacyTypeTracker.remove:1024
05-15 18:37:02.206 623 649 W BroadcastQueue: Target SDK mismatch: receiver ActivityInfo{2ef51bb com.xiaomi.push.service.receivers.NetworkStatusReceiver} targets 26 but delivery restricted to [0, 23] broadcasting Intent { act=android.net.conn.CONNECTIVITY_CHANGE flg=0x4200010 (has extras) } from android (pid=623, uid=1000) to com.zhangyue.read.iReader/com.xiaomi.push.service.receivers.NetworkStatusReceiver
05-15 18:37:02.206 623 649 W BroadcastQueue: Target SDK mismatch: receiver ActivityInfo{c6ef6d8 com.xiaomi.push.service.receivers.NetworkStatusReceiver} targets 33 but delivery restricted to [0, 23] broadcasting Intent { act=android.net.conn.CONNECTIVITY_CHANGE flg=0x4200010 (has extras) } from android (pid=623, uid=1000) to com.taobao.idlefish/com.xiaomi.push.service.receivers.NetworkStatusReceiver
05-15 18:37:02.206 623 649 W BroadcastQueue: Target SDK mismatch: receiver ActivityInfo{d851a31 com.xiaomi.push.service.receivers.NetworkStatusReceiver} targets 33 but delivery restricted to [0, 23] broadcasting Intent { act=android.net.conn.CONNECTIVITY_CHANGE flg=0x4200010 (has extras) } from android (pid=623, uid=1000) to com.taobao.taobao/com.xiaomi.push.service.receivers.NetworkStatusReceiver
05-15 18:37:02.206 623 649 W BroadcastQueue: Target SDK mismatch: receiver ActivityInfo{28d4516 cn.eben.help.LoadAllReceiver} targets 28 but delivery restricted to [0, 23] broadcasting Intent { act=android.net.conn.CONNECTIVITY_CHANGE flg=0x4200010 (has extras) } from android (pid=623, uid=1000) to cn.eben.help/.LoadAllReceiver
05-15 18:37:02.206 623 649 W BroadcastQueue: Target SDK mismatch: receiver ActivityInfo{6374e97 cn.eben.android.receiver.AppSyncReceiver} targets 27 but delivery restricted to [0, 23] broadcasting Intent { act=android.net.conn.CONNECTIVITY_CHANGE flg=0x4200010 (has extras) } from android (pid=623, uid=1000) to cn.eben.sync/cn.eben.android.receiver.AppSyncReceiver
05-15 18:37:02.210 2778 2778 W ContextImpl: Calling a method in the system process without a qualified user: android.app.ContextImpl.startService:1824 android.content.ContextWrapper.startService:774 android.content.ContextWrapper.startService:774 com.ebensz.appmanager.service.UploadMyAppsInfoService.startUploadMyAppsInfoService:78 com.ebensz.appmanager.receiver.UploadMyAppsInfoReceiver.onReceive:33
05-15 18:37:02.219 623 29878 W BroadcastQueue: Target SDK mismatch: receiver ActivityInfo{90f798f com.ebensz.ota.ActionReceiver} targets 29 but delivery restricted to [0, 23] broadcasting Intent { act=android.net.conn.CONNECTIVITY_CHANGE flg=0x4200010 (has extras) } from android (pid=623, uid=1000) to com.ebensz.ota/.ActionReceiver
05-15 18:37:02.220 623 649 W BroadcastQueue: Target SDK mismatch: receiver ActivityInfo{63a841c com.taobao.accs.EventReceiver} targets 26 but delivery restricted to [0, 23] broadcasting Intent { act=android.net.conn.CONNECTIVITY_CHANGE flg=0x4200010 (has extras) } from android (pid=623, uid=1000) to com.zhangyue.read.iReader/com.taobao.accs.EventReceiver
05-15 18:37:02.220 623 649 W BroadcastQueue: Target SDK mismatch: receiver ActivityInfo{4d2f825 com.taobao.fleamarket.function.network.NetworkReceiver} targets 33 but delivery restricted to [0, 23] broadcasting Intent { act=android.net.conn.CONNECTIVITY_CHANGE flg=0x4200010 (has extras) } from android (pid=623, uid=1000) to com.taobao.idlefish/com.taobao.fleamarket.function.network.NetworkReceiver
05-15 18:37:02.259 623 781 D UsbHostManager: USB device attached: vidpid 2109:8817 mfg/product/ver/serial VIA Labs, Inc. /USB Billboard Device /0.01/0000000000000001 hasAudio/HID/Storage: false/false/false
05-15 18:37:02.261 623 781 D UsbHostManager: Added device UsbDevice[mName=/dev/bus/usb/003/033,mVendorId=8457,mProductId=34839,mClass=17,mSubclass=0,mProtocol=0,mManufacturerName=VIA Labs, Inc. ,mProductName=USB Billboard Device ,mVersion=0.01,mSerialNumberReader=com.android.server.usb.UsbSerialReader@70d1dfa, mHasAudioPlayback=false, mHasAudioCapture=false, mHasMidi=false, mHasVideoCapture=false, mHasVideoPlayback=false, mConfigurations=[
05-15 18:37:02.261 623 781 D UsbHostManager: UsbConfiguration[mId=1,mName=0000000000000001,mAttributes=160,mMaxPower=50,mInterfaces=[
05-15 18:37:02.261 623 781 D UsbHostManager: UsbInterface[mId=0,mAlternateSetting=0,mName=0000000000000001,mClass=17,mSubclass=0,mProtocol=0,mEndpoints=[]]]
05-15 18:37:02.608 623 623 W Looper : Slow dispatch took 469ms main h=android.app.ActivityThread$H c=android.app.LoadedApk$ReceiverDispatcher$Args$$ExternalSyntheticLambda0@bead923 m=0
05-15 18:37:02.609 623 623 W Looper : Slow delivery took 458ms main h=com.android.server.job.controllers.ConnectivityController$CcHandler c=null m=0
05-15 18:37:02.613 623 623 W Looper : Drained
05-15 18:37:02.614 623 623 I battery_saving_stats: [0,0,0,49752,0,0,1959206,0,0]
05-15 18:37:02.650 623 623 I notification_enqueue: [10100,10735,com.baidu.appsearch,2131755453,NULL,0,Notification(channel=手机管理、安全检测相关通知 shortcut=null contentView=null vibrate=null sound=null defaults=0x0 flags=0x62 color=0x00000000 vis=PRIVATE),1]
05-15 18:37:02.675 623 623 I power_screen_broadcast_done: [1,556,1]
05-15 18:37:03.002 1391 1391 W ContextImpl: Calling a method in the system process without a qualified user: android.app.ContextImpl.sendBroadcast:1181 android.content.ContextWrapper.sendBroadcast:479 cn.eben.newweather.DateWeatherService.a:19 cn.eben.newweather.DateWeatherService.a:0 cn.eben.newweather.DateWeatherService$1.handleMessage:7
05-15 18:37:03.113 623 664 I sysui_latency: [5,996]
05-15 18:37:03.113 623 664 W PowerManagerService: Screen on took 997 ms
05-15 18:37:03.113 623 623 I sysui_multi_action: [757,198,758,1,759,3,1359,997,1694,14]
05-15 18:37:03.113 623 623 I power_screen_state: [1,0,0,0,997]
05-15 18:37:03.255 2778 2778 W ContextImpl: Calling a method in the system process without a qualified user: android.app.ContextImpl.startService:1824 android.content.ContextWrapper.startService:774 com.ebensz.appmanager.service.UploadMyAppsInfoService$1.handleMessage:63 android.os.Handler.dispatchMessage:106 android.os.Looper.loopOnce:201
05-15 18:37:03.740 623 29878 W ContentProviderHelper: Permission Denial: opening provider com.android.providers.contacts.ContactsProvider2 from ProcessRecord{6d23060 1792:cn.eben.sync/u0a64} (pid=1792, uid=10064) requires android.permission.READ_CONTACTS or android.permission.WRITE_CONTACTS
05-15 18:37:04.003 1391 1391 W ContextImpl: Calling a method in the system process without a qualified user: android.app.ContextImpl.sendBroadcast:1181 android.content.ContextWrapper.sendBroadcast:479 cn.eben.newweather.DateWeatherService.a:19 cn.eben.newweather.DateWeatherService.a:0 cn.eben.newweather.DateWeatherService$1.handleMessage:7
05-15 18:37:04.686 27049 27049 I auditd : type=1400 audit(0.0:4883): avc: denied { read } for comm="NativeThread" name="unix" dev="proc" ino=4026532255 scontext=u:r:untrusted_app:s0:c102,c256,c512,c768 tcontext=u:object_r:proc_net:s0 tclass=file permissive=1 app=com.taobao.taobao
05-15 18:37:04.686 27049 27049 I auditd : type=1400 audit(0.0:4884): avc: denied { open } for comm="NativeThread" path="/proc/27049/net/unix" dev="proc" ino=4026532255 scontext=u:r:untrusted_app:s0:c102,c256,c512,c768 tcontext=u:object_r:proc_net:s0 tclass=file permissive=1 app=com.taobao.taobao
05-15 18:37:05.002 1391 1391 W ContextImpl: Calling a method in the system process without a qualified user: android.app.ContextImpl.sendBroadcast:1181 android.content.ContextWrapper.sendBroadcast:479 cn.eben.newweather.DateWeatherService.a:19 cn.eben.newweather.DateWeatherService.a:0 cn.eben.newweather.DateWeatherService$1.handleMessage:7
05-15 18:37:06.002 1391 1391 W ContextImpl: Calling a method in the system process without a qualified user: android.app.ContextImpl.sendBroadcast:1181 android.content.ContextWrapper.sendBroadcast:479 cn.eben.newweather.DateWeatherService.a:19 cn.eben.newweather.DateWeatherService.a:0 cn.eben.newweather.DateWeatherService$1.handleMessage:7
05-15 18:37:07.002 1391 1391 W ContextImpl: Calling a method in the system process without a qualified user: android.app.ContextImpl.sendBroadcast:1181 android.content.ContextWrapper.sendBroadcast:479 cn.eben.newweather.DateWeatherService.a:19 cn.eben.newweather.DateWeatherService.a:0 cn.eben.newweather.DateWeatherService$1.handleMessage:7
05-15 18:37:07.277 623 730 I netstats_mobile_sample: [0,0,0,0,0,0,0,0,0,0,0,0,1747298270590]
05-15 18:37:07.277 623 730 I netstats_wifi_sample: [0,0,0,0,0,0,0,0,0,0,0,0,1747298270590]
05-15 18:37:07.315 623 730 I netstats_mobile_sample: [0,0,0,0,0,0,0,0,0,0,0,0,1747298270628]
05-15 18:37:07.315 623 730 I netstats_wifi_sample: [0,0,0,0,0,0,0,0,0,0,0,0,1747298270628]
05-15 18:37:07.317 623 721 I service_manager_stats: [100,85,74890]
05-15 18:37:07.335 623 730 W ContextImpl: Calling a method in the system process without a qualified user: android.app.ContextImpl.sendStickyBroadcast:1567 com.android.server.ConnectivityService.sendStickyBroadcast:2811 com.android.server.ConnectivityService.sendGeneralBroadcast:2786 com.android.server.ConnectivityService.sendConnectedBroadcast:2759 com.android.server.ConnectivityService.sendLegacyNetworkBroadcast:8704
05-15 18:37:07.352 623 721 I service_manager_slow: [11,alarm]
05-15 18:37:07.361 623 649 W BroadcastQueue: Target SDK mismatch: receiver ActivityInfo{f911936 com.xiaomi.push.service.receivers.NetworkStatusReceiver} targets 26 but delivery restricted to [0, 23] broadcasting Intent { act=android.net.conn.CONNECTIVITY_CHANGE flg=0x4200010 (has extras) } from android (pid=623, uid=1000) to com.zhangyue.read.iReader/com.xiaomi.push.service.receivers.NetworkStatusReceiver
05-15 18:37:07.368 623 649 W BroadcastQueue: Target SDK mismatch: receiver ActivityInfo{5cd92c2 com.xiaomi.push.service.receivers.NetworkStatusReceiver} targets 33 but delivery restricted to [0, 23] broadcasting Intent { act=android.net.conn.CONNECTIVITY_CHANGE flg=0x4200010 (has extras) } from android (pid=623, uid=1000) to com.taobao.idlefish/com.xiaomi.push.service.receivers.NetworkStatusReceiver
05-15 18:37:07.368 623 649 W BroadcastQueue: Target SDK mismatch: receiver ActivityInfo{f4ac8d3 com.xiaomi.push.service.receivers.NetworkStatusReceiver} targets 33 but delivery restricted to [0, 23] broadcasting Intent { act=android.net.conn.CONNECTIVITY_CHANGE flg=0x4200010 (has extras) } from android (pid=623, uid=1000) to com.taobao.taobao/com.xiaomi.push.service.receivers.NetworkStatusReceiver
05-15 18:37:07.368 623 649 W BroadcastQueue: Target SDK mismatch: receiver ActivityInfo{239fc10 cn.eben.help.LoadAllReceiver} targets 28 but delivery restricted to [0, 23] broadcasting Intent { act=android.net.conn.CONNECTIVITY_CHANGE flg=0x4200010 (has extras) } from android (pid=623, uid=1000) to cn.eben.help/.LoadAllReceiver
05-15 18:37:07.368 623 649 W BroadcastQueue: Target SDK mismatch: receiver ActivityInfo{1dd6309 cn.eben.android.receiver.AppSyncReceiver} targets 27 but delivery restricted to [0, 23] broadcasting Intent { act=android.net.conn.CONNECTIVITY_CHANGE flg=0x4200010 (has extras) } from android (pid=623, uid=1000) to cn.eben.sync/cn.eben.android.receiver.AppSyncReceiver
05-15 18:37:07.374 2778 2778 W ContextImpl: Calling a method in the system process without a qualified user: android.app.ContextImpl.startService:1824 android.content.ContextWrapper.startService:774 android.content.ContextWrapper.startService:774 com.ebensz.appmanager.service.UploadMyAppsInfoService.startUploadMyAppsInfoService:78 com.ebensz.appmanager.receiver.UploadMyAppsInfoReceiver.onReceive:33
05-15 18:37:07.381 1699 1699 W ContextImpl: Calling a method in the system process without a qualified user: android.app.ContextImpl.startService:1824 android.content.ContextWrapper.startService:774 android.content.ContextWrapper.startService:774 com.ebensz.appmanager.mydownloadmanager.DownloadReceiver.startService:245 com.ebensz.appmanager.mydownloadmanager.DownloadReceiver.onReceive:74
05-15 18:37:07.382 18533 32635 W FileUtils: Failed to chmod(/data/user/0/com.taobao.idlefish/shared_prefs/com_transp_sf.xml): android.system.ErrnoException: chmod failed: ENOENT (No such file or directory)
05-15 18:37:07.383 623 637 W BroadcastQueue: Target SDK mismatch: receiver ActivityInfo{5d87f4b com.ebensz.ota.ActionReceiver} targets 29 but delivery restricted to [0, 23] broadcasting Intent { act=android.net.conn.CONNECTIVITY_CHANGE flg=0x4200010 (has extras) } from android (pid=623, uid=1000) to com.ebensz.ota/.ActionReceiver
05-15 18:37:07.383 623 649 W BroadcastQueue: Target SDK mismatch: receiver ActivityInfo{2f93d28 com.taobao.accs.EventReceiver} targets 26 but delivery restricted to [0, 23] broadcasting Intent { act=android.net.conn.CONNECTIVITY_CHANGE flg=0x4200010 (has extras) } from android (pid=623, uid=1000) to com.zhangyue.read.iReader/com.taobao.accs.EventReceiver
05-15 18:37:07.384 623 649 W BroadcastQueue: Target SDK mismatch: receiver ActivityInfo{9b16a41 com.taobao.fleamarket.function.network.NetworkReceiver} targets 33 but delivery restricted to [0, 23] broadcasting Intent { act=android.net.conn.CONNECTIVITY_CHANGE flg=0x4200010 (has extras) } from android (pid=623, uid=1000) to com.taobao.idlefish/com.taobao.fleamarket.function.network.NetworkReceiver
05-15 18:37:07.384 623 623 I notification_cancel_all: [1000,1699,com.ebensz.appmanager,0,0,64,9,NULL]
05-15 18:37:07.532 623 730 W ContextImpl: Calling a method in the system process without a qualified user: android.app.ContextImpl.sendStickyBroadcast:1567 com.android.server.ConnectivityService.sendStickyBroadcast:2811 com.android.server.ConnectivityService.sendGeneralBroadcast:2786 com.android.server.ConnectivityService.sendInetConditionBroadcast:2763 com.android.server.ConnectivityService.updateInetCondition:8451
05-15 18:37:07.658 623 623 I notification_enqueue: [10100,10735,com.baidu.appsearch,2131755453,NULL,0,Notification(channel=手机管理、安全检测相关通知 shortcut=null contentView=null vibrate=null sound=null defaults=0x0 flags=0x62 color=0x00000000 vis=PRIVATE),1]
05-15 18:37:08.003 1391 1391 W ContextImpl: Calling a method in the system process without a qualified user: android.app.ContextImpl.sendBroadcast:1181 android.content.ContextWrapper.sendBroadcast:479 cn.eben.newweather.DateWeatherService.a:19 cn.eben.newweather.DateWeatherService.a:0 cn.eben.newweather.DateWeatherService$1.handleMessage:7
05-15 18:37:08.381 2778 2778 W ContextImpl: Calling a method in the system process without a qualified user: android.app.ContextImpl.startService:1824 android.content.ContextWrapper.startService:774 com.ebensz.appmanager.service.UploadMyAppsInfoService$1.handleMessage:63 android.os.Handler.dispatchMessage:106 android.os.Looper.loopOnce:201
05-15 18:37:08.745 623 29878 W ContentProviderHelper: Permission Denial: opening provider com.android.providers.contacts.ContactsProvider2 from ProcessRecord{6d23060 1792:cn.eben.sync/u0a64} (pid=1792, uid=10064) requires android.permission.READ_CONTACTS or android.permission.WRITE_CONTACTS
05-15 18:37:09.003 1391 1391 W ContextImpl: Calling a method in the system process without a qualified user: android.app.ContextImpl.sendBroadcast:1181 android.content.ContextWrapper.sendBroadcast:479 cn.eben.newweather.DateWeatherService.a:19 cn.eben.newweather.DateWeatherService.a:0 cn.eben.newweather.DateWeatherService$1.handleMessage:7
05-15 18:37:10.003 1391 1391 W ContextImpl: Calling a method in the system process without a qualified user: android.app.ContextImpl.sendBroadcast:1181 android.content.ContextWrapper.sendBroadcast:479 cn.eben.newweather.DateWeatherService.a:19 cn.eben.newweather.DateWeatherService.a:0 cn.eben.newweather.DateWeatherService$1.handleMessage:7
05-15 18:37:10.119 623 664 V DisplayPowerController[0]: Brightness [0.05] reason changing to: 'manual [ dim ]', previous reason: 'manual'.
05-15 18:37:10.119 623 664 I sysui_multi_action: [757,1696,758,6,759,2]
05-15 18:37:11.002 1391 1391 W ContextImpl: Calling a method in the system process without a qualified user: android.app.ContextImpl.sendBroadcast:1181 android.content.ContextWrapper.sendBroadcast:479 cn.eben.newweather.DateWeatherService.a:19 cn.eben.newweather.DateWeatherService.a:0 cn.eben.newweather.DateWeatherService$1.handleMessage:7
05-15 18:37:12.002 1391 1391 W ContextImpl: Calling a method in the system process without a qualified user: android.app.ContextImpl.sendBroadcast:1181 android.content.ContextWrapper.sendBroadcast:479 cn.eben.newweather.DateWeatherService.a:19 cn.eben.newweather.DateWeatherService.a:0 cn.eben.newweather.DateWeatherService$1.handleMessage:7
05-15 18:37:12.117 623 664 I PowerManagerService: Powering off display group due to timeout (groupId= 0, uid= 1000)...
05-15 18:37:12.117 623 664 I PowerManagerService: Going to sleep due to timeout (uid 1000)...
05-15 18:37:12.118 623 664 I power_sleep_requested: 0
05-15 18:37:12.189 623 664 V DisplayPowerController[0]: Brightness [0.5472441] reason changing to: 'manual', previous reason: 'manual [ dim ]'.
05-15 18:37:12.190 623 664 I sysui_multi_action: [757,1696,758,6,759,0]
05-15 18:37:12.616 623 664 I DisplayPowerController[0]: Blocking screen off
05-15 18:37:12.616 623 664 I DisplayPowerController[0]: Unblocked screen off after 0 ms
05-15 18:37:12.632 623 664 V DisplayPowerController[0]: Brightness [0.003937008] reason changing to: 'screen_off', previous reason: 'manual'.
05-15 18:37:12.633 623 643 I DisplayDeviceRepository: Display device changed state: "内置屏幕", OFF
05-15 18:37:12.662 623 623 I notification_enqueue: [10100,10735,com.baidu.appsearch,2131755453,NULL,0,Notification(channel=手机管理、安全检测相关通知 shortcut=null contentView=null vibrate=null sound=null defaults=0x0 flags=0x62 color=0x00000000 vis=PRIVATE),1]
05-15 18:37:12.931 623 664 I PowerManagerService: Sleeping display group (groupId=0, uid=1000)...
05-15 18:37:12.931 623 664 I PowerManagerService: Sleeping (uid 1000)...
05-15 18:37:12.937 623 623 I sysui_multi_action: [757,198,758,2,759,3,1359,817,1695,2]
05-15 18:37:12.937 623 623 I power_screen_state: [0,3,0,0,817]
05-15 18:37:12.937 623 623 I screen_toggled: 0
05-15 18:37:12.938 623 623 I sysui_multi_action: [757,804,799,screen_timeout,801,15,802,1]
05-15 18:37:12.938 623 623 I sysui_multi_action: [757,1594,758,4,759,-2147483648,1359,9825]
05-15 18:37:12.939 623 623 I power_screen_broadcast_send: 1
05-15 18:37:12.973 623 623 I battery_saving_stats: [0,1,0,10359,0,0,3648886,0,0]
05-15 18:37:12.974 623 2170 I sysui_multi_action: [757,128,758,2,793,12721768,794,10813,795,12721768,796,1111,798,3,806,com.ebensz.email,857,100,858,2,947,0,1395,4,1500,12721768,1688,4,1689,2,1690,1]
05-15 18:37:12.974 623 2170 I notification_visibility: [0|com.ebensz.email|1111|null|10072,0,12721768,12721768,0,3]
05-15 18:37:12.974 623 2170 I sysui_multi_action: [757,128,758,2,793,12865097,794,10813,795,12865097,796,55,798,1,806,android,857,DEVELOPER,858,2,947,0,1395,4,1500,10813,1688,1]
05-15 18:37:12.975 623 2170 I notification_visibility: [-1|android|55|null|1000,0,12865097,12865097,0,1]
05-15 18:37:12.975 623 2170 I sysui_multi_action: [757,128,758,2,793,12712804,794,10814,795,12712804,796,1009,798,0,806,cn.eben.sync,857,CloudService,858,2,947,0,1395,4,1500,10814,1688,1]
05-15 18:37:12.975 623 2170 I notification_visibility: [0|cn.eben.sync|1009|null|10064,0,12712804,12712804,0,0]
05-15 18:37:12.975 623 2170 I sysui_multi_action: [757,128,758,2,793,3804079,794,10814,795,315,796,2131755453,798,2,806,com.baidu.appsearch,857,手机管理、安全检测相关通知,858,2,947,0,1395,4,1500,315,1688,1]
05-15 18:37:12.976 623 2170 I notification_visibility: [0|com.baidu.appsearch|2131755453|null|10100,0,3804079,315,0,2]
05-15 18:37:12.977 623 2170 I sysui_multi_action: [757,127,758,2]
05-15 18:37:12.977 623 2170 I notification_panel_hidden:
05-15 18:37:12.994 623 2170 W ActivityManager: Ignoring request to force stop protected package u0
05-15 18:37:13.002 1391 1391 W ContextImpl: Calling a method in the system process without a qualified user: android.app.ContextImpl.sendBroadcast:1181 android.content.ContextWrapper.sendBroadcast:479 cn.eben.newweather.DateWeatherService.a:19 cn.eben.newweather.DateWeatherService.a:0 cn.eben.newweather.DateWeatherService$1.handleMessage:7
05-15 18:37:13.051 623 623 I power_screen_broadcast_done: [0,113,1]
05-15 18:37:52.658 623 623 W Looper : Slow delivery took 1779ms main h=com.android.server.job.controllers.QuotaController$QcHandler c=null m=6
05-15 18:37:52.659 623 712 I sysui_multi_action: [757,804,799,power_consecutive_short_tap_count,801,1,802,1]
05-15 18:37:52.659 623 712 I sysui_multi_action: [757,804,799,power_double_tap_interval,801,393221,802,1]
05-15 18:37:52.659 1391 1391 W ContextImpl: Calling a method in the system process without a qualified user: android.app.ContextImpl.sendBroadcast:1181 android.content.ContextWrapper.sendBroadcast:479 cn.eben.newweather.DateWeatherService.a:19 cn.eben.newweather.DateWeatherService.a:0 cn.eben.newweather.DateWeatherService$1.handleMessage:7
05-15 18:37:52.659 623 712 I intercept_power: [ACTION_DOWN,0,0]
05-15 18:37:52.660 623 1530 W ContentProviderHelper: Permission Denial: opening provider com.android.providers.contacts.ContactsProvider2 from ProcessRecord{6d23060 1792:cn.eben.sync/u0a64} (pid=1792, uid=10064) requires android.permission.READ_CONTACTS or android.permission.WRITE_CONTACTS
05-15 18:37:52.661 623 623 W Looper : Drained
05-15 18:37:52.663 623 712 I PowerManagerService: Powering on display group fromAsleep (groupId=0, uid=1000, reason=WAKE_REASON_POWER_BUTTON, details=android.policy:POWER)...
05-15 18:37:52.663 623 712 I PowerManagerService: Waking up from Asleep (uid=1000, reason=WAKE_REASON_POWER_BUTTON, details=android.policy:POWER)...
05-15 18:37:52.666 623 712 I intercept_power: [ACTION_UP,0,0]
05-15 18:37:52.666 623 664 I DisplayPowerController[0]: Blocking screen on until initial contents have been drawn.
05-15 18:37:52.667 623 664 V DisplayPowerController[0]: Brightness [0.5472441] reason changing to: 'manual', previous reason: 'screen_off'.
05-15 18:37:52.667 623 664 I sysui_multi_action: [757,1696,758,6,759,3]
05-15 18:37:52.676 623 623 I screen_toggled: 1
05-15 18:37:52.677 623 623 I power_screen_broadcast_send: 1
05-15 18:37:52.678 623 623 I WindowManager: Suppressed redundant power key press while already in the process of turning the screen on.
05-15 18:37:52.679 623 643 I DisplayDeviceRepository: Display device changed state: "内置屏幕", ON
05-15 18:37:52.742 623 1530 I sysui_multi_action: [757,127,758,1]
05-15 18:37:52.743 623 1530 I sysui_multi_action: [757,804,799,note_load,801,4,802,1]
05-15 18:37:52.743 623 1530 I notification_panel_revealed: 4
05-15 18:37:52.745 623 1530 I sysui_multi_action: [757,128,758,1,793,12761540,794,0,795,12761540,796,1111,798,3,806,com.ebensz.email,857,100,858,2,947,0,1395,4,1500,12761540,1688,4,1689,2,1690,1]
05-15 18:37:52.746 623 1530 I sysui_multi_action: [757,804,799,note_freshness,801,12761540,802,1]
05-15 18:37:52.746 623 1530 I notification_visibility: [0|com.ebensz.email|1111|null|10072,1,12761540,12761540,0,3]
05-15 18:37:52.746 623 1530 I sysui_multi_action: [757,128,758,1,793,12904869,794,0,795,12904869,796,55,798,1,806,android,857,DEVELOPER,858,2,947,0,1395,4,1500,50585,1688,1]
05-15 18:37:52.746 623 1530 I sysui_multi_action: [757,1501,758,1,793,12904869,794,0,795,12904869,796,55,806,android,857,DEVELOPER,858,2,947,0,1500,0,1688,1]
05-15 18:37:52.746 623 1530 I sysui_multi_action: [757,804,799,note_interruptive,801,0,802,1]
05-15 18:37:52.746 623 1530 I sysui_multi_action: [757,804,799,note_freshness,801,12904869,802,1]
05-15 18:37:52.746 623 1530 I notification_visibility: [-1|android|55|null|1000,1,12904869,12904869,0,1]
05-15 18:37:52.747 623 1530 I sysui_multi_action: [757,128,758,1,793,12752576,794,0,795,12752576,796,1009,798,0,806,cn.eben.sync,857,CloudService,858,2,947,0,1395,4,1500,50586,1688,1]
05-15 18:37:52.747 623 1530 I sysui_multi_action: [757,1501,758,1,793,12752576,794,0,795,12752576,796,1009,806,cn.eben.sync,857,CloudService,858,2,947,0,1500,0,1688,1]
05-15 18:37:52.747 623 1530 I sysui_multi_action: [757,804,799,note_interruptive,801,0,802,1]
05-15 18:37:52.747 623 1530 I sysui_multi_action: [757,804,799,note_freshness,801,12752576,802,1]
05-15 18:37:52.747 623 1530 I notification_visibility: [0|cn.eben.sync|1009|null|10064,1,12752576,12752576,0,0]
05-15 18:37:52.747 623 1530 I sysui_multi_action: [757,128,758,1,793,3843851,794,0,795,40087,796,2131755453,798,2,806,com.baidu.appsearch,857,手机管理、安全检测相关通知,858,2,947,0,1395,4,1500,40087,1688,1]
05-15 18:37:52.747 623 1530 I sysui_multi_action: [757,804,799,note_freshness,801,40087,802,1]
05-15 18:37:52.747 623 1530 I notification_visibility: [0|com.baidu.appsearch|2131755453|null|10100,1,3843851,40087,0,2]
05-15 18:37:52.771 623 781 D UsbHostManager: Removed device at /dev/bus/usb/003/033: USB Billboard Device
05-15 18:37:52.771 623 781 I UsbAlsaManager: USB Audio Device Removed: null
05-15 18:37:52.779 623 664 I DisplayPowerController[0]: Unblocked screen on after 112 ms
05-15 18:37:52.806 623 730 I netstats_mobile_sample: [0,0,0,0,0,0,0,0,0,0,0,0,1747298316119]
05-15 18:37:52.806 623 730 I netstats_wifi_sample: [0,0,0,0,0,0,0,0,0,0,0,0,1747298316119]
05-15 18:37:52.815 623 730 W ContextImpl: Calling a method in the system process without a qualified user: android.app.ContextImpl.sendStickyBroadcast:1567 com.android.server.ConnectivityService.sendStickyBroadcast:2811 com.android.server.ConnectivityService.sendLegacyNetworkBroadcast:8732 com.android.server.ConnectivityService$LegacyTypeTracker.remove:1007 com.android.server.ConnectivityService$LegacyTypeTracker.remove:1024
05-15 18:37:52.818 623 649 W BroadcastQueue: Target SDK mismatch: receiver ActivityInfo{8e05ac4 com.xiaomi.push.service.receivers.NetworkStatusReceiver} targets 26 but delivery restricted to [0, 23] broadcasting Intent { act=android.net.conn.CONNECTIVITY_CHANGE flg=0x4200010 (has extras) } from android (pid=623, uid=1000) to com.zhangyue.read.iReader/com.xiaomi.push.service.receivers.NetworkStatusReceiver
05-15 18:37:52.818 623 649 W BroadcastQueue: Target SDK mismatch: receiver ActivityInfo{ac68dad com.xiaomi.push.service.receivers.NetworkStatusReceiver} targets 33 but delivery restricted to [0, 23] broadcasting Intent { act=android.net.conn.CONNECTIVITY_CHANGE flg=0x4200010 (has extras) } from android (pid=623, uid=1000) to com.taobao.idlefish/com.xiaomi.push.service.receivers.NetworkStatusReceiver
05-15 18:37:52.818 623 649 W BroadcastQueue: Target SDK mismatch: receiver ActivityInfo{68338e2 com.xiaomi.push.service.receivers.NetworkStatusReceiver} targets 33 but delivery restricted to [0, 23] broadcasting Intent { act=android.net.conn.CONNECTIVITY_CHANGE flg=0x4200010 (has extras) } from android (pid=623, uid=1000) to com.taobao.taobao/com.xiaomi.push.service.receivers.NetworkStatusReceiver
05-15 18:37:52.818 623 649 W BroadcastQueue: Target SDK mismatch: receiver ActivityInfo{2004473 cn.eben.help.LoadAllReceiver} targets 28 but delivery restricted to [0, 23] broadcasting Intent { act=android.net.conn.CONNECTIVITY_CHANGE flg=0x4200010 (has extras) } from android (pid=623, uid=1000) to cn.eben.help/.LoadAllReceiver
05-15 18:37:52.818 623 649 W BroadcastQueue: Target SDK mismatch: receiver ActivityInfo{2ea5f30 cn.eben.android.receiver.AppSyncReceiver} targets 27 but delivery restricted to [0, 23] broadcasting Intent { act=android.net.conn.CONNECTIVITY_CHANGE flg=0x4200010 (has extras) } from android (pid=623, uid=1000) to cn.eben.sync/cn.eben.android.receiver.AppSyncReceiver
05-15 18:37:52.825 2778 2778 W ContextImpl: Calling a method in the system process without a qualified user: android.app.ContextImpl.startService:1824 android.content.ContextWrapper.startService:774 android.content.ContextWrapper.startService:774 com.ebensz.appmanager.service.UploadMyAppsInfoService.startUploadMyAppsInfoService:78 com.ebensz.appmanager.receiver.UploadMyAppsInfoReceiver.onReceive:33
05-15 18:37:52.835 623 638 W BroadcastQueue: Target SDK mismatch: receiver ActivityInfo{2aee448 com.ebensz.ota.ActionReceiver} targets 29 but delivery restricted to [0, 23] broadcasting Intent { act=android.net.conn.CONNECTIVITY_CHANGE flg=0x4200010 (has extras) } from android (pid=623, uid=1000) to com.ebensz.ota/.ActionReceiver
05-15 18:37:52.835 623 649 W BroadcastQueue: Target SDK mismatch: receiver ActivityInfo{5b552e1 com.taobao.accs.EventReceiver} targets 26 but delivery restricted to [0, 23] broadcasting Intent { act=android.net.conn.CONNECTIVITY_CHANGE flg=0x4200010 (has extras) } from android (pid=623, uid=1000) to com.zhangyue.read.iReader/com.taobao.accs.EventReceiver
05-15 18:37:52.835 623 649 W BroadcastQueue: Target SDK mismatch: receiver ActivityInfo{87b0806 com.taobao.fleamarket.function.network.NetworkReceiver} targets 33 but delivery restricted to [0, 23] broadcasting Intent { act=android.net.conn.CONNECTIVITY_CHANGE flg=0x4200010 (has extras) } from android (pid=623, uid=1000) to com.taobao.idlefish/com.taobao.fleamarket.function.network.NetworkReceiver
05-15 18:37:52.844 623 781 D UsbHostManager: USB device attached: vidpid 2109:8817 mfg/product/ver/serial VIA Labs, Inc. /USB Billboard Device /0.01/0000000000000001 hasAudio/HID/Storage: false/false/false
05-15 18:37:52.846 623 781 D UsbHostManager: Added device UsbDevice[mName=/dev/bus/usb/003/034,mVendorId=8457,mProductId=34839,mClass=17,mSubclass=0,mProtocol=0,mManufacturerName=VIA Labs, Inc. ,mProductName=USB Billboard Device ,mVersion=0.01,mSerialNumberReader=com.android.server.usb.UsbSerialReader@3786ec7, mHasAudioPlayback=false, mHasAudioCapture=false, mHasMidi=false, mHasVideoCapture=false, mHasVideoPlayback=false, mConfigurations=[
05-15 18:37:52.846 623 781 D UsbHostManager: UsbConfiguration[mId=1,mName=0000000000000001,mAttributes=160,mMaxPower=50,mInterfaces=[
05-15 18:37:52.846 623 781 D UsbHostManager: UsbInterface[mId=0,mAlternateSetting=0,mName=0000000000000001,mClass=17,mSubclass=0,mProtocol=0,mEndpoints=[]]]
05-15 18:37:53.001 1391 1391 W ContextImpl: Calling a method in the system process without a qualified user: android.app.ContextImpl.sendBroadcast:1181 android.content.ContextWrapper.sendBroadcast:479 cn.eben.newweather.DateWeatherService.a:19 cn.eben.newweather.DateWeatherService.a:0 cn.eben.newweather.DateWeatherService$1.handleMessage:7
05-15 18:37:53.253 623 623 W Looper : Slow dispatch took 524ms main h=android.app.ActivityThread$H c=android.app.LoadedApk$ReceiverDispatcher$Args$$ExternalSyntheticLambda0@3af9e92 m=0
05-15 18:37:53.253 623 623 W Looper : Slow delivery took 510ms main h=com.android.server.notification.NotificationManagerService$WorkerHandler c=com.android.server.notification.NotificationManagerService$NotificationAssistants$$ExternalSyntheticLambda3@b033063 m=0
05-15 18:37:53.255 623 623 W Looper : Drained
05-15 18:37:53.256 623 623 I battery_saving_stats: [0,0,0,40283,0,0,1999489,0,0]
05-15 18:37:53.316 623 623 I notification_enqueue: [10100,10735,com.baidu.appsearch,2131755453,NULL,0,Notification(channel=手机管理、安全检测相关通知 shortcut=null contentView=null vibrate=null sound=null defaults=0x0 flags=0x62 color=0x00000000 vis=PRIVATE),1]
05-15 18:37:53.317 623 623 I power_screen_broadcast_done: [1,640,1]
05-15 18:37:53.622 623 712 I sysui_multi_action: [757,804,799,power_consecutive_short_tap_count,801,1,802,1]
05-15 18:37:53.623 623 712 I sysui_multi_action: [757,804,799,power_double_tap_interval,801,2622,802,1]
05-15 18:37:53.623 623 712 I intercept_power: [ACTION_DOWN,0,0]
05-15 18:37:53.777 623 664 I sysui_latency: [5,1114]
05-15 18:37:53.777 623 664 W PowerManagerService: Screen on took 2779 ms
05-15 18:37:53.778 623 623 I sysui_multi_action: [757,198,758,1,759,1,1359,2779,1694,1]
05-15 18:37:53.778 623 623 I power_screen_state: [1,0,0,0,2779]
05-15 18:37:53.831 623 712 I intercept_power: [ACTION_UP,0,0]
05-15 18:37:53.831 623 623 D WindowManager: powerPress: eventTime=3890417 interactive=true count=0 beganFromNonInteractive=false mShortPressOnPowerBehavior=1
05-15 18:37:53.831 623 623 I PowerManagerService: Powering off display group due to power_button (groupId= 0, uid= 1000)...
05-15 18:37:53.831 623 623 I PowerManagerService: Going to sleep due to power_button (uid 1000)...
05-15 18:37:53.832 623 623 I power_sleep_requested: 0
05-15 18:37:53.867 2778 2778 W ContextImpl: Calling a method in the system process without a qualified user: android.app.ContextImpl.startService:1824 android.content.ContextWrapper.startService:774 com.ebensz.appmanager.service.UploadMyAppsInfoService$1.handleMessage:63 android.os.Handler.dispatchMessage:106 android.os.Looper.loopOnce:201
05-15 18:37:53.882 623 664 I sysui_multi_action: [757,1696,758,6,759,0]
05-15 18:37:54.002 1391 1391 W ContextImpl: Calling a method in the system process without a qualified user: android.app.ContextImpl.sendBroadcast:1181 android.content.ContextWrapper.sendBroadcast:479 cn.eben.newweather.DateWeatherService.a:19 cn.eben.newweather.DateWeatherService.a:0 cn.eben.newweather.DateWeatherService$1.handleMessage:7
05-15 18:37:54.292 623 664 I DisplayPowerController[0]: Blocking screen off
05-15 18:37:54.292 623 664 I DisplayPowerController[0]: Unblocked screen off after 0 ms
05-15 18:37:54.312 623 664 V DisplayPowerController[0]: Brightness [0.003937008] reason changing to: 'screen_off', previous reason: 'manual'.
05-15 18:37:54.313 623 643 I DisplayDeviceRepository: Display device changed state: "内置屏幕", OFF
05-15 18:37:54.617 623 712 I sysui_multi_action: [757,804,799,power_consecutive_short_tap_count,801,1,802,1]
05-15 18:37:54.617 623 712 I sysui_multi_action: [757,804,799,power_double_tap_interval,801,994,802,1]
05-15 18:37:54.618 623 712 I intercept_power: [ACTION_DOWN,0,0]
05-15 18:37:54.619 623 712 I PowerManagerService: Powering on display group fromDozing (groupId=0, uid=1000, reason=WAKE_REASON_POWER_BUTTON, details=android.policy:POWER)...
05-15 18:37:54.620 623 712 I PowerManagerService: Waking up from Dozing (uid=1000, reason=WAKE_REASON_POWER_BUTTON, details=android.policy:POWER)...
05-15 18:37:54.625 623 664 I DisplayPowerController[0]: Blocking screen on until initial contents have been drawn.
05-15 18:37:54.626 623 664 V DisplayPowerController[0]: Brightness [0.5472441] reason changing to: 'manual', previous reason: 'screen_off'.
05-15 18:37:54.626 623 664 I sysui_multi_action: [757,1696,758,6,759,3]
05-15 18:37:54.627 623 623 I sysui_multi_action: [757,198,758,2,759,2,1359,1000,1695,1]
05-15 18:37:54.627 623 623 I power_screen_state: [0,2,0,0,1000]
05-15 18:37:54.627 623 623 I screen_toggled: 0
05-15 18:37:54.627 623 623 I sysui_multi_action: [757,804,799,screen_timeout,801,15,802,1]
05-15 18:37:54.627 623 643 I DisplayDeviceRepository: Display device changed state: "内置屏幕", ON
05-15 18:37:54.627 623 623 I sysui_multi_action: [757,1594,758,4,759,-2147483648,1359,849]
05-15 18:37:54.627 623 623 I power_screen_broadcast_send: 1
05-15 18:37:54.628 623 623 I screen_toggled: 1
05-15 18:37:54.660 623 637 I sysui_multi_action: [757,128,758,2,793,12763455,794,1915,795,12763455,796,1111,798,3,806,com.ebensz.email,857,100,858,2,947,0,1395,4,1500,12763455,1688,4,1689,2,1690,1]
05-15 18:37:54.660 623 637 I notification_visibility: [0|com.ebensz.email|1111|null|10072,0,12763455,12763455,0,3]
05-15 18:37:54.661 623 637 I sysui_multi_action: [757,128,758,2,793,12906784,794,1915,795,12906784,796,55,798,1,806,android,857,DEVELOPER,858,2,947,0,1395,4,1500,1915,1688,1]
05-15 18:37:54.661 623 637 I notification_visibility: [-1|android|55|null|1000,0,12906784,12906784,0,1]
05-15 18:37:54.661 623 637 I sysui_multi_action: [757,128,758,2,793,12754490,794,1914,795,12754490,796,1009,798,0,806,cn.eben.sync,857,CloudService,858,2,947,0,1395,4,1500,1914,1688,1]
05-15 18:37:54.661 623 637 I notification_visibility: [0|cn.eben.sync|1009|null|10064,0,12754490,12754490,0,0]
05-15 18:37:54.662 623 637 I sysui_multi_action: [757,128,758,2,793,3845765,794,1914,795,1349,796,2131755453,798,2,806,com.baidu.appsearch,857,手机管理、安全检测相关通知,858,2,947,0,1395,4,1500,1349,1688,1]
05-15 18:37:54.662 623 637 I notification_visibility: [0|com.baidu.appsearch|2131755453|null|10100,0,3845765,1349,0,2]
05-15 18:37:54.662 623 29878 I sysui_multi_action: [757,127,758,2]
05-15 18:37:54.663 623 29878 I notification_panel_hidden:
05-15 18:37:54.663 623 29878 I sysui_multi_action: [757,127,758,1]
05-15 18:37:54.663 623 29878 I sysui_multi_action: [757,804,799,note_load,801,4,802,1]
05-15 18:37:54.663 623 29878 I notification_panel_revealed: 4
05-15 18:37:54.694 623 29878 W ActivityManager: Ignoring request to force stop protected package u0
05-15 18:37:54.704 623 664 I DisplayPowerController[0]: Unblocked screen on after 80 ms
05-15 18:37:54.840 623 712 I intercept_power: [ACTION_UP,0,0]
05-15 18:37:54.840 623 623 D WindowManager: powerPress: eventTime=3891411 interactive=true count=0 beganFromNonInteractive=true mShortPressOnPowerBehavior=1
05-15 18:37:55.003 1391 1391 W ContextImpl: Calling a method in the system process without a qualified user: android.app.ContextImpl.sendBroadcast:1181 android.content.ContextWrapper.sendBroadcast:479 cn.eben.newweather.DateWeatherService.a:19 cn.eben.newweather.DateWeatherService.a:0 cn.eben.newweather.DateWeatherService$1.handleMessage:7
05-15 18:37:55.205 623 664 I sysui_latency: [5,585]
05-15 18:37:55.205 623 664 W PowerManagerService: Screen on took 590 ms
05-15 18:37:55.205 623 623 I sysui_multi_action: [757,198,758,1,759,1,1359,590,1694,1]
05-15 18:37:55.205 623 623 I power_screen_state: [1,0,0,0,590]
05-15 18:37:55.230 623 623 I power_screen_broadcast_done: [0,602,1]
05-15 18:37:55.230 623 623 I power_screen_broadcast_send: 1
05-15 18:37:55.234 623 637 I sysui_multi_action: [757,128,758,1,793,12764029,794,0,795,12764029,796,1111,798,3,806,com.ebensz.email,857,100,858,2,947,0,1395,4,1500,12764029,1688,4,1689,2,1690,1]
05-15 18:37:55.234 623 637 I sysui_multi_action: [757,804,799,note_freshness,801,12764029,802,1]
05-15 18:37:55.234 623 637 I notification_visibility: [0|com.ebensz.email|1111|null|10072,1,12764029,12764029,0,3]
05-15 18:37:55.235 623 637 I sysui_multi_action: [757,128,758,1,793,12907358,794,0,795,12907358,796,55,798,1,806,android,857,DEVELOPER,858,2,947,0,1395,4,1500,2489,1688,1]
