05-19 10:45:07.114 627 730 I netstats_mobile_sample: [0,0,0,0,0,0,0,0,0,0,0,0,1747622707115]
05-19 10:45:07.115 627 730 I netstats_wifi_sample: [0,0,0,0,0,0,0,0,0,0,0,0,1747622707115]
05-19 10:45:07.122 627 730 W ContextImpl: Calling a method in the system process without a qualified user: android.app.ContextImpl.sendStickyBroadcast:1567 com.android.server.ConnectivityService.sendStickyBroadcast:2811 com.android.server.ConnectivityService.sendGeneralBroadcast:2786 com.android.server.ConnectivityService.sendConnectedBroadcast:2759 com.android.server.ConnectivityService.sendLegacyNetworkBroadcast:8704
05-19 10:45:07.124 627 653 W BroadcastQueue: Target SDK mismatch: receiver ActivityInfo{4ba5ebb com.xiaomi.push.service.receivers.NetworkStatusReceiver} targets 26 but delivery restricted to [0, 23] broadcasting Intent { act=android.net.conn.CONNECTIVITY_CHANGE flg=0x4200010 (has extras) } from android (pid=627, uid=1000) to com.zhangyue.read.iReader/com.xiaomi.push.service.receivers.NetworkStatusReceiver
05-19 10:45:07.124 627 653 W BroadcastQueue: Target SDK mismatch: receiver ActivityInfo{bd97fd8 cn.eben.help.LoadAllReceiver} targets 28 but delivery restricted to [0, 23] broadcasting Intent { act=android.net.conn.CONNECTIVITY_CHANGE flg=0x4200010 (has extras) } from android (pid=627, uid=1000) to cn.eben.help/.LoadAllReceiver
05-19 10:45:07.124 627 653 W BroadcastQueue: Target SDK mismatch: receiver ActivityInfo{99f6f31 cn.eben.android.receiver.AppSyncReceiver} targets 27 but delivery restricted to [0, 23] broadcasting Intent { act=android.net.conn.CONNECTIVITY_CHANGE flg=0x4200010 (has extras) } from android (pid=627, uid=1000) to cn.eben.sync/cn.eben.android.receiver.AppSyncReceiver
05-19 10:45:07.127 19442 19442 W ContextImpl: Calling a method in the system process without a qualified user: android.app.ContextImpl.startService:1824 android.content.ContextWrapper.startService:774 android.content.ContextWrapper.startService:774 com.ebensz.appmanager.service.UploadMyAppsInfoService.startUploadMyAppsInfoService:78 com.ebensz.appmanager.receiver.UploadMyAppsInfoReceiver.onReceive:33
05-19 10:45:07.134 19470 19470 W ContextImpl: Calling a method in the system process without a qualified user: android.app.ContextImpl.startService:1824 android.content.ContextWrapper.startService:774 android.content.ContextWrapper.startService:774 com.ebensz.appmanager.mydownloadmanager.DownloadReceiver.startService:245 com.ebensz.appmanager.mydownloadmanager.DownloadReceiver.onReceive:74
05-19 10:45:07.135 627 641 W BroadcastQueue: Target SDK mismatch: receiver ActivityInfo{8d131ee com.ebensz.ota.ActionReceiver} targets 29 but delivery restricted to [0, 23] broadcasting Intent { act=android.net.conn.CONNECTIVITY_CHANGE flg=0x4200010 (has extras) } from android (pid=627, uid=1000) to com.ebensz.ota/.ActionReceiver
05-19 10:45:07.136 627 653 W BroadcastQueue: Target SDK mismatch: receiver ActivityInfo{a5cf68f com.taobao.accs.EventReceiver} targets 26 but delivery restricted to [0, 23] broadcasting Intent { act=android.net.conn.CONNECTIVITY_CHANGE flg=0x4200010 (has extras) } from android (pid=627, uid=1000) to com.zhangyue.read.iReader/com.taobao.accs.EventReceiver
05-19 10:45:07.141 627 627 I notification_cancel_all: [1000,19470,com.ebensz.appmanager,0,0,64,9,NULL]
05-19 10:45:07.397 975 975 D TelephonyNetworkFactory[0]: onReleaseNetworkFor NetworkRequest [ REQUEST id=15, [ Capabilities: INTERNET&NOT_RESTRICTED&TRUSTED&NOT_VCN_MANAGED Uid: 1000 RequestorUid: 1000 RequestorPkg: android] ] applied false
05-19 10:45:07.397 975 975 D TelephonyNetworkFactory[0]: onReleaseNetworkFor NetworkRequest [ REQUEST id=28, [ Capabilities: INTERNET&NOT_RESTRICTED&TRUSTED&NOT_VCN_MANAGED Uid: 1001 RequestorUid: 1001 RequestorPkg: com.android.phone] ] applied false
05-19 10:45:07.397 975 975 D TelephonyNetworkFactory[0]: onReleaseNetworkFor NetworkRequest [ REQUEST id=32, [ Capabilities: INTERNET&NOT_RESTRICTED&TRUSTED&NOT_VCN_MANAGED Uid: 1000 RequestorUid: 1000 RequestorPkg: android] ] applied false
05-19 10:45:07.397 975 975 D TelephonyNetworkFactory[0]: onReleaseNetworkFor NetworkRequest [ REQUEST id=23, [ Capabilities: INTERNET&NOT_RESTRICTED&TRUSTED&NOT_VCN_MANAGED Uid: 1000 RequestorUid: 1000 RequestorPkg: com.android.networkstack.inprocess] ] applied false
05-19 10:45:07.398 975 975 D TelephonyNetworkFactory[0]: onReleaseNetworkFor NetworkRequest [ REQUEST id=38, [ Capabilities: INTERNET&NOT_RESTRICTED&TRUSTED&NOT_VCN_MANAGED Uid: 10023 RequestorUid: 1000 RequestorPkg: android] ] applied false
05-19 10:45:07.398 975 975 D TelephonyNetworkFactory[0]: onReleaseNetworkFor NetworkRequest [ REQUEST id=1, [ Capabilities: INTERNET&NOT_RESTRICTED&TRUSTED&NOT_VPN&NOT_VCN_MANAGED RequestorUid: 1000 RequestorPkg: android] ] applied false
05-19 10:45:07.398 975 975 D TelephonyNetworkFactory[0]: onReleaseNetworkFor NetworkRequest [ REQUEST id=36, [ Capabilities: INTERNET&NOT_RESTRICTED&TRUSTED&NOT_VCN_MANAGED Uid: 10086 RequestorUid: 1000 RequestorPkg: android] ] applied false
05-19 10:45:07.398 975 975 D TelephonyNetworkFactory[0]: onReleaseNetworkFor NetworkRequest [ REQUEST id=18, [ Capabilities: INTERNET&NOT_RESTRICTED&TRUSTED&NOT_VCN_MANAGED Uid: 10088 RequestorUid: 10088 RequestorPkg: com.android.systemui] ] applied false
05-19 10:45:07.398 975 975 D TelephonyNetworkFactory[0]: onReleaseNetworkFor NetworkRequest [ REQUEST id=20, [ Capabilities: INTERNET&NOT_RESTRICTED&TRUSTED&NOT_VCN_MANAGED Uid: 10088 RequestorUid: 10088 RequestorPkg: com.android.systemui] ] applied false
05-19 10:45:07.399 975 975 D TelephonyNetworkFactory[0]: onReleaseNetworkFor NetworkRequest [ REQUEST id=7, [ Capabilities: INTERNET&NOT_RESTRICTED&TRUSTED&NOT_VCN_MANAGED Uid: 1000 RequestorUid: 1000 RequestorPkg: android] ] applied false
05-19 10:45:07.417 627 653 W ActivityManager: Failed to clear dns cache for: com.ebensz.office.entry
05-19 10:45:07.417 627 730 W ContextImpl: Calling a method in the system process without a qualified user: android.app.ContextImpl.sendStickyBroadcast:1567 com.android.server.ConnectivityService.sendStickyBroadcast:2811 com.android.server.ConnectivityService.sendGeneralBroadcast:2786 com.android.server.ConnectivityService.sendInetConditionBroadcast:2763 com.android.server.ConnectivityService.updateInetCondition:8451
05-21 08:54:33.029 653 653 I binder : 627:653 transaction failed 29201/-28, size 80-0 line 2921
05-21 08:54:33.255 542 542 I : read descriptors
05-21 08:54:33.255 542 542 I : read strings
05-21 08:54:33.257 1 1 I init : processing action (sys.usb.config=adb && sys.usb.configfs=1 && sys.usb.ffs.ready=1) from (/system/etc/init/hw/init.usb.configfs.rc:20)
05-21 08:54:33.259 1 1 I init : Command 'symlink /config/usb_gadget/g1/functions/ffs.adb /config/usb_gadget/g1/configs/b.1/f1' action=sys.usb.config=adb && sys.usb.configfs=1 && sys.usb.ffs.ready=1 (/system/etc/init/hw/init.usb.configfs.rc:22) took 0ms and failed: symlink() failed: File exists
05-21 08:54:33.261 1 1 I init : Command 'write /config/usb_gadget/g1/UDC ${sys.usb.controller}' action=sys.usb.config=adb && sys.usb.configfs=1 && sys.usb.ffs.ready=1 (/system/etc/init/hw/init.usb.configfs.rc:23) took 0ms and failed: Unable to write to file '/config/usb_gadget/g1/UDC': Unable to write file contents: Device or resource busy
05-19 10:45:07.769 627 9940 W ContentProviderHelper: Permission Denial: opening provider com.android.providers.contacts.ContactsProvider2 from ProcessRecord{552b742 1631:cn.eben.sync/u0a63} (pid=1631, uid=10063) requires android.permission.READ_CONTACTS or android.permission.WRITE_CONTACTS
05-19 10:45:07.832 463 491 I RIL : ---> enter mainloop wait at port
05-19 10:45:07.832 463 491 D RIL-DEV : Get modem info
05-19 10:45:07.833 463 491 D RIL-DEV : [05-19_10:45:07:833] idVendor = 0bda
05-19 10:45:07.833 463 491 D RIL-DEV :
05-19 10:45:07.833 463 491 D RIL-DEV : [05-19_10:45:07:834] idVendor = 05e3
05-19 10:45:07.833 463 491 D RIL-DEV :
05-19 10:45:07.834 463 491 D RIL-DEV : [05-19_10:45:07:834] idVendor = 1d6b
05-19 10:45:07.834 463 491 D RIL-DEV :
05-19 10:45:07.834 463 491 D RIL-DEV : [05-19_10:45:07:834] idVendor = 1d6b
05-19 10:45:07.834 463 491 D RIL-DEV :
05-19 10:45:07.834 463 491 D RIL-DEV : [05-19_10:45:07:835] idVendor = 0bda
05-19 10:45:07.834 463 491 D RIL-DEV :
05-19 10:45:07.835 463 491 D RIL-DEV : [05-19_10:45:07:835] idVendor = 1d6b
05-19 10:45:07.835 463 491 D RIL-DEV :
05-19 10:45:07.835 463 491 D RIL-DEV : [05-19_10:45:07:835] idVendor = 2109
05-19 10:45:07.835 463 491 D RIL-DEV :
05-19 10:45:07.835 463 491 D RIL-DEV : [05-19_10:45:07:836] idVendor = 2109
05-19 10:45:07.835 463 491 D RIL-DEV :
05-19 10:45:07.836 463 491 D RIL-DEV : [05-19_10:45:07:836] idVendor = 1d6b
05-19 10:45:07.836 463 491 D RIL-DEV :
05-19 10:45:07.836 463 491 D RIL-DEV : [05-19_10:45:07:836] idVendor = 0bda
05-19 10:45:07.836 463 491 D RIL-DEV :
05-19 10:45:07.836 463 491 D RIL-DEV : [05-19_10:45:07:837] idVendor = 2109
05-19 10:45:07.836 463 491 D RIL-DEV :
05-19 10:45:07.837 463 491 E RIL-DEV : Cannot find Meig devices
05-19 10:45:07.837 463 491 I RIL : ---> can't find meig usb devices
05-19 10:45:08.003 1272 1272 W ContextImpl: Calling a method in the system process without a qualified user: android.app.ContextImpl.sendBroadcast:1181 android.content.ContextWrapper.sendBroadcast:479 cn.eben.newweather.DateWeatherService.a:19 cn.eben.newweather.DateWeatherService.a:0 cn.eben.newweather.DateWeatherService$1.handleMessage:7
05-19 10:45:08.160 19442 19442 W ContextImpl: Calling a method in the system process without a qualified user: android.app.ContextImpl.startService:1824 android.content.ContextWrapper.startService:774 com.ebensz.appmanager.service.UploadMyAppsInfoService$1.handleMessage:63 android.os.Handler.dispatchMessage:106 android.os.Looper.loopOnce:201
05-21 08:54:34.298 542 542 I : read descriptors
05-21 08:54:34.298 542 542 I : read strings
05-21 08:54:34.300 1 1 I init : processing action (sys.usb.config=adb && sys.usb.configfs=1 && sys.usb.ffs.ready=1) from (/system/etc/init/hw/init.usb.configfs.rc:20)
05-21 08:54:34.303 1 1 I init : Command 'symlink /config/usb_gadget/g1/functions/ffs.adb /config/usb_gadget/g1/configs/b.1/f1' action=sys.usb.config=adb && sys.usb.configfs=1 && sys.usb.ffs.ready=1 (/system/etc/init/hw/init.usb.configfs.rc:22) took 0ms and failed: symlink() failed: File exists
05-21 08:54:34.306 1 1 I init : Command 'write /config/usb_gadget/g1/UDC ${sys.usb.controller}' action=sys.usb.config=adb && sys.usb.configfs=1 && sys.usb.ffs.ready=1 (/system/etc/init/hw/init.usb.configfs.rc:23) took 2ms and failed: Unable to write to file '/config/usb_gadget/g1/UDC': Unable to write file contents: Device or resource busy
05-19 10:45:09.002 1272 1272 W ContextImpl: Calling a method in the system process without a qualified user: android.app.ContextImpl.sendBroadcast:1181 android.content.ContextWrapper.sendBroadcast:479 cn.eben.newweather.DateWeatherService.a:19 cn.eben.newweather.DateWeatherService.a:0 cn.eben.newweather.DateWeatherService$1.handleMessage:7
05-21 08:54:35.341 542 542 I : read descriptors
05-21 08:54:35.341 542 542 I : read strings
05-21 08:54:35.343 1 1 I init : processing action (sys.usb.config=adb && sys.usb.configfs=1 && sys.usb.ffs.ready=1) from (/system/etc/init/hw/init.usb.configfs.rc:20)
05-21 08:54:35.346 1 1 I init : Command 'symlink /config/usb_gadget/g1/functions/ffs.adb /config/usb_gadget/g1/configs/b.1/f1' action=sys.usb.config=adb && sys.usb.configfs=1 && sys.usb.ffs.ready=1 (/system/etc/init/hw/init.usb.configfs.rc:22) took 0ms and failed: symlink() failed: File exists
05-21 08:54:35.347 1 1 I init : Command 'write /config/usb_gadget/g1/UDC ${sys.usb.controller}' action=sys.usb.config=adb && sys.usb.configfs=1 && sys.usb.ffs.ready=1 (/system/etc/init/hw/init.usb.configfs.rc:23) took 0ms and failed: Unable to write to file '/config/usb_gadget/g1/UDC': Unable to write file contents: Device or resource busy
05-19 10:45:09.837 463 491 I RIL : ---> enter mainloop wait at port
05-19 10:45:09.837 463 491 D RIL-DEV : Get modem info
05-19 10:45:09.837 463 491 D RIL-DEV : [05-19_10:45:09:838] idVendor = 0bda
05-19 10:45:09.837 463 491 D RIL-DEV :
05-19 10:45:09.838 463 491 D RIL-DEV : [05-19_10:45:09:838] idVendor = 05e3
05-19 10:45:09.838 463 491 D RIL-DEV :
05-19 10:45:09.838 463 491 D RIL-DEV : [05-19_10:45:09:838] idVendor = 1d6b
05-19 10:45:09.838 463 491 D RIL-DEV :
05-19 10:45:09.838 463 491 D RIL-DEV : [05-19_10:45:09:838] idVendor = 1d6b
05-19 10:45:09.838 463 491 D RIL-DEV :
05-19 10:45:09.838 463 491 D RIL-DEV : [05-19_10:45:09:838] idVendor = 0bda
05-19 10:45:09.838 463 491 D RIL-DEV :
05-19 10:45:09.838 463 491 D RIL-DEV : [05-19_10:45:09:838] idVendor = 1d6b
05-19 10:45:09.838 463 491 D RIL-DEV :
05-19 10:45:09.838 463 491 D RIL-DEV : [05-19_10:45:09:838] idVendor = 2109
05-19 10:45:09.838 463 491 D RIL-DEV :
05-19 10:45:09.838 463 491 D RIL-DEV : [05-19_10:45:09:839] idVendor = 2109
05-19 10:45:09.838 463 491 D RIL-DEV :
05-19 10:45:09.838 463 491 D RIL-DEV : [05-19_10:45:09:839] idVendor = 1d6b
05-19 10:45:09.838 463 491 D RIL-DEV :
05-19 10:45:09.838 463 491 D RIL-DEV : [05-19_10:45:09:839] idVendor = 0bda
05-19 10:45:09.838 463 491 D RIL-DEV :
05-19 10:45:09.838 463 491 D RIL-DEV : [05-19_10:45:09:839] idVendor = 2109
05-19 10:45:09.838 463 491 D RIL-DEV :
05-19 10:45:09.839 463 491 E RIL-DEV : Cannot find Meig devices
05-19 10:45:09.839 463 491 I RIL : ---> can't find meig usb devices
05-19 10:45:10.001 1272 1272 W ContextImpl: Calling a method in the system process without a qualified user: android.app.ContextImpl.sendBroadcast:1181 android.content.ContextWrapper.sendBroadcast:479 cn.eben.newweather.DateWeatherService.a:19 cn.eben.newweather.DateWeatherService.a:0 cn.eben.newweather.DateWeatherService$1.handleMessage:7
05-21 08:54:36.395 542 542 I : read descriptors
05-21 08:54:36.395 542 542 I : read strings
05-21 08:54:36.397 1 1 I init : processing action (sys.usb.config=adb && sys.usb.configfs=1 && sys.usb.ffs.ready=1) from (/system/etc/init/hw/init.usb.configfs.rc:20)
05-19 10:45:11.002 1272 1272 W ContextImpl: Calling a method in the system process without a qualified user: android.app.ContextImpl.sendBroadcast:1181 android.content.ContextWrapper.sendBroadcast:479 cn.eben.newweather.DateWeatherService.a:19 cn.eben.newweather.DateWeatherService.a:0 cn.eben.newweather.DateWeatherService$1.handleMessage:7
05-21 08:54:37.435 542 542 I : read descriptors
05-21 08:54:37.435 542 542 I : read strings
05-19 10:45:11.839 463 491 I RIL : ---> enter mainloop wait at port
05-19 10:45:11.839 463 491 D RIL-DEV : Get modem info
05-19 10:45:11.839 463 491 D RIL-DEV : [05-19_10:45:11:840] idVendor = 0bda
05-19 10:45:11.839 463 491 D RIL-DEV :
05-19 10:45:11.839 463 491 D RIL-DEV : [05-19_10:45:11:840] idVendor = 05e3
05-19 10:45:11.839 463 491 D RIL-DEV :
05-19 10:45:11.839 463 491 D RIL-DEV : [05-19_10:45:11:840] idVendor = 1d6b
05-19 10:45:11.839 463 491 D RIL-DEV :
05-19 10:45:11.839 463 491 D RIL-DEV : [05-19_10:45:11:840] idVendor = 1d6b
05-19 10:45:11.839 463 491 D RIL-DEV :
05-19 10:45:11.840 463 491 D RIL-DEV : [05-19_10:45:11:840] idVendor = 0bda
05-19 10:45:11.840 463 491 D RIL-DEV :
05-19 10:45:11.840 463 491 D RIL-DEV : [05-19_10:45:11:840] idVendor = 1d6b
05-19 10:45:11.840 463 491 D RIL-DEV :
05-19 10:45:11.840 463 491 D RIL-DEV : [05-19_10:45:11:840] idVendor = 2109
05-19 10:45:11.840 463 491 D RIL-DEV :
05-19 10:45:11.840 463 491 D RIL-DEV : [05-19_10:45:11:840] idVendor = 2109
05-19 10:45:11.840 463 491 D RIL-DEV :
05-19 10:45:11.840 463 491 D RIL-DEV : [05-19_10:45:11:840] idVendor = 1d6b
05-19 10:45:11.840 463 491 D RIL-DEV :
05-19 10:45:11.840 463 491 D RIL-DEV : [05-19_10:45:11:840] idVendor = 0bda
05-19 10:45:11.840 463 491 D RIL-DEV :
05-19 10:45:11.840 463 491 D RIL-DEV : [05-19_10:45:11:841] idVendor = 2109
05-19 10:45:11.840 463 491 D RIL-DEV :
05-19 10:45:11.840 463 491 E RIL-DEV : Cannot find Meig devices
05-19 10:45:11.840 463 491 I RIL : ---> can't find meig usb devices
05-19 10:45:12.002 1272 1272 W ContextImpl: Calling a method in the system process without a qualified user: android.app.ContextImpl.sendBroadcast:1181 android.content.ContextWrapper.sendBroadcast:479 cn.eben.newweather.DateWeatherService.a:19 cn.eben.newweather.DateWeatherService.a:0 cn.eben.newweather.DateWeatherService$1.handleMessage:7
05-19 10:45:12.173 627 668 V DisplayPowerController[0]: Brightness [0.05] reason changing to: 'manual [ dim ]', previous reason: 'manual'.
05-19 10:45:12.173 627 668 I sysui_multi_action: [757,1696,758,6,759,2]
05-19 10:45:12.774 627 9940 W ContentProviderHelper: Permission Denial: opening provider com.android.providers.contacts.ContactsProvider2 from ProcessRecord{552b742 1631:cn.eben.sync/u0a63} (pid=1631, uid=10063) requires android.permission.READ_CONTACTS or android.permission.WRITE_CONTACTS
05-21 08:54:38.515 542 542 I : read descriptors
05-21 08:54:38.515 542 542 I : read strings
05-21 08:54:38.516 1 1 I init : processing action (sys.usb.config=adb && sys.usb.configfs=1 && sys.usb.ffs.ready=1) from (/system/etc/init/hw/init.usb.configfs.rc:20)
05-21 08:54:38.518 1 1 I init : Command 'symlink /config/usb_gadget/g1/functions/ffs.adb /config/usb_gadget/g1/configs/b.1/f1' action=sys.usb.config=adb && sys.usb.configfs=1 && sys.usb.ffs.ready=1 (/system/etc/init/hw/init.usb.configfs.rc:22) took 0ms and failed: symlink() failed: File exists
05-21 08:54:38.519 1 1 I init : Command 'write /config/usb_gadget/g1/UDC ${sys.usb.controller}' action=sys.usb.config=adb && sys.usb.configfs=1 && sys.usb.ffs.ready=1 (/system/etc/init/hw/init.usb.configfs.rc:23) took 0ms and failed: Unable to write to file '/config/usb_gadget/g1/UDC': Unable to write file contents: Device or resource busy
05-19 10:45:13.002 1272 1272 W ContextImpl: Calling a method in the system process without a qualified user: android.app.ContextImpl.sendBroadcast:1181 android.content.ContextWrapper.sendBroadcast:479 cn.eben.newweather.DateWeatherService.a:19 cn.eben.newweather.DateWeatherService.a:0 cn.eben.newweather.DateWeatherService$1.handleMessage:7
05-19 10:45:13.256 627 668 V DisplayPowerController[0]: Brightness [0.5472441] reason changing to: 'manual', previous reason: 'manual [ dim ]'.
05-19 10:45:13.256 627 668 I sysui_multi_action: [757,1696,758,6,759,3]
05-19 10:45:13.841 463 491 I RIL : ---> enter mainloop wait at port
05-19 10:45:13.841 463 491 D RIL-DEV : Get modem info
05-19 10:45:13.841 463 491 D RIL-DEV : [05-19_10:45:13:841] idVendor = 0bda
05-19 10:45:13.841 463 491 D RIL-DEV :
05-19 10:45:13.841 463 491 D RIL-DEV : [05-19_10:45:13:841] idVendor = 05e3
05-19 10:45:13.841 463 491 D RIL-DEV :
05-19 10:45:13.841 463 491 D RIL-DEV : [05-19_10:45:13:842] idVendor = 1d6b
05-19 10:45:13.841 463 491 D RIL-DEV :
05-19 10:45:13.841 463 491 D RIL-DEV : [05-19_10:45:13:842] idVendor = 1d6b
05-19 10:45:13.841 463 491 D RIL-DEV :
05-19 10:45:13.841 463 491 D RIL-DEV : [05-19_10:45:13:842] idVendor = 0bda
05-19 10:45:13.841 463 491 D RIL-DEV :
05-19 10:45:13.841 463 491 D RIL-DEV : [05-19_10:45:13:842] idVendor = 1d6b
05-19 10:45:13.841 463 491 D RIL-DEV :
05-19 10:45:13.841 463 491 D RIL-DEV : [05-19_10:45:13:842] idVendor = 2109
05-19 10:45:13.841 463 491 D RIL-DEV :
05-19 10:45:13.842 463 491 D RIL-DEV : [05-19_10:45:13:842] idVendor = 2109
05-19 10:45:13.842 463 491 D RIL-DEV :
05-19 10:45:13.842 463 491 D RIL-DEV : [05-19_10:45:13:842] idVendor = 1d6b
05-19 10:45:13.842 463 491 D RIL-DEV :
05-19 10:45:13.842 463 491 D RIL-DEV : [05-19_10:45:13:842] idVendor = 0bda
05-19 10:45:13.842 463 491 D RIL-DEV :
05-19 10:45:13.842 463 491 D RIL-DEV : [05-19_10:45:13:842] idVendor = 2109
05-19 10:45:13.842 463 491 D RIL-DEV :
05-19 10:45:13.842 463 491 E RIL-DEV : Cannot find Meig devices
05-19 10:45:13.842 463 491 I RIL : ---> can't find meig usb devices
05-21 08:54:39.571 542 542 I : read descriptors
05-21 08:54:39.571 542 542 I : read strings
05-21 08:54:39.573 1 1 I init : processing action (sys.usb.config=adb && sys.usb.configfs=1 && sys.usb.ffs.ready=1) from (/system/etc/init/hw/init.usb.configfs.rc:20)
05-21 08:54:39.575 1 1 I init : Command 'symlink /config/usb_gadget/g1/functions/ffs.adb /config/usb_gadget/g1/configs/b.1/f1' action=sys.usb.config=adb && sys.usb.configfs=1 && sys.usb.ffs.ready=1 (/system/etc/init/hw/init.usb.configfs.rc:22) took 0ms and failed: symlink() failed: File exists
05-21 08:54:39.575 1 1 I init : Command 'write /config/usb_gadget/g1/UDC ${sys.usb.controller}' action=sys.usb.config=adb && sys.usb.configfs=1 && sys.usb.ffs.ready=1 (/system/etc/init/hw/init.usb.configfs.rc:23) took 0ms and failed: Unable to write to file '/config/usb_gadget/g1/UDC': Unable to write file contents: Device or resource busy
05-19 10:45:14.002 1272 1272 W ContextImpl: Calling a method in the system process without a qualified user: android.app.ContextImpl.sendBroadcast:1181 android.content.ContextWrapper.sendBroadcast:479 cn.eben.newweather.DateWeatherService.a:19 cn.eben.newweather.DateWeatherService.a:0 cn.eben.newweather.DateWeatherService$1.handleMessage:7
05-19 10:45:15.001 1272 1272 W ContextImpl: Calling a method in the system process without a qualified user: android.app.ContextImpl.sendBroadcast:1181 android.content.ContextWrapper.sendBroadcast:479 cn.eben.newweather.DateWeatherService.a:19 cn.eben.newweather.DateWeatherService.a:0 cn.eben.newweather.DateWeatherService$1.handleMessage:7
05-21 08:54:40.621 542 542 I : read descriptors
05-21 08:54:40.621 542 542 I : read strings
05-21 08:54:40.623 1 1 I init : processing action (sys.usb.config=adb && sys.usb.configfs=1 && sys.usb.ffs.ready=1) from (/system/etc/init/hw/init.usb.configfs.rc:20)
05-21 08:54:40.626 1 1 I init : Command 'symlink /config/usb_gadget/g1/functions/ffs.adb /config/usb_gadget/g1/configs/b.1/f1' action=sys.usb.config=adb && sys.usb.configfs=1 && sys.usb.ffs.ready=1 (/system/etc/init/hw/init.usb.configfs.rc:22) took 0ms and failed: symlink() failed: File exists
05-21 08:54:40.626 1 1 I init : Command 'write /config/usb_gadget/g1/UDC ${sys.usb.controller}' action=sys.usb.config=adb && sys.usb.configfs=1 && sys.usb.ffs.ready=1 (/system/etc/init/hw/init.usb.configfs.rc:23) took 0ms and failed: Unable to write to file '/config/usb_gadget/g1/UDC': Unable to write file contents: Device or resource busy
05-19 10:45:15.842 463 491 I RIL : ---> enter mainloop wait at port
05-19 10:45:15.843 463 491 D RIL-DEV : Get modem info
05-19 10:45:15.843 463 491 D RIL-DEV : [05-19_10:45:15:844] idVendor = 0bda
05-19 10:45:15.843 463 491 D RIL-DEV :
05-19 10:45:15.844 463 491 D RIL-DEV : [05-19_10:45:15:844] idVendor = 05e3
05-19 10:45:15.844 463 491 D RIL-DEV :
05-19 10:45:15.844 463 491 D RIL-DEV : [05-19_10:45:15:844] idVendor = 1d6b
05-19 10:45:15.844 463 491 D RIL-DEV :
05-19 10:45:15.844 463 491 D RIL-DEV : [05-19_10:45:15:845] idVendor = 1d6b
05-19 10:45:15.844 463 491 D RIL-DEV :
05-19 10:45:15.844 463 491 D RIL-DEV : [05-19_10:45:15:845] idVendor = 0bda
05-19 10:45:15.844 463 491 D RIL-DEV :
05-19 10:45:15.845 463 491 D RIL-DEV : [05-19_10:45:15:846] idVendor = 1d6b
05-19 10:45:15.845 463 491 D RIL-DEV :
05-19 10:45:15.845 463 491 D RIL-DEV : [05-19_10:45:15:846] idVendor = 2109
05-19 10:45:15.845 463 491 D RIL-DEV :
05-19 10:45:15.846 463 491 D RIL-DEV : [05-19_10:45:15:846] idVendor = 2109
05-19 10:45:15.846 463 491 D RIL-DEV :
05-19 10:45:15.846 463 491 D RIL-DEV : [05-19_10:45:15:846] idVendor = 1d6b
05-19 10:45:15.846 463 491 D RIL-DEV :
05-19 10:45:15.846 463 491 D RIL-DEV : [05-19_10:45:15:847] idVendor = 0bda
05-19 10:45:15.846 463 491 D RIL-DEV :
05-19 10:45:15.847 463 491 D RIL-DEV : [05-19_10:45:15:847] idVendor = 2109
05-19 10:45:15.847 463 491 D RIL-DEV :
05-19 10:45:15.847 463 491 E RIL-DEV : Cannot find Meig devices
05-19 10:45:15.847 463 491 I RIL : ---> can't find meig usb devices
05-19 10:45:16.002 1272 1272 W ContextImpl: Calling a method in the system process without a qualified user: android.app.ContextImpl.sendBroadcast:1181 android.content.ContextWrapper.sendBroadcast:479 cn.eben.newweather.DateWeatherService.a:19 cn.eben.newweather.DateWeatherService.a:0 cn.eben.newweather.DateWeatherService$1.handleMessage:7
05-21 08:54:41.678 542 542 I : read descriptors
05-21 08:54:41.678 542 542 I : read strings
05-21 08:54:41.681 1 1 I init : processing action (sys.usb.config=adb && sys.usb.configfs=1 && sys.usb.ffs.ready=1) from (/system/etc/init/hw/init.usb.configfs.rc:20)
05-19 10:45:17.002 1272 1272 W ContextImpl: Calling a method in the system process without a qualified user: android.app.ContextImpl.sendBroadcast:1181 android.content.ContextWrapper.sendBroadcast:479 cn.eben.newweather.DateWeatherService.a:19 cn.eben.newweather.DateWeatherService.a:0 cn.eben.newweather.DateWeatherService$1.handleMessage:7
05-21 08:54:42.748 542 542 I : read descriptors
05-21 08:54:42.748 542 542 I : read strings
05-19 10:45:17.778 627 9940 W ContentProviderHelper: Permission Denial: opening provider com.android.providers.contacts.ContactsProvider2 from ProcessRecord{552b742 1631:cn.eben.sync/u0a63} (pid=1631, uid=10063) requires android.permission.READ_CONTACTS or android.permission.WRITE_CONTACTS
05-19 10:45:17.847 463 491 I RIL : ---> enter mainloop wait at port
05-19 10:45:17.847 463 491 D RIL-DEV : Get modem info
05-19 10:45:17.848 463 491 D RIL-DEV : [05-19_10:45:17:848] idVendor = 0bda
05-19 10:45:17.848 463 491 D RIL-DEV :
05-19 10:45:17.848 463 491 D RIL-DEV : [05-19_10:45:17:849] idVendor = 05e3
05-19 10:45:17.848 463 491 D RIL-DEV :
05-19 10:45:17.849 463 491 D RIL-DEV : [05-19_10:45:17:849] idVendor = 1d6b
05-19 10:45:17.849 463 491 D RIL-DEV :
05-19 10:45:17.849 463 491 D RIL-DEV : [05-19_10:45:17:850] idVendor = 1d6b
05-19 10:45:17.849 463 491 D RIL-DEV :
05-19 10:45:17.849 463 491 D RIL-DEV : [05-19_10:45:17:850] idVendor = 0bda
05-19 10:45:17.849 463 491 D RIL-DEV :
05-19 10:45:17.850 463 491 D RIL-DEV : [05-19_10:45:17:850] idVendor = 1d6b
05-19 10:45:17.850 463 491 D RIL-DEV :
05-19 10:45:17.850 463 491 D RIL-DEV : [05-19_10:45:17:850] idVendor = 2109
05-19 10:45:17.850 463 491 D RIL-DEV :
05-19 10:45:17.850 463 491 D RIL-DEV : [05-19_10:45:17:851] idVendor = 2109
05-19 10:45:17.850 463 491 D RIL-DEV :
05-19 10:45:17.851 463 491 D RIL-DEV : [05-19_10:45:17:851] idVendor = 1d6b
05-19 10:45:17.851 463 491 D RIL-DEV :
05-19 10:45:17.851 463 491 D RIL-DEV : [05-19_10:45:17:851] idVendor = 0bda
05-19 10:45:17.851 463 491 D RIL-DEV :
05-19 10:45:17.851 463 491 D RIL-DEV : [05-19_10:45:17:852] idVendor = 2109
05-19 10:45:17.851 463 491 D RIL-DEV :
05-19 10:45:17.852 463 491 E RIL-DEV : Cannot find Meig devices
05-19 10:45:17.852 463 491 I RIL : ---> can't find meig usb devices
05-19 10:45:18.001 1272 1272 W ContextImpl: Calling a method in the system process without a qualified user: android.app.ContextImpl.sendBroadcast:1181 android.content.ContextWrapper.sendBroadcast:479 cn.eben.newweather.DateWeatherService.a:19 cn.eben.newweather.DateWeatherService.a:0 cn.eben.newweather.DateWeatherService$1.handleMessage:7
05-21 08:54:43.788 542 542 I : read descriptors
05-21 08:54:43.788 542 542 I : read strings
05-21 08:54:43.791 1 1 I init : processing action (sys.usb.config=adb && sys.usb.configfs=1 && sys.usb.ffs.ready=1) from (/system/etc/init/hw/init.usb.configfs.rc:20)
05-21 08:54:43.793 1 1 I init : Command 'symlink /config/usb_gadget/g1/functions/ffs.adb /config/usb_gadget/g1/configs/b.1/f1' action=sys.usb.config=adb && sys.usb.configfs=1 && sys.usb.ffs.ready=1 (/system/etc/init/hw/init.usb.configfs.rc:22) took 0ms and failed: symlink() failed: File exists
05-21 08:54:43.796 1 1 I init : Command 'write /config/usb_gadget/g1/UDC ${sys.usb.controller}' action=sys.usb.config=adb && sys.usb.configfs=1 && sys.usb.ffs.ready=1 (/system/etc/init/hw/init.usb.configfs.rc:23) took 2ms and failed: Unable to write to file '/config/usb_gadget/g1/UDC': Unable to write file contents: Device or resource busy
05-19 10:45:19.003 1272 1272 W ContextImpl: Calling a method in the system process without a qualified user: android.app.ContextImpl.sendBroadcast:1181 android.content.ContextWrapper.sendBroadcast:479 cn.eben.newweather.DateWeatherService.a:19 cn.eben.newweather.DateWeatherService.a:0 cn.eben.newweather.DateWeatherService$1.handleMessage:7
05-21 08:54:44.831 542 542 I : read descriptors
05-21 08:54:44.831 542 542 I : read strings
05-21 08:54:44.833 1 1 I init : processing action (sys.usb.config=adb && sys.usb.configfs=1 && sys.usb.ffs.ready=1) from (/system/etc/init/hw/init.usb.configfs.rc:20)
05-21 08:54:44.836 1 1 I init : Command 'symlink /config/usb_gadget/g1/functions/ffs.adb /config/usb_gadget/g1/configs/b.1/f1' action=sys.usb.config=adb && sys.usb.configfs=1 && sys.usb.ffs.ready=1 (/system/etc/init/hw/init.usb.configfs.rc:22) took 0ms and failed: symlink() failed: File exists
05-21 08:54:44.839 1 1 I init : Command 'write /config/usb_gadget/g1/UDC ${sys.usb.controller}' action=sys.usb.config=adb && sys.usb.configfs=1 && sys.usb.ffs.ready=1 (/system/etc/init/hw/init.usb.configfs.rc:23) took 2ms and failed: Unable to write to file '/config/usb_gadget/g1/UDC': Unable to write file contents: Device or resource busy
05-19 10:45:19.852 463 491 I RIL : ---> enter mainloop wait at port
05-19 10:45:19.852 463 491 D RIL-DEV : Get modem info
05-19 10:45:19.853 463 491 D RIL-DEV : [05-19_10:45:19:853] idVendor = 0bda
05-19 10:45:19.853 463 491 D RIL-DEV :
05-19 10:45:19.853 463 491 D RIL-DEV : [05-19_10:45:19:854] idVendor = 05e3
05-19 10:45:19.853 463 491 D RIL-DEV :
05-19 10:45:19.854 463 491 D RIL-DEV : [05-19_10:45:19:854] idVendor = 1d6b
05-19 10:45:19.854 463 491 D RIL-DEV :
05-19 10:45:19.854 463 491 D RIL-DEV : [05-19_10:45:19:854] idVendor = 1d6b
05-19 10:45:19.854 463 491 D RIL-DEV :
05-19 10:45:19.854 463 491 D RIL-DEV : [05-19_10:45:19:855] idVendor = 0bda
05-19 10:45:19.854 463 491 D RIL-DEV :
05-19 10:45:19.855 463 491 D RIL-DEV : [05-19_10:45:19:855] idVendor = 1d6b
05-19 10:45:19.855 463 491 D RIL-DEV :
05-19 10:45:19.855 463 491 D RIL-DEV : [05-19_10:45:19:856] idVendor = 2109
05-19 10:45:19.855 463 491 D RIL-DEV :
05-19 10:45:19.856 463 491 D RIL-DEV : [05-19_10:45:19:856] idVendor = 2109
05-19 10:45:19.856 463 491 D RIL-DEV :
05-19 10:45:19.856 463 491 D RIL-DEV : [05-19_10:45:19:856] idVendor = 1d6b
05-19 10:45:19.856 463 491 D RIL-DEV :
05-19 10:45:19.856 463 491 D RIL-DEV : [05-19_10:45:19:857] idVendor = 0bda
05-19 10:45:19.856 463 491 D RIL-DEV :
05-19 10:45:19.856 463 491 D RIL-DEV : [05-19_10:45:19:857] idVendor = 2109
05-19 10:45:19.856 463 491 D RIL-DEV :
05-19 10:45:19.857 463 491 E RIL-DEV : Cannot find Meig devices
05-19 10:45:19.857 463 491 I RIL : ---> can't find meig usb devices
05-19 10:45:20.003 1272 1272 W ContextImpl: Calling a method in the system process without a qualified user: android.app.ContextImpl.sendBroadcast:1181 android.content.ContextWrapper.sendBroadcast:479 cn.eben.newweather.DateWeatherService.a:19 cn.eben.newweather.DateWeatherService.a:0 cn.eben.newweather.DateWeatherService$1.handleMessage:7
05-21 08:54:45.895 542 542 I : read descriptors
05-21 08:54:45.895 542 542 I : read strings
05-21 08:54:45.896 1 1 I init : processing action (sys.usb.config=adb && sys.usb.configfs=1 && sys.usb.ffs.ready=1) from (/system/etc/init/hw/init.usb.configfs.rc:20)
05-21 08:54:45.899 1 1 I init : Command 'symlink /config/usb_gadget/g1/functions/ffs.adb /config/usb_gadget/g1/configs/b.1/f1' action=sys.usb.config=adb && sys.usb.configfs=1 && sys.usb.ffs.ready=1 (/system/etc/init/hw/init.usb.configfs.rc:22) took 0ms and failed: symlink() failed: File exists
05-21 08:54:45.899 1 1 I init : Command 'write /config/usb_gadget/g1/UDC ${sys.usb.controller}' action=sys.usb.config=adb && sys.usb.configfs=1 && sys.usb.ffs.ready=1 (/system/etc/init/hw/init.usb.configfs.rc:23) took 0ms and failed: Unable to write to file '/config/usb_gadget/g1/UDC': Unable to write file contents: Device or resource busy
05-19 10:45:21.001 1272 1272 W ContextImpl: Calling a method in the system process without a qualified user: android.app.ContextImpl.sendBroadcast:1181 android.content.ContextWrapper.sendBroadcast:479 cn.eben.newweather.DateWeatherService.a:19 cn.eben.newweather.DateWeatherService.a:0 cn.eben.newweather.DateWeatherService$1.handleMessage:7
05-21 08:54:46.941 542 542 I : read descriptors
05-21 08:54:46.941 542 542 I : read strings
05-21 08:54:46.943 1 1 I init : processing action (sys.usb.config=adb && sys.usb.configfs=1 && sys.usb.ffs.ready=1) from (/system/etc/init/hw/init.usb.configfs.rc:20)
05-19 10:45:21.857 463 491 I RIL : ---> enter mainloop wait at port
05-19 10:45:21.857 463 491 D RIL-DEV : Get modem info
05-19 10:45:21.858 463 491 D RIL-DEV : [05-19_10:45:21:858] idVendor = 0bda
05-19 10:45:21.858 463 491 D RIL-DEV :
05-19 10:45:21.858 463 491 D RIL-DEV : [05-19_10:45:21:859] idVendor = 05e3
05-19 10:45:21.858 463 491 D RIL-DEV :
05-19 10:45:21.859 463 491 D RIL-DEV : [05-19_10:45:21:859] idVendor = 1d6b
05-19 10:45:21.859 463 491 D RIL-DEV :
05-19 10:45:21.859 463 491 D RIL-DEV : [05-19_10:45:21:860] idVendor = 1d6b
05-19 10:45:21.859 463 491 D RIL-DEV :
05-19 10:45:21.859 463 491 D RIL-DEV : [05-19_10:45:21:860] idVendor = 0bda
05-19 10:45:21.859 463 491 D RIL-DEV :
05-19 10:45:21.860 463 491 D RIL-DEV : [05-19_10:45:21:860] idVendor = 1d6b
05-19 10:45:21.860 463 491 D RIL-DEV :
05-19 10:45:21.860 463 491 D RIL-DEV : [05-19_10:45:21:860] idVendor = 2109
05-19 10:45:21.860 463 491 D RIL-DEV :
05-19 10:45:21.860 463 491 D RIL-DEV : [05-19_10:45:21:861] idVendor = 2109
05-19 10:45:21.860 463 491 D RIL-DEV :
05-19 10:45:21.861 463 491 D RIL-DEV : [05-19_10:45:21:861] idVendor = 1d6b
05-19 10:45:21.861 463 491 D RIL-DEV :
05-19 10:45:21.861 463 491 D RIL-DEV : [05-19_10:45:21:861] idVendor = 0bda
05-19 10:45:21.861 463 491 D RIL-DEV :
05-19 10:45:21.861 463 491 D RIL-DEV : [05-19_10:45:21:862] idVendor = 2109
05-19 10:45:21.861 463 491 D RIL-DEV :
05-19 10:45:21.862 463 491 E RIL-DEV : Cannot find Meig devices
05-19 10:45:21.862 463 491 I RIL : ---> can't find meig usb devices
05-19 10:45:22.003 1272 1272 W ContextImpl: Calling a method in the system process without a qualified user: android.app.ContextImpl.sendBroadcast:1181 android.content.ContextWrapper.sendBroadcast:479 cn.eben.newweather.DateWeatherService.a:19 cn.eben.newweather.DateWeatherService.a:0 cn.eben.newweather.DateWeatherService$1.handleMessage:7
05-21 08:54:47.978 542 542 I : read descriptors
05-21 08:54:47.978 542 542 I : read strings
05-19 10:45:22.783 627 9940 W ContentProviderHelper: Permission Denial: opening provider com.android.providers.contacts.ContactsProvider2 from ProcessRecord{552b742 1631:cn.eben.sync/u0a63} (pid=1631, uid=10063) requires android.permission.READ_CONTACTS or android.permission.WRITE_CONTACTS
05-19 10:45:23.001 1272 1272 W ContextImpl: Calling a method in the system process without a qualified user: android.app.ContextImpl.sendBroadcast:1181 android.content.ContextWrapper.sendBroadcast:479 cn.eben.newweather.DateWeatherService.a:19 cn.eben.newweather.DateWeatherService.a:0 cn.eben.newweather.DateWeatherService$1.handleMessage:7
05-21 08:54:49.041 542 542 I : read descriptors
05-21 08:54:49.042 542 542 I : read strings
05-21 08:54:49.043 1 1 I init : processing action (sys.usb.config=adb && sys.usb.configfs=1 && sys.usb.ffs.ready=1) from (/system/etc/init/hw/init.usb.configfs.rc:20)
05-21 08:54:49.046 1 1 I init : Command 'symlink /config/usb_gadget/g1/functions/ffs.adb /config/usb_gadget/g1/configs/b.1/f1' action=sys.usb.config=adb && sys.usb.configfs=1 && sys.usb.ffs.ready=1 (/system/etc/init/hw/init.usb.configfs.rc:22) took 0ms and failed: symlink() failed: File exists
05-21 08:54:49.046 1 1 I init : Command 'write /config/usb_gadget/g1/UDC ${sys.usb.controller}' action=sys.usb.config=adb && sys.usb.configfs=1 && sys.usb.ffs.ready=1 (/system/etc/init/hw/init.usb.configfs.rc:23) took 0ms and failed: Unable to write to file '/config/usb_gadget/g1/UDC': Unable to write file contents: Device or resource busy
05-19 10:45:23.862 463 491 I RIL : ---> enter mainloop wait at port
05-19 10:45:23.862 463 491 D RIL-DEV : Get modem info
05-19 10:45:23.863 463 491 D RIL-DEV : [05-19_10:45:23:863] idVendor = 0bda
05-19 10:45:23.863 463 491 D RIL-DEV :
05-19 10:45:23.863 463 491 D RIL-DEV : [05-19_10:45:23:864] idVendor = 05e3
05-19 10:45:23.863 463 491 D RIL-DEV :
05-19 10:45:23.863 463 491 D RIL-DEV : [05-19_10:45:23:864] idVendor = 1d6b
05-19 10:45:23.863 463 491 D RIL-DEV :
05-19 10:45:23.864 463 491 D RIL-DEV : [05-19_10:45:23:864] idVendor = 1d6b
05-19 10:45:23.864 463 491 D RIL-DEV :
05-19 10:45:23.864 463 491 D RIL-DEV : [05-19_10:45:23:864] idVendor = 0bda
05-19 10:45:23.864 463 491 D RIL-DEV :
05-19 10:45:23.864 463 491 D RIL-DEV : [05-19_10:45:23:865] idVendor = 1d6b
05-19 10:45:23.864 463 491 D RIL-DEV :
05-19 10:45:23.865 463 491 D RIL-DEV : [05-19_10:45:23:865] idVendor = 2109
05-19 10:45:23.865 463 491 D RIL-DEV :
05-19 10:45:23.865 463 491 D RIL-DEV : [05-19_10:45:23:866] idVendor = 2109
05-19 10:45:23.865 463 491 D RIL-DEV :
05-19 10:45:23.865 463 491 D RIL-DEV : [05-19_10:45:23:866] idVendor = 1d6b
05-19 10:45:23.865 463 491 D RIL-DEV :
05-19 10:45:23.866 463 491 D RIL-DEV : [05-19_10:45:23:866] idVendor = 0bda
05-19 10:45:23.866 463 491 D RIL-DEV :
05-19 10:45:23.866 463 491 D RIL-DEV : [05-19_10:45:23:867] idVendor = 2109
05-19 10:45:23.866 463 491 D RIL-DEV :
05-19 10:45:23.866 463 491 E RIL-DEV : Cannot find Meig devices
05-19 10:45:23.866 463 491 I RIL : ---> can't find meig usb devices
05-19 10:45:24.002 1272 1272 W ContextImpl: Calling a method in the system process without a qualified user: android.app.ContextImpl.sendBroadcast:1181 android.content.ContextWrapper.sendBroadcast:479 cn.eben.newweather.DateWeatherService.a:19 cn.eben.newweather.DateWeatherService.a:0 cn.eben.newweather.DateWeatherService$1.handleMessage:7
05-19 10:45:24.088 781 781 I sysui_multi_action: [757,931,758,4,759,3,932,0,933,0]
05-21 08:54:50.096 542 542 I : read descriptors
05-21 08:54:50.096 542 542 I : read strings
05-21 08:54:50.098 1 1 I init : processing action (sys.usb.config=adb && sys.usb.configfs=1 && sys.usb.ffs.ready=1) from (/system/etc/init/hw/init.usb.configfs.rc:20)
05-21 08:54:50.102 1 1 I init : Command 'symlink /config/usb_gadget/g1/functions/ffs.adb /config/usb_gadget/g1/configs/b.1/f1' action=sys.usb.config=adb && sys.usb.configfs=1 && sys.usb.ffs.ready=1 (/system/etc/init/hw/init.usb.configfs.rc:22) took 2ms and failed: symlink() failed: File exists
05-21 08:54:50.103 1 1 I init : Command 'write /config/usb_gadget/g1/UDC ${sys.usb.controller}' action=sys.usb.config=adb && sys.usb.configfs=1 && sys.usb.ffs.ready=1 (/system/etc/init/hw/init.usb.configfs.rc:23) took 0ms and failed: Unable to write to file '/config/usb_gadget/g1/UDC': Unable to write file contents: Device or resource busy
05-19 10:45:24.492 781 781 I sysui_multi_action: [757,239,758,4]
05-19 10:45:24.492 781 781 I sysui_multi_action: [757,931,758,4,759,3,932,32,933,1]
05-19 10:45:24.494 781 781 I sysui_multi_action: [757,931,758,4,759,3,932,32,933,1]
05-19 10:45:25.002 1272 1272 W ContextImpl: Calling a method in the system process without a qualified user: android.app.ContextImpl.sendBroadcast:1181 android.content.ContextWrapper.sendBroadcast:479 cn.eben.newweather.DateWeatherService.a:19 cn.eben.newweather.DateWeatherService.a:0 cn.eben.newweather.DateWeatherService$1.handleMessage:7
05-21 08:54:51.138 542 542 I : read descriptors
05-21 08:54:51.138 542 542 I : read strings
05-21 08:54:51.140 1 1 I init : processing action (sys.usb.config=adb && sys.usb.configfs=1 && sys.usb.ffs.ready=1) from (/system/etc/init/hw/init.usb.configfs.rc:20)
05-21 08:54:51.142 1 1 I init : Command 'symlink /config/usb_gadget/g1/functions/ffs.adb /config/usb_gadget/g1/configs/b.1/f1' action=sys.usb.config=adb && sys.usb.configfs=1 && sys.usb.ffs.ready=1 (/system/etc/init/hw/init.usb.configfs.rc:22) took 0ms and failed: symlink() failed: File exists
05-21 08:54:51.142 1 1 I init : Command 'write /config/usb_gadget/g1/UDC ${sys.usb.controller}' action=sys.usb.config=adb && sys.usb.configfs=1 && sys.usb.ffs.ready=1 (/system/etc/init/hw/init.usb.configfs.rc:23) took 0ms and failed: Unable to write to file '/config/usb_gadget/g1/UDC': Unable to write file contents: Device or resource busy
05-19 10:45:25.867 463 491 I RIL : ---> enter mainloop wait at port
05-19 10:45:25.867 463 491 D RIL-DEV : Get modem info
05-19 10:45:25.868 463 491 D RIL-DEV : [05-19_10:45:25:868] idVendor = 0bda
05-19 10:45:25.868 463 491 D RIL-DEV :
05-19 10:45:25.868 463 491 D RIL-DEV : [05-19_10:45:25:868] idVendor = 05e3
05-19 10:45:25.868 463 491 D RIL-DEV :
05-19 10:45:25.868 463 491 D RIL-DEV : [05-19_10:45:25:869] idVendor = 1d6b
05-19 10:45:25.868 463 491 D RIL-DEV :
05-19 10:45:25.869 463 491 D RIL-DEV : [05-19_10:45:25:869] idVendor = 1d6b
05-19 10:45:25.869 463 491 D RIL-DEV :
05-19 10:45:25.869 463 491 D RIL-DEV : [05-19_10:45:25:869] idVendor = 0bda
05-19 10:45:25.869 463 491 D RIL-DEV :
05-19 10:45:25.869 463 491 D RIL-DEV : [05-19_10:45:25:870] idVendor = 1d6b
05-19 10:45:25.869 463 491 D RIL-DEV :
05-19 10:45:25.870 463 491 D RIL-DEV : [05-19_10:45:25:870] idVendor = 2109
05-19 10:45:25.870 463 491 D RIL-DEV :
05-19 10:45:25.870 463 491 D RIL-DEV : [05-19_10:45:25:871] idVendor = 2109
05-19 10:45:25.870 463 491 D RIL-DEV :
05-19 10:45:25.870 463 491 D RIL-DEV : [05-19_10:45:25:871] idVendor = 1d6b
05-19 10:45:25.870 463 491 D RIL-DEV :
05-19 10:45:25.871 463 491 D RIL-DEV : [05-19_10:45:25:871] idVendor = 0bda
05-19 10:45:25.871 463 491 D RIL-DEV :
05-19 10:45:25.871 463 491 D RIL-DEV : [05-19_10:45:25:871] idVendor = 2109
05-19 10:45:25.871 463 491 D RIL-DEV :
05-19 10:45:25.871 463 491 E RIL-DEV : Cannot find Meig devices
05-19 10:45:25.871 463 491 I RIL : ---> can't find meig usb devices
05-19 10:45:26.002 1272 1272 W ContextImpl: Calling a method in the system process without a qualified user: android.app.ContextImpl.sendBroadcast:1181 android.content.ContextWrapper.sendBroadcast:479 cn.eben.newweather.DateWeatherService.a:19 cn.eben.newweather.DateWeatherService.a:0 cn.eben.newweather.DateWeatherService$1.handleMessage:7
05-19 10:45:26.118 781 781 I sysui_multi_action: [757,931,758,4,759,3,932,0,933,0]
05-19 10:45:26.525 781 781 I sysui_multi_action: [757,239,758,4]
05-19 10:45:26.527 781 781 I sysui_multi_action: [757,931,758,4,759,3,932,32,933,1]
05-19 10:45:26.529 781 781 I sysui_multi_action: [757,931,758,4,759,3,932,32,933,1]
05-21 08:54:52.191 542 542 I : read descriptors
05-21 08:54:52.191 542 542 I : read strings
05-21 08:54:52.192 1 1 I init : processing action (sys.usb.config=adb && sys.usb.configfs=1 && sys.usb.ffs.ready=1) from (/system/etc/init/hw/init.usb.configfs.rc:20)
05-19 10:45:27.001 1272 1272 W ContextImpl: Calling a method in the system process without a qualified user: android.app.ContextImpl.sendBroadcast:1181 android.content.ContextWrapper.sendBroadcast:479 cn.eben.newweather.DateWeatherService.a:19 cn.eben.newweather.DateWeatherService.a:0 cn.eben.newweather.DateWeatherService$1.handleMessage:7
05-21 08:54:53.238 542 542 I : read descriptors
05-21 08:54:53.238 542 542 I : read strings
05-19 10:45:27.787 627 9940 W ContentProviderHelper: Permission Denial: opening provider com.android.providers.contacts.ContactsProvider2 from ProcessRecord{552b742 1631:cn.eben.sync/u0a63} (pid=1631, uid=10063) requires android.permission.READ_CONTACTS or android.permission.WRITE_CONTACTS
05-19 10:45:27.872 463 491 I RIL : ---> enter mainloop wait at port
05-19 10:45:27.872 463 491 D RIL-DEV : Get modem info
05-19 10:45:27.872 463 491 D RIL-DEV : [05-19_10:45:27:873] idVendor = 0bda
05-19 10:45:27.872 463 491 D RIL-DEV :
05-19 10:45:27.873 463 491 D RIL-DEV : [05-19_10:45:27:873] idVendor = 05e3
05-19 10:45:27.873 463 491 D RIL-DEV :
05-19 10:45:27.873 463 491 D RIL-DEV : [05-19_10:45:27:874] idVendor = 1d6b
05-19 10:45:27.873 463 491 D RIL-DEV :
05-19 10:45:27.873 463 491 D RIL-DEV : [05-19_10:45:27:874] idVendor = 1d6b
05-19 10:45:27.873 463 491 D RIL-DEV :
05-19 10:45:27.874 463 491 D RIL-DEV : [05-19_10:45:27:874] idVendor = 0bda
05-19 10:45:27.874 463 491 D RIL-DEV :
05-19 10:45:27.874 463 491 D RIL-DEV : [05-19_10:45:27:875] idVendor = 1d6b
05-19 10:45:27.874 463 491 D RIL-DEV :
05-19 10:45:27.874 463 491 D RIL-DEV : [05-19_10:45:27:875] idVendor = 2109
05-19 10:45:27.874 463 491 D RIL-DEV :
05-19 10:45:27.875 463 491 D RIL-DEV : [05-19_10:45:27:875] idVendor = 2109
05-19 10:45:27.875 463 491 D RIL-DEV :
05-19 10:45:27.875 463 491 D RIL-DEV : [05-19_10:45:27:876] idVendor = 1d6b
05-19 10:45:27.875 463 491 D RIL-DEV :
05-19 10:45:27.875 463 491 D RIL-DEV : [05-19_10:45:27:876] idVendor = 0bda
05-19 10:45:27.875 463 491 D RIL-DEV :
05-19 10:45:27.876 463 491 D RIL-DEV : [05-19_10:45:27:876] idVendor = 2109
05-19 10:45:27.876 463 491 D RIL-DEV :
05-19 10:45:27.876 463 491 E RIL-DEV : Cannot find Meig devices
05-19 10:45:27.876 463 491 I RIL : ---> can't find meig usb devices
05-19 10:45:27.926 781 781 I sysui_multi_action: [757,931,758,4,759,3,932,0,933,0]
05-19 10:45:28.003 1272 1272 W ContextImpl: Calling a method in the system process without a qualified user: android.app.ContextImpl.sendBroadcast:1181 android.content.ContextWrapper.sendBroadcast:479 cn.eben.newweather.DateWeatherService.a:19 cn.eben.newweather.DateWeatherService.a:0 cn.eben.newweather.DateWeatherService$1.handleMessage:7
05-19 10:45:28.331 781 781 I sysui_multi_action: [757,239,758,4]
05-19 10:45:28.333 781 781 I sysui_multi_action: [757,931,758,4,759,3,932,32,933,1]
05-19 10:45:28.337 781 781 I sysui_multi_action: [757,931,758,4,759,3,932,32,933,1]
05-21 08:54:54.288 542 542 I : read descriptors
05-21 08:54:54.288 542 542 I : read strings
05-21 08:54:54.290 1 1 I init : processing action (sys.usb.config=adb && sys.usb.configfs=1 && sys.usb.ffs.ready=1) from (/system/etc/init/hw/init.usb.configfs.rc:20)
05-21 08:54:54.293 1 1 I init : Command 'symlink /config/usb_gadget/g1/functions/ffs.adb /config/usb_gadget/g1/configs/b.1/f1' action=sys.usb.config=adb && sys.usb.configfs=1 && sys.usb.ffs.ready=1 (/system/etc/init/hw/init.usb.configfs.rc:22) took 0ms and failed: symlink() failed: File exists
05-21 08:54:54.293 1 1 I init : Command 'write /config/usb_gadget/g1/UDC ${sys.usb.controller}' action=sys.usb.config=adb && sys.usb.configfs=1 && sys.usb.ffs.ready=1 (/system/etc/init/hw/init.usb.configfs.rc:23) took 0ms and failed: Unable to write to file '/config/usb_gadget/g1/UDC': Unable to write file contents: Device or resource busy
05-19 10:45:29.002 1272 1272 W ContextImpl: Calling a method in the system process without a qualified user: android.app.ContextImpl.sendBroadcast:1181 android.content.ContextWrapper.sendBroadcast:479 cn.eben.newweather.DateWeatherService.a:19 cn.eben.newweather.DateWeatherService.a:0 cn.eben.newweather.DateWeatherService$1.handleMessage:7
05-21 08:54:55.335 542 542 I : read descriptors
05-21 08:54:55.335 542 542 I : read strings
05-21 08:54:55.336 1 1 I init : processing action (sys.usb.config=adb && sys.usb.configfs=1 && sys.usb.ffs.ready=1) from (/system/etc/init/hw/init.usb.configfs.rc:20)
05-21 08:54:55.339 1 1 I init : Command 'symlink /config/usb_gadget/g1/functions/ffs.adb /config/usb_gadget/g1/configs/b.1/f1' action=sys.usb.config=adb && sys.usb.configfs=1 && sys.usb.ffs.ready=1 (/system/etc/init/hw/init.usb.configfs.rc:22) took 0ms and failed: symlink() failed: File exists
05-21 08:54:55.340 1 1 I init : Command 'write /config/usb_gadget/g1/UDC ${sys.usb.controller}' action=sys.usb.config=adb && sys.usb.configfs=1 && sys.usb.ffs.ready=1 (/system/etc/init/hw/init.usb.configfs.rc:23) took 0ms and failed: Unable to write to file '/config/usb_gadget/g1/UDC': Unable to write file contents: Device or resource busy
05-19 10:45:29.876 463 491 I RIL : ---> enter mainloop wait at port
05-19 10:45:29.877 463 491 D RIL-DEV : Get modem info
05-19 10:45:29.877 463 491 D RIL-DEV : [05-19_10:45:29:878] idVendor = 0bda
05-19 10:45:29.877 463 491 D RIL-DEV :
05-19 10:45:29.878 463 491 D RIL-DEV : [05-19_10:45:29:878] idVendor = 05e3
05-19 10:45:29.878 463 491 D RIL-DEV :
05-19 10:45:29.878 463 491 D RIL-DEV : [05-19_10:45:29:878] idVendor = 1d6b
05-19 10:45:29.878 463 491 D RIL-DEV :
05-19 10:45:29.878 463 491 D RIL-DEV : [05-19_10:45:29:879] idVendor = 1d6b
05-19 10:45:29.878 463 491 D RIL-DEV :
05-19 10:45:29.879 463 491 D RIL-DEV : [05-19_10:45:29:879] idVendor = 0bda
05-19 10:45:29.879 463 491 D RIL-DEV :
05-19 10:45:29.879 463 491 D RIL-DEV : [05-19_10:45:29:880] idVendor = 1d6b
05-19 10:45:29.879 463 491 D RIL-DEV :
05-19 10:45:29.879 463 491 D RIL-DEV : [05-19_10:45:29:880] idVendor = 2109
05-19 10:45:29.879 463 491 D RIL-DEV :
05-19 10:45:29.880 463 491 D RIL-DEV : [05-19_10:45:29:880] idVendor = 2109
05-19 10:45:29.880 463 491 D RIL-DEV :
05-19 10:45:29.880 463 491 D RIL-DEV : [05-19_10:45:29:880] idVendor = 1d6b
05-19 10:45:29.880 463 491 D RIL-DEV :
05-19 10:45:29.880 463 491 D RIL-DEV : [05-19_10:45:29:881] idVendor = 0bda
05-19 10:45:29.880 463 491 D RIL-DEV :
05-19 10:45:29.881 463 491 D RIL-DEV : [05-19_10:45:29:881] idVendor = 2109
05-19 10:45:29.881 463 491 D RIL-DEV :
05-19 10:45:29.881 463 491 E RIL-DEV : Cannot find Meig devices
05-19 10:45:29.881 463 491 I RIL : ---> can't find meig usb devices
05-19 10:45:30.001 1272 1272 W ContextImpl: Calling a method in the system process without a qualified user: android.app.ContextImpl.sendBroadcast:1181 android.content.ContextWrapper.sendBroadcast:479 cn.eben.newweather.DateWeatherService.a:19 cn.eben.newweather.DateWeatherService.a:0 cn.eben.newweather.DateWeatherService$1.handleMessage:7
05-21 08:54:56.388 542 542 I : read descriptors
05-21 08:54:56.388 542 542 I : read strings
05-21 08:54:56.390 1 1 I init : processing action (sys.usb.config=adb && sys.usb.configfs=1 && sys.usb.ffs.ready=1) from (/system/etc/init/hw/init.usb.configfs.rc:20)
