05-19 10:42:54.956 463 491 D RIL-DEV : [05-19_10:42:54:956] idVendor = 1d6b
05-19 10:42:54.956 463 491 D RIL-DEV :
05-19 10:42:54.956 463 491 D RIL-DEV : [05-19_10:42:54:956] idVendor = 1d6b
05-19 10:42:54.956 463 491 D RIL-DEV :
05-19 10:42:54.956 463 491 D RIL-DEV : [05-19_10:42:54:957] idVendor = 0bda
05-19 10:42:54.956 463 491 D RIL-DEV :
05-19 10:42:54.957 463 491 D RIL-DEV : [05-19_10:42:54:957] idVendor = 1d6b
05-19 10:42:54.957 463 491 D RIL-DEV :
05-19 10:42:54.957 463 491 D RIL-DEV : [05-19_10:42:54:957] idVendor = 2109
05-19 10:42:54.957 463 491 D RIL-DEV :
05-19 10:42:54.957 463 491 D RIL-DEV : [05-19_10:42:54:958] idVendor = 2109
05-19 10:42:54.957 463 491 D RIL-DEV :
05-19 10:42:54.957 463 491 D RIL-DEV : [05-19_10:42:54:958] idVendor = 1d6b
05-19 10:42:54.957 463 491 D RIL-DEV :
05-19 10:42:54.958 463 491 D RIL-DEV : [05-19_10:42:54:958] idVendor = 0bda
05-19 10:42:54.958 463 491 D RIL-DEV :
05-19 10:42:54.958 463 491 D RIL-DEV : [05-19_10:42:54:959] idVendor = 2109
05-19 10:42:54.958 463 491 D RIL-DEV :
05-19 10:42:54.958 463 491 E RIL-DEV : Cannot find Meig devices
05-19 10:42:54.959 463 491 I RIL : ---> can't find meig usb devices
05-19 10:42:55.002 1272 1272 W ContextImpl: Calling a method in the system process without a qualified user: android.app.ContextImpl.sendBroadcast:1181 android.content.ContextWrapper.sendBroadcast:479 cn.eben.newweather.DateWeatherService.a:19 cn.eben.newweather.DateWeatherService.a:0 cn.eben.newweather.DateWeatherService$1.handleMessage:7
05-19 10:42:55.028 19442 19442 W ContextImpl: Calling a method in the system process without a qualified user: android.app.ContextImpl.startService:1824 android.content.ContextWrapper.startService:774 com.ebensz.appmanager.service.UploadMyAppsInfoService$1.handleMessage:63 android.os.Handler.dispatchMessage:106 android.os.Looper.loopOnce:201
05-19 10:42:55.589 627 1967 W ContentProviderHelper: Permission Denial: opening provider com.android.providers.contacts.ContactsProvider2 from ProcessRecord{552b742 1631:cn.eben.sync/u0a63} (pid=1631, uid=10063) requires android.permission.READ_CONTACTS or android.permission.WRITE_CONTACTS
05-21 08:51:17.442 542 542 I : read descriptors
05-21 08:51:17.443 542 542 I : read strings
05-21 08:51:17.444 1 1 I init : processing action (sys.usb.config=adb && sys.usb.configfs=1 && sys.usb.ffs.ready=1) from (/system/etc/init/hw/init.usb.configfs.rc:20)
05-21 08:51:17.447 1 1 I init : Command 'symlink /config/usb_gadget/g1/functions/ffs.adb /config/usb_gadget/g1/configs/b.1/f1' action=sys.usb.config=adb && sys.usb.configfs=1 && sys.usb.ffs.ready=1 (/system/etc/init/hw/init.usb.configfs.rc:22) took 0ms and failed: symlink() failed: File exists
05-21 08:51:17.448 1 1 I init : Command 'write /config/usb_gadget/g1/UDC ${sys.usb.controller}' action=sys.usb.config=adb && sys.usb.configfs=1 && sys.usb.ffs.ready=1 (/system/etc/init/hw/init.usb.configfs.rc:23) took 0ms and failed: Unable to write to file '/config/usb_gadget/g1/UDC': Unable to write file contents: Device or resource busy
05-19 10:42:56.002 1272 1272 W ContextImpl: Calling a method in the system process without a qualified user: android.app.ContextImpl.sendBroadcast:1181 android.content.ContextWrapper.sendBroadcast:479 cn.eben.newweather.DateWeatherService.a:19 cn.eben.newweather.DateWeatherService.a:0 cn.eben.newweather.DateWeatherService$1.handleMessage:7
05-21 08:51:18.486 542 542 I : read descriptors
05-21 08:51:18.486 542 542 I : read strings
05-21 08:51:18.488 1 1 I init : processing action (sys.usb.config=adb && sys.usb.configfs=1 && sys.usb.ffs.ready=1) from (/system/etc/init/hw/init.usb.configfs.rc:20)
05-21 08:51:18.491 1 1 I init : Command 'symlink /config/usb_gadget/g1/functions/ffs.adb /config/usb_gadget/g1/configs/b.1/f1' action=sys.usb.config=adb && sys.usb.configfs=1 && sys.usb.ffs.ready=1 (/system/etc/init/hw/init.usb.configfs.rc:22) took 0ms and failed: symlink() failed: File exists
05-21 08:51:18.492 1 1 I init : Command 'write /config/usb_gadget/g1/UDC ${sys.usb.controller}' action=sys.usb.config=adb && sys.usb.configfs=1 && sys.usb.ffs.ready=1 (/system/etc/init/hw/init.usb.configfs.rc:23) took 0ms and failed: Unable to write to file '/config/usb_gadget/g1/UDC': Unable to write file contents: Device or resource busy
05-21 08:51:21.724 440 440 W healthd : battery l=100 v=8698 t=26.5 h=1 st=5 c=0 fc=9700000 cc=0 chg=u
05-19 10:42:56.959 463 491 I RIL : ---> enter mainloop wait at port
05-19 10:42:56.959 463 491 D RIL-DEV : Get modem info
05-19 10:42:56.960 463 491 D RIL-DEV : [05-19_10:42:56:960] idVendor = 0bda
05-19 10:42:56.960 463 491 D RIL-DEV :
05-19 10:42:56.960 463 491 D RIL-DEV : [05-19_10:42:56:960] idVendor = 05e3
05-19 10:42:56.960 463 491 D RIL-DEV :
05-19 10:42:56.960 463 491 D RIL-DEV : [05-19_10:42:56:961] idVendor = 1d6b
05-19 10:42:56.960 463 491 D RIL-DEV :
05-19 10:42:56.961 463 491 D RIL-DEV : [05-19_10:42:56:961] idVendor = 1d6b
05-19 10:42:56.961 463 491 D RIL-DEV :
05-19 10:42:56.961 463 491 D RIL-DEV : [05-19_10:42:56:961] idVendor = 0bda
05-19 10:42:56.961 463 491 D RIL-DEV :
05-19 10:42:56.961 463 491 D RIL-DEV : [05-19_10:42:56:962] idVendor = 1d6b
05-19 10:42:56.961 463 491 D RIL-DEV :
05-19 10:42:56.962 463 491 D RIL-DEV : [05-19_10:42:56:962] idVendor = 2109
05-19 10:42:56.962 463 491 D RIL-DEV :
05-19 10:42:56.962 463 491 D RIL-DEV : [05-19_10:42:56:963] idVendor = 2109
05-19 10:42:56.962 463 491 D RIL-DEV :
05-19 10:42:56.962 463 491 D RIL-DEV : [05-19_10:42:56:963] idVendor = 1d6b
05-19 10:42:56.962 463 491 D RIL-DEV :
05-19 10:42:56.963 463 491 D RIL-DEV : [05-19_10:42:56:963] idVendor = 0bda
05-19 10:42:56.963 463 491 D RIL-DEV :
05-19 10:42:56.963 463 491 D RIL-DEV : [05-19_10:42:56:963] idVendor = 2109
05-19 10:42:56.963 463 491 D RIL-DEV :
05-19 10:42:56.963 463 491 E RIL-DEV : Cannot find Meig devices
05-19 10:42:56.963 463 491 I RIL : ---> can't find meig usb devices
05-19 10:42:57.002 1272 1272 W ContextImpl: Calling a method in the system process without a qualified user: android.app.ContextImpl.sendBroadcast:1181 android.content.ContextWrapper.sendBroadcast:479 cn.eben.newweather.DateWeatherService.a:19 cn.eben.newweather.DateWeatherService.a:0 cn.eben.newweather.DateWeatherService$1.handleMessage:7
05-21 08:51:22.704 542 542 I : read descriptors
05-21 08:51:22.704 542 542 I : read strings
05-21 08:51:22.705 1 1 I init : processing action (sys.usb.config=adb && sys.usb.configfs=1 && sys.usb.ffs.ready=1) from (/system/etc/init/hw/init.usb.configfs.rc:20)
05-19 10:42:58.002 1272 1272 W ContextImpl: Calling a method in the system process without a qualified user: android.app.ContextImpl.sendBroadcast:1181 android.content.ContextWrapper.sendBroadcast:479 cn.eben.newweather.DateWeatherService.a:19 cn.eben.newweather.DateWeatherService.a:0 cn.eben.newweather.DateWeatherService$1.handleMessage:7
05-19 10:42:58.725 627 702 D ActivityManager: freezing 19156 com.android.documentsui
05-19 10:42:58.727 627 702 D ActivityManager: froze 19156 com.android.documentsui
05-19 10:42:58.727 627 702 I am_freeze: [19156,com.android.documentsui]
05-21 08:51:23.747 542 542 I : read descriptors
05-21 08:51:23.747 542 542 I : read strings
05-19 10:42:58.964 463 491 I RIL : ---> enter mainloop wait at port
05-19 10:42:58.964 463 491 D RIL-DEV : Get modem info
05-19 10:42:58.964 463 491 D RIL-DEV : [05-19_10:42:58:965] idVendor = 0bda
05-19 10:42:58.964 463 491 D RIL-DEV :
05-19 10:42:58.965 463 491 D RIL-DEV : [05-19_10:42:58:965] idVendor = 05e3
05-19 10:42:58.965 463 491 D RIL-DEV :
05-19 10:42:58.965 463 491 D RIL-DEV : [05-19_10:42:58:966] idVendor = 1d6b
05-19 10:42:58.965 463 491 D RIL-DEV :
05-19 10:42:58.966 463 491 D RIL-DEV : [05-19_10:42:58:966] idVendor = 1d6b
05-19 10:42:58.966 463 491 D RIL-DEV :
05-19 10:42:58.966 463 491 D RIL-DEV : [05-19_10:42:58:966] idVendor = 0bda
05-19 10:42:58.966 463 491 D RIL-DEV :
05-19 10:42:58.966 463 491 D RIL-DEV : [05-19_10:42:58:967] idVendor = 1d6b
05-19 10:42:58.966 463 491 D RIL-DEV :
05-19 10:42:58.967 463 491 D RIL-DEV : [05-19_10:42:58:967] idVendor = 2109
05-19 10:42:58.967 463 491 D RIL-DEV :
05-19 10:42:58.967 463 491 D RIL-DEV : [05-19_10:42:58:968] idVendor = 2109
05-19 10:42:58.967 463 491 D RIL-DEV :
05-19 10:42:58.967 463 491 D RIL-DEV : [05-19_10:42:58:968] idVendor = 1d6b
05-19 10:42:58.967 463 491 D RIL-DEV :
05-19 10:42:58.968 463 491 D RIL-DEV : [05-19_10:42:58:968] idVendor = 0bda
05-19 10:42:58.968 463 491 D RIL-DEV :
05-19 10:42:58.968 463 491 D RIL-DEV : [05-19_10:42:58:969] idVendor = 2109
05-19 10:42:58.968 463 491 D RIL-DEV :
05-19 10:42:58.969 463 491 E RIL-DEV : Cannot find Meig devices
05-19 10:42:58.969 463 491 I RIL : ---> can't find meig usb devices
05-19 10:42:59.002 1272 1272 W ContextImpl: Calling a method in the system process without a qualified user: android.app.ContextImpl.sendBroadcast:1181 android.content.ContextWrapper.sendBroadcast:479 cn.eben.newweather.DateWeatherService.a:19 cn.eben.newweather.DateWeatherService.a:0 cn.eben.newweather.DateWeatherService$1.handleMessage:7
05-21 08:51:24.790 542 542 I : read descriptors
05-21 08:51:24.790 542 542 I : read strings
05-21 08:51:24.792 1 1 I init : processing action (sys.usb.config=adb && sys.usb.configfs=1 && sys.usb.ffs.ready=1) from (/system/etc/init/hw/init.usb.configfs.rc:20)
05-21 08:51:24.795 1 1 I init : Command 'symlink /config/usb_gadget/g1/functions/ffs.adb /config/usb_gadget/g1/configs/b.1/f1' action=sys.usb.config=adb && sys.usb.configfs=1 && sys.usb.ffs.ready=1 (/system/etc/init/hw/init.usb.configfs.rc:22) took 0ms and failed: symlink() failed: File exists
05-21 08:51:24.796 1 1 I init : Command 'write /config/usb_gadget/g1/UDC ${sys.usb.controller}' action=sys.usb.config=adb && sys.usb.configfs=1 && sys.usb.ffs.ready=1 (/system/etc/init/hw/init.usb.configfs.rc:23) took 0ms and failed: Unable to write to file '/config/usb_gadget/g1/UDC': Unable to write file contents: Device or resource busy
05-19 10:43:00.002 1272 1272 W ContextImpl: Calling a method in the system process without a qualified user: android.app.ContextImpl.sendBroadcast:1181 android.content.ContextWrapper.sendBroadcast:479 cn.eben.newweather.DateWeatherService.a:19 cn.eben.newweather.DateWeatherService.a:0 cn.eben.newweather.DateWeatherService$1.handleMessage:7
05-19 10:43:00.593 627 16029 W ContentProviderHelper: Permission Denial: opening provider com.android.providers.contacts.ContactsProvider2 from ProcessRecord{552b742 1631:cn.eben.sync/u0a63} (pid=1631, uid=10063) requires android.permission.READ_CONTACTS or android.permission.WRITE_CONTACTS
05-21 08:51:25.834 542 542 I : read descriptors
05-21 08:51:25.834 542 542 I : read strings
05-21 08:51:25.836 1 1 I init : processing action (sys.usb.config=adb && sys.usb.configfs=1 && sys.usb.ffs.ready=1) from (/system/etc/init/hw/init.usb.configfs.rc:20)
05-21 08:51:25.838 1 1 I init : Command 'symlink /config/usb_gadget/g1/functions/ffs.adb /config/usb_gadget/g1/configs/b.1/f1' action=sys.usb.config=adb && sys.usb.configfs=1 && sys.usb.ffs.ready=1 (/system/etc/init/hw/init.usb.configfs.rc:22) took 0ms and failed: symlink() failed: File exists
05-21 08:51:25.839 1 1 I init : Command 'write /config/usb_gadget/g1/UDC ${sys.usb.controller}' action=sys.usb.config=adb && sys.usb.configfs=1 && sys.usb.ffs.ready=1 (/system/etc/init/hw/init.usb.configfs.rc:23) took 0ms and failed: Unable to write to file '/config/usb_gadget/g1/UDC': Unable to write file contents: Device or resource busy
05-19 10:43:00.969 463 491 I RIL : ---> enter mainloop wait at port
05-19 10:43:00.969 463 491 D RIL-DEV : Get modem info
05-19 10:43:00.970 463 491 D RIL-DEV : [05-19_10:43:00:970] idVendor = 0bda
05-19 10:43:00.970 463 491 D RIL-DEV :
05-19 10:43:00.970 463 491 D RIL-DEV : [05-19_10:43:00:970] idVendor = 05e3
05-19 10:43:00.970 463 491 D RIL-DEV :
05-19 10:43:00.970 463 491 D RIL-DEV : [05-19_10:43:00:971] idVendor = 1d6b
05-19 10:43:00.970 463 491 D RIL-DEV :
05-19 10:43:00.970 463 491 D RIL-DEV : [05-19_10:43:00:971] idVendor = 1d6b
05-19 10:43:00.970 463 491 D RIL-DEV :
05-19 10:43:00.970 463 491 D RIL-DEV : [05-19_10:43:00:971] idVendor = 0bda
05-19 10:43:00.970 463 491 D RIL-DEV :
05-19 10:43:00.971 463 491 D RIL-DEV : [05-19_10:43:00:971] idVendor = 1d6b
05-19 10:43:00.971 463 491 D RIL-DEV :
05-19 10:43:00.971 463 491 D RIL-DEV : [05-19_10:43:00:971] idVendor = 2109
05-19 10:43:00.971 463 491 D RIL-DEV :
05-19 10:43:00.971 463 491 D RIL-DEV : [05-19_10:43:00:972] idVendor = 2109
05-19 10:43:00.971 463 491 D RIL-DEV :
05-19 10:43:00.971 463 491 D RIL-DEV : [05-19_10:43:00:972] idVendor = 1d6b
05-19 10:43:00.971 463 491 D RIL-DEV :
05-19 10:43:00.972 463 491 D RIL-DEV : [05-19_10:43:00:972] idVendor = 0bda
05-19 10:43:00.972 463 491 D RIL-DEV :
05-19 10:43:00.972 463 491 D RIL-DEV : [05-19_10:43:00:972] idVendor = 2109
05-19 10:43:00.972 463 491 D RIL-DEV :
05-19 10:43:00.972 463 491 E RIL-DEV : Cannot find Meig devices
05-19 10:43:00.972 463 491 I RIL : ---> can't find meig usb devices
05-19 10:43:01.002 1272 1272 W ContextImpl: Calling a method in the system process without a qualified user: android.app.ContextImpl.sendBroadcast:1181 android.content.ContextWrapper.sendBroadcast:479 cn.eben.newweather.DateWeatherService.a:19 cn.eben.newweather.DateWeatherService.a:0 cn.eben.newweather.DateWeatherService$1.handleMessage:7
05-21 08:51:26.887 542 542 I : read descriptors
05-21 08:51:26.887 542 542 I : read strings
05-21 08:51:26.889 1 1 I init : processing action (sys.usb.config=adb && sys.usb.configfs=1 && sys.usb.ffs.ready=1) from (/system/etc/init/hw/init.usb.configfs.rc:20)
05-21 08:51:26.892 1 1 I init : Command 'symlink /config/usb_gadget/g1/functions/ffs.adb /config/usb_gadget/g1/configs/b.1/f1' action=sys.usb.config=adb && sys.usb.configfs=1 && sys.usb.ffs.ready=1 (/system/etc/init/hw/init.usb.configfs.rc:22) took 0ms and failed: symlink() failed: File exists
05-21 08:51:26.893 1 1 I init : Command 'write /config/usb_gadget/g1/UDC ${sys.usb.controller}' action=sys.usb.config=adb && sys.usb.configfs=1 && sys.usb.ffs.ready=1 (/system/etc/init/hw/init.usb.configfs.rc:23) took 0ms and failed: Unable to write to file '/config/usb_gadget/g1/UDC': Unable to write file contents: Device or resource busy
05-19 10:43:02.001 1272 1272 W ContextImpl: Calling a method in the system process without a qualified user: android.app.ContextImpl.sendBroadcast:1181 android.content.ContextWrapper.sendBroadcast:479 cn.eben.newweather.DateWeatherService.a:19 cn.eben.newweather.DateWeatherService.a:0 cn.eben.newweather.DateWeatherService$1.handleMessage:7
05-19 10:43:02.972 463 491 I RIL : ---> enter mainloop wait at port
05-19 10:43:02.973 463 491 D RIL-DEV : Get modem info
05-19 10:43:02.973 463 491 D RIL-DEV : [05-19_10:43:02:974] idVendor = 0bda
05-19 10:43:02.973 463 491 D RIL-DEV :
05-19 10:43:02.974 463 491 D RIL-DEV : [05-19_10:43:02:974] idVendor = 05e3
05-19 10:43:02.974 463 491 D RIL-DEV :
05-19 10:43:02.974 463 491 D RIL-DEV : [05-19_10:43:02:974] idVendor = 1d6b
05-19 10:43:02.974 463 491 D RIL-DEV :
05-19 10:43:02.974 463 491 D RIL-DEV : [05-19_10:43:02:975] idVendor = 1d6b
05-19 10:43:02.974 463 491 D RIL-DEV :
05-19 10:43:02.975 463 491 D RIL-DEV : [05-19_10:43:02:975] idVendor = 0bda
05-19 10:43:02.975 463 491 D RIL-DEV :
05-19 10:43:02.975 463 491 D RIL-DEV : [05-19_10:43:02:976] idVendor = 1d6b
05-19 10:43:02.975 463 491 D RIL-DEV :
05-19 10:43:02.975 463 491 D RIL-DEV : [05-19_10:43:02:976] idVendor = 2109
05-19 10:43:02.975 463 491 D RIL-DEV :
05-19 10:43:02.976 463 491 D RIL-DEV : [05-19_10:43:02:976] idVendor = 2109
05-19 10:43:02.976 463 491 D RIL-DEV :
05-19 10:43:02.976 463 491 D RIL-DEV : [05-19_10:43:02:976] idVendor = 1d6b
05-19 10:43:02.976 463 491 D RIL-DEV :
05-19 10:43:02.976 463 491 D RIL-DEV : [05-19_10:43:02:977] idVendor = 0bda
05-19 10:43:02.976 463 491 D RIL-DEV :
05-19 10:43:02.977 463 491 D RIL-DEV : [05-19_10:43:02:977] idVendor = 2109
05-19 10:43:02.977 463 491 D RIL-DEV :
05-19 10:43:02.977 463 491 E RIL-DEV : Cannot find Meig devices
05-19 10:43:02.977 463 491 I RIL : ---> can't find meig usb devices
05-19 10:43:03.002 1272 1272 W ContextImpl: Calling a method in the system process without a qualified user: android.app.ContextImpl.sendBroadcast:1181 android.content.ContextWrapper.sendBroadcast:479 cn.eben.newweather.DateWeatherService.a:19 cn.eben.newweather.DateWeatherService.a:0 cn.eben.newweather.DateWeatherService$1.handleMessage:7
05-21 08:51:27.944 542 542 I : read descriptors
05-21 08:51:27.944 542 542 I : read strings
05-21 08:51:27.945 1 1 I init : processing action (sys.usb.config=adb && sys.usb.configfs=1 && sys.usb.ffs.ready=1) from (/system/etc/init/hw/init.usb.configfs.rc:20)
05-19 10:43:04.001 1272 1272 W ContextImpl: Calling a method in the system process without a qualified user: android.app.ContextImpl.sendBroadcast:1181 android.content.ContextWrapper.sendBroadcast:479 cn.eben.newweather.DateWeatherService.a:19 cn.eben.newweather.DateWeatherService.a:0 cn.eben.newweather.DateWeatherService$1.handleMessage:7
05-21 08:51:29.004 542 542 I : read descriptors
05-21 08:51:29.004 542 542 I : read strings
05-19 10:43:04.977 463 491 I RIL : ---> enter mainloop wait at port
05-19 10:43:04.978 463 491 D RIL-DEV : Get modem info
05-19 10:43:04.978 463 491 D RIL-DEV : [05-19_10:43:04:979] idVendor = 0bda
05-19 10:43:04.978 463 491 D RIL-DEV :
05-19 10:43:04.979 463 491 D RIL-DEV : [05-19_10:43:04:979] idVendor = 05e3
05-19 10:43:04.979 463 491 D RIL-DEV :
05-19 10:43:04.979 463 491 D RIL-DEV : [05-19_10:43:04:979] idVendor = 1d6b
05-19 10:43:04.979 463 491 D RIL-DEV :
05-19 10:43:04.979 463 491 D RIL-DEV : [05-19_10:43:04:980] idVendor = 1d6b
05-19 10:43:04.979 463 491 D RIL-DEV :
05-19 10:43:04.979 463 491 D RIL-DEV : [05-19_10:43:04:980] idVendor = 0bda
05-19 10:43:04.979 463 491 D RIL-DEV :
05-19 10:43:04.980 463 491 D RIL-DEV : [05-19_10:43:04:980] idVendor = 1d6b
05-19 10:43:04.980 463 491 D RIL-DEV :
05-19 10:43:04.980 463 491 D RIL-DEV : [05-19_10:43:04:981] idVendor = 2109
05-19 10:43:04.980 463 491 D RIL-DEV :
05-19 10:43:04.981 463 491 D RIL-DEV : [05-19_10:43:04:981] idVendor = 2109
05-19 10:43:04.981 463 491 D RIL-DEV :
05-19 10:43:04.981 463 491 D RIL-DEV : [05-19_10:43:04:981] idVendor = 1d6b
05-19 10:43:04.981 463 491 D RIL-DEV :
05-19 10:43:04.981 463 491 D RIL-DEV : [05-19_10:43:04:982] idVendor = 0bda
05-19 10:43:04.981 463 491 D RIL-DEV :
05-19 10:43:04.981 463 491 D RIL-DEV : [05-19_10:43:04:982] idVendor = 2109
05-19 10:43:04.981 463 491 D RIL-DEV :
05-19 10:43:04.982 463 491 E RIL-DEV : Cannot find Meig devices
05-19 10:43:04.982 463 491 I RIL : ---> can't find meig usb devices
05-19 10:43:05.002 1272 1272 W ContextImpl: Calling a method in the system process without a qualified user: android.app.ContextImpl.sendBroadcast:1181 android.content.ContextWrapper.sendBroadcast:479 cn.eben.newweather.DateWeatherService.a:19 cn.eben.newweather.DateWeatherService.a:0 cn.eben.newweather.DateWeatherService$1.handleMessage:7
05-21 08:51:30.074 542 542 I : read descriptors
05-21 08:51:30.074 542 542 I : read strings
05-21 08:51:30.075 1 1 I init : processing action (sys.usb.config=adb && sys.usb.configfs=1 && sys.usb.ffs.ready=1) from (/system/etc/init/hw/init.usb.configfs.rc:20)
05-21 08:51:30.078 1 1 I init : Command 'symlink /config/usb_gadget/g1/functions/ffs.adb /config/usb_gadget/g1/configs/b.1/f1' action=sys.usb.config=adb && sys.usb.configfs=1 && sys.usb.ffs.ready=1 (/system/etc/init/hw/init.usb.configfs.rc:22) took 0ms and failed: symlink() failed: File exists
05-21 08:51:30.078 1 1 I init : Command 'write /config/usb_gadget/g1/UDC ${sys.usb.controller}' action=sys.usb.config=adb && sys.usb.configfs=1 && sys.usb.ffs.ready=1 (/system/etc/init/hw/init.usb.configfs.rc:23) took 0ms and failed: Unable to write to file '/config/usb_gadget/g1/UDC': Unable to write file contents: Device or resource busy
05-19 10:43:05.598 627 16029 W ContentProviderHelper: Permission Denial: opening provider com.android.providers.contacts.ContactsProvider2 from ProcessRecord{552b742 1631:cn.eben.sync/u0a63} (pid=1631, uid=10063) requires android.permission.READ_CONTACTS or android.permission.WRITE_CONTACTS
05-19 10:43:05.599 627 668 V DisplayPowerController[0]: Brightness [0.05] reason changing to: 'manual [ dim ]', previous reason: 'manual'.
05-19 10:43:05.599 627 668 I sysui_multi_action: [757,1696,758,6,759,2]
05-19 10:43:06.003 1272 1272 W ContextImpl: Calling a method in the system process without a qualified user: android.app.ContextImpl.sendBroadcast:1181 android.content.ContextWrapper.sendBroadcast:479 cn.eben.newweather.DateWeatherService.a:19 cn.eben.newweather.DateWeatherService.a:0 cn.eben.newweather.DateWeatherService$1.handleMessage:7
05-21 08:51:31.144 542 542 I : read descriptors
05-21 08:51:31.144 542 542 I : read strings
05-21 08:51:31.145 1 1 I init : processing action (sys.usb.config=adb && sys.usb.configfs=1 && sys.usb.ffs.ready=1) from (/system/etc/init/hw/init.usb.configfs.rc:20)
05-21 08:51:31.148 1 1 I init : Command 'symlink /config/usb_gadget/g1/functions/ffs.adb /config/usb_gadget/g1/configs/b.1/f1' action=sys.usb.config=adb && sys.usb.configfs=1 && sys.usb.ffs.ready=1 (/system/etc/init/hw/init.usb.configfs.rc:22) took 0ms and failed: symlink() failed: File exists
05-21 08:51:31.148 1 1 I init : Command 'write /config/usb_gadget/g1/UDC ${sys.usb.controller}' action=sys.usb.config=adb && sys.usb.configfs=1 && sys.usb.ffs.ready=1 (/system/etc/init/hw/init.usb.configfs.rc:23) took 0ms and failed: Unable to write to file '/config/usb_gadget/g1/UDC': Unable to write file contents: Device or resource busy
05-19 10:43:06.982 463 491 I RIL : ---> enter mainloop wait at port
05-19 10:43:06.982 463 491 D RIL-DEV : Get modem info
05-19 10:43:06.983 463 491 D RIL-DEV : [05-19_10:43:06:983] idVendor = 0bda
05-19 10:43:06.983 463 491 D RIL-DEV :
05-19 10:43:06.983 463 491 D RIL-DEV : [05-19_10:43:06:984] idVendor = 05e3
05-19 10:43:06.983 463 491 D RIL-DEV :
05-19 10:43:06.984 463 491 D RIL-DEV : [05-19_10:43:06:984] idVendor = 1d6b
05-19 10:43:06.984 463 491 D RIL-DEV :
05-19 10:43:06.984 463 491 D RIL-DEV : [05-19_10:43:06:984] idVendor = 1d6b
05-19 10:43:06.984 463 491 D RIL-DEV :
05-19 10:43:06.984 463 491 D RIL-DEV : [05-19_10:43:06:985] idVendor = 0bda
05-19 10:43:06.984 463 491 D RIL-DEV :
05-19 10:43:06.985 463 491 D RIL-DEV : [05-19_10:43:06:985] idVendor = 1d6b
05-19 10:43:06.985 463 491 D RIL-DEV :
05-19 10:43:06.985 463 491 D RIL-DEV : [05-19_10:43:06:985] idVendor = 2109
05-19 10:43:06.985 463 491 D RIL-DEV :
05-19 10:43:06.985 463 491 D RIL-DEV : [05-19_10:43:06:986] idVendor = 2109
05-19 10:43:06.985 463 491 D RIL-DEV :
05-19 10:43:06.986 463 491 D RIL-DEV : [05-19_10:43:06:986] idVendor = 1d6b
05-19 10:43:06.986 463 491 D RIL-DEV :
05-19 10:43:06.986 463 491 D RIL-DEV : [05-19_10:43:06:986] idVendor = 0bda
05-19 10:43:06.986 463 491 D RIL-DEV :
05-19 10:43:06.986 463 491 D RIL-DEV : [05-19_10:43:06:987] idVendor = 2109
05-19 10:43:06.986 463 491 D RIL-DEV :
05-19 10:43:06.987 463 491 E RIL-DEV : Cannot find Meig devices
05-19 10:43:06.987 463 491 I RIL : ---> can't find meig usb devices
05-19 10:43:07.002 1272 1272 W ContextImpl: Calling a method in the system process without a qualified user: android.app.ContextImpl.sendBroadcast:1181 android.content.ContextWrapper.sendBroadcast:479 cn.eben.newweather.DateWeatherService.a:19 cn.eben.newweather.DateWeatherService.a:0 cn.eben.newweather.DateWeatherService$1.handleMessage:7
05-21 08:51:32.184 542 542 I : read descriptors
05-21 08:51:32.184 542 542 I : read strings
05-21 08:51:32.186 1 1 I init : processing action (sys.usb.config=adb && sys.usb.configfs=1 && sys.usb.ffs.ready=1) from (/system/etc/init/hw/init.usb.configfs.rc:20)
05-21 08:51:32.188 1 1 I init : Command 'symlink /config/usb_gadget/g1/functions/ffs.adb /config/usb_gadget/g1/configs/b.1/f1' action=sys.usb.config=adb && sys.usb.configfs=1 && sys.usb.ffs.ready=1 (/system/etc/init/hw/init.usb.configfs.rc:22) took 0ms and failed: symlink() failed: File exists
05-21 08:51:32.190 1 1 I init : Command 'write /config/usb_gadget/g1/UDC ${sys.usb.controller}' action=sys.usb.config=adb && sys.usb.configfs=1 && sys.usb.ffs.ready=1 (/system/etc/init/hw/init.usb.configfs.rc:23) took 0ms and failed: Unable to write to file '/config/usb_gadget/g1/UDC': Unable to write file contents: Device or resource busy
05-19 10:43:08.001 1272 1272 W ContextImpl: Calling a method in the system process without a qualified user: android.app.ContextImpl.sendBroadcast:1181 android.content.ContextWrapper.sendBroadcast:479 cn.eben.newweather.DateWeatherService.a:19 cn.eben.newweather.DateWeatherService.a:0 cn.eben.newweather.DateWeatherService$1.handleMessage:7
05-21 08:51:33.227 542 542 I : read descriptors
05-21 08:51:33.227 542 542 I : read strings
05-21 08:51:33.229 1 1 I init : processing action (sys.usb.config=adb && sys.usb.configfs=1 && sys.usb.ffs.ready=1) from (/system/etc/init/hw/init.usb.configfs.rc:20)
05-19 10:43:08.593 627 668 I PowerManagerService: Powering off display group due to timeout (groupId= 0, uid= 1000)...
05-19 10:43:08.593 627 668 I PowerManagerService: Going to sleep due to timeout (uid 1000)...
05-19 10:43:08.594 627 668 I power_sleep_requested: 0
05-19 10:43:08.710 627 668 V DisplayPowerController[0]: Brightness [0.5472441] reason changing to: 'manual', previous reason: 'manual [ dim ]'.
05-19 10:43:08.710 627 668 I sysui_multi_action: [757,1696,758,6,759,0]
05-19 10:43:08.987 463 491 I RIL : ---> enter mainloop wait at port
05-19 10:43:08.987 463 491 D RIL-DEV : Get modem info
05-19 10:43:08.988 463 491 D RIL-DEV : [05-19_10:43:08:988] idVendor = 0bda
05-19 10:43:08.988 463 491 D RIL-DEV :
05-19 10:43:08.988 463 491 D RIL-DEV : [05-19_10:43:08:989] idVendor = 05e3
05-19 10:43:08.988 463 491 D RIL-DEV :
05-19 10:43:08.988 463 491 D RIL-DEV : [05-19_10:43:08:989] idVendor = 1d6b
05-19 10:43:08.988 463 491 D RIL-DEV :
05-19 10:43:08.989 463 491 D RIL-DEV : [05-19_10:43:08:990] idVendor = 1d6b
05-19 10:43:08.989 463 491 D RIL-DEV :
05-19 10:43:08.990 463 491 D RIL-DEV : [05-19_10:43:08:990] idVendor = 0bda
05-19 10:43:08.990 463 491 D RIL-DEV :
05-19 10:43:08.990 463 491 D RIL-DEV : [05-19_10:43:08:990] idVendor = 1d6b
05-19 10:43:08.990 463 491 D RIL-DEV :
05-19 10:43:08.990 463 491 D RIL-DEV : [05-19_10:43:08:991] idVendor = 2109
05-19 10:43:08.990 463 491 D RIL-DEV :
05-19 10:43:08.991 463 491 D RIL-DEV : [05-19_10:43:08:991] idVendor = 2109
05-19 10:43:08.991 463 491 D RIL-DEV :
05-19 10:43:08.991 463 491 D RIL-DEV : [05-19_10:43:08:991] idVendor = 1d6b
05-19 10:43:08.991 463 491 D RIL-DEV :
05-19 10:43:08.991 463 491 D RIL-DEV : [05-19_10:43:08:992] idVendor = 0bda
05-19 10:43:08.991 463 491 D RIL-DEV :
05-19 10:43:08.992 463 491 D RIL-DEV : [05-19_10:43:08:993] idVendor = 2109
05-19 10:43:08.992 463 491 D RIL-DEV :
05-19 10:43:08.993 463 491 E RIL-DEV : Cannot find Meig devices
05-19 10:43:08.993 463 491 I RIL : ---> can't find meig usb devices
05-19 10:43:09.002 1272 1272 W ContextImpl: Calling a method in the system process without a qualified user: android.app.ContextImpl.sendBroadcast:1181 android.content.ContextWrapper.sendBroadcast:479 cn.eben.newweather.DateWeatherService.a:19 cn.eben.newweather.DateWeatherService.a:0 cn.eben.newweather.DateWeatherService$1.handleMessage:7
05-19 10:43:09.131 627 668 I DisplayPowerController[0]: Blocking screen off
05-19 10:43:09.131 627 668 I DisplayPowerController[0]: Unblocked screen off after 0 ms
05-19 10:43:09.132 627 668 D ActivityTaskManager: Top Process State changed to PROCESS_STATE_TOP_SLEEPING
05-19 10:43:09.134 627 668 I wm_pause_activity: [0,214771548,com.android.launcher3/.uioverrides.QuickstepLauncher,userLeaving=false,sleep]
05-21 08:51:34.051 445 445 I gsensor_mxc6655 5-0015: set sensor poll time to 200ms
05-19 10:43:09.147 627 668 V DisplayPowerController[0]: Brightness [0.003937008] reason changing to: 'screen_off', previous reason: 'manual'.
05-19 10:43:09.147 1030 1030 I wm_on_top_resumed_lost_called: [214771548,com.android.launcher3.uioverrides.QuickstepLauncher,topStateChangedWhenResumed]
05-19 10:43:09.148 1030 1030 I wm_on_paused_called: [214771548,com.android.launcher3.uioverrides.QuickstepLauncher,performPause]
05-19 10:43:09.149 627 642 I wm_add_to_stopping: [0,214771548,com.android.launcher3/.uioverrides.QuickstepLauncher,completePauseLocked]
05-19 10:43:09.150 627 647 I DisplayDeviceRepository: Display device changed state: "内置屏幕", OFF
05-19 10:43:09.165 627 647 I wm_stop_activity: [0,214771548,com.android.launcher3/.uioverrides.QuickstepLauncher]
05-19 10:43:09.176 627 647 I sysui_multi_action: [757,803,799,window_time_0,802,26]
05-19 10:43:09.213 1030 1030 I wm_on_stop_called: [214771548,com.android.launcher3.uioverrides.QuickstepLauncher,STOP_ACTIVITY_ITEM]
05-21 08:51:34.294 542 542 I : read descriptors
05-21 08:51:34.294 542 542 I : read strings
05-21 08:51:34.370 352 352 I rockchip-vop2 fdd90000.vop: [drm:vop2_crtc_atomic_disable] Crtc atomic disable vp2
05-21 08:51:34.380 352 352 E rockchip-vop2 fdd90000.vop: [drm:vop2_crtc_atomic_disable] *ERROR* unexpected power on pd7
05-19 10:43:09.472 627 668 I PowerManagerService: Sleeping display group (groupId=0, uid=1000)...
05-19 10:43:09.473 627 668 I PowerManagerService: Sleeping (uid 1000)...
05-19 10:43:09.474 627 710 I input_focus: [Focus leaving 334f74b com.android.launcher3/com.android.launcher3.uioverrides.QuickstepLauncher (server),reason=NO_WINDOW]
05-19 10:43:09.476 627 627 I sysui_multi_action: [757,198,758,2,759,3,1359,882,1695,2]
05-19 10:43:09.476 627 627 I power_screen_state: [0,3,0,0,882]
05-19 10:43:09.476 627 627 I screen_toggled: 0
05-19 10:43:09.476 627 627 I sysui_multi_action: [757,804,799,screen_timeout,801,15,802,1]
05-19 10:43:09.477 627 627 I sysui_multi_action: [757,1594,758,4,759,-2147483648,1359,19560]
05-19 10:43:09.477 627 627 I power_screen_broadcast_send: 1
05-19 10:43:09.511 627 627 I battery_saving_stats: [0,1,0,20117,0,0,59289024,0,-6]
05-19 10:43:09.516 975 975 D DCT-C-0 : screen off
05-19 10:43:09.516 975 975 D DCT-C-0 : stopNetStatPoll
05-19 10:43:09.541 627 627 I power_screen_broadcast_done: [0,64,1]
05-19 10:43:09.548 627 642 W ActivityManager: Ignoring request to force stop protected package u0
05-21 08:51:34.558 2551 2551 I PM : suspend entry (deep)
05-21 08:51:34.573 2551 2551 I Filesystems sync: 0.014 seconds
05-21 08:51:34.573 2551 2551 I : Freezing user space processes ... (elapsed 0.008 seconds) done.
05-21 08:51:34.582 2551 2551 I : OOM killer disabled.
05-21 08:51:34.582 2551 2551 I : Freezing remaining freezable tasks ... (elapsed 0.162 seconds) done.
05-21 08:51:34.745 2551 2551 I printk : Suspending console(s) (use no_console_suspend to debug)
05-21 08:51:34.833 2551 2551 E regulator-dummy: Underflow of regulator enable count
05-21 08:51:34.833 2551 2551 E wacom_i2c 4-0009: disable regulator failed -22
05-21 08:51:35.072 2551 2551 I : Disabling non-boot CPUs ...
05-21 08:51:35.073 2551 2551 I psci : CPU1 killed (polled 0 ms)
05-21 08:51:35.075 2551 2551 I psci : CPU2 killed (polled 0 ms)
05-21 08:51:35.076 2551 2551 I psci : CPU3 killed (polled 0 ms)
05-21 08:51:35.079 2551 2551 I psci : CPU4 killed (polled 0 ms)
05-21 08:51:35.082 2551 2551 I psci : CPU5 killed (polled 0 ms)
05-21 08:51:35.085 2551 2551 I psci : CPU6 killed (polled 0 ms)
05-21 08:51:35.087 2551 2551 I psci : CPU7 killed (polled 0 ms)
05-21 08:51:38.126 0 0 W [ C0] PM: pm_system_irq_wakeup: 106 triggered rk806
05-21 08:51:38.126 2551 2551 I : Enabling non-boot CPUs ...
05-21 08:51:38.127 0 0 I : Detected VIPT I-cache on CPU1
05-21 08:51:38.127 0 0 I GICv3 : CPU1: found redistributor 100 region 0:0x00000000fe6a0000
05-21 08:51:38.127 0 0 I CPU1 : Booted secondary processor 0x0000000100 [0x412fd050]
05-21 08:51:38.128 2551 2551 I : CPU1 is up
05-19 10:43:15.025 627 627 W Looper : Slow delivery took 1442ms main h=android.os.Handler c=com.android.internal.os.BinderCallsStats$1@f021a7b m=0
05-19 10:43:15.029 463 491 I RIL : ---> enter mainloop wait at port
05-19 10:43:15.029 1272 1272 W ContextImpl: Calling a method in the system process without a qualified user: android.app.ContextImpl.sendBroadcast:1181 android.content.ContextWrapper.sendBroadcast:479 cn.eben.newweather.DateWeatherService.a:19 cn.eben.newweather.DateWeatherService.a:0 cn.eben.newweather.DateWeatherService$1.handleMessage:7
05-19 10:43:15.029 463 491 D RIL-DEV : Get modem info
05-19 10:43:15.030 463 491 D RIL-DEV : [05-19_10:43:15:030] idVendor = 0bda
05-19 10:43:15.030 463 491 D RIL-DEV :
05-19 10:43:15.030 463 491 D RIL-DEV : [05-19_10:43:15:030] idVendor = 05e3
05-19 10:43:15.030 463 491 D RIL-DEV :
05-19 10:43:15.030 463 491 D RIL-DEV : [05-19_10:43:15:030] idVendor = 1d6b
05-19 10:43:15.030 463 491 D RIL-DEV :
05-19 10:43:15.030 463 491 D RIL-DEV : [05-19_10:43:15:030] idVendor = 1d6b
05-19 10:43:15.030 463 491 D RIL-DEV :
05-19 10:43:15.030 463 491 D RIL-DEV : [05-19_10:43:15:030] idVendor = 0bda
05-19 10:43:15.030 463 491 D RIL-DEV :
05-19 10:43:15.030 463 491 D RIL-DEV : [05-19_10:43:15:031] idVendor = 1d6b
05-19 10:43:15.030 463 491 D RIL-DEV :
05-19 10:43:15.030 463 491 D RIL-DEV : [05-19_10:43:15:031] idVendor = 2109
05-19 10:43:15.030 463 491 D RIL-DEV :
05-19 10:43:15.030 463 491 D RIL-DEV : [05-19_10:43:15:031] idVendor = 2109
05-19 10:43:15.030 463 491 D RIL-DEV :
05-19 10:43:15.031 463 491 D RIL-DEV : [05-19_10:43:15:032] idVendor = 1d6b
05-19 10:43:15.031 463 491 D RIL-DEV :
05-19 10:43:15.031 463 491 D RIL-DEV : [05-19_10:43:15:032] idVendor = 0bda
05-19 10:43:15.031 463 491 D RIL-DEV :
05-19 10:43:15.031 463 491 D RIL-DEV : [05-19_10:43:15:032] idVendor = 2109
05-19 10:43:15.031 463 491 D RIL-DEV :
05-19 10:43:15.031 627 711 I sysui_multi_action: [757,804,799,power_consecutive_short_tap_count,801,1,802,1]
05-19 10:43:15.031 463 491 E RIL-DEV : Cannot find Meig devices
05-19 10:43:15.031 463 491 I RIL : ---> can't find meig usb devices
05-19 10:43:15.032 627 711 I sysui_multi_action: [757,804,799,power_double_tap_interval,801,23064,802,1]
05-19 10:43:15.032 627 711 I intercept_power: [ACTION_DOWN,0,0]
05-19 10:43:15.032 627 627 W Looper : Drained
05-21 08:51:38.129 0 0 I : Detected VIPT I-cache on CPU2
05-19 10:43:15.033 627 642 W ContentProviderHelper: Permission Denial: opening provider com.android.providers.contacts.ContactsProvider2 from ProcessRecord{552b742 1631:cn.eben.sync/u0a63} (pid=1631, uid=10063) requires android.permission.READ_CONTACTS or android.permission.WRITE_CONTACTS
05-21 08:51:38.129 0 0 I GICv3 : CPU2: found redistributor 200 region 0:0x00000000fe6c0000
05-21 08:51:38.129 0 0 I CPU2 : Booted secondary processor 0x0000000200 [0x412fd050]
05-21 08:51:38.130 2551 2551 I : CPU2 is up
05-21 08:51:38.131 0 0 I : Detected VIPT I-cache on CPU3
05-21 08:51:38.131 0 0 I GICv3 : CPU3: found redistributor 300 region 0:0x00000000fe6e0000
05-21 08:51:38.131 0 0 I CPU3 : Booted secondary processor 0x0000000300 [0x412fd050]
05-21 08:51:38.131 2551 2551 I : CPU3 is up
05-21 08:51:38.132 0 0 I : Detected PIPT I-cache on CPU4
05-21 08:51:38.132 0 0 I GICv3 : CPU4: found redistributor 400 region 0:0x00000000fe700000
05-21 08:51:38.132 0 0 I CPU4 : Booted secondary processor 0x0000000400 [0x414fd0b0]
05-21 08:51:38.133 2551 2551 I : CPU4 is up
05-21 08:51:38.134 0 0 I : Detected PIPT I-cache on CPU5
05-21 08:51:38.134 0 0 I GICv3 : CPU5: found redistributor 500 region 0:0x00000000fe720000
05-21 08:51:38.134 0 0 I CPU5 : Booted secondary processor 0x0000000500 [0x414fd0b0]
05-21 08:51:38.135 2551 2551 I : CPU5 is up
05-21 08:51:38.136 0 0 I : Detected PIPT I-cache on CPU6
05-21 08:51:38.136 0 0 I GICv3 : CPU6: found redistributor 600 region 0:0x00000000fe740000
05-21 08:51:38.136 0 0 I CPU6 : Booted secondary processor 0x0000000600 [0x414fd0b0]
05-21 08:51:38.138 2551 2551 I : CPU6 is up
05-21 08:51:38.138 0 0 I : Detected PIPT I-cache on CPU7
05-21 08:51:38.139 0 0 I GICv3 : CPU7: found redistributor 700 region 0:0x00000000fe760000
05-21 08:51:38.139 0 0 I CPU7 : Booted secondary processor 0x0000000700 [0x414fd0b0]
05-21 08:51:38.140 2551 2551 I : CPU7 is up
05-21 08:51:38.146 2551 2551 I rk_gmac-dwmac fe1c0000.ethernet: init for RGMII
05-21 08:51:38.146 20093 20093 I usb1 : root hub lost power or was reset
05-21 08:51:38.154 17830 17830 I usb3 : root hub lost power or was reset
05-21 08:51:38.154 17830 17830 I usb4 : root hub lost power or was reset
05-21 08:51:38.155 2551 2551 E PM : dpm_run_callback(): wacom_i2c_resume+0x0/0xdc returns -6
05-21 08:51:38.155 2551 2551 E PM : Device 4-0009 failed to resume: error -6
05-21 08:51:38.218 2551 2551 I usb2 : root hub lost power or was reset
05-21 08:51:38.401 20105 20105 I usb 4-1 : reset SuperSpeed Gen 1 USB device number 2 using xhci-hcd
05-21 08:51:38.541 15136 15136 I usb 3-1 : reset high-speed USB device number 2 using xhci-hcd
05-21 08:51:39.055 15933 15933 I usb 4-1.1: reset SuperSpeed Gen 1 USB device number 5 using xhci-hcd
05-21 08:51:39.148 16006 16006 I usb 4-1.4: reset SuperSpeed Gen 1 USB device number 4 using xhci-hcd
05-21 08:51:39.189 9441 9441 I r8152 4-1.4: 1.0: skip request firmware
05-21 08:51:39.238 20152 20152 I usb 4-1.3: reset SuperSpeed Gen 1 USB device number 3 using xhci-hcd
05-21 08:51:39.418 17875 17875 I usb 3-1.5: reset high-speed USB device number 18 using xhci-hcd
05-21 08:51:39.560 17875 17875 E PM : dpm_run_callback(): usb_dev_resume+0x0/0x28 returns -5
05-21 08:51:39.560 17875 17875 E PM : Device 3-1.5 failed to resume async: error -5
05-21 08:51:39.631 16271 16271 I usb 3-1.3: reset high-speed USB device number 3 using xhci-hcd
05-21 08:51:39.931 2551 2551 I : OOM killer enabled.
05-21 08:51:39.931 2551 2551 I : Restarting tasks ... done.
05-21 08:51:39.947 17254 17254 I : mmc_host mmc0: Bus speed (slot 0) = 400000Hz (slot req 400000Hz, actual 400000HZ div = 0)
05-21 08:51:39.947 2551 2551 I : Resume caused by IRQ 106, rk806
05-21 08:51:39.947 2551 2551 I PM : suspend exit
05-19 10:43:15.035 627 711 I PowerManagerService: Powering on display group fromAsleep (groupId=0, uid=1000, reason=WAKE_REASON_POWER_BUTTON, details=android.policy:POWER)...
05-19 10:43:15.035 627 711 I PowerManagerService: Waking up from Asleep (uid=1000, reason=WAKE_REASON_POWER_BUTTON, details=android.policy:POWER)...
05-21 08:51:39.951 20120 20120 I usb 3-1.5: USB disconnect, device number 18
05-19 10:43:15.038 627 711 I intercept_power: [ACTION_UP,0,0]
05-19 10:43:15.039 627 668 I DisplayPowerController[0]: Blocking screen on until initial contents have been drawn.
05-19 10:43:15.040 627 668 D ActivityTaskManager: Top Process State changed to PROCESS_STATE_TOP
05-19 10:43:15.048 627 627 I screen_toggled: 1
05-19 10:43:15.050 627 668 I wm_set_resumed_activity: [0,com.android.launcher3/.uioverrides.QuickstepLauncher,resumeTopActivity]
05-19 10:43:15.053 627 668 I wm_resume_activity: [0,214771548,29,com.android.launcher3/.uioverrides.QuickstepLauncher]
05-19 10:43:15.055 627 668 V DisplayPowerController[0]: Brightness [0.5472441] reason changing to: 'manual', previous reason: 'screen_off'.
05-19 10:43:15.055 627 668 I sysui_multi_action: [757,1696,758,6,759,3]
05-19 10:43:15.059 627 627 I power_screen_broadcast_send: 1
05-19 10:43:15.062 1030 1030 I wm_on_restart_called: [214771548,com.android.launcher3.uioverrides.QuickstepLauncher,performRestartActivity]
05-19 10:43:15.063 1030 1030 I wm_on_start_called: [214771548,com.android.launcher3.uioverrides.QuickstepLauncher,handleStartActivity]
05-19 10:43:15.064 1030 1030 I wm_on_resume_called: [214771548,com.android.launcher3.uioverrides.QuickstepLauncher,RESUME_ACTIVITY]
05-19 10:43:15.064 1030 1030 I wm_on_top_resumed_gained_called: [214771548,com.android.launcher3.uioverrides.QuickstepLauncher,topWhenResuming]
05-19 10:43:15.069 627 627 I WindowManager: Suppressed redundant power key press while already in the process of turning the screen on.
05-19 10:43:15.069 627 647 I DisplayDeviceRepository: Display device changed state: "内置屏幕", ON
05-19 10:43:15.070 627 653 W BroadcastQueue: Background execution not allowed: receiving Intent { act=android.intent.action.USER_PRESENT flg=0x24200010 } to com.zhangyue.read.iReader/com.taobao.accs.EventReceiver
05-19 10:43:15.073 627 668 I DisplayPowerController[0]: Unblocked screen on after 33 ms
05-21 08:51:39.986 468 468 I gsensor_mxc6655 5-0015: set sensor poll time to 66ms
05-21 08:51:39.988 468 468 I gsensor_mxc6655 5-0015: sensor on: starting poll sensor data 62ms
05-21 08:51:39.988 17254 17254 I : mmc_host mmc0: Bus speed (slot 0) = 300000Hz (slot req 300000Hz, actual 300000HZ div = 0)
05-21 08:51:40.005 352 352 W : <<-GTP-ERROR->> I2C Read: 0x8047, 1 bytes failed, errcode: -6! Process reset.
05-19 10:43:15.113 627 648 I input_focus: [Focus request 334f74b com.android.launcher3/com.android.launcher3.uioverrides.QuickstepLauncher,reason=UpdateInputWindows]
05-21 08:51:40.028 17254 17254 I : mmc_host mmc0: Bus speed (slot 0) = 200000Hz (slot req 200000Hz, actual 200000HZ div = 0)
05-19 10:43:15.116 627 780 D UsbHostManager: Removed device at /dev/bus/usb/003/018: USB Billboard Device
05-19 10:43:15.116 627 780 I UsbAlsaManager: USB Audio Device Removed: null
05-21 08:51:40.039 20120 20120 I usb 3-1.5: new high-speed USB device number 19 using xhci-hcd
05-21 08:51:40.067 17254 17254 W dwmmc_rockchip fe2c0000.mmc: failed to set rate 100000Hz
05-21 08:51:40.067 17254 17254 I : mmc_host mmc0: Bus speed (slot 0) = 200000Hz (slot req 100000Hz, actual 100000HZ div = 1)
05-21 08:51:40.080 17254 17254 W dwmmc_rockchip fe2c0000.mmc: failed to set rate 100000Hz
05-21 08:51:40.084 17254 17254 W dwmmc_rockchip fe2c0000.mmc: failed to set rate 100000Hz
05-19 10:43:15.179 627 730 I netstats_mobile_sample: [0,0,0,0,0,0,0,0,0,0,0,0,1747622595180]
05-19 10:43:15.179 627 730 I netstats_wifi_sample: [0,0,0,0,0,0,0,0,0,0,0,0,1747622595180]
05-19 10:43:15.191 975 975 D TelephonyNetworkFactory[0]: onNeedNetworkFor NetworkRequest [ REQUEST id=1, [ Capabilities: INTERNET&NOT_RESTRICTED&TRUSTED&NOT_VPN&NOT_VCN_MANAGED RequestorUid: 1000 RequestorPkg: android] ] shouldApply false
05-21 08:51:40.104 352 352 W : <<-GTP-ERROR->> GTP i2c test failed time 1.
05-19 10:43:15.193 975 975 D TelephonyNetworkFactory[0]: onNeedNetworkFor NetworkRequest [ REQUEST id=7, [ Capabilities: INTERNET&NOT_RESTRICTED&TRUSTED&NOT_VCN_MANAGED Uid: 1000 RequestorUid: 1000 RequestorPkg: android] ] shouldApply false
05-19 10:43:15.194 975 975 D TelephonyNetworkFactory[0]: onNeedNetworkFor NetworkRequest [ REQUEST id=15, [ Capabilities: INTERNET&NOT_RESTRICTED&TRUSTED&NOT_VCN_MANAGED Uid: 1000 RequestorUid: 1000 RequestorPkg: android] ] shouldApply false
05-19 10:43:15.194 975 975 D TelephonyNetworkFactory[0]: onNeedNetworkFor NetworkRequest [ REQUEST id=18, [ Capabilities: INTERNET&NOT_RESTRICTED&TRUSTED&NOT_VCN_MANAGED Uid: 10088 RequestorUid: 10088 RequestorPkg: com.android.systemui] ] shouldApply false
05-19 10:43:15.195 975 975 D TelephonyNetworkFactory[0]: onNeedNetworkFor NetworkRequest [ REQUEST id=20, [ Capabilities: INTERNET&NOT_RESTRICTED&TRUSTED&NOT_VCN_MANAGED Uid: 10088 RequestorUid: 10088 RequestorPkg: com.android.systemui] ] shouldApply false
05-19 10:43:15.195 975 975 D TelephonyNetworkFactory[0]: onNeedNetworkFor NetworkRequest [ REQUEST id=23, [ Capabilities: INTERNET&NOT_RESTRICTED&TRUSTED&NOT_VCN_MANAGED Uid: 1000 RequestorUid: 1000 RequestorPkg: com.android.networkstack.inprocess] ] shouldApply false
05-19 10:43:15.196 975 975 D TelephonyNetworkFactory[0]: onNeedNetworkFor NetworkRequest [ REQUEST id=28, [ Capabilities: INTERNET&NOT_RESTRICTED&TRUSTED&NOT_VCN_MANAGED Uid: 1001 RequestorUid: 1001 RequestorPkg: com.android.phone] ] shouldApply false
05-19 10:43:15.196 975 975 D TelephonyNetworkFactory[0]: onNeedNetworkFor NetworkRequest [ REQUEST id=32, [ Capabilities: INTERNET&NOT_RESTRICTED&TRUSTED&NOT_VCN_MANAGED Uid: 1000 RequestorUid: 1000 RequestorPkg: android] ] shouldApply false
05-19 10:43:15.196 975 975 D TelephonyNetworkFactory[0]: onNeedNetworkFor NetworkRequest [ REQUEST id=36, [ Capabilities: INTERNET&NOT_RESTRICTED&TRUSTED&NOT_VCN_MANAGED Uid: 10086 RequestorUid: 1000 RequestorPkg: android] ] shouldApply false
05-19 10:43:15.197 975 975 D TelephonyNetworkFactory[0]: onNeedNetworkFor NetworkRequest [ REQUEST id=38, [ Capabilities: INTERNET&NOT_RESTRICTED&TRUSTED&NOT_VCN_MANAGED Uid: 10023 RequestorUid: 1000 RequestorPkg: android] ] shouldApply false
05-19 10:43:15.198 627 730 W ContextImpl: Calling a method in the system process without a qualified user: android.app.ContextImpl.sendStickyBroadcast:1567 com.android.server.ConnectivityService.sendStickyBroadcast:2811 com.android.server.ConnectivityService.sendLegacyNetworkBroadcast:8732 com.android.server.ConnectivityService$LegacyTypeTracker.remove:1007 com.android.server.ConnectivityService$LegacyTypeTracker.remove:1024
05-19 10:43:15.201 627 653 W BroadcastQueue: Target SDK mismatch: receiver ActivityInfo{489ba0d com.xiaomi.push.service.receivers.NetworkStatusReceiver} targets 26 but delivery restricted to [0, 23] broadcasting Intent { act=android.net.conn.CONNECTIVITY_CHANGE flg=0x4200010 (has extras) } from android (pid=627, uid=1000) to com.zhangyue.read.iReader/com.xiaomi.push.service.receivers.NetworkStatusReceiver
05-19 10:43:15.201 627 653 W BroadcastQueue: Target SDK mismatch: receiver ActivityInfo{8625dc2 cn.eben.help.LoadAllReceiver} targets 28 but delivery restricted to [0, 23] broadcasting Intent { act=android.net.conn.CONNECTIVITY_CHANGE flg=0x4200010 (has extras) } from android (pid=627, uid=1000) to cn.eben.help/.LoadAllReceiver
05-19 10:43:15.201 627 653 W BroadcastQueue: Target SDK mismatch: receiver ActivityInfo{7f37d3 cn.eben.android.receiver.AppSyncReceiver} targets 27 but delivery restricted to [0, 23] broadcasting Intent { act=android.net.conn.CONNECTIVITY_CHANGE flg=0x4200010 (has extras) } from android (pid=627, uid=1000) to cn.eben.sync/cn.eben.android.receiver.AppSyncReceiver
05-19 10:43:15.205 19442 19442 W ContextImpl: Calling a method in the system process without a qualified user: android.app.ContextImpl.startService:1824 android.content.ContextWrapper.startService:774 android.content.ContextWrapper.startService:774 com.ebensz.appmanager.service.UploadMyAppsInfoService.startUploadMyAppsInfoService:78 com.ebensz.appmanager.receiver.UploadMyAppsInfoReceiver.onReceive:33
05-19 10:43:15.212 627 944 W BroadcastQueue: Target SDK mismatch: receiver ActivityInfo{ffc940e com.ebensz.ota.ActionReceiver} targets 29 but delivery restricted to [0, 23] broadcasting Intent { act=android.net.conn.CONNECTIVITY_CHANGE flg=0x4200010 (has extras) } from android (pid=627, uid=1000) to com.ebensz.ota/.ActionReceiver
05-19 10:43:15.213 627 653 W BroadcastQueue: Target SDK mismatch: receiver ActivityInfo{47b7e2f com.taobao.accs.EventReceiver} targets 26 but delivery restricted to [0, 23] broadcasting Intent { act=android.net.conn.CONNECTIVITY_CHANGE flg=0x4200010 (has extras) } from android (pid=627, uid=1000) to com.zhangyue.read.iReader/com.taobao.accs.EventReceiver
05-21 08:51:40.133 20120 20120 I usb 3-1.5: New USB device found, idVendor=2109, idProduct=8817, bcdDevice= 0.01
05-21 08:51:40.133 20120 20120 I usb 3-1.5: New USB device strings: Mfr=1, Product=2, SerialNumber=3
05-21 08:51:40.133 20120 20120 I usb 3-1.5: Product: USB Billboard Device
05-21 08:51:40.133 20120 20120 I usb 3-1.5: Manufacturer: VIA Labs, Inc.
05-21 08:51:40.133 20120 20120 I usb 3-1.5: SerialNumber: 0000000000000001
05-19 10:43:15.224 627 780 D UsbHostManager: USB device attached: vidpid 2109:8817 mfg/product/ver/serial VIA Labs, Inc. /USB Billboard Device /0.01/0000000000000001 hasAudio/HID/Storage: false/false/false
05-19 10:43:15.227 627 780 D UsbHostManager: Added device UsbDevice[mName=/dev/bus/usb/003/019,mVendorId=8457,mProductId=34839,mClass=17,mSubclass=0,mProtocol=0,mManufacturerName=VIA Labs, Inc. ,mProductName=USB Billboard Device ,mVersion=0.01,mSerialNumberReader=com.android.server.usb.UsbSerialReader@613c3c, mHasAudioPlayback=false, mHasAudioCapture=false, mHasMidi=false, mHasVideoCapture=false, mHasVideoPlayback=false, mConfigurations=[
05-19 10:43:15.227 627 780 D UsbHostManager: UsbConfiguration[mId=1,mName=0000000000000001,mAttributes=160,mMaxPower=50,mInterfaces=[
05-19 10:43:15.227 627 780 D UsbHostManager: UsbInterface[mId=0,mAlternateSetting=0,mName=0000000000000001,mClass=17,mSubclass=0,mProtocol=0,mEndpoints=[]]]
05-21 08:51:40.359 352 352 I rockchip-vop2 fdd90000.vop: [drm:vop2_crtc_atomic_enable] Update mode to 1536x2048p55, type: 16(if:60) for vp2 dclk: 192000000
05-21 08:51:40.360 352 352 I rockchip-vop2 fdd90000.vop: [drm:vop2_crtc_atomic_enable] dclk_out2 div: 2 dclk_core2 div: 1
05-21 08:51:40.360 352 352 I rockchip-vop2 fdd90000.vop: [drm:vop2_crtc_atomic_enable] set dclk_vop2 to 96000000, get 96000000
05-19 10:43:15.454 627 627 W Looper : Slow dispatch took 369ms main h=android.app.ActivityThread$H c=android.app.LoadedApk$ReceiverDispatcher$Args$$ExternalSyntheticLambda0@ff1e31a m=0
05-19 10:43:15.454 627 627 W Looper : Slow delivery took 337ms main h=com.android.server.notification.NotificationManagerService$WorkerHandler c=com.android.server.notification.NotificationManagerService$CancelNotificationRunnable@d4bce4b m=0
05-19 10:43:15.456 627 627 W Looper : Drained
05-19 10:43:15.456 627 627 I battery_saving_stats: [0,0,0,5945,0,0,170375349,0,-18]
05-19 10:43:15.457 975 975 D DCT-C-0 : screen on
05-19 10:43:15.457 975 975 D DCT-C-0 : stopNetStatPoll
05-19 10:43:15.474 627 627 I power_screen_broadcast_done: [1,415,1]
05-21 08:51:40.718 542 542 I : read descriptors
05-21 08:51:40.718 542 542 I : read strings
05-21 08:51:40.720 1 1 I init : processing action (sys.usb.config=adb && sys.usb.configfs=1 && sys.usb.ffs.ready=1) from (/system/etc/init/hw/init.usb.configfs.rc:20)
