05-21 08:50:45.468 1 1 I init : Command 'write /config/usb_gadget/g1/UDC ${sys.usb.controller}' action=sys.usb.config=adb && sys.usb.configfs=1 && sys.usb.ffs.ready=1 (/system/etc/init/hw/init.usb.configfs.rc:23) took 0ms and failed: Unable to write to file '/config/usb_gadget/g1/UDC': Unable to write file contents: Device or resource busy
05-19 10:42:24.002 1272 1272 W ContextImpl: Calling a method in the system process without a qualified user: android.app.ContextImpl.sendBroadcast:1181 android.content.ContextWrapper.sendBroadcast:479 cn.eben.newweather.DateWeatherService.a:19 cn.eben.newweather.DateWeatherService.a:0 cn.eben.newweather.DateWeatherService$1.handleMessage:7
05-19 10:42:24.415 463 491 I RIL : ---> enter mainloop wait at port
05-19 10:42:24.415 463 491 D RIL-DEV : Get modem info
05-19 10:42:24.415 463 491 D RIL-DEV : [05-19_10:42:24:416] idVendor = 0bda
05-19 10:42:24.415 463 491 D RIL-DEV :
05-19 10:42:24.416 463 491 D RIL-DEV : [05-19_10:42:24:416] idVendor = 05e3
05-19 10:42:24.416 463 491 D RIL-DEV :
05-19 10:42:24.416 463 491 D RIL-DEV : [05-19_10:42:24:417] idVendor = 1d6b
05-19 10:42:24.416 463 491 D RIL-DEV :
05-19 10:42:24.417 463 491 D RIL-DEV : [05-19_10:42:24:417] idVendor = 1d6b
05-19 10:42:24.417 463 491 D RIL-DEV :
05-19 10:42:24.417 463 491 D RIL-DEV : [05-19_10:42:24:417] idVendor = 0bda
05-19 10:42:24.417 463 491 D RIL-DEV :
05-19 10:42:24.417 463 491 D RIL-DEV : [05-19_10:42:24:418] idVendor = 1d6b
05-19 10:42:24.417 463 491 D RIL-DEV :
05-19 10:42:24.418 463 491 D RIL-DEV : [05-19_10:42:24:418] idVendor = 2109
05-19 10:42:24.418 463 491 D RIL-DEV :
05-19 10:42:24.418 463 491 D RIL-DEV : [05-19_10:42:24:419] idVendor = 2109
05-19 10:42:24.418 463 491 D RIL-DEV :
05-19 10:42:24.418 463 491 D RIL-DEV : [05-19_10:42:24:419] idVendor = 1d6b
05-19 10:42:24.418 463 491 D RIL-DEV :
05-19 10:42:24.419 463 491 D RIL-DEV : [05-19_10:42:24:419] idVendor = 0bda
05-19 10:42:24.419 463 491 D RIL-DEV :
05-19 10:42:24.419 463 491 D RIL-DEV : [05-19_10:42:24:420] idVendor = 2109
05-19 10:42:24.419 463 491 D RIL-DEV :
05-19 10:42:24.420 463 491 E RIL-DEV : Cannot find Meig devices
05-19 10:42:24.420 463 491 I RIL : ---> can't find meig usb devices
05-19 10:42:24.485 627 653 V ActivityManager: Attempted to start a foreground service (com.ebensz.enote.meeting/com.android.calendar.AsyncQueryServiceHelper) with a broken notification (no icon: Notification(channel=com.ebensz.enote.meeting shortcut=null contentView=null vibrate=null sound=null defaults=0x0 flags=0x40 color=0x00000000 vis=PRIVATE))
05-19 10:42:24.488 627 627 I notification_enqueue: [10042,19414,com.ebensz.enote.meeting,1,NULL,0,Notification(channel=com.ebensz.enote.meeting shortcut=null contentView=null vibrate=null sound=null defaults=0x0 flags=0x40 color=0x00000000 vis=PRIVATE),0]
05-19 10:42:24.504 627 16029 W PermissionManagerService: Datasource AttributionSource { uid = 10022, packageName = com.android.providers.calendar, attributionTag = null, token = android.os.BinderProxy@304a7f2, next = android.content.AttributionSourceState@551f6de } protecting data with platform defined runtime permission android.permission.WRITE_CALENDAR while not having android.permission.UPDATE_APP_OPS_STATS
05-19 10:42:24.505 627 944 W PermissionManagerService: Datasource AttributionSource { uid = 10022, packageName = com.android.providers.calendar, attributionTag = null, token = android.os.BinderProxy@304a7f2, next = android.content.AttributionSourceState@ad1f0bf } protecting data with platform defined runtime permission android.permission.WRITE_CALENDAR while not having android.permission.UPDATE_APP_OPS_STATS
05-19 10:42:24.505 627 944 W PermissionManagerService: Datasource AttributionSource { uid = 10022, packageName = com.android.providers.calendar, attributionTag = null, token = android.os.BinderProxy@304a7f2, next = android.content.AttributionSourceState@577e38c } protecting data with platform defined runtime permission android.permission.WRITE_CALENDAR while not having android.permission.UPDATE_APP_OPS_STATS
05-19 10:42:24.506 627 944 W PermissionManagerService: Datasource AttributionSource { uid = 10022, packageName = com.android.providers.calendar, attributionTag = null, token = android.os.BinderProxy@304a7f2, next = android.content.AttributionSourceState@5a8bad5 } protecting data with platform defined runtime permission android.permission.WRITE_CALENDAR while not having android.permission.UPDATE_APP_OPS_STATS
05-19 10:42:24.514 627 627 I sysui_multi_action: [757,128,758,5,759,8,793,27,794,0,795,27,796,1,806,com.ebensz.enote.meeting,857,com.ebensz.enote.meeting,858,2,947,0,1500,27,1688,4,1689,2,1690,1]
05-19 10:42:24.515 627 627 I notification_canceled: [0|com.ebensz.enote.meeting|1|null|10042,8,27,27,0,-1,-1,NULL]
05-19 10:42:24.530 627 944 I ActivityTaskManager: START u0 {cmp=com.ebensz.enote.meeting/.MeetingDetailActivity (has extras)} from uid 10042
05-19 10:42:24.531 627 944 I wm_task_moved: [117,1,13]
05-19 10:42:24.531 627 944 I wm_set_resumed_activity: [0,com.ebensz.enote.meeting/.EditMeetingActivity,positionChildAt]
05-19 10:42:24.531 627 944 I wm_create_activity: [0,215470990,117,com.ebensz.enote.meeting/.MeetingDetailActivity,NULL,NULL,NULL,0]
05-19 10:42:24.534 627 944 I wm_pause_activity: [0,29270993,com.ebensz.enote.meeting/.EditMeetingActivity,userLeaving=true,resumeTopActivity]
05-19 10:42:24.550 627 944 I wm_finish_activity: [0,29270993,117,com.ebensz.enote.meeting/.EditMeetingActivity,app-request]
05-19 10:42:24.552 19414 19414 I wm_on_top_resumed_lost_called: [29270993,com.ebensz.enote.meeting.EditMeetingActivity,topStateChangedWhenResumed]
05-19 10:42:24.556 19414 19414 I wm_on_paused_called: [29270993,com.ebensz.enote.meeting.EditMeetingActivity,performPause]
05-19 10:42:24.557 627 943 I wm_add_to_stopping: [0,29270993,com.ebensz.enote.meeting/.EditMeetingActivity,completeFinishing]
05-19 10:42:24.557 627 943 W ActivityTaskManager: Tried to set launchTime (0) < mLastActivityLaunchTime (73039537)
05-19 10:42:24.559 627 943 I wm_restart_activity: [0,215470990,117,com.ebensz.enote.meeting/.MeetingDetailActivity]
05-19 10:42:24.560 627 943 I wm_set_resumed_activity: [0,com.ebensz.enote.meeting/.MeetingDetailActivity,minimalResumeActivityLocked]
05-19 10:42:24.563 627 647 I sysui_multi_action: [757,803,799,window_time_0,802,9]
05-19 10:42:24.595 627 710 I input_focus: [Focus leaving e38a627 com.ebensz.enote.meeting/com.ebensz.enote.meeting.EditMeetingActivity (server),reason=NO_WINDOW]
05-19 10:42:24.595 19414 19414 I wm_on_create_called: [215470990,com.ebensz.enote.meeting.MeetingDetailActivity,performCreate]
05-19 10:42:24.619 19414 19414 I wm_on_start_called: [215470990,com.ebensz.enote.meeting.MeetingDetailActivity,handleStartActivity]
05-19 10:42:24.626 19414 19414 I wm_on_resume_called: [215470990,com.ebensz.enote.meeting.MeetingDetailActivity,RESUME_ACTIVITY]
05-19 10:42:24.627 627 944 W PermissionManagerService: Datasource AttributionSource { uid = 10022, packageName = com.android.providers.calendar, attributionTag = null, token = android.os.BinderProxy@304a7f2, next = android.content.AttributionSourceState@c019a9a } protecting data with platform defined runtime permission android.permission.READ_CALENDAR while not having android.permission.UPDATE_APP_OPS_STATS
05-19 10:42:24.636 19414 19414 I wm_on_top_resumed_gained_called: [215470990,com.ebensz.enote.meeting.MeetingDetailActivity,topStateChangedWhenResumed]
05-19 10:42:24.644 627 648 I input_focus: [Focus request 9cec666 com.ebensz.enote.meeting/com.ebensz.enote.meeting.MeetingDetailActivity,reason=UpdateInputWindows]
05-19 10:42:24.689 627 627 I NotificationService: Cannot find enqueued record for key: 0|com.ebensz.enote.meeting|1|null|10042
05-19 10:42:24.709 627 644 I wm_activity_launch_time: [0,215470990,com.ebensz.enote.meeting/.MeetingDetailActivity,180]
05-19 10:42:24.710 627 653 V ActivityManager: Attempted to start a foreground service (com.ebensz.enote.meeting/com.android.calendar.AsyncQueryServiceHelper) with a broken notification (no icon: Notification(channel=com.ebensz.enote.meeting shortcut=null contentView=null vibrate=null sound=null defaults=0x0 flags=0x40 color=0x00000000 vis=PRIVATE))
05-19 10:42:24.712 627 627 I notification_enqueue: [10042,19414,com.ebensz.enote.meeting,1,NULL,0,Notification(channel=com.ebensz.enote.meeting shortcut=null contentView=null vibrate=null sound=null defaults=0x0 flags=0x40 color=0x00000000 vis=PRIVATE),0]
05-19 10:42:24.712 627 944 W PermissionManagerService: Datasource AttributionSource { uid = 10022, packageName = com.android.providers.calendar, attributionTag = null, token = android.os.BinderProxy@304a7f2, next = android.content.AttributionSourceState@edf5e97 } protecting data with platform defined runtime permission android.permission.READ_CALENDAR while not having android.permission.UPDATE_APP_OPS_STATS
05-19 10:42:24.716 627 627 I sysui_multi_action: [757,128,758,5,759,8,793,5,794,0,795,5,796,1,806,com.ebensz.enote.meeting,857,com.ebensz.enote.meeting,858,2,947,0,1500,5,1688,4,1689,2,1690,1]
05-19 10:42:24.716 627 627 I notification_canceled: [0|com.ebensz.enote.meeting|1|null|10042,8,5,5,0,-1,-1,NULL]
05-19 10:42:24.725 627 710 I input_focus: [Focus entering 9cec666 com.ebensz.enote.meeting/com.ebensz.enote.meeting.MeetingDetailActivity (server),reason=Window became focusable. Previous reason: NOT_VISIBLE]
05-19 10:42:24.740 627 653 V ActivityManager: Attempted to start a foreground service (com.ebensz.enote.meeting/com.android.calendar.AsyncQueryServiceHelper) with a broken notification (no icon: Notification(channel=com.ebensz.enote.meeting shortcut=null contentView=null vibrate=null sound=null defaults=0x0 flags=0x40 color=0x00000000 vis=PRIVATE))
05-19 10:42:24.740 627 646 I commit_sys_config_file: [notification-policy,73037279]
05-19 10:42:24.741 627 943 W PermissionManagerService: Datasource AttributionSource { uid = 10022, packageName = com.android.providers.calendar, attributionTag = null, token = android.os.BinderProxy@304a7f2, next = android.content.AttributionSourceState@5316fc6 } protecting data with platform defined runtime permission android.permission.READ_CALENDAR while not having android.permission.UPDATE_APP_OPS_STATS
05-19 10:42:24.741 627 627 I notification_enqueue: [10042,19414,com.ebensz.enote.meeting,1,NULL,0,Notification(channel=com.ebensz.enote.meeting shortcut=null contentView=null vibrate=null sound=null defaults=0x0 flags=0x40 color=0x00000000 vis=PRIVATE),0]
05-19 10:42:24.743 627 627 I sysui_multi_action: [757,128,758,5,759,8,793,2,794,0,795,2,796,1,806,com.ebensz.enote.meeting,857,com.ebensz.enote.meeting,858,2,947,0,1500,2,1688,4,1689,2,1690,1]
05-19 10:42:24.743 627 627 I notification_canceled: [0|com.ebensz.enote.meeting|1|null|10042,8,2,2,0,-1,-1,NULL]
05-19 10:42:24.761 627 710 I input_interaction: Interaction with: 9cec666 com.ebensz.enote.meeting/com.ebensz.enote.meeting.MeetingDetailActivity (server), PointerEventDispatcher0 (server),
05-19 10:42:24.766 627 653 V ActivityManager: Attempted to start a foreground service (com.ebensz.enote.meeting/com.android.calendar.AsyncQueryServiceHelper) with a broken notification (no icon: Notification(channel=com.ebensz.enote.meeting shortcut=null contentView=null vibrate=null sound=null defaults=0x0 flags=0x40 color=0x00000000 vis=PRIVATE))
05-19 10:42:24.768 627 944 W PermissionManagerService: Datasource AttributionSource { uid = 10022, packageName = com.android.providers.calendar, attributionTag = null, token = android.os.BinderProxy@304a7f2, next = android.content.AttributionSourceState@9c5f47f } protecting data with platform defined runtime permission android.permission.READ_CALENDAR while not having android.permission.UPDATE_APP_OPS_STATS
05-19 10:42:24.770 627 627 I notification_enqueue: [10042,19414,com.ebensz.enote.meeting,1,NULL,0,Notification(channel=com.ebensz.enote.meeting shortcut=null contentView=null vibrate=null sound=null defaults=0x0 flags=0x40 color=0x00000000 vis=PRIVATE),0]
05-19 10:42:24.771 627 627 I sysui_multi_action: [757,128,758,5,759,8,793,4,794,0,795,4,796,1,806,com.ebensz.enote.meeting,857,com.ebensz.enote.meeting,858,2,947,0,1500,4,1688,4,1689,2,1690,1]
05-19 10:42:24.771 627 627 I notification_canceled: [0|com.ebensz.enote.meeting|1|null|10042,8,4,4,0,-1,-1,NULL]
05-19 10:42:24.775 627 653 V ActivityManager: Attempted to start a foreground service (com.ebensz.enote.meeting/com.android.calendar.AsyncQueryServiceHelper) with a broken notification (no icon: Notification(channel=com.ebensz.enote.meeting shortcut=null contentView=null vibrate=null sound=null defaults=0x0 flags=0x40 color=0x00000000 vis=PRIVATE))
05-19 10:42:24.776 627 943 W PermissionManagerService: Datasource AttributionSource { uid = 10022, packageName = com.android.providers.calendar, attributionTag = null, token = android.os.BinderProxy@304a7f2, next = android.content.AttributionSourceState@cc188e4 } protecting data with platform defined runtime permission android.permission.READ_CALENDAR while not having android.permission.UPDATE_APP_OPS_STATS
05-19 10:42:24.779 627 627 I notification_enqueue: [10042,19414,com.ebensz.enote.meeting,1,NULL,0,Notification(channel=com.ebensz.enote.meeting shortcut=null contentView=null vibrate=null sound=null defaults=0x0 flags=0x40 color=0x00000000 vis=PRIVATE),0]
05-19 10:42:24.780 627 944 W PermissionManagerService: Datasource AttributionSource { uid = 10022, packageName = com.android.providers.calendar, attributionTag = null, token = android.os.BinderProxy@304a7f2, next = android.content.AttributionSourceState@3b56113 } protecting data with platform defined runtime permission android.permission.READ_CALENDAR while not having android.permission.UPDATE_APP_OPS_STATS
05-19 10:42:24.785 627 627 I sysui_multi_action: [757,128,758,5,759,8,793,7,794,0,795,7,796,1,806,com.ebensz.enote.meeting,857,com.ebensz.enote.meeting,858,2,947,0,1500,7,1688,4,1689,2,1690,1]
05-19 10:42:24.786 627 627 I notification_canceled: [0|com.ebensz.enote.meeting|1|null|10042,8,7,7,0,-1,-1,NULL]
05-21 08:50:46.541 542 542 I : read descriptors
05-21 08:50:46.541 542 542 I : read strings
05-21 08:50:46.542 1 1 I init : processing action (sys.usb.config=adb && sys.usb.configfs=1 && sys.usb.ffs.ready=1) from (/system/etc/init/hw/init.usb.configfs.rc:20)
05-21 08:50:46.543 1 1 I init : Command 'symlink /config/usb_gadget/g1/functions/ffs.adb /config/usb_gadget/g1/configs/b.1/f1' action=sys.usb.config=adb && sys.usb.configfs=1 && sys.usb.ffs.ready=1 (/system/etc/init/hw/init.usb.configfs.rc:22) took 0ms and failed: symlink() failed: File exists
05-21 08:50:46.543 1 1 I init : Command 'write /config/usb_gadget/g1/UDC ${sys.usb.controller}' action=sys.usb.config=adb && sys.usb.configfs=1 && sys.usb.ffs.ready=1 (/system/etc/init/hw/init.usb.configfs.rc:23) took 0ms and failed: Unable to write to file '/config/usb_gadget/g1/UDC': Unable to write file contents: Device or resource busy
05-19 10:42:24.911 627 647 I wm_destroy_activity: [0,29270993,117,com.ebensz.enote.meeting/.EditMeetingActivity,finish-imm:idle]
05-19 10:42:24.912 627 627 I NotificationService: Cannot find enqueued record for key: 0|com.ebensz.enote.meeting|1|null|10042
05-19 10:42:24.941 627 627 I NotificationService: Cannot find enqueued record for key: 0|com.ebensz.enote.meeting|1|null|10042
05-19 10:42:24.945 19414 19414 I wm_on_stop_called: [29270993,com.ebensz.enote.meeting.EditMeetingActivity,LIFECYCLER_STOP_ACTIVITY]
05-19 10:42:24.954 19414 19414 I wm_on_destroy_called: [29270993,com.ebensz.enote.meeting.EditMeetingActivity,performDestroy]
05-19 10:42:24.970 627 627 I NotificationService: Cannot find enqueued record for key: 0|com.ebensz.enote.meeting|1|null|10042
05-19 10:42:24.979 627 627 I NotificationService: Cannot find enqueued record for key: 0|com.ebensz.enote.meeting|1|null|10042
05-19 10:42:24.999 627 646 I commit_sys_config_file: [notification-policy,73037538]
05-19 10:42:25.001 1272 1272 W ContextImpl: Calling a method in the system process without a qualified user: android.app.ContextImpl.sendBroadcast:1181 android.content.ContextWrapper.sendBroadcast:479 cn.eben.newweather.DateWeatherService.a:19 cn.eben.newweather.DateWeatherService.a:0 cn.eben.newweather.DateWeatherService$1.handleMessage:7
05-19 10:42:25.513 627 653 W BroadcastQueue: Background execution not allowed: receiving Intent { act=android.intent.action.PROVIDER_CHANGED dat=content://com.android.calendar flg=0x10 } to com.ebensz.enote.calendar/.alerts.AlertReceiver
05-19 10:42:25.514 627 653 W BroadcastQueue: Background execution not allowed: receiving Intent { act=android.intent.action.PROVIDER_CHANGED dat=content://com.android.calendar flg=0x10 } to com.ebensz.enote.calendar/com.android.calendar.widget.CalendarAppWidgetService$CalendarFactory
05-19 10:42:25.514 627 653 W BroadcastQueue: Background execution not allowed: receiving Intent { act=android.intent.action.PROVIDER_CHANGED dat=content://com.android.calendar flg=0x10 } to com.ebensz.enote.meeting/com.android.calendar.widget.CalendarAppWidgetService$CalendarFactory
05-19 10:42:25.514 627 653 W BroadcastQueue: Background execution not allowed: receiving Intent { act=android.intent.action.PROVIDER_CHANGED dat=content://com.android.calendar flg=0x10 } to com.ebensz.enote.memo/.editer.CalendarEventObserver
05-19 10:42:25.515 627 653 W BroadcastQueue: Background execution not allowed: receiving Intent { act=android.intent.action.PROVIDER_CHANGED dat=content://com.android.calendar flg=0x10 } to com.ebensz.enote.widget/com.android.calendar.widget.CalendarAppWidgetService$CalendarFactory
05-19 10:42:25.532 627 943 W PermissionManagerService: Datasource AttributionSource { uid = 10022, packageName = com.android.providers.calendar, attributionTag = null, token = android.os.BinderProxy@304a7f2, next = android.content.AttributionSourceState@931c7bd } protecting data with platform defined runtime permission android.permission.READ_CALENDAR while not having android.permission.UPDATE_APP_OPS_STATS
05-19 10:42:25.544 627 943 W PermissionManagerService: Datasource AttributionSource { uid = 10022, packageName = com.android.providers.calendar, attributionTag = null, token = android.os.BinderProxy@304a7f2, next = android.content.AttributionSourceState@e3bd1b2 } protecting data with platform defined runtime permission android.permission.READ_CALENDAR while not having android.permission.UPDATE_APP_OPS_STATS
05-21 08:50:47.588 542 542 I : read descriptors
05-21 08:50:47.588 542 542 I : read strings
05-21 08:50:47.590 1 1 I init : processing action (sys.usb.config=adb && sys.usb.configfs=1 && sys.usb.ffs.ready=1) from (/system/etc/init/hw/init.usb.configfs.rc:20)
05-21 08:50:47.593 1 1 I init : Command 'symlink /config/usb_gadget/g1/functions/ffs.adb /config/usb_gadget/g1/configs/b.1/f1' action=sys.usb.config=adb && sys.usb.configfs=1 && sys.usb.ffs.ready=1 (/system/etc/init/hw/init.usb.configfs.rc:22) took 0ms and failed: symlink() failed: File exists
05-21 08:50:47.594 1 1 I init : Command 'write /config/usb_gadget/g1/UDC ${sys.usb.controller}' action=sys.usb.config=adb && sys.usb.configfs=1 && sys.usb.ffs.ready=1 (/system/etc/init/hw/init.usb.configfs.rc:23) took 0ms and failed: Unable to write to file '/config/usb_gadget/g1/UDC': Unable to write file contents: Device or resource busy
05-19 10:42:26.001 1272 1272 W ContextImpl: Calling a method in the system process without a qualified user: android.app.ContextImpl.sendBroadcast:1181 android.content.ContextWrapper.sendBroadcast:479 cn.eben.newweather.DateWeatherService.a:19 cn.eben.newweather.DateWeatherService.a:0 cn.eben.newweather.DateWeatherService$1.handleMessage:7
05-19 10:42:26.422 463 491 I RIL : ---> enter mainloop wait at port
05-19 10:42:26.422 463 491 D RIL-DEV : Get modem info
05-19 10:42:26.423 463 491 D RIL-DEV : [05-19_10:42:26:423] idVendor = 0bda
05-19 10:42:26.423 463 491 D RIL-DEV :
05-19 10:42:26.423 463 491 D RIL-DEV : [05-19_10:42:26:423] idVendor = 05e3
05-19 10:42:26.423 463 491 D RIL-DEV :
05-19 10:42:26.423 463 491 D RIL-DEV : [05-19_10:42:26:424] idVendor = 1d6b
05-19 10:42:26.423 463 491 D RIL-DEV :
05-19 10:42:26.424 463 491 D RIL-DEV : [05-19_10:42:26:424] idVendor = 1d6b
05-19 10:42:26.424 463 491 D RIL-DEV :
05-19 10:42:26.424 463 491 D RIL-DEV : [05-19_10:42:26:425] idVendor = 0bda
05-19 10:42:26.424 463 491 D RIL-DEV :
05-19 10:42:26.424 463 491 D RIL-DEV : [05-19_10:42:26:425] idVendor = 1d6b
05-19 10:42:26.424 463 491 D RIL-DEV :
05-19 10:42:26.425 463 491 D RIL-DEV : [05-19_10:42:26:425] idVendor = 2109
05-19 10:42:26.425 463 491 D RIL-DEV :
05-19 10:42:26.425 463 491 D RIL-DEV : [05-19_10:42:26:426] idVendor = 2109
05-19 10:42:26.425 463 491 D RIL-DEV :
05-19 10:42:26.425 463 491 D RIL-DEV : [05-19_10:42:26:426] idVendor = 1d6b
05-19 10:42:26.425 463 491 D RIL-DEV :
05-19 10:42:26.426 463 491 D RIL-DEV : [05-19_10:42:26:426] idVendor = 0bda
05-19 10:42:26.426 463 491 D RIL-DEV :
05-19 10:42:26.426 463 491 D RIL-DEV : [05-19_10:42:26:426] idVendor = 2109
05-19 10:42:26.426 463 491 D RIL-DEV :
05-19 10:42:26.426 463 491 E RIL-DEV : Cannot find Meig devices
05-19 10:42:26.426 463 491 I RIL : ---> can't find meig usb devices
05-19 10:42:26.500 627 943 W NotificationService: Toast already killed. pkg=com.ebensz.enote.meeting token=android.os.BinderProxy@bd79e5f
05-19 10:42:26.526 627 738 W PermissionManagerService: Datasource AttributionSource { uid = 10022, packageName = com.android.providers.calendar, attributionTag = null, token = android.os.BinderProxy@304a7f2, next = android.content.AttributionSourceState@aaf3175 } protecting data with platform defined runtime permission android.permission.READ_CALENDAR while not having android.permission.UPDATE_APP_OPS_STATS
05-19 10:42:26.531 627 738 W PermissionManagerService: Datasource AttributionSource { uid = 10022, packageName = com.android.providers.calendar, attributionTag = null, token = android.os.BinderProxy@304a7f2, next = android.content.AttributionSourceState@327e50a } protecting data with platform defined runtime permission android.permission.READ_CALENDAR while not having android.permission.UPDATE_APP_OPS_STATS
05-19 10:42:26.541 627 738 W PermissionManagerService: Datasource AttributionSource { uid = 10022, packageName = com.android.providers.calendar, attributionTag = null, token = android.os.BinderProxy@304a7f2, next = android.content.AttributionSourceState@44e6ff1 } protecting data with platform defined runtime permission android.permission.READ_CALENDAR while not having android.permission.UPDATE_APP_OPS_STATS
05-19 10:42:26.552 627 738 W PermissionManagerService: Datasource AttributionSource { uid = 10022, packageName = com.android.providers.calendar, attributionTag = null, token = android.os.BinderProxy@304a7f2, next = android.content.AttributionSourceState@55b4944 } protecting data with platform defined runtime permission android.permission.READ_CALENDAR while not having android.permission.UPDATE_APP_OPS_STATS
05-21 08:50:48.645 542 542 I : read descriptors
05-21 08:50:48.645 542 542 I : read strings
05-21 08:50:48.648 1 1 I init : processing action (sys.usb.config=adb && sys.usb.configfs=1 && sys.usb.ffs.ready=1) from (/system/etc/init/hw/init.usb.configfs.rc:20)
05-19 10:42:27.002 1272 1272 W ContextImpl: Calling a method in the system process without a qualified user: android.app.ContextImpl.sendBroadcast:1181 android.content.ContextWrapper.sendBroadcast:479 cn.eben.newweather.DateWeatherService.a:19 cn.eben.newweather.DateWeatherService.a:0 cn.eben.newweather.DateWeatherService$1.handleMessage:7
05-19 10:42:27.087 627 710 I input_interaction: Interaction with: d7a6ca1 NavigationBar0 (server), PointerEventDispatcher0 (server),
05-19 10:42:27.121 781 781 I sysui_multi_action: [757,931,758,4,759,4,932,0,933,0]
05-19 10:42:27.145 627 710 I input_interaction: Interaction with: 9cec666 com.ebensz.enote.meeting/com.ebensz.enote.meeting.MeetingDetailActivity (server), PointerEventDispatcher0 (server),
05-19 10:42:27.145 627 710 I input_interaction: Interaction with: d7a6ca1 NavigationBar0 (server), PointerEventDispatcher0 (server),
05-19 10:42:27.195 781 781 I sysui_multi_action: [757,931,758,4,759,4,932,0,933,1]
05-19 10:42:27.196 627 943 I sysui_multi_action: [757,803,799,key_back_press,802,1]
05-19 10:42:27.197 627 645 D AutofillManagerService: onBackKeyPressed()
05-19 10:42:27.209 627 943 I wm_finish_activity: [0,215470990,117,com.ebensz.enote.meeting/.MeetingDetailActivity,app-request]
05-19 10:42:27.210 627 943 I wm_task_moved: [1,1,13]
05-19 10:42:27.213 627 943 I wm_task_moved: [29,1,2147483647]
05-19 10:42:27.213 627 943 I wm_task_to_front: [0,29]
05-19 10:42:27.213 627 943 I wm_focused_root_task: [0,0,1,117,finish-top adjustFocusToNextFocusableTask]
05-19 10:42:27.214 627 943 I wm_set_resumed_activity: [0,com.android.launcher3/.uioverrides.QuickstepLauncher,finish-top adjustFocusToNextFocusableTask]
05-19 10:42:27.232 627 943 I wm_pause_activity: [0,215470990,com.ebensz.enote.meeting/.MeetingDetailActivity,userLeaving=false,finish]
05-19 10:42:27.240 19414 19414 I wm_on_top_resumed_lost_called: [215470990,com.ebensz.enote.meeting.MeetingDetailActivity,topStateChangedWhenResumed]
05-19 10:42:27.245 19414 19414 I wm_on_paused_called: [215470990,com.ebensz.enote.meeting.MeetingDetailActivity,performPause]
05-19 10:42:27.246 627 18032 I wm_add_to_stopping: [0,215470990,com.ebensz.enote.meeting/.MeetingDetailActivity,completeFinishing]
05-19 10:42:27.247 627 18032 I wm_set_resumed_activity: [0,com.android.launcher3/.uioverrides.QuickstepLauncher,resumeTopActivity]
05-19 10:42:27.247 627 18032 I wm_resume_activity: [0,214771548,29,com.android.launcher3/.uioverrides.QuickstepLauncher]
05-19 10:42:27.252 627 647 I sysui_multi_action: [757,803,799,window_time_0,802,3]
05-19 10:42:27.256 1030 1030 I wm_on_restart_called: [214771548,com.android.launcher3.uioverrides.QuickstepLauncher,performRestartActivity]
05-19 10:42:27.257 1030 1030 I wm_on_start_called: [214771548,com.android.launcher3.uioverrides.QuickstepLauncher,handleStartActivity]
05-19 10:42:27.258 1030 1030 I wm_on_resume_called: [214771548,com.android.launcher3.uioverrides.QuickstepLauncher,RESUME_ACTIVITY]
05-19 10:42:27.258 1030 1030 I wm_on_top_resumed_gained_called: [214771548,com.android.launcher3.uioverrides.QuickstepLauncher,topWhenResuming]
05-19 10:42:27.258 627 710 I input_focus: [Focus leaving 9cec666 com.ebensz.enote.meeting/com.ebensz.enote.meeting.MeetingDetailActivity (server),reason=NO_WINDOW]
05-19 10:42:27.266 627 943 W ProcessStats: Tracking association SourceState{442e67b com.ebensz.enote.widget/1000 BTopFgs #411739} whose proc state 2 is better than process ProcessState{f9eaf1e com.ebensz.enote.entry/10046 pkg=com.ebensz.enote.entry} proc state 3 (4 skipped)
05-19 10:42:27.276 627 944 W PermissionManagerService: Datasource AttributionSource { uid = 10022, packageName = com.android.providers.calendar, attributionTag = null, token = android.os.BinderProxy@304a7f2, next = android.content.AttributionSourceState@cd1e89d } protecting data with platform defined runtime permission android.permission.READ_CALENDAR while not having android.permission.UPDATE_APP_OPS_STATS
05-19 10:42:27.282 627 943 W PermissionManagerService: Datasource AttributionSource { uid = 10022, packageName = com.android.providers.calendar, attributionTag = null, token = android.os.BinderProxy@304a7f2, next = android.content.AttributionSourceState@ed82c5e } protecting data with platform defined runtime permission android.permission.READ_CALENDAR while not having android.permission.UPDATE_APP_OPS_STATS
05-19 10:42:27.285 627 648 I input_focus: [Focus request 334f74b com.android.launcher3/com.android.launcher3.uioverrides.QuickstepLauncher,reason=UpdateInputWindows]
05-19 10:42:27.311 627 710 I input_focus: [Focus entering 334f74b com.android.launcher3/com.android.launcher3.uioverrides.QuickstepLauncher (server),reason=Window became focusable. Previous reason: NOT_VISIBLE]
05-19 10:42:27.392 627 943 W ContentProviderHelper: Permission Denial: opening provider com.android.providers.contacts.ContactsProvider2 from ProcessRecord{552b742 1631:cn.eben.sync/u0a63} (pid=1631, uid=10063) requires android.permission.READ_CONTACTS or android.permission.WRITE_CONTACTS
05-19 10:42:27.659 627 647 I wm_destroy_activity: [0,215470990,117,com.ebensz.enote.meeting/.MeetingDetailActivity,finish-imm:idle]
05-19 10:42:27.682 19414 19414 I wm_on_stop_called: [215470990,com.ebensz.enote.meeting.MeetingDetailActivity,LIFECYCLER_STOP_ACTIVITY]
05-19 10:42:27.682 19414 19414 I wm_on_destroy_called: [215470990,com.ebensz.enote.meeting.MeetingDetailActivity,performDestroy]
05-19 10:42:27.684 627 943 I wm_task_removed: [117,removeChild:removeChild last r=ActivityRecord{cd7d38e u0 com.ebensz.enote.meeting/.MeetingDetailActivity t-1 f}} in t=Task{bc85910 #117 type=standard A=10042:android.task.calendar1 U=0 visible=false visibleRequested=false mode=fullscreen translucent=true sz=0}]
05-19 10:42:27.684 627 943 I wm_task_removed: [117,removeChild]
05-19 10:42:27.687 627 648 W ActivityTaskManager: Can't find TaskDisplayArea to determine support for multi window. Task id=117 attached=false
05-19 10:42:27.687 627 648 W ActivityTaskManager: Can't find TaskDisplayArea to determine support for multi window. Task id=117 attached=false
05-21 08:50:49.695 542 542 I : read descriptors
05-21 08:50:49.695 542 542 I : read strings
05-19 10:42:28.002 1272 1272 W ContextImpl: Calling a method in the system process without a qualified user: android.app.ContextImpl.sendBroadcast:1181 android.content.ContextWrapper.sendBroadcast:479 cn.eben.newweather.DateWeatherService.a:19 cn.eben.newweather.DateWeatherService.a:0 cn.eben.newweather.DateWeatherService$1.handleMessage:7
05-19 10:42:28.427 463 491 I RIL : ---> enter mainloop wait at port
05-19 10:42:28.427 463 491 D RIL-DEV : Get modem info
05-19 10:42:28.428 463 491 D RIL-DEV : [05-19_10:42:28:428] idVendor = 0bda
05-19 10:42:28.428 463 491 D RIL-DEV :
05-19 10:42:28.428 463 491 D RIL-DEV : [05-19_10:42:28:428] idVendor = 05e3
05-19 10:42:28.428 463 491 D RIL-DEV :
05-19 10:42:28.428 463 491 D RIL-DEV : [05-19_10:42:28:429] idVendor = 1d6b
05-19 10:42:28.428 463 491 D RIL-DEV :
05-19 10:42:28.429 463 491 D RIL-DEV : [05-19_10:42:28:429] idVendor = 1d6b
05-19 10:42:28.429 463 491 D RIL-DEV :
05-19 10:42:28.429 463 491 D RIL-DEV : [05-19_10:42:28:429] idVendor = 0bda
05-19 10:42:28.429 463 491 D RIL-DEV :
05-19 10:42:28.429 463 491 D RIL-DEV : [05-19_10:42:28:430] idVendor = 1d6b
05-19 10:42:28.429 463 491 D RIL-DEV :
05-19 10:42:28.429 463 491 D RIL-DEV : [05-19_10:42:28:430] idVendor = 2109
05-19 10:42:28.429 463 491 D RIL-DEV :
05-19 10:42:28.430 463 491 D RIL-DEV : [05-19_10:42:28:431] idVendor = 2109
05-19 10:42:28.430 463 491 D RIL-DEV :
05-19 10:42:28.430 463 491 D RIL-DEV : [05-19_10:42:28:431] idVendor = 1d6b
05-19 10:42:28.430 463 491 D RIL-DEV :
05-19 10:42:28.431 463 491 D RIL-DEV : [05-19_10:42:28:431] idVendor = 0bda
05-19 10:42:28.431 463 491 D RIL-DEV :
05-19 10:42:28.431 463 491 D RIL-DEV : [05-19_10:42:28:431] idVendor = 2109
05-19 10:42:28.431 463 491 D RIL-DEV :
05-19 10:42:28.431 463 491 E RIL-DEV : Cannot find Meig devices
05-19 10:42:28.431 463 491 I RIL : ---> can't find meig usb devices
05-19 10:42:28.506 627 647 W WindowManager: Unable to start animation, surface is null or no children.
05-19 10:42:28.565 627 1248 E TaskPersister: File error accessing recents directory (directory doesn't exist?).
05-19 10:42:29.002 1272 1272 W ContextImpl: Calling a method in the system process without a qualified user: android.app.ContextImpl.sendBroadcast:1181 android.content.ContextWrapper.sendBroadcast:479 cn.eben.newweather.DateWeatherService.a:19 cn.eben.newweather.DateWeatherService.a:0 cn.eben.newweather.DateWeatherService$1.handleMessage:7
05-21 08:50:50.761 542 542 I : read descriptors
05-21 08:50:50.761 542 542 I : read strings
05-21 08:50:50.763 1 1 I init : processing action (sys.usb.config=adb && sys.usb.configfs=1 && sys.usb.ffs.ready=1) from (/system/etc/init/hw/init.usb.configfs.rc:20)
05-21 08:50:50.769 1 1 I init : Command 'symlink /config/usb_gadget/g1/functions/ffs.adb /config/usb_gadget/g1/configs/b.1/f1' action=sys.usb.config=adb && sys.usb.configfs=1 && sys.usb.ffs.ready=1 (/system/etc/init/hw/init.usb.configfs.rc:22) took 1ms and failed: symlink() failed: File exists
05-21 08:50:50.770 1 1 I init : Command 'write /config/usb_gadget/g1/UDC ${sys.usb.controller}' action=sys.usb.config=adb && sys.usb.configfs=1 && sys.usb.ffs.ready=1 (/system/etc/init/hw/init.usb.configfs.rc:23) took 0ms and failed: Unable to write to file '/config/usb_gadget/g1/UDC': Unable to write file contents: Device or resource busy
05-19 10:42:29.522 627 943 I ActivityManager: Background started FGS: Allowed [callingPackage: com.android.providers.calendar; callingUid: 10022; uidState: BFGS; intent: Intent { act=com.android.providers.calendar.intent.CalendarProvider2 flg=0x14 cmp=com.android.providers.calendar/.CalendarProviderIntentService (has extras) }; code:SYSTEM_ALLOW_LISTED; tempAllowListReason:<,reasonCode:SYSTEM_ALLOW_LISTED,duration:9223372036854775807,callingUid:-1>; targetSdkVersion:24; callerTargetSdkVersion:24; startForegroundCount:0; bindFromPackage:null]
05-19 10:42:29.522 627 653 I am_wtf : [0,627,system_server,-1,ActivityManager,Background started FGS: Allowed [callingPackage: com.android.providers.calendar; callingUid: 10022; uidState: BFGS; intent: Intent { act=com.android.providers.calendar.intent.CalendarProvider2 flg=0x14 cmp=com.android.providers.calendar/.CalendarProviderIntentService (has extras) }; code:SYSTEM_ALLOW_LISTED; tempAllowListReason:<,reasonCode:SYSTEM_ALLOW_LISTED,duration:9223372036854775807,callingUid:-1>; targetSdkVersion:24; callerTargetSdkVersion:24; startForegroundCount:0; bindFromPackage:null]]
05-19 10:42:29.524 627 653 I service_manager_stats: [100,56,113254]
05-19 10:42:29.524 627 653 I DropBoxManagerService: add tag=system_server_wtf isTagEnabled=true flags=0x2
05-19 10:42:29.529 627 944 W ActivityManager: Foreground service started from background can not have location/camera/microphone access: service com.android.providers.calendar/.CalendarProviderIntentService
05-19 10:42:29.532 627 653 V ActivityManager: Attempted to start a foreground service (com.android.providers.calendar/.CalendarProviderIntentService) with a broken notification (no icon: Notification(channel=com.android.providers.calendar shortcut=null contentView=null vibrate=null sound=null defaults=0x0 flags=0x40 color=0x00000000 vis=PRIVATE))
05-19 10:42:29.536 627 627 I notification_enqueue: [10022,1425,com.android.providers.calendar,1,NULL,0,Notification(channel=com.android.providers.calendar shortcut=null contentView=null vibrate=null sound=null defaults=0x0 flags=0x40 color=0x00000000 vis=PRIVATE),0]
05-19 10:42:29.537 627 627 I sysui_multi_action: [757,128,758,5,759,8,793,3,794,0,795,3,796,1,806,com.android.providers.calendar,857,com.android.providers.calendar,858,2,947,0,1500,3,1688,4,1689,2,1690,1]
05-19 10:42:29.537 627 627 I notification_canceled: [0|com.android.providers.calendar|1|null|10022,8,3,3,0,-1,-1,NULL]
05-19 10:42:29.737 627 627 I NotificationService: Cannot find enqueued record for key: 0|com.android.providers.calendar|1|null|10022
05-19 10:42:30.001 1272 1272 W ContextImpl: Calling a method in the system process without a qualified user: android.app.ContextImpl.sendBroadcast:1181 android.content.ContextWrapper.sendBroadcast:479 cn.eben.newweather.DateWeatherService.a:19 cn.eben.newweather.DateWeatherService.a:0 cn.eben.newweather.DateWeatherService$1.handleMessage:7
05-21 08:50:51.811 542 542 I : read descriptors
05-21 08:50:51.811 542 542 I : read strings
05-21 08:50:51.813 1 1 I init : processing action (sys.usb.config=adb && sys.usb.configfs=1 && sys.usb.ffs.ready=1) from (/system/etc/init/hw/init.usb.configfs.rc:20)
05-21 08:50:51.816 1 1 I init : Command 'symlink /config/usb_gadget/g1/functions/ffs.adb /config/usb_gadget/g1/configs/b.1/f1' action=sys.usb.config=adb && sys.usb.configfs=1 && sys.usb.ffs.ready=1 (/system/etc/init/hw/init.usb.configfs.rc:22) took 0ms and failed: symlink() failed: File exists
05-21 08:50:51.817 1 1 I init : Command 'write /config/usb_gadget/g1/UDC ${sys.usb.controller}' action=sys.usb.config=adb && sys.usb.configfs=1 && sys.usb.ffs.ready=1 (/system/etc/init/hw/init.usb.configfs.rc:23) took 0ms and failed: Unable to write to file '/config/usb_gadget/g1/UDC': Unable to write file contents: Device or resource busy
05-19 10:42:30.432 463 491 I RIL : ---> enter mainloop wait at port
05-19 10:42:30.432 463 491 D RIL-DEV : Get modem info
05-19 10:42:30.432 463 491 D RIL-DEV : [05-19_10:42:30:433] idVendor = 0bda
05-19 10:42:30.432 463 491 D RIL-DEV :
05-19 10:42:30.433 463 491 D RIL-DEV : [05-19_10:42:30:433] idVendor = 05e3
05-19 10:42:30.433 463 491 D RIL-DEV :
05-19 10:42:30.433 463 491 D RIL-DEV : [05-19_10:42:30:434] idVendor = 1d6b
05-19 10:42:30.433 463 491 D RIL-DEV :
05-19 10:42:30.434 463 491 D RIL-DEV : [05-19_10:42:30:434] idVendor = 1d6b
05-19 10:42:30.434 463 491 D RIL-DEV :
05-19 10:42:30.434 463 491 D RIL-DEV : [05-19_10:42:30:434] idVendor = 0bda
05-19 10:42:30.434 463 491 D RIL-DEV :
05-19 10:42:30.434 463 491 D RIL-DEV : [05-19_10:42:30:435] idVendor = 1d6b
05-19 10:42:30.434 463 491 D RIL-DEV :
05-19 10:42:30.435 463 491 D RIL-DEV : [05-19_10:42:30:435] idVendor = 2109
05-19 10:42:30.435 463 491 D RIL-DEV :
05-19 10:42:30.435 463 491 D RIL-DEV : [05-19_10:42:30:436] idVendor = 2109
05-19 10:42:30.435 463 491 D RIL-DEV :
05-19 10:42:30.435 463 491 D RIL-DEV : [05-19_10:42:30:436] idVendor = 1d6b
05-19 10:42:30.435 463 491 D RIL-DEV :
05-19 10:42:30.436 463 491 D RIL-DEV : [05-19_10:42:30:436] idVendor = 0bda
05-19 10:42:30.436 463 491 D RIL-DEV :
05-19 10:42:30.436 463 491 D RIL-DEV : [05-19_10:42:30:437] idVendor = 2109
05-19 10:42:30.436 463 491 D RIL-DEV :
05-19 10:42:30.437 463 491 E RIL-DEV : Cannot find Meig devices
05-19 10:42:30.437 463 491 I RIL : ---> can't find meig usb devices
05-19 10:42:31.002 1272 1272 W ContextImpl: Calling a method in the system process without a qualified user: android.app.ContextImpl.sendBroadcast:1181 android.content.ContextWrapper.sendBroadcast:479 cn.eben.newweather.DateWeatherService.a:19 cn.eben.newweather.DateWeatherService.a:0 cn.eben.newweather.DateWeatherService$1.handleMessage:7
05-21 08:50:52.871 542 542 I : read descriptors
05-21 08:50:52.872 542 542 I : read strings
05-21 08:50:52.873 1 1 I init : processing action (sys.usb.config=adb && sys.usb.configfs=1 && sys.usb.ffs.ready=1) from (/system/etc/init/hw/init.usb.configfs.rc:20)
05-21 08:50:52.876 1 1 I init : Command 'symlink /config/usb_gadget/g1/functions/ffs.adb /config/usb_gadget/g1/configs/b.1/f1' action=sys.usb.config=adb && sys.usb.configfs=1 && sys.usb.ffs.ready=1 (/system/etc/init/hw/init.usb.configfs.rc:22) took 0ms and failed: symlink() failed: File exists
05-21 08:50:52.877 1 1 I init : Command 'write /config/usb_gadget/g1/UDC ${sys.usb.controller}' action=sys.usb.config=adb && sys.usb.configfs=1 && sys.usb.ffs.ready=1 (/system/etc/init/hw/init.usb.configfs.rc:23) took 0ms and failed: Unable to write to file '/config/usb_gadget/g1/UDC': Unable to write file contents: Device or resource busy
05-19 10:42:32.001 1272 1272 W ContextImpl: Calling a method in the system process without a qualified user: android.app.ContextImpl.sendBroadcast:1181 android.content.ContextWrapper.sendBroadcast:479 cn.eben.newweather.DateWeatherService.a:19 cn.eben.newweather.DateWeatherService.a:0 cn.eben.newweather.DateWeatherService$1.handleMessage:7
05-21 08:50:53.925 542 542 I : read descriptors
05-21 08:50:53.925 542 542 I : read strings
05-21 08:50:53.926 1 1 I init : processing action (sys.usb.config=adb && sys.usb.configfs=1 && sys.usb.ffs.ready=1) from (/system/etc/init/hw/init.usb.configfs.rc:20)
05-19 10:42:32.394 627 944 W ContentProviderHelper: Permission Denial: opening provider com.android.providers.contacts.ContactsProvider2 from ProcessRecord{552b742 1631:cn.eben.sync/u0a63} (pid=1631, uid=10063) requires android.permission.READ_CONTACTS or android.permission.WRITE_CONTACTS
05-19 10:42:32.437 463 491 I RIL : ---> enter mainloop wait at port
05-19 10:42:32.437 463 491 D RIL-DEV : Get modem info
05-19 10:42:32.438 463 491 D RIL-DEV : [05-19_10:42:32:438] idVendor = 0bda
05-19 10:42:32.438 463 491 D RIL-DEV :
05-19 10:42:32.438 463 491 D RIL-DEV : [05-19_10:42:32:439] idVendor = 05e3
05-19 10:42:32.438 463 491 D RIL-DEV :
05-19 10:42:32.439 463 491 D RIL-DEV : [05-19_10:42:32:439] idVendor = 1d6b
05-19 10:42:32.439 463 491 D RIL-DEV :
05-19 10:42:32.439 463 491 D RIL-DEV : [05-19_10:42:32:439] idVendor = 1d6b
05-19 10:42:32.439 463 491 D RIL-DEV :
05-19 10:42:32.439 463 491 D RIL-DEV : [05-19_10:42:32:440] idVendor = 0bda
05-19 10:42:32.439 463 491 D RIL-DEV :
05-19 10:42:32.439 463 491 D RIL-DEV : [05-19_10:42:32:440] idVendor = 1d6b
05-19 10:42:32.439 463 491 D RIL-DEV :
05-19 10:42:32.440 463 491 D RIL-DEV : [05-19_10:42:32:440] idVendor = 2109
05-19 10:42:32.440 463 491 D RIL-DEV :
05-19 10:42:32.440 463 491 D RIL-DEV : [05-19_10:42:32:441] idVendor = 2109
05-19 10:42:32.440 463 491 D RIL-DEV :
05-19 10:42:32.441 463 491 D RIL-DEV : [05-19_10:42:32:441] idVendor = 1d6b
05-19 10:42:32.441 463 491 D RIL-DEV :
05-19 10:42:32.441 463 491 D RIL-DEV : [05-19_10:42:32:441] idVendor = 0bda
05-19 10:42:32.441 463 491 D RIL-DEV :
05-19 10:42:32.441 463 491 D RIL-DEV : [05-19_10:42:32:442] idVendor = 2109
05-19 10:42:32.441 463 491 D RIL-DEV :
05-19 10:42:32.441 463 491 E RIL-DEV : Cannot find Meig devices
05-19 10:42:32.442 463 491 I RIL : ---> can't find meig usb devices
05-19 10:42:33.001 1272 1272 W ContextImpl: Calling a method in the system process without a qualified user: android.app.ContextImpl.sendBroadcast:1181 android.content.ContextWrapper.sendBroadcast:479 cn.eben.newweather.DateWeatherService.a:19 cn.eben.newweather.DateWeatherService.a:0 cn.eben.newweather.DateWeatherService$1.handleMessage:7
05-21 08:50:54.988 542 542 I : read descriptors
05-21 08:50:54.988 542 542 I : read strings
05-19 10:42:34.002 1272 1272 W ContextImpl: Calling a method in the system process without a qualified user: android.app.ContextImpl.sendBroadcast:1181 android.content.ContextWrapper.sendBroadcast:479 cn.eben.newweather.DateWeatherService.a:19 cn.eben.newweather.DateWeatherService.a:0 cn.eben.newweather.DateWeatherService$1.handleMessage:7
05-21 08:50:56.041 542 542 I : read descriptors
05-21 08:50:56.041 542 542 I : read strings
05-21 08:50:56.044 1 1 I init : processing action (sys.usb.config=adb && sys.usb.configfs=1 && sys.usb.ffs.ready=1) from (/system/etc/init/hw/init.usb.configfs.rc:20)
05-21 08:50:56.046 1 1 I init : Command 'symlink /config/usb_gadget/g1/functions/ffs.adb /config/usb_gadget/g1/configs/b.1/f1' action=sys.usb.config=adb && sys.usb.configfs=1 && sys.usb.ffs.ready=1 (/system/etc/init/hw/init.usb.configfs.rc:22) took 0ms and failed: symlink() failed: File exists
05-21 08:50:56.047 1 1 I init : Command 'write /config/usb_gadget/g1/UDC ${sys.usb.controller}' action=sys.usb.config=adb && sys.usb.configfs=1 && sys.usb.ffs.ready=1 (/system/etc/init/hw/init.usb.configfs.rc:23) took 0ms and failed: Unable to write to file '/config/usb_gadget/g1/UDC': Unable to write file contents: Device or resource busy
05-19 10:42:34.442 463 491 I RIL : ---> enter mainloop wait at port
05-19 10:42:34.442 463 491 D RIL-DEV : Get modem info
05-19 10:42:34.443 463 491 D RIL-DEV : [05-19_10:42:34:443] idVendor = 0bda
05-19 10:42:34.443 463 491 D RIL-DEV :
05-19 10:42:34.443 463 491 D RIL-DEV : [05-19_10:42:34:443] idVendor = 05e3
05-19 10:42:34.443 463 491 D RIL-DEV :
05-19 10:42:34.443 463 491 D RIL-DEV : [05-19_10:42:34:444] idVendor = 1d6b
05-19 10:42:34.443 463 491 D RIL-DEV :
05-19 10:42:34.444 463 491 D RIL-DEV : [05-19_10:42:34:444] idVendor = 1d6b
05-19 10:42:34.444 463 491 D RIL-DEV :
05-19 10:42:34.444 463 491 D RIL-DEV : [05-19_10:42:34:444] idVendor = 0bda
05-19 10:42:34.444 463 491 D RIL-DEV :
05-19 10:42:34.444 463 491 D RIL-DEV : [05-19_10:42:34:445] idVendor = 1d6b
05-19 10:42:34.444 463 491 D RIL-DEV :
05-19 10:42:34.445 463 491 D RIL-DEV : [05-19_10:42:34:445] idVendor = 2109
05-19 10:42:34.445 463 491 D RIL-DEV :
05-19 10:42:34.445 463 491 D RIL-DEV : [05-19_10:42:34:446] idVendor = 2109
05-19 10:42:34.445 463 491 D RIL-DEV :
05-19 10:42:34.445 463 491 D RIL-DEV : [05-19_10:42:34:446] idVendor = 1d6b
05-19 10:42:34.445 463 491 D RIL-DEV :
05-19 10:42:34.446 463 491 D RIL-DEV : [05-19_10:42:34:446] idVendor = 0bda
05-19 10:42:34.446 463 491 D RIL-DEV :
05-19 10:42:34.446 463 491 D RIL-DEV : [05-19_10:42:34:446] idVendor = 2109
05-19 10:42:34.446 463 491 D RIL-DEV :
05-19 10:42:34.446 463 491 E RIL-DEV : Cannot find Meig devices
05-19 10:42:34.446 463 491 I RIL : ---> can't find meig usb devices
05-19 10:42:35.001 1272 1272 W ContextImpl: Calling a method in the system process without a qualified user: android.app.ContextImpl.sendBroadcast:1181 android.content.ContextWrapper.sendBroadcast:479 cn.eben.newweather.DateWeatherService.a:19 cn.eben.newweather.DateWeatherService.a:0 cn.eben.newweather.DateWeatherService$1.handleMessage:7
05-21 08:50:57.078 542 542 I : read descriptors
05-21 08:50:57.078 542 542 I : read strings
05-21 08:50:57.080 1 1 I init : processing action (sys.usb.config=adb && sys.usb.configfs=1 && sys.usb.ffs.ready=1) from (/system/etc/init/hw/init.usb.configfs.rc:20)
05-21 08:50:57.082 1 1 I init : Command 'symlink /config/usb_gadget/g1/functions/ffs.adb /config/usb_gadget/g1/configs/b.1/f1' action=sys.usb.config=adb && sys.usb.configfs=1 && sys.usb.ffs.ready=1 (/system/etc/init/hw/init.usb.configfs.rc:22) took 0ms and failed: symlink() failed: File exists
05-21 08:50:57.082 1 1 I init : Command 'write /config/usb_gadget/g1/UDC ${sys.usb.controller}' action=sys.usb.config=adb && sys.usb.configfs=1 && sys.usb.ffs.ready=1 (/system/etc/init/hw/init.usb.configfs.rc:23) took 0ms and failed: Unable to write to file '/config/usb_gadget/g1/UDC': Unable to write file contents: Device or resource busy
05-19 10:42:36.002 1272 1272 W ContextImpl: Calling a method in the system process without a qualified user: android.app.ContextImpl.sendBroadcast:1181 android.content.ContextWrapper.sendBroadcast:479 cn.eben.newweather.DateWeatherService.a:19 cn.eben.newweather.DateWeatherService.a:0 cn.eben.newweather.DateWeatherService$1.handleMessage:7
05-21 08:50:58.118 542 542 I : read descriptors
05-21 08:50:58.118 542 542 I : read strings
05-21 08:50:58.120 1 1 I init : processing action (sys.usb.config=adb && sys.usb.configfs=1 && sys.usb.ffs.ready=1) from (/system/etc/init/hw/init.usb.configfs.rc:20)
05-21 08:50:58.123 1 1 I init : Command 'symlink /config/usb_gadget/g1/functions/ffs.adb /config/usb_gadget/g1/configs/b.1/f1' action=sys.usb.config=adb && sys.usb.configfs=1 && sys.usb.ffs.ready=1 (/system/etc/init/hw/init.usb.configfs.rc:22) took 0ms and failed: symlink() failed: File exists
05-21 08:50:58.124 1 1 I init : Command 'write /config/usb_gadget/g1/UDC ${sys.usb.controller}' action=sys.usb.config=adb && sys.usb.configfs=1 && sys.usb.ffs.ready=1 (/system/etc/init/hw/init.usb.configfs.rc:23) took 0ms and failed: Unable to write to file '/config/usb_gadget/g1/UDC': Unable to write file contents: Device or resource busy
05-19 10:42:36.447 463 491 I RIL : ---> enter mainloop wait at port
05-19 10:42:36.447 463 491 D RIL-DEV : Get modem info
05-19 10:42:36.447 463 491 D RIL-DEV : [05-19_10:42:36:448] idVendor = 0bda
05-19 10:42:36.447 463 491 D RIL-DEV :
05-19 10:42:36.448 463 491 D RIL-DEV : [05-19_10:42:36:448] idVendor = 05e3
05-19 10:42:36.448 463 491 D RIL-DEV :
05-19 10:42:36.448 463 491 D RIL-DEV : [05-19_10:42:36:448] idVendor = 1d6b
05-19 10:42:36.448 463 491 D RIL-DEV :
05-19 10:42:36.448 463 491 D RIL-DEV : [05-19_10:42:36:449] idVendor = 1d6b
05-19 10:42:36.448 463 491 D RIL-DEV :
05-19 10:42:36.449 463 491 D RIL-DEV : [05-19_10:42:36:449] idVendor = 0bda
05-19 10:42:36.449 463 491 D RIL-DEV :
05-19 10:42:36.449 463 491 D RIL-DEV : [05-19_10:42:36:449] idVendor = 1d6b
05-19 10:42:36.449 463 491 D RIL-DEV :
05-19 10:42:36.449 463 491 D RIL-DEV : [05-19_10:42:36:450] idVendor = 2109
05-19 10:42:36.449 463 491 D RIL-DEV :
05-19 10:42:36.450 463 491 D RIL-DEV : [05-19_10:42:36:450] idVendor = 2109
05-19 10:42:36.450 463 491 D RIL-DEV :
05-19 10:42:36.450 463 491 D RIL-DEV : [05-19_10:42:36:450] idVendor = 1d6b
05-19 10:42:36.450 463 491 D RIL-DEV :
05-19 10:42:36.450 463 491 D RIL-DEV : [05-19_10:42:36:451] idVendor = 0bda
05-19 10:42:36.450 463 491 D RIL-DEV :
05-19 10:42:36.451 463 491 D RIL-DEV : [05-19_10:42:36:451] idVendor = 2109
05-19 10:42:36.451 463 491 D RIL-DEV :
05-19 10:42:36.451 463 491 E RIL-DEV : Cannot find Meig devices
05-19 10:42:36.451 463 491 I RIL : ---> can't find meig usb devices
05-19 10:42:37.002 1272 1272 W ContextImpl: Calling a method in the system process without a qualified user: android.app.ContextImpl.sendBroadcast:1181 android.content.ContextWrapper.sendBroadcast:479 cn.eben.newweather.DateWeatherService.a:19 cn.eben.newweather.DateWeatherService.a:0 cn.eben.newweather.DateWeatherService$1.handleMessage:7
05-19 10:42:37.398 627 944 W ContentProviderHelper: Permission Denial: opening provider com.android.providers.contacts.ContactsProvider2 from ProcessRecord{552b742 1631:cn.eben.sync/u0a63} (pid=1631, uid=10063) requires android.permission.READ_CONTACTS or android.permission.WRITE_CONTACTS
05-21 08:50:59.171 542 542 I : read descriptors
05-21 08:50:59.172 542 542 I : read strings
05-21 08:50:59.173 1 1 I init : processing action (sys.usb.config=adb && sys.usb.configfs=1 && sys.usb.ffs.ready=1) from (/system/etc/init/hw/init.usb.configfs.rc:20)
05-19 10:42:37.495 627 627 W WindowManager: removeWindowToken: Attempted to remove non-existing token: android.os.Binder@8148be1
