05-19 10:53:58.297 463 491 D RIL-DEV : [05-19_10:53:58:297] idVendor = 1d6b
05-19 10:53:58.297 463 491 D RIL-DEV :
05-19 10:53:58.297 463 491 D RIL-DEV : [05-19_10:53:58:297] idVendor = 0bda
05-19 10:53:58.297 463 491 D RIL-DEV :
05-19 10:53:58.297 463 491 D RIL-DEV : [05-19_10:53:58:298] idVendor = 1d6b
05-19 10:53:58.297 463 491 D RIL-DEV :
05-19 10:53:58.298 463 491 D RIL-DEV : [05-19_10:53:58:298] idVendor = 2109
05-19 10:53:58.298 463 491 D RIL-DEV :
05-19 10:53:58.298 463 491 D RIL-DEV : [05-19_10:53:58:299] idVendor = 2109
05-19 10:53:58.298 463 491 D RIL-DEV :
05-19 10:53:58.298 463 491 D RIL-DEV : [05-19_10:53:58:299] idVendor = 1d6b
05-19 10:53:58.298 463 491 D RIL-DEV :
05-19 10:53:58.299 463 491 D RIL-DEV : [05-19_10:53:58:299] idVendor = 0bda
05-19 10:53:58.299 463 491 D RIL-DEV :
05-19 10:53:58.299 463 491 D RIL-DEV : [05-19_10:53:58:300] idVendor = 2109
05-19 10:53:58.299 463 491 D RIL-DEV :
05-19 10:53:58.299 463 491 E RIL-DEV : Cannot find Meig devices
05-19 10:53:58.299 463 491 I RIL : ---> can't find meig usb devices
05-21 09:06:27.999 542 542 I : read descriptors
05-21 09:06:27.999 542 542 I : read strings
05-21 09:06:28.001 1 1 I init : processing action (sys.usb.config=adb && sys.usb.configfs=1 && sys.usb.ffs.ready=1) from (/system/etc/init/hw/init.usb.configfs.rc:20)
05-19 10:53:59.001 1272 1272 W ContextImpl: Calling a method in the system process without a qualified user: android.app.ContextImpl.sendBroadcast:1181 android.content.ContextWrapper.sendBroadcast:479 cn.eben.newweather.DateWeatherService.a:19 cn.eben.newweather.DateWeatherService.a:0 cn.eben.newweather.DateWeatherService$1.handleMessage:7
05-21 09:06:28.003 1 1 I init : Command 'symlink /config/usb_gadget/g1/functions/ffs.adb /config/usb_gadget/g1/configs/b.1/f1' action=sys.usb.config=adb && sys.usb.configfs=1 && sys.usb.ffs.ready=1 (/system/etc/init/hw/init.usb.configfs.rc:22) took 0ms and failed: symlink() failed: File exists
05-21 09:06:28.005 1 1 I init : Command 'write /config/usb_gadget/g1/UDC ${sys.usb.controller}' action=sys.usb.config=adb && sys.usb.configfs=1 && sys.usb.ffs.ready=1 (/system/etc/init/hw/init.usb.configfs.rc:23) took 1ms and failed: Unable to write to file '/config/usb_gadget/g1/UDC': Unable to write file contents: Device or resource busy
05-19 10:54:00.002 1272 1272 W ContextImpl: Calling a method in the system process without a qualified user: android.app.ContextImpl.sendBroadcast:1181 android.content.ContextWrapper.sendBroadcast:479 cn.eben.newweather.DateWeatherService.a:19 cn.eben.newweather.DateWeatherService.a:0 cn.eben.newweather.DateWeatherService$1.handleMessage:7
05-21 09:06:29.059 542 542 I : read descriptors
05-21 09:06:29.059 542 542 I : read strings
05-21 09:06:29.061 1 1 I init : processing action (sys.usb.config=adb && sys.usb.configfs=1 && sys.usb.ffs.ready=1) from (/system/etc/init/hw/init.usb.configfs.rc:20)
05-21 09:06:29.063 1 1 I init : Command 'symlink /config/usb_gadget/g1/functions/ffs.adb /config/usb_gadget/g1/configs/b.1/f1' action=sys.usb.config=adb && sys.usb.configfs=1 && sys.usb.ffs.ready=1 (/system/etc/init/hw/init.usb.configfs.rc:22) took 0ms and failed: symlink() failed: File exists
05-21 09:06:29.064 1 1 I init : Command 'write /config/usb_gadget/g1/UDC ${sys.usb.controller}' action=sys.usb.config=adb && sys.usb.configfs=1 && sys.usb.ffs.ready=1 (/system/etc/init/hw/init.usb.configfs.rc:23) took 0ms and failed: Unable to write to file '/config/usb_gadget/g1/UDC': Unable to write file contents: Device or resource busy
05-19 10:54:00.077 627 2096 W ContentProviderHelper: Permission Denial: opening provider com.android.providers.contacts.ContactsProvider2 from ProcessRecord{552b742 1631:cn.eben.sync/u0a63} (pid=1631, uid=10063) requires android.permission.READ_CONTACTS or android.permission.WRITE_CONTACTS
05-19 10:54:00.300 463 491 I RIL : ---> enter mainloop wait at port
05-19 10:54:00.300 463 491 D RIL-DEV : Get modem info
05-19 10:54:00.301 463 491 D RIL-DEV : [05-19_10:54:00:301] idVendor = 0bda
05-19 10:54:00.301 463 491 D RIL-DEV :
05-19 10:54:00.301 463 491 D RIL-DEV : [05-19_10:54:00:301] idVendor = 05e3
05-19 10:54:00.301 463 491 D RIL-DEV :
05-19 10:54:00.301 463 491 D RIL-DEV : [05-19_10:54:00:302] idVendor = 1d6b
05-19 10:54:00.301 463 491 D RIL-DEV :
05-19 10:54:00.301 463 491 D RIL-DEV : [05-19_10:54:00:302] idVendor = 1d6b
05-19 10:54:00.301 463 491 D RIL-DEV :
05-19 10:54:00.302 463 491 D RIL-DEV : [05-19_10:54:00:302] idVendor = 0bda
05-19 10:54:00.302 463 491 D RIL-DEV :
05-19 10:54:00.302 463 491 D RIL-DEV : [05-19_10:54:00:303] idVendor = 1d6b
05-19 10:54:00.302 463 491 D RIL-DEV :
05-19 10:54:00.303 463 491 D RIL-DEV : [05-19_10:54:00:303] idVendor = 2109
05-19 10:54:00.303 463 491 D RIL-DEV :
05-19 10:54:00.303 463 491 D RIL-DEV : [05-19_10:54:00:304] idVendor = 2109
05-19 10:54:00.303 463 491 D RIL-DEV :
05-19 10:54:00.304 463 491 D RIL-DEV : [05-19_10:54:00:304] idVendor = 1d6b
05-19 10:54:00.304 463 491 D RIL-DEV :
05-19 10:54:00.304 463 491 D RIL-DEV : [05-19_10:54:00:304] idVendor = 0bda
05-19 10:54:00.304 463 491 D RIL-DEV :
05-19 10:54:00.304 463 491 D RIL-DEV : [05-19_10:54:00:305] idVendor = 2109
05-19 10:54:00.304 463 491 D RIL-DEV :
05-19 10:54:00.305 463 491 E RIL-DEV : Cannot find Meig devices
05-19 10:54:00.305 463 491 I RIL : ---> can't find meig usb devices
05-19 10:54:01.002 1272 1272 W ContextImpl: Calling a method in the system process without a qualified user: android.app.ContextImpl.sendBroadcast:1181 android.content.ContextWrapper.sendBroadcast:479 cn.eben.newweather.DateWeatherService.a:19 cn.eben.newweather.DateWeatherService.a:0 cn.eben.newweather.DateWeatherService$1.handleMessage:7
05-21 09:06:30.119 542 542 I : read descriptors
05-21 09:06:30.119 542 542 I : read strings
05-21 09:06:30.120 1 1 I init : processing action (sys.usb.config=adb && sys.usb.configfs=1 && sys.usb.ffs.ready=1) from (/system/etc/init/hw/init.usb.configfs.rc:20)
05-19 10:54:02.002 1272 1272 W ContextImpl: Calling a method in the system process without a qualified user: android.app.ContextImpl.sendBroadcast:1181 android.content.ContextWrapper.sendBroadcast:479 cn.eben.newweather.DateWeatherService.a:19 cn.eben.newweather.DateWeatherService.a:0 cn.eben.newweather.DateWeatherService$1.handleMessage:7
05-21 09:06:31.182 542 542 I : read descriptors
05-21 09:06:31.182 542 542 I : read strings
05-19 10:54:02.306 463 491 I RIL : ---> enter mainloop wait at port
05-19 10:54:02.306 463 491 D RIL-DEV : Get modem info
05-19 10:54:02.306 463 491 D RIL-DEV : [05-19_10:54:02:307] idVendor = 0bda
05-19 10:54:02.306 463 491 D RIL-DEV :
05-19 10:54:02.307 463 491 D RIL-DEV : [05-19_10:54:02:307] idVendor = 05e3
05-19 10:54:02.307 463 491 D RIL-DEV :
05-19 10:54:02.307 463 491 D RIL-DEV : [05-19_10:54:02:308] idVendor = 1d6b
05-19 10:54:02.307 463 491 D RIL-DEV :
05-19 10:54:02.307 463 491 D RIL-DEV : [05-19_10:54:02:308] idVendor = 1d6b
05-19 10:54:02.307 463 491 D RIL-DEV :
05-19 10:54:02.308 463 491 D RIL-DEV : [05-19_10:54:02:308] idVendor = 0bda
05-19 10:54:02.308 463 491 D RIL-DEV :
05-19 10:54:02.308 463 491 D RIL-DEV : [05-19_10:54:02:309] idVendor = 1d6b
05-19 10:54:02.308 463 491 D RIL-DEV :
05-19 10:54:02.309 463 491 D RIL-DEV : [05-19_10:54:02:309] idVendor = 2109
05-19 10:54:02.309 463 491 D RIL-DEV :
05-19 10:54:02.309 463 491 D RIL-DEV : [05-19_10:54:02:310] idVendor = 2109
05-19 10:54:02.309 463 491 D RIL-DEV :
05-19 10:54:02.310 463 491 D RIL-DEV : [05-19_10:54:02:310] idVendor = 1d6b
05-19 10:54:02.310 463 491 D RIL-DEV :
05-19 10:54:02.310 463 491 D RIL-DEV : [05-19_10:54:02:311] idVendor = 0bda
05-19 10:54:02.310 463 491 D RIL-DEV :
05-19 10:54:02.311 463 491 D RIL-DEV : [05-19_10:54:02:311] idVendor = 2109
05-19 10:54:02.311 463 491 D RIL-DEV :
05-19 10:54:02.311 463 491 E RIL-DEV : Cannot find Meig devices
05-19 10:54:02.311 463 491 I RIL : ---> can't find meig usb devices
05-19 10:54:03.002 1272 1272 W ContextImpl: Calling a method in the system process without a qualified user: android.app.ContextImpl.sendBroadcast:1181 android.content.ContextWrapper.sendBroadcast:479 cn.eben.newweather.DateWeatherService.a:19 cn.eben.newweather.DateWeatherService.a:0 cn.eben.newweather.DateWeatherService$1.handleMessage:7
05-21 09:06:32.239 542 542 I : read descriptors
05-21 09:06:32.239 542 542 I : read strings
05-21 09:06:32.241 1 1 I init : processing action (sys.usb.config=adb && sys.usb.configfs=1 && sys.usb.ffs.ready=1) from (/system/etc/init/hw/init.usb.configfs.rc:20)
05-21 09:06:32.243 1 1 I init : Command 'symlink /config/usb_gadget/g1/functions/ffs.adb /config/usb_gadget/g1/configs/b.1/f1' action=sys.usb.config=adb && sys.usb.configfs=1 && sys.usb.ffs.ready=1 (/system/etc/init/hw/init.usb.configfs.rc:22) took 0ms and failed: symlink() failed: File exists
05-21 09:06:32.245 1 1 I init : Command 'write /config/usb_gadget/g1/UDC ${sys.usb.controller}' action=sys.usb.config=adb && sys.usb.configfs=1 && sys.usb.ffs.ready=1 (/system/etc/init/hw/init.usb.configfs.rc:23) took 0ms and failed: Unable to write to file '/config/usb_gadget/g1/UDC': Unable to write file contents: Device or resource busy
05-19 10:54:04.001 1272 1272 W ContextImpl: Calling a method in the system process without a qualified user: android.app.ContextImpl.sendBroadcast:1181 android.content.ContextWrapper.sendBroadcast:479 cn.eben.newweather.DateWeatherService.a:19 cn.eben.newweather.DateWeatherService.a:0 cn.eben.newweather.DateWeatherService$1.handleMessage:7
05-21 09:06:33.286 542 542 I : read descriptors
05-21 09:06:33.286 542 542 I : read strings
05-21 09:06:33.289 1 1 I init : processing action (sys.usb.config=adb && sys.usb.configfs=1 && sys.usb.ffs.ready=1) from (/system/etc/init/hw/init.usb.configfs.rc:20)
05-21 09:06:33.290 1 1 I init : Command 'symlink /config/usb_gadget/g1/functions/ffs.adb /config/usb_gadget/g1/configs/b.1/f1' action=sys.usb.config=adb && sys.usb.configfs=1 && sys.usb.ffs.ready=1 (/system/etc/init/hw/init.usb.configfs.rc:22) took 0ms and failed: symlink() failed: File exists
05-21 09:06:33.291 1 1 I init : Command 'write /config/usb_gadget/g1/UDC ${sys.usb.controller}' action=sys.usb.config=adb && sys.usb.configfs=1 && sys.usb.ffs.ready=1 (/system/etc/init/hw/init.usb.configfs.rc:23) took 0ms and failed: Unable to write to file '/config/usb_gadget/g1/UDC': Unable to write file contents: Device or resource busy
05-19 10:54:04.312 463 491 I RIL : ---> enter mainloop wait at port
05-19 10:54:04.312 463 491 D RIL-DEV : Get modem info
05-19 10:54:04.312 463 491 D RIL-DEV : [05-19_10:54:04:313] idVendor = 0bda
05-19 10:54:04.312 463 491 D RIL-DEV :
05-19 10:54:04.312 463 491 D RIL-DEV : [05-19_10:54:04:313] idVendor = 05e3
05-19 10:54:04.312 463 491 D RIL-DEV :
05-19 10:54:04.313 463 491 D RIL-DEV : [05-19_10:54:04:313] idVendor = 1d6b
05-19 10:54:04.313 463 491 D RIL-DEV :
05-19 10:54:04.313 463 491 D RIL-DEV : [05-19_10:54:04:313] idVendor = 1d6b
05-19 10:54:04.313 463 491 D RIL-DEV :
05-19 10:54:04.313 463 491 D RIL-DEV : [05-19_10:54:04:313] idVendor = 0bda
05-19 10:54:04.313 463 491 D RIL-DEV :
05-19 10:54:04.313 463 491 D RIL-DEV : [05-19_10:54:04:314] idVendor = 1d6b
05-19 10:54:04.313 463 491 D RIL-DEV :
05-19 10:54:04.313 463 491 D RIL-DEV : [05-19_10:54:04:314] idVendor = 2109
05-19 10:54:04.313 463 491 D RIL-DEV :
05-19 10:54:04.313 463 491 D RIL-DEV : [05-19_10:54:04:314] idVendor = 2109
05-19 10:54:04.313 463 491 D RIL-DEV :
05-19 10:54:04.313 463 491 D RIL-DEV : [05-19_10:54:04:314] idVendor = 1d6b
05-19 10:54:04.313 463 491 D RIL-DEV :
05-19 10:54:04.314 463 491 D RIL-DEV : [05-19_10:54:04:314] idVendor = 0bda
05-19 10:54:04.314 463 491 D RIL-DEV :
05-19 10:54:04.314 463 491 D RIL-DEV : [05-19_10:54:04:314] idVendor = 2109
05-19 10:54:04.314 463 491 D RIL-DEV :
05-19 10:54:04.314 463 491 E RIL-DEV : Cannot find Meig devices
05-19 10:54:04.314 463 491 I RIL : ---> can't find meig usb devices
05-19 10:54:05.002 1272 1272 W ContextImpl: Calling a method in the system process without a qualified user: android.app.ContextImpl.sendBroadcast:1181 android.content.ContextWrapper.sendBroadcast:479 cn.eben.newweather.DateWeatherService.a:19 cn.eben.newweather.DateWeatherService.a:0 cn.eben.newweather.DateWeatherService$1.handleMessage:7
05-19 10:54:05.081 627 9940 W ContentProviderHelper: Permission Denial: opening provider com.android.providers.contacts.ContactsProvider2 from ProcessRecord{552b742 1631:cn.eben.sync/u0a63} (pid=1631, uid=10063) requires android.permission.READ_CONTACTS or android.permission.WRITE_CONTACTS
05-21 09:06:34.336 542 542 I : read descriptors
05-21 09:06:34.336 542 542 I : read strings
05-21 09:06:34.338 1 1 I init : processing action (sys.usb.config=adb && sys.usb.configfs=1 && sys.usb.ffs.ready=1) from (/system/etc/init/hw/init.usb.configfs.rc:20)
05-21 09:06:34.340 1 1 I init : Command 'symlink /config/usb_gadget/g1/functions/ffs.adb /config/usb_gadget/g1/configs/b.1/f1' action=sys.usb.config=adb && sys.usb.configfs=1 && sys.usb.ffs.ready=1 (/system/etc/init/hw/init.usb.configfs.rc:22) took 0ms and failed: symlink() failed: File exists
05-21 09:06:34.340 1 1 I init : Command 'write /config/usb_gadget/g1/UDC ${sys.usb.controller}' action=sys.usb.config=adb && sys.usb.configfs=1 && sys.usb.ffs.ready=1 (/system/etc/init/hw/init.usb.configfs.rc:23) took 0ms and failed: Unable to write to file '/config/usb_gadget/g1/UDC': Unable to write file contents: Device or resource busy
05-19 10:54:06.002 1272 1272 W ContextImpl: Calling a method in the system process without a qualified user: android.app.ContextImpl.sendBroadcast:1181 android.content.ContextWrapper.sendBroadcast:479 cn.eben.newweather.DateWeatherService.a:19 cn.eben.newweather.DateWeatherService.a:0 cn.eben.newweather.DateWeatherService$1.handleMessage:7
05-19 10:54:06.314 463 491 I RIL : ---> enter mainloop wait at port
05-19 10:54:06.315 463 491 D RIL-DEV : Get modem info
05-19 10:54:06.315 463 491 D RIL-DEV : [05-19_10:54:06:316] idVendor = 0bda
05-19 10:54:06.315 463 491 D RIL-DEV :
05-19 10:54:06.316 463 491 D RIL-DEV : [05-19_10:54:06:316] idVendor = 05e3
05-19 10:54:06.316 463 491 D RIL-DEV :
05-19 10:54:06.316 463 491 D RIL-DEV : [05-19_10:54:06:316] idVendor = 1d6b
05-19 10:54:06.316 463 491 D RIL-DEV :
05-19 10:54:06.316 463 491 D RIL-DEV : [05-19_10:54:06:317] idVendor = 1d6b
05-19 10:54:06.316 463 491 D RIL-DEV :
05-19 10:54:06.316 463 491 D RIL-DEV : [05-19_10:54:06:317] idVendor = 0bda
05-19 10:54:06.316 463 491 D RIL-DEV :
05-19 10:54:06.317 463 491 D RIL-DEV : [05-19_10:54:06:317] idVendor = 1d6b
05-19 10:54:06.317 463 491 D RIL-DEV :
05-19 10:54:06.317 463 491 D RIL-DEV : [05-19_10:54:06:318] idVendor = 2109
05-19 10:54:06.317 463 491 D RIL-DEV :
05-19 10:54:06.318 463 491 D RIL-DEV : [05-19_10:54:06:318] idVendor = 2109
05-19 10:54:06.318 463 491 D RIL-DEV :
05-19 10:54:06.318 463 491 D RIL-DEV : [05-19_10:54:06:318] idVendor = 1d6b
05-19 10:54:06.318 463 491 D RIL-DEV :
05-19 10:54:06.318 463 491 D RIL-DEV : [05-19_10:54:06:319] idVendor = 0bda
05-19 10:54:06.318 463 491 D RIL-DEV :
05-19 10:54:06.318 463 491 D RIL-DEV : [05-19_10:54:06:319] idVendor = 2109
05-19 10:54:06.318 463 491 D RIL-DEV :
05-19 10:54:06.319 463 491 E RIL-DEV : Cannot find Meig devices
05-19 10:54:06.319 463 491 I RIL : ---> can't find meig usb devices
05-21 09:06:35.386 542 542 I : read descriptors
05-21 09:06:35.386 542 542 I : read strings
05-21 09:06:35.387 1 1 I init : processing action (sys.usb.config=adb && sys.usb.configfs=1 && sys.usb.ffs.ready=1) from (/system/etc/init/hw/init.usb.configfs.rc:20)
05-19 10:54:07.002 1272 1272 W ContextImpl: Calling a method in the system process without a qualified user: android.app.ContextImpl.sendBroadcast:1181 android.content.ContextWrapper.sendBroadcast:479 cn.eben.newweather.DateWeatherService.a:19 cn.eben.newweather.DateWeatherService.a:0 cn.eben.newweather.DateWeatherService$1.handleMessage:7
05-21 09:06:36.449 542 542 I : read descriptors
05-21 09:06:36.449 542 542 I : read strings
05-19 10:54:08.002 1272 1272 W ContextImpl: Calling a method in the system process without a qualified user: android.app.ContextImpl.sendBroadcast:1181 android.content.ContextWrapper.sendBroadcast:479 cn.eben.newweather.DateWeatherService.a:19 cn.eben.newweather.DateWeatherService.a:0 cn.eben.newweather.DateWeatherService$1.handleMessage:7
05-19 10:54:08.319 463 491 I RIL : ---> enter mainloop wait at port
05-19 10:54:08.319 463 491 D RIL-DEV : Get modem info
05-19 10:54:08.320 463 491 D RIL-DEV : [05-19_10:54:08:320] idVendor = 0bda
05-19 10:54:08.320 463 491 D RIL-DEV :
05-19 10:54:08.321 463 491 D RIL-DEV : [05-19_10:54:08:321] idVendor = 05e3
05-19 10:54:08.321 463 491 D RIL-DEV :
05-19 10:54:08.321 463 491 D RIL-DEV : [05-19_10:54:08:322] idVendor = 1d6b
05-19 10:54:08.321 463 491 D RIL-DEV :
05-19 10:54:08.322 463 491 D RIL-DEV : [05-19_10:54:08:322] idVendor = 1d6b
05-19 10:54:08.322 463 491 D RIL-DEV :
05-19 10:54:08.322 463 491 D RIL-DEV : [05-19_10:54:08:322] idVendor = 0bda
05-19 10:54:08.322 463 491 D RIL-DEV :
05-19 10:54:08.322 463 491 D RIL-DEV : [05-19_10:54:08:323] idVendor = 1d6b
05-19 10:54:08.322 463 491 D RIL-DEV :
05-19 10:54:08.323 463 491 D RIL-DEV : [05-19_10:54:08:323] idVendor = 2109
05-19 10:54:08.323 463 491 D RIL-DEV :
05-19 10:54:08.324 463 491 D RIL-DEV : [05-19_10:54:08:324] idVendor = 2109
05-19 10:54:08.324 463 491 D RIL-DEV :
05-19 10:54:08.324 463 491 D RIL-DEV : [05-19_10:54:08:325] idVendor = 1d6b
05-19 10:54:08.324 463 491 D RIL-DEV :
05-19 10:54:08.324 463 491 D RIL-DEV : [05-19_10:54:08:325] idVendor = 0bda
05-19 10:54:08.324 463 491 D RIL-DEV :
05-19 10:54:08.325 463 491 D RIL-DEV : [05-19_10:54:08:325] idVendor = 2109
05-19 10:54:08.325 463 491 D RIL-DEV :
05-19 10:54:08.325 463 491 E RIL-DEV : Cannot find Meig devices
05-19 10:54:08.325 463 491 I RIL : ---> can't find meig usb devices
05-21 09:06:37.512 542 542 I : read descriptors
05-21 09:06:37.512 542 542 I : read strings
05-21 09:06:37.513 1 1 I init : processing action (sys.usb.config=adb && sys.usb.configfs=1 && sys.usb.ffs.ready=1) from (/system/etc/init/hw/init.usb.configfs.rc:20)
05-21 09:06:37.515 1 1 I init : Command 'symlink /config/usb_gadget/g1/functions/ffs.adb /config/usb_gadget/g1/configs/b.1/f1' action=sys.usb.config=adb && sys.usb.configfs=1 && sys.usb.ffs.ready=1 (/system/etc/init/hw/init.usb.configfs.rc:22) took 0ms and failed: symlink() failed: File exists
05-21 09:06:37.516 1 1 I init : Command 'write /config/usb_gadget/g1/UDC ${sys.usb.controller}' action=sys.usb.config=adb && sys.usb.configfs=1 && sys.usb.ffs.ready=1 (/system/etc/init/hw/init.usb.configfs.rc:23) took 0ms and failed: Unable to write to file '/config/usb_gadget/g1/UDC': Unable to write file contents: Device or resource busy
05-19 10:54:09.003 1272 1272 W ContextImpl: Calling a method in the system process without a qualified user: android.app.ContextImpl.sendBroadcast:1181 android.content.ContextWrapper.sendBroadcast:479 cn.eben.newweather.DateWeatherService.a:19 cn.eben.newweather.DateWeatherService.a:0 cn.eben.newweather.DateWeatherService$1.handleMessage:7
05-21 09:06:38.566 542 542 I : read descriptors
05-21 09:06:38.566 542 542 I : read strings
05-21 09:06:38.567 1 1 I init : processing action (sys.usb.config=adb && sys.usb.configfs=1 && sys.usb.ffs.ready=1) from (/system/etc/init/hw/init.usb.configfs.rc:20)
05-21 09:06:38.570 1 1 I init : Command 'symlink /config/usb_gadget/g1/functions/ffs.adb /config/usb_gadget/g1/configs/b.1/f1' action=sys.usb.config=adb && sys.usb.configfs=1 && sys.usb.ffs.ready=1 (/system/etc/init/hw/init.usb.configfs.rc:22) took 0ms and failed: symlink() failed: File exists
05-21 09:06:38.572 1 1 I init : Command 'write /config/usb_gadget/g1/UDC ${sys.usb.controller}' action=sys.usb.config=adb && sys.usb.configfs=1 && sys.usb.ffs.ready=1 (/system/etc/init/hw/init.usb.configfs.rc:23) took 1ms and failed: Unable to write to file '/config/usb_gadget/g1/UDC': Unable to write file contents: Device or resource busy
05-19 10:54:10.003 1272 1272 W ContextImpl: Calling a method in the system process without a qualified user: android.app.ContextImpl.sendBroadcast:1181 android.content.ContextWrapper.sendBroadcast:479 cn.eben.newweather.DateWeatherService.a:19 cn.eben.newweather.DateWeatherService.a:0 cn.eben.newweather.DateWeatherService$1.handleMessage:7
05-19 10:54:10.085 627 9940 W ContentProviderHelper: Permission Denial: opening provider com.android.providers.contacts.ContactsProvider2 from ProcessRecord{552b742 1631:cn.eben.sync/u0a63} (pid=1631, uid=10063) requires android.permission.READ_CONTACTS or android.permission.WRITE_CONTACTS
05-19 10:54:10.325 463 491 I RIL : ---> enter mainloop wait at port
05-19 10:54:10.326 463 491 D RIL-DEV : Get modem info
05-19 10:54:10.326 463 491 D RIL-DEV : [05-19_10:54:10:327] idVendor = 0bda
05-19 10:54:10.326 463 491 D RIL-DEV :
05-19 10:54:10.327 463 491 D RIL-DEV : [05-19_10:54:10:327] idVendor = 05e3
05-19 10:54:10.327 463 491 D RIL-DEV :
05-19 10:54:10.327 463 491 D RIL-DEV : [05-19_10:54:10:328] idVendor = 1d6b
05-19 10:54:10.327 463 491 D RIL-DEV :
05-19 10:54:10.327 463 491 D RIL-DEV : [05-19_10:54:10:328] idVendor = 1d6b
05-19 10:54:10.327 463 491 D RIL-DEV :
05-19 10:54:10.328 463 491 D RIL-DEV : [05-19_10:54:10:328] idVendor = 0bda
05-19 10:54:10.328 463 491 D RIL-DEV :
05-19 10:54:10.328 463 491 D RIL-DEV : [05-19_10:54:10:329] idVendor = 1d6b
05-19 10:54:10.328 463 491 D RIL-DEV :
05-19 10:54:10.328 463 491 D RIL-DEV : [05-19_10:54:10:329] idVendor = 2109
05-19 10:54:10.328 463 491 D RIL-DEV :
05-19 10:54:10.329 463 491 D RIL-DEV : [05-19_10:54:10:329] idVendor = 2109
05-19 10:54:10.329 463 491 D RIL-DEV :
05-19 10:54:10.329 463 491 D RIL-DEV : [05-19_10:54:10:330] idVendor = 1d6b
05-19 10:54:10.329 463 491 D RIL-DEV :
05-19 10:54:10.331 463 491 D RIL-DEV : [05-19_10:54:10:330] idVendor = 0bda
05-19 10:54:10.331 463 491 D RIL-DEV :
05-19 10:54:10.332 463 491 D RIL-DEV : [05-19_10:54:10:332] idVendor = 2109
05-19 10:54:10.332 463 491 D RIL-DEV :
05-19 10:54:10.332 463 491 E RIL-DEV : Cannot find Meig devices
05-19 10:54:10.332 463 491 I RIL : ---> can't find meig usb devices
05-21 09:06:39.639 542 542 I : read descriptors
05-21 09:06:39.639 542 542 I : read strings
05-21 09:06:39.640 1 1 I init : processing action (sys.usb.config=adb && sys.usb.configfs=1 && sys.usb.ffs.ready=1) from (/system/etc/init/hw/init.usb.configfs.rc:20)
05-21 09:06:39.642 1 1 I init : Command 'symlink /config/usb_gadget/g1/functions/ffs.adb /config/usb_gadget/g1/configs/b.1/f1' action=sys.usb.config=adb && sys.usb.configfs=1 && sys.usb.ffs.ready=1 (/system/etc/init/hw/init.usb.configfs.rc:22) took 0ms and failed: symlink() failed: File exists
05-21 09:06:39.643 1 1 I init : Command 'write /config/usb_gadget/g1/UDC ${sys.usb.controller}' action=sys.usb.config=adb && sys.usb.configfs=1 && sys.usb.ffs.ready=1 (/system/etc/init/hw/init.usb.configfs.rc:23) took 0ms and failed: Unable to write to file '/config/usb_gadget/g1/UDC': Unable to write file contents: Device or resource busy
05-19 10:54:11.002 1272 1272 W ContextImpl: Calling a method in the system process without a qualified user: android.app.ContextImpl.sendBroadcast:1181 android.content.ContextWrapper.sendBroadcast:479 cn.eben.newweather.DateWeatherService.a:19 cn.eben.newweather.DateWeatherService.a:0 cn.eben.newweather.DateWeatherService$1.handleMessage:7
05-21 09:06:40.696 542 542 I : read descriptors
05-21 09:06:40.696 542 542 I : read strings
05-21 09:06:40.698 1 1 I init : processing action (sys.usb.config=adb && sys.usb.configfs=1 && sys.usb.ffs.ready=1) from (/system/etc/init/hw/init.usb.configfs.rc:20)
05-19 10:54:12.003 1272 1272 W ContextImpl: Calling a method in the system process without a qualified user: android.app.ContextImpl.sendBroadcast:1181 android.content.ContextWrapper.sendBroadcast:479 cn.eben.newweather.DateWeatherService.a:19 cn.eben.newweather.DateWeatherService.a:0 cn.eben.newweather.DateWeatherService$1.handleMessage:7
05-19 10:54:12.333 463 491 I RIL : ---> enter mainloop wait at port
05-19 10:54:12.333 463 491 D RIL-DEV : Get modem info
05-19 10:54:12.334 463 491 D RIL-DEV : [05-19_10:54:12:335] idVendor = 0bda
05-19 10:54:12.334 463 491 D RIL-DEV :
05-19 10:54:12.335 463 491 D RIL-DEV : [05-19_10:54:12:335] idVendor = 05e3
05-19 10:54:12.335 463 491 D RIL-DEV :
05-19 10:54:12.335 463 491 D RIL-DEV : [05-19_10:54:12:335] idVendor = 1d6b
05-19 10:54:12.335 463 491 D RIL-DEV :
05-19 10:54:12.335 463 491 D RIL-DEV : [05-19_10:54:12:335] idVendor = 1d6b
05-19 10:54:12.335 463 491 D RIL-DEV :
05-19 10:54:12.335 463 491 D RIL-DEV : [05-19_10:54:12:336] idVendor = 0bda
05-19 10:54:12.335 463 491 D RIL-DEV :
05-19 10:54:12.335 463 491 D RIL-DEV : [05-19_10:54:12:336] idVendor = 1d6b
05-19 10:54:12.335 463 491 D RIL-DEV :
05-19 10:54:12.336 463 491 D RIL-DEV : [05-19_10:54:12:336] idVendor = 2109
05-19 10:54:12.336 463 491 D RIL-DEV :
05-19 10:54:12.336 463 491 D RIL-DEV : [05-19_10:54:12:336] idVendor = 2109
05-19 10:54:12.336 463 491 D RIL-DEV :
05-19 10:54:12.336 463 491 D RIL-DEV : [05-19_10:54:12:337] idVendor = 1d6b
05-19 10:54:12.336 463 491 D RIL-DEV :
05-19 10:54:12.336 463 491 D RIL-DEV : [05-19_10:54:12:337] idVendor = 0bda
05-19 10:54:12.336 463 491 D RIL-DEV :
05-19 10:54:12.337 463 491 D RIL-DEV : [05-19_10:54:12:337] idVendor = 2109
05-19 10:54:12.337 463 491 D RIL-DEV :
05-19 10:54:12.337 463 491 E RIL-DEV : Cannot find Meig devices
05-19 10:54:12.337 463 491 I RIL : ---> can't find meig usb devices
05-21 09:06:41.762 542 542 I : read descriptors
05-21 09:06:41.762 542 542 I : read strings
05-19 10:54:13.002 1272 1272 W ContextImpl: Calling a method in the system process without a qualified user: android.app.ContextImpl.sendBroadcast:1181 android.content.ContextWrapper.sendBroadcast:479 cn.eben.newweather.DateWeatherService.a:19 cn.eben.newweather.DateWeatherService.a:0 cn.eben.newweather.DateWeatherService$1.handleMessage:7
05-21 09:06:42.826 542 542 I : read descriptors
05-21 09:06:42.826 542 542 I : read strings
05-21 09:06:42.828 1 1 I init : processing action (sys.usb.config=adb && sys.usb.configfs=1 && sys.usb.ffs.ready=1) from (/system/etc/init/hw/init.usb.configfs.rc:20)
05-21 09:06:42.830 1 1 I init : Command 'symlink /config/usb_gadget/g1/functions/ffs.adb /config/usb_gadget/g1/configs/b.1/f1' action=sys.usb.config=adb && sys.usb.configfs=1 && sys.usb.ffs.ready=1 (/system/etc/init/hw/init.usb.configfs.rc:22) took 0ms and failed: symlink() failed: File exists
05-21 09:06:42.832 1 1 I init : Command 'write /config/usb_gadget/g1/UDC ${sys.usb.controller}' action=sys.usb.config=adb && sys.usb.configfs=1 && sys.usb.ffs.ready=1 (/system/etc/init/hw/init.usb.configfs.rc:23) took 1ms and failed: Unable to write to file '/config/usb_gadget/g1/UDC': Unable to write file contents: Device or resource busy
05-19 10:54:14.003 1272 1272 W ContextImpl: Calling a method in the system process without a qualified user: android.app.ContextImpl.sendBroadcast:1181 android.content.ContextWrapper.sendBroadcast:479 cn.eben.newweather.DateWeatherService.a:19 cn.eben.newweather.DateWeatherService.a:0 cn.eben.newweather.DateWeatherService$1.handleMessage:7
05-19 10:54:14.337 463 491 I RIL : ---> enter mainloop wait at port
05-19 10:54:14.337 463 491 D RIL-DEV : Get modem info
05-19 10:54:14.338 463 491 D RIL-DEV : [05-19_10:54:14:338] idVendor = 0bda
05-19 10:54:14.338 463 491 D RIL-DEV :
05-19 10:54:14.338 463 491 D RIL-DEV : [05-19_10:54:14:338] idVendor = 05e3
05-19 10:54:14.338 463 491 D RIL-DEV :
05-19 10:54:14.338 463 491 D RIL-DEV : [05-19_10:54:14:339] idVendor = 1d6b
05-19 10:54:14.338 463 491 D RIL-DEV :
05-19 10:54:14.338 463 491 D RIL-DEV : [05-19_10:54:14:339] idVendor = 1d6b
05-19 10:54:14.338 463 491 D RIL-DEV :
05-19 10:54:14.339 463 491 D RIL-DEV : [05-19_10:54:14:339] idVendor = 0bda
05-19 10:54:14.339 463 491 D RIL-DEV :
05-19 10:54:14.339 463 491 D RIL-DEV : [05-19_10:54:14:339] idVendor = 1d6b
05-19 10:54:14.339 463 491 D RIL-DEV :
05-19 10:54:14.339 463 491 D RIL-DEV : [05-19_10:54:14:340] idVendor = 2109
05-19 10:54:14.339 463 491 D RIL-DEV :
05-19 10:54:14.339 463 491 D RIL-DEV : [05-19_10:54:14:340] idVendor = 2109
05-19 10:54:14.339 463 491 D RIL-DEV :
05-19 10:54:14.340 463 491 D RIL-DEV : [05-19_10:54:14:340] idVendor = 1d6b
05-19 10:54:14.340 463 491 D RIL-DEV :
05-19 10:54:14.340 463 491 D RIL-DEV : [05-19_10:54:14:340] idVendor = 0bda
05-19 10:54:14.340 463 491 D RIL-DEV :
05-19 10:54:14.340 463 491 D RIL-DEV : [05-19_10:54:14:340] idVendor = 2109
05-19 10:54:14.340 463 491 D RIL-DEV :
05-19 10:54:14.340 463 491 E RIL-DEV : Cannot find Meig devices
05-19 10:54:14.340 463 491 I RIL : ---> can't find meig usb devices
05-21 09:06:43.899 542 542 I : read descriptors
05-21 09:06:43.899 542 542 I : read strings
05-21 09:06:43.901 1 1 I init : processing action (sys.usb.config=adb && sys.usb.configfs=1 && sys.usb.ffs.ready=1) from (/system/etc/init/hw/init.usb.configfs.rc:20)
05-21 09:06:43.902 1 1 I init : Command 'symlink /config/usb_gadget/g1/functions/ffs.adb /config/usb_gadget/g1/configs/b.1/f1' action=sys.usb.config=adb && sys.usb.configfs=1 && sys.usb.ffs.ready=1 (/system/etc/init/hw/init.usb.configfs.rc:22) took 0ms and failed: symlink() failed: File exists
05-21 09:06:43.903 1 1 I init : Command 'write /config/usb_gadget/g1/UDC ${sys.usb.controller}' action=sys.usb.config=adb && sys.usb.configfs=1 && sys.usb.ffs.ready=1 (/system/etc/init/hw/init.usb.configfs.rc:23) took 0ms and failed: Unable to write to file '/config/usb_gadget/g1/UDC': Unable to write file contents: Device or resource busy
05-19 10:54:15.003 1272 1272 W ContextImpl: Calling a method in the system process without a qualified user: android.app.ContextImpl.sendBroadcast:1181 android.content.ContextWrapper.sendBroadcast:479 cn.eben.newweather.DateWeatherService.a:19 cn.eben.newweather.DateWeatherService.a:0 cn.eben.newweather.DateWeatherService$1.handleMessage:7
05-19 10:54:15.089 627 9940 W ContentProviderHelper: Permission Denial: opening provider com.android.providers.contacts.ContactsProvider2 from ProcessRecord{552b742 1631:cn.eben.sync/u0a63} (pid=1631, uid=10063) requires android.permission.READ_CONTACTS or android.permission.WRITE_CONTACTS
05-21 09:06:44.962 542 542 I : read descriptors
05-21 09:06:44.962 542 542 I : read strings
05-21 09:06:44.964 1 1 I init : processing action (sys.usb.config=adb && sys.usb.configfs=1 && sys.usb.ffs.ready=1) from (/system/etc/init/hw/init.usb.configfs.rc:20)
05-21 09:06:44.967 1 1 I init : Command 'symlink /config/usb_gadget/g1/functions/ffs.adb /config/usb_gadget/g1/configs/b.1/f1' action=sys.usb.config=adb && sys.usb.configfs=1 && sys.usb.ffs.ready=1 (/system/etc/init/hw/init.usb.configfs.rc:22) took 0ms and failed: symlink() failed: File exists
05-21 09:06:44.968 1 1 I init : Command 'write /config/usb_gadget/g1/UDC ${sys.usb.controller}' action=sys.usb.config=adb && sys.usb.configfs=1 && sys.usb.ffs.ready=1 (/system/etc/init/hw/init.usb.configfs.rc:23) took 0ms and failed: Unable to write to file '/config/usb_gadget/g1/UDC': Unable to write file contents: Device or resource busy
05-19 10:54:16.001 1272 1272 W ContextImpl: Calling a method in the system process without a qualified user: android.app.ContextImpl.sendBroadcast:1181 android.content.ContextWrapper.sendBroadcast:479 cn.eben.newweather.DateWeatherService.a:19 cn.eben.newweather.DateWeatherService.a:0 cn.eben.newweather.DateWeatherService$1.handleMessage:7
05-19 10:54:16.340 463 491 I RIL : ---> enter mainloop wait at port
05-19 10:54:16.341 463 491 D RIL-DEV : Get modem info
05-19 10:54:16.341 463 491 D RIL-DEV : [05-19_10:54:16:342] idVendor = 0bda
05-19 10:54:16.341 463 491 D RIL-DEV :
05-19 10:54:16.342 463 491 D RIL-DEV : [05-19_10:54:16:342] idVendor = 05e3
05-19 10:54:16.342 463 491 D RIL-DEV :
05-19 10:54:16.342 463 491 D RIL-DEV : [05-19_10:54:16:343] idVendor = 1d6b
05-19 10:54:16.342 463 491 D RIL-DEV :
05-19 10:54:16.343 463 491 D RIL-DEV : [05-19_10:54:16:343] idVendor = 1d6b
05-19 10:54:16.343 463 491 D RIL-DEV :
05-19 10:54:16.343 463 491 D RIL-DEV : [05-19_10:54:16:343] idVendor = 0bda
05-19 10:54:16.343 463 491 D RIL-DEV :
05-19 10:54:16.343 463 491 D RIL-DEV : [05-19_10:54:16:344] idVendor = 1d6b
05-19 10:54:16.343 463 491 D RIL-DEV :
05-19 10:54:16.344 463 491 D RIL-DEV : [05-19_10:54:16:344] idVendor = 2109
05-19 10:54:16.344 463 491 D RIL-DEV :
05-19 10:54:16.344 463 491 D RIL-DEV : [05-19_10:54:16:344] idVendor = 2109
05-19 10:54:16.344 463 491 D RIL-DEV :
05-19 10:54:16.344 463 491 D RIL-DEV : [05-19_10:54:16:345] idVendor = 1d6b
05-19 10:54:16.344 463 491 D RIL-DEV :
05-19 10:54:16.345 463 491 D RIL-DEV : [05-19_10:54:16:345] idVendor = 0bda
05-19 10:54:16.345 463 491 D RIL-DEV :
05-19 10:54:16.345 463 491 D RIL-DEV : [05-19_10:54:16:345] idVendor = 2109
05-19 10:54:16.345 463 491 D RIL-DEV :
05-19 10:54:16.345 463 491 E RIL-DEV : Cannot find Meig devices
05-19 10:54:16.345 463 491 I RIL : ---> can't find meig usb devices
05-19 10:54:17.002 1272 1272 W ContextImpl: Calling a method in the system process without a qualified user: android.app.ContextImpl.sendBroadcast:1181 android.content.ContextWrapper.sendBroadcast:479 cn.eben.newweather.DateWeatherService.a:19 cn.eben.newweather.DateWeatherService.a:0 cn.eben.newweather.DateWeatherService$1.handleMessage:7
05-21 09:06:46.012 542 542 I : read descriptors
05-21 09:06:46.012 542 542 I : read strings
05-21 09:06:46.015 1 1 I init : processing action (sys.usb.config=adb && sys.usb.configfs=1 && sys.usb.ffs.ready=1) from (/system/etc/init/hw/init.usb.configfs.rc:20)
05-19 10:54:18.002 1272 1272 W ContextImpl: Calling a method in the system process without a qualified user: android.app.ContextImpl.sendBroadcast:1181 android.content.ContextWrapper.sendBroadcast:479 cn.eben.newweather.DateWeatherService.a:19 cn.eben.newweather.DateWeatherService.a:0 cn.eben.newweather.DateWeatherService$1.handleMessage:7
05-21 09:06:47.096 542 542 I : read descriptors
05-21 09:06:47.096 542 542 I : read strings
05-19 10:54:18.346 463 491 I RIL : ---> enter mainloop wait at port
05-19 10:54:18.346 463 491 D RIL-DEV : Get modem info
05-19 10:54:18.346 463 491 D RIL-DEV : [05-19_10:54:18:347] idVendor = 0bda
05-19 10:54:18.346 463 491 D RIL-DEV :
05-19 10:54:18.347 463 491 D RIL-DEV : [05-19_10:54:18:347] idVendor = 05e3
05-19 10:54:18.347 463 491 D RIL-DEV :
05-19 10:54:18.347 463 491 D RIL-DEV : [05-19_10:54:18:348] idVendor = 1d6b
05-19 10:54:18.347 463 491 D RIL-DEV :
05-19 10:54:18.347 463 491 D RIL-DEV : [05-19_10:54:18:348] idVendor = 1d6b
05-19 10:54:18.347 463 491 D RIL-DEV :
05-19 10:54:18.348 463 491 D RIL-DEV : [05-19_10:54:18:348] idVendor = 0bda
05-19 10:54:18.348 463 491 D RIL-DEV :
05-19 10:54:18.348 463 491 D RIL-DEV : [05-19_10:54:18:349] idVendor = 1d6b
05-19 10:54:18.348 463 491 D RIL-DEV :
05-19 10:54:18.348 463 491 D RIL-DEV : [05-19_10:54:18:349] idVendor = 2109
05-19 10:54:18.348 463 491 D RIL-DEV :
05-19 10:54:18.349 463 491 D RIL-DEV : [05-19_10:54:18:350] idVendor = 2109
05-19 10:54:18.349 463 491 D RIL-DEV :
05-19 10:54:18.349 463 491 D RIL-DEV : [05-19_10:54:18:350] idVendor = 1d6b
05-19 10:54:18.349 463 491 D RIL-DEV :
05-19 10:54:18.350 463 491 D RIL-DEV : [05-19_10:54:18:350] idVendor = 0bda
05-19 10:54:18.350 463 491 D RIL-DEV :
05-19 10:54:18.350 463 491 D RIL-DEV : [05-19_10:54:18:351] idVendor = 2109
05-19 10:54:18.350 463 491 D RIL-DEV :
05-19 10:54:18.350 463 491 E RIL-DEV : Cannot find Meig devices
05-19 10:54:18.351 463 491 I RIL : ---> can't find meig usb devices
05-19 10:54:19.001 1272 1272 W ContextImpl: Calling a method in the system process without a qualified user: android.app.ContextImpl.sendBroadcast:1181 android.content.ContextWrapper.sendBroadcast:479 cn.eben.newweather.DateWeatherService.a:19 cn.eben.newweather.DateWeatherService.a:0 cn.eben.newweather.DateWeatherService$1.handleMessage:7
05-21 09:06:48.162 542 542 I : read descriptors
05-21 09:06:48.162 542 542 I : read strings
05-21 09:06:48.165 1 1 I init : processing action (sys.usb.config=adb && sys.usb.configfs=1 && sys.usb.ffs.ready=1) from (/system/etc/init/hw/init.usb.configfs.rc:20)
05-21 09:06:48.167 1 1 I init : Command 'symlink /config/usb_gadget/g1/functions/ffs.adb /config/usb_gadget/g1/configs/b.1/f1' action=sys.usb.config=adb && sys.usb.configfs=1 && sys.usb.ffs.ready=1 (/system/etc/init/hw/init.usb.configfs.rc:22) took 0ms and failed: symlink() failed: File exists
05-21 09:06:48.167 1 1 I init : Command 'write /config/usb_gadget/g1/UDC ${sys.usb.controller}' action=sys.usb.config=adb && sys.usb.configfs=1 && sys.usb.ffs.ready=1 (/system/etc/init/hw/init.usb.configfs.rc:23) took 0ms and failed: Unable to write to file '/config/usb_gadget/g1/UDC': Unable to write file contents: Device or resource busy
05-19 10:54:20.002 1272 1272 W ContextImpl: Calling a method in the system process without a qualified user: android.app.ContextImpl.sendBroadcast:1181 android.content.ContextWrapper.sendBroadcast:479 cn.eben.newweather.DateWeatherService.a:19 cn.eben.newweather.DateWeatherService.a:0 cn.eben.newweather.DateWeatherService$1.handleMessage:7
05-19 10:54:20.093 627 2096 W ContentProviderHelper: Permission Denial: opening provider com.android.providers.contacts.ContactsProvider2 from ProcessRecord{552b742 1631:cn.eben.sync/u0a63} (pid=1631, uid=10063) requires android.permission.READ_CONTACTS or android.permission.WRITE_CONTACTS
05-21 09:06:49.216 542 542 I : read descriptors
05-21 09:06:49.216 542 542 I : read strings
05-21 09:06:49.218 1 1 I init : processing action (sys.usb.config=adb && sys.usb.configfs=1 && sys.usb.ffs.ready=1) from (/system/etc/init/hw/init.usb.configfs.rc:20)
05-21 09:06:49.220 1 1 I init : Command 'symlink /config/usb_gadget/g1/functions/ffs.adb /config/usb_gadget/g1/configs/b.1/f1' action=sys.usb.config=adb && sys.usb.configfs=1 && sys.usb.ffs.ready=1 (/system/etc/init/hw/init.usb.configfs.rc:22) took 0ms and failed: symlink() failed: File exists
05-21 09:06:49.221 1 1 I init : Command 'write /config/usb_gadget/g1/UDC ${sys.usb.controller}' action=sys.usb.config=adb && sys.usb.configfs=1 && sys.usb.ffs.ready=1 (/system/etc/init/hw/init.usb.configfs.rc:23) took 0ms and failed: Unable to write to file '/config/usb_gadget/g1/UDC': Unable to write file contents: Device or resource busy
05-19 10:54:20.351 463 491 I RIL : ---> enter mainloop wait at port
05-19 10:54:20.351 463 491 D RIL-DEV : Get modem info
05-19 10:54:20.352 463 491 D RIL-DEV : [05-19_10:54:20:352] idVendor = 0bda
05-19 10:54:20.352 463 491 D RIL-DEV :
05-19 10:54:20.352 463 491 D RIL-DEV : [05-19_10:54:20:353] idVendor = 05e3
05-19 10:54:20.352 463 491 D RIL-DEV :
05-19 10:54:20.352 463 491 D RIL-DEV : [05-19_10:54:20:353] idVendor = 1d6b
05-19 10:54:20.352 463 491 D RIL-DEV :
05-19 10:54:20.353 463 491 D RIL-DEV : [05-19_10:54:20:353] idVendor = 1d6b
05-19 10:54:20.353 463 491 D RIL-DEV :
05-19 10:54:20.353 463 491 D RIL-DEV : [05-19_10:54:20:353] idVendor = 0bda
05-19 10:54:20.353 463 491 D RIL-DEV :
05-19 10:54:20.353 463 491 D RIL-DEV : [05-19_10:54:20:354] idVendor = 1d6b
05-19 10:54:20.353 463 491 D RIL-DEV :
05-19 10:54:20.354 463 491 D RIL-DEV : [05-19_10:54:20:354] idVendor = 2109
05-19 10:54:20.354 463 491 D RIL-DEV :
05-19 10:54:20.354 463 491 D RIL-DEV : [05-19_10:54:20:355] idVendor = 2109
05-19 10:54:20.354 463 491 D RIL-DEV :
05-19 10:54:20.354 463 491 D RIL-DEV : [05-19_10:54:20:355] idVendor = 1d6b
05-19 10:54:20.354 463 491 D RIL-DEV :
05-19 10:54:20.355 463 491 D RIL-DEV : [05-19_10:54:20:355] idVendor = 0bda
05-19 10:54:20.355 463 491 D RIL-DEV :
05-19 10:54:20.355 463 491 D RIL-DEV : [05-19_10:54:20:355] idVendor = 2109
05-19 10:54:20.355 463 491 D RIL-DEV :
05-19 10:54:20.355 463 491 E RIL-DEV : Cannot find Meig devices
05-19 10:54:20.355 463 491 I RIL : ---> can't find meig usb devices
05-19 10:54:21.003 1272 1272 W ContextImpl: Calling a method in the system process without a qualified user: android.app.ContextImpl.sendBroadcast:1181 android.content.ContextWrapper.sendBroadcast:479 cn.eben.newweather.DateWeatherService.a:19 cn.eben.newweather.DateWeatherService.a:0 cn.eben.newweather.DateWeatherService$1.handleMessage:7
05-21 09:06:50.276 542 542 I : read descriptors
05-21 09:06:50.276 542 542 I : read strings
05-21 09:06:50.278 1 1 I init : processing action (sys.usb.config=adb && sys.usb.configfs=1 && sys.usb.ffs.ready=1) from (/system/etc/init/hw/init.usb.configfs.rc:20)
05-21 09:06:50.280 1 1 I init : Command 'symlink /config/usb_gadget/g1/functions/ffs.adb /config/usb_gadget/g1/configs/b.1/f1' action=sys.usb.config=adb && sys.usb.configfs=1 && sys.usb.ffs.ready=1 (/system/etc/init/hw/init.usb.configfs.rc:22) took 0ms and failed: symlink() failed: File exists
05-21 09:06:50.283 1 1 I init : Command 'write /config/usb_gadget/g1/UDC ${sys.usb.controller}' action=sys.usb.config=adb && sys.usb.configfs=1 && sys.usb.ffs.ready=1 (/system/etc/init/hw/init.usb.configfs.rc:23) took 2ms and failed: Unable to write to file '/config/usb_gadget/g1/UDC': Unable to write file contents: Device or resource busy
05-19 10:54:22.003 1272 1272 W ContextImpl: Calling a method in the system process without a qualified user: android.app.ContextImpl.sendBroadcast:1181 android.content.ContextWrapper.sendBroadcast:479 cn.eben.newweather.DateWeatherService.a:19 cn.eben.newweather.DateWeatherService.a:0 cn.eben.newweather.DateWeatherService$1.handleMessage:7
05-19 10:54:22.043 627 652 I am_pss : [20616,10038,com.ebensz.enote.notepad,182502400,170504192,0,329011200,0,4,32]
05-21 09:06:51.346 542 542 I : read descriptors
05-21 09:06:51.346 542 542 I : read strings
05-21 09:06:51.347 1 1 I init : processing action (sys.usb.config=adb && sys.usb.configfs=1 && sys.usb.ffs.ready=1) from (/system/etc/init/hw/init.usb.configfs.rc:20)
05-19 10:54:22.356 463 491 I RIL : ---> enter mainloop wait at port
05-19 10:54:22.356 463 491 D RIL-DEV : Get modem info
05-19 10:54:22.356 463 491 D RIL-DEV : [05-19_10:54:22:356] idVendor = 0bda
05-19 10:54:22.356 463 491 D RIL-DEV :
05-19 10:54:22.356 463 491 D RIL-DEV : [05-19_10:54:22:357] idVendor = 05e3
05-19 10:54:22.356 463 491 D RIL-DEV :
05-19 10:54:22.356 463 491 D RIL-DEV : [05-19_10:54:22:357] idVendor = 1d6b
05-19 10:54:22.356 463 491 D RIL-DEV :
05-19 10:54:22.356 463 491 D RIL-DEV : [05-19_10:54:22:357] idVendor = 1d6b
05-19 10:54:22.356 463 491 D RIL-DEV :
05-19 10:54:22.356 463 491 D RIL-DEV : [05-19_10:54:22:357] idVendor = 0bda
05-19 10:54:22.356 463 491 D RIL-DEV :
05-19 10:54:22.357 463 491 D RIL-DEV : [05-19_10:54:22:357] idVendor = 1d6b
05-19 10:54:22.357 463 491 D RIL-DEV :
05-19 10:54:22.357 463 491 D RIL-DEV : [05-19_10:54:22:357] idVendor = 2109
05-19 10:54:22.357 463 491 D RIL-DEV :
05-19 10:54:22.357 463 491 D RIL-DEV : [05-19_10:54:22:357] idVendor = 2109
05-19 10:54:22.357 463 491 D RIL-DEV :
05-19 10:54:22.357 463 491 D RIL-DEV : [05-19_10:54:22:357] idVendor = 1d6b
05-19 10:54:22.357 463 491 D RIL-DEV :
05-19 10:54:22.357 463 491 D RIL-DEV : [05-19_10:54:22:357] idVendor = 0bda
05-19 10:54:22.357 463 491 D RIL-DEV :
05-19 10:54:22.357 463 491 D RIL-DEV : [05-19_10:54:22:358] idVendor = 2109
05-19 10:54:22.357 463 491 D RIL-DEV :
05-19 10:54:22.357 463 491 E RIL-DEV : Cannot find Meig devices
05-19 10:54:22.357 463 491 I RIL : ---> can't find meig usb devices
05-19 10:54:23.002 1272 1272 W ContextImpl: Calling a method in the system process without a qualified user: android.app.ContextImpl.sendBroadcast:1181 android.content.ContextWrapper.sendBroadcast:479 cn.eben.newweather.DateWeatherService.a:19 cn.eben.newweather.DateWeatherService.a:0 cn.eben.newweather.DateWeatherService$1.handleMessage:7
05-19 10:54:23.121 627 710 I input_interaction: Interaction with: d7a6ca1 NavigationBar0 (server), PointerEventDispatcher0 (server),
05-19 10:54:23.123 781 781 V DeadZone: consuming errant click: (1528.0051,23.035645)
05-19 10:54:23.124 781 781 V DeadZone: consuming errant click: (1528.0051,23.035645)
05-21 09:06:52.399 542 542 I : read descriptors
05-21 09:06:52.399 542 542 I : read strings
05-19 10:54:24.003 1272 1272 W ContextImpl: Calling a method in the system process without a qualified user: android.app.ContextImpl.sendBroadcast:1181 android.content.ContextWrapper.sendBroadcast:479 cn.eben.newweather.DateWeatherService.a:19 cn.eben.newweather.DateWeatherService.a:0 cn.eben.newweather.DateWeatherService$1.handleMessage:7
05-19 10:54:24.358 463 491 I RIL : ---> enter mainloop wait at port
05-19 10:54:24.358 463 491 D RIL-DEV : Get modem info
05-19 10:54:24.358 463 491 D RIL-DEV : [05-19_10:54:24:359] idVendor = 0bda
05-19 10:54:24.358 463 491 D RIL-DEV :
05-19 10:54:24.359 463 491 D RIL-DEV : [05-19_10:54:24:359] idVendor = 05e3
05-19 10:54:24.359 463 491 D RIL-DEV :
05-19 10:54:24.359 463 491 D RIL-DEV : [05-19_10:54:24:360] idVendor = 1d6b
05-19 10:54:24.359 463 491 D RIL-DEV :
05-19 10:54:24.359 463 491 D RIL-DEV : [05-19_10:54:24:360] idVendor = 1d6b
05-19 10:54:24.359 463 491 D RIL-DEV :
05-19 10:54:24.360 463 491 D RIL-DEV : [05-19_10:54:24:360] idVendor = 0bda
05-19 10:54:24.360 463 491 D RIL-DEV :
05-19 10:54:24.360 463 491 D RIL-DEV : [05-19_10:54:24:361] idVendor = 1d6b
05-19 10:54:24.360 463 491 D RIL-DEV :
05-19 10:54:24.360 463 491 D RIL-DEV : [05-19_10:54:24:361] idVendor = 2109
05-19 10:54:24.360 463 491 D RIL-DEV :
05-19 10:54:24.361 463 491 D RIL-DEV : [05-19_10:54:24:361] idVendor = 2109
05-19 10:54:24.361 463 491 D RIL-DEV :
05-19 10:54:24.361 463 491 D RIL-DEV : [05-19_10:54:24:361] idVendor = 1d6b
05-19 10:54:24.361 463 491 D RIL-DEV :
05-19 10:54:24.361 463 491 D RIL-DEV : [05-19_10:54:24:362] idVendor = 0bda
05-19 10:54:24.361 463 491 D RIL-DEV :
05-19 10:54:24.362 463 491 D RIL-DEV : [05-19_10:54:24:362] idVendor = 2109
05-19 10:54:24.362 463 491 D RIL-DEV :
05-19 10:54:24.362 463 491 E RIL-DEV : Cannot find Meig devices
05-19 10:54:24.362 463 491 I RIL : ---> can't find meig usb devices
05-21 09:06:53.449 542 542 I : read descriptors
05-21 09:06:53.449 542 542 I : read strings
05-21 09:06:53.451 1 1 I init : processing action (sys.usb.config=adb && sys.usb.configfs=1 && sys.usb.ffs.ready=1) from (/system/etc/init/hw/init.usb.configfs.rc:20)
05-21 09:06:53.453 1 1 I init : Command 'symlink /config/usb_gadget/g1/functions/ffs.adb /config/usb_gadget/g1/configs/b.1/f1' action=sys.usb.config=adb && sys.usb.configfs=1 && sys.usb.ffs.ready=1 (/system/etc/init/hw/init.usb.configfs.rc:22) took 0ms and failed: symlink() failed: File exists
05-21 09:06:53.453 1 1 I init : Command 'write /config/usb_gadget/g1/UDC ${sys.usb.controller}' action=sys.usb.config=adb && sys.usb.configfs=1 && sys.usb.ffs.ready=1 (/system/etc/init/hw/init.usb.configfs.rc:23) took 0ms and failed: Unable to write to file '/config/usb_gadget/g1/UDC': Unable to write file contents: Device or resource busy
05-19 10:54:25.003 1272 1272 W ContextImpl: Calling a method in the system process without a qualified user: android.app.ContextImpl.sendBroadcast:1181 android.content.ContextWrapper.sendBroadcast:479 cn.eben.newweather.DateWeatherService.a:19 cn.eben.newweather.DateWeatherService.a:0 cn.eben.newweather.DateWeatherService$1.handleMessage:7
05-19 10:54:25.098 627 2096 W ContentProviderHelper: Permission Denial: opening provider com.android.providers.contacts.ContactsProvider2 from ProcessRecord{552b742 1631:cn.eben.sync/u0a63} (pid=1631, uid=10063) requires android.permission.READ_CONTACTS or android.permission.WRITE_CONTACTS
05-21 09:06:54.539 542 542 I : read descriptors
05-21 09:06:54.539 542 542 I : read strings
05-21 09:06:54.541 1 1 I init : processing action (sys.usb.config=adb && sys.usb.configfs=1 && sys.usb.ffs.ready=1) from (/system/etc/init/hw/init.usb.configfs.rc:20)
05-21 09:06:54.543 1 1 I init : Command 'symlink /config/usb_gadget/g1/functions/ffs.adb /config/usb_gadget/g1/configs/b.1/f1' action=sys.usb.config=adb && sys.usb.configfs=1 && sys.usb.ffs.ready=1 (/system/etc/init/hw/init.usb.configfs.rc:22) took 0ms and failed: symlink() failed: File exists
05-21 09:06:54.544 1 1 I init : Command 'write /config/usb_gadget/g1/UDC ${sys.usb.controller}' action=sys.usb.config=adb && sys.usb.configfs=1 && sys.usb.ffs.ready=1 (/system/etc/init/hw/init.usb.configfs.rc:23) took 0ms and failed: Unable to write to file '/config/usb_gadget/g1/UDC': Unable to write file contents: Device or resource busy
05-19 10:54:26.002 1272 1272 W ContextImpl: Calling a method in the system process without a qualified user: android.app.ContextImpl.sendBroadcast:1181 android.content.ContextWrapper.sendBroadcast:479 cn.eben.newweather.DateWeatherService.a:19 cn.eben.newweather.DateWeatherService.a:0 cn.eben.newweather.DateWeatherService$1.handleMessage:7
05-19 10:54:26.362 463 491 I RIL : ---> enter mainloop wait at port
05-19 10:54:26.362 463 491 D RIL-DEV : Get modem info
05-19 10:54:26.363 463 491 D RIL-DEV : [05-19_10:54:26:364] idVendor = 0bda
05-19 10:54:26.363 463 491 D RIL-DEV :
05-19 10:54:26.363 463 491 D RIL-DEV : [05-19_10:54:26:364] idVendor = 05e3
05-19 10:54:26.363 463 491 D RIL-DEV :
05-19 10:54:26.364 463 491 D RIL-DEV : [05-19_10:54:26:364] idVendor = 1d6b
05-19 10:54:26.364 463 491 D RIL-DEV :
05-19 10:54:26.364 463 491 D RIL-DEV : [05-19_10:54:26:364] idVendor = 1d6b
05-19 10:54:26.364 463 491 D RIL-DEV :
05-19 10:54:26.364 463 491 D RIL-DEV : [05-19_10:54:26:365] idVendor = 0bda
05-19 10:54:26.364 463 491 D RIL-DEV :
05-19 10:54:26.365 463 491 D RIL-DEV : [05-19_10:54:26:365] idVendor = 1d6b
05-19 10:54:26.365 463 491 D RIL-DEV :
05-19 10:54:26.365 463 491 D RIL-DEV : [05-19_10:54:26:365] idVendor = 2109
05-19 10:54:26.365 463 491 D RIL-DEV :
05-19 10:54:26.366 463 491 D RIL-DEV : [05-19_10:54:26:366] idVendor = 2109
05-19 10:54:26.366 463 491 D RIL-DEV :
05-19 10:54:26.366 463 491 D RIL-DEV : [05-19_10:54:26:366] idVendor = 1d6b
05-19 10:54:26.366 463 491 D RIL-DEV :
05-19 10:54:26.366 463 491 D RIL-DEV : [05-19_10:54:26:367] idVendor = 0bda
05-19 10:54:26.366 463 491 D RIL-DEV :
05-19 10:54:26.367 463 491 D RIL-DEV : [05-19_10:54:26:367] idVendor = 2109
