05-19 10:52:18.028 463 491 D RIL-DEV :
05-19 10:52:18.028 463 491 D RIL-DEV : [05-19_10:52:18:029] idVendor = 2109
05-19 10:52:18.028 463 491 D RIL-DEV :
05-19 10:52:18.029 463 491 D RIL-DEV : [05-19_10:52:18:030] idVendor = 2109
05-19 10:52:18.029 463 491 D RIL-DEV :
05-19 10:52:18.029 463 491 D RIL-DEV : [05-19_10:52:18:030] idVendor = 1d6b
05-19 10:52:18.029 463 491 D RIL-DEV :
05-19 10:52:18.030 463 491 D RIL-DEV : [05-19_10:52:18:030] idVendor = 0bda
05-19 10:52:18.030 463 491 D RIL-DEV :
05-19 10:52:18.030 463 491 D RIL-DEV : [05-19_10:52:18:031] idVendor = 2109
05-19 10:52:18.030 463 491 D RIL-DEV :
05-19 10:52:18.030 463 491 E RIL-DEV : Cannot find Meig devices
05-19 10:52:18.031 463 491 I RIL : ---> can't find meig usb devices
05-19 10:52:18.283 627 711 I sysui_multi_action: [757,804,799,power_consecutive_short_tap_count,801,1,802,1]
05-19 10:52:18.284 627 711 I sysui_multi_action: [757,804,799,power_double_tap_interval,801,26672,802,1]
05-19 10:52:18.284 627 711 I intercept_power: [ACTION_DOWN,0,0]
05-19 10:52:18.287 627 711 I PowerManagerService: Powering on display group fromAsleep (groupId=0, uid=1000, reason=WAKE_REASON_POWER_BUTTON, details=android.policy:POWER)...
05-19 10:52:18.288 627 711 I PowerManagerService: Waking up from Asleep (uid=1000, reason=WAKE_REASON_POWER_BUTTON, details=android.policy:POWER)...
05-19 10:52:18.296 627 668 I DisplayPowerController[0]: Blocking screen on until initial contents have been drawn.
05-19 10:52:18.296 627 668 D ActivityTaskManager: Top Process State changed to PROCESS_STATE_TOP
05-19 10:52:18.301 627 668 I wm_set_resumed_activity: [0,com.ebensz.enote.notepad/.EditActivity,resumeTopActivity]
05-19 10:52:18.302 627 627 I screen_toggled: 1
05-19 10:52:18.305 627 668 I wm_resume_activity: [0,208464367,121,com.ebensz.enote.notepad/.EditActivity]
05-19 10:52:18.306 627 648 I dvm_lock_sample: [system_server,1,android.anim,5,InputMonitor.java,156,void com.android.server.wm.InputMonitor$UpdateInputWindows.run(),WindowManagerService.java,8411,void com.android.server.wm.WindowManagerService.onAnimationFinished(),1]
05-19 10:52:18.308 627 668 V DisplayPowerController[0]: Brightness [0.5472441] reason changing to: 'manual', previous reason: 'screen_off'.
05-19 10:52:18.309 627 668 I sysui_multi_action: [757,1696,758,6,759,3]
05-19 10:52:18.328 627 627 I power_screen_broadcast_send: 1
05-19 10:52:18.330 627 647 I DisplayDeviceRepository: Display device changed state: "内置屏幕", ON
05-21 09:04:47.333 468 468 I gsensor_mxc6655 5-0015: set sensor poll time to 66ms
05-21 09:04:47.334 468 468 I gsensor_mxc6655 5-0015: sensor on: starting poll sensor data 62ms
05-19 10:52:18.333 2331 2331 I wm_on_restart_called: [116585715,com.ebensz.enote.entry.activity.EntryActivity,performRestartActivity]
05-19 10:52:18.334 2331 2331 I wm_on_start_called: [116585715,com.ebensz.enote.entry.activity.EntryActivity,handleStartActivity]
05-19 10:52:18.335 627 668 I DisplayPowerController[0]: Unblocked screen on after 39 ms
05-19 10:52:18.340 627 653 W BroadcastQueue: Background execution not allowed: receiving Intent { act=android.intent.action.USER_PRESENT flg=0x24200010 } to com.zhangyue.read.iReader/com.taobao.accs.EventReceiver
05-19 10:52:18.350 20616 20616 I wm_on_restart_called: [208464367,com.ebensz.enote.notepad.EditActivity,performRestartActivity]
05-19 10:52:18.356 20616 20616 I wm_on_start_called: [208464367,com.ebensz.enote.notepad.EditActivity,handleStartActivity]
05-21 09:04:47.376 352 352 I rockchip-vop2 fdd90000.vop: [drm:vop2_crtc_atomic_enable] Update mode to 1536x2048p55, type: 16(if:60) for vp2 dclk: 192000000
05-21 09:04:47.377 352 352 I rockchip-vop2 fdd90000.vop: [drm:vop2_crtc_atomic_enable] dclk_out2 div: 2 dclk_core2 div: 1
05-21 09:04:47.377 352 352 I rockchip-vop2 fdd90000.vop: [drm:vop2_crtc_atomic_enable] set dclk_vop2 to 96000000, get 96000000
05-19 10:52:18.413 627 627 I battery_saving_stats: [0,0,0,884,0,0,170637500,0,-18]
05-19 10:52:18.415 975 975 D DCT-C-0 : screen on
05-19 10:52:18.415 975 975 D DCT-C-0 : stopNetStatPoll
05-19 10:52:18.430 627 627 I power_screen_broadcast_done: [1,102,1]
05-21 09:04:47.518 542 542 I : read descriptors
05-21 09:04:47.518 542 542 I : read strings
05-21 09:04:47.519 1 1 I init : processing action (sys.usb.config=adb && sys.usb.configfs=1 && sys.usb.ffs.ready=1) from (/system/etc/init/hw/init.usb.configfs.rc:20)
05-21 09:04:47.519 1 1 I init : Command 'symlink /config/usb_gadget/g1/functions/ffs.adb /config/usb_gadget/g1/configs/b.1/f1' action=sys.usb.config=adb && sys.usb.configfs=1 && sys.usb.ffs.ready=1 (/system/etc/init/hw/init.usb.configfs.rc:22) took 0ms and failed: symlink() failed: File exists
05-21 09:04:47.519 1 1 I init : Command 'write /config/usb_gadget/g1/UDC ${sys.usb.controller}' action=sys.usb.config=adb && sys.usb.configfs=1 && sys.usb.ffs.ready=1 (/system/etc/init/hw/init.usb.configfs.rc:23) took 0ms and failed: Unable to write to file '/config/usb_gadget/g1/UDC': Unable to write file contents: Device or resource busy
05-19 10:52:18.544 627 711 I intercept_power: [ACTION_UP,0,0]
05-19 10:52:18.544 627 627 D WindowManager: powerPress: eventTime=73395612 interactive=true count=0 beganFromNonInteractive=true mShortPressOnPowerBehavior=1
05-19 10:52:18.629 20616 20616 I wm_on_resume_called: [208464367,com.ebensz.enote.notepad.EditActivity,RESUME_ACTIVITY]
05-19 10:52:18.629 20616 20616 I wm_on_top_resumed_gained_called: [208464367,com.ebensz.enote.notepad.EditActivity,topWhenResuming]
05-19 10:52:18.635 627 648 I input_focus: [Focus request d23fbfa com.ebensz.enote.notepad/com.ebensz.enote.notepad.EditActivity,reason=UpdateInputWindows]
05-21 09:04:47.882 352 352 I dw-mipi-dsi2 fde20000.dsi: [drm:dw_mipi_dsi2_encoder_enable] final DSI-Link bandwidth: 639999 x 8 Kbps
05-19 10:52:18.890 627 668 I sysui_latency: [5,602]
05-19 10:52:18.890 627 668 W PowerManagerService: Screen on took 608 ms
05-19 10:52:18.890 627 627 I sysui_multi_action: [757,198,758,1,759,1,1359,609,1694,1]
05-19 10:52:18.891 627 627 I power_screen_state: [1,0,0,0,609]
05-19 10:52:18.905 627 710 I input_focus: [Focus entering d23fbfa com.ebensz.enote.notepad/com.ebensz.enote.notepad.EditActivity (server),reason=Window became focusable. Previous reason: NO_WINDOW]
05-19 10:52:19.002 1272 1272 W ContextImpl: Calling a method in the system process without a qualified user: android.app.ContextImpl.sendBroadcast:1181 android.content.ContextWrapper.sendBroadcast:479 cn.eben.newweather.DateWeatherService.a:19 cn.eben.newweather.DateWeatherService.a:0 cn.eben.newweather.DateWeatherService$1.handleMessage:7
05-21 09:04:48.578 542 542 I : read descriptors
05-21 09:04:48.578 542 542 I : read strings
05-21 09:04:48.579 1 1 I init : processing action (sys.usb.config=adb && sys.usb.configfs=1 && sys.usb.ffs.ready=1) from (/system/etc/init/hw/init.usb.configfs.rc:20)
05-21 09:04:48.582 1 1 I init : Command 'symlink /config/usb_gadget/g1/functions/ffs.adb /config/usb_gadget/g1/configs/b.1/f1' action=sys.usb.config=adb && sys.usb.configfs=1 && sys.usb.ffs.ready=1 (/system/etc/init/hw/init.usb.configfs.rc:22) took 1ms and failed: symlink() failed: File exists
05-21 09:04:48.584 1 1 I init : Command 'write /config/usb_gadget/g1/UDC ${sys.usb.controller}' action=sys.usb.config=adb && sys.usb.configfs=1 && sys.usb.ffs.ready=1 (/system/etc/init/hw/init.usb.configfs.rc:23) took 1ms and failed: Unable to write to file '/config/usb_gadget/g1/UDC': Unable to write file contents: Device or resource busy
05-19 10:52:19.989 627 685 W ContentProviderHelper: Permission Denial: opening provider com.android.providers.contacts.ContactsProvider2 from ProcessRecord{552b742 1631:cn.eben.sync/u0a63} (pid=1631, uid=10063) requires android.permission.READ_CONTACTS or android.permission.WRITE_CONTACTS
05-19 10:52:20.002 1272 1272 W ContextImpl: Calling a method in the system process without a qualified user: android.app.ContextImpl.sendBroadcast:1181 android.content.ContextWrapper.sendBroadcast:479 cn.eben.newweather.DateWeatherService.a:19 cn.eben.newweather.DateWeatherService.a:0 cn.eben.newweather.DateWeatherService$1.handleMessage:7
05-19 10:52:20.031 463 491 I RIL : ---> enter mainloop wait at port
05-19 10:52:20.031 463 491 D RIL-DEV : Get modem info
05-19 10:52:20.032 463 491 D RIL-DEV : [05-19_10:52:20:032] idVendor = 0bda
05-19 10:52:20.032 463 491 D RIL-DEV :
05-19 10:52:20.032 463 491 D RIL-DEV : [05-19_10:52:20:033] idVendor = 05e3
05-19 10:52:20.032 463 491 D RIL-DEV :
05-19 10:52:20.032 463 491 D RIL-DEV : [05-19_10:52:20:033] idVendor = 1d6b
05-19 10:52:20.032 463 491 D RIL-DEV :
05-19 10:52:20.033 463 491 D RIL-DEV : [05-19_10:52:20:033] idVendor = 1d6b
05-19 10:52:20.033 463 491 D RIL-DEV :
05-19 10:52:20.033 463 491 D RIL-DEV : [05-19_10:52:20:033] idVendor = 0bda
05-19 10:52:20.033 463 491 D RIL-DEV :
05-19 10:52:20.033 463 491 D RIL-DEV : [05-19_10:52:20:034] idVendor = 1d6b
05-19 10:52:20.033 463 491 D RIL-DEV :
05-19 10:52:20.034 463 491 D RIL-DEV : [05-19_10:52:20:034] idVendor = 2109
05-19 10:52:20.034 463 491 D RIL-DEV :
05-19 10:52:20.034 463 491 D RIL-DEV : [05-19_10:52:20:035] idVendor = 2109
05-19 10:52:20.034 463 491 D RIL-DEV :
05-19 10:52:20.034 463 491 D RIL-DEV : [05-19_10:52:20:035] idVendor = 1d6b
05-19 10:52:20.034 463 491 D RIL-DEV :
05-19 10:52:20.035 463 491 D RIL-DEV : [05-19_10:52:20:035] idVendor = 0bda
05-19 10:52:20.035 463 491 D RIL-DEV :
05-19 10:52:20.035 463 491 D RIL-DEV : [05-19_10:52:20:035] idVendor = 2109
05-19 10:52:20.035 463 491 D RIL-DEV :
05-19 10:52:20.035 463 491 E RIL-DEV : Cannot find Meig devices
05-19 10:52:20.035 463 491 I RIL : ---> can't find meig usb devices
05-19 10:52:20.434 781 781 I sysui_multi_action: [757,931,758,4,759,3,932,0,933,0]
05-19 10:52:20.525 781 781 I sysui_multi_action: [757,931,758,4,759,3,932,0,933,1]
05-19 10:52:20.530 627 644 D AutofillManagerService: Close system dialogs
05-19 10:52:20.535 627 645 I ActivityTaskManager: START u0 {act=android.intent.action.MAIN cat=[android.intent.category.HOME] flg=0x10000100 cmp=com.android.launcher3/.uioverrides.QuickstepLauncher (has extras)} from uid 0
05-19 10:52:20.542 627 645 I wm_task_moved: [1,1,11]
05-19 10:52:20.543 627 645 I wm_task_moved: [29,1,2147483647]
05-19 10:52:20.543 627 645 I wm_task_to_front: [0,29]
05-19 10:52:20.544 627 645 I wm_focused_root_task: [0,0,1,121,bringingFoundTaskToFront]
05-19 10:52:20.544 20616 20616 I wm_on_top_resumed_lost_called: [208464367,com.ebensz.enote.notepad.EditActivity,topStateChangedWhenResumed]
05-19 10:52:20.545 627 645 I wm_set_resumed_activity: [0,com.android.launcher3/.uioverrides.QuickstepLauncher,bringingFoundTaskToFront]
05-19 10:52:20.545 627 645 I wm_new_intent: [0,214771548,29,com.android.launcher3/.uioverrides.QuickstepLauncher,android.intent.action.MAIN,NULL,NULL,268435712]
05-19 10:52:20.546 627 645 I wm_pause_activity: [0,208464367,com.ebensz.enote.notepad/.EditActivity,userLeaving=true,pauseBackTasks]
05-19 10:52:20.547 627 645 I wm_add_to_stopping: [0,208464367,com.ebensz.enote.notepad/.EditActivity,makeInvisible]
05-19 10:52:20.547 627 645 I wm_add_to_stopping: [0,116585715,com.ebensz.enote.entry/.activity.EntryActivity,makeInvisible]
05-19 10:52:20.547 627 645 I wm_set_resumed_activity: [0,com.android.launcher3/.uioverrides.QuickstepLauncher,resumeTopActivity]
05-19 10:52:20.548 627 645 I wm_resume_activity: [0,214771548,29,com.android.launcher3/.uioverrides.QuickstepLauncher]
05-19 10:52:20.555 627 647 I sysui_multi_action: [757,803,799,window_time_0,802,3]
05-19 10:52:20.555 1030 1030 I wm_on_restart_called: [214771548,com.android.launcher3.uioverrides.QuickstepLauncher,performRestartActivity]
05-19 10:52:20.555 1030 1030 I wm_on_start_called: [214771548,com.android.launcher3.uioverrides.QuickstepLauncher,handleStartActivity]
05-19 10:52:20.556 1030 1030 I wm_on_resume_called: [214771548,com.android.launcher3.uioverrides.QuickstepLauncher,RESUME_ACTIVITY]
05-19 10:52:20.556 1030 1030 I wm_on_top_resumed_gained_called: [214771548,com.android.launcher3.uioverrides.QuickstepLauncher,topStateChangedWhenResumed]
05-19 10:52:20.560 627 644 D AutofillManagerService: Close system dialogs
05-19 10:52:20.565 20616 20616 I wm_on_paused_called: [208464367,com.ebensz.enote.notepad.EditActivity,performPause]
05-19 10:52:20.568 627 710 I input_focus: [Focus leaving d23fbfa com.ebensz.enote.notepad/com.ebensz.enote.notepad.EditActivity (server),reason=NO_WINDOW]
05-19 10:52:20.571 627 648 I input_focus: [Focus request 334f74b com.android.launcher3/com.android.launcher3.uioverrides.QuickstepLauncher,reason=UpdateInputWindows]
05-19 10:52:20.626 627 644 I sysui_multi_action: [319,87,322,65,325,73397,757,761,758,9,759,2,806,com.android.launcher3,871,com.android.launcher3.uioverrides.QuickstepLauncher,905,0,1320,4,1321,1]
05-19 10:52:20.645 627 710 I input_focus: [Focus entering 334f74b com.android.launcher3/com.android.launcher3.uioverrides.QuickstepLauncher (server),reason=Window became focusable. Previous reason: NOT_VISIBLE]
05-21 09:04:49.638 542 542 I : read descriptors
05-21 09:04:49.638 542 542 I : read strings
05-21 09:04:49.641 1 1 I init : processing action (sys.usb.config=adb && sys.usb.configfs=1 && sys.usb.ffs.ready=1) from (/system/etc/init/hw/init.usb.configfs.rc:20)
05-21 09:04:49.736 362 362 E rockchip-vop2 fdd90000.vop: [drm:vop2_wait_power_domain_off] *ERROR* wait pd7 off timeout power_ctrl: 0x7a
05-19 10:52:21.003 1272 1272 W ContextImpl: Calling a method in the system process without a qualified user: android.app.ContextImpl.sendBroadcast:1181 android.content.ContextWrapper.sendBroadcast:479 cn.eben.newweather.DateWeatherService.a:19 cn.eben.newweather.DateWeatherService.a:0 cn.eben.newweather.DateWeatherService$1.handleMessage:7
05-19 10:52:21.220 627 647 I wm_stop_activity: [0,116585715,com.ebensz.enote.entry/.activity.EntryActivity]
05-19 10:52:21.221 627 647 I wm_stop_activity: [0,208464367,com.ebensz.enote.notepad/.EditActivity]
05-19 10:52:21.240 2331 2331 I wm_on_stop_called: [116585715,com.ebensz.enote.entry.activity.EntryActivity,STOP_ACTIVITY_ITEM]
05-19 10:52:21.248 627 652 W UsageStatsService: Unexpected activity event reported! (com.ebensz.enote.entry/com.ebensz.enote.entry.activity.EntryActivity event : 23 instanceId : 248011618)
05-19 10:52:21.264 20616 20616 I wm_on_stop_called: [208464367,com.ebensz.enote.notepad.EditActivity,STOP_ACTIVITY_ITEM]
05-21 09:04:50.699 542 542 I : read descriptors
05-21 09:04:50.699 542 542 I : read strings
05-19 10:52:22.002 1272 1272 W ContextImpl: Calling a method in the system process without a qualified user: android.app.ContextImpl.sendBroadcast:1181 android.content.ContextWrapper.sendBroadcast:479 cn.eben.newweather.DateWeatherService.a:19 cn.eben.newweather.DateWeatherService.a:0 cn.eben.newweather.DateWeatherService$1.handleMessage:7
05-19 10:52:22.036 463 491 I RIL : ---> enter mainloop wait at port
05-19 10:52:22.037 463 491 D RIL-DEV : Get modem info
05-19 10:52:22.037 463 491 D RIL-DEV : [05-19_10:52:22:038] idVendor = 0bda
05-19 10:52:22.037 463 491 D RIL-DEV :
05-19 10:52:22.038 463 491 D RIL-DEV : [05-19_10:52:22:038] idVendor = 05e3
05-19 10:52:22.038 463 491 D RIL-DEV :
05-19 10:52:22.038 463 491 D RIL-DEV : [05-19_10:52:22:038] idVendor = 1d6b
05-19 10:52:22.038 463 491 D RIL-DEV :
05-19 10:52:22.038 463 491 D RIL-DEV : [05-19_10:52:22:039] idVendor = 1d6b
05-19 10:52:22.038 463 491 D RIL-DEV :
05-19 10:52:22.039 463 491 D RIL-DEV : [05-19_10:52:22:039] idVendor = 0bda
05-19 10:52:22.039 463 491 D RIL-DEV :
05-19 10:52:22.041 463 491 D RIL-DEV : [05-19_10:52:22:041] idVendor = 1d6b
05-19 10:52:22.041 463 491 D RIL-DEV :
05-19 10:52:22.041 463 491 D RIL-DEV : [05-19_10:52:22:041] idVendor = 2109
05-19 10:52:22.041 463 491 D RIL-DEV :
05-19 10:52:22.041 463 491 D RIL-DEV : [05-19_10:52:22:042] idVendor = 2109
05-19 10:52:22.041 463 491 D RIL-DEV :
05-19 10:52:22.042 463 491 D RIL-DEV : [05-19_10:52:22:042] idVendor = 1d6b
05-19 10:52:22.042 463 491 D RIL-DEV :
05-19 10:52:22.042 463 491 D RIL-DEV : [05-19_10:52:22:043] idVendor = 0bda
05-19 10:52:22.042 463 491 D RIL-DEV :
05-19 10:52:22.043 463 491 D RIL-DEV : [05-19_10:52:22:043] idVendor = 2109
05-19 10:52:22.043 463 491 D RIL-DEV :
05-19 10:52:22.043 463 491 E RIL-DEV : Cannot find Meig devices
05-19 10:52:22.043 463 491 I RIL : ---> can't find meig usb devices
05-21 09:04:51.756 542 542 I : read descriptors
05-21 09:04:51.756 542 542 I : read strings
05-21 09:04:51.758 1 1 I init : processing action (sys.usb.config=adb && sys.usb.configfs=1 && sys.usb.ffs.ready=1) from (/system/etc/init/hw/init.usb.configfs.rc:20)
05-21 09:04:51.760 1 1 I init : Command 'symlink /config/usb_gadget/g1/functions/ffs.adb /config/usb_gadget/g1/configs/b.1/f1' action=sys.usb.config=adb && sys.usb.configfs=1 && sys.usb.ffs.ready=1 (/system/etc/init/hw/init.usb.configfs.rc:22) took 0ms and failed: symlink() failed: File exists
05-21 09:04:51.760 1 1 I init : Command 'write /config/usb_gadget/g1/UDC ${sys.usb.controller}' action=sys.usb.config=adb && sys.usb.configfs=1 && sys.usb.ffs.ready=1 (/system/etc/init/hw/init.usb.configfs.rc:23) took 0ms and failed: Unable to write to file '/config/usb_gadget/g1/UDC': Unable to write file contents: Device or resource busy
05-19 10:52:23.003 1272 1272 W ContextImpl: Calling a method in the system process without a qualified user: android.app.ContextImpl.sendBroadcast:1181 android.content.ContextWrapper.sendBroadcast:479 cn.eben.newweather.DateWeatherService.a:19 cn.eben.newweather.DateWeatherService.a:0 cn.eben.newweather.DateWeatherService$1.handleMessage:7
05-19 10:52:23.680 781 781 I sysui_multi_action: [757,931,758,4,759,3,932,0,933,0]
05-21 09:04:52.826 542 542 I : read descriptors
05-21 09:04:52.826 542 542 I : read strings
05-21 09:04:52.828 1 1 I init : processing action (sys.usb.config=adb && sys.usb.configfs=1 && sys.usb.ffs.ready=1) from (/system/etc/init/hw/init.usb.configfs.rc:20)
05-21 09:04:52.831 1 1 I init : Command 'symlink /config/usb_gadget/g1/functions/ffs.adb /config/usb_gadget/g1/configs/b.1/f1' action=sys.usb.config=adb && sys.usb.configfs=1 && sys.usb.ffs.ready=1 (/system/etc/init/hw/init.usb.configfs.rc:22) took 0ms and failed: symlink() failed: File exists
05-21 09:04:52.832 1 1 I init : Command 'write /config/usb_gadget/g1/UDC ${sys.usb.controller}' action=sys.usb.config=adb && sys.usb.configfs=1 && sys.usb.ffs.ready=1 (/system/etc/init/hw/init.usb.configfs.rc:23) took 0ms and failed: Unable to write to file '/config/usb_gadget/g1/UDC': Unable to write file contents: Device or resource busy
05-19 10:52:24.004 1272 1272 W ContextImpl: Calling a method in the system process without a qualified user: android.app.ContextImpl.sendBroadcast:1181 android.content.ContextWrapper.sendBroadcast:479 cn.eben.newweather.DateWeatherService.a:19 cn.eben.newweather.DateWeatherService.a:0 cn.eben.newweather.DateWeatherService$1.handleMessage:7
05-19 10:52:24.044 463 491 I RIL : ---> enter mainloop wait at port
05-19 10:52:24.044 463 491 D RIL-DEV : Get modem info
05-19 10:52:24.044 463 491 D RIL-DEV : [05-19_10:52:24:045] idVendor = 0bda
05-19 10:52:24.044 463 491 D RIL-DEV :
05-19 10:52:24.045 463 491 D RIL-DEV : [05-19_10:52:24:045] idVendor = 05e3
05-19 10:52:24.045 463 491 D RIL-DEV :
05-19 10:52:24.045 463 491 D RIL-DEV : [05-19_10:52:24:045] idVendor = 1d6b
05-19 10:52:24.045 463 491 D RIL-DEV :
05-19 10:52:24.045 463 491 D RIL-DEV : [05-19_10:52:24:046] idVendor = 1d6b
05-19 10:52:24.045 463 491 D RIL-DEV :
05-19 10:52:24.045 463 491 D RIL-DEV : [05-19_10:52:24:046] idVendor = 0bda
05-19 10:52:24.045 463 491 D RIL-DEV :
05-19 10:52:24.046 463 491 D RIL-DEV : [05-19_10:52:24:046] idVendor = 1d6b
05-19 10:52:24.046 463 491 D RIL-DEV :
05-19 10:52:24.046 463 491 D RIL-DEV : [05-19_10:52:24:046] idVendor = 2109
05-19 10:52:24.046 463 491 D RIL-DEV :
05-19 10:52:24.046 463 491 D RIL-DEV : [05-19_10:52:24:047] idVendor = 2109
05-19 10:52:24.046 463 491 D RIL-DEV :
05-19 10:52:24.046 463 491 D RIL-DEV : [05-19_10:52:24:047] idVendor = 1d6b
05-19 10:52:24.046 463 491 D RIL-DEV :
05-19 10:52:24.047 463 491 D RIL-DEV : [05-19_10:52:24:047] idVendor = 0bda
05-19 10:52:24.047 463 491 D RIL-DEV :
05-19 10:52:24.049 463 491 D RIL-DEV : [05-19_10:52:24:047] idVendor = 2109
05-19 10:52:24.049 463 491 D RIL-DEV :
05-19 10:52:24.049 463 491 E RIL-DEV : Cannot find Meig devices
05-19 10:52:24.049 463 491 I RIL : ---> can't find meig usb devices
05-19 10:52:24.085 781 781 I sysui_multi_action: [757,239,758,4]
05-19 10:52:24.086 781 781 I sysui_multi_action: [757,931,758,4,759,3,932,32,933,1]
05-19 10:52:24.088 781 781 I sysui_multi_action: [757,931,758,4,759,3,932,32,933,1]
05-21 09:04:53.889 542 542 I : read descriptors
05-21 09:04:53.889 542 542 I : read strings
05-21 09:04:53.891 1 1 I init : processing action (sys.usb.config=adb && sys.usb.configfs=1 && sys.usb.ffs.ready=1) from (/system/etc/init/hw/init.usb.configfs.rc:20)
05-21 09:04:53.893 1 1 I init : Command 'symlink /config/usb_gadget/g1/functions/ffs.adb /config/usb_gadget/g1/configs/b.1/f1' action=sys.usb.config=adb && sys.usb.configfs=1 && sys.usb.ffs.ready=1 (/system/etc/init/hw/init.usb.configfs.rc:22) took 0ms and failed: symlink() failed: File exists
05-21 09:04:53.895 1 1 I init : Command 'write /config/usb_gadget/g1/UDC ${sys.usb.controller}' action=sys.usb.config=adb && sys.usb.configfs=1 && sys.usb.ffs.ready=1 (/system/etc/init/hw/init.usb.configfs.rc:23) took 0ms and failed: Unable to write to file '/config/usb_gadget/g1/UDC': Unable to write file contents: Device or resource busy
05-19 10:52:24.993 627 685 W ContentProviderHelper: Permission Denial: opening provider com.android.providers.contacts.ContactsProvider2 from ProcessRecord{552b742 1631:cn.eben.sync/u0a63} (pid=1631, uid=10063) requires android.permission.READ_CONTACTS or android.permission.WRITE_CONTACTS
05-19 10:52:25.001 1272 1272 W ContextImpl: Calling a method in the system process without a qualified user: android.app.ContextImpl.sendBroadcast:1181 android.content.ContextWrapper.sendBroadcast:479 cn.eben.newweather.DateWeatherService.a:19 cn.eben.newweather.DateWeatherService.a:0 cn.eben.newweather.DateWeatherService$1.handleMessage:7
05-19 10:52:25.759 627 710 I input_interaction: Interaction with: 2d9a650 StatusBar (server), PointerEventDispatcher0 (server),
05-19 10:52:25.765 781 781 I sysui_multi_action: [757,803,799,panel_open,802,1]
05-19 10:52:25.767 781 781 I sysui_multi_action: [757,1328,758,4,1326,87,1327,0,1329,0]
05-19 10:52:25.830 627 642 I sysui_multi_action: [757,127,758,1]
05-19 10:52:25.830 627 642 I sysui_multi_action: [757,804,799,note_load,801,7,802,1]
05-19 10:52:25.831 627 642 I notification_panel_revealed: 7
05-19 10:52:25.868 627 648 I input_focus: [Focus request 12d1777 NotificationShade,reason=UpdateInputWindows]
05-19 10:52:25.887 627 710 I input_focus: [Focus leaving 334f74b com.android.launcher3/com.android.launcher3.uioverrides.QuickstepLauncher (server),reason=Waiting for window because NOT_VISIBLE]
05-19 10:52:25.905 627 710 I input_focus: [Focus entering 12d1777 NotificationShade (server),reason=Window became focusable. Previous reason: NOT_VISIBLE]
05-21 09:04:54.952 542 542 I : read descriptors
05-21 09:04:54.952 542 542 I : read strings
05-21 09:04:54.953 1 1 I init : processing action (sys.usb.config=adb && sys.usb.configfs=1 && sys.usb.ffs.ready=1) from (/system/etc/init/hw/init.usb.configfs.rc:20)
05-19 10:52:26.002 1272 1272 W ContextImpl: Calling a method in the system process without a qualified user: android.app.ContextImpl.sendBroadcast:1181 android.content.ContextWrapper.sendBroadcast:479 cn.eben.newweather.DateWeatherService.a:19 cn.eben.newweather.DateWeatherService.a:0 cn.eben.newweather.DateWeatherService$1.handleMessage:7
05-19 10:52:26.049 463 491 I RIL : ---> enter mainloop wait at port
05-19 10:52:26.049 463 491 D RIL-DEV : Get modem info
05-19 10:52:26.050 463 491 D RIL-DEV : [05-19_10:52:26:050] idVendor = 0bda
05-19 10:52:26.050 463 491 D RIL-DEV :
05-19 10:52:26.050 463 491 D RIL-DEV : [05-19_10:52:26:050] idVendor = 05e3
05-19 10:52:26.050 463 491 D RIL-DEV :
05-19 10:52:26.050 463 491 D RIL-DEV : [05-19_10:52:26:051] idVendor = 1d6b
05-19 10:52:26.050 463 491 D RIL-DEV :
05-19 10:52:26.050 463 491 D RIL-DEV : [05-19_10:52:26:051] idVendor = 1d6b
05-19 10:52:26.050 463 491 D RIL-DEV :
05-19 10:52:26.050 463 491 D RIL-DEV : [05-19_10:52:26:051] idVendor = 0bda
05-19 10:52:26.050 463 491 D RIL-DEV :
05-19 10:52:26.051 463 491 D RIL-DEV : [05-19_10:52:26:051] idVendor = 1d6b
05-19 10:52:26.051 463 491 D RIL-DEV :
05-19 10:52:26.051 463 491 D RIL-DEV : [05-19_10:52:26:051] idVendor = 2109
05-19 10:52:26.051 463 491 D RIL-DEV :
05-19 10:52:26.051 463 491 D RIL-DEV : [05-19_10:52:26:051] idVendor = 2109
05-19 10:52:26.051 463 491 D RIL-DEV :
05-19 10:52:26.051 463 491 D RIL-DEV : [05-19_10:52:26:052] idVendor = 1d6b
05-19 10:52:26.051 463 491 D RIL-DEV :
05-19 10:52:26.051 463 491 D RIL-DEV : [05-19_10:52:26:052] idVendor = 0bda
05-19 10:52:26.051 463 491 D RIL-DEV :
05-19 10:52:26.051 463 491 D RIL-DEV : [05-19_10:52:26:052] idVendor = 2109
05-19 10:52:26.051 463 491 D RIL-DEV :
05-19 10:52:26.052 463 491 E RIL-DEV : Cannot find Meig devices
05-19 10:52:26.052 463 491 I RIL : ---> can't find meig usb devices
05-19 10:52:26.215 627 710 I input_interaction: Interaction with: 12d1777 NotificationShade (server), PointerEventDispatcher0 (server),
05-19 10:52:26.306 781 781 I sysui_multi_action: [757,111,758,1]
05-19 10:52:26.307 781 781 I sysui_multi_action: [757,0,758,1,759,0,927,0,1593,0]
05-19 10:52:26.308 781 781 I sysui_multi_action: [757,123,758,1,759,123,927,1,928,1,1593,0]
05-19 10:52:26.308 781 781 I sysui_multi_action: [757,261,758,1,759,261,927,2,928,0,1593,0]
05-19 10:52:26.309 781 781 I sysui_multi_action: [757,0,758,1,759,0,927,3,1593,0]
05-19 10:52:26.309 781 781 I sysui_multi_action: [757,0,758,1,759,0,927,4,928,0,1593,0]
05-19 10:52:26.310 781 781 I sysui_multi_action: [757,1800,758,1,759,1800,927,6,928,0,1593,0]
05-19 10:52:26.311 781 781 I sysui_multi_action: [757,116,758,1,759,116,927,7,928,0,1593,0]
05-19 10:52:26.311 781 781 I sysui_multi_action: [757,1706,758,1,759,1706,927,8,928,0,1593,0]
05-19 10:52:26.312 781 781 I sysui_multi_action: [757,0,758,1,759,0,927,9,1593,0]
05-19 10:52:26.312 781 781 I sysui_multi_action: [757,114,758,1,759,114,927,10,928,0,1593,0]
05-19 10:52:26.312 781 781 I sysui_multi_action: [757,111,758,1]
05-19 10:52:26.313 781 781 I sysui_multi_action: [757,0,758,1,759,0,927,0,1593,0]
05-19 10:52:26.313 781 781 I sysui_multi_action: [757,123,758,1,759,123,927,1,928,1,1593,0]
05-19 10:52:26.313 781 781 I sysui_multi_action: [757,261,758,1,759,261,927,2,928,0,1593,1]
05-19 10:52:26.314 781 781 I sysui_multi_action: [757,0,758,1,759,0,927,3,1593,1]
05-19 10:52:26.314 781 781 I sysui_multi_action: [757,0,758,1,759,0,927,4,928,0,1593,1]
05-19 10:52:26.314 781 781 I sysui_multi_action: [757,1800,758,1,759,1800,927,6,928,0,1593,1]
05-19 10:52:26.404 627 2096 I sysui_multi_action: [757,128,758,1,793,88244,794,0,795,88244,796,1,798,1,806,com.ebensz.enote.notepad,857,recording_channel_01,858,2,947,0,1395,7,1500,86902,1688,4,1689,2,1690,1]
05-19 10:52:26.404 627 2096 I sysui_multi_action: [757,1501,758,1,793,88244,794,0,795,88244,796,1,806,com.ebensz.enote.notepad,857,recording_channel_01,858,2,947,0,1500,0,1688,4,1689,2,1690,1]
05-19 10:52:26.404 627 2096 I sysui_multi_action: [757,804,799,note_interruptive,801,0,802,1]
05-19 10:52:26.405 627 2096 I sysui_multi_action: [757,804,799,note_freshness,801,88244,802,1]
05-19 10:52:26.405 627 2096 I notification_visibility: [0|com.ebensz.enote.notepad|1|null|10038,1,88244,88244,0,1]
05-19 10:52:26.405 627 2096 I sysui_multi_action: [757,128,758,1,793,-2053556085,794,0,795,-2053556085,796,1111,798,3,806,com.ebensz.email,857,100,858,2,947,0,1395,7,1500,86902,1688,4,1689,2,1690,1]
05-19 10:52:26.405 627 2096 I sysui_multi_action: [757,1501,758,1,793,-2053556085,794,0,795,-2053556085,796,1111,806,com.ebensz.email,857,100,858,2,947,0,1500,0,1688,4,1689,2,1690,1]
05-19 10:52:26.406 627 2096 I sysui_multi_action: [757,804,799,note_interruptive,801,0,802,1]
05-19 10:52:26.406 627 2096 I sysui_multi_action: [757,804,799,note_freshness,801,-2053556085,802,1]
05-19 10:52:26.406 627 2096 I notification_visibility: [0|com.ebensz.email|1111|null|10072,1,-2053556085,-2053556085,0,3]
05-19 10:52:26.406 627 2096 I sysui_multi_action: [757,128,758,1,793,-2055310679,794,0,795,-2055310679,796,4273,798,0,806,com.android.systemui,857,screen_record,858,3,947,0,1395,7,1500,86902,1688,1,1745,680407814]
05-19 10:52:26.406 627 2096 I sysui_multi_action: [757,1501,758,1,793,-2055310679,794,0,795,-2055310679,796,4273,806,com.android.systemui,857,screen_record,858,3,947,0,1500,0,1688,1,1745,680407814]
05-19 10:52:26.407 627 2096 I sysui_multi_action: [757,804,799,note_interruptive,801,0,802,1]
05-19 10:52:26.407 627 2096 I sysui_multi_action: [757,804,799,note_freshness,801,-2055310679,802,1]
05-19 10:52:26.407 627 2096 I notification_visibility: [0|com.android.systemui|4273|null|10088,1,-2055310679,-2055310679,0,0]
05-19 10:52:26.408 627 2096 I sysui_multi_action: [757,128,758,1,793,-2049865917,794,0,795,-2049865917,796,55,798,4,806,android,857,DEVELOPER,858,2,947,0,1395,7,1500,86902,1688,1]
05-19 10:52:26.408 627 2096 I sysui_multi_action: [757,1501,758,1,793,-2049865916,794,1,795,-2049865916,796,55,806,android,857,DEVELOPER,858,2,947,0,1500,0,1688,1]
05-19 10:52:26.408 627 2096 I sysui_multi_action: [757,804,799,note_interruptive,801,0,802,1]
05-19 10:52:26.408 627 2096 I sysui_multi_action: [757,804,799,note_freshness,801,-2049865917,802,1]
05-19 10:52:26.409 627 2096 I notification_visibility: [-1|android|55|null|1000,1,-2049865917,-2049865917,0,4]
05-19 10:52:26.409 627 2096 I sysui_multi_action: [757,128,758,1,793,133413,794,0,795,133413,796,55,798,2,806,com.ebensz.enote.calendar,857,com.ebensz.enote.calendar,858,2,947,0,1395,7,1500,86903,1688,4,1689,2,1690,1]
05-19 10:52:26.409 627 2096 I sysui_multi_action: [757,1501,758,1,793,133413,794,0,795,133413,796,55,806,com.ebensz.enote.calendar,857,com.ebensz.enote.calendar,858,2,947,0,1500,0,1688,4,1689,2,1690,1]
05-19 10:52:26.409 627 2096 I sysui_multi_action: [757,804,799,note_interruptive,801,0,802,1]
05-19 10:52:26.409 627 2096 I sysui_multi_action: [757,804,799,note_freshness,801,133413,802,1]
05-19 10:52:26.409 627 2096 I notification_visibility: [0|com.ebensz.enote.calendar|55|null|10068,1,133413,133413,0,2]
05-19 10:52:26.438 781 781 I sysui_multi_action: [757,194,758,4,826,296,827,2589]
05-19 10:52:26.438 781 781 I sysui_lockscreen_gesture: [9,296,2589]
05-19 10:52:27.002 1272 1272 W ContextImpl: Calling a method in the system process without a qualified user: android.app.ContextImpl.sendBroadcast:1181 android.content.ContextWrapper.sendBroadcast:479 cn.eben.newweather.DateWeatherService.a:19 cn.eben.newweather.DateWeatherService.a:0 cn.eben.newweather.DateWeatherService$1.handleMessage:7
05-21 09:04:56.009 542 542 I : read descriptors
05-21 09:04:56.009 542 542 I : read strings
05-19 10:52:27.272 627 652 I am_pss : [19034,10082,com.android.deskclock,63569920,56324096,0,216637440,0,16,26]
05-19 10:52:27.293 627 652 I am_pss : [22094,10088,com.android.systemui:screenshot,38790144,26710016,0,186261504,0,19,18]
05-19 10:52:27.312 627 652 I am_pss : [19268,10068,com.ebensz.enote.calendar,109325312,102461440,0,259969024,0,4,17]
05-19 10:52:27.336 781 781 I sysui_multi_action: [757,925,758,4,759,0,927,3,1592,0,1593,1]
05-19 10:52:27.389 627 648 I input_focus: [Focus request 334f74b com.android.launcher3/com.android.launcher3.uioverrides.QuickstepLauncher,reason=UpdateInputWindows]
05-19 10:52:27.420 627 710 I input_focus: [Focus leaving 12d1777 NotificationShade (server),reason=setFocusedWindow]
05-19 10:52:27.420 627 710 I input_focus: [Focus entering 334f74b com.android.launcher3/com.android.launcher3.uioverrides.QuickstepLauncher (server),reason=setFocusedWindow]
05-19 10:52:27.622 781 781 I sysui_multi_action: [757,111,758,2]
05-19 10:52:27.622 781 781 I sysui_multi_action: [757,111,758,2]
05-19 10:52:27.905 627 685 I sysui_multi_action: [757,128,758,2,793,89744,794,1500,795,89744,796,1,798,1,806,com.ebensz.enote.notepad,857,recording_channel_01,858,2,947,0,1395,7,1500,1500,1688,4,1689,2,1690,1]
05-19 10:52:27.905 627 685 I notification_visibility: [0|com.ebensz.enote.notepad|1|null|10038,0,89744,89744,0,1]
05-19 10:52:27.905 627 685 I sysui_multi_action: [757,128,758,2,793,-2053554585,794,1500,795,-2053554585,796,1111,798,3,806,com.ebensz.email,857,100,858,2,947,0,1395,7,1500,1500,1688,4,1689,2,1690,1]
05-19 10:52:27.905 627 685 I notification_visibility: [0|com.ebensz.email|1111|null|10072,0,-2053554585,-2053554585,0,3]
05-19 10:52:27.906 627 685 I sysui_multi_action: [757,128,758,2,793,-2055309180,794,1499,795,-2055309180,796,4273,798,0,806,com.android.systemui,857,screen_record,858,3,947,0,1395,7,1500,1499,1688,1,1745,680407814]
05-19 10:52:27.906 627 685 I notification_visibility: [0|com.android.systemui|4273|null|10088,0,-2055309180,-2055309180,0,0]
05-19 10:52:27.906 627 685 I sysui_multi_action: [757,128,758,2,793,-2049864418,794,1499,795,-2049864418,796,55,798,4,806,android,857,DEVELOPER,858,2,947,0,1395,7,1500,1498,1688,1]
05-19 10:52:27.906 627 685 I notification_visibility: [-1|android|55|null|1000,0,-2049864418,-2049864418,0,4]
05-19 10:52:27.906 627 685 I sysui_multi_action: [757,128,758,2,793,134910,794,1497,795,134910,796,55,798,2,806,com.ebensz.enote.calendar,857,com.ebensz.enote.calendar,858,2,947,0,1395,7,1500,1497,1688,4,1689,2,1690,1]
05-19 10:52:27.906 627 685 I notification_visibility: [0|com.ebensz.enote.calendar|55|null|10068,0,134910,134910,0,2]
05-19 10:52:27.911 627 642 I sysui_multi_action: [757,127,758,2]
05-19 10:52:27.912 627 642 I notification_panel_hidden:
05-21 09:04:56.924 18933 18933 I binder : 1275:18933 transaction failed 29201/-28, size 104-0 line 2921
05-19 10:52:27.983 627 648 I input_focus: [Focus request 7ea6990 ScreenshotAnimation,reason=UpdateInputWindows]
05-19 10:52:28.000 627 710 I input_focus: [Focus leaving 334f74b com.android.launcher3/com.android.launcher3.uioverrides.QuickstepLauncher (server),reason=Waiting for window because NOT_VISIBLE]
05-19 10:52:28.001 1272 1272 W ContextImpl: Calling a method in the system process without a qualified user: android.app.ContextImpl.sendBroadcast:1181 android.content.ContextWrapper.sendBroadcast:479 cn.eben.newweather.DateWeatherService.a:19 cn.eben.newweather.DateWeatherService.a:0 cn.eben.newweather.DateWeatherService$1.handleMessage:7
05-19 10:52:28.018 627 710 I input_focus: [Focus entering 7ea6990 ScreenshotAnimation (server),reason=Window became focusable. Previous reason: NOT_VISIBLE]
05-21 09:04:57.023 2125 2125 W : abc audioDBG [es8323_mute] start mute:0
05-21 09:04:57.033 2125 2125 I [Awinic] [3-0058]aw_acf_get_prof_desc_form_name: get prof desc down
05-21 09:04:57.046 542 542 I : read descriptors
05-21 09:04:57.046 542 542 I : read strings
05-21 09:04:57.047 2125 2125 I [Awinic] [3-005b]aw_acf_get_prof_desc_form_name: get prof desc down
05-21 09:04:57.047 1 1 I init : processing action (sys.usb.config=adb && sys.usb.configfs=1 && sys.usb.ffs.ready=1) from (/system/etc/init/hw/init.usb.configfs.rc:20)
05-21 09:04:57.048 1 1 I init : Command 'symlink /config/usb_gadget/g1/functions/ffs.adb /config/usb_gadget/g1/configs/b.1/f1' action=sys.usb.config=adb && sys.usb.configfs=1 && sys.usb.ffs.ready=1 (/system/etc/init/hw/init.usb.configfs.rc:22) took 0ms and failed: symlink() failed: File exists
05-19 10:52:28.052 463 491 I RIL : ---> enter mainloop wait at port
05-19 10:52:28.052 463 491 D RIL-DEV : Get modem info
05-19 10:52:28.052 463 491 D RIL-DEV : [05-19_10:52:28:053] idVendor = 0bda
05-19 10:52:28.052 463 491 D RIL-DEV :
05-19 10:52:28.052 463 491 D RIL-DEV : [05-19_10:52:28:053] idVendor = 05e3
05-19 10:52:28.052 463 491 D RIL-DEV :
05-21 09:04:57.049 1 1 I init : Command 'write /config/usb_gadget/g1/UDC ${sys.usb.controller}' action=sys.usb.config=adb && sys.usb.configfs=1 && sys.usb.ffs.ready=1 (/system/etc/init/hw/init.usb.configfs.rc:23) took 0ms and failed: Unable to write to file '/config/usb_gadget/g1/UDC': Unable to write file contents: Device or resource busy
05-19 10:52:28.056 463 491 D RIL-DEV : [05-19_10:52:28:057] idVendor = 1d6b
05-19 10:52:28.056 463 491 D RIL-DEV :
05-19 10:52:28.057 463 491 D RIL-DEV : [05-19_10:52:28:057] idVendor = 1d6b
05-19 10:52:28.057 463 491 D RIL-DEV :
05-19 10:52:28.057 463 491 D RIL-DEV : [05-19_10:52:28:057] idVendor = 0bda
05-19 10:52:28.057 463 491 D RIL-DEV :
05-19 10:52:28.057 463 491 D RIL-DEV : [05-19_10:52:28:058] idVendor = 1d6b
05-19 10:52:28.057 463 491 D RIL-DEV :
05-19 10:52:28.057 463 491 D RIL-DEV : [05-19_10:52:28:058] idVendor = 2109
05-19 10:52:28.057 463 491 D RIL-DEV :
05-19 10:52:28.061 463 491 D RIL-DEV : [05-19_10:52:28:061] idVendor = 2109
05-19 10:52:28.061 463 491 D RIL-DEV :
05-19 10:52:28.061 463 491 D RIL-DEV : [05-19_10:52:28:061] idVendor = 1d6b
05-19 10:52:28.061 463 491 D RIL-DEV :
05-19 10:52:28.061 463 491 D RIL-DEV : [05-19_10:52:28:062] idVendor = 0bda
05-19 10:52:28.061 463 491 D RIL-DEV :
05-19 10:52:28.061 463 491 D RIL-DEV : [05-19_10:52:28:062] idVendor = 2109
05-19 10:52:28.061 463 491 D RIL-DEV :
05-19 10:52:28.061 463 491 E RIL-DEV : Cannot find Meig devices
05-19 10:52:28.061 463 491 I RIL : ---> can't find meig usb devices
05-21 09:04:57.924 1304 1304 I binder : 1275:1304 transaction failed 29201/-28, size 104-0 line 2921
05-21 09:04:57.934 1304 1304 I binder : 1275:1304 transaction failed 29201/-28, size 104-0 line 2921
05-19 10:52:29.001 1272 1272 W ContextImpl: Calling a method in the system process without a qualified user: android.app.ContextImpl.sendBroadcast:1181 android.content.ContextWrapper.sendBroadcast:479 cn.eben.newweather.DateWeatherService.a:19 cn.eben.newweather.DateWeatherService.a:0 cn.eben.newweather.DateWeatherService$1.handleMessage:7
05-21 09:04:58.097 542 542 I : read descriptors
05-21 09:04:58.097 542 542 I : read strings
05-21 09:04:58.100 1 1 I init : processing action (sys.usb.config=adb && sys.usb.configfs=1 && sys.usb.ffs.ready=1) from (/system/etc/init/hw/init.usb.configfs.rc:20)
05-21 09:04:58.101 1 1 I init : Command 'symlink /config/usb_gadget/g1/functions/ffs.adb /config/usb_gadget/g1/configs/b.1/f1' action=sys.usb.config=adb && sys.usb.configfs=1 && sys.usb.ffs.ready=1 (/system/etc/init/hw/init.usb.configfs.rc:22) took 0ms and failed: symlink() failed: File exists
05-21 09:04:58.102 1 1 I init : Command 'write /config/usb_gadget/g1/UDC ${sys.usb.controller}' action=sys.usb.config=adb && sys.usb.configfs=1 && sys.usb.ffs.ready=1 (/system/etc/init/hw/init.usb.configfs.rc:23) took 0ms and failed: Unable to write to file '/config/usb_gadget/g1/UDC': Unable to write file contents: Device or resource busy
05-21 09:04:58.493 550 550 W : abc audioDBG [es8323_mute] start mute:1
05-21 09:04:58.493 550 550 I [Awinic] [3-0058]aw_acf_get_prof_desc_form_name: get prof desc down
05-21 09:04:58.494 550 550 I [Awinic] [3-005b]aw_acf_get_prof_desc_form_name: get prof desc down
05-19 10:52:29.998 627 2096 W ContentProviderHelper: Permission Denial: opening provider com.android.providers.contacts.ContactsProvider2 from ProcessRecord{552b742 1631:cn.eben.sync/u0a63} (pid=1631, uid=10063) requires android.permission.READ_CONTACTS or android.permission.WRITE_CONTACTS
05-19 10:52:30.002 1272 1272 W ContextImpl: Calling a method in the system process without a qualified user: android.app.ContextImpl.sendBroadcast:1181 android.content.ContextWrapper.sendBroadcast:479 cn.eben.newweather.DateWeatherService.a:19 cn.eben.newweather.DateWeatherService.a:0 cn.eben.newweather.DateWeatherService$1.handleMessage:7
05-19 10:52:30.062 463 491 I RIL : ---> enter mainloop wait at port
05-19 10:52:30.062 463 491 D RIL-DEV : Get modem info
05-19 10:52:30.062 463 491 D RIL-DEV : [05-19_10:52:30:063] idVendor = 0bda
05-19 10:52:30.062 463 491 D RIL-DEV :
05-19 10:52:30.063 463 491 D RIL-DEV : [05-19_10:52:30:063] idVendor = 05e3
05-19 10:52:30.063 463 491 D RIL-DEV :
05-19 10:52:30.063 463 491 D RIL-DEV : [05-19_10:52:30:064] idVendor = 1d6b
05-19 10:52:30.063 463 491 D RIL-DEV :
05-19 10:52:30.063 463 491 D RIL-DEV : [05-19_10:52:30:064] idVendor = 1d6b
05-19 10:52:30.063 463 491 D RIL-DEV :
05-19 10:52:30.064 463 491 D RIL-DEV : [05-19_10:52:30:064] idVendor = 0bda
05-19 10:52:30.064 463 491 D RIL-DEV :
05-19 10:52:30.064 463 491 D RIL-DEV : [05-19_10:52:30:065] idVendor = 1d6b
05-19 10:52:30.064 463 491 D RIL-DEV :
05-19 10:52:30.064 463 491 D RIL-DEV : [05-19_10:52:30:065] idVendor = 2109
05-19 10:52:30.064 463 491 D RIL-DEV :
05-19 10:52:30.065 463 491 D RIL-DEV : [05-19_10:52:30:065] idVendor = 2109
05-19 10:52:30.065 463 491 D RIL-DEV :
05-19 10:52:30.065 463 491 D RIL-DEV : [05-19_10:52:30:065] idVendor = 1d6b
05-19 10:52:30.065 463 491 D RIL-DEV :
05-19 10:52:30.065 463 491 D RIL-DEV : [05-19_10:52:30:066] idVendor = 0bda
05-19 10:52:30.065 463 491 D RIL-DEV :
05-19 10:52:30.066 463 491 D RIL-DEV : [05-19_10:52:30:066] idVendor = 2109
05-19 10:52:30.066 463 491 D RIL-DEV :
05-19 10:52:30.066 463 491 E RIL-DEV : Cannot find Meig devices
05-19 10:52:30.066 463 491 I RIL : ---> can't find meig usb devices
05-21 09:04:59.159 542 542 I : read descriptors
05-21 09:04:59.159 542 542 I : read strings
05-21 09:04:59.161 1 1 I init : processing action (sys.usb.config=adb && sys.usb.configfs=1 && sys.usb.ffs.ready=1) from (/system/etc/init/hw/init.usb.configfs.rc:20)
05-21 09:04:59.164 1 1 I init : Command 'symlink /config/usb_gadget/g1/functions/ffs.adb /config/usb_gadget/g1/configs/b.1/f1' action=sys.usb.config=adb && sys.usb.configfs=1 && sys.usb.ffs.ready=1 (/system/etc/init/hw/init.usb.configfs.rc:22) took 0ms and failed: symlink() failed: File exists
05-21 09:04:59.166 1 1 I init : Command 'write /config/usb_gadget/g1/UDC ${sys.usb.controller}' action=sys.usb.config=adb && sys.usb.configfs=1 && sys.usb.ffs.ready=1 (/system/etc/init/hw/init.usb.configfs.rc:23) took 0ms and failed: Unable to write to file '/config/usb_gadget/g1/UDC': Unable to write file contents: Device or resource busy
05-19 10:52:30.208 627 710 I input_interaction: Interaction with: 7ea6990 ScreenshotAnimation (server), PointerEventDispatcher0 (server),
05-19 10:52:30.386 627 710 I input_interaction: Interaction with: 7ea6990 ScreenshotAnimation (server), Screenshot (server), PointerEventDispatcher0 (server),
05-19 10:52:30.467 627 710 I input_interaction: Interaction with: 7ea6990 ScreenshotAnimation (server), PointerEventDispatcher0 (server),
05-19 10:52:30.503 22094 22094 W ViewRootImpl[ScreenshotAnimation]: Dropping event (paused for transition):MotionEvent { action=ACTION_HOVER_MOVE, actionButton=0, id[0]=0, x[0]=379.5473, y[0]=1887.2806, toolType[0]=TOOL_TYPE_STYLUS, buttonState=0, classification=NONE, metaState=0, flags=0x0, edgeFlags=0x0, pointerCount=1, historySize=6, eventTime=73407818, downTime=73407715, deviceId=9, source=0x5002, displayId=0, eventId=539399822 }
05-19 10:52:30.507 627 644 D AutofillManagerService: Close system dialogs
05-19 10:52:30.529 627 642 I ActivityTaskManager: START u0 {act=android.intent.action.EDIT dat=content://media/external/images/media/9663 typ=image/png flg=0x10008003 cmp=com.android.gallery3d/.filtershow.FilterShowActivity} from uid 10088
05-19 10:52:30.530 627 642 I wm_task_created: [123,-1]
05-19 10:52:30.530 627 642 W ActivityTaskManager: Can't find TaskDisplayArea to determine support for multi window. Task id=123 attached=false
05-19 10:52:30.542 627 642 I wm_task_moved: [123,1,12]
05-19 10:52:30.542 627 642 I wm_task_to_front: [0,123]
05-19 10:52:30.544 627 642 I wm_create_task: [0,123]
05-19 10:52:30.544 627 642 I wm_create_activity: [0,77012716,123,com.android.gallery3d/.filtershow.FilterShowActivity,android.intent.action.EDIT,image/png,content://media/external/images/media/9663,268468227]
05-19 10:52:30.544 1030 1030 I wm_on_top_resumed_lost_called: [214771548,com.android.launcher3.uioverrides.QuickstepLauncher,topStateChangedWhenResumed]
05-19 10:52:30.547 627 642 I wm_task_moved: [123,1,12]
05-19 10:52:30.550 627 642 I wm_pause_activity: [0,214771548,com.android.launcher3/.uioverrides.QuickstepLauncher,userLeaving=true,pauseBackTasks]
05-19 10:52:30.555 1030 1030 I wm_on_paused_called: [214771548,com.android.launcher3.uioverrides.QuickstepLauncher,performPause]
05-19 10:52:30.555 627 642 W ActivityTaskManager: Tried to set launchTime (0) < mLastActivityLaunchTime (73344457)
05-19 10:52:30.557 627 642 I wm_add_to_stopping: [0,214771548,com.android.launcher3/.uioverrides.QuickstepLauncher,makeInvisible]
05-19 10:52:30.558 627 642 I wm_restart_activity: [0,77012716,123,com.android.gallery3d/.filtershow.FilterShowActivity]
05-19 10:52:30.559 627 642 I wm_set_resumed_activity: [0,com.android.gallery3d/.filtershow.FilterShowActivity,minimalResumeActivityLocked]
05-19 10:52:30.563 627 647 I sysui_multi_action: [757,803,799,window_time_0,802,10]
05-19 10:52:30.582 18892 18892 I wm_on_create_called: [77012716,com.android.gallery3d.filtershow.FilterShowActivity,performCreate]
05-19 10:52:30.583 18892 18892 I wm_on_start_called: [77012716,com.android.gallery3d.filtershow.FilterShowActivity,handleStartActivity]
05-19 10:52:30.583 18892 18892 I wm_on_resume_called: [77012716,com.android.gallery3d.filtershow.FilterShowActivity,RESUME_ACTIVITY]
05-19 10:52:30.587 18892 18892 I wm_on_top_resumed_gained_called: [77012716,com.android.gallery3d.filtershow.FilterShowActivity,topStateChangedWhenResumed]
05-19 10:52:30.608 627 644 I sysui_multi_action: [319,97,322,95,325,73407,757,761,758,8,759,2,806,com.android.gallery3d,871,com.android.gallery3d.filtershow.FilterShowActivity,904,com.android.systemui,905,0,1320,9,1321,1]
05-19 10:52:30.608 627 644 I wm_activity_launch_time: [0,77012716,com.android.gallery3d/.filtershow.FilterShowActivity,95]
05-19 10:52:30.612 627 647 I wm_stop_activity: [0,214771548,com.android.launcher3/.uioverrides.QuickstepLauncher]
05-19 10:52:30.635 1030 1030 I wm_on_stop_called: [214771548,com.android.launcher3.uioverrides.QuickstepLauncher,STOP_ACTIVITY_ITEM]
05-19 10:52:31.000 1272 1272 W ContextImpl: Calling a method in the system process without a qualified user: android.app.ContextImpl.sendBroadcast:1181 android.content.ContextWrapper.sendBroadcast:479 cn.eben.newweather.DateWeatherService.a:19 cn.eben.newweather.DateWeatherService.a:0 cn.eben.newweather.DateWeatherService$1.handleMessage:7
05-21 09:05:00.239 542 542 I : read descriptors
05-21 09:05:00.239 542 542 I : read strings
05-21 09:05:00.242 1 1 I init : processing action (sys.usb.config=adb && sys.usb.configfs=1 && sys.usb.ffs.ready=1) from (/system/etc/init/hw/init.usb.configfs.rc:20)
05-19 10:52:31.587 627 710 I input_interaction: Interaction with: 8e4aba2 com.android.gallery3d/com.android.gallery3d.filtershow.FilterShowActivity (server), PointerEventDispatcher0 (server),
05-19 10:52:31.703 627 710 I input_interaction: Interaction with: 8e4aba2 com.android.gallery3d/com.android.gallery3d.filtershow.FilterShowActivity (server), Screenshot (server), PointerEventDispatcher0 (server),
05-19 10:52:31.717 627 648 I input_focus: [Focus request 8e4aba2 com.android.gallery3d/com.android.gallery3d.filtershow.FilterShowActivity,reason=UpdateInputWindows]
05-19 10:52:31.736 627 710 I input_focus: [Focus leaving 7ea6990 ScreenshotAnimation (server),reason=setFocusedWindow]
05-19 10:52:31.736 627 710 I input_focus: [Focus entering 8e4aba2 com.android.gallery3d/com.android.gallery3d.filtershow.FilterShowActivity (server),reason=setFocusedWindow]
05-19 10:52:32.002 1272 1272 W ContextImpl: Calling a method in the system process without a qualified user: android.app.ContextImpl.sendBroadcast:1181 android.content.ContextWrapper.sendBroadcast:479 cn.eben.newweather.DateWeatherService.a:19 cn.eben.newweather.DateWeatherService.a:0 cn.eben.newweather.DateWeatherService$1.handleMessage:7
05-19 10:52:32.066 463 491 I RIL : ---> enter mainloop wait at port
05-19 10:52:32.067 463 491 D RIL-DEV : Get modem info
05-19 10:52:32.067 463 491 D RIL-DEV : [05-19_10:52:32:068] idVendor = 0bda
05-19 10:52:32.067 463 491 D RIL-DEV :
05-19 10:52:32.068 463 491 D RIL-DEV : [05-19_10:52:32:068] idVendor = 05e3
05-19 10:52:32.068 463 491 D RIL-DEV :
05-19 10:52:32.068 463 491 D RIL-DEV : [05-19_10:52:32:069] idVendor = 1d6b
05-19 10:52:32.068 463 491 D RIL-DEV :
05-19 10:52:32.069 463 491 D RIL-DEV : [05-19_10:52:32:069] idVendor = 1d6b
05-19 10:52:32.069 463 491 D RIL-DEV :
05-19 10:52:32.069 463 491 D RIL-DEV : [05-19_10:52:32:069] idVendor = 0bda
05-19 10:52:32.069 463 491 D RIL-DEV :
05-19 10:52:32.070 463 491 D RIL-DEV : [05-19_10:52:32:070] idVendor = 1d6b
05-19 10:52:32.070 463 491 D RIL-DEV :
05-19 10:52:32.070 463 491 D RIL-DEV : [05-19_10:52:32:071] idVendor = 2109
05-19 10:52:32.070 463 491 D RIL-DEV :
05-19 10:52:32.071 463 491 D RIL-DEV : [05-19_10:52:32:071] idVendor = 2109
05-19 10:52:32.071 463 491 D RIL-DEV :
05-19 10:52:32.071 463 491 D RIL-DEV : [05-19_10:52:32:072] idVendor = 1d6b
05-19 10:52:32.071 463 491 D RIL-DEV :
05-19 10:52:32.072 463 491 D RIL-DEV : [05-19_10:52:32:072] idVendor = 0bda
05-19 10:52:32.072 463 491 D RIL-DEV :
05-19 10:52:32.072 463 491 D RIL-DEV : [05-19_10:52:32:073] idVendor = 2109
05-19 10:52:32.072 463 491 D RIL-DEV :
05-19 10:52:32.075 463 491 E RIL-DEV : Cannot find Meig devices
05-19 10:52:32.075 463 491 I RIL : ---> can't find meig usb devices
05-19 10:52:32.086 627 710 I input_interaction: Interaction with: 8e4aba2 com.android.gallery3d/com.android.gallery3d.filtershow.FilterShowActivity (server), PointerEventDispatcher0 (server),
05-19 10:52:32.255 627 710 I input_interaction: Interaction with: 8e4aba2 com.android.gallery3d/com.android.gallery3d.filtershow.FilterShowActivity (server), Screenshot (server), PointerEventDispatcher0 (server),
05-21 09:05:01.286 542 542 I : read descriptors
05-21 09:05:01.286 542 542 I : read strings
