05-19 10:50:02.986 627 16764 W BroadcastQueue: Target SDK mismatch: receiver ActivityInfo{21c61af com.xiaomi.push.service.receivers.NetworkStatusReceiver} targets 26 but delivery restricted to [0, 23] broadcasting Intent { act=android.net.conn.CONNECTIVITY_CHANGE flg=0x4200010 (has extras) } from android (pid=627, uid=1000) to com.zhangyue.read.iReader/com.xiaomi.push.service.receivers.NetworkStatusReceiver
05-19 10:50:02.986 627 653 W BroadcastQueue: Target SDK mismatch: receiver ActivityInfo{83319bc cn.eben.help.LoadAllReceiver} targets 28 but delivery restricted to [0, 23] broadcasting Intent { act=android.net.conn.CONNECTIVITY_CHANGE flg=0x4200010 (has extras) } from android (pid=627, uid=1000) to cn.eben.help/.LoadAllReceiver
05-19 10:50:02.986 627 653 W BroadcastQueue: Target SDK mismatch: receiver ActivityInfo{3016d45 cn.eben.android.receiver.AppSyncReceiver} targets 27 but delivery restricted to [0, 23] broadcasting Intent { act=android.net.conn.CONNECTIVITY_CHANGE flg=0x4200010 (has extras) } from android (pid=627, uid=1000) to cn.eben.sync/cn.eben.android.receiver.AppSyncReceiver
05-19 10:50:02.986 627 1072 I sysui_multi_action: [757,856,758,1,806,com.ebensz.enote.calendar,857,com.ebensz.enote.calendar,858,1]
05-19 10:50:02.989 19442 19442 W ContextImpl: Calling a method in the system process without a qualified user: android.app.ContextImpl.startService:1824 android.content.ContextWrapper.startService:774 android.content.ContextWrapper.startService:774 com.ebensz.appmanager.service.UploadMyAppsInfoService.startUploadMyAppsInfoService:78 com.ebensz.appmanager.receiver.UploadMyAppsInfoReceiver.onReceive:33
05-19 10:50:02.991 627 653 V ActivityManager: Attempted to start a foreground service (com.ebensz.enote.calendar/.alerts.AlertService) with a broken notification (no icon: Notification(channel=com.ebensz.enote.calendar shortcut=null contentView=null vibrate=null sound=null defaults=0x0 flags=0x40 color=0x00000000 vis=PRIVATE))
05-19 10:50:02.992 627 9940 W BroadcastQueue: Target SDK mismatch: receiver ActivityInfo{e0cfffd com.ebensz.ota.ActionReceiver} targets 29 but delivery restricted to [0, 23] broadcasting Intent { act=android.net.conn.CONNECTIVITY_CHANGE flg=0x4200010 (has extras) } from android (pid=627, uid=1000) to com.ebensz.ota/.ActionReceiver
05-19 10:50:02.994 627 653 I ActivityManager: Deferring FGS notification in legacy app com.ebensz.enote.calendar/u0a68 : Notification(channel=com.ebensz.enote.calendar shortcut=null contentView=null vibrate=null sound=null defaults=0x0 flags=0x40 color=0x00000000 vis=PRIVATE)
05-19 10:50:02.994 627 653 W BroadcastQueue: Target SDK mismatch: receiver ActivityInfo{c3644f2 com.taobao.accs.EventReceiver} targets 26 but delivery restricted to [0, 23] broadcasting Intent { act=android.net.conn.CONNECTIVITY_CHANGE flg=0x4200010 (has extras) } from android (pid=627, uid=1000) to com.zhangyue.read.iReader/com.taobao.accs.EventReceiver
05-19 10:50:02.995 627 653 W BroadcastQueue: Background execution not allowed: receiving Intent { act=android.intent.action.USER_PRESENT flg=0x24200010 } to com.zhangyue.read.iReader/com.taobao.accs.EventReceiver
05-19 10:50:02.995 627 1967 W PermissionManagerService: Datasource AttributionSource { uid = 10022, packageName = com.android.providers.calendar, attributionTag = null, token = android.os.BinderProxy@231358c, next = android.content.AttributionSourceState@bbf1c0 } protecting data with platform defined runtime permission android.permission.READ_CALENDAR while not having android.permission.UPDATE_APP_OPS_STATS
05-19 10:50:02.998 627 1967 W PermissionManagerService: Datasource AttributionSource { uid = 10022, packageName = com.android.providers.calendar, attributionTag = null, token = android.os.BinderProxy@231358c, next = android.content.AttributionSourceState@c2f149f } protecting data with platform defined runtime permission android.permission.WRITE_CALENDAR while not having android.permission.UPDATE_APP_OPS_STATS
05-19 10:50:03.002 1272 1272 W ContextImpl: Calling a method in the system process without a qualified user: android.app.ContextImpl.sendBroadcast:1181 android.content.ContextWrapper.sendBroadcast:479 cn.eben.newweather.DateWeatherService.a:19 cn.eben.newweather.DateWeatherService.a:0 cn.eben.newweather.DateWeatherService$1.handleMessage:7
05-19 10:50:03.011 627 1967 I sysui_multi_action: [757,856,758,1,806,com.ebensz.enote.calendar,857,C-1-1747623003008,858,4]
05-19 10:50:03.012 627 1967 W PermissionManagerService: Datasource AttributionSource { uid = 10022, packageName = com.android.providers.calendar, attributionTag = null, token = android.os.BinderProxy@231358c, next = android.content.AttributionSourceState@fae38d8 } protecting data with platform defined runtime permission android.permission.READ_CALENDAR while not having android.permission.UPDATE_APP_OPS_STATS
05-19 10:50:03.015 627 1967 I ActivityTaskManager: START u0 {flg=0x10000000 cmp=com.ebensz.enote.calendar/.alerts.AlertReminder (has extras)} from uid 10068
05-19 10:50:03.015 627 1967 I wm_task_created: [118,-1]
05-19 10:50:03.015 627 1967 W ActivityTaskManager: Can't find TaskDisplayArea to determine support for multi window. Task id=118 attached=false
05-19 10:50:03.020 627 1967 I wm_task_moved: [118,1,13]
05-19 10:50:03.020 627 1967 I wm_task_to_front: [0,118]
05-19 10:50:03.021 627 1967 I wm_create_task: [0,118]
05-19 10:50:03.021 627 1967 I wm_create_activity: [0,70912644,118,com.ebensz.enote.calendar/.alerts.AlertReminder,NULL,NULL,NULL,276824064]
05-19 10:50:03.021 627 1967 I wm_task_moved: [118,1,13]
05-19 10:50:03.021 627 1967 V SplashScreenExceptionList: SplashScreen checking exception for package com.ebensz.enote.calendar (target sdk:27) -> false
05-19 10:50:03.022 627 1967 I wm_pause_activity: [0,214771548,com.android.launcher3/.uioverrides.QuickstepLauncher,userLeaving=true,pauseBackTasks]
05-19 10:50:03.023 627 1967 I ActivityTaskManager: Add Task{4f6da78 #73 type=standard A=10068:android.task.calendar U=0 visible=false visibleRequested=false mode=fullscreen translucent=true sz=1} to hidden list because adding Task{202e26d #118 type=standard A=10068:android.task.calendar U=0 visible=true visibleRequested=false mode=fullscreen translucent=true sz=1}
05-19 10:50:03.027 627 1967 W PermissionManagerService: Datasource AttributionSource { uid = 10022, packageName = com.android.providers.calendar, attributionTag = null, token = android.os.BinderProxy@231358c, next = android.content.AttributionSourceState@63a8733 } protecting data with platform defined runtime permission android.permission.READ_CALENDAR while not having android.permission.UPDATE_APP_OPS_STATS
05-19 10:50:03.031 627 1967 W PermissionManagerService: Datasource AttributionSource { uid = 10022, packageName = com.android.providers.calendar, attributionTag = null, token = android.os.BinderProxy@231358c, next = android.content.AttributionSourceState@d9632ee } protecting data with platform defined runtime permission android.permission.READ_CALENDAR while not having android.permission.UPDATE_APP_OPS_STATS
05-19 10:50:03.036 627 1967 E NotificationVibratorHelper: Error creating vibration waveform with pattern: [0]
05-19 10:50:03.037 627 627 I notification_enqueue: [10068,19268,com.ebensz.enote.calendar,5,NULL,0,Notification(channel=C-1-1747623003008 shortcut=null contentView=null vibrate=null sound=null defaults=0x4 flags=0x10 color=0xff00ff00 actions=2 vis=PRIVATE),0]
05-19 10:50:03.238 627 627 I sysui_multi_action: [757,1501,758,1,793,203,794,0,795,203,796,5,806,com.ebensz.enote.calendar,857,C-1-1747623003008,858,4,947,0,1500,0,1688,1,1745,2098068913]
05-19 10:50:03.238 627 627 I sysui_multi_action: [757,804,799,note_interruptive,801,0,802,1]
05-19 10:50:03.239 627 627 I sysui_multi_action: [757,1501,758,1,793,204,794,0,795,204,796,5,806,com.ebensz.enote.calendar,857,C-1-1747623003008,858,4,947,0,1500,0,1688,1,1745,2098068913]
05-19 10:50:03.239 627 627 I sysui_multi_action: [757,804,799,note_interruptive,801,0,802,1]
05-19 10:50:03.239 627 627 I sysui_multi_action: [757,199,758,1,759,6,793,204,794,0,795,204,796,5,806,com.ebensz.enote.calendar,857,C-1-1747623003008,858,4,947,0,1500,0,1688,1,1745,2098068913]
05-19 10:50:03.239 627 627 I notification_alert: [0|com.ebensz.enote.calendar|5|null|10068,0,1,1]
05-19 10:50:03.240 627 627 W NotificationHistory: Attempted to add notif for locked/gone/disabled user 0
05-19 10:50:03.246 627 646 I commit_sys_config_file: [notification-policy,73272558]
05-21 09:02:08.294 352 352 I dw-mipi-dsi2 fde20000.dsi: [drm:dw_mipi_dsi2_encoder_enable] final DSI-Link bandwidth: 639999 x 8 Kbps
05-19 10:50:03.334 627 668 I sysui_latency: [5,897]
05-19 10:50:03.334 627 668 W PowerManagerService: Screen on took 897 ms
05-19 10:50:03.334 627 627 I sysui_multi_action: [757,198,758,1,759,3,1359,897,1694,14]
05-19 10:50:03.334 627 627 I power_screen_state: [1,0,0,0,897]
05-19 10:50:03.334 627 710 I input_focus: [Focus entering 334f74b com.android.launcher3/com.android.launcher3.uioverrides.QuickstepLauncher (server),reason=Window became focusable. Previous reason: NO_WINDOW]
05-19 10:50:03.356 1030 1030 I wm_on_top_resumed_lost_called: [214771548,com.android.launcher3.uioverrides.QuickstepLauncher,topStateChangedWhenResumed]
05-19 10:50:03.356 1030 1030 I wm_on_paused_called: [214771548,com.android.launcher3.uioverrides.QuickstepLauncher,performPause]
05-19 10:50:03.357 627 9940 W ActivityTaskManager: Tried to set launchTime (0) < mLastActivityLaunchTime (72452537)
05-19 10:50:03.359 627 9940 I wm_restart_activity: [0,70912644,118,com.ebensz.enote.calendar/.alerts.AlertReminder]
05-19 10:50:03.361 627 9940 I wm_set_resumed_activity: [0,com.ebensz.enote.calendar/.alerts.AlertReminder,minimalResumeActivityLocked]
05-19 10:50:03.366 627 647 I sysui_multi_action: [757,803,799,window_time_0,802,45]
05-19 10:50:03.393 781 781 I sysui_multi_action: [757,803,799,note_peek,802,1]
05-19 10:50:03.395 627 16764 I sysui_multi_action: [757,127,758,1]
05-19 10:50:03.395 627 16764 I sysui_multi_action: [757,804,799,note_load,801,1,802,1]
05-19 10:50:03.395 627 16764 I notification_panel_revealed: 1
05-19 10:50:03.396 781 781 I sysui_heads_up_status: [0|com.ebensz.enote.calendar|5|null|10068,1]
05-19 10:50:03.397 627 16764 I sysui_multi_action: [757,1501,758,1,793,362,794,0,795,362,796,5,806,com.ebensz.enote.calendar,857,C-1-1747623003008,858,4,947,0,1500,0,1688,1,1745,2098068913]
05-19 10:50:03.397 627 16764 I sysui_multi_action: [757,804,799,note_interruptive,801,0,802,1]
05-19 10:50:03.464 19268 19268 I wm_on_create_called: [70912644,com.ebensz.enote.calendar.alerts.AlertReminder,performCreate]
05-19 10:50:03.465 627 9940 W PermissionManagerService: Datasource AttributionSource { uid = 10022, packageName = com.android.providers.calendar, attributionTag = null, token = android.os.BinderProxy@231358c, next = android.content.AttributionSourceState@fe61b4d } protecting data with platform defined runtime permission android.permission.READ_CALENDAR while not having android.permission.UPDATE_APP_OPS_STATS
05-19 10:50:03.505 19268 19268 I wm_on_start_called: [70912644,com.ebensz.enote.calendar.alerts.AlertReminder,handleStartActivity]
05-19 10:50:03.515 19268 19268 I wm_on_resume_called: [70912644,com.ebensz.enote.calendar.alerts.AlertReminder,RESUME_ACTIVITY]
05-19 10:50:03.519 19268 19268 I wm_on_top_resumed_gained_called: [70912644,com.ebensz.enote.calendar.alerts.AlertReminder,topStateChangedWhenResumed]
05-19 10:50:03.519 781 781 I sysui_multi_action: [757,196,758,2,759,0]
05-19 10:50:03.519 781 781 I sysui_status_bar_state: [0,0,1,0,0,1]
05-19 10:50:03.541 627 648 I input_focus: [Focus request 71598b com.ebensz.enote.calendar/com.ebensz.enote.calendar.alerts.AlertReminder,reason=UpdateInputWindows]
05-21 09:02:08.518 542 542 I : read descriptors
05-21 09:02:08.518 542 542 I : read strings
05-21 09:02:08.519 1 1 I init : processing action (sys.usb.config=adb && sys.usb.configfs=1 && sys.usb.ffs.ready=1) from (/system/etc/init/hw/init.usb.configfs.rc:20)
05-21 09:02:08.520 2125 2125 W : abc audioDBG [es8323_mute] start mute:0
05-21 09:02:08.520 1 1 I init : Command 'symlink /config/usb_gadget/g1/functions/ffs.adb /config/usb_gadget/g1/configs/b.1/f1' action=sys.usb.config=adb && sys.usb.configfs=1 && sys.usb.ffs.ready=1 (/system/etc/init/hw/init.usb.configfs.rc:22) took 0ms and failed: symlink() failed: File exists
05-21 09:02:08.520 1 1 I init : Command 'write /config/usb_gadget/g1/UDC ${sys.usb.controller}' action=sys.usb.config=adb && sys.usb.configfs=1 && sys.usb.ffs.ready=1 (/system/etc/init/hw/init.usb.configfs.rc:23) took 0ms and failed: Unable to write to file '/config/usb_gadget/g1/UDC': Unable to write file contents: Device or resource busy
05-21 09:02:08.530 2125 2125 I [Awinic] [3-0058]aw_acf_get_prof_desc_form_name: get prof desc down
05-19 10:50:03.570 627 644 I sysui_multi_action: [319,551,322,551,325,73284,757,761,758,8,759,2,806,com.ebensz.enote.calendar,871,com.ebensz.enote.calendar.alerts.AlertReminder,904,com.ebensz.enote.calendar,905,0,1320,4,1321,1]
05-19 10:50:03.570 627 710 I input_focus: [Focus leaving 334f74b com.android.launcher3/com.android.launcher3.uioverrides.QuickstepLauncher (server),reason=Waiting for window because NO_WINDOW]
05-19 10:50:03.571 627 644 I wm_activity_launch_time: [0,70912644,com.ebensz.enote.calendar/.alerts.AlertReminder,551]
05-21 09:02:08.543 2125 2125 I [Awinic] [3-005b]aw_acf_get_prof_desc_form_name: get prof desc down
05-19 10:50:03.588 627 710 I input_focus: [Focus entering 71598b com.ebensz.enote.calendar/com.ebensz.enote.calendar.alerts.AlertReminder (server),reason=Window became focusable. Previous reason: NOT_VISIBLE]
05-19 10:50:03.868 627 1967 W ContentProviderHelper: Permission Denial: opening provider com.android.providers.contacts.ContactsProvider2 from ProcessRecord{552b742 1631:cn.eben.sync/u0a63} (pid=1631, uid=10063) requires android.permission.READ_CONTACTS or android.permission.WRITE_CONTACTS
05-19 10:50:04.001 1272 1272 W ContextImpl: Calling a method in the system process without a qualified user: android.app.ContextImpl.sendBroadcast:1181 android.content.ContextWrapper.sendBroadcast:479 cn.eben.newweather.DateWeatherService.a:19 cn.eben.newweather.DateWeatherService.a:0 cn.eben.newweather.DateWeatherService$1.handleMessage:7
05-19 10:50:04.030 19442 19442 W ContextImpl: Calling a method in the system process without a qualified user: android.app.ContextImpl.startService:1824 android.content.ContextWrapper.startService:774 com.ebensz.appmanager.service.UploadMyAppsInfoService$1.handleMessage:63 android.os.Handler.dispatchMessage:106 android.os.Looper.loopOnce:201
05-19 10:50:04.369 463 491 I RIL : ---> enter mainloop wait at port
05-19 10:50:04.370 463 491 D RIL-DEV : Get modem info
05-19 10:50:04.375 463 491 D RIL-DEV : [05-19_10:50:04:376] idVendor = 0bda
05-19 10:50:04.375 463 491 D RIL-DEV :
05-19 10:50:04.375 463 491 D RIL-DEV : [05-19_10:50:04:376] idVendor = 05e3
05-19 10:50:04.375 463 491 D RIL-DEV :
05-19 10:50:04.376 463 491 D RIL-DEV : [05-19_10:50:04:376] idVendor = 1d6b
05-19 10:50:04.376 463 491 D RIL-DEV :
05-19 10:50:04.376 463 491 D RIL-DEV : [05-19_10:50:04:376] idVendor = 1d6b
05-19 10:50:04.376 463 491 D RIL-DEV :
05-19 10:50:04.376 463 491 D RIL-DEV : [05-19_10:50:04:376] idVendor = 0bda
05-19 10:50:04.376 463 491 D RIL-DEV :
05-19 10:50:04.377 463 491 D RIL-DEV : [05-19_10:50:04:377] idVendor = 1d6b
05-19 10:50:04.377 463 491 D RIL-DEV :
05-19 10:50:04.377 463 491 D RIL-DEV : [05-19_10:50:04:377] idVendor = 2109
05-19 10:50:04.377 463 491 D RIL-DEV :
05-19 10:50:04.377 463 491 D RIL-DEV : [05-19_10:50:04:378] idVendor = 2109
05-19 10:50:04.377 463 491 D RIL-DEV :
05-19 10:50:04.378 463 491 D RIL-DEV : [05-19_10:50:04:378] idVendor = 1d6b
05-19 10:50:04.378 463 491 D RIL-DEV :
05-19 10:50:04.378 463 491 D RIL-DEV : [05-19_10:50:04:378] idVendor = 0bda
05-19 10:50:04.378 463 491 D RIL-DEV :
05-19 10:50:04.378 463 491 D RIL-DEV : [05-19_10:50:04:379] idVendor = 2109
05-19 10:50:04.378 463 491 D RIL-DEV :
05-19 10:50:04.379 463 491 E RIL-DEV : Cannot find Meig devices
05-19 10:50:04.379 463 491 I RIL : ---> can't find meig usb devices
05-21 09:02:09.552 542 542 I : read descriptors
05-21 09:02:09.552 542 542 I : read strings
05-21 09:02:09.554 1 1 I init : processing action (sys.usb.config=adb && sys.usb.configfs=1 && sys.usb.ffs.ready=1) from (/system/etc/init/hw/init.usb.configfs.rc:20)
05-21 09:02:09.557 1 1 I init : Command 'symlink /config/usb_gadget/g1/functions/ffs.adb /config/usb_gadget/g1/configs/b.1/f1' action=sys.usb.config=adb && sys.usb.configfs=1 && sys.usb.ffs.ready=1 (/system/etc/init/hw/init.usb.configfs.rc:22) took 1ms and failed: symlink() failed: File exists
05-21 09:02:09.557 1 1 I init : Command 'write /config/usb_gadget/g1/UDC ${sys.usb.controller}' action=sys.usb.config=adb && sys.usb.configfs=1 && sys.usb.ffs.ready=1 (/system/etc/init/hw/init.usb.configfs.rc:23) took 0ms and failed: Unable to write to file '/config/usb_gadget/g1/UDC': Unable to write file contents: Device or resource busy
05-19 10:50:05.003 1272 1272 W ContextImpl: Calling a method in the system process without a qualified user: android.app.ContextImpl.sendBroadcast:1181 android.content.ContextWrapper.sendBroadcast:479 cn.eben.newweather.DateWeatherService.a:19 cn.eben.newweather.DateWeatherService.a:0 cn.eben.newweather.DateWeatherService$1.handleMessage:7
05-19 10:50:05.015 627 738 W PermissionManagerService: Datasource AttributionSource { uid = 10022, packageName = com.android.providers.calendar, attributionTag = null, token = android.os.BinderProxy@231358c, next = android.content.AttributionSourceState@2e41ef3 } protecting data with platform defined runtime permission android.permission.READ_CALENDAR while not having android.permission.UPDATE_APP_OPS_STATS
05-19 10:50:05.024 627 738 W PermissionManagerService: Datasource AttributionSource { uid = 10022, packageName = com.android.providers.calendar, attributionTag = null, token = android.os.BinderProxy@231358c, next = android.content.AttributionSourceState@f8167b0 } protecting data with platform defined runtime permission android.permission.READ_CALENDAR while not having android.permission.UPDATE_APP_OPS_STATS
05-19 10:50:05.033 627 738 W PermissionManagerService: Datasource AttributionSource { uid = 10022, packageName = com.android.providers.calendar, attributionTag = null, token = android.os.BinderProxy@231358c, next = android.content.AttributionSourceState@697b74f } protecting data with platform defined runtime permission android.permission.READ_CALENDAR while not having android.permission.UPDATE_APP_OPS_STATS
05-19 10:50:05.043 627 738 W PermissionManagerService: Datasource AttributionSource { uid = 10022, packageName = com.android.providers.calendar, attributionTag = null, token = android.os.BinderProxy@231358c, next = android.content.AttributionSourceState@842796b } protecting data with platform defined runtime permission android.permission.READ_CALENDAR while not having android.permission.UPDATE_APP_OPS_STATS
05-21 09:02:10.540 18450 18450 I r8152 4-1.4: 1.0 eth1: carrier on
05-21 09:02:10.611 542 542 I : read descriptors
05-21 09:02:10.611 542 542 I : read strings
05-21 09:02:10.613 1 1 I init : processing action (sys.usb.config=adb && sys.usb.configfs=1 && sys.usb.ffs.ready=1) from (/system/etc/init/hw/init.usb.configfs.rc:20)
05-19 10:50:06.001 1272 1272 W ContextImpl: Calling a method in the system process without a qualified user: android.app.ContextImpl.sendBroadcast:1181 android.content.ContextWrapper.sendBroadcast:479 cn.eben.newweather.DateWeatherService.a:19 cn.eben.newweather.DateWeatherService.a:0 cn.eben.newweather.DateWeatherService$1.handleMessage:7
05-19 10:50:06.025 627 1248 E TaskPersister: File error accessing recents directory (directory doesn't exist?).
05-19 10:50:06.178 627 710 I input_interaction: Interaction with: 71598b com.ebensz.enote.calendar/com.ebensz.enote.calendar.alerts.AlertReminder (server), PointerEventDispatcher0 (server),
05-19 10:50:06.324 627 642 I sysui_multi_action: [757,856,758,2,806,com.ebensz.enote.calendar,857,C-1-1747623003008,858,4]
05-19 10:50:06.324 627 627 I sysui_multi_action: [757,128,758,5,759,8,793,3289,794,0,795,3289,796,5,806,com.ebensz.enote.calendar,857,C-1-1747623003008,858,4,947,0,1500,2927,1688,1,1745,2098068913]
05-19 10:50:06.324 627 642 W NotificationHistory: Attempted to remove channel for locked/gone/disabled user 0
05-19 10:50:06.324 627 627 I notification_canceled: [0|com.ebensz.enote.calendar|5|null|10068,8,3289,3289,0,-1,-1,NULL]
05-19 10:50:06.329 627 642 W PermissionManagerService: Datasource AttributionSource { uid = 10022, packageName = com.android.providers.calendar, attributionTag = null, token = android.os.BinderProxy@231358c, next = android.content.AttributionSourceState@1118b40 } protecting data with platform defined runtime permission android.permission.WRITE_CALENDAR while not having android.permission.UPDATE_APP_OPS_STATS
05-19 10:50:06.334 627 627 I notification_cancel_all: [1000,627,com.ebensz.enote.calendar,0,0,0,20,NULL]
05-19 10:50:06.337 627 642 I wm_finish_activity: [0,70912644,118,com.ebensz.enote.calendar/.alerts.AlertReminder,app-request]
05-19 10:50:06.337 627 642 I wm_task_moved: [1,1,13]
05-19 10:50:06.340 627 642 I wm_task_moved: [29,1,2147483647]
05-19 10:50:06.340 627 642 I wm_task_to_front: [0,29]
05-19 10:50:06.342 627 642 I wm_focused_root_task: [0,0,1,-1,finish-top adjustFocusToNextFocusableTask]
05-19 10:50:06.351 781 781 I sysui_heads_up_status: [0|com.ebensz.enote.calendar|5|null|10068,0]
05-19 10:50:06.366 627 642 I wm_pause_activity: [0,70912644,com.ebensz.enote.calendar/.alerts.AlertReminder,userLeaving=false,finish]
05-19 10:50:06.369 627 648 I input_focus: [Focus request 334f74b com.android.launcher3/com.android.launcher3.uioverrides.QuickstepLauncher,reason=UpdateInputWindows]
05-19 10:50:06.370 19268 19268 I wm_on_top_resumed_lost_called: [70912644,com.ebensz.enote.calendar.alerts.AlertReminder,topStateChangedWhenResumed]
05-19 10:50:06.379 463 491 I RIL : ---> enter mainloop wait at port
05-19 10:50:06.379 463 491 D RIL-DEV : Get modem info
05-19 10:50:06.379 627 710 I input_focus: [Focus leaving 71598b com.ebensz.enote.calendar/com.ebensz.enote.calendar.alerts.AlertReminder (server),reason=NO_WINDOW]
05-19 10:50:06.383 19268 19268 I wm_on_paused_called: [70912644,com.ebensz.enote.calendar.alerts.AlertReminder,performPause]
05-19 10:50:06.384 627 16764 I wm_set_resumed_activity: [0,com.android.launcher3/.uioverrides.QuickstepLauncher,resumeTopActivity]
05-19 10:50:06.385 627 16764 I wm_resume_activity: [0,214771548,29,com.android.launcher3/.uioverrides.QuickstepLauncher]
05-19 10:50:06.387 463 491 D RIL-DEV : [05-19_10:50:06:388] idVendor = 0bda
05-19 10:50:06.387 463 491 D RIL-DEV :
05-19 10:50:06.388 463 491 D RIL-DEV : [05-19_10:50:06:388] idVendor = 05e3
05-19 10:50:06.388 463 491 D RIL-DEV :
05-19 10:50:06.388 463 491 D RIL-DEV : [05-19_10:50:06:388] idVendor = 1d6b
05-19 10:50:06.388 463 491 D RIL-DEV :
05-19 10:50:06.388 463 491 D RIL-DEV : [05-19_10:50:06:388] idVendor = 1d6b
05-19 10:50:06.388 463 491 D RIL-DEV :
05-19 10:50:06.388 463 491 D RIL-DEV : [05-19_10:50:06:388] idVendor = 0bda
05-19 10:50:06.388 463 491 D RIL-DEV :
05-19 10:50:06.388 463 491 D RIL-DEV : [05-19_10:50:06:388] idVendor = 1d6b
05-19 10:50:06.388 463 491 D RIL-DEV :
05-19 10:50:06.388 463 491 D RIL-DEV : [05-19_10:50:06:389] idVendor = 2109
05-19 10:50:06.388 463 491 D RIL-DEV :
05-19 10:50:06.388 1030 1030 I wm_on_resume_called: [214771548,com.android.launcher3.uioverrides.QuickstepLauncher,RESUME_ACTIVITY]
05-19 10:50:06.388 1030 1030 I wm_on_top_resumed_gained_called: [214771548,com.android.launcher3.uioverrides.QuickstepLauncher,topWhenResuming]
05-19 10:50:06.388 463 491 D RIL-DEV : [05-19_10:50:06:389] idVendor = 2109
05-19 10:50:06.388 463 491 D RIL-DEV :
05-19 10:50:06.389 463 491 D RIL-DEV : [05-19_10:50:06:389] idVendor = 1d6b
05-19 10:50:06.389 463 491 D RIL-DEV :
05-19 10:50:06.389 463 491 D RIL-DEV : [05-19_10:50:06:390] idVendor = 0bda
05-19 10:50:06.389 463 491 D RIL-DEV :
05-19 10:50:06.389 463 491 D RIL-DEV : [05-19_10:50:06:390] idVendor = 2109
05-19 10:50:06.389 463 491 D RIL-DEV :
05-19 10:50:06.389 463 491 E RIL-DEV : Cannot find Meig devices
05-19 10:50:06.389 463 491 I RIL : ---> can't find meig usb devices
05-19 10:50:06.390 627 710 I input_focus: [Focus entering 334f74b com.android.launcher3/com.android.launcher3.uioverrides.QuickstepLauncher (server),reason=setFocusedWindow]
05-19 10:50:06.391 627 647 I sysui_multi_action: [757,803,799,window_time_0,802,3]
05-19 10:50:06.402 627 642 I wm_destroy_activity: [0,242400882,73,com.ebensz.enote.calendar/.AllInOneActivity,finish-imm:remove-hidden-task]
05-19 10:50:06.406 627 642 I wm_destroy_activity: [0,70912644,118,com.ebensz.enote.calendar/.alerts.AlertReminder,finish-idle]
05-19 10:50:06.407 627 647 I sysui_multi_action: [757,803,799,window_time_0,802,0]
05-19 10:50:06.407 627 1248 E TaskPersister: File error accessing recents directory (directory doesn't exist?).
05-19 10:50:06.409 781 781 I sysui_multi_action: [757,196,758,2,759,0]
05-19 10:50:06.410 781 781 I sysui_status_bar_state: [0,0,0,0,0,1]
05-19 10:50:06.429 19268 19268 I wm_on_destroy_called: [242400882,com.ebensz.enote.calendar.AllInOneActivity,performDestroy]
05-19 10:50:06.437 627 642 I wm_task_removed: [73,removeChild:removeChild last r=ActivityRecord{e72be72 u0 com.ebensz.enote.calendar/.AllInOneActivity t-1 f}} in t=Task{4f6da78 #73 type=standard A=10068:android.task.calendar U=0 visible=false visibleRequested=false mode=fullscreen translucent=true sz=0}]
05-19 10:50:06.437 627 642 I wm_task_removed: [73,removeChild]
05-19 10:50:06.440 627 648 W ActivityTaskManager: Can't find TaskDisplayArea to determine support for multi window. Task id=73 attached=false
05-19 10:50:06.440 627 648 W ActivityTaskManager: Can't find TaskDisplayArea to determine support for multi window. Task id=73 attached=false
05-19 10:50:06.441 627 652 W UsageStatsService: Unexpected activity event reported! (com.ebensz.enote.calendar/com.ebensz.enote.calendar.AllInOneActivity event : 23 instanceId : 15822717)
05-19 10:50:06.461 19268 19268 I wm_on_stop_called: [70912644,com.ebensz.enote.calendar.alerts.AlertReminder,LIFECYCLER_STOP_ACTIVITY]
05-19 10:50:06.462 19268 19268 I wm_on_destroy_called: [70912644,com.ebensz.enote.calendar.alerts.AlertReminder,performDestroy]
05-19 10:50:06.587 627 646 I commit_sys_config_file: [notification-policy,73275900]
05-19 10:50:06.612 627 648 I wm_task_removed: [118,removeChild:removeChild last r=ActivityRecord{43a0a84 u0 com.ebensz.enote.calendar/.alerts.AlertReminder t-1 f}} in t=Task{202e26d #118 type=standard A=10068:android.task.calendar U=0 visible=false visibleRequested=false mode=fullscreen translucent=true sz=0}]
05-19 10:50:06.612 627 648 I wm_task_removed: [118,removeChild]
05-19 10:50:06.614 627 648 W ActivityTaskManager: Can't find TaskDisplayArea to determine support for multi window. Task id=118 attached=false
05-19 10:50:06.614 627 648 W ActivityTaskManager: Can't find TaskDisplayArea to determine support for multi window. Task id=118 attached=false
05-21 09:02:11.671 542 542 I : read descriptors
05-21 09:02:11.671 542 542 I : read strings
05-19 10:50:06.851 627 642 I sysui_multi_action: [757,127,758,2]
05-19 10:50:06.851 627 642 I notification_panel_hidden:
05-19 10:50:07.001 1272 1272 W ContextImpl: Calling a method in the system process without a qualified user: android.app.ContextImpl.sendBroadcast:1181 android.content.ContextWrapper.sendBroadcast:479 cn.eben.newweather.DateWeatherService.a:19 cn.eben.newweather.DateWeatherService.a:0 cn.eben.newweather.DateWeatherService$1.handleMessage:7
05-21 09:02:12.389 549 549 W : abc audioDBG [es8323_mute] start mute:1
05-21 09:02:12.390 549 549 I [Awinic] [3-0058]aw_acf_get_prof_desc_form_name: get prof desc down
05-21 09:02:12.390 549 549 I [Awinic] [3-005b]aw_acf_get_prof_desc_form_name: get prof desc down
05-19 10:50:07.588 627 653 W ActivityManager: Failed to clear dns cache for: com.ebensz.office.entry
05-19 10:50:07.608 627 653 W ActivityManager: Failed to clear dns cache for: com.ebensz.office.entry
05-21 09:02:12.555 653 653 I binder : 627:653 transaction failed 29201/-28, size 80-0 line 2921
05-21 09:02:12.576 653 653 I binder : 627:653 transaction failed 29201/-28, size 80-0 line 2921
05-19 10:50:07.637 627 730 I netstats_mobile_sample: [0,0,0,0,0,0,0,0,0,0,0,0,1747623007638]
05-19 10:50:07.637 627 730 I netstats_wifi_sample: [0,0,0,0,0,0,0,0,0,0,0,0,1747623007638]
05-19 10:50:07.695 627 730 I netstats_mobile_sample: [0,0,0,0,0,0,0,0,0,0,0,0,1747623007696]
05-19 10:50:07.695 627 730 I netstats_wifi_sample: [0,0,0,0,0,0,0,0,0,0,0,0,1747623007696]
05-19 10:50:07.702 627 730 W ContextImpl: Calling a method in the system process without a qualified user: android.app.ContextImpl.sendStickyBroadcast:1567 com.android.server.ConnectivityService.sendStickyBroadcast:2811 com.android.server.ConnectivityService.sendGeneralBroadcast:2786 com.android.server.ConnectivityService.sendConnectedBroadcast:2759 com.android.server.ConnectivityService.sendLegacyNetworkBroadcast:8704
05-19 10:50:07.706 627 653 W BroadcastQueue: Target SDK mismatch: receiver ActivityInfo{fbad0a6 com.xiaomi.push.service.receivers.NetworkStatusReceiver} targets 26 but delivery restricted to [0, 23] broadcasting Intent { act=android.net.conn.CONNECTIVITY_CHANGE flg=0x4200010 (has extras) } from android (pid=627, uid=1000) to com.zhangyue.read.iReader/com.xiaomi.push.service.receivers.NetworkStatusReceiver
05-19 10:50:07.706 627 653 W BroadcastQueue: Target SDK mismatch: receiver ActivityInfo{4819ae7 cn.eben.help.LoadAllReceiver} targets 28 but delivery restricted to [0, 23] broadcasting Intent { act=android.net.conn.CONNECTIVITY_CHANGE flg=0x4200010 (has extras) } from android (pid=627, uid=1000) to cn.eben.help/.LoadAllReceiver
05-19 10:50:07.706 627 653 W BroadcastQueue: Target SDK mismatch: receiver ActivityInfo{e0b8694 cn.eben.android.receiver.AppSyncReceiver} targets 27 but delivery restricted to [0, 23] broadcasting Intent { act=android.net.conn.CONNECTIVITY_CHANGE flg=0x4200010 (has extras) } from android (pid=627, uid=1000) to cn.eben.sync/cn.eben.android.receiver.AppSyncReceiver
05-19 10:50:07.717 19442 19442 W ContextImpl: Calling a method in the system process without a qualified user: android.app.ContextImpl.startService:1824 android.content.ContextWrapper.startService:774 android.content.ContextWrapper.startService:774 com.ebensz.appmanager.service.UploadMyAppsInfoService.startUploadMyAppsInfoService:78 com.ebensz.appmanager.receiver.UploadMyAppsInfoReceiver.onReceive:33
05-19 10:50:07.725 19470 19470 W ContextImpl: Calling a method in the system process without a qualified user: android.app.ContextImpl.startService:1824 android.content.ContextWrapper.startService:774 android.content.ContextWrapper.startService:774 com.ebensz.appmanager.mydownloadmanager.DownloadReceiver.startService:245 com.ebensz.appmanager.mydownloadmanager.DownloadReceiver.onReceive:74
05-19 10:50:07.727 627 642 W BroadcastQueue: Target SDK mismatch: receiver ActivityInfo{78bbafb com.ebensz.ota.ActionReceiver} targets 29 but delivery restricted to [0, 23] broadcasting Intent { act=android.net.conn.CONNECTIVITY_CHANGE flg=0x4200010 (has extras) } from android (pid=627, uid=1000) to com.ebensz.ota/.ActionReceiver
05-19 10:50:07.728 627 653 W BroadcastQueue: Target SDK mismatch: receiver ActivityInfo{2994718 com.taobao.accs.EventReceiver} targets 26 but delivery restricted to [0, 23] broadcasting Intent { act=android.net.conn.CONNECTIVITY_CHANGE flg=0x4200010 (has extras) } from android (pid=627, uid=1000) to com.zhangyue.read.iReader/com.taobao.accs.EventReceiver
05-19 10:50:07.729 627 627 I notification_cancel_all: [1000,19470,com.ebensz.appmanager,0,0,64,9,NULL]
05-21 09:02:12.761 542 542 I : read descriptors
05-21 09:02:12.761 542 542 I : read strings
05-21 09:02:12.762 1 1 I init : processing action (sys.usb.config=adb && sys.usb.configfs=1 && sys.usb.ffs.ready=1) from (/system/etc/init/hw/init.usb.configfs.rc:20)
05-21 09:02:12.764 1 1 I init : Command 'symlink /config/usb_gadget/g1/functions/ffs.adb /config/usb_gadget/g1/configs/b.1/f1' action=sys.usb.config=adb && sys.usb.configfs=1 && sys.usb.ffs.ready=1 (/system/etc/init/hw/init.usb.configfs.rc:22) took 0ms and failed: symlink() failed: File exists
05-21 09:02:12.765 1 1 I init : Command 'write /config/usb_gadget/g1/UDC ${sys.usb.controller}' action=sys.usb.config=adb && sys.usb.configfs=1 && sys.usb.ffs.ready=1 (/system/etc/init/hw/init.usb.configfs.rc:23) took 0ms and failed: Unable to write to file '/config/usb_gadget/g1/UDC': Unable to write file contents: Device or resource busy
05-19 10:50:07.919 975 975 D TelephonyNetworkFactory[0]: onReleaseNetworkFor NetworkRequest [ REQUEST id=15, [ Capabilities: INTERNET&NOT_RESTRICTED&TRUSTED&NOT_VCN_MANAGED Uid: 1000 RequestorUid: 1000 RequestorPkg: android] ] applied false
05-19 10:50:07.919 975 975 D TelephonyNetworkFactory[0]: onReleaseNetworkFor NetworkRequest [ REQUEST id=28, [ Capabilities: INTERNET&NOT_RESTRICTED&TRUSTED&NOT_VCN_MANAGED Uid: 1001 RequestorUid: 1001 RequestorPkg: com.android.phone] ] applied false
05-19 10:50:07.919 975 975 D TelephonyNetworkFactory[0]: onReleaseNetworkFor NetworkRequest [ REQUEST id=32, [ Capabilities: INTERNET&NOT_RESTRICTED&TRUSTED&NOT_VCN_MANAGED Uid: 1000 RequestorUid: 1000 RequestorPkg: android] ] applied false
05-19 10:50:07.919 975 975 D TelephonyNetworkFactory[0]: onReleaseNetworkFor NetworkRequest [ REQUEST id=23, [ Capabilities: INTERNET&NOT_RESTRICTED&TRUSTED&NOT_VCN_MANAGED Uid: 1000 RequestorUid: 1000 RequestorPkg: com.android.networkstack.inprocess] ] applied false
05-19 10:50:07.919 975 975 D TelephonyNetworkFactory[0]: onReleaseNetworkFor NetworkRequest [ REQUEST id=38, [ Capabilities: INTERNET&NOT_RESTRICTED&TRUSTED&NOT_VCN_MANAGED Uid: 10023 RequestorUid: 1000 RequestorPkg: android] ] applied false
05-19 10:50:07.920 975 975 D TelephonyNetworkFactory[0]: onReleaseNetworkFor NetworkRequest [ REQUEST id=1, [ Capabilities: INTERNET&NOT_RESTRICTED&TRUSTED&NOT_VPN&NOT_VCN_MANAGED RequestorUid: 1000 RequestorPkg: android] ] applied false
05-19 10:50:07.920 975 975 D TelephonyNetworkFactory[0]: onReleaseNetworkFor NetworkRequest [ REQUEST id=36, [ Capabilities: INTERNET&NOT_RESTRICTED&TRUSTED&NOT_VCN_MANAGED Uid: 10086 RequestorUid: 1000 RequestorPkg: android] ] applied false
05-19 10:50:07.920 975 975 D TelephonyNetworkFactory[0]: onReleaseNetworkFor NetworkRequest [ REQUEST id=18, [ Capabilities: INTERNET&NOT_RESTRICTED&TRUSTED&NOT_VCN_MANAGED Uid: 10088 RequestorUid: 10088 RequestorPkg: com.android.systemui] ] applied false
05-19 10:50:07.920 975 975 D TelephonyNetworkFactory[0]: onReleaseNetworkFor NetworkRequest [ REQUEST id=20, [ Capabilities: INTERNET&NOT_RESTRICTED&TRUSTED&NOT_VCN_MANAGED Uid: 10088 RequestorUid: 10088 RequestorPkg: com.android.systemui] ] applied false
05-19 10:50:07.921 975 975 D TelephonyNetworkFactory[0]: onReleaseNetworkFor NetworkRequest [ REQUEST id=7, [ Capabilities: INTERNET&NOT_RESTRICTED&TRUSTED&NOT_VCN_MANAGED Uid: 1000 RequestorUid: 1000 RequestorPkg: android] ] applied false
05-21 09:02:12.912 653 653 I binder : 627:653 transaction failed 29201/-28, size 80-0 line 2921
05-19 10:50:07.945 627 653 W ActivityManager: Failed to clear dns cache for: com.ebensz.office.entry
05-19 10:50:07.953 627 730 W ContextImpl: Calling a method in the system process without a qualified user: android.app.ContextImpl.sendStickyBroadcast:1567 com.android.server.ConnectivityService.sendStickyBroadcast:2811 com.android.server.ConnectivityService.sendGeneralBroadcast:2786 com.android.server.ConnectivityService.sendInetConditionBroadcast:2763 com.android.server.ConnectivityService.updateInetCondition:8451
05-19 10:50:08.001 1272 1272 W ContextImpl: Calling a method in the system process without a qualified user: android.app.ContextImpl.sendBroadcast:1181 android.content.ContextWrapper.sendBroadcast:479 cn.eben.newweather.DateWeatherService.a:19 cn.eben.newweather.DateWeatherService.a:0 cn.eben.newweather.DateWeatherService$1.handleMessage:7
05-19 10:50:08.348 627 738 W PermissionManagerService: Datasource AttributionSource { uid = 10022, packageName = com.android.providers.calendar, attributionTag = null, token = android.os.BinderProxy@db08e73, next = android.content.AttributionSourceState@f85e130 } protecting data with platform defined runtime permission android.permission.READ_CALENDAR while not having android.permission.UPDATE_APP_OPS_STATS
05-19 10:50:08.357 627 738 W PermissionManagerService: Datasource AttributionSource { uid = 10022, packageName = com.android.providers.calendar, attributionTag = null, token = android.os.BinderProxy@db08e73, next = android.content.AttributionSourceState@1bdb1a9 } protecting data with platform defined runtime permission android.permission.READ_CALENDAR while not having android.permission.UPDATE_APP_OPS_STATS
05-19 10:50:08.365 627 738 W PermissionManagerService: Datasource AttributionSource { uid = 10022, packageName = com.android.providers.calendar, attributionTag = null, token = android.os.BinderProxy@db08e73, next = android.content.AttributionSourceState@1fe05c } protecting data with platform defined runtime permission android.permission.READ_CALENDAR while not having android.permission.UPDATE_APP_OPS_STATS
05-19 10:50:08.374 627 738 W PermissionManagerService: Datasource AttributionSource { uid = 10022, packageName = com.android.providers.calendar, attributionTag = null, token = android.os.BinderProxy@db08e73, next = android.content.AttributionSourceState@33d58eb } protecting data with platform defined runtime permission android.permission.READ_CALENDAR while not having android.permission.UPDATE_APP_OPS_STATS
05-19 10:50:08.390 463 491 I RIL : ---> enter mainloop wait at port
05-19 10:50:08.390 463 491 D RIL-DEV : Get modem info
05-19 10:50:08.391 463 491 D RIL-DEV : [05-19_10:50:08:391] idVendor = 0bda
05-19 10:50:08.391 463 491 D RIL-DEV :
05-19 10:50:08.391 463 491 D RIL-DEV : [05-19_10:50:08:392] idVendor = 05e3
05-19 10:50:08.391 463 491 D RIL-DEV :
05-19 10:50:08.391 463 491 D RIL-DEV : [05-19_10:50:08:392] idVendor = 1d6b
05-19 10:50:08.391 463 491 D RIL-DEV :
05-19 10:50:08.392 463 491 D RIL-DEV : [05-19_10:50:08:392] idVendor = 1d6b
05-19 10:50:08.392 463 491 D RIL-DEV :
05-19 10:50:08.392 463 491 D RIL-DEV : [05-19_10:50:08:392] idVendor = 0bda
05-19 10:50:08.392 463 491 D RIL-DEV :
05-19 10:50:08.392 463 491 D RIL-DEV : [05-19_10:50:08:393] idVendor = 1d6b
05-19 10:50:08.392 463 491 D RIL-DEV :
05-19 10:50:08.393 463 491 D RIL-DEV : [05-19_10:50:08:393] idVendor = 2109
05-19 10:50:08.393 463 491 D RIL-DEV :
05-19 10:50:08.393 463 491 D RIL-DEV : [05-19_10:50:08:394] idVendor = 2109
05-19 10:50:08.393 463 491 D RIL-DEV :
05-19 10:50:08.393 463 491 D RIL-DEV : [05-19_10:50:08:394] idVendor = 1d6b
05-19 10:50:08.393 463 491 D RIL-DEV :
05-19 10:50:08.394 463 491 D RIL-DEV : [05-19_10:50:08:394] idVendor = 0bda
05-19 10:50:08.394 463 491 D RIL-DEV :
05-19 10:50:08.394 463 491 D RIL-DEV : [05-19_10:50:08:395] idVendor = 2109
05-19 10:50:08.394 463 491 D RIL-DEV :
05-19 10:50:08.394 463 491 E RIL-DEV : Cannot find Meig devices
05-19 10:50:08.395 463 491 I RIL : ---> can't find meig usb devices
05-19 10:50:08.760 19442 19442 W ContextImpl: Calling a method in the system process without a qualified user: android.app.ContextImpl.startService:1824 android.content.ContextWrapper.startService:774 com.ebensz.appmanager.service.UploadMyAppsInfoService$1.handleMessage:63 android.os.Handler.dispatchMessage:106 android.os.Looper.loopOnce:201
05-21 09:02:13.839 542 542 I : read descriptors
05-21 09:02:13.839 542 542 I : read strings
05-21 09:02:13.841 1 1 I init : processing action (sys.usb.config=adb && sys.usb.configfs=1 && sys.usb.ffs.ready=1) from (/system/etc/init/hw/init.usb.configfs.rc:20)
05-21 09:02:13.843 1 1 I init : Command 'symlink /config/usb_gadget/g1/functions/ffs.adb /config/usb_gadget/g1/configs/b.1/f1' action=sys.usb.config=adb && sys.usb.configfs=1 && sys.usb.ffs.ready=1 (/system/etc/init/hw/init.usb.configfs.rc:22) took 0ms and failed: symlink() failed: File exists
05-19 10:50:08.874 627 1967 W ContentProviderHelper: Permission Denial: opening provider com.android.providers.contacts.ContactsProvider2 from ProcessRecord{552b742 1631:cn.eben.sync/u0a63} (pid=1631, uid=10063) requires android.permission.READ_CONTACTS or android.permission.WRITE_CONTACTS
05-21 09:02:13.845 1 1 I init : Command 'write /config/usb_gadget/g1/UDC ${sys.usb.controller}' action=sys.usb.config=adb && sys.usb.configfs=1 && sys.usb.ffs.ready=1 (/system/etc/init/hw/init.usb.configfs.rc:23) took 1ms and failed: Unable to write to file '/config/usb_gadget/g1/UDC': Unable to write file contents: Device or resource busy
05-19 10:50:08.881 627 710 I input_interaction: Interaction with: 2d9a650 StatusBar (server), PointerEventDispatcher0 (server),
05-19 10:50:08.882 781 781 I sysui_multi_action: [757,803,799,panel_open,802,1]
05-19 10:50:08.883 781 781 I sysui_multi_action: [757,1328,758,4,1326,89,1327,0,1329,0]
05-19 10:50:08.974 627 1967 I sysui_multi_action: [757,127,758,1]
05-19 10:50:08.974 627 1967 I sysui_multi_action: [757,804,799,note_load,801,5,802,1]
05-19 10:50:08.974 627 1967 I notification_panel_revealed: 5
05-19 10:50:08.985 627 648 I input_focus: [Focus request 12d1777 NotificationShade,reason=UpdateInputWindows]
05-19 10:50:09.002 1272 1272 W ContextImpl: Calling a method in the system process without a qualified user: android.app.ContextImpl.sendBroadcast:1181 android.content.ContextWrapper.sendBroadcast:479 cn.eben.newweather.DateWeatherService.a:19 cn.eben.newweather.DateWeatherService.a:0 cn.eben.newweather.DateWeatherService$1.handleMessage:7
05-19 10:50:09.019 627 710 I input_focus: [Focus leaving 334f74b com.android.launcher3/com.android.launcher3.uioverrides.QuickstepLauncher (server),reason=Waiting for window because NO_WINDOW]
05-19 10:50:09.019 627 710 I input_focus: [Focus entering 12d1777 NotificationShade (server),reason=Window became focusable. Previous reason: NO_WINDOW]
05-19 10:50:09.440 627 1248 E TaskPersister: File error accessing recents directory (directory doesn't exist?).
05-19 10:50:09.518 627 1967 I sysui_multi_action: [757,128,758,1,793,-2051628199,794,0,795,-2052151011,796,1,798,4,806,com.ebensz.enote.entry,857,entry_export_pdf,858,2,947,0,1395,5,1500,-2052151011,1688,4,1689,2,1690,1]
05-19 10:50:09.518 627 1967 I sysui_multi_action: [757,804,799,note_freshness,801,-2052151011,802,1]
05-19 10:50:09.518 627 1967 I notification_visibility: [0|com.ebensz.enote.entry|1|null|10046,1,-2051628199,-2052151011,0,4]
05-19 10:50:09.518 627 1967 I sysui_multi_action: [757,128,758,1,793,-2053692972,794,0,795,-2053692972,796,1111,798,1,806,com.ebensz.email,857,100,858,2,947,0,1395,5,1500,781191,1688,4,1689,2,1690,1]
05-19 10:50:09.518 627 1967 I sysui_multi_action: [757,1501,758,1,793,-2053692972,794,0,795,-2053692972,796,1111,806,com.ebensz.email,857,100,858,2,947,0,1500,0,1688,4,1689,2,1690,1]
05-19 10:50:09.518 627 1967 I sysui_multi_action: [757,804,799,note_interruptive,801,0,802,1]
05-19 10:50:09.518 627 1967 I sysui_multi_action: [757,804,799,note_freshness,801,-2053692972,802,1]
05-19 10:50:09.519 627 1967 I notification_visibility: [0|com.ebensz.email|1111|null|10072,1,-2053692972,-2053692972,0,1]
05-19 10:50:09.519 627 1967 I sysui_multi_action: [757,128,758,1,793,-2055447566,794,0,795,-2055447566,796,4273,798,0,806,com.android.systemui,857,screen_record,858,3,947,0,1395,5,1500,781191,1688,1,1745,680407814]
05-19 10:50:09.519 627 1967 I sysui_multi_action: [757,1501,758,1,793,-2055447566,794,0,795,-2055447566,796,4273,806,com.android.systemui,857,screen_record,858,3,947,0,1500,0,1688,1,1745,680407814]
05-19 10:50:09.519 627 1967 I sysui_multi_action: [757,804,799,note_interruptive,801,0,802,1]
05-19 10:50:09.519 627 1967 I sysui_multi_action: [757,804,799,note_freshness,801,-2055447566,802,1]
05-19 10:50:09.519 627 1967 I notification_visibility: [0|com.android.systemui|4273|null|10088,1,-2055447566,-2055447566,0,0]
05-19 10:50:09.519 627 1967 I sysui_multi_action: [757,128,758,1,793,-2050002805,794,0,795,-2050002805,796,55,798,2,806,android,857,DEVELOPER,858,2,947,0,1395,5,1500,781190,1688,1]
05-19 10:50:09.520 627 1967 I sysui_multi_action: [757,1501,758,1,793,-2050002805,794,0,795,-2050002805,796,55,806,android,857,DEVELOPER,858,2,947,0,1500,0,1688,1]
05-19 10:50:09.520 627 1967 I sysui_multi_action: [757,804,799,note_interruptive,801,0,802,1]
05-19 10:50:09.520 627 1967 I sysui_multi_action: [757,804,799,note_freshness,801,-2050002805,802,1]
05-19 10:50:09.520 627 1967 I notification_visibility: [-1|android|55|null|1000,1,-2050002805,-2050002805,0,2]
05-19 10:50:09.520 627 1967 I sysui_multi_action: [757,128,758,1,793,-2050018607,794,0,795,-2052156193,796,1009,798,3,806,cn.eben.sync,857,CloudService,858,2,947,0,1395,5,1500,-2052156193,1688,1]
05-19 10:50:09.520 627 1967 I sysui_multi_action: [757,804,799,note_freshness,801,-2052156193,802,1]
05-19 10:50:09.520 627 1967 I notification_visibility: [0|cn.eben.sync|1009|null|10063,1,-2050018607,-2052156193,0,3]
05-21 09:02:14.922 542 542 I : read descriptors
05-21 09:02:14.922 542 542 I : read strings
05-21 09:02:14.923 1 1 I init : processing action (sys.usb.config=adb && sys.usb.configfs=1 && sys.usb.ffs.ready=1) from (/system/etc/init/hw/init.usb.configfs.rc:20)
05-21 09:02:14.925 1 1 I init : Command 'symlink /config/usb_gadget/g1/functions/ffs.adb /config/usb_gadget/g1/configs/b.1/f1' action=sys.usb.config=adb && sys.usb.configfs=1 && sys.usb.ffs.ready=1 (/system/etc/init/hw/init.usb.configfs.rc:22) took 0ms and failed: symlink() failed: File exists
05-21 09:02:14.926 1 1 I init : Command 'write /config/usb_gadget/g1/UDC ${sys.usb.controller}' action=sys.usb.config=adb && sys.usb.configfs=1 && sys.usb.ffs.ready=1 (/system/etc/init/hw/init.usb.configfs.rc:23) took 0ms and failed: Unable to write to file '/config/usb_gadget/g1/UDC': Unable to write file contents: Device or resource busy
05-19 10:50:10.002 1272 1272 W ContextImpl: Calling a method in the system process without a qualified user: android.app.ContextImpl.sendBroadcast:1181 android.content.ContextWrapper.sendBroadcast:479 cn.eben.newweather.DateWeatherService.a:19 cn.eben.newweather.DateWeatherService.a:0 cn.eben.newweather.DateWeatherService$1.handleMessage:7
05-19 10:50:10.395 463 491 I RIL : ---> enter mainloop wait at port
05-19 10:50:10.395 463 491 D RIL-DEV : Get modem info
05-19 10:50:10.396 463 491 D RIL-DEV : [05-19_10:50:10:396] idVendor = 0bda
05-19 10:50:10.396 463 491 D RIL-DEV :
05-19 10:50:10.396 463 491 D RIL-DEV : [05-19_10:50:10:397] idVendor = 05e3
05-19 10:50:10.396 463 491 D RIL-DEV :
05-19 10:50:10.396 463 491 D RIL-DEV : [05-19_10:50:10:397] idVendor = 1d6b
05-19 10:50:10.396 463 491 D RIL-DEV :
05-19 10:50:10.397 463 491 D RIL-DEV : [05-19_10:50:10:397] idVendor = 1d6b
05-19 10:50:10.397 463 491 D RIL-DEV :
05-19 10:50:10.397 463 491 D RIL-DEV : [05-19_10:50:10:398] idVendor = 0bda
05-19 10:50:10.397 463 491 D RIL-DEV :
05-19 10:50:10.398 463 491 D RIL-DEV : [05-19_10:50:10:398] idVendor = 1d6b
05-19 10:50:10.398 463 491 D RIL-DEV :
05-19 10:50:10.398 463 491 D RIL-DEV : [05-19_10:50:10:399] idVendor = 2109
05-19 10:50:10.398 463 491 D RIL-DEV :
05-19 10:50:10.399 463 491 D RIL-DEV : [05-19_10:50:10:399] idVendor = 2109
05-19 10:50:10.399 463 491 D RIL-DEV :
05-19 10:50:10.399 463 491 D RIL-DEV : [05-19_10:50:10:399] idVendor = 1d6b
05-19 10:50:10.399 463 491 D RIL-DEV :
05-19 10:50:10.399 463 491 D RIL-DEV : [05-19_10:50:10:400] idVendor = 0bda
05-19 10:50:10.399 463 491 D RIL-DEV :
05-19 10:50:10.400 463 491 D RIL-DEV : [05-19_10:50:10:400] idVendor = 2109
05-19 10:50:10.400 463 491 D RIL-DEV :
05-19 10:50:10.400 463 491 E RIL-DEV : Cannot find Meig devices
05-19 10:50:10.400 463 491 I RIL : ---> can't find meig usb devices
05-21 09:02:15.961 542 542 I : read descriptors
05-21 09:02:15.962 542 542 I : read strings
05-21 09:02:15.965 1 1 I init : processing action (sys.usb.config=adb && sys.usb.configfs=1 && sys.usb.ffs.ready=1) from (/system/etc/init/hw/init.usb.configfs.rc:20)
05-19 10:50:11.002 1272 1272 W ContextImpl: Calling a method in the system process without a qualified user: android.app.ContextImpl.sendBroadcast:1181 android.content.ContextWrapper.sendBroadcast:479 cn.eben.newweather.DateWeatherService.a:19 cn.eben.newweather.DateWeatherService.a:0 cn.eben.newweather.DateWeatherService$1.handleMessage:7
05-19 10:50:11.394 627 710 I input_interaction: Interaction with: 12d1777 NotificationShade (server), PointerEventDispatcher0 (server),
05-19 10:50:11.495 781 781 I sysui_multi_action: [757,111,758,1]
05-19 10:50:11.495 781 781 I sysui_multi_action: [757,0,758,1,759,0,927,0,1593,1]
05-19 10:50:11.495 781 781 I sysui_multi_action: [757,123,758,1,759,123,927,1,928,1,1593,1]
05-19 10:50:11.495 781 781 I sysui_multi_action: [757,261,758,1,759,261,927,2,928,0,1593,1]
05-19 10:50:11.495 781 781 I sysui_multi_action: [757,0,758,1,759,0,927,3,1593,1]
05-19 10:50:11.496 781 781 I sysui_multi_action: [757,0,758,1,759,0,927,4,928,0,1593,1]
05-19 10:50:11.496 781 781 I sysui_multi_action: [757,1800,758,1,759,1800,927,6,928,0,1593,1]
05-19 10:50:11.496 781 781 I sysui_multi_action: [757,116,758,1,759,116,927,7,928,0,1593,0]
05-19 10:50:11.496 781 781 I sysui_multi_action: [757,1706,758,1,759,1706,927,8,928,0,1593,0]
05-19 10:50:11.496 781 781 I sysui_multi_action: [757,0,758,1,759,0,927,9,1593,0]
05-19 10:50:11.496 781 781 I sysui_multi_action: [757,114,758,1,759,114,927,10,928,0,1593,0]
05-19 10:50:11.496 781 781 I sysui_multi_action: [757,111,758,1]
05-19 10:50:11.497 781 781 I sysui_multi_action: [757,0,758,1,759,0,927,0,1593,1]
05-19 10:50:11.497 781 781 I sysui_multi_action: [757,123,758,1,759,123,927,1,928,1,1593,1]
