05-21 09:05:29.968 1 1 I init : Command 'write /config/usb_gadget/g1/UDC ${sys.usb.controller}' action=sys.usb.config=adb && sys.usb.configfs=1 && sys.usb.ffs.ready=1 (/system/etc/init/hw/init.usb.configfs.rc:23) took 3ms and failed: Unable to write to file '/config/usb_gadget/g1/UDC': Unable to write file contents: Device or resource busy
05-19 10:53:01.002 1272 1272 W ContextImpl: Calling a method in the system process without a qualified user: android.app.ContextImpl.sendBroadcast:1181 android.content.ContextWrapper.sendBroadcast:479 cn.eben.newweather.DateWeatherService.a:19 cn.eben.newweather.DateWeatherService.a:0 cn.eben.newweather.DateWeatherService$1.handleMessage:7
05-19 10:53:02.002 1272 1272 W ContextImpl: Calling a method in the system process without a qualified user: android.app.ContextImpl.sendBroadcast:1181 android.content.ContextWrapper.sendBroadcast:479 cn.eben.newweather.DateWeatherService.a:19 cn.eben.newweather.DateWeatherService.a:0 cn.eben.newweather.DateWeatherService$1.handleMessage:7
05-21 09:05:31.016 542 542 I : read descriptors
05-21 09:05:31.016 542 542 I : read strings
05-21 09:05:31.018 1 1 I init : processing action (sys.usb.config=adb && sys.usb.configfs=1 && sys.usb.ffs.ready=1) from (/system/etc/init/hw/init.usb.configfs.rc:20)
05-21 09:05:31.020 1 1 I init : Command 'symlink /config/usb_gadget/g1/functions/ffs.adb /config/usb_gadget/g1/configs/b.1/f1' action=sys.usb.config=adb && sys.usb.configfs=1 && sys.usb.ffs.ready=1 (/system/etc/init/hw/init.usb.configfs.rc:22) took 0ms and failed: symlink() failed: File exists
05-21 09:05:31.021 1 1 I init : Command 'write /config/usb_gadget/g1/UDC ${sys.usb.controller}' action=sys.usb.config=adb && sys.usb.configfs=1 && sys.usb.ffs.ready=1 (/system/etc/init/hw/init.usb.configfs.rc:23) took 0ms and failed: Unable to write to file '/config/usb_gadget/g1/UDC': Unable to write file contents: Device or resource busy
05-19 10:53:02.152 463 491 I RIL : ---> enter mainloop wait at port
05-19 10:53:02.152 463 491 D RIL-DEV : Get modem info
05-19 10:53:02.152 463 491 D RIL-DEV : [05-19_10:53:02:153] idVendor = 0bda
05-19 10:53:02.152 463 491 D RIL-DEV :
05-19 10:53:02.153 463 491 D RIL-DEV : [05-19_10:53:02:153] idVendor = 05e3
05-19 10:53:02.153 463 491 D RIL-DEV :
05-19 10:53:02.153 463 491 D RIL-DEV : [05-19_10:53:02:153] idVendor = 1d6b
05-19 10:53:02.153 463 491 D RIL-DEV :
05-19 10:53:02.153 463 491 D RIL-DEV : [05-19_10:53:02:153] idVendor = 1d6b
05-19 10:53:02.153 463 491 D RIL-DEV :
05-19 10:53:02.153 463 491 D RIL-DEV : [05-19_10:53:02:154] idVendor = 0bda
05-19 10:53:02.153 463 491 D RIL-DEV :
05-19 10:53:02.154 463 491 D RIL-DEV : [05-19_10:53:02:154] idVendor = 1d6b
05-19 10:53:02.154 463 491 D RIL-DEV :
05-19 10:53:02.154 463 491 D RIL-DEV : [05-19_10:53:02:154] idVendor = 2109
05-19 10:53:02.154 463 491 D RIL-DEV :
05-19 10:53:02.154 463 491 D RIL-DEV : [05-19_10:53:02:154] idVendor = 2109
05-19 10:53:02.154 463 491 D RIL-DEV :
05-19 10:53:02.154 463 491 D RIL-DEV : [05-19_10:53:02:155] idVendor = 1d6b
05-19 10:53:02.154 463 491 D RIL-DEV :
05-19 10:53:02.154 463 491 D RIL-DEV : [05-19_10:53:02:155] idVendor = 0bda
05-19 10:53:02.154 463 491 D RIL-DEV :
05-19 10:53:02.155 463 491 D RIL-DEV : [05-19_10:53:02:156] idVendor = 2109
05-19 10:53:02.155 463 491 D RIL-DEV :
05-19 10:53:02.155 463 491 E RIL-DEV : Cannot find Meig devices
05-19 10:53:02.155 463 491 I RIL : ---> can't find meig usb devices
05-19 10:53:03.002 1272 1272 W ContextImpl: Calling a method in the system process without a qualified user: android.app.ContextImpl.sendBroadcast:1181 android.content.ContextWrapper.sendBroadcast:479 cn.eben.newweather.DateWeatherService.a:19 cn.eben.newweather.DateWeatherService.a:0 cn.eben.newweather.DateWeatherService$1.handleMessage:7
05-21 09:05:32.080 542 542 I : read descriptors
05-21 09:05:32.080 542 542 I : read strings
05-21 09:05:32.082 1 1 I init : processing action (sys.usb.config=adb && sys.usb.configfs=1 && sys.usb.ffs.ready=1) from (/system/etc/init/hw/init.usb.configfs.rc:20)
05-19 10:53:04.002 1272 1272 W ContextImpl: Calling a method in the system process without a qualified user: android.app.ContextImpl.sendBroadcast:1181 android.content.ContextWrapper.sendBroadcast:479 cn.eben.newweather.DateWeatherService.a:19 cn.eben.newweather.DateWeatherService.a:0 cn.eben.newweather.DateWeatherService$1.handleMessage:7
05-21 09:05:33.156 542 542 I : read descriptors
05-21 09:05:33.156 542 542 I : read strings
05-19 10:53:04.156 463 491 I RIL : ---> enter mainloop wait at port
05-19 10:53:04.156 463 491 D RIL-DEV : Get modem info
05-19 10:53:04.157 463 491 D RIL-DEV : [05-19_10:53:04:157] idVendor = 0bda
05-19 10:53:04.157 463 491 D RIL-DEV :
05-19 10:53:04.157 463 491 D RIL-DEV : [05-19_10:53:04:157] idVendor = 05e3
05-19 10:53:04.157 463 491 D RIL-DEV :
05-19 10:53:04.157 463 491 D RIL-DEV : [05-19_10:53:04:158] idVendor = 1d6b
05-19 10:53:04.157 463 491 D RIL-DEV :
05-19 10:53:04.157 463 491 D RIL-DEV : [05-19_10:53:04:158] idVendor = 1d6b
05-19 10:53:04.157 463 491 D RIL-DEV :
05-19 10:53:04.158 463 491 D RIL-DEV : [05-19_10:53:04:158] idVendor = 0bda
05-19 10:53:04.158 463 491 D RIL-DEV :
05-19 10:53:04.159 463 491 D RIL-DEV : [05-19_10:53:04:159] idVendor = 1d6b
05-19 10:53:04.159 463 491 D RIL-DEV :
05-19 10:53:04.160 463 491 D RIL-DEV : [05-19_10:53:04:160] idVendor = 2109
05-19 10:53:04.160 463 491 D RIL-DEV :
05-19 10:53:04.162 463 491 D RIL-DEV : [05-19_10:53:04:162] idVendor = 2109
05-19 10:53:04.162 463 491 D RIL-DEV :
05-19 10:53:04.162 463 491 D RIL-DEV : [05-19_10:53:04:163] idVendor = 1d6b
05-19 10:53:04.162 463 491 D RIL-DEV :
05-19 10:53:04.163 463 491 D RIL-DEV : [05-19_10:53:04:163] idVendor = 0bda
05-19 10:53:04.163 463 491 D RIL-DEV :
05-19 10:53:04.163 463 491 D RIL-DEV : [05-19_10:53:04:164] idVendor = 2109
05-19 10:53:04.163 463 491 D RIL-DEV :
05-19 10:53:04.163 463 491 E RIL-DEV : Cannot find Meig devices
05-19 10:53:04.163 463 491 I RIL : ---> can't find meig usb devices
05-19 10:53:05.001 1272 1272 W ContextImpl: Calling a method in the system process without a qualified user: android.app.ContextImpl.sendBroadcast:1181 android.content.ContextWrapper.sendBroadcast:479 cn.eben.newweather.DateWeatherService.a:19 cn.eben.newweather.DateWeatherService.a:0 cn.eben.newweather.DateWeatherService$1.handleMessage:7
05-19 10:53:05.030 627 9940 W ContentProviderHelper: Permission Denial: opening provider com.android.providers.contacts.ContactsProvider2 from ProcessRecord{552b742 1631:cn.eben.sync/u0a63} (pid=1631, uid=10063) requires android.permission.READ_CONTACTS or android.permission.WRITE_CONTACTS
05-21 09:05:34.219 542 542 I : read descriptors
05-21 09:05:34.219 542 542 I : read strings
05-21 09:05:34.220 1 1 I init : processing action (sys.usb.config=adb && sys.usb.configfs=1 && sys.usb.ffs.ready=1) from (/system/etc/init/hw/init.usb.configfs.rc:20)
05-21 09:05:34.222 1 1 I init : Command 'symlink /config/usb_gadget/g1/functions/ffs.adb /config/usb_gadget/g1/configs/b.1/f1' action=sys.usb.config=adb && sys.usb.configfs=1 && sys.usb.ffs.ready=1 (/system/etc/init/hw/init.usb.configfs.rc:22) took 0ms and failed: symlink() failed: File exists
05-21 09:05:34.223 1 1 I init : Command 'write /config/usb_gadget/g1/UDC ${sys.usb.controller}' action=sys.usb.config=adb && sys.usb.configfs=1 && sys.usb.ffs.ready=1 (/system/etc/init/hw/init.usb.configfs.rc:23) took 0ms and failed: Unable to write to file '/config/usb_gadget/g1/UDC': Unable to write file contents: Device or resource busy
05-19 10:53:06.001 1272 1272 W ContextImpl: Calling a method in the system process without a qualified user: android.app.ContextImpl.sendBroadcast:1181 android.content.ContextWrapper.sendBroadcast:479 cn.eben.newweather.DateWeatherService.a:19 cn.eben.newweather.DateWeatherService.a:0 cn.eben.newweather.DateWeatherService$1.handleMessage:7
05-19 10:53:06.163 463 491 I RIL : ---> enter mainloop wait at port
05-19 10:53:06.164 463 491 D RIL-DEV : Get modem info
05-19 10:53:06.165 463 491 D RIL-DEV : [05-19_10:53:06:165] idVendor = 0bda
05-19 10:53:06.165 463 491 D RIL-DEV :
05-19 10:53:06.165 463 491 D RIL-DEV : [05-19_10:53:06:165] idVendor = 05e3
05-19 10:53:06.165 463 491 D RIL-DEV :
05-19 10:53:06.166 463 491 D RIL-DEV : [05-19_10:53:06:166] idVendor = 1d6b
05-19 10:53:06.166 463 491 D RIL-DEV :
05-19 10:53:06.166 463 491 D RIL-DEV : [05-19_10:53:06:166] idVendor = 1d6b
05-19 10:53:06.166 463 491 D RIL-DEV :
05-19 10:53:06.166 463 491 D RIL-DEV : [05-19_10:53:06:167] idVendor = 0bda
05-19 10:53:06.166 463 491 D RIL-DEV :
05-19 10:53:06.167 463 491 D RIL-DEV : [05-19_10:53:06:167] idVendor = 1d6b
05-19 10:53:06.167 463 491 D RIL-DEV :
05-19 10:53:06.167 463 491 D RIL-DEV : [05-19_10:53:06:167] idVendor = 2109
05-19 10:53:06.167 463 491 D RIL-DEV :
05-19 10:53:06.167 463 491 D RIL-DEV : [05-19_10:53:06:168] idVendor = 2109
05-19 10:53:06.167 463 491 D RIL-DEV :
05-19 10:53:06.167 463 491 D RIL-DEV : [05-19_10:53:06:168] idVendor = 1d6b
05-19 10:53:06.167 463 491 D RIL-DEV :
05-19 10:53:06.168 463 491 D RIL-DEV : [05-19_10:53:06:168] idVendor = 0bda
05-19 10:53:06.168 463 491 D RIL-DEV :
05-19 10:53:06.168 463 491 D RIL-DEV : [05-19_10:53:06:169] idVendor = 2109
05-19 10:53:06.168 463 491 D RIL-DEV :
05-19 10:53:06.168 463 491 E RIL-DEV : Cannot find Meig devices
05-19 10:53:06.169 463 491 I RIL : ---> can't find meig usb devices
05-21 09:05:35.276 542 542 I : read descriptors
05-21 09:05:35.276 542 542 I : read strings
05-21 09:05:35.278 1 1 I init : processing action (sys.usb.config=adb && sys.usb.configfs=1 && sys.usb.ffs.ready=1) from (/system/etc/init/hw/init.usb.configfs.rc:20)
05-21 09:05:35.280 1 1 I init : Command 'symlink /config/usb_gadget/g1/functions/ffs.adb /config/usb_gadget/g1/configs/b.1/f1' action=sys.usb.config=adb && sys.usb.configfs=1 && sys.usb.ffs.ready=1 (/system/etc/init/hw/init.usb.configfs.rc:22) took 0ms and failed: symlink() failed: File exists
05-21 09:05:35.281 1 1 I init : Command 'write /config/usb_gadget/g1/UDC ${sys.usb.controller}' action=sys.usb.config=adb && sys.usb.configfs=1 && sys.usb.ffs.ready=1 (/system/etc/init/hw/init.usb.configfs.rc:23) took 0ms and failed: Unable to write to file '/config/usb_gadget/g1/UDC': Unable to write file contents: Device or resource busy
05-19 10:53:07.002 1272 1272 W ContextImpl: Calling a method in the system process without a qualified user: android.app.ContextImpl.sendBroadcast:1181 android.content.ContextWrapper.sendBroadcast:479 cn.eben.newweather.DateWeatherService.a:19 cn.eben.newweather.DateWeatherService.a:0 cn.eben.newweather.DateWeatherService$1.handleMessage:7
05-21 09:05:36.349 542 542 I : read descriptors
05-21 09:05:36.349 542 542 I : read strings
05-21 09:05:36.350 1 1 I init : processing action (sys.usb.config=adb && sys.usb.configfs=1 && sys.usb.ffs.ready=1) from (/system/etc/init/hw/init.usb.configfs.rc:20)
05-21 09:05:36.353 1 1 I init : Command 'symlink /config/usb_gadget/g1/functions/ffs.adb /config/usb_gadget/g1/configs/b.1/f1' action=sys.usb.config=adb && sys.usb.configfs=1 && sys.usb.ffs.ready=1 (/system/etc/init/hw/init.usb.configfs.rc:22) took 1ms and failed: symlink() failed: File exists
05-21 09:05:36.354 1 1 I init : Command 'write /config/usb_gadget/g1/UDC ${sys.usb.controller}' action=sys.usb.config=adb && sys.usb.configfs=1 && sys.usb.ffs.ready=1 (/system/etc/init/hw/init.usb.configfs.rc:23) took 0ms and failed: Unable to write to file '/config/usb_gadget/g1/UDC': Unable to write file contents: Device or resource busy
05-19 10:53:08.003 1272 1272 W ContextImpl: Calling a method in the system process without a qualified user: android.app.ContextImpl.sendBroadcast:1181 android.content.ContextWrapper.sendBroadcast:479 cn.eben.newweather.DateWeatherService.a:19 cn.eben.newweather.DateWeatherService.a:0 cn.eben.newweather.DateWeatherService$1.handleMessage:7
05-19 10:53:08.169 463 491 I RIL : ---> enter mainloop wait at port
05-19 10:53:08.169 463 491 D RIL-DEV : Get modem info
05-19 10:53:08.170 463 491 D RIL-DEV : [05-19_10:53:08:170] idVendor = 0bda
05-19 10:53:08.170 463 491 D RIL-DEV :
05-19 10:53:08.170 463 491 D RIL-DEV : [05-19_10:53:08:171] idVendor = 05e3
05-19 10:53:08.170 463 491 D RIL-DEV :
05-19 10:53:08.170 463 491 D RIL-DEV : [05-19_10:53:08:171] idVendor = 1d6b
05-19 10:53:08.170 463 491 D RIL-DEV :
05-19 10:53:08.171 463 491 D RIL-DEV : [05-19_10:53:08:171] idVendor = 1d6b
05-19 10:53:08.171 463 491 D RIL-DEV :
05-19 10:53:08.171 463 491 D RIL-DEV : [05-19_10:53:08:171] idVendor = 0bda
05-19 10:53:08.171 463 491 D RIL-DEV :
05-19 10:53:08.171 463 491 D RIL-DEV : [05-19_10:53:08:172] idVendor = 1d6b
05-19 10:53:08.171 463 491 D RIL-DEV :
05-19 10:53:08.172 463 491 D RIL-DEV : [05-19_10:53:08:172] idVendor = 2109
05-19 10:53:08.172 463 491 D RIL-DEV :
05-19 10:53:08.172 463 491 D RIL-DEV : [05-19_10:53:08:173] idVendor = 2109
05-19 10:53:08.172 463 491 D RIL-DEV :
05-19 10:53:08.172 463 491 D RIL-DEV : [05-19_10:53:08:173] idVendor = 1d6b
05-19 10:53:08.172 463 491 D RIL-DEV :
05-19 10:53:08.173 463 491 D RIL-DEV : [05-19_10:53:08:173] idVendor = 0bda
05-19 10:53:08.173 463 491 D RIL-DEV :
05-19 10:53:08.173 463 491 D RIL-DEV : [05-19_10:53:08:174] idVendor = 2109
05-19 10:53:08.173 463 491 D RIL-DEV :
05-19 10:53:08.173 463 491 E RIL-DEV : Cannot find Meig devices
05-19 10:53:08.174 463 491 I RIL : ---> can't find meig usb devices
05-21 09:05:37.389 542 542 I : read descriptors
05-21 09:05:37.389 542 542 I : read strings
05-21 09:05:37.391 1 1 I init : processing action (sys.usb.config=adb && sys.usb.configfs=1 && sys.usb.ffs.ready=1) from (/system/etc/init/hw/init.usb.configfs.rc:20)
05-19 10:53:09.002 1272 1272 W ContextImpl: Calling a method in the system process without a qualified user: android.app.ContextImpl.sendBroadcast:1181 android.content.ContextWrapper.sendBroadcast:479 cn.eben.newweather.DateWeatherService.a:19 cn.eben.newweather.DateWeatherService.a:0 cn.eben.newweather.DateWeatherService$1.handleMessage:7
05-21 09:05:38.446 542 542 I : read descriptors
05-21 09:05:38.446 542 542 I : read strings
05-19 10:53:10.003 1272 1272 W ContextImpl: Calling a method in the system process without a qualified user: android.app.ContextImpl.sendBroadcast:1181 android.content.ContextWrapper.sendBroadcast:479 cn.eben.newweather.DateWeatherService.a:19 cn.eben.newweather.DateWeatherService.a:0 cn.eben.newweather.DateWeatherService$1.handleMessage:7
05-19 10:53:10.034 627 2096 W ContentProviderHelper: Permission Denial: opening provider com.android.providers.contacts.ContactsProvider2 from ProcessRecord{552b742 1631:cn.eben.sync/u0a63} (pid=1631, uid=10063) requires android.permission.READ_CONTACTS or android.permission.WRITE_CONTACTS
05-19 10:53:10.174 463 491 I RIL : ---> enter mainloop wait at port
05-19 10:53:10.174 463 491 D RIL-DEV : Get modem info
05-19 10:53:10.175 463 491 D RIL-DEV : [05-19_10:53:10:175] idVendor = 0bda
05-19 10:53:10.175 463 491 D RIL-DEV :
05-19 10:53:10.175 463 491 D RIL-DEV : [05-19_10:53:10:175] idVendor = 05e3
05-19 10:53:10.175 463 491 D RIL-DEV :
05-19 10:53:10.175 463 491 D RIL-DEV : [05-19_10:53:10:176] idVendor = 1d6b
05-19 10:53:10.175 463 491 D RIL-DEV :
05-19 10:53:10.176 463 491 D RIL-DEV : [05-19_10:53:10:176] idVendor = 1d6b
05-19 10:53:10.176 463 491 D RIL-DEV :
05-19 10:53:10.176 463 491 D RIL-DEV : [05-19_10:53:10:176] idVendor = 0bda
05-19 10:53:10.176 463 491 D RIL-DEV :
05-19 10:53:10.176 463 491 D RIL-DEV : [05-19_10:53:10:177] idVendor = 1d6b
05-19 10:53:10.176 463 491 D RIL-DEV :
05-19 10:53:10.177 463 491 D RIL-DEV : [05-19_10:53:10:177] idVendor = 2109
05-19 10:53:10.177 463 491 D RIL-DEV :
05-19 10:53:10.177 463 491 D RIL-DEV : [05-19_10:53:10:177] idVendor = 2109
05-19 10:53:10.177 463 491 D RIL-DEV :
05-19 10:53:10.177 463 491 D RIL-DEV : [05-19_10:53:10:178] idVendor = 1d6b
05-19 10:53:10.177 463 491 D RIL-DEV :
05-19 10:53:10.178 463 491 D RIL-DEV : [05-19_10:53:10:178] idVendor = 0bda
05-19 10:53:10.178 463 491 D RIL-DEV :
05-19 10:53:10.178 463 491 D RIL-DEV : [05-19_10:53:10:178] idVendor = 2109
05-19 10:53:10.178 463 491 D RIL-DEV :
05-19 10:53:10.178 463 491 E RIL-DEV : Cannot find Meig devices
05-19 10:53:10.178 463 491 I RIL : ---> can't find meig usb devices
05-21 09:05:39.506 542 542 I : read descriptors
05-21 09:05:39.506 542 542 I : read strings
05-21 09:05:39.508 1 1 I init : processing action (sys.usb.config=adb && sys.usb.configfs=1 && sys.usb.ffs.ready=1) from (/system/etc/init/hw/init.usb.configfs.rc:20)
05-21 09:05:39.510 1 1 I init : Command 'symlink /config/usb_gadget/g1/functions/ffs.adb /config/usb_gadget/g1/configs/b.1/f1' action=sys.usb.config=adb && sys.usb.configfs=1 && sys.usb.ffs.ready=1 (/system/etc/init/hw/init.usb.configfs.rc:22) took 0ms and failed: symlink() failed: File exists
05-21 09:05:39.513 1 1 I init : Command 'write /config/usb_gadget/g1/UDC ${sys.usb.controller}' action=sys.usb.config=adb && sys.usb.configfs=1 && sys.usb.ffs.ready=1 (/system/etc/init/hw/init.usb.configfs.rc:23) took 0ms and failed: Unable to write to file '/config/usb_gadget/g1/UDC': Unable to write file contents: Device or resource busy
05-19 10:53:11.001 1272 1272 W ContextImpl: Calling a method in the system process without a qualified user: android.app.ContextImpl.sendBroadcast:1181 android.content.ContextWrapper.sendBroadcast:479 cn.eben.newweather.DateWeatherService.a:19 cn.eben.newweather.DateWeatherService.a:0 cn.eben.newweather.DateWeatherService$1.handleMessage:7
05-21 09:05:40.566 542 542 I : read descriptors
05-21 09:05:40.566 542 542 I : read strings
05-21 09:05:40.567 1 1 I init : processing action (sys.usb.config=adb && sys.usb.configfs=1 && sys.usb.ffs.ready=1) from (/system/etc/init/hw/init.usb.configfs.rc:20)
05-21 09:05:40.570 1 1 I init : Command 'symlink /config/usb_gadget/g1/functions/ffs.adb /config/usb_gadget/g1/configs/b.1/f1' action=sys.usb.config=adb && sys.usb.configfs=1 && sys.usb.ffs.ready=1 (/system/etc/init/hw/init.usb.configfs.rc:22) took 0ms and failed: symlink() failed: File exists
05-21 09:05:40.571 1 1 I init : Command 'write /config/usb_gadget/g1/UDC ${sys.usb.controller}' action=sys.usb.config=adb && sys.usb.configfs=1 && sys.usb.ffs.ready=1 (/system/etc/init/hw/init.usb.configfs.rc:23) took 0ms and failed: Unable to write to file '/config/usb_gadget/g1/UDC': Unable to write file contents: Device or resource busy
05-19 10:53:12.001 1272 1272 W ContextImpl: Calling a method in the system process without a qualified user: android.app.ContextImpl.sendBroadcast:1181 android.content.ContextWrapper.sendBroadcast:479 cn.eben.newweather.DateWeatherService.a:19 cn.eben.newweather.DateWeatherService.a:0 cn.eben.newweather.DateWeatherService$1.handleMessage:7
05-19 10:53:12.179 463 491 I RIL : ---> enter mainloop wait at port
05-19 10:53:12.179 463 491 D RIL-DEV : Get modem info
05-19 10:53:12.179 463 491 D RIL-DEV : [05-19_10:53:12:180] idVendor = 0bda
05-19 10:53:12.179 463 491 D RIL-DEV :
05-19 10:53:12.180 463 491 D RIL-DEV : [05-19_10:53:12:180] idVendor = 05e3
05-19 10:53:12.180 463 491 D RIL-DEV :
05-19 10:53:12.180 463 491 D RIL-DEV : [05-19_10:53:12:181] idVendor = 1d6b
05-19 10:53:12.180 463 491 D RIL-DEV :
05-19 10:53:12.180 463 491 D RIL-DEV : [05-19_10:53:12:181] idVendor = 1d6b
05-19 10:53:12.180 463 491 D RIL-DEV :
05-19 10:53:12.181 463 491 D RIL-DEV : [05-19_10:53:12:181] idVendor = 0bda
05-19 10:53:12.181 463 491 D RIL-DEV :
05-19 10:53:12.181 463 491 D RIL-DEV : [05-19_10:53:12:181] idVendor = 1d6b
05-19 10:53:12.181 463 491 D RIL-DEV :
05-19 10:53:12.181 463 491 D RIL-DEV : [05-19_10:53:12:182] idVendor = 2109
05-19 10:53:12.181 463 491 D RIL-DEV :
05-19 10:53:12.182 463 491 D RIL-DEV : [05-19_10:53:12:182] idVendor = 2109
05-19 10:53:12.182 463 491 D RIL-DEV :
05-19 10:53:12.182 463 491 D RIL-DEV : [05-19_10:53:12:182] idVendor = 1d6b
05-19 10:53:12.182 463 491 D RIL-DEV :
05-19 10:53:12.182 463 491 D RIL-DEV : [05-19_10:53:12:183] idVendor = 0bda
05-19 10:53:12.182 463 491 D RIL-DEV :
05-19 10:53:12.183 463 491 D RIL-DEV : [05-19_10:53:12:183] idVendor = 2109
05-19 10:53:12.183 463 491 D RIL-DEV :
05-19 10:53:12.183 463 491 E RIL-DEV : Cannot find Meig devices
05-19 10:53:12.183 463 491 I RIL : ---> can't find meig usb devices
05-21 09:05:41.632 542 542 I : read descriptors
05-21 09:05:41.632 542 542 I : read strings
05-21 09:05:41.635 1 1 I init : processing action (sys.usb.config=adb && sys.usb.configfs=1 && sys.usb.ffs.ready=1) from (/system/etc/init/hw/init.usb.configfs.rc:20)
05-21 09:05:41.637 1 1 I init : Command 'symlink /config/usb_gadget/g1/functions/ffs.adb /config/usb_gadget/g1/configs/b.1/f1' action=sys.usb.config=adb && sys.usb.configfs=1 && sys.usb.ffs.ready=1 (/system/etc/init/hw/init.usb.configfs.rc:22) took 0ms and failed: symlink() failed: File exists
05-21 09:05:41.638 1 1 I init : Command 'write /config/usb_gadget/g1/UDC ${sys.usb.controller}' action=sys.usb.config=adb && sys.usb.configfs=1 && sys.usb.ffs.ready=1 (/system/etc/init/hw/init.usb.configfs.rc:23) took 0ms and failed: Unable to write to file '/config/usb_gadget/g1/UDC': Unable to write file contents: Device or resource busy
05-19 10:53:13.003 1272 1272 W ContextImpl: Calling a method in the system process without a qualified user: android.app.ContextImpl.sendBroadcast:1181 android.content.ContextWrapper.sendBroadcast:479 cn.eben.newweather.DateWeatherService.a:19 cn.eben.newweather.DateWeatherService.a:0 cn.eben.newweather.DateWeatherService$1.handleMessage:7
05-21 09:05:42.669 542 542 I : read descriptors
05-21 09:05:42.669 542 542 I : read strings
05-21 09:05:42.671 1 1 I init : processing action (sys.usb.config=adb && sys.usb.configfs=1 && sys.usb.ffs.ready=1) from (/system/etc/init/hw/init.usb.configfs.rc:20)
05-19 10:53:14.001 1272 1272 W ContextImpl: Calling a method in the system process without a qualified user: android.app.ContextImpl.sendBroadcast:1181 android.content.ContextWrapper.sendBroadcast:479 cn.eben.newweather.DateWeatherService.a:19 cn.eben.newweather.DateWeatherService.a:0 cn.eben.newweather.DateWeatherService$1.handleMessage:7
05-19 10:53:14.183 463 491 I RIL : ---> enter mainloop wait at port
05-19 10:53:14.183 463 491 D RIL-DEV : Get modem info
05-19 10:53:14.184 463 491 D RIL-DEV : [05-19_10:53:14:185] idVendor = 0bda
05-19 10:53:14.184 463 491 D RIL-DEV :
05-19 10:53:14.185 463 491 D RIL-DEV : [05-19_10:53:14:185] idVendor = 05e3
05-19 10:53:14.185 463 491 D RIL-DEV :
05-19 10:53:14.185 463 491 D RIL-DEV : [05-19_10:53:14:185] idVendor = 1d6b
05-19 10:53:14.185 463 491 D RIL-DEV :
05-19 10:53:14.185 463 491 D RIL-DEV : [05-19_10:53:14:186] idVendor = 1d6b
05-19 10:53:14.185 463 491 D RIL-DEV :
05-19 10:53:14.186 463 491 D RIL-DEV : [05-19_10:53:14:186] idVendor = 0bda
05-19 10:53:14.186 463 491 D RIL-DEV :
05-19 10:53:14.186 463 491 D RIL-DEV : [05-19_10:53:14:186] idVendor = 1d6b
05-19 10:53:14.186 463 491 D RIL-DEV :
05-19 10:53:14.186 463 491 D RIL-DEV : [05-19_10:53:14:187] idVendor = 2109
05-19 10:53:14.186 463 491 D RIL-DEV :
05-19 10:53:14.187 463 491 D RIL-DEV : [05-19_10:53:14:187] idVendor = 2109
05-19 10:53:14.187 463 491 D RIL-DEV :
05-19 10:53:14.187 463 491 D RIL-DEV : [05-19_10:53:14:187] idVendor = 1d6b
05-19 10:53:14.187 463 491 D RIL-DEV :
05-19 10:53:14.187 463 491 D RIL-DEV : [05-19_10:53:14:188] idVendor = 0bda
05-19 10:53:14.187 463 491 D RIL-DEV :
05-19 10:53:14.187 463 491 D RIL-DEV : [05-19_10:53:14:188] idVendor = 2109
05-19 10:53:14.187 463 491 D RIL-DEV :
05-19 10:53:14.188 463 491 E RIL-DEV : Cannot find Meig devices
05-19 10:53:14.188 463 491 I RIL : ---> can't find meig usb devices
05-21 09:05:43.719 542 542 I : read descriptors
05-21 09:05:43.719 542 542 I : read strings
05-19 10:53:15.001 1272 1272 W ContextImpl: Calling a method in the system process without a qualified user: android.app.ContextImpl.sendBroadcast:1181 android.content.ContextWrapper.sendBroadcast:479 cn.eben.newweather.DateWeatherService.a:19 cn.eben.newweather.DateWeatherService.a:0 cn.eben.newweather.DateWeatherService$1.handleMessage:7
05-19 10:53:15.038 627 9940 W ContentProviderHelper: Permission Denial: opening provider com.android.providers.contacts.ContactsProvider2 from ProcessRecord{552b742 1631:cn.eben.sync/u0a63} (pid=1631, uid=10063) requires android.permission.READ_CONTACTS or android.permission.WRITE_CONTACTS
05-21 09:05:44.779 542 542 I : read descriptors
05-21 09:05:44.779 542 542 I : read strings
05-21 09:05:44.784 1 1 I init : processing action (sys.usb.config=adb && sys.usb.configfs=1 && sys.usb.ffs.ready=1) from (/system/etc/init/hw/init.usb.configfs.rc:20)
05-21 09:05:44.786 1 1 I init : Command 'symlink /config/usb_gadget/g1/functions/ffs.adb /config/usb_gadget/g1/configs/b.1/f1' action=sys.usb.config=adb && sys.usb.configfs=1 && sys.usb.ffs.ready=1 (/system/etc/init/hw/init.usb.configfs.rc:22) took 0ms and failed: symlink() failed: File exists
05-21 09:05:44.787 1 1 I init : Command 'write /config/usb_gadget/g1/UDC ${sys.usb.controller}' action=sys.usb.config=adb && sys.usb.configfs=1 && sys.usb.ffs.ready=1 (/system/etc/init/hw/init.usb.configfs.rc:23) took 0ms and failed: Unable to write to file '/config/usb_gadget/g1/UDC': Unable to write file contents: Device or resource busy
05-19 10:53:16.001 1272 1272 W ContextImpl: Calling a method in the system process without a qualified user: android.app.ContextImpl.sendBroadcast:1181 android.content.ContextWrapper.sendBroadcast:479 cn.eben.newweather.DateWeatherService.a:19 cn.eben.newweather.DateWeatherService.a:0 cn.eben.newweather.DateWeatherService$1.handleMessage:7
05-19 10:53:16.188 463 491 I RIL : ---> enter mainloop wait at port
05-19 10:53:16.188 463 491 D RIL-DEV : Get modem info
05-19 10:53:16.189 463 491 D RIL-DEV : [05-19_10:53:16:190] idVendor = 0bda
05-19 10:53:16.189 463 491 D RIL-DEV :
05-19 10:53:16.189 463 491 D RIL-DEV : [05-19_10:53:16:190] idVendor = 05e3
05-19 10:53:16.189 463 491 D RIL-DEV :
05-19 10:53:16.190 463 491 D RIL-DEV : [05-19_10:53:16:190] idVendor = 1d6b
05-19 10:53:16.190 463 491 D RIL-DEV :
05-19 10:53:16.190 463 491 D RIL-DEV : [05-19_10:53:16:190] idVendor = 1d6b
05-19 10:53:16.190 463 491 D RIL-DEV :
05-19 10:53:16.190 463 491 D RIL-DEV : [05-19_10:53:16:191] idVendor = 0bda
05-19 10:53:16.190 463 491 D RIL-DEV :
05-19 10:53:16.191 463 491 D RIL-DEV : [05-19_10:53:16:191] idVendor = 1d6b
05-19 10:53:16.191 463 491 D RIL-DEV :
05-19 10:53:16.191 463 491 D RIL-DEV : [05-19_10:53:16:191] idVendor = 2109
05-19 10:53:16.191 463 491 D RIL-DEV :
05-19 10:53:16.191 463 491 D RIL-DEV : [05-19_10:53:16:192] idVendor = 2109
05-19 10:53:16.191 463 491 D RIL-DEV :
05-19 10:53:16.192 463 491 D RIL-DEV : [05-19_10:53:16:192] idVendor = 1d6b
05-19 10:53:16.192 463 491 D RIL-DEV :
05-19 10:53:16.192 463 491 D RIL-DEV : [05-19_10:53:16:192] idVendor = 0bda
05-19 10:53:16.192 463 491 D RIL-DEV :
05-19 10:53:16.192 463 491 D RIL-DEV : [05-19_10:53:16:193] idVendor = 2109
05-19 10:53:16.192 463 491 D RIL-DEV :
05-19 10:53:16.193 463 491 E RIL-DEV : Cannot find Meig devices
05-19 10:53:16.193 463 491 I RIL : ---> can't find meig usb devices
05-21 09:05:45.815 542 542 I : read descriptors
05-21 09:05:45.816 542 542 I : read strings
05-21 09:05:45.818 1 1 I init : processing action (sys.usb.config=adb && sys.usb.configfs=1 && sys.usb.ffs.ready=1) from (/system/etc/init/hw/init.usb.configfs.rc:20)
05-21 09:05:45.821 1 1 I init : Command 'symlink /config/usb_gadget/g1/functions/ffs.adb /config/usb_gadget/g1/configs/b.1/f1' action=sys.usb.config=adb && sys.usb.configfs=1 && sys.usb.ffs.ready=1 (/system/etc/init/hw/init.usb.configfs.rc:22) took 0ms and failed: symlink() failed: File exists
05-21 09:05:45.824 1 1 I init : Command 'write /config/usb_gadget/g1/UDC ${sys.usb.controller}' action=sys.usb.config=adb && sys.usb.configfs=1 && sys.usb.ffs.ready=1 (/system/etc/init/hw/init.usb.configfs.rc:23) took 2ms and failed: Unable to write to file '/config/usb_gadget/g1/UDC': Unable to write file contents: Device or resource busy
05-19 10:53:17.002 1272 1272 W ContextImpl: Calling a method in the system process without a qualified user: android.app.ContextImpl.sendBroadcast:1181 android.content.ContextWrapper.sendBroadcast:479 cn.eben.newweather.DateWeatherService.a:19 cn.eben.newweather.DateWeatherService.a:0 cn.eben.newweather.DateWeatherService$1.handleMessage:7
05-21 09:05:46.865 542 542 I : read descriptors
05-21 09:05:46.865 542 542 I : read strings
05-21 09:05:46.867 1 1 I init : processing action (sys.usb.config=adb && sys.usb.configfs=1 && sys.usb.ffs.ready=1) from (/system/etc/init/hw/init.usb.configfs.rc:20)
05-21 09:05:46.870 1 1 I init : Command 'symlink /config/usb_gadget/g1/functions/ffs.adb /config/usb_gadget/g1/configs/b.1/f1' action=sys.usb.config=adb && sys.usb.configfs=1 && sys.usb.ffs.ready=1 (/system/etc/init/hw/init.usb.configfs.rc:22) took 0ms and failed: symlink() failed: File exists
05-21 09:05:46.870 1 1 I init : Command 'write /config/usb_gadget/g1/UDC ${sys.usb.controller}' action=sys.usb.config=adb && sys.usb.configfs=1 && sys.usb.ffs.ready=1 (/system/etc/init/hw/init.usb.configfs.rc:23) took 0ms and failed: Unable to write to file '/config/usb_gadget/g1/UDC': Unable to write file contents: Device or resource busy
05-19 10:53:18.001 1272 1272 W ContextImpl: Calling a method in the system process without a qualified user: android.app.ContextImpl.sendBroadcast:1181 android.content.ContextWrapper.sendBroadcast:479 cn.eben.newweather.DateWeatherService.a:19 cn.eben.newweather.DateWeatherService.a:0 cn.eben.newweather.DateWeatherService$1.handleMessage:7
05-19 10:53:18.193 463 491 I RIL : ---> enter mainloop wait at port
05-19 10:53:18.193 463 491 D RIL-DEV : Get modem info
05-19 10:53:18.194 463 491 D RIL-DEV : [05-19_10:53:18:194] idVendor = 0bda
05-19 10:53:18.194 463 491 D RIL-DEV :
05-19 10:53:18.194 463 491 D RIL-DEV : [05-19_10:53:18:195] idVendor = 05e3
05-19 10:53:18.194 463 491 D RIL-DEV :
05-19 10:53:18.195 463 491 D RIL-DEV : [05-19_10:53:18:195] idVendor = 1d6b
05-19 10:53:18.195 463 491 D RIL-DEV :
05-19 10:53:18.195 463 491 D RIL-DEV : [05-19_10:53:18:195] idVendor = 1d6b
05-19 10:53:18.195 463 491 D RIL-DEV :
05-19 10:53:18.195 463 491 D RIL-DEV : [05-19_10:53:18:196] idVendor = 0bda
05-19 10:53:18.195 463 491 D RIL-DEV :
05-19 10:53:18.196 463 491 D RIL-DEV : [05-19_10:53:18:196] idVendor = 1d6b
05-19 10:53:18.196 463 491 D RIL-DEV :
05-19 10:53:18.196 463 491 D RIL-DEV : [05-19_10:53:18:197] idVendor = 2109
05-19 10:53:18.196 463 491 D RIL-DEV :
05-19 10:53:18.197 463 491 D RIL-DEV : [05-19_10:53:18:197] idVendor = 2109
05-19 10:53:18.197 463 491 D RIL-DEV :
05-19 10:53:18.197 463 491 D RIL-DEV : [05-19_10:53:18:198] idVendor = 1d6b
05-19 10:53:18.197 463 491 D RIL-DEV :
05-19 10:53:18.197 463 491 D RIL-DEV : [05-19_10:53:18:198] idVendor = 0bda
05-19 10:53:18.197 463 491 D RIL-DEV :
05-19 10:53:18.198 463 491 D RIL-DEV : [05-19_10:53:18:198] idVendor = 2109
05-19 10:53:18.198 463 491 D RIL-DEV :
05-19 10:53:18.198 463 491 E RIL-DEV : Cannot find Meig devices
05-19 10:53:18.198 463 491 I RIL : ---> can't find meig usb devices
05-21 09:05:47.936 542 542 I : read descriptors
05-21 09:05:47.936 542 542 I : read strings
05-21 09:05:47.938 1 1 I init : processing action (sys.usb.config=adb && sys.usb.configfs=1 && sys.usb.ffs.ready=1) from (/system/etc/init/hw/init.usb.configfs.rc:20)
05-19 10:53:19.001 1272 1272 W ContextImpl: Calling a method in the system process without a qualified user: android.app.ContextImpl.sendBroadcast:1181 android.content.ContextWrapper.sendBroadcast:479 cn.eben.newweather.DateWeatherService.a:19 cn.eben.newweather.DateWeatherService.a:0 cn.eben.newweather.DateWeatherService$1.handleMessage:7
05-19 10:53:20.002 1272 1272 W ContextImpl: Calling a method in the system process without a qualified user: android.app.ContextImpl.sendBroadcast:1181 android.content.ContextWrapper.sendBroadcast:479 cn.eben.newweather.DateWeatherService.a:19 cn.eben.newweather.DateWeatherService.a:0 cn.eben.newweather.DateWeatherService$1.handleMessage:7
05-21 09:05:49.009 542 542 I : read descriptors
05-21 09:05:49.009 542 542 I : read strings
05-19 10:53:20.042 627 9940 W ContentProviderHelper: Permission Denial: opening provider com.android.providers.contacts.ContactsProvider2 from ProcessRecord{552b742 1631:cn.eben.sync/u0a63} (pid=1631, uid=10063) requires android.permission.READ_CONTACTS or android.permission.WRITE_CONTACTS
05-19 10:53:20.199 463 491 I RIL : ---> enter mainloop wait at port
05-19 10:53:20.199 463 491 D RIL-DEV : Get modem info
05-19 10:53:20.199 463 491 D RIL-DEV : [05-19_10:53:20:200] idVendor = 0bda
05-19 10:53:20.199 463 491 D RIL-DEV :
05-19 10:53:20.200 463 491 D RIL-DEV : [05-19_10:53:20:200] idVendor = 05e3
05-19 10:53:20.200 463 491 D RIL-DEV :
05-19 10:53:20.200 463 491 D RIL-DEV : [05-19_10:53:20:201] idVendor = 1d6b
05-19 10:53:20.200 463 491 D RIL-DEV :
05-19 10:53:20.201 463 491 D RIL-DEV : [05-19_10:53:20:201] idVendor = 1d6b
05-19 10:53:20.201 463 491 D RIL-DEV :
05-19 10:53:20.201 463 491 D RIL-DEV : [05-19_10:53:20:201] idVendor = 0bda
05-19 10:53:20.201 463 491 D RIL-DEV :
05-19 10:53:20.201 463 491 D RIL-DEV : [05-19_10:53:20:202] idVendor = 1d6b
05-19 10:53:20.201 463 491 D RIL-DEV :
05-19 10:53:20.202 463 491 D RIL-DEV : [05-19_10:53:20:202] idVendor = 2109
05-19 10:53:20.202 463 491 D RIL-DEV :
05-19 10:53:20.202 463 491 D RIL-DEV : [05-19_10:53:20:203] idVendor = 2109
05-19 10:53:20.202 463 491 D RIL-DEV :
05-19 10:53:20.202 463 491 D RIL-DEV : [05-19_10:53:20:203] idVendor = 1d6b
05-19 10:53:20.202 463 491 D RIL-DEV :
05-19 10:53:20.203 463 491 D RIL-DEV : [05-19_10:53:20:203] idVendor = 0bda
05-19 10:53:20.203 463 491 D RIL-DEV :
05-19 10:53:20.203 463 491 D RIL-DEV : [05-19_10:53:20:204] idVendor = 2109
05-19 10:53:20.203 463 491 D RIL-DEV :
05-19 10:53:20.204 463 491 E RIL-DEV : Cannot find Meig devices
05-19 10:53:20.204 463 491 I RIL : ---> can't find meig usb devices
05-19 10:53:21.003 1272 1272 W ContextImpl: Calling a method in the system process without a qualified user: android.app.ContextImpl.sendBroadcast:1181 android.content.ContextWrapper.sendBroadcast:479 cn.eben.newweather.DateWeatherService.a:19 cn.eben.newweather.DateWeatherService.a:0 cn.eben.newweather.DateWeatherService$1.handleMessage:7
05-21 09:05:50.066 542 542 I : read descriptors
05-21 09:05:50.066 542 542 I : read strings
05-21 09:05:50.068 1 1 I init : processing action (sys.usb.config=adb && sys.usb.configfs=1 && sys.usb.ffs.ready=1) from (/system/etc/init/hw/init.usb.configfs.rc:20)
05-21 09:05:50.070 1 1 I init : Command 'symlink /config/usb_gadget/g1/functions/ffs.adb /config/usb_gadget/g1/configs/b.1/f1' action=sys.usb.config=adb && sys.usb.configfs=1 && sys.usb.ffs.ready=1 (/system/etc/init/hw/init.usb.configfs.rc:22) took 0ms and failed: symlink() failed: File exists
05-21 09:05:50.071 1 1 I init : Command 'write /config/usb_gadget/g1/UDC ${sys.usb.controller}' action=sys.usb.config=adb && sys.usb.configfs=1 && sys.usb.ffs.ready=1 (/system/etc/init/hw/init.usb.configfs.rc:23) took 0ms and failed: Unable to write to file '/config/usb_gadget/g1/UDC': Unable to write file contents: Device or resource busy
05-19 10:53:21.462 627 710 I input_interaction: Interaction with: d7a6ca1 NavigationBar0 (server), PointerEventDispatcher0 (server),
05-19 10:53:21.462 781 781 V DeadZone: consuming errant click: (1527.0059,1.0463867)
05-19 10:53:21.463 781 781 V DeadZone: consuming errant click: (1527.0059,1.0463867)
05-19 10:53:22.001 1272 1272 W ContextImpl: Calling a method in the system process without a qualified user: android.app.ContextImpl.sendBroadcast:1181 android.content.ContextWrapper.sendBroadcast:479 cn.eben.newweather.DateWeatherService.a:19 cn.eben.newweather.DateWeatherService.a:0 cn.eben.newweather.DateWeatherService$1.handleMessage:7
05-21 09:05:51.106 542 542 I : read descriptors
05-21 09:05:51.106 542 542 I : read strings
05-21 09:05:51.108 1 1 I init : processing action (sys.usb.config=adb && sys.usb.configfs=1 && sys.usb.ffs.ready=1) from (/system/etc/init/hw/init.usb.configfs.rc:20)
05-21 09:05:51.110 1 1 I init : Command 'symlink /config/usb_gadget/g1/functions/ffs.adb /config/usb_gadget/g1/configs/b.1/f1' action=sys.usb.config=adb && sys.usb.configfs=1 && sys.usb.ffs.ready=1 (/system/etc/init/hw/init.usb.configfs.rc:22) took 0ms and failed: symlink() failed: File exists
05-21 09:05:51.111 1 1 I init : Command 'write /config/usb_gadget/g1/UDC ${sys.usb.controller}' action=sys.usb.config=adb && sys.usb.configfs=1 && sys.usb.ffs.ready=1 (/system/etc/init/hw/init.usb.configfs.rc:23) took 0ms and failed: Unable to write to file '/config/usb_gadget/g1/UDC': Unable to write file contents: Device or resource busy
05-19 10:53:22.204 463 491 I RIL : ---> enter mainloop wait at port
05-19 10:53:22.204 463 491 D RIL-DEV : Get modem info
05-19 10:53:22.205 463 491 D RIL-DEV : [05-19_10:53:22:205] idVendor = 0bda
05-19 10:53:22.205 463 491 D RIL-DEV :
05-19 10:53:22.205 463 491 D RIL-DEV : [05-19_10:53:22:206] idVendor = 05e3
05-19 10:53:22.205 463 491 D RIL-DEV :
05-19 10:53:22.206 463 491 D RIL-DEV : [05-19_10:53:22:206] idVendor = 1d6b
05-19 10:53:22.206 463 491 D RIL-DEV :
05-19 10:53:22.206 463 491 D RIL-DEV : [05-19_10:53:22:206] idVendor = 1d6b
05-19 10:53:22.206 463 491 D RIL-DEV :
05-19 10:53:22.206 463 491 D RIL-DEV : [05-19_10:53:22:207] idVendor = 0bda
05-19 10:53:22.206 463 491 D RIL-DEV :
05-19 10:53:22.207 463 491 D RIL-DEV : [05-19_10:53:22:207] idVendor = 1d6b
05-19 10:53:22.207 463 491 D RIL-DEV :
05-19 10:53:22.207 463 491 D RIL-DEV : [05-19_10:53:22:207] idVendor = 2109
05-19 10:53:22.207 463 491 D RIL-DEV :
05-19 10:53:22.207 463 491 D RIL-DEV : [05-19_10:53:22:208] idVendor = 2109
05-19 10:53:22.207 463 491 D RIL-DEV :
05-19 10:53:22.208 463 491 D RIL-DEV : [05-19_10:53:22:208] idVendor = 1d6b
05-19 10:53:22.208 463 491 D RIL-DEV :
05-19 10:53:22.208 463 491 D RIL-DEV : [05-19_10:53:22:208] idVendor = 0bda
05-19 10:53:22.208 463 491 D RIL-DEV :
05-19 10:53:22.208 463 491 D RIL-DEV : [05-19_10:53:22:209] idVendor = 2109
05-19 10:53:22.208 463 491 D RIL-DEV :
05-19 10:53:22.208 463 491 E RIL-DEV : Cannot find Meig devices
05-19 10:53:22.209 463 491 I RIL : ---> can't find meig usb devices
05-19 10:53:23.003 1272 1272 W ContextImpl: Calling a method in the system process without a qualified user: android.app.ContextImpl.sendBroadcast:1181 android.content.ContextWrapper.sendBroadcast:479 cn.eben.newweather.DateWeatherService.a:19 cn.eben.newweather.DateWeatherService.a:0 cn.eben.newweather.DateWeatherService$1.handleMessage:7
05-21 09:05:52.146 542 542 I : read descriptors
05-21 09:05:52.146 542 542 I : read strings
05-21 09:05:52.147 1 1 I init : processing action (sys.usb.config=adb && sys.usb.configfs=1 && sys.usb.ffs.ready=1) from (/system/etc/init/hw/init.usb.configfs.rc:20)
05-21 09:05:52.150 1 1 I init : Command 'symlink /config/usb_gadget/g1/functions/ffs.adb /config/usb_gadget/g1/configs/b.1/f1' action=sys.usb.config=adb && sys.usb.configfs=1 && sys.usb.ffs.ready=1 (/system/etc/init/hw/init.usb.configfs.rc:22) took 0ms and failed: symlink() failed: File exists
05-21 09:05:52.151 1 1 I init : Command 'write /config/usb_gadget/g1/UDC ${sys.usb.controller}' action=sys.usb.config=adb && sys.usb.configfs=1 && sys.usb.ffs.ready=1 (/system/etc/init/hw/init.usb.configfs.rc:23) took 0ms and failed: Unable to write to file '/config/usb_gadget/g1/UDC': Unable to write file contents: Device or resource busy
05-19 10:53:24.002 1272 1272 W ContextImpl: Calling a method in the system process without a qualified user: android.app.ContextImpl.sendBroadcast:1181 android.content.ContextWrapper.sendBroadcast:479 cn.eben.newweather.DateWeatherService.a:19 cn.eben.newweather.DateWeatherService.a:0 cn.eben.newweather.DateWeatherService$1.handleMessage:7
05-21 09:05:53.199 542 542 I : read descriptors
05-21 09:05:53.199 542 542 I : read strings
05-21 09:05:53.201 1 1 I init : processing action (sys.usb.config=adb && sys.usb.configfs=1 && sys.usb.ffs.ready=1) from (/system/etc/init/hw/init.usb.configfs.rc:20)
05-19 10:53:24.209 463 491 I RIL : ---> enter mainloop wait at port
05-19 10:53:24.209 463 491 D RIL-DEV : Get modem info
05-19 10:53:24.210 463 491 D RIL-DEV : [05-19_10:53:24:210] idVendor = 0bda
05-19 10:53:24.210 463 491 D RIL-DEV :
05-19 10:53:24.210 463 491 D RIL-DEV : [05-19_10:53:24:210] idVendor = 05e3
05-19 10:53:24.210 463 491 D RIL-DEV :
05-19 10:53:24.210 463 491 D RIL-DEV : [05-19_10:53:24:210] idVendor = 1d6b
05-19 10:53:24.210 463 491 D RIL-DEV :
05-19 10:53:24.210 463 491 D RIL-DEV : [05-19_10:53:24:210] idVendor = 1d6b
05-19 10:53:24.210 463 491 D RIL-DEV :
05-19 10:53:24.210 463 491 D RIL-DEV : [05-19_10:53:24:211] idVendor = 0bda
05-19 10:53:24.210 463 491 D RIL-DEV :
05-19 10:53:24.210 463 491 D RIL-DEV : [05-19_10:53:24:211] idVendor = 1d6b
05-19 10:53:24.210 463 491 D RIL-DEV :
05-19 10:53:24.210 463 491 D RIL-DEV : [05-19_10:53:24:211] idVendor = 2109
05-19 10:53:24.210 463 491 D RIL-DEV :
05-19 10:53:24.210 463 491 D RIL-DEV : [05-19_10:53:24:211] idVendor = 2109
05-19 10:53:24.210 463 491 D RIL-DEV :
05-19 10:53:24.210 463 491 D RIL-DEV : [05-19_10:53:24:211] idVendor = 1d6b
05-19 10:53:24.210 463 491 D RIL-DEV :
05-19 10:53:24.211 463 491 D RIL-DEV : [05-19_10:53:24:211] idVendor = 0bda
05-19 10:53:24.211 463 491 D RIL-DEV :
05-19 10:53:24.211 463 491 D RIL-DEV : [05-19_10:53:24:211] idVendor = 2109
05-19 10:53:24.211 463 491 D RIL-DEV :
05-19 10:53:24.211 463 491 E RIL-DEV : Cannot find Meig devices
05-19 10:53:24.211 463 491 I RIL : ---> can't find meig usb devices
05-19 10:53:25.002 1272 1272 W ContextImpl: Calling a method in the system process without a qualified user: android.app.ContextImpl.sendBroadcast:1181 android.content.ContextWrapper.sendBroadcast:479 cn.eben.newweather.DateWeatherService.a:19 cn.eben.newweather.DateWeatherService.a:0 cn.eben.newweather.DateWeatherService$1.handleMessage:7
05-19 10:53:25.045 627 9940 W ContentProviderHelper: Permission Denial: opening provider com.android.providers.contacts.ContactsProvider2 from ProcessRecord{552b742 1631:cn.eben.sync/u0a63} (pid=1631, uid=10063) requires android.permission.READ_CONTACTS or android.permission.WRITE_CONTACTS
05-21 09:05:54.252 542 542 I : read descriptors
05-21 09:05:54.252 542 542 I : read strings
05-19 10:53:26.003 1272 1272 W ContextImpl: Calling a method in the system process without a qualified user: android.app.ContextImpl.sendBroadcast:1181 android.content.ContextWrapper.sendBroadcast:479 cn.eben.newweather.DateWeatherService.a:19 cn.eben.newweather.DateWeatherService.a:0 cn.eben.newweather.DateWeatherService$1.handleMessage:7
05-19 10:53:26.211 463 491 I RIL : ---> enter mainloop wait at port
05-19 10:53:26.211 463 491 D RIL-DEV : Get modem info
05-19 10:53:26.212 463 491 D RIL-DEV : [05-19_10:53:26:212] idVendor = 0bda
05-19 10:53:26.212 463 491 D RIL-DEV :
05-19 10:53:26.212 463 491 D RIL-DEV : [05-19_10:53:26:213] idVendor = 05e3
05-19 10:53:26.212 463 491 D RIL-DEV :
05-19 10:53:26.213 463 491 D RIL-DEV : [05-19_10:53:26:213] idVendor = 1d6b
05-19 10:53:26.213 463 491 D RIL-DEV :
05-19 10:53:26.213 463 491 D RIL-DEV : [05-19_10:53:26:213] idVendor = 1d6b
05-19 10:53:26.213 463 491 D RIL-DEV :
05-19 10:53:26.213 463 491 D RIL-DEV : [05-19_10:53:26:214] idVendor = 0bda
05-19 10:53:26.213 463 491 D RIL-DEV :
05-19 10:53:26.214 463 491 D RIL-DEV : [05-19_10:53:26:214] idVendor = 1d6b
05-19 10:53:26.214 463 491 D RIL-DEV :
05-19 10:53:26.214 463 491 D RIL-DEV : [05-19_10:53:26:214] idVendor = 2109
05-19 10:53:26.214 463 491 D RIL-DEV :
05-19 10:53:26.214 463 491 D RIL-DEV : [05-19_10:53:26:215] idVendor = 2109
05-19 10:53:26.214 463 491 D RIL-DEV :
05-19 10:53:26.215 463 491 D RIL-DEV : [05-19_10:53:26:215] idVendor = 1d6b
05-19 10:53:26.215 463 491 D RIL-DEV :
05-19 10:53:26.215 463 491 D RIL-DEV : [05-19_10:53:26:215] idVendor = 0bda
05-19 10:53:26.215 463 491 D RIL-DEV :
05-19 10:53:26.215 463 491 D RIL-DEV : [05-19_10:53:26:216] idVendor = 2109
05-19 10:53:26.215 463 491 D RIL-DEV :
05-19 10:53:26.216 463 491 E RIL-DEV : Cannot find Meig devices
05-19 10:53:26.216 463 491 I RIL : ---> can't find meig usb devices
05-21 09:05:55.292 542 542 I : read descriptors
05-21 09:05:55.292 542 542 I : read strings
05-21 09:05:55.294 1 1 I init : processing action (sys.usb.config=adb && sys.usb.configfs=1 && sys.usb.ffs.ready=1) from (/system/etc/init/hw/init.usb.configfs.rc:20)
05-21 09:05:55.297 1 1 I init : Command 'symlink /config/usb_gadget/g1/functions/ffs.adb /config/usb_gadget/g1/configs/b.1/f1' action=sys.usb.config=adb && sys.usb.configfs=1 && sys.usb.ffs.ready=1 (/system/etc/init/hw/init.usb.configfs.rc:22) took 0ms and failed: symlink() failed: File exists
05-21 09:05:55.297 1 1 I init : Command 'write /config/usb_gadget/g1/UDC ${sys.usb.controller}' action=sys.usb.config=adb && sys.usb.configfs=1 && sys.usb.ffs.ready=1 (/system/etc/init/hw/init.usb.configfs.rc:23) took 0ms and failed: Unable to write to file '/config/usb_gadget/g1/UDC': Unable to write file contents: Device or resource busy
05-19 10:53:26.380 627 710 I input_interaction: Interaction with: d7a6ca1 NavigationBar0 (server), 8e4aba2 com.android.gallery3d/com.android.gallery3d.filtershow.FilterShowActivity (server), PointerEventDispatcher0 (server),
05-19 10:53:26.382 781 781 I view_enqueue_input_event: [Motion - Cancel,NavigationBar0]
05-19 10:53:26.396 627 710 I input_interaction: Interaction with: 8e4aba2 com.android.gallery3d/com.android.gallery3d.filtershow.FilterShowActivity (server), PointerEventDispatcher0 (server),
05-19 10:53:27.002 1272 1272 W ContextImpl: Calling a method in the system process without a qualified user: android.app.ContextImpl.sendBroadcast:1181 android.content.ContextWrapper.sendBroadcast:479 cn.eben.newweather.DateWeatherService.a:19 cn.eben.newweather.DateWeatherService.a:0 cn.eben.newweather.DateWeatherService$1.handleMessage:7
05-21 09:05:56.332 542 542 I : read descriptors
05-21 09:05:56.332 542 542 I : read strings
05-21 09:05:56.334 1 1 I init : processing action (sys.usb.config=adb && sys.usb.configfs=1 && sys.usb.ffs.ready=1) from (/system/etc/init/hw/init.usb.configfs.rc:20)
05-21 09:05:56.337 1 1 I init : Command 'symlink /config/usb_gadget/g1/functions/ffs.adb /config/usb_gadget/g1/configs/b.1/f1' action=sys.usb.config=adb && sys.usb.configfs=1 && sys.usb.ffs.ready=1 (/system/etc/init/hw/init.usb.configfs.rc:22) took 0ms and failed: symlink() failed: File exists
05-21 09:05:56.338 1 1 I init : Command 'write /config/usb_gadget/g1/UDC ${sys.usb.controller}' action=sys.usb.config=adb && sys.usb.configfs=1 && sys.usb.ffs.ready=1 (/system/etc/init/hw/init.usb.configfs.rc:23) took 0ms and failed: Unable to write to file '/config/usb_gadget/g1/UDC': Unable to write file contents: Device or resource busy
05-19 10:53:28.002 1272 1272 W ContextImpl: Calling a method in the system process without a qualified user: android.app.ContextImpl.sendBroadcast:1181 android.content.ContextWrapper.sendBroadcast:479 cn.eben.newweather.DateWeatherService.a:19 cn.eben.newweather.DateWeatherService.a:0 cn.eben.newweather.DateWeatherService$1.handleMessage:7
05-19 10:53:28.216 463 491 I RIL : ---> enter mainloop wait at port
05-19 10:53:28.216 463 491 D RIL-DEV : Get modem info
05-19 10:53:28.217 463 491 D RIL-DEV : [05-19_10:53:28:217] idVendor = 0bda
05-19 10:53:28.217 463 491 D RIL-DEV :
05-19 10:53:28.217 463 491 D RIL-DEV : [05-19_10:53:28:218] idVendor = 05e3
05-19 10:53:28.217 463 491 D RIL-DEV :
05-19 10:53:28.217 463 491 D RIL-DEV : [05-19_10:53:28:218] idVendor = 1d6b
05-19 10:53:28.217 463 491 D RIL-DEV :
05-19 10:53:28.218 463 491 D RIL-DEV : [05-19_10:53:28:218] idVendor = 1d6b
05-19 10:53:28.218 463 491 D RIL-DEV :
05-19 10:53:28.218 463 491 D RIL-DEV : [05-19_10:53:28:218] idVendor = 0bda
05-19 10:53:28.218 463 491 D RIL-DEV :
05-19 10:53:28.218 463 491 D RIL-DEV : [05-19_10:53:28:219] idVendor = 1d6b
05-19 10:53:28.218 463 491 D RIL-DEV :
05-19 10:53:28.219 463 491 D RIL-DEV : [05-19_10:53:28:220] idVendor = 2109
05-19 10:53:28.219 463 491 D RIL-DEV :
05-19 10:53:28.220 463 491 D RIL-DEV : [05-19_10:53:28:220] idVendor = 2109
05-19 10:53:28.220 463 491 D RIL-DEV :
05-19 10:53:28.220 463 491 D RIL-DEV : [05-19_10:53:28:220] idVendor = 1d6b
05-19 10:53:28.220 463 491 D RIL-DEV :
05-19 10:53:28.220 463 491 D RIL-DEV : [05-19_10:53:28:221] idVendor = 0bda
05-19 10:53:28.220 463 491 D RIL-DEV :
05-19 10:53:28.220 463 491 D RIL-DEV : [05-19_10:53:28:221] idVendor = 2109
05-19 10:53:28.220 463 491 D RIL-DEV :
05-19 10:53:28.221 463 491 E RIL-DEV : Cannot find Meig devices
05-19 10:53:28.221 463 491 I RIL : ---> can't find meig usb devices
05-21 09:05:57.376 542 542 I : read descriptors
05-21 09:05:57.376 542 542 I : read strings
05-21 09:05:57.377 1 1 I init : processing action (sys.usb.config=adb && sys.usb.configfs=1 && sys.usb.ffs.ready=1) from (/system/etc/init/hw/init.usb.configfs.rc:20)
05-21 09:05:57.380 1 1 I init : Command 'symlink /config/usb_gadget/g1/functions/ffs.adb /config/usb_gadget/g1/configs/b.1/f1' action=sys.usb.config=adb && sys.usb.configfs=1 && sys.usb.ffs.ready=1 (/system/etc/init/hw/init.usb.configfs.rc:22) took 0ms and failed: symlink() failed: File exists
05-21 09:05:57.381 1 1 I init : Command 'write /config/usb_gadget/g1/UDC ${sys.usb.controller}' action=sys.usb.config=adb && sys.usb.configfs=1 && sys.usb.ffs.ready=1 (/system/etc/init/hw/init.usb.configfs.rc:23) took 0ms and failed: Unable to write to file '/config/usb_gadget/g1/UDC': Unable to write file contents: Device or resource busy
05-19 10:53:29.001 1272 1272 W ContextImpl: Calling a method in the system process without a qualified user: android.app.ContextImpl.sendBroadcast:1181 android.content.ContextWrapper.sendBroadcast:479 cn.eben.newweather.DateWeatherService.a:19 cn.eben.newweather.DateWeatherService.a:0 cn.eben.newweather.DateWeatherService$1.handleMessage:7
05-21 09:05:58.436 542 542 I : read descriptors
05-21 09:05:58.436 542 542 I : read strings
