05-19 10:50:32.448 463 491 I RIL : ---> can't find meig usb devices
05-19 10:50:33.001 1272 1272 W ContextImpl: Calling a method in the system process without a qualified user: android.app.ContextImpl.sendBroadcast:1181 android.content.ContextWrapper.sendBroadcast:479 cn.eben.newweather.DateWeatherService.a:19 cn.eben.newweather.DateWeatherService.a:0 cn.eben.newweather.DateWeatherService$1.handleMessage:7
05-21 09:02:38.168 542 542 I : read descriptors
05-21 09:02:38.168 542 542 I : read strings
05-19 10:50:33.892 627 16764 W ContentProviderHelper: Permission Denial: opening provider com.android.providers.contacts.ContactsProvider2 from ProcessRecord{552b742 1631:cn.eben.sync/u0a63} (pid=1631, uid=10063) requires android.permission.READ_CONTACTS or android.permission.WRITE_CONTACTS
05-19 10:50:34.001 1272 1272 W ContextImpl: Calling a method in the system process without a qualified user: android.app.ContextImpl.sendBroadcast:1181 android.content.ContextWrapper.sendBroadcast:479 cn.eben.newweather.DateWeatherService.a:19 cn.eben.newweather.DateWeatherService.a:0 cn.eben.newweather.DateWeatherService$1.handleMessage:7
05-21 09:02:39.215 542 542 I : read descriptors
05-21 09:02:39.215 542 542 I : read strings
05-21 09:02:39.217 1 1 I init : processing action (sys.usb.config=adb && sys.usb.configfs=1 && sys.usb.ffs.ready=1) from (/system/etc/init/hw/init.usb.configfs.rc:20)
05-21 09:02:39.220 1 1 I init : Command 'symlink /config/usb_gadget/g1/functions/ffs.adb /config/usb_gadget/g1/configs/b.1/f1' action=sys.usb.config=adb && sys.usb.configfs=1 && sys.usb.ffs.ready=1 (/system/etc/init/hw/init.usb.configfs.rc:22) took 0ms and failed: symlink() failed: File exists
05-21 09:02:39.221 1 1 I init : Command 'write /config/usb_gadget/g1/UDC ${sys.usb.controller}' action=sys.usb.config=adb && sys.usb.configfs=1 && sys.usb.ffs.ready=1 (/system/etc/init/hw/init.usb.configfs.rc:23) took 1ms and failed: Unable to write to file '/config/usb_gadget/g1/UDC': Unable to write file contents: Device or resource busy
05-19 10:50:34.448 463 491 I RIL : ---> enter mainloop wait at port
05-19 10:50:34.449 463 491 D RIL-DEV : Get modem info
05-19 10:50:34.449 463 491 D RIL-DEV : [05-19_10:50:34:450] idVendor = 0bda
05-19 10:50:34.449 463 491 D RIL-DEV :
05-19 10:50:34.450 463 491 D RIL-DEV : [05-19_10:50:34:450] idVendor = 05e3
05-19 10:50:34.450 463 491 D RIL-DEV :
05-19 10:50:34.450 463 491 D RIL-DEV : [05-19_10:50:34:451] idVendor = 1d6b
05-19 10:50:34.450 463 491 D RIL-DEV :
05-19 10:50:34.450 463 491 D RIL-DEV : [05-19_10:50:34:451] idVendor = 1d6b
05-19 10:50:34.450 463 491 D RIL-DEV :
05-19 10:50:34.451 463 491 D RIL-DEV : [05-19_10:50:34:451] idVendor = 0bda
05-19 10:50:34.451 463 491 D RIL-DEV :
05-19 10:50:34.451 463 491 D RIL-DEV : [05-19_10:50:34:452] idVendor = 1d6b
05-19 10:50:34.451 463 491 D RIL-DEV :
05-19 10:50:34.451 463 491 D RIL-DEV : [05-19_10:50:34:452] idVendor = 2109
05-19 10:50:34.451 463 491 D RIL-DEV :
05-19 10:50:34.452 463 491 D RIL-DEV : [05-19_10:50:34:452] idVendor = 2109
05-19 10:50:34.452 463 491 D RIL-DEV :
05-19 10:50:34.452 463 491 D RIL-DEV : [05-19_10:50:34:453] idVendor = 1d6b
05-19 10:50:34.452 463 491 D RIL-DEV :
05-19 10:50:34.453 463 491 D RIL-DEV : [05-19_10:50:34:453] idVendor = 0bda
05-19 10:50:34.453 463 491 D RIL-DEV :
05-19 10:50:34.453 463 491 D RIL-DEV : [05-19_10:50:34:453] idVendor = 2109
05-19 10:50:34.453 463 491 D RIL-DEV :
05-19 10:50:34.453 463 491 E RIL-DEV : Cannot find Meig devices
05-19 10:50:34.454 463 491 I RIL : ---> can't find meig usb devices
05-19 10:50:35.001 1272 1272 W ContextImpl: Calling a method in the system process without a qualified user: android.app.ContextImpl.sendBroadcast:1181 android.content.ContextWrapper.sendBroadcast:479 cn.eben.newweather.DateWeatherService.a:19 cn.eben.newweather.DateWeatherService.a:0 cn.eben.newweather.DateWeatherService$1.handleMessage:7
05-21 09:02:40.272 542 542 I : read descriptors
05-21 09:02:40.272 542 542 I : read strings
05-21 09:02:40.275 1 1 I init : processing action (sys.usb.config=adb && sys.usb.configfs=1 && sys.usb.ffs.ready=1) from (/system/etc/init/hw/init.usb.configfs.rc:20)
05-21 09:02:40.278 1 1 I init : Command 'symlink /config/usb_gadget/g1/functions/ffs.adb /config/usb_gadget/g1/configs/b.1/f1' action=sys.usb.config=adb && sys.usb.configfs=1 && sys.usb.ffs.ready=1 (/system/etc/init/hw/init.usb.configfs.rc:22) took 0ms and failed: symlink() failed: File exists
05-21 09:02:40.279 1 1 I init : Command 'write /config/usb_gadget/g1/UDC ${sys.usb.controller}' action=sys.usb.config=adb && sys.usb.configfs=1 && sys.usb.ffs.ready=1 (/system/etc/init/hw/init.usb.configfs.rc:23) took 0ms and failed: Unable to write to file '/config/usb_gadget/g1/UDC': Unable to write file contents: Device or resource busy
05-19 10:50:35.511 627 648 I input_focus: [Focus request d1c11a3 PopupWindow:a98dc56,reason=UpdateInputWindows]
05-19 10:50:35.562 627 710 I input_focus: [Focus leaving eeccfe0 com.android.gallery3d/com.android.gallery3d.filtershow.FilterShowActivity (server),reason=Waiting for window because NO_WINDOW]
05-19 10:50:35.562 627 710 I input_focus: [Focus entering d1c11a3 PopupWindow:a98dc56 (server),reason=Window became focusable. Previous reason: NO_WINDOW]
05-19 10:50:36.002 1272 1272 W ContextImpl: Calling a method in the system process without a qualified user: android.app.ContextImpl.sendBroadcast:1181 android.content.ContextWrapper.sendBroadcast:479 cn.eben.newweather.DateWeatherService.a:19 cn.eben.newweather.DateWeatherService.a:0 cn.eben.newweather.DateWeatherService$1.handleMessage:7
05-21 09:02:41.315 542 542 I : read descriptors
05-21 09:02:41.315 542 542 I : read strings
05-21 09:02:41.317 1 1 I init : processing action (sys.usb.config=adb && sys.usb.configfs=1 && sys.usb.ffs.ready=1) from (/system/etc/init/hw/init.usb.configfs.rc:20)
05-21 09:02:41.319 1 1 I init : Command 'symlink /config/usb_gadget/g1/functions/ffs.adb /config/usb_gadget/g1/configs/b.1/f1' action=sys.usb.config=adb && sys.usb.configfs=1 && sys.usb.ffs.ready=1 (/system/etc/init/hw/init.usb.configfs.rc:22) took 0ms and failed: symlink() failed: File exists
05-21 09:02:41.321 1 1 I init : Command 'write /config/usb_gadget/g1/UDC ${sys.usb.controller}' action=sys.usb.config=adb && sys.usb.configfs=1 && sys.usb.ffs.ready=1 (/system/etc/init/hw/init.usb.configfs.rc:23) took 0ms and failed: Unable to write to file '/config/usb_gadget/g1/UDC': Unable to write file contents: Device or resource busy
05-19 10:50:36.454 463 491 I RIL : ---> enter mainloop wait at port
05-19 10:50:36.454 463 491 D RIL-DEV : Get modem info
05-19 10:50:36.455 463 491 D RIL-DEV : [05-19_10:50:36:455] idVendor = 0bda
05-19 10:50:36.455 463 491 D RIL-DEV :
05-19 10:50:36.455 463 491 D RIL-DEV : [05-19_10:50:36:456] idVendor = 05e3
05-19 10:50:36.455 463 491 D RIL-DEV :
05-19 10:50:36.456 463 491 D RIL-DEV : [05-19_10:50:36:456] idVendor = 1d6b
05-19 10:50:36.456 463 491 D RIL-DEV :
05-19 10:50:36.456 463 491 D RIL-DEV : [05-19_10:50:36:456] idVendor = 1d6b
05-19 10:50:36.456 463 491 D RIL-DEV :
05-19 10:50:36.456 463 491 D RIL-DEV : [05-19_10:50:36:457] idVendor = 0bda
05-19 10:50:36.456 463 491 D RIL-DEV :
05-19 10:50:36.457 463 491 D RIL-DEV : [05-19_10:50:36:457] idVendor = 1d6b
05-19 10:50:36.457 463 491 D RIL-DEV :
05-19 10:50:36.457 463 491 D RIL-DEV : [05-19_10:50:36:457] idVendor = 2109
05-19 10:50:36.457 463 491 D RIL-DEV :
05-19 10:50:36.457 463 491 D RIL-DEV : [05-19_10:50:36:458] idVendor = 2109
05-19 10:50:36.457 463 491 D RIL-DEV :
05-19 10:50:36.458 463 491 D RIL-DEV : [05-19_10:50:36:458] idVendor = 1d6b
05-19 10:50:36.458 463 491 D RIL-DEV :
05-19 10:50:36.458 463 491 D RIL-DEV : [05-19_10:50:36:458] idVendor = 0bda
05-19 10:50:36.458 463 491 D RIL-DEV :
05-19 10:50:36.458 463 491 D RIL-DEV : [05-19_10:50:36:459] idVendor = 2109
05-19 10:50:36.458 463 491 D RIL-DEV :
05-19 10:50:36.458 463 491 E RIL-DEV : Cannot find Meig devices
05-19 10:50:36.459 463 491 I RIL : ---> can't find meig usb devices
05-19 10:50:37.001 1272 1272 W ContextImpl: Calling a method in the system process without a qualified user: android.app.ContextImpl.sendBroadcast:1181 android.content.ContextWrapper.sendBroadcast:479 cn.eben.newweather.DateWeatherService.a:19 cn.eben.newweather.DateWeatherService.a:0 cn.eben.newweather.DateWeatherService$1.handleMessage:7
05-19 10:50:37.182 627 710 I input_interaction: Interaction with: d1c11a3 PopupWindow:a98dc56 (server), PointerEventDispatcher0 (server),
05-21 09:02:42.385 542 542 I : read descriptors
05-21 09:02:42.385 542 542 I : read strings
05-21 09:02:42.388 1 1 I init : processing action (sys.usb.config=adb && sys.usb.configfs=1 && sys.usb.ffs.ready=1) from (/system/etc/init/hw/init.usb.configfs.rc:20)
05-19 10:50:37.612 627 710 I input_interaction: Interaction with: PointerEventDispatcher0 (server),
05-19 10:50:37.627 18892 18892 W ViewRootImpl[PopupWindow:a98dc56]: Dropping event due to root view being removed: MotionEvent { action=ACTION_MOVE, actionButton=0, id[0]=0, x[0]=-74.39014, y[0]=1159.2538, toolType[0]=TOOL_TYPE_STYLUS, buttonState=0, classification=NONE, metaState=0, flags=0x0, edgeFlags=0x0, pointerCount=1, historySize=2, eventTime=73318971, downTime=73318962, deviceId=9, source=0x5002, displayId=0, eventId=258453709 }
05-19 10:50:37.628 627 647 V WindowManager: Unknown focus tokens, dropping reportFocusChanged
05-19 10:50:37.630 627 648 I input_focus: [Focus request eeccfe0 com.android.gallery3d/com.android.gallery3d.filtershow.FilterShowActivity,reason=UpdateInputWindows]
05-19 10:50:37.656 627 710 I input_focus: [Focus entering eeccfe0 com.android.gallery3d/com.android.gallery3d.filtershow.FilterShowActivity (server),reason=setFocusedWindow]
05-19 10:50:37.695 627 710 I input_interaction: Interaction with: eeccfe0 com.android.gallery3d/com.android.gallery3d.filtershow.FilterShowActivity (server), PointerEventDispatcher0 (server),
05-19 10:50:38.001 1272 1272 W ContextImpl: Calling a method in the system process without a qualified user: android.app.ContextImpl.sendBroadcast:1181 android.content.ContextWrapper.sendBroadcast:479 cn.eben.newweather.DateWeatherService.a:19 cn.eben.newweather.DateWeatherService.a:0 cn.eben.newweather.DateWeatherService$1.handleMessage:7
05-19 10:50:38.459 463 491 I RIL : ---> enter mainloop wait at port
05-19 10:50:38.459 463 491 D RIL-DEV : Get modem info
05-19 10:50:38.460 463 491 D RIL-DEV : [05-19_10:50:38:460] idVendor = 0bda
05-19 10:50:38.460 463 491 D RIL-DEV :
05-19 10:50:38.460 463 491 D RIL-DEV : [05-19_10:50:38:461] idVendor = 05e3
05-19 10:50:38.460 463 491 D RIL-DEV :
05-19 10:50:38.461 463 491 D RIL-DEV : [05-19_10:50:38:461] idVendor = 1d6b
05-19 10:50:38.461 463 491 D RIL-DEV :
05-19 10:50:38.461 463 491 D RIL-DEV : [05-19_10:50:38:461] idVendor = 1d6b
05-19 10:50:38.461 463 491 D RIL-DEV :
05-19 10:50:38.461 463 491 D RIL-DEV : [05-19_10:50:38:462] idVendor = 0bda
05-19 10:50:38.461 463 491 D RIL-DEV :
05-19 10:50:38.462 463 491 D RIL-DEV : [05-19_10:50:38:462] idVendor = 1d6b
05-19 10:50:38.462 463 491 D RIL-DEV :
05-19 10:50:38.462 463 491 D RIL-DEV : [05-19_10:50:38:462] idVendor = 2109
05-19 10:50:38.462 463 491 D RIL-DEV :
05-19 10:50:38.462 463 491 D RIL-DEV : [05-19_10:50:38:463] idVendor = 2109
05-19 10:50:38.462 463 491 D RIL-DEV :
05-19 10:50:38.462 463 491 D RIL-DEV : [05-19_10:50:38:463] idVendor = 1d6b
05-19 10:50:38.462 463 491 D RIL-DEV :
05-19 10:50:38.463 463 491 D RIL-DEV : [05-19_10:50:38:463] idVendor = 0bda
05-19 10:50:38.463 463 491 D RIL-DEV :
05-19 10:50:38.463 463 491 D RIL-DEV : [05-19_10:50:38:464] idVendor = 2109
05-19 10:50:38.463 463 491 D RIL-DEV :
05-19 10:50:38.463 463 491 E RIL-DEV : Cannot find Meig devices
05-19 10:50:38.464 463 491 I RIL : ---> can't find meig usb devices
05-21 09:02:43.465 542 542 I : read descriptors
05-21 09:02:43.465 542 542 I : read strings
05-19 10:50:38.500 627 710 I input_interaction: Interaction with: d7a6ca1 NavigationBar0 (server), PointerEventDispatcher0 (server),
05-19 10:50:38.503 781 781 I sysui_multi_action: [757,931,758,4,759,4,932,0,933,0]
05-19 10:50:38.508 627 710 I input_interaction: Interaction with: eeccfe0 com.android.gallery3d/com.android.gallery3d.filtershow.FilterShowActivity (server), PointerEventDispatcher0 (server),
05-19 10:50:38.515 627 710 I input_interaction: Interaction with: d7a6ca1 NavigationBar0 (server), PointerEventDispatcher0 (server),
05-19 10:50:38.578 781 781 I sysui_multi_action: [757,931,758,4,759,4,932,0,933,1]
05-19 10:50:38.580 627 16764 I sysui_multi_action: [757,803,799,key_back_press,802,1]
05-19 10:50:38.580 627 645 D AutofillManagerService: onBackKeyPressed()
05-19 10:50:38.583 627 16764 I wm_finish_activity: [0,252883685,67,com.android.gallery3d/.filtershow.FilterShowActivity,app-request]
05-19 10:50:38.583 627 16764 I wm_task_moved: [1,1,11]
05-19 10:50:38.585 627 16764 I wm_task_moved: [29,1,2147483647]
05-19 10:50:38.585 627 16764 I wm_task_to_front: [0,29]
05-19 10:50:38.585 627 16764 I wm_focused_root_task: [0,0,1,67,finish-top adjustFocusToNextFocusableTask]
05-19 10:50:38.586 627 16764 I wm_set_resumed_activity: [0,com.android.launcher3/.uioverrides.QuickstepLauncher,finish-top adjustFocusToNextFocusableTask]
05-19 10:50:38.603 627 16764 I wm_pause_activity: [0,252883685,com.android.gallery3d/.filtershow.FilterShowActivity,userLeaving=false,finish]
05-19 10:50:38.607 18892 18892 I wm_on_top_resumed_lost_called: [252883685,com.android.gallery3d.filtershow.FilterShowActivity,topStateChangedWhenResumed]
05-19 10:50:38.610 18892 18892 I wm_on_paused_called: [252883685,com.android.gallery3d.filtershow.FilterShowActivity,performPause]
05-19 10:50:38.611 627 16764 I wm_add_to_stopping: [0,252883685,com.android.gallery3d/.filtershow.FilterShowActivity,completeFinishing]
05-19 10:50:38.611 627 16764 I wm_set_resumed_activity: [0,com.android.launcher3/.uioverrides.QuickstepLauncher,resumeTopActivity]
05-19 10:50:38.614 627 16764 I wm_resume_activity: [0,214771548,29,com.android.launcher3/.uioverrides.QuickstepLauncher]
05-19 10:50:38.625 627 710 I input_focus: [Focus leaving eeccfe0 com.android.gallery3d/com.android.gallery3d.filtershow.FilterShowActivity (server),reason=NO_WINDOW]
05-19 10:50:38.629 1030 1030 I wm_on_restart_called: [214771548,com.android.launcher3.uioverrides.QuickstepLauncher,performRestartActivity]
05-19 10:50:38.630 1030 1030 I wm_on_start_called: [214771548,com.android.launcher3.uioverrides.QuickstepLauncher,handleStartActivity]
05-19 10:50:38.631 1030 1030 I wm_on_resume_called: [214771548,com.android.launcher3.uioverrides.QuickstepLauncher,RESUME_ACTIVITY]
05-19 10:50:38.631 1030 1030 I wm_on_top_resumed_gained_called: [214771548,com.android.launcher3.uioverrides.QuickstepLauncher,topWhenResuming]
05-19 10:50:38.632 627 647 I sysui_multi_action: [757,803,799,window_time_0,802,23]
05-19 10:50:38.648 627 652 I am_pss : [22016,10026,com.ebensz.enote.memo,17085440,13414400,0,114606080,0,19,6]
05-19 10:50:38.654 627 648 I input_focus: [Focus request 334f74b com.android.launcher3/com.android.launcher3.uioverrides.QuickstepLauncher,reason=UpdateInputWindows]
05-19 10:50:38.694 627 710 I input_focus: [Focus entering 334f74b com.android.launcher3/com.android.launcher3.uioverrides.QuickstepLauncher (server),reason=Window became focusable. Previous reason: NOT_VISIBLE]
05-19 10:50:38.904 627 16029 W ContentProviderHelper: Permission Denial: opening provider com.android.providers.contacts.ContactsProvider2 from ProcessRecord{552b742 1631:cn.eben.sync/u0a63} (pid=1631, uid=10063) requires android.permission.READ_CONTACTS or android.permission.WRITE_CONTACTS
05-19 10:50:39.002 1272 1272 W ContextImpl: Calling a method in the system process without a qualified user: android.app.ContextImpl.sendBroadcast:1181 android.content.ContextWrapper.sendBroadcast:479 cn.eben.newweather.DateWeatherService.a:19 cn.eben.newweather.DateWeatherService.a:0 cn.eben.newweather.DateWeatherService$1.handleMessage:7
05-19 10:50:39.058 627 647 I wm_destroy_activity: [0,252883685,67,com.android.gallery3d/.filtershow.FilterShowActivity,finish-imm:idle]
05-19 10:50:39.072 18892 18892 I wm_on_stop_called: [252883685,com.android.gallery3d.filtershow.FilterShowActivity,LIFECYCLER_STOP_ACTIVITY]
05-19 10:50:39.086 18892 18892 I wm_on_destroy_called: [252883685,com.android.gallery3d.filtershow.FilterShowActivity,performDestroy]
05-19 10:50:39.101 627 9940 I wm_task_removed: [67,removeChild:removeChild last r=ActivityRecord{f12b2e5 u0 com.android.gallery3d/.filtershow.FilterShowActivity t-1 f}} in t=Task{b19175a #67 type=standard A=10078:com.android.gallery3d U=0 visible=false visibleRequested=false mode=fullscreen translucent=true sz=0}]
05-19 10:50:39.101 627 9940 I wm_task_removed: [67,removeChild]
05-19 10:50:39.103 627 648 W ActivityTaskManager: Can't find TaskDisplayArea to determine support for multi window. Task id=67 attached=false
05-19 10:50:39.103 627 648 W ActivityTaskManager: Can't find TaskDisplayArea to determine support for multi window. Task id=67 attached=false
05-21 09:02:44.505 542 542 I : read descriptors
05-21 09:02:44.505 542 542 I : read strings
05-21 09:02:44.508 1 1 I init : processing action (sys.usb.config=adb && sys.usb.configfs=1 && sys.usb.ffs.ready=1) from (/system/etc/init/hw/init.usb.configfs.rc:20)
05-21 09:02:44.509 1 1 I init : Command 'symlink /config/usb_gadget/g1/functions/ffs.adb /config/usb_gadget/g1/configs/b.1/f1' action=sys.usb.config=adb && sys.usb.configfs=1 && sys.usb.ffs.ready=1 (/system/etc/init/hw/init.usb.configfs.rc:22) took 0ms and failed: symlink() failed: File exists
05-21 09:02:44.510 1 1 I init : Command 'write /config/usb_gadget/g1/UDC ${sys.usb.controller}' action=sys.usb.config=adb && sys.usb.configfs=1 && sys.usb.ffs.ready=1 (/system/etc/init/hw/init.usb.configfs.rc:23) took 0ms and failed: Unable to write to file '/config/usb_gadget/g1/UDC': Unable to write file contents: Device or resource busy
05-19 10:50:40.002 1272 1272 W ContextImpl: Calling a method in the system process without a qualified user: android.app.ContextImpl.sendBroadcast:1181 android.content.ContextWrapper.sendBroadcast:479 cn.eben.newweather.DateWeatherService.a:19 cn.eben.newweather.DateWeatherService.a:0 cn.eben.newweather.DateWeatherService$1.handleMessage:7
05-19 10:50:40.464 463 491 I RIL : ---> enter mainloop wait at port
05-19 10:50:40.464 463 491 D RIL-DEV : Get modem info
05-19 10:50:40.465 463 491 D RIL-DEV : [05-19_10:50:40:465] idVendor = 0bda
05-19 10:50:40.465 463 491 D RIL-DEV :
05-19 10:50:40.465 463 491 D RIL-DEV : [05-19_10:50:40:465] idVendor = 05e3
05-19 10:50:40.465 463 491 D RIL-DEV :
05-19 10:50:40.465 463 491 D RIL-DEV : [05-19_10:50:40:466] idVendor = 1d6b
05-19 10:50:40.465 463 491 D RIL-DEV :
05-19 10:50:40.466 463 491 D RIL-DEV : [05-19_10:50:40:466] idVendor = 1d6b
05-19 10:50:40.466 463 491 D RIL-DEV :
05-19 10:50:40.466 463 491 D RIL-DEV : [05-19_10:50:40:466] idVendor = 0bda
05-19 10:50:40.466 463 491 D RIL-DEV :
05-19 10:50:40.466 463 491 D RIL-DEV : [05-19_10:50:40:467] idVendor = 1d6b
05-19 10:50:40.466 463 491 D RIL-DEV :
05-19 10:50:40.467 463 491 D RIL-DEV : [05-19_10:50:40:467] idVendor = 2109
05-19 10:50:40.467 463 491 D RIL-DEV :
05-19 10:50:40.467 463 491 D RIL-DEV : [05-19_10:50:40:468] idVendor = 2109
05-19 10:50:40.467 463 491 D RIL-DEV :
05-19 10:50:40.467 463 491 D RIL-DEV : [05-19_10:50:40:468] idVendor = 1d6b
05-19 10:50:40.467 463 491 D RIL-DEV :
05-19 10:50:40.468 463 491 D RIL-DEV : [05-19_10:50:40:468] idVendor = 0bda
05-19 10:50:40.468 463 491 D RIL-DEV :
05-19 10:50:40.468 463 491 D RIL-DEV : [05-19_10:50:40:468] idVendor = 2109
05-19 10:50:40.468 463 491 D RIL-DEV :
05-19 10:50:40.468 463 491 E RIL-DEV : Cannot find Meig devices
05-19 10:50:40.468 463 491 I RIL : ---> can't find meig usb devices
05-21 09:02:45.555 542 542 I : read descriptors
05-21 09:02:45.555 542 542 I : read strings
05-21 09:02:45.557 1 1 I init : processing action (sys.usb.config=adb && sys.usb.configfs=1 && sys.usb.ffs.ready=1) from (/system/etc/init/hw/init.usb.configfs.rc:20)
05-21 09:02:45.559 1 1 I init : Command 'symlink /config/usb_gadget/g1/functions/ffs.adb /config/usb_gadget/g1/configs/b.1/f1' action=sys.usb.config=adb && sys.usb.configfs=1 && sys.usb.ffs.ready=1 (/system/etc/init/hw/init.usb.configfs.rc:22) took 0ms and failed: symlink() failed: File exists
05-21 09:02:45.561 1 1 I init : Command 'write /config/usb_gadget/g1/UDC ${sys.usb.controller}' action=sys.usb.config=adb && sys.usb.configfs=1 && sys.usb.ffs.ready=1 (/system/etc/init/hw/init.usb.configfs.rc:23) took 0ms and failed: Unable to write to file '/config/usb_gadget/g1/UDC': Unable to write file contents: Device or resource busy
05-19 10:50:40.910 627 710 I input_interaction: Interaction with: 334f74b com.android.launcher3/com.android.launcher3.uioverrides.QuickstepLauncher (server), f6e4224 com.android.systemui.ImageWallpaper (server), PointerEventDispatcher0 (server),
05-19 10:50:40.979 627 9940 I ActivityTaskManager: START u0 {act=eben.note.intent.action.PAGE_EDITE dat=content://com.ebensz.enote.widget.fileprovider/root/storage/emulated/0/mydoc/记事本/会议记录 typ=application/note flg=0x10000000 cmp=com.ebensz.enote.notepad/.EditActivity bnds=[121,831][471,1273] (has extras)} from uid 1000
05-19 10:50:40.989 627 9940 I wm_task_created: [119,-1]
05-19 10:50:40.990 627 9940 W ActivityTaskManager: Can't find TaskDisplayArea to determine support for multi window. Task id=119 attached=false
05-19 10:50:40.994 627 9940 I service_manager_stats: [100,45,116325]
05-19 10:50:41.001 627 9940 I wm_task_moved: [119,1,11]
05-19 10:50:41.001 627 9940 I wm_task_to_front: [0,119]
05-19 10:50:41.002 627 9940 I wm_create_task: [0,119]
05-19 10:50:41.002 627 9940 I wm_create_activity: [0,131466076,119,com.ebensz.enote.notepad/.EditActivity,eben.note.intent.action.PAGE_EDITE,application/note,content://com.ebensz.enote.widget.fileprovider/root/storage/emulated/0/mydoc/记事本/会议记录,268435456]
05-19 10:50:41.002 627 9940 I wm_task_moved: [119,1,11]
05-19 10:50:41.003 1272 1272 W ContextImpl: Calling a method in the system process without a qualified user: android.app.ContextImpl.sendBroadcast:1181 android.content.ContextWrapper.sendBroadcast:479 cn.eben.newweather.DateWeatherService.a:19 cn.eben.newweather.DateWeatherService.a:0 cn.eben.newweather.DateWeatherService$1.handleMessage:7
05-19 10:50:41.004 627 9940 V SplashScreenExceptionList: SplashScreen checking exception for package com.ebensz.enote.notepad (target sdk:28) -> false
05-19 10:50:41.005 627 9940 I wm_pause_activity: [0,214771548,com.android.launcher3/.uioverrides.QuickstepLauncher,userLeaving=true,pauseBackTasks]
05-19 10:50:41.014 1030 1030 I wm_on_top_resumed_lost_called: [214771548,com.android.launcher3.uioverrides.QuickstepLauncher,topStateChangedWhenResumed]
05-19 10:50:41.015 1030 1030 I wm_on_paused_called: [214771548,com.android.launcher3.uioverrides.QuickstepLauncher,performPause]
05-19 10:50:41.016 627 9940 W ActivityTaskManager: Tried to set launchTime (0) < mLastActivityLaunchTime (72813969)
05-19 10:50:41.017 627 9940 I wm_restart_activity: [0,131466076,119,com.ebensz.enote.notepad/.EditActivity]
05-19 10:50:41.017 627 9940 I wm_set_resumed_activity: [0,com.ebensz.enote.notepad/.EditActivity,minimalResumeActivityLocked]
05-19 10:50:41.019 627 647 I am_uid_active: 10038
05-19 10:50:41.029 627 647 I sysui_multi_action: [757,803,799,window_time_0,802,2]
05-19 10:50:41.160 20616 20616 I wm_on_create_called: [131466076,com.ebensz.enote.notepad.EditActivity,performCreate]
05-19 10:50:41.162 20616 20616 I wm_on_start_called: [131466076,com.ebensz.enote.notepad.EditActivity,handleStartActivity]
05-19 10:50:41.411 20616 20616 I wm_on_resume_called: [131466076,com.ebensz.enote.notepad.EditActivity,RESUME_ACTIVITY]
05-19 10:50:41.415 20616 20616 I wm_on_top_resumed_gained_called: [131466076,com.ebensz.enote.notepad.EditActivity,topStateChangedWhenResumed]
05-19 10:50:41.541 627 653 V ActivityManager: Attempted to start a foreground service (com.ebensz.enote.notepad/.logic.monitor.service.MonitorService) with a broken notification (no icon: Notification(channel=monitor_channel_01 shortcut=null contentView=null vibrate=null sound=null defaults=0x0 flags=0x40 color=0x00000000 vis=PRIVATE))
05-19 10:50:41.542 627 653 I ActivityManager: Deferring FGS notification in legacy app com.ebensz.enote.notepad/u0a38 : Notification(channel=monitor_channel_01 shortcut=null contentView=null vibrate=null sound=null defaults=0x0 flags=0x40 color=0x00000000 vis=PRIVATE)
05-19 10:50:41.555 627 648 I input_focus: [Focus request a0a126 com.ebensz.enote.notepad/com.ebensz.enote.notepad.EditActivity,reason=UpdateInputWindows]
05-19 10:50:41.589 627 710 I input_focus: [Focus leaving 334f74b com.android.launcher3/com.android.launcher3.uioverrides.QuickstepLauncher (server),reason=Waiting for window because NO_WINDOW]
05-19 10:50:41.616 627 2096 I sysui_multi_action: [757,856,758,1,806,com.ebensz.enote.notepad,857,channel_record,858,2]
05-19 10:50:41.618 627 627 I notification_cancel_all: [1000,627,com.ebensz.enote.notepad,0,0,0,20,NULL]
05-19 10:50:41.618 627 1068 I sysui_multi_action: [757,856,758,2,806,com.ebensz.enote.notepad,857,channel_record,858,2]
05-19 10:50:41.618 627 653 V ActivityManager: Attempted to start a foreground service (com.ebensz.enote.notepad/.service.RecordAudioService) with a broken notification (no icon: Notification(channel=recording_channel_01 shortcut=null contentView=null vibrate=null sound=null defaults=0x0 flags=0x40 color=0x00000000 vis=PRIVATE))
05-19 10:50:41.618 627 1068 W NotificationHistory: Attempted to remove channel for locked/gone/disabled user 0
05-19 10:50:41.619 627 627 I notification_cancel_all: [1000,627,com.ebensz.enote.notepad,0,0,0,20,NULL]
05-19 10:50:41.620 627 627 I notification_enqueue: [10038,20616,com.ebensz.enote.notepad,1,NULL,0,Notification(channel=recording_channel_01 shortcut=null contentView=null vibrate=null sound=null defaults=0x0 flags=0x40 color=0x00000000 vis=PRIVATE),0]
05-19 10:50:41.628 627 1068 W ActivityTaskManager: Request to remove task ignored for non-existent task 118
05-19 10:50:41.633 627 644 I sysui_multi_action: [319,646,322,644,325,73322,757,761,758,8,759,2,806,com.ebensz.enote.notepad,871,com.ebensz.enote.notepad.EditActivity,904,com.ebensz.enote.widget,905,0,1320,4,1321,1]
05-19 10:50:41.633 627 644 I wm_activity_launch_time: [0,131466076,com.ebensz.enote.notepad/.EditActivity,644]
05-19 10:50:41.645 627 710 I input_focus: [Focus entering a0a126 com.ebensz.enote.notepad/com.ebensz.enote.notepad.EditActivity (server),reason=Window became focusable. Previous reason: NOT_VISIBLE]
05-21 09:02:46.621 542 542 I : read descriptors
05-21 09:02:46.621 542 542 I : read strings
05-21 09:02:46.622 1 1 I init : processing action (sys.usb.config=adb && sys.usb.configfs=1 && sys.usb.ffs.ready=1) from (/system/etc/init/hw/init.usb.configfs.rc:20)
05-21 09:02:46.622 1 1 I init : Command 'symlink /config/usb_gadget/g1/functions/ffs.adb /config/usb_gadget/g1/configs/b.1/f1' action=sys.usb.config=adb && sys.usb.configfs=1 && sys.usb.ffs.ready=1 (/system/etc/init/hw/init.usb.configfs.rc:22) took 0ms and failed: symlink() failed: File exists
05-21 09:02:46.622 1 1 I init : Command 'write /config/usb_gadget/g1/UDC ${sys.usb.controller}' action=sys.usb.config=adb && sys.usb.configfs=1 && sys.usb.ffs.ready=1 (/system/etc/init/hw/init.usb.configfs.rc:23) took 0ms and failed: Unable to write to file '/config/usb_gadget/g1/UDC': Unable to write file contents: Device or resource busy
05-19 10:50:41.821 627 627 I sysui_multi_action: [757,1501,758,1,793,202,794,0,795,202,796,1,806,com.ebensz.enote.notepad,857,recording_channel_01,858,2,947,0,1500,0,1688,4,1689,2,1690,1]
05-19 10:50:41.821 627 627 I sysui_multi_action: [757,804,799,note_interruptive,801,0,802,1]
05-19 10:50:41.823 627 627 W NotificationHistory: Attempted to add notif for locked/gone/disabled user 0
05-19 10:50:41.877 627 646 I commit_sys_config_file: [notification-policy,73311189]
05-19 10:50:42.002 1272 1272 W ContextImpl: Calling a method in the system process without a qualified user: android.app.ContextImpl.sendBroadcast:1181 android.content.ContextWrapper.sendBroadcast:479 cn.eben.newweather.DateWeatherService.a:19 cn.eben.newweather.DateWeatherService.a:0 cn.eben.newweather.DateWeatherService$1.handleMessage:7
05-19 10:50:42.469 463 491 I RIL : ---> enter mainloop wait at port
05-19 10:50:42.469 463 491 D RIL-DEV : Get modem info
05-19 10:50:42.470 463 491 D RIL-DEV : [05-19_10:50:42:470] idVendor = 0bda
05-19 10:50:42.470 463 491 D RIL-DEV :
05-19 10:50:42.470 463 491 D RIL-DEV : [05-19_10:50:42:471] idVendor = 05e3
05-19 10:50:42.470 463 491 D RIL-DEV :
05-19 10:50:42.470 463 491 D RIL-DEV : [05-19_10:50:42:471] idVendor = 1d6b
05-19 10:50:42.470 463 491 D RIL-DEV :
05-19 10:50:42.471 463 491 D RIL-DEV : [05-19_10:50:42:471] idVendor = 1d6b
05-19 10:50:42.471 463 491 D RIL-DEV :
05-19 10:50:42.471 463 491 D RIL-DEV : [05-19_10:50:42:472] idVendor = 0bda
05-19 10:50:42.471 463 491 D RIL-DEV :
05-19 10:50:42.472 463 491 D RIL-DEV : [05-19_10:50:42:472] idVendor = 1d6b
05-19 10:50:42.472 463 491 D RIL-DEV :
05-19 10:50:42.472 463 491 D RIL-DEV : [05-19_10:50:42:472] idVendor = 2109
05-19 10:50:42.472 463 491 D RIL-DEV :
05-19 10:50:42.472 463 491 D RIL-DEV : [05-19_10:50:42:473] idVendor = 2109
05-19 10:50:42.472 463 491 D RIL-DEV :
05-19 10:50:42.473 463 491 D RIL-DEV : [05-19_10:50:42:473] idVendor = 1d6b
05-19 10:50:42.473 463 491 D RIL-DEV :
05-19 10:50:42.473 463 491 D RIL-DEV : [05-19_10:50:42:473] idVendor = 0bda
05-19 10:50:42.473 463 491 D RIL-DEV :
05-19 10:50:42.473 463 491 D RIL-DEV : [05-19_10:50:42:474] idVendor = 2109
05-19 10:50:42.473 463 491 D RIL-DEV :
05-19 10:50:42.474 463 491 E RIL-DEV : Cannot find Meig devices
05-19 10:50:42.474 463 491 I RIL : ---> can't find meig usb devices
05-21 09:02:47.668 542 542 I : read descriptors
05-21 09:02:47.668 542 542 I : read strings
05-21 09:02:47.670 1 1 I init : processing action (sys.usb.config=adb && sys.usb.configfs=1 && sys.usb.ffs.ready=1) from (/system/etc/init/hw/init.usb.configfs.rc:20)
05-19 10:50:43.002 1272 1272 W ContextImpl: Calling a method in the system process without a qualified user: android.app.ContextImpl.sendBroadcast:1181 android.content.ContextWrapper.sendBroadcast:479 cn.eben.newweather.DateWeatherService.a:19 cn.eben.newweather.DateWeatherService.a:0 cn.eben.newweather.DateWeatherService$1.handleMessage:7
05-19 10:50:43.092 627 710 I input_interaction: Interaction with: d7a6ca1 NavigationBar0 (server), PointerEventDispatcher0 (server),
05-19 10:50:43.101 781 781 I sysui_multi_action: [757,931,758,4,759,3,932,0,933,0]
05-19 10:50:43.118 627 1248 E TaskPersister: File error accessing recents directory (directory doesn't exist?).
05-19 10:50:43.506 781 781 I sysui_multi_action: [757,239,758,4]
05-19 10:50:43.510 781 781 I sysui_multi_action: [757,931,758,4,759,3,932,32,933,1]
05-19 10:50:43.513 781 781 I sysui_multi_action: [757,931,758,4,759,3,932,32,933,1]
05-21 09:02:48.737 542 542 I : read descriptors
05-21 09:02:48.738 542 542 I : read strings
05-19 10:50:43.910 627 1068 W ContentProviderHelper: Permission Denial: opening provider com.android.providers.contacts.ContactsProvider2 from ProcessRecord{552b742 1631:cn.eben.sync/u0a63} (pid=1631, uid=10063) requires android.permission.READ_CONTACTS or android.permission.WRITE_CONTACTS
05-19 10:50:44.002 1272 1272 W ContextImpl: Calling a method in the system process without a qualified user: android.app.ContextImpl.sendBroadcast:1181 android.content.ContextWrapper.sendBroadcast:479 cn.eben.newweather.DateWeatherService.a:19 cn.eben.newweather.DateWeatherService.a:0 cn.eben.newweather.DateWeatherService$1.handleMessage:7
05-19 10:50:44.474 463 491 I RIL : ---> enter mainloop wait at port
05-19 10:50:44.474 463 491 D RIL-DEV : Get modem info
05-19 10:50:44.475 463 491 D RIL-DEV : [05-19_10:50:44:475] idVendor = 0bda
05-19 10:50:44.475 463 491 D RIL-DEV :
05-19 10:50:44.475 463 491 D RIL-DEV : [05-19_10:50:44:476] idVendor = 05e3
05-19 10:50:44.475 463 491 D RIL-DEV :
05-19 10:50:44.476 463 491 D RIL-DEV : [05-19_10:50:44:476] idVendor = 1d6b
05-19 10:50:44.476 463 491 D RIL-DEV :
05-19 10:50:44.476 463 491 D RIL-DEV : [05-19_10:50:44:476] idVendor = 1d6b
05-19 10:50:44.476 463 491 D RIL-DEV :
05-19 10:50:44.476 463 491 D RIL-DEV : [05-19_10:50:44:477] idVendor = 0bda
05-19 10:50:44.476 463 491 D RIL-DEV :
05-19 10:50:44.477 463 491 D RIL-DEV : [05-19_10:50:44:477] idVendor = 1d6b
05-19 10:50:44.477 463 491 D RIL-DEV :
05-19 10:50:44.477 463 491 D RIL-DEV : [05-19_10:50:44:477] idVendor = 2109
05-19 10:50:44.477 463 491 D RIL-DEV :
05-19 10:50:44.477 463 491 D RIL-DEV : [05-19_10:50:44:478] idVendor = 2109
05-19 10:50:44.477 463 491 D RIL-DEV :
05-19 10:50:44.478 463 491 D RIL-DEV : [05-19_10:50:44:478] idVendor = 1d6b
05-19 10:50:44.478 463 491 D RIL-DEV :
05-19 10:50:44.478 463 491 D RIL-DEV : [05-19_10:50:44:478] idVendor = 0bda
05-19 10:50:44.478 463 491 D RIL-DEV :
05-19 10:50:44.478 463 491 D RIL-DEV : [05-19_10:50:44:479] idVendor = 2109
05-19 10:50:44.478 463 491 D RIL-DEV :
05-19 10:50:44.478 463 491 E RIL-DEV : Cannot find Meig devices
05-19 10:50:44.479 463 491 I RIL : ---> can't find meig usb devices
05-21 09:02:49.778 542 542 I : read descriptors
05-21 09:02:49.778 542 542 I : read strings
05-21 09:02:49.780 1 1 I init : processing action (sys.usb.config=adb && sys.usb.configfs=1 && sys.usb.ffs.ready=1) from (/system/etc/init/hw/init.usb.configfs.rc:20)
05-21 09:02:49.783 1 1 I init : Command 'symlink /config/usb_gadget/g1/functions/ffs.adb /config/usb_gadget/g1/configs/b.1/f1' action=sys.usb.config=adb && sys.usb.configfs=1 && sys.usb.ffs.ready=1 (/system/etc/init/hw/init.usb.configfs.rc:22) took 0ms and failed: symlink() failed: File exists
05-21 09:02:49.784 1 1 I init : Command 'write /config/usb_gadget/g1/UDC ${sys.usb.controller}' action=sys.usb.config=adb && sys.usb.configfs=1 && sys.usb.ffs.ready=1 (/system/etc/init/hw/init.usb.configfs.rc:23) took 0ms and failed: Unable to write to file '/config/usb_gadget/g1/UDC': Unable to write file contents: Device or resource busy
05-19 10:50:45.001 1272 1272 W ContextImpl: Calling a method in the system process without a qualified user: android.app.ContextImpl.sendBroadcast:1181 android.content.ContextWrapper.sendBroadcast:479 cn.eben.newweather.DateWeatherService.a:19 cn.eben.newweather.DateWeatherService.a:0 cn.eben.newweather.DateWeatherService$1.handleMessage:7
05-19 10:50:45.339 627 710 I input_interaction: Interaction with: 2d9a650 StatusBar (server), PointerEventDispatcher0 (server),
05-19 10:50:45.346 781 781 I sysui_multi_action: [757,803,799,panel_open,802,1]
05-19 10:50:45.350 781 781 I sysui_multi_action: [757,1328,758,4,1326,87,1327,0,1329,0]
05-19 10:50:45.407 627 2096 I sysui_multi_action: [757,127,758,1]
05-19 10:50:45.407 627 2096 I sysui_multi_action: [757,804,799,note_load,801,7,802,1]
05-19 10:50:45.407 627 2096 I notification_panel_revealed: 7
05-19 10:50:45.445 627 648 I input_focus: [Focus request 12d1777 NotificationShade,reason=UpdateInputWindows]
05-19 10:50:45.477 627 710 I input_focus: [Focus leaving a0a126 com.ebensz.enote.notepad/com.ebensz.enote.notepad.EditActivity (server),reason=Waiting for window because NO_WINDOW]
05-19 10:50:45.513 627 710 I input_focus: [Focus entering 12d1777 NotificationShade (server),reason=Window became focusable. Previous reason: NOT_VISIBLE]
05-21 09:02:50.831 542 542 I : read descriptors
05-21 09:02:50.831 542 542 I : read strings
05-21 09:02:50.832 1 1 I init : processing action (sys.usb.config=adb && sys.usb.configfs=1 && sys.usb.ffs.ready=1) from (/system/etc/init/hw/init.usb.configfs.rc:20)
05-21 09:02:50.834 1 1 I init : Command 'symlink /config/usb_gadget/g1/functions/ffs.adb /config/usb_gadget/g1/configs/b.1/f1' action=sys.usb.config=adb && sys.usb.configfs=1 && sys.usb.ffs.ready=1 (/system/etc/init/hw/init.usb.configfs.rc:22) took 0ms and failed: symlink() failed: File exists
05-21 09:02:50.835 1 1 I init : Command 'write /config/usb_gadget/g1/UDC ${sys.usb.controller}' action=sys.usb.config=adb && sys.usb.configfs=1 && sys.usb.ffs.ready=1 (/system/etc/init/hw/init.usb.configfs.rc:23) took 0ms and failed: Unable to write to file '/config/usb_gadget/g1/UDC': Unable to write file contents: Device or resource busy
05-19 10:50:46.002 1272 1272 W ContextImpl: Calling a method in the system process without a qualified user: android.app.ContextImpl.sendBroadcast:1181 android.content.ContextWrapper.sendBroadcast:479 cn.eben.newweather.DateWeatherService.a:19 cn.eben.newweather.DateWeatherService.a:0 cn.eben.newweather.DateWeatherService$1.handleMessage:7
05-19 10:50:46.005 627 1068 I sysui_multi_action: [757,128,758,1,793,4386,794,0,795,4386,796,1,798,1,806,com.ebensz.enote.notepad,857,recording_channel_01,858,2,947,0,1395,7,1500,4184,1688,4,1689,2,1690,1]
05-19 10:50:46.006 627 1068 I sysui_multi_action: [757,1501,758,1,793,4387,794,1,795,4387,796,1,806,com.ebensz.enote.notepad,857,recording_channel_01,858,2,947,0,1500,0,1688,4,1689,2,1690,1]
05-19 10:50:46.006 627 1068 I sysui_multi_action: [757,804,799,note_interruptive,801,0,802,1]
05-19 10:50:46.007 627 1068 I sysui_multi_action: [757,804,799,note_freshness,801,4386,802,1]
05-19 10:50:46.007 627 1068 I notification_visibility: [0|com.ebensz.enote.notepad|1|null|10038,1,4386,4386,0,1]
05-19 10:50:46.008 627 1068 I sysui_multi_action: [757,128,758,1,793,-2053656483,794,0,795,-2053656483,796,1111,798,3,806,com.ebensz.email,857,100,858,2,947,0,1395,7,1500,36489,1688,4,1689,2,1690,1]
05-19 10:50:46.008 627 1068 I sysui_multi_action: [757,1501,758,1,793,-2053656482,794,1,795,-2053656482,796,1111,806,com.ebensz.email,857,100,858,2,947,0,1500,0,1688,4,1689,2,1690,1]
05-19 10:50:46.008 627 1068 I sysui_multi_action: [757,804,799,note_interruptive,801,0,802,1]
05-19 10:50:46.009 627 1068 I sysui_multi_action: [757,804,799,note_freshness,801,-2053656483,802,1]
05-19 10:50:46.009 627 1068 I notification_visibility: [0|com.ebensz.email|1111|null|10072,1,-2053656483,-2053656483,0,3]
05-19 10:50:46.009 627 1068 I sysui_multi_action: [757,128,758,1,793,-2055411076,794,0,795,-2055411076,796,4273,798,0,806,com.android.systemui,857,screen_record,858,3,947,0,1395,7,1500,36490,1688,1,1745,680407814]
05-19 10:50:46.010 627 1068 I sysui_multi_action: [757,1501,758,1,793,-2055411075,794,1,795,-2055411075,796,4273,806,com.android.systemui,857,screen_record,858,3,947,0,1500,0,1688,1,1745,680407814]
05-19 10:50:46.010 627 1068 I sysui_multi_action: [757,804,799,note_interruptive,801,0,802,1]
05-19 10:50:46.011 627 1068 I sysui_multi_action: [757,804,799,note_freshness,801,-2055411076,802,1]
05-19 10:50:46.011 627 1068 I notification_visibility: [0|com.android.systemui|4273|null|10088,1,-2055411076,-2055411076,0,0]
05-19 10:50:46.011 627 1068 I sysui_multi_action: [757,128,758,1,793,-2049966313,794,0,795,-2049966313,796,55,798,4,806,android,857,DEVELOPER,858,2,947,0,1395,7,1500,36492,1688,1]
05-19 10:50:46.012 627 1068 I sysui_multi_action: [757,1501,758,1,793,-2049966312,794,1,795,-2049966312,796,55,806,android,857,DEVELOPER,858,2,947,0,1500,0,1688,1]
05-19 10:50:46.012 627 1068 I sysui_multi_action: [757,804,799,note_interruptive,801,0,802,1]
05-19 10:50:46.012 627 1068 I sysui_multi_action: [757,804,799,note_freshness,801,-2049966313,802,1]
05-19 10:50:46.012 627 1068 I notification_visibility: [-1|android|55|null|1000,1,-2049966313,-2049966313,0,4]
05-19 10:50:46.013 627 1068 I sysui_multi_action: [757,128,758,1,793,33017,794,0,795,33017,796,55,798,2,806,com.ebensz.enote.calendar,857,com.ebensz.enote.calendar,858,2,947,0,1395,7,1500,32811,1688,4,1689,2,1690,1]
05-19 10:50:46.013 627 1068 I sysui_multi_action: [757,1501,758,1,793,33017,794,0,795,33017,796,55,806,com.ebensz.enote.calendar,857,com.ebensz.enote.calendar,858,2,947,0,1500,0,1688,4,1689,2,1690,1]
05-19 10:50:46.013 627 1068 I sysui_multi_action: [757,804,799,note_interruptive,801,0,802,1]
05-19 10:50:46.014 627 1068 I sysui_multi_action: [757,804,799,note_freshness,801,33017,802,1]
05-19 10:50:46.014 627 1068 I notification_visibility: [0|com.ebensz.enote.calendar|55|null|10068,1,33017,33017,0,2]
05-19 10:50:46.345 627 710 I input_interaction: Interaction with: 12d1777 NotificationShade (server), PointerEventDispatcher0 (server),
05-19 10:50:46.471 781 781 I sysui_multi_action: [757,111,758,1]
05-19 10:50:46.472 781 781 I sysui_multi_action: [757,0,758,1,759,0,927,0,1593,0]
05-19 10:50:46.472 781 781 I sysui_multi_action: [757,123,758,1,759,123,927,1,928,1,1593,0]
05-19 10:50:46.472 781 781 I sysui_multi_action: [757,261,758,1,759,261,927,2,928,0,1593,0]
05-19 10:50:46.472 781 781 I sysui_multi_action: [757,0,758,1,759,0,927,3,1593,0]
05-19 10:50:46.472 781 781 I sysui_multi_action: [757,0,758,1,759,0,927,4,928,0,1593,0]
05-19 10:50:46.472 781 781 I sysui_multi_action: [757,1800,758,1,759,1800,927,6,928,0,1593,0]
05-19 10:50:46.473 781 781 I sysui_multi_action: [757,116,758,1,759,116,927,7,928,0,1593,0]
05-19 10:50:46.473 781 781 I sysui_multi_action: [757,1706,758,1,759,1706,927,8,928,0,1593,0]
05-19 10:50:46.473 781 781 I sysui_multi_action: [757,0,758,1,759,0,927,9,1593,0]
05-19 10:50:46.473 781 781 I sysui_multi_action: [757,114,758,1,759,114,927,10,928,0,1593,0]
05-19 10:50:46.473 781 781 I sysui_multi_action: [757,111,758,1]
05-19 10:50:46.473 781 781 I sysui_multi_action: [757,0,758,1,759,0,927,0,1593,0]
05-19 10:50:46.473 781 781 I sysui_multi_action: [757,123,758,1,759,123,927,1,928,1,1593,0]
05-19 10:50:46.473 781 781 I sysui_multi_action: [757,261,758,1,759,261,927,2,928,0,1593,0]
05-19 10:50:46.474 781 781 I sysui_multi_action: [757,0,758,1,759,0,927,3,1593,0]
05-19 10:50:46.474 781 781 I sysui_multi_action: [757,0,758,1,759,0,927,4,928,0,1593,0]
05-19 10:50:46.474 781 781 I sysui_multi_action: [757,1800,758,1,759,1800,927,6,928,0,1593,0]
05-19 10:50:46.479 463 491 I RIL : ---> enter mainloop wait at port
05-19 10:50:46.479 463 491 D RIL-DEV : Get modem info
05-19 10:50:46.479 463 491 D RIL-DEV : [05-19_10:50:46:480] idVendor = 0bda
05-19 10:50:46.479 463 491 D RIL-DEV :
05-19 10:50:46.479 463 491 D RIL-DEV : [05-19_10:50:46:480] idVendor = 05e3
05-19 10:50:46.479 463 491 D RIL-DEV :
05-19 10:50:46.479 463 491 D RIL-DEV : [05-19_10:50:46:480] idVendor = 1d6b
05-19 10:50:46.479 463 491 D RIL-DEV :
05-19 10:50:46.479 463 491 D RIL-DEV : [05-19_10:50:46:480] idVendor = 1d6b
05-19 10:50:46.479 463 491 D RIL-DEV :
05-19 10:50:46.479 463 491 D RIL-DEV : [05-19_10:50:46:480] idVendor = 0bda
05-19 10:50:46.479 463 491 D RIL-DEV :
05-19 10:50:46.480 463 491 D RIL-DEV : [05-19_10:50:46:480] idVendor = 1d6b
05-19 10:50:46.480 463 491 D RIL-DEV :
05-19 10:50:46.480 463 491 D RIL-DEV : [05-19_10:50:46:480] idVendor = 2109
05-19 10:50:46.480 463 491 D RIL-DEV :
05-19 10:50:46.480 463 491 D RIL-DEV : [05-19_10:50:46:480] idVendor = 2109
05-19 10:50:46.480 463 491 D RIL-DEV :
05-19 10:50:46.480 463 491 D RIL-DEV : [05-19_10:50:46:480] idVendor = 1d6b
05-19 10:50:46.480 463 491 D RIL-DEV :
05-19 10:50:46.480 463 491 D RIL-DEV : [05-19_10:50:46:481] idVendor = 0bda
05-19 10:50:46.480 463 491 D RIL-DEV :
05-19 10:50:46.480 463 491 D RIL-DEV : [05-19_10:50:46:481] idVendor = 2109
05-19 10:50:46.480 463 491 D RIL-DEV :
05-19 10:50:46.480 463 491 E RIL-DEV : Cannot find Meig devices
05-19 10:50:46.480 463 491 I RIL : ---> can't find meig usb devices
05-21 09:02:51.898 542 542 I : read descriptors
05-21 09:02:51.898 542 542 I : read strings
05-21 09:02:51.900 1 1 I init : processing action (sys.usb.config=adb && sys.usb.configfs=1 && sys.usb.ffs.ready=1) from (/system/etc/init/hw/init.usb.configfs.rc:20)
05-21 09:02:51.901 1 1 I init : Command 'symlink /config/usb_gadget/g1/functions/ffs.adb /config/usb_gadget/g1/configs/b.1/f1' action=sys.usb.config=adb && sys.usb.configfs=1 && sys.usb.ffs.ready=1 (/system/etc/init/hw/init.usb.configfs.rc:22) took 0ms and failed: symlink() failed: File exists
05-21 09:02:51.903 1 1 I init : Command 'write /config/usb_gadget/g1/UDC ${sys.usb.controller}' action=sys.usb.config=adb && sys.usb.configfs=1 && sys.usb.ffs.ready=1 (/system/etc/init/hw/init.usb.configfs.rc:23) took 1ms and failed: Unable to write to file '/config/usb_gadget/g1/UDC': Unable to write file contents: Device or resource busy
05-19 10:50:47.001 1272 1272 W ContextImpl: Calling a method in the system process without a qualified user: android.app.ContextImpl.sendBroadcast:1181 android.content.ContextWrapper.sendBroadcast:479 cn.eben.newweather.DateWeatherService.a:19 cn.eben.newweather.DateWeatherService.a:0 cn.eben.newweather.DateWeatherService$1.handleMessage:7
05-19 10:50:47.304 781 781 I sysui_multi_action: [757,925,758,4,759,0,927,3,1592,0,1593,1]
05-19 10:50:47.357 627 648 I input_focus: [Focus request a0a126 com.ebensz.enote.notepad/com.ebensz.enote.notepad.EditActivity,reason=UpdateInputWindows]
05-19 10:50:47.388 627 710 I input_focus: [Focus leaving 12d1777 NotificationShade (server),reason=setFocusedWindow]
05-19 10:50:47.389 627 710 I input_focus: [Focus entering a0a126 com.ebensz.enote.notepad/com.ebensz.enote.notepad.EditActivity (server),reason=setFocusedWindow]
05-19 10:50:47.585 781 781 I sysui_multi_action: [757,111,758,2]
05-19 10:50:47.586 781 781 I sysui_multi_action: [757,111,758,2]
05-19 10:50:47.879 627 1068 I sysui_multi_action: [757,128,758,2,793,6260,794,1874,795,6260,796,1,798,1,806,com.ebensz.enote.notepad,857,recording_channel_01,858,2,947,0,1395,7,1500,1873,1688,4,1689,2,1690,1]
05-19 10:50:47.879 627 1068 I notification_visibility: [0|com.ebensz.enote.notepad|1|null|10038,0,6260,6260,0,1]
05-19 10:50:47.880 627 1068 I sysui_multi_action: [757,128,758,2,793,-2053654610,794,1873,795,-2053654610,796,1111,798,3,806,com.ebensz.email,857,100,858,2,947,0,1395,7,1500,1872,1688,4,1689,2,1690,1]
05-19 10:50:47.880 627 1068 I notification_visibility: [0|com.ebensz.email|1111|null|10072,0,-2053654610,-2053654610,0,3]
05-19 10:50:47.880 627 1068 I sysui_multi_action: [757,128,758,2,793,-2055409205,794,1871,795,-2055409205,796,4273,798,0,806,com.android.systemui,857,screen_record,858,3,947,0,1395,7,1500,1870,1688,1,1745,680407814]
05-19 10:50:47.880 627 1068 I notification_visibility: [0|com.android.systemui|4273|null|10088,0,-2055409205,-2055409205,0,0]
05-19 10:50:47.880 627 1068 I sysui_multi_action: [757,128,758,2,793,-2049964444,794,1869,795,-2049964444,796,55,798,4,806,android,857,DEVELOPER,858,2,947,0,1395,7,1500,1868,1688,1]
05-19 10:50:47.880 627 1068 I notification_visibility: [-1|android|55|null|1000,0,-2049964444,-2049964444,0,4]
05-19 10:50:47.881 627 1068 I sysui_multi_action: [757,128,758,2,793,34885,794,1868,795,34885,796,55,798,2,806,com.ebensz.enote.calendar,857,com.ebensz.enote.calendar,858,2,947,0,1395,7,1500,1868,1688,4,1689,2,1690,1]
05-19 10:50:47.881 627 1068 I notification_visibility: [0|com.ebensz.enote.calendar|55|null|10068,0,34885,34885,0,2]
05-19 10:50:47.888 627 1068 I sysui_multi_action: [757,127,758,2]
05-19 10:50:47.888 627 1068 I notification_panel_hidden:
05-21 09:02:52.886 1307 1307 I binder : 1275:1307 transaction failed 29201/-28, size 104-0 line 2921
05-19 10:50:47.953 627 648 I input_focus: [Focus request b1a23f7 ScreenshotAnimation,reason=UpdateInputWindows]
05-19 10:50:47.984 627 710 I input_focus: [Focus leaving a0a126 com.ebensz.enote.notepad/com.ebensz.enote.notepad.EditActivity (server),reason=Waiting for window because NO_WINDOW]
05-19 10:50:47.984 627 710 I input_focus: [Focus entering b1a23f7 ScreenshotAnimation (server),reason=Window became focusable. Previous reason: NO_WINDOW]
05-21 09:02:52.956 2125 2125 W : abc audioDBG [es8323_mute] start mute:0
05-19 10:50:48.000 1272 1272 W ContextImpl: Calling a method in the system process without a qualified user: android.app.ContextImpl.sendBroadcast:1181 android.content.ContextWrapper.sendBroadcast:479 cn.eben.newweather.DateWeatherService.a:19 cn.eben.newweather.DateWeatherService.a:0 cn.eben.newweather.DateWeatherService$1.handleMessage:7
05-21 09:02:52.966 2125 2125 I [Awinic] [3-0058]aw_acf_get_prof_desc_form_name: get prof desc down
05-21 09:02:52.978 542 542 I : read descriptors
05-21 09:02:52.978 542 542 I : read strings
05-21 09:02:52.979 1 1 I init : processing action (sys.usb.config=adb && sys.usb.configfs=1 && sys.usb.ffs.ready=1) from (/system/etc/init/hw/init.usb.configfs.rc:20)
05-21 09:02:52.980 2125 2125 I [Awinic] [3-005b]aw_acf_get_prof_desc_form_name: get prof desc down
05-21 09:02:53.170 1307 1307 I binder : 1275:1307 transaction failed 29201/-28, size 104-0 line 2921
05-21 09:02:53.175 1307 1307 I binder : 1275:1307 transaction failed 29201/-28, size 104-0 line 2921
05-19 10:50:48.480 463 491 I RIL : ---> enter mainloop wait at port
05-19 10:50:48.481 463 491 D RIL-DEV : Get modem info
05-19 10:50:48.481 463 491 D RIL-DEV : [05-19_10:50:48:481] idVendor = 0bda
05-19 10:50:48.481 463 491 D RIL-DEV :
05-19 10:50:48.481 463 491 D RIL-DEV : [05-19_10:50:48:482] idVendor = 05e3
05-19 10:50:48.481 463 491 D RIL-DEV :
05-19 10:50:48.481 463 491 D RIL-DEV : [05-19_10:50:48:482] idVendor = 1d6b
05-19 10:50:48.481 463 491 D RIL-DEV :
05-19 10:50:48.482 463 491 D RIL-DEV : [05-19_10:50:48:482] idVendor = 1d6b
05-19 10:50:48.482 463 491 D RIL-DEV :
05-19 10:50:48.482 463 491 D RIL-DEV : [05-19_10:50:48:482] idVendor = 0bda
05-19 10:50:48.482 463 491 D RIL-DEV :
05-19 10:50:48.482 463 491 D RIL-DEV : [05-19_10:50:48:482] idVendor = 1d6b
05-19 10:50:48.482 463 491 D RIL-DEV :
05-19 10:50:48.482 463 491 D RIL-DEV : [05-19_10:50:48:483] idVendor = 2109
05-19 10:50:48.482 463 491 D RIL-DEV :
05-19 10:50:48.482 463 491 D RIL-DEV : [05-19_10:50:48:483] idVendor = 2109
05-19 10:50:48.482 463 491 D RIL-DEV :
05-19 10:50:48.482 463 491 D RIL-DEV : [05-19_10:50:48:483] idVendor = 1d6b
05-19 10:50:48.482 463 491 D RIL-DEV :
05-19 10:50:48.483 463 491 D RIL-DEV : [05-19_10:50:48:483] idVendor = 0bda
05-19 10:50:48.483 463 491 D RIL-DEV :
