05-19 10:50:11.497 781 781 I sysui_multi_action: [757,261,758,1,759,261,927,2,928,0,1593,1]
05-19 10:50:11.497 781 781 I sysui_multi_action: [757,0,758,1,759,0,927,3,1593,1]
05-19 10:50:11.497 781 781 I sysui_multi_action: [757,0,758,1,759,0,927,4,928,0,1593,1]
05-19 10:50:11.497 781 781 I sysui_multi_action: [757,1800,758,1,759,1800,927,6,928,0,1593,1]
05-19 10:50:11.725 781 781 I sysui_multi_action: [757,194,758,4,826,243,827,371]
05-19 10:50:11.725 781 781 I sysui_lockscreen_gesture: [9,243,371]
05-19 10:50:12.002 1272 1272 W ContextImpl: Calling a method in the system process without a qualified user: android.app.ContextImpl.sendBroadcast:1181 android.content.ContextWrapper.sendBroadcast:479 cn.eben.newweather.DateWeatherService.a:19 cn.eben.newweather.DateWeatherService.a:0 cn.eben.newweather.DateWeatherService$1.handleMessage:7
05-21 09:02:17.005 542 542 I : read descriptors
05-21 09:02:17.005 542 542 I : read strings
05-19 10:50:12.400 463 491 I RIL : ---> enter mainloop wait at port
05-19 10:50:12.401 463 491 D RIL-DEV : Get modem info
05-19 10:50:12.401 463 491 D RIL-DEV : [05-19_10:50:12:402] idVendor = 0bda
05-19 10:50:12.401 463 491 D RIL-DEV :
05-19 10:50:12.402 463 491 D RIL-DEV : [05-19_10:50:12:402] idVendor = 05e3
05-19 10:50:12.402 463 491 D RIL-DEV :
05-19 10:50:12.402 463 491 D RIL-DEV : [05-19_10:50:12:402] idVendor = 1d6b
05-19 10:50:12.402 463 491 D RIL-DEV :
05-19 10:50:12.402 463 491 D RIL-DEV : [05-19_10:50:12:403] idVendor = 1d6b
05-19 10:50:12.402 463 491 D RIL-DEV :
05-19 10:50:12.403 463 491 D RIL-DEV : [05-19_10:50:12:403] idVendor = 0bda
05-19 10:50:12.403 463 491 D RIL-DEV :
05-19 10:50:12.403 463 491 D RIL-DEV : [05-19_10:50:12:403] idVendor = 1d6b
05-19 10:50:12.403 463 491 D RIL-DEV :
05-19 10:50:12.403 463 491 D RIL-DEV : [05-19_10:50:12:404] idVendor = 2109
05-19 10:50:12.403 463 491 D RIL-DEV :
05-19 10:50:12.404 463 491 D RIL-DEV : [05-19_10:50:12:404] idVendor = 2109
05-19 10:50:12.404 463 491 D RIL-DEV :
05-19 10:50:12.404 463 491 D RIL-DEV : [05-19_10:50:12:404] idVendor = 1d6b
05-19 10:50:12.404 463 491 D RIL-DEV :
05-19 10:50:12.404 463 491 D RIL-DEV : [05-19_10:50:12:405] idVendor = 0bda
05-19 10:50:12.404 463 491 D RIL-DEV :
05-19 10:50:12.405 463 491 D RIL-DEV : [05-19_10:50:12:405] idVendor = 2109
05-19 10:50:12.405 463 491 D RIL-DEV :
05-19 10:50:12.405 463 491 E RIL-DEV : Cannot find Meig devices
05-19 10:50:12.405 463 491 I RIL : ---> can't find meig usb devices
05-19 10:50:12.999 627 627 I notification_enqueue: [10068,19268,com.ebensz.enote.calendar,55,NULL,0,Notification(channel=com.ebensz.enote.calendar shortcut=null contentView=null vibrate=null sound=null defaults=0x0 flags=0x40 color=0x00000000 vis=PRIVATE),0]
05-19 10:50:13.002 1272 1272 W ContextImpl: Calling a method in the system process without a qualified user: android.app.ContextImpl.sendBroadcast:1181 android.content.ContextWrapper.sendBroadcast:479 cn.eben.newweather.DateWeatherService.a:19 cn.eben.newweather.DateWeatherService.a:0 cn.eben.newweather.DateWeatherService$1.handleMessage:7
05-21 09:02:18.105 542 542 I : read descriptors
05-21 09:02:18.105 542 542 I : read strings
05-21 09:02:18.107 1 1 I init : processing action (sys.usb.config=adb && sys.usb.configfs=1 && sys.usb.ffs.ready=1) from (/system/etc/init/hw/init.usb.configfs.rc:20)
05-21 09:02:18.110 1 1 I init : Command 'symlink /config/usb_gadget/g1/functions/ffs.adb /config/usb_gadget/g1/configs/b.1/f1' action=sys.usb.config=adb && sys.usb.configfs=1 && sys.usb.ffs.ready=1 (/system/etc/init/hw/init.usb.configfs.rc:22) took 0ms and failed: symlink() failed: File exists
05-21 09:02:18.110 1 1 I init : Command 'write /config/usb_gadget/g1/UDC ${sys.usb.controller}' action=sys.usb.config=adb && sys.usb.configfs=1 && sys.usb.ffs.ready=1 (/system/etc/init/hw/init.usb.configfs.rc:23) took 0ms and failed: Unable to write to file '/config/usb_gadget/g1/UDC': Unable to write file contents: Device or resource busy
05-19 10:50:13.202 627 627 I sysui_multi_action: [757,1501,758,1,793,206,794,0,795,206,796,55,806,com.ebensz.enote.calendar,857,com.ebensz.enote.calendar,858,2,947,0,1500,0,1688,4,1689,2,1690,1]
05-19 10:50:13.203 627 627 I sysui_multi_action: [757,804,799,note_interruptive,801,0,802,1]
05-19 10:50:13.209 627 627 W NotificationHistory: Attempted to add notif for locked/gone/disabled user 0
05-19 10:50:13.589 781 781 I sysui_multi_action: [757,925,758,4,759,0,927,3,1592,0,1593,1]
05-19 10:50:13.633 627 648 I input_focus: [Focus request 334f74b com.android.launcher3/com.android.launcher3.uioverrides.QuickstepLauncher,reason=UpdateInputWindows]
05-19 10:50:13.662 627 710 I input_focus: [Focus leaving 12d1777 NotificationShade (server),reason=setFocusedWindow]
05-19 10:50:13.663 627 710 I input_focus: [Focus entering 334f74b com.android.launcher3/com.android.launcher3.uioverrides.QuickstepLauncher (server),reason=setFocusedWindow]
05-19 10:50:13.877 627 16029 W ContentProviderHelper: Permission Denial: opening provider com.android.providers.contacts.ContactsProvider2 from ProcessRecord{552b742 1631:cn.eben.sync/u0a63} (pid=1631, uid=10063) requires android.permission.READ_CONTACTS or android.permission.WRITE_CONTACTS
05-19 10:50:13.882 781 781 I sysui_multi_action: [757,111,758,2]
05-19 10:50:13.884 781 781 I sysui_multi_action: [757,111,758,2]
05-19 10:50:14.002 1272 1272 W ContextImpl: Calling a method in the system process without a qualified user: android.app.ContextImpl.sendBroadcast:1181 android.content.ContextWrapper.sendBroadcast:479 cn.eben.newweather.DateWeatherService.a:19 cn.eben.newweather.DateWeatherService.a:0 cn.eben.newweather.DateWeatherService$1.handleMessage:7
05-19 10:50:14.019 627 16029 I sysui_multi_action: [757,128,758,2,793,-2051623697,794,4502,795,-2052146509,796,1,798,4,806,com.ebensz.enote.entry,857,entry_export_pdf,858,2,947,0,1395,5,1500,-2052146509,1688,4,1689,2,1690,1]
05-19 10:50:14.019 627 16029 I notification_visibility: [0|com.ebensz.enote.entry|1|null|10046,0,-2051623697,-2052146509,0,4]
05-19 10:50:14.020 627 16029 I sysui_multi_action: [757,128,758,2,793,-2053688471,794,4501,795,-2053688471,796,1111,798,1,806,com.ebensz.email,857,100,858,2,947,0,1395,5,1500,4501,1688,4,1689,2,1690,1]
05-19 10:50:14.020 627 16029 I notification_visibility: [0|com.ebensz.email|1111|null|10072,0,-2053688471,-2053688471,0,1]
05-19 10:50:14.020 627 16029 I sysui_multi_action: [757,128,758,2,793,-2055443065,794,4501,795,-2055443065,796,4273,798,0,806,com.android.systemui,857,screen_record,858,3,947,0,1395,5,1500,4501,1688,1,1745,680407814]
05-19 10:50:14.021 627 16029 I notification_visibility: [0|com.android.systemui|4273|null|10088,0,-2055443065,-2055443065,0,0]
05-19 10:50:14.022 627 16029 I sysui_multi_action: [757,128,758,2,793,-2049998302,794,4503,795,-2049998302,796,55,798,2,806,android,857,DEVELOPER,858,2,947,0,1395,5,1500,4503,1688,1]
05-19 10:50:14.022 627 16029 I notification_visibility: [-1|android|55|null|1000,0,-2049998302,-2049998302,0,2]
05-19 10:50:14.023 627 16029 I sysui_multi_action: [757,128,758,2,793,-2050014104,794,4503,795,-2052151690,796,1009,798,3,806,cn.eben.sync,857,CloudService,858,2,947,0,1395,5,1500,-2052151690,1688,1]
05-19 10:50:14.023 627 16029 I notification_visibility: [0|cn.eben.sync|1009|null|10063,0,-2050014104,-2052151690,0,3]
05-19 10:50:14.126 627 654 I am_proc_start: [0,22094,10088,com.android.systemui:screenshot,service,{com.android.systemui/com.android.systemui.screenshot.TakeScreenshotService}]
05-19 10:50:14.126 627 654 I ActivityManager: Start proc 22094:com.android.systemui:screenshot/u0a88 for service {com.android.systemui/com.android.systemui.screenshot.TakeScreenshotService}
05-19 10:50:14.153 627 16029 I am_proc_bound: [0,22094,com.android.systemui:screenshot]
05-19 10:50:14.157 627 16029 I sysui_multi_action: [757,127,758,2]
05-19 10:50:14.157 627 16029 I notification_panel_hidden:
05-21 09:02:19.168 542 542 I : read descriptors
05-21 09:02:19.168 542 542 I : read strings
05-21 09:02:19.168 1 1 I init : processing action (sys.usb.config=adb && sys.usb.configfs=1 && sys.usb.ffs.ready=1) from (/system/etc/init/hw/init.usb.configfs.rc:20)
05-21 09:02:19.169 1 1 I init : Command 'symlink /config/usb_gadget/g1/functions/ffs.adb /config/usb_gadget/g1/configs/b.1/f1' action=sys.usb.config=adb && sys.usb.configfs=1 && sys.usb.ffs.ready=1 (/system/etc/init/hw/init.usb.configfs.rc:22) took 0ms and failed: symlink() failed: File exists
05-21 09:02:19.170 1 1 I init : Command 'write /config/usb_gadget/g1/UDC ${sys.usb.controller}' action=sys.usb.config=adb && sys.usb.configfs=1 && sys.usb.ffs.ready=1 (/system/etc/init/hw/init.usb.configfs.rc:23) took 0ms and failed: Unable to write to file '/config/usb_gadget/g1/UDC': Unable to write file contents: Device or resource busy
05-19 10:50:14.274 627 648 I input_focus: [Focus request 127075f ScreenshotAnimation,reason=UpdateInputWindows]
05-19 10:50:14.271 22094 22094 I auditd : type=1400 audit(0.0:1336): avc: denied { open } for comm="RenderThread" path="/dev/__properties__/u:object_r:vendor_default_prop:s0" dev="tmpfs" ino=281 scontext=u:r:platform_app:s0:c512,c768 tcontext=u:object_r:vendor_default_prop:s0 tclass=file permissive=1 app=com.android.systemui
05-19 10:50:14.271 22094 22094 I auditd : type=1400 audit(0.0:1337): avc: denied { getattr } for comm="RenderThread" path="/dev/__properties__/u:object_r:vendor_default_prop:s0" dev="tmpfs" ino=281 scontext=u:r:platform_app:s0:c512,c768 tcontext=u:object_r:vendor_default_prop:s0 tclass=file permissive=1 app=com.android.systemui
05-19 10:50:14.271 22094 22094 I auditd : type=1400 audit(0.0:1338): avc: denied { map } for comm="RenderThread" path="/dev/__properties__/u:object_r:vendor_default_prop:s0" dev="tmpfs" ino=281 scontext=u:r:platform_app:s0:c512,c768 tcontext=u:object_r:vendor_default_prop:s0 tclass=file permissive=1 app=com.android.systemui
05-21 09:02:19.243 1304 1304 I binder : 1275:1304 transaction failed 29201/-28, size 104-0 line 2921
05-19 10:50:14.282 627 710 I input_focus: [Focus leaving 334f74b com.android.launcher3/com.android.launcher3.uioverrides.QuickstepLauncher (server),reason=Waiting for window because NO_WINDOW]
05-19 10:50:14.355 627 710 I input_focus: [Focus entering 127075f ScreenshotAnimation (server),reason=Window became focusable. Previous reason: NOT_VISIBLE]
05-21 09:02:19.325 2125 2125 W : abc audioDBG [es8323_mute] start mute:0
05-21 09:02:19.335 2125 2125 I [Awinic] [3-0058]aw_acf_get_prof_desc_form_name: get prof desc down
05-21 09:02:19.349 2125 2125 I [Awinic] [3-005b]aw_acf_get_prof_desc_form_name: get prof desc down
05-19 10:50:14.405 463 491 I RIL : ---> enter mainloop wait at port
05-19 10:50:14.405 463 491 D RIL-DEV : Get modem info
05-19 10:50:14.406 463 491 D RIL-DEV : [05-19_10:50:14:406] idVendor = 0bda
05-19 10:50:14.406 463 491 D RIL-DEV :
05-19 10:50:14.406 463 491 D RIL-DEV : [05-19_10:50:14:406] idVendor = 05e3
05-19 10:50:14.406 463 491 D RIL-DEV :
05-19 10:50:14.406 463 491 D RIL-DEV : [05-19_10:50:14:406] idVendor = 1d6b
05-19 10:50:14.406 463 491 D RIL-DEV :
05-19 10:50:14.406 463 491 D RIL-DEV : [05-19_10:50:14:406] idVendor = 1d6b
05-19 10:50:14.406 463 491 D RIL-DEV :
05-19 10:50:14.406 463 491 D RIL-DEV : [05-19_10:50:14:407] idVendor = 0bda
05-19 10:50:14.406 463 491 D RIL-DEV :
05-19 10:50:14.406 463 491 D RIL-DEV : [05-19_10:50:14:407] idVendor = 1d6b
05-19 10:50:14.406 463 491 D RIL-DEV :
05-19 10:50:14.406 463 491 D RIL-DEV : [05-19_10:50:14:407] idVendor = 2109
05-19 10:50:14.406 463 491 D RIL-DEV :
05-19 10:50:14.407 463 491 D RIL-DEV : [05-19_10:50:14:407] idVendor = 2109
05-19 10:50:14.407 463 491 D RIL-DEV :
05-19 10:50:14.407 463 491 D RIL-DEV : [05-19_10:50:14:407] idVendor = 1d6b
05-19 10:50:14.407 463 491 D RIL-DEV :
05-19 10:50:14.407 463 491 D RIL-DEV : [05-19_10:50:14:407] idVendor = 0bda
05-19 10:50:14.407 463 491 D RIL-DEV :
05-19 10:50:14.407 463 491 D RIL-DEV : [05-19_10:50:14:407] idVendor = 2109
05-19 10:50:14.407 463 491 D RIL-DEV :
05-19 10:50:14.407 463 491 E RIL-DEV : Cannot find Meig devices
05-19 10:50:14.407 463 491 I RIL : ---> can't find meig usb devices
05-19 10:50:15.001 1272 1272 W ContextImpl: Calling a method in the system process without a qualified user: android.app.ContextImpl.sendBroadcast:1181 android.content.ContextWrapper.sendBroadcast:479 cn.eben.newweather.DateWeatherService.a:19 cn.eben.newweather.DateWeatherService.a:0 cn.eben.newweather.DateWeatherService$1.handleMessage:7
05-21 09:02:20.221 542 542 I : read descriptors
05-21 09:02:20.221 542 542 I : read strings
05-21 09:02:20.222 1 1 I init : processing action (sys.usb.config=adb && sys.usb.configfs=1 && sys.usb.ffs.ready=1) from (/system/etc/init/hw/init.usb.configfs.rc:20)
05-21 09:02:20.223 1 1 I init : Command 'symlink /config/usb_gadget/g1/functions/ffs.adb /config/usb_gadget/g1/configs/b.1/f1' action=sys.usb.config=adb && sys.usb.configfs=1 && sys.usb.ffs.ready=1 (/system/etc/init/hw/init.usb.configfs.rc:22) took 0ms and failed: symlink() failed: File exists
05-21 09:02:20.223 1 1 I init : Command 'write /config/usb_gadget/g1/UDC ${sys.usb.controller}' action=sys.usb.config=adb && sys.usb.configfs=1 && sys.usb.ffs.ready=1 (/system/etc/init/hw/init.usb.configfs.rc:23) took 0ms and failed: Unable to write to file '/config/usb_gadget/g1/UDC': Unable to write file contents: Device or resource busy
05-21 09:02:20.261 1304 1304 I binder : 1275:1304 transaction failed 29201/-28, size 104-0 line 2921
05-21 09:02:20.275 1304 1304 I binder : 1275:1304 transaction failed 29201/-28, size 104-0 line 2921
05-21 09:02:20.805 549 549 W : abc audioDBG [es8323_mute] start mute:1
05-21 09:02:20.805 549 549 I [Awinic] [3-0058]aw_acf_get_prof_desc_form_name: get prof desc down
05-21 09:02:20.805 549 549 I [Awinic] [3-005b]aw_acf_get_prof_desc_form_name: get prof desc down
05-19 10:50:15.890 627 710 I input_interaction: Interaction with: 127075f ScreenshotAnimation (server), Screenshot (server), PointerEventDispatcher0 (server),
05-19 10:50:16.002 1272 1272 W ContextImpl: Calling a method in the system process without a qualified user: android.app.ContextImpl.sendBroadcast:1181 android.content.ContextWrapper.sendBroadcast:479 cn.eben.newweather.DateWeatherService.a:19 cn.eben.newweather.DateWeatherService.a:0 cn.eben.newweather.DateWeatherService$1.handleMessage:7
05-19 10:50:16.034 627 644 D AutofillManagerService: Close system dialogs
05-19 10:50:16.070 627 1967 I ActivityTaskManager: START u0 {act=android.intent.action.EDIT dat=content://media/external/images/media/9660 typ=image/png flg=0x10008003 cmp=com.android.gallery3d/.filtershow.FilterShowActivity} from uid 10088
05-19 10:50:16.080 627 1967 I wm_task_moved: [67,1,11]
05-19 10:50:16.080 627 1967 I wm_task_to_front: [0,67]
05-19 10:50:16.080 627 1967 I wm_focused_root_task: [0,0,67,1,bringingFoundTaskToFront]
05-19 10:50:16.080 627 1967 I wm_set_resumed_activity: [0,com.android.gallery3d/.app.GalleryActivity,bringingFoundTaskToFront]
05-19 10:50:16.080 627 1967 I wm_destroy_activity: [0,79767634,67,com.android.gallery3d/.app.GalleryActivity,finish-imm:clear-task-all]
05-19 10:50:16.080 1030 1030 I wm_on_top_resumed_lost_called: [214771548,com.android.launcher3.uioverrides.QuickstepLauncher,topStateChangedWhenResumed]
05-19 10:50:16.082 627 1967 I wm_task_moved: [67,1,11]
05-19 10:50:16.082 627 1967 I wm_create_activity: [0,252883685,67,com.android.gallery3d/.filtershow.FilterShowActivity,android.intent.action.EDIT,image/png,content://media/external/images/media/9660,272662531]
05-19 10:50:16.082 627 1967 I wm_pause_activity: [0,214771548,com.android.launcher3/.uioverrides.QuickstepLauncher,userLeaving=true,pauseBackTasks]
05-19 10:50:16.086 627 647 I am_uid_active: 10078
05-19 10:50:16.086 1030 1030 I wm_on_paused_called: [214771548,com.android.launcher3.uioverrides.QuickstepLauncher,performPause]
05-19 10:50:16.086 627 1967 W ActivityTaskManager: Tried to set launchTime (0) < mLastActivityLaunchTime (72248634)
05-19 10:50:16.088 627 1967 I wm_add_to_stopping: [0,214771548,com.android.launcher3/.uioverrides.QuickstepLauncher,makeInvisible]
05-19 10:50:16.090 627 1967 I wm_restart_activity: [0,252883685,67,com.android.gallery3d/.filtershow.FilterShowActivity]
05-19 10:50:16.090 627 647 D ActivityManager: sync unfroze 18892 com.android.gallery3d
05-19 10:50:16.091 627 1967 I wm_set_resumed_activity: [0,com.android.gallery3d/.filtershow.FilterShowActivity,minimalResumeActivityLocked]
05-19 10:50:16.091 627 702 I am_unfreeze: [18892,com.android.gallery3d]
05-19 10:50:16.094 627 653 W BroadcastQueue: Background execution not allowed: receiving Intent { act=widget_update flg=0x10 } to com.android.gallery3d/.gadget.PhotoAppWidgetProvider
05-19 10:50:16.095 18892 18892 I wm_on_destroy_called: [79767634,com.android.gallery3d.app.GalleryActivity,performDestroy]
05-19 10:50:16.097 627 647 I sysui_multi_action: [757,803,799,window_time_0,802,10]
05-19 10:50:16.100 627 652 W UsageStatsService: Unexpected activity event reported! (com.android.gallery3d/com.android.gallery3d.app.GalleryActivity event : 23 instanceId : 208147450)
05-19 10:50:16.129 18892 18892 I wm_on_create_called: [252883685,com.android.gallery3d.filtershow.FilterShowActivity,performCreate]
05-19 10:50:16.130 18892 18892 I wm_on_start_called: [252883685,com.android.gallery3d.filtershow.FilterShowActivity,handleStartActivity]
05-19 10:50:16.130 18892 18892 I wm_on_resume_called: [252883685,com.android.gallery3d.filtershow.FilterShowActivity,RESUME_ACTIVITY]
05-19 10:50:16.134 18892 18892 I wm_on_top_resumed_gained_called: [252883685,com.android.gallery3d.filtershow.FilterShowActivity,topStateChangedWhenResumed]
05-19 10:50:16.204 627 644 I sysui_multi_action: [319,160,322,159,325,73297,757,761,758,8,759,2,806,com.android.gallery3d,871,com.android.gallery3d.filtershow.FilterShowActivity,904,com.android.systemui,905,0,1320,9,1321,1]
05-19 10:50:16.204 627 644 I wm_activity_launch_time: [0,252883685,com.android.gallery3d/.filtershow.FilterShowActivity,159]
05-19 10:50:16.205 627 647 I wm_stop_activity: [0,214771548,com.android.launcher3/.uioverrides.QuickstepLauncher]
05-19 10:50:16.216 1030 1030 I wm_on_stop_called: [214771548,com.android.launcher3.uioverrides.QuickstepLauncher,STOP_ACTIVITY_ITEM]
05-21 09:02:21.288 542 542 I : read descriptors
05-21 09:02:21.288 542 542 I : read strings
05-21 09:02:21.289 1 1 I init : processing action (sys.usb.config=adb && sys.usb.configfs=1 && sys.usb.ffs.ready=1) from (/system/etc/init/hw/init.usb.configfs.rc:20)
05-19 10:50:16.407 463 491 I RIL : ---> enter mainloop wait at port
05-19 10:50:16.407 463 491 D RIL-DEV : Get modem info
05-19 10:50:16.407 463 491 D RIL-DEV : [05-19_10:50:16:408] idVendor = 0bda
05-19 10:50:16.407 463 491 D RIL-DEV :
05-19 10:50:16.407 463 491 D RIL-DEV : [05-19_10:50:16:408] idVendor = 05e3
05-19 10:50:16.407 463 491 D RIL-DEV :
05-19 10:50:16.408 463 491 D RIL-DEV : [05-19_10:50:16:408] idVendor = 1d6b
05-19 10:50:16.408 463 491 D RIL-DEV :
05-19 10:50:16.408 463 491 D RIL-DEV : [05-19_10:50:16:408] idVendor = 1d6b
05-19 10:50:16.408 463 491 D RIL-DEV :
05-19 10:50:16.408 463 491 D RIL-DEV : [05-19_10:50:16:408] idVendor = 0bda
05-19 10:50:16.408 463 491 D RIL-DEV :
05-19 10:50:16.408 463 491 D RIL-DEV : [05-19_10:50:16:408] idVendor = 1d6b
05-19 10:50:16.408 463 491 D RIL-DEV :
05-19 10:50:16.408 463 491 D RIL-DEV : [05-19_10:50:16:408] idVendor = 2109
05-19 10:50:16.408 463 491 D RIL-DEV :
05-19 10:50:16.408 463 491 D RIL-DEV : [05-19_10:50:16:408] idVendor = 2109
05-19 10:50:16.408 463 491 D RIL-DEV :
05-19 10:50:16.408 463 491 D RIL-DEV : [05-19_10:50:16:409] idVendor = 1d6b
05-19 10:50:16.408 463 491 D RIL-DEV :
05-19 10:50:16.408 463 491 D RIL-DEV : [05-19_10:50:16:409] idVendor = 0bda
05-19 10:50:16.408 463 491 D RIL-DEV :
05-19 10:50:16.408 463 491 D RIL-DEV : [05-19_10:50:16:409] idVendor = 2109
05-19 10:50:16.408 463 491 D RIL-DEV :
05-19 10:50:16.408 463 491 E RIL-DEV : Cannot find Meig devices
05-19 10:50:16.408 463 491 I RIL : ---> can't find meig usb devices
05-19 10:50:17.001 1272 1272 W ContextImpl: Calling a method in the system process without a qualified user: android.app.ContextImpl.sendBroadcast:1181 android.content.ContextWrapper.sendBroadcast:479 cn.eben.newweather.DateWeatherService.a:19 cn.eben.newweather.DateWeatherService.a:0 cn.eben.newweather.DateWeatherService$1.handleMessage:7
05-21 09:02:22.335 542 542 I : read descriptors
05-21 09:02:22.335 542 542 I : read strings
05-19 10:50:18.002 1272 1272 W ContextImpl: Calling a method in the system process without a qualified user: android.app.ContextImpl.sendBroadcast:1181 android.content.ContextWrapper.sendBroadcast:479 cn.eben.newweather.DateWeatherService.a:19 cn.eben.newweather.DateWeatherService.a:0 cn.eben.newweather.DateWeatherService$1.handleMessage:7
05-19 10:50:18.408 463 491 I RIL : ---> enter mainloop wait at port
05-19 10:50:18.409 463 491 D RIL-DEV : Get modem info
05-19 10:50:18.409 463 491 D RIL-DEV : [05-19_10:50:18:410] idVendor = 0bda
05-19 10:50:18.409 463 491 D RIL-DEV :
05-19 10:50:18.410 463 491 D RIL-DEV : [05-19_10:50:18:410] idVendor = 05e3
05-19 10:50:18.410 463 491 D RIL-DEV :
05-19 10:50:18.410 463 491 D RIL-DEV : [05-19_10:50:18:411] idVendor = 1d6b
05-19 10:50:18.410 463 491 D RIL-DEV :
05-19 10:50:18.410 463 491 D RIL-DEV : [05-19_10:50:18:411] idVendor = 1d6b
05-19 10:50:18.410 463 491 D RIL-DEV :
05-19 10:50:18.411 463 491 D RIL-DEV : [05-19_10:50:18:411] idVendor = 0bda
05-19 10:50:18.411 463 491 D RIL-DEV :
05-19 10:50:18.411 463 491 D RIL-DEV : [05-19_10:50:18:412] idVendor = 1d6b
05-19 10:50:18.411 463 491 D RIL-DEV :
05-19 10:50:18.411 463 491 D RIL-DEV : [05-19_10:50:18:412] idVendor = 2109
05-19 10:50:18.411 463 491 D RIL-DEV :
05-19 10:50:18.412 463 491 D RIL-DEV : [05-19_10:50:18:412] idVendor = 2109
05-19 10:50:18.412 463 491 D RIL-DEV :
05-19 10:50:18.412 463 491 D RIL-DEV : [05-19_10:50:18:412] idVendor = 1d6b
05-19 10:50:18.412 463 491 D RIL-DEV :
05-19 10:50:18.412 463 491 D RIL-DEV : [05-19_10:50:18:413] idVendor = 0bda
05-19 10:50:18.412 463 491 D RIL-DEV :
05-19 10:50:18.413 463 491 D RIL-DEV : [05-19_10:50:18:413] idVendor = 2109
05-19 10:50:18.413 463 491 D RIL-DEV :
05-19 10:50:18.413 463 491 E RIL-DEV : Cannot find Meig devices
05-19 10:50:18.413 463 491 I RIL : ---> can't find meig usb devices
05-21 09:02:23.385 542 542 I : read descriptors
05-21 09:02:23.385 542 542 I : read strings
05-21 09:02:23.387 1 1 I init : processing action (sys.usb.config=adb && sys.usb.configfs=1 && sys.usb.ffs.ready=1) from (/system/etc/init/hw/init.usb.configfs.rc:20)
05-21 09:02:23.389 1 1 I init : Command 'symlink /config/usb_gadget/g1/functions/ffs.adb /config/usb_gadget/g1/configs/b.1/f1' action=sys.usb.config=adb && sys.usb.configfs=1 && sys.usb.ffs.ready=1 (/system/etc/init/hw/init.usb.configfs.rc:22) took 0ms and failed: symlink() failed: File exists
05-21 09:02:23.391 1 1 I init : Command 'write /config/usb_gadget/g1/UDC ${sys.usb.controller}' action=sys.usb.config=adb && sys.usb.configfs=1 && sys.usb.ffs.ready=1 (/system/etc/init/hw/init.usb.configfs.rc:23) took 0ms and failed: Unable to write to file '/config/usb_gadget/g1/UDC': Unable to write file contents: Device or resource busy
05-19 10:50:18.499 627 710 I input_interaction: Interaction with: eeccfe0 com.android.gallery3d/com.android.gallery3d.filtershow.FilterShowActivity (server), PointerEventDispatcher0 (server),
05-19 10:50:18.585 627 710 I input_interaction: Interaction with: eeccfe0 com.android.gallery3d/com.android.gallery3d.filtershow.FilterShowActivity (server), Screenshot (server), PointerEventDispatcher0 (server),
05-19 10:50:18.604 627 648 I input_focus: [Focus request eeccfe0 com.android.gallery3d/com.android.gallery3d.filtershow.FilterShowActivity,reason=UpdateInputWindows]
05-19 10:50:18.626 627 710 I input_focus: [Focus leaving 127075f ScreenshotAnimation (server),reason=setFocusedWindow]
05-19 10:50:18.626 627 710 I input_focus: [Focus entering eeccfe0 com.android.gallery3d/com.android.gallery3d.filtershow.FilterShowActivity (server),reason=setFocusedWindow]
05-19 10:50:18.879 627 1068 W ContentProviderHelper: Permission Denial: opening provider com.android.providers.contacts.ContactsProvider2 from ProcessRecord{552b742 1631:cn.eben.sync/u0a63} (pid=1631, uid=10063) requires android.permission.READ_CONTACTS or android.permission.WRITE_CONTACTS
05-19 10:50:18.921 627 710 I input_interaction: Interaction with: eeccfe0 com.android.gallery3d/com.android.gallery3d.filtershow.FilterShowActivity (server), PointerEventDispatcher0 (server),
05-19 10:50:19.001 1272 1272 W ContextImpl: Calling a method in the system process without a qualified user: android.app.ContextImpl.sendBroadcast:1181 android.content.ContextWrapper.sendBroadcast:479 cn.eben.newweather.DateWeatherService.a:19 cn.eben.newweather.DateWeatherService.a:0 cn.eben.newweather.DateWeatherService$1.handleMessage:7
05-19 10:50:19.104 627 710 I input_interaction: Interaction with: eeccfe0 com.android.gallery3d/com.android.gallery3d.filtershow.FilterShowActivity (server), Screenshot (server), PointerEventDispatcher0 (server),
05-19 10:50:19.454 627 710 I input_interaction: Interaction with: eeccfe0 com.android.gallery3d/com.android.gallery3d.filtershow.FilterShowActivity (server), PointerEventDispatcher0 (server),
05-21 09:02:24.455 542 542 I : read descriptors
05-21 09:02:24.455 542 542 I : read strings
05-21 09:02:24.457 1 1 I init : processing action (sys.usb.config=adb && sys.usb.configfs=1 && sys.usb.ffs.ready=1) from (/system/etc/init/hw/init.usb.configfs.rc:20)
05-21 09:02:24.459 1 1 I init : Command 'symlink /config/usb_gadget/g1/functions/ffs.adb /config/usb_gadget/g1/configs/b.1/f1' action=sys.usb.config=adb && sys.usb.configfs=1 && sys.usb.ffs.ready=1 (/system/etc/init/hw/init.usb.configfs.rc:22) took 0ms and failed: symlink() failed: File exists
05-21 09:02:24.463 1 1 I init : Command 'write /config/usb_gadget/g1/UDC ${sys.usb.controller}' action=sys.usb.config=adb && sys.usb.configfs=1 && sys.usb.ffs.ready=1 (/system/etc/init/hw/init.usb.configfs.rc:23) took 2ms and failed: Unable to write to file '/config/usb_gadget/g1/UDC': Unable to write file contents: Device or resource busy
05-19 10:50:19.569 627 710 I input_interaction: Interaction with: eeccfe0 com.android.gallery3d/com.android.gallery3d.filtershow.FilterShowActivity (server), Screenshot (server), PointerEventDispatcher0 (server),
05-19 10:50:19.603 627 1248 E TaskPersister: File error accessing recents directory (directory doesn't exist?).
05-19 10:50:19.615 627 710 I input_interaction: Interaction with: eeccfe0 com.android.gallery3d/com.android.gallery3d.filtershow.FilterShowActivity (server), PointerEventDispatcher0 (server),
05-19 10:50:19.821 627 710 I input_interaction: Interaction with: eeccfe0 com.android.gallery3d/com.android.gallery3d.filtershow.FilterShowActivity (server), Screenshot (server), PointerEventDispatcher0 (server),
05-19 10:50:20.001 1272 1272 W ContextImpl: Calling a method in the system process without a qualified user: android.app.ContextImpl.sendBroadcast:1181 android.content.ContextWrapper.sendBroadcast:479 cn.eben.newweather.DateWeatherService.a:19 cn.eben.newweather.DateWeatherService.a:0 cn.eben.newweather.DateWeatherService$1.handleMessage:7
05-19 10:50:20.413 463 491 I RIL : ---> enter mainloop wait at port
05-19 10:50:20.413 463 491 D RIL-DEV : Get modem info
05-19 10:50:20.414 463 491 D RIL-DEV : [05-19_10:50:20:414] idVendor = 0bda
05-19 10:50:20.414 463 491 D RIL-DEV :
05-19 10:50:20.414 463 491 D RIL-DEV : [05-19_10:50:20:415] idVendor = 05e3
05-19 10:50:20.414 463 491 D RIL-DEV :
05-19 10:50:20.414 463 491 D RIL-DEV : [05-19_10:50:20:415] idVendor = 1d6b
05-19 10:50:20.414 463 491 D RIL-DEV :
05-19 10:50:20.414 463 491 D RIL-DEV : [05-19_10:50:20:415] idVendor = 1d6b
05-19 10:50:20.414 463 491 D RIL-DEV :
05-19 10:50:20.415 463 491 D RIL-DEV : [05-19_10:50:20:415] idVendor = 0bda
05-19 10:50:20.415 463 491 D RIL-DEV :
05-19 10:50:20.415 463 491 D RIL-DEV : [05-19_10:50:20:415] idVendor = 1d6b
05-19 10:50:20.415 463 491 D RIL-DEV :
05-19 10:50:20.415 463 491 D RIL-DEV : [05-19_10:50:20:416] idVendor = 2109
05-19 10:50:20.415 463 491 D RIL-DEV :
05-19 10:50:20.415 463 491 D RIL-DEV : [05-19_10:50:20:416] idVendor = 2109
05-19 10:50:20.415 463 491 D RIL-DEV :
05-19 10:50:20.416 463 491 D RIL-DEV : [05-19_10:50:20:416] idVendor = 1d6b
05-19 10:50:20.416 463 491 D RIL-DEV :
05-19 10:50:20.416 463 491 D RIL-DEV : [05-19_10:50:20:416] idVendor = 0bda
05-19 10:50:20.416 463 491 D RIL-DEV :
05-19 10:50:20.416 463 491 D RIL-DEV : [05-19_10:50:20:417] idVendor = 2109
05-19 10:50:20.416 463 491 D RIL-DEV :
05-19 10:50:20.416 463 491 E RIL-DEV : Cannot find Meig devices
05-19 10:50:20.416 463 491 I RIL : ---> can't find meig usb devices
05-19 10:50:20.505 627 710 I input_interaction: Interaction with: eeccfe0 com.android.gallery3d/com.android.gallery3d.filtershow.FilterShowActivity (server), PointerEventDispatcher0 (server),
05-21 09:02:25.542 542 542 I : read descriptors
05-21 09:02:25.542 542 542 I : read strings
05-21 09:02:25.543 1 1 I init : processing action (sys.usb.config=adb && sys.usb.configfs=1 && sys.usb.ffs.ready=1) from (/system/etc/init/hw/init.usb.configfs.rc:20)
05-21 09:02:25.546 1 1 I init : Command 'symlink /config/usb_gadget/g1/functions/ffs.adb /config/usb_gadget/g1/configs/b.1/f1' action=sys.usb.config=adb && sys.usb.configfs=1 && sys.usb.ffs.ready=1 (/system/etc/init/hw/init.usb.configfs.rc:22) took 0ms and failed: symlink() failed: File exists
05-21 09:02:25.546 1 1 I init : Command 'write /config/usb_gadget/g1/UDC ${sys.usb.controller}' action=sys.usb.config=adb && sys.usb.configfs=1 && sys.usb.ffs.ready=1 (/system/etc/init/hw/init.usb.configfs.rc:23) took 0ms and failed: Unable to write to file '/config/usb_gadget/g1/UDC': Unable to write file contents: Device or resource busy
05-19 10:50:21.003 1272 1272 W ContextImpl: Calling a method in the system process without a qualified user: android.app.ContextImpl.sendBroadcast:1181 android.content.ContextWrapper.sendBroadcast:479 cn.eben.newweather.DateWeatherService.a:19 cn.eben.newweather.DateWeatherService.a:0 cn.eben.newweather.DateWeatherService$1.handleMessage:7
05-21 09:02:26.581 542 542 I : read descriptors
05-21 09:02:26.582 542 542 I : read strings
05-21 09:02:26.583 1 1 I init : processing action (sys.usb.config=adb && sys.usb.configfs=1 && sys.usb.ffs.ready=1) from (/system/etc/init/hw/init.usb.configfs.rc:20)
05-19 10:50:22.002 1272 1272 W ContextImpl: Calling a method in the system process without a qualified user: android.app.ContextImpl.sendBroadcast:1181 android.content.ContextWrapper.sendBroadcast:479 cn.eben.newweather.DateWeatherService.a:19 cn.eben.newweather.DateWeatherService.a:0 cn.eben.newweather.DateWeatherService$1.handleMessage:7
05-19 10:50:22.417 463 491 I RIL : ---> enter mainloop wait at port
05-19 10:50:22.417 463 491 D RIL-DEV : Get modem info
05-19 10:50:22.417 463 491 D RIL-DEV : [05-19_10:50:22:418] idVendor = 0bda
05-19 10:50:22.417 463 491 D RIL-DEV :
05-19 10:50:22.418 463 491 D RIL-DEV : [05-19_10:50:22:418] idVendor = 05e3
05-19 10:50:22.418 463 491 D RIL-DEV :
05-19 10:50:22.418 463 491 D RIL-DEV : [05-19_10:50:22:419] idVendor = 1d6b
05-19 10:50:22.418 463 491 D RIL-DEV :
05-19 10:50:22.418 463 491 D RIL-DEV : [05-19_10:50:22:419] idVendor = 1d6b
05-19 10:50:22.418 463 491 D RIL-DEV :
05-19 10:50:22.419 463 491 D RIL-DEV : [05-19_10:50:22:419] idVendor = 0bda
05-19 10:50:22.419 463 491 D RIL-DEV :
05-19 10:50:22.420 463 491 D RIL-DEV : [05-19_10:50:22:420] idVendor = 1d6b
05-19 10:50:22.420 463 491 D RIL-DEV :
05-19 10:50:22.420 463 491 D RIL-DEV : [05-19_10:50:22:421] idVendor = 2109
05-19 10:50:22.420 463 491 D RIL-DEV :
05-19 10:50:22.421 463 491 D RIL-DEV : [05-19_10:50:22:421] idVendor = 2109
05-19 10:50:22.421 463 491 D RIL-DEV :
05-19 10:50:22.421 463 491 D RIL-DEV : [05-19_10:50:22:421] idVendor = 1d6b
05-19 10:50:22.421 463 491 D RIL-DEV :
05-19 10:50:22.421 463 491 D RIL-DEV : [05-19_10:50:22:422] idVendor = 0bda
05-19 10:50:22.421 463 491 D RIL-DEV :
05-19 10:50:22.421 463 491 D RIL-DEV : [05-19_10:50:22:422] idVendor = 2109
05-19 10:50:22.421 463 491 D RIL-DEV :
05-19 10:50:22.422 463 491 E RIL-DEV : Cannot find Meig devices
05-19 10:50:22.422 463 491 I RIL : ---> can't find meig usb devices
05-21 09:02:27.645 542 542 I : read descriptors
05-21 09:02:27.645 542 542 I : read strings
05-19 10:50:23.001 1272 1272 W ContextImpl: Calling a method in the system process without a qualified user: android.app.ContextImpl.sendBroadcast:1181 android.content.ContextWrapper.sendBroadcast:479 cn.eben.newweather.DateWeatherService.a:19 cn.eben.newweather.DateWeatherService.a:0 cn.eben.newweather.DateWeatherService$1.handleMessage:7
05-21 09:02:28.711 542 542 I : read descriptors
05-21 09:02:28.712 542 542 I : read strings
05-21 09:02:28.713 1 1 I init : processing action (sys.usb.config=adb && sys.usb.configfs=1 && sys.usb.ffs.ready=1) from (/system/etc/init/hw/init.usb.configfs.rc:20)
05-21 09:02:28.716 1 1 I init : Command 'symlink /config/usb_gadget/g1/functions/ffs.adb /config/usb_gadget/g1/configs/b.1/f1' action=sys.usb.config=adb && sys.usb.configfs=1 && sys.usb.ffs.ready=1 (/system/etc/init/hw/init.usb.configfs.rc:22) took 0ms and failed: symlink() failed: File exists
05-21 09:02:28.717 1 1 I init : Command 'write /config/usb_gadget/g1/UDC ${sys.usb.controller}' action=sys.usb.config=adb && sys.usb.configfs=1 && sys.usb.ffs.ready=1 (/system/etc/init/hw/init.usb.configfs.rc:23) took 0ms and failed: Unable to write to file '/config/usb_gadget/g1/UDC': Unable to write file contents: Device or resource busy
05-19 10:50:23.883 627 1068 W ContentProviderHelper: Permission Denial: opening provider com.android.providers.contacts.ContactsProvider2 from ProcessRecord{552b742 1631:cn.eben.sync/u0a63} (pid=1631, uid=10063) requires android.permission.READ_CONTACTS or android.permission.WRITE_CONTACTS
05-19 10:50:24.003 1272 1272 W ContextImpl: Calling a method in the system process without a qualified user: android.app.ContextImpl.sendBroadcast:1181 android.content.ContextWrapper.sendBroadcast:479 cn.eben.newweather.DateWeatherService.a:19 cn.eben.newweather.DateWeatherService.a:0 cn.eben.newweather.DateWeatherService$1.handleMessage:7
05-19 10:50:24.422 463 491 I RIL : ---> enter mainloop wait at port
05-19 10:50:24.422 463 491 D RIL-DEV : Get modem info
05-19 10:50:24.423 463 491 D RIL-DEV : [05-19_10:50:24:423] idVendor = 0bda
05-19 10:50:24.423 463 491 D RIL-DEV :
05-19 10:50:24.423 463 491 D RIL-DEV : [05-19_10:50:24:424] idVendor = 05e3
05-19 10:50:24.423 463 491 D RIL-DEV :
05-19 10:50:24.424 463 491 D RIL-DEV : [05-19_10:50:24:424] idVendor = 1d6b
05-19 10:50:24.424 463 491 D RIL-DEV :
05-19 10:50:24.424 463 491 D RIL-DEV : [05-19_10:50:24:425] idVendor = 1d6b
05-19 10:50:24.424 463 491 D RIL-DEV :
05-19 10:50:24.424 463 491 D RIL-DEV : [05-19_10:50:24:425] idVendor = 0bda
05-19 10:50:24.424 463 491 D RIL-DEV :
05-19 10:50:24.425 463 491 D RIL-DEV : [05-19_10:50:24:425] idVendor = 1d6b
05-19 10:50:24.425 463 491 D RIL-DEV :
05-19 10:50:24.425 463 491 D RIL-DEV : [05-19_10:50:24:425] idVendor = 2109
05-19 10:50:24.425 463 491 D RIL-DEV :
05-19 10:50:24.425 463 491 D RIL-DEV : [05-19_10:50:24:426] idVendor = 2109
05-19 10:50:24.425 463 491 D RIL-DEV :
05-19 10:50:24.426 463 491 D RIL-DEV : [05-19_10:50:24:426] idVendor = 1d6b
05-19 10:50:24.426 463 491 D RIL-DEV :
05-19 10:50:24.426 463 491 D RIL-DEV : [05-19_10:50:24:426] idVendor = 0bda
05-19 10:50:24.426 463 491 D RIL-DEV :
05-19 10:50:24.426 463 491 D RIL-DEV : [05-19_10:50:24:427] idVendor = 2109
05-19 10:50:24.426 463 491 D RIL-DEV :
05-19 10:50:24.427 463 491 E RIL-DEV : Cannot find Meig devices
05-19 10:50:24.428 463 491 I RIL : ---> can't find meig usb devices
05-21 09:02:29.765 542 542 I : read descriptors
05-21 09:02:29.765 542 542 I : read strings
05-21 09:02:29.767 1 1 I init : processing action (sys.usb.config=adb && sys.usb.configfs=1 && sys.usb.ffs.ready=1) from (/system/etc/init/hw/init.usb.configfs.rc:20)
05-21 09:02:29.769 1 1 I init : Command 'symlink /config/usb_gadget/g1/functions/ffs.adb /config/usb_gadget/g1/configs/b.1/f1' action=sys.usb.config=adb && sys.usb.configfs=1 && sys.usb.ffs.ready=1 (/system/etc/init/hw/init.usb.configfs.rc:22) took 0ms and failed: symlink() failed: File exists
05-21 09:02:29.770 1 1 I init : Command 'write /config/usb_gadget/g1/UDC ${sys.usb.controller}' action=sys.usb.config=adb && sys.usb.configfs=1 && sys.usb.ffs.ready=1 (/system/etc/init/hw/init.usb.configfs.rc:23) took 0ms and failed: Unable to write to file '/config/usb_gadget/g1/UDC': Unable to write file contents: Device or resource busy
05-19 10:50:25.003 1272 1272 W ContextImpl: Calling a method in the system process without a qualified user: android.app.ContextImpl.sendBroadcast:1181 android.content.ContextWrapper.sendBroadcast:479 cn.eben.newweather.DateWeatherService.a:19 cn.eben.newweather.DateWeatherService.a:0 cn.eben.newweather.DateWeatherService$1.handleMessage:7
05-21 09:02:30.828 542 542 I : read descriptors
05-21 09:02:30.828 542 542 I : read strings
05-21 09:02:30.832 1 1 I init : processing action (sys.usb.config=adb && sys.usb.configfs=1 && sys.usb.ffs.ready=1) from (/system/etc/init/hw/init.usb.configfs.rc:20)
05-21 09:02:30.833 1 1 I init : Command 'symlink /config/usb_gadget/g1/functions/ffs.adb /config/usb_gadget/g1/configs/b.1/f1' action=sys.usb.config=adb && sys.usb.configfs=1 && sys.usb.ffs.ready=1 (/system/etc/init/hw/init.usb.configfs.rc:22) took 0ms and failed: symlink() failed: File exists
05-21 09:02:30.833 1 1 I init : Command 'write /config/usb_gadget/g1/UDC ${sys.usb.controller}' action=sys.usb.config=adb && sys.usb.configfs=1 && sys.usb.ffs.ready=1 (/system/etc/init/hw/init.usb.configfs.rc:23) took 0ms and failed: Unable to write to file '/config/usb_gadget/g1/UDC': Unable to write file contents: Device or resource busy
05-19 10:50:26.002 1272 1272 W ContextImpl: Calling a method in the system process without a qualified user: android.app.ContextImpl.sendBroadcast:1181 android.content.ContextWrapper.sendBroadcast:479 cn.eben.newweather.DateWeatherService.a:19 cn.eben.newweather.DateWeatherService.a:0 cn.eben.newweather.DateWeatherService$1.handleMessage:7
05-19 10:50:26.428 463 491 I RIL : ---> enter mainloop wait at port
05-19 10:50:26.428 463 491 D RIL-DEV : Get modem info
05-19 10:50:26.429 463 491 D RIL-DEV : [05-19_10:50:26:429] idVendor = 0bda
05-19 10:50:26.429 463 491 D RIL-DEV :
05-19 10:50:26.429 463 491 D RIL-DEV : [05-19_10:50:26:429] idVendor = 05e3
05-19 10:50:26.429 463 491 D RIL-DEV :
05-19 10:50:26.429 463 491 D RIL-DEV : [05-19_10:50:26:430] idVendor = 1d6b
05-19 10:50:26.429 463 491 D RIL-DEV :
05-19 10:50:26.430 463 491 D RIL-DEV : [05-19_10:50:26:430] idVendor = 1d6b
05-19 10:50:26.430 463 491 D RIL-DEV :
05-19 10:50:26.430 463 491 D RIL-DEV : [05-19_10:50:26:431] idVendor = 0bda
05-19 10:50:26.430 463 491 D RIL-DEV :
05-19 10:50:26.431 463 491 D RIL-DEV : [05-19_10:50:26:431] idVendor = 1d6b
05-19 10:50:26.431 463 491 D RIL-DEV :
05-19 10:50:26.431 463 491 D RIL-DEV : [05-19_10:50:26:431] idVendor = 2109
05-19 10:50:26.431 463 491 D RIL-DEV :
05-19 10:50:26.431 463 491 D RIL-DEV : [05-19_10:50:26:432] idVendor = 2109
05-19 10:50:26.431 463 491 D RIL-DEV :
05-19 10:50:26.431 463 491 D RIL-DEV : [05-19_10:50:26:432] idVendor = 1d6b
05-19 10:50:26.431 463 491 D RIL-DEV :
05-19 10:50:26.432 463 491 D RIL-DEV : [05-19_10:50:26:432] idVendor = 0bda
05-19 10:50:26.432 463 491 D RIL-DEV :
05-19 10:50:26.432 463 491 D RIL-DEV : [05-19_10:50:26:433] idVendor = 2109
05-19 10:50:26.432 463 491 D RIL-DEV :
05-19 10:50:26.432 463 491 E RIL-DEV : Cannot find Meig devices
05-19 10:50:26.432 463 491 I RIL : ---> can't find meig usb devices
05-21 09:02:31.875 542 542 I : read descriptors
05-21 09:02:31.875 542 542 I : read strings
05-21 09:02:31.877 1 1 I init : processing action (sys.usb.config=adb && sys.usb.configfs=1 && sys.usb.ffs.ready=1) from (/system/etc/init/hw/init.usb.configfs.rc:20)
05-19 10:50:27.002 1272 1272 W ContextImpl: Calling a method in the system process without a qualified user: android.app.ContextImpl.sendBroadcast:1181 android.content.ContextWrapper.sendBroadcast:479 cn.eben.newweather.DateWeatherService.a:19 cn.eben.newweather.DateWeatherService.a:0 cn.eben.newweather.DateWeatherService$1.handleMessage:7
05-21 09:02:32.918 542 542 I : read descriptors
05-21 09:02:32.918 542 542 I : read strings
05-19 10:50:28.001 1272 1272 W ContextImpl: Calling a method in the system process without a qualified user: android.app.ContextImpl.sendBroadcast:1181 android.content.ContextWrapper.sendBroadcast:479 cn.eben.newweather.DateWeatherService.a:19 cn.eben.newweather.DateWeatherService.a:0 cn.eben.newweather.DateWeatherService$1.handleMessage:7
05-19 10:50:28.433 463 491 I RIL : ---> enter mainloop wait at port
05-19 10:50:28.433 463 491 D RIL-DEV : Get modem info
05-19 10:50:28.434 463 491 D RIL-DEV : [05-19_10:50:28:434] idVendor = 0bda
05-19 10:50:28.434 463 491 D RIL-DEV :
05-19 10:50:28.434 463 491 D RIL-DEV : [05-19_10:50:28:435] idVendor = 05e3
05-19 10:50:28.434 463 491 D RIL-DEV :
05-19 10:50:28.435 463 491 D RIL-DEV : [05-19_10:50:28:435] idVendor = 1d6b
05-19 10:50:28.435 463 491 D RIL-DEV :
05-19 10:50:28.435 463 491 D RIL-DEV : [05-19_10:50:28:435] idVendor = 1d6b
05-19 10:50:28.435 463 491 D RIL-DEV :
05-19 10:50:28.435 463 491 D RIL-DEV : [05-19_10:50:28:436] idVendor = 0bda
05-19 10:50:28.435 463 491 D RIL-DEV :
05-19 10:50:28.436 463 491 D RIL-DEV : [05-19_10:50:28:436] idVendor = 1d6b
05-19 10:50:28.436 463 491 D RIL-DEV :
05-19 10:50:28.436 463 491 D RIL-DEV : [05-19_10:50:28:436] idVendor = 2109
05-19 10:50:28.436 463 491 D RIL-DEV :
05-19 10:50:28.436 463 491 D RIL-DEV : [05-19_10:50:28:437] idVendor = 2109
05-19 10:50:28.436 463 491 D RIL-DEV :
05-19 10:50:28.436 463 491 D RIL-DEV : [05-19_10:50:28:437] idVendor = 1d6b
05-19 10:50:28.436 463 491 D RIL-DEV :
05-19 10:50:28.437 463 491 D RIL-DEV : [05-19_10:50:28:437] idVendor = 0bda
05-19 10:50:28.437 463 491 D RIL-DEV :
05-19 10:50:28.437 463 491 D RIL-DEV : [05-19_10:50:28:438] idVendor = 2109
05-19 10:50:28.437 463 491 D RIL-DEV :
05-19 10:50:28.437 463 491 E RIL-DEV : Cannot find Meig devices
05-19 10:50:28.438 463 491 I RIL : ---> can't find meig usb devices
05-19 10:50:28.887 627 16764 W ContentProviderHelper: Permission Denial: opening provider com.android.providers.contacts.ContactsProvider2 from ProcessRecord{552b742 1631:cn.eben.sync/u0a63} (pid=1631, uid=10063) requires android.permission.READ_CONTACTS or android.permission.WRITE_CONTACTS
05-21 09:02:33.955 542 542 I : read descriptors
05-21 09:02:33.955 542 542 I : read strings
05-21 09:02:33.957 1 1 I init : processing action (sys.usb.config=adb && sys.usb.configfs=1 && sys.usb.ffs.ready=1) from (/system/etc/init/hw/init.usb.configfs.rc:20)
05-21 09:02:33.960 1 1 I init : Command 'symlink /config/usb_gadget/g1/functions/ffs.adb /config/usb_gadget/g1/configs/b.1/f1' action=sys.usb.config=adb && sys.usb.configfs=1 && sys.usb.ffs.ready=1 (/system/etc/init/hw/init.usb.configfs.rc:22) took 0ms and failed: symlink() failed: File exists
05-21 09:02:33.963 1 1 I init : Command 'write /config/usb_gadget/g1/UDC ${sys.usb.controller}' action=sys.usb.config=adb && sys.usb.configfs=1 && sys.usb.ffs.ready=1 (/system/etc/init/hw/init.usb.configfs.rc:23) took 2ms and failed: Unable to write to file '/config/usb_gadget/g1/UDC': Unable to write file contents: Device or resource busy
05-19 10:50:29.000 1272 1272 W ContextImpl: Calling a method in the system process without a qualified user: android.app.ContextImpl.sendBroadcast:1181 android.content.ContextWrapper.sendBroadcast:479 cn.eben.newweather.DateWeatherService.a:19 cn.eben.newweather.DateWeatherService.a:0 cn.eben.newweather.DateWeatherService$1.handleMessage:7
05-19 10:50:30.002 1272 1272 W ContextImpl: Calling a method in the system process without a qualified user: android.app.ContextImpl.sendBroadcast:1181 android.content.ContextWrapper.sendBroadcast:479 cn.eben.newweather.DateWeatherService.a:19 cn.eben.newweather.DateWeatherService.a:0 cn.eben.newweather.DateWeatherService$1.handleMessage:7
05-21 09:02:35.015 542 542 I : read descriptors
05-21 09:02:35.015 542 542 I : read strings
05-21 09:02:35.017 1 1 I init : processing action (sys.usb.config=adb && sys.usb.configfs=1 && sys.usb.ffs.ready=1) from (/system/etc/init/hw/init.usb.configfs.rc:20)
05-21 09:02:35.019 1 1 I init : Command 'symlink /config/usb_gadget/g1/functions/ffs.adb /config/usb_gadget/g1/configs/b.1/f1' action=sys.usb.config=adb && sys.usb.configfs=1 && sys.usb.ffs.ready=1 (/system/etc/init/hw/init.usb.configfs.rc:22) took 0ms and failed: symlink() failed: File exists
05-21 09:02:35.022 1 1 I init : Command 'write /config/usb_gadget/g1/UDC ${sys.usb.controller}' action=sys.usb.config=adb && sys.usb.configfs=1 && sys.usb.ffs.ready=1 (/system/etc/init/hw/init.usb.configfs.rc:23) took 0ms and failed: Unable to write to file '/config/usb_gadget/g1/UDC': Unable to write file contents: Device or resource busy
05-19 10:50:30.438 463 491 I RIL : ---> enter mainloop wait at port
05-19 10:50:30.438 463 491 D RIL-DEV : Get modem info
05-19 10:50:30.439 463 491 D RIL-DEV : [05-19_10:50:30:439] idVendor = 0bda
05-19 10:50:30.439 463 491 D RIL-DEV :
05-19 10:50:30.439 463 491 D RIL-DEV : [05-19_10:50:30:439] idVendor = 05e3
05-19 10:50:30.439 463 491 D RIL-DEV :
05-19 10:50:30.439 463 491 D RIL-DEV : [05-19_10:50:30:440] idVendor = 1d6b
05-19 10:50:30.439 463 491 D RIL-DEV :
05-19 10:50:30.440 463 491 D RIL-DEV : [05-19_10:50:30:440] idVendor = 1d6b
05-19 10:50:30.440 463 491 D RIL-DEV :
05-19 10:50:30.440 463 491 D RIL-DEV : [05-19_10:50:30:441] idVendor = 0bda
05-19 10:50:30.440 463 491 D RIL-DEV :
05-19 10:50:30.440 463 491 D RIL-DEV : [05-19_10:50:30:441] idVendor = 1d6b
05-19 10:50:30.440 463 491 D RIL-DEV :
05-19 10:50:30.441 463 491 D RIL-DEV : [05-19_10:50:30:441] idVendor = 2109
05-19 10:50:30.441 463 491 D RIL-DEV :
05-19 10:50:30.441 463 491 D RIL-DEV : [05-19_10:50:30:442] idVendor = 2109
05-19 10:50:30.441 463 491 D RIL-DEV :
05-19 10:50:30.441 463 491 D RIL-DEV : [05-19_10:50:30:442] idVendor = 1d6b
05-19 10:50:30.441 463 491 D RIL-DEV :
05-19 10:50:30.442 463 491 D RIL-DEV : [05-19_10:50:30:442] idVendor = 0bda
05-19 10:50:30.442 463 491 D RIL-DEV :
05-19 10:50:30.442 463 491 D RIL-DEV : [05-19_10:50:30:442] idVendor = 2109
05-19 10:50:30.442 463 491 D RIL-DEV :
05-19 10:50:30.442 463 491 E RIL-DEV : Cannot find Meig devices
05-19 10:50:30.442 463 491 I RIL : ---> can't find meig usb devices
05-19 10:50:31.001 1272 1272 W ContextImpl: Calling a method in the system process without a qualified user: android.app.ContextImpl.sendBroadcast:1181 android.content.ContextWrapper.sendBroadcast:479 cn.eben.newweather.DateWeatherService.a:19 cn.eben.newweather.DateWeatherService.a:0 cn.eben.newweather.DateWeatherService$1.handleMessage:7
05-21 09:02:36.075 542 542 I : read descriptors
05-21 09:02:36.075 542 542 I : read strings
05-21 09:02:36.077 1 1 I init : processing action (sys.usb.config=adb && sys.usb.configfs=1 && sys.usb.ffs.ready=1) from (/system/etc/init/hw/init.usb.configfs.rc:20)
05-21 09:02:36.080 1 1 I init : Command 'symlink /config/usb_gadget/g1/functions/ffs.adb /config/usb_gadget/g1/configs/b.1/f1' action=sys.usb.config=adb && sys.usb.configfs=1 && sys.usb.ffs.ready=1 (/system/etc/init/hw/init.usb.configfs.rc:22) took 1ms and failed: symlink() failed: File exists
05-21 09:02:36.081 1 1 I init : Command 'write /config/usb_gadget/g1/UDC ${sys.usb.controller}' action=sys.usb.config=adb && sys.usb.configfs=1 && sys.usb.ffs.ready=1 (/system/etc/init/hw/init.usb.configfs.rc:23) took 0ms and failed: Unable to write to file '/config/usb_gadget/g1/UDC': Unable to write file contents: Device or resource busy
05-19 10:50:32.001 1272 1272 W ContextImpl: Calling a method in the system process without a qualified user: android.app.ContextImpl.sendBroadcast:1181 android.content.ContextWrapper.sendBroadcast:479 cn.eben.newweather.DateWeatherService.a:19 cn.eben.newweather.DateWeatherService.a:0 cn.eben.newweather.DateWeatherService$1.handleMessage:7
05-21 09:02:37.125 542 542 I : read descriptors
05-21 09:02:37.125 542 542 I : read strings
05-21 09:02:37.127 1 1 I init : processing action (sys.usb.config=adb && sys.usb.configfs=1 && sys.usb.ffs.ready=1) from (/system/etc/init/hw/init.usb.configfs.rc:20)
05-19 10:50:32.443 463 491 I RIL : ---> enter mainloop wait at port
05-19 10:50:32.443 463 491 D RIL-DEV : Get modem info
05-19 10:50:32.444 463 491 D RIL-DEV : [05-19_10:50:32:444] idVendor = 0bda
05-19 10:50:32.444 463 491 D RIL-DEV :
05-19 10:50:32.444 463 491 D RIL-DEV : [05-19_10:50:32:444] idVendor = 05e3
05-19 10:50:32.444 463 491 D RIL-DEV :
05-19 10:50:32.444 463 491 D RIL-DEV : [05-19_10:50:32:445] idVendor = 1d6b
05-19 10:50:32.444 463 491 D RIL-DEV :
05-19 10:50:32.445 463 491 D RIL-DEV : [05-19_10:50:32:445] idVendor = 1d6b
05-19 10:50:32.445 463 491 D RIL-DEV :
05-19 10:50:32.445 463 491 D RIL-DEV : [05-19_10:50:32:445] idVendor = 0bda
05-19 10:50:32.445 463 491 D RIL-DEV :
05-19 10:50:32.446 463 491 D RIL-DEV : [05-19_10:50:32:446] idVendor = 1d6b
05-19 10:50:32.446 463 491 D RIL-DEV :
05-19 10:50:32.446 463 491 D RIL-DEV : [05-19_10:50:32:446] idVendor = 2109
05-19 10:50:32.446 463 491 D RIL-DEV :
05-19 10:50:32.446 463 491 D RIL-DEV : [05-19_10:50:32:447] idVendor = 2109
05-19 10:50:32.446 463 491 D RIL-DEV :
05-19 10:50:32.447 463 491 D RIL-DEV : [05-19_10:50:32:447] idVendor = 1d6b
05-19 10:50:32.447 463 491 D RIL-DEV :
05-19 10:50:32.447 463 491 D RIL-DEV : [05-19_10:50:32:448] idVendor = 0bda
05-19 10:50:32.447 463 491 D RIL-DEV :
05-19 10:50:32.448 463 491 D RIL-DEV : [05-19_10:50:32:448] idVendor = 2109
05-19 10:50:32.448 463 491 D RIL-DEV :
05-19 10:50:32.448 463 491 E RIL-DEV : Cannot find Meig devices
