05-19 10:37:18.001 1272 1272 W ContextImpl: Calling a method in the system process without a qualified user: android.app.ContextImpl.sendBroadcast:1181 android.content.ContextWrapper.sendBroadcast:479 cn.eben.newweather.DateWeatherService.a:19 cn.eben.newweather.DateWeatherService.a:0 cn.eben.newweather.DateWeatherService$1.handleMessage:7
05-19 10:37:19.002 1272 1272 W ContextImpl: Calling a method in the system process without a qualified user: android.app.ContextImpl.sendBroadcast:1181 android.content.ContextWrapper.sendBroadcast:479 cn.eben.newweather.DateWeatherService.a:19 cn.eben.newweather.DateWeatherService.a:0 cn.eben.newweather.DateWeatherService$1.handleMessage:7
05-19 10:37:20.002 1272 1272 W ContextImpl: Calling a method in the system process without a qualified user: android.app.ContextImpl.sendBroadcast:1181 android.content.ContextWrapper.sendBroadcast:479 cn.eben.newweather.DateWeatherService.a:19 cn.eben.newweather.DateWeatherService.a:0 cn.eben.newweather.DateWeatherService$1.handleMessage:7
05-19 10:37:20.149 627 1072 W ContentProviderHelper: Permission Denial: opening provider com.android.providers.contacts.ContactsProvider2 from ProcessRecord{552b742 1631:cn.eben.sync/u0a63} (pid=1631, uid=10063) requires android.permission.READ_CONTACTS or android.permission.WRITE_CONTACTS
05-19 10:37:21.002 1272 1272 W ContextImpl: Calling a method in the system process without a qualified user: android.app.ContextImpl.sendBroadcast:1181 android.content.ContextWrapper.sendBroadcast:479 cn.eben.newweather.DateWeatherService.a:19 cn.eben.newweather.DateWeatherService.a:0 cn.eben.newweather.DateWeatherService$1.handleMessage:7
05-19 10:37:21.439 627 668 V DisplayPowerController[0]: Brightness [0.05] reason changing to: 'manual [ dim ]', previous reason: 'manual'.
05-19 10:37:21.439 627 668 I sysui_multi_action: [757,1696,758,6,759,2]
05-19 10:37:22.002 1272 1272 W ContextImpl: Calling a method in the system process without a qualified user: android.app.ContextImpl.sendBroadcast:1181 android.content.ContextWrapper.sendBroadcast:479 cn.eben.newweather.DateWeatherService.a:19 cn.eben.newweather.DateWeatherService.a:0 cn.eben.newweather.DateWeatherService$1.handleMessage:7
05-19 10:37:23.003 1272 1272 W ContextImpl: Calling a method in the system process without a qualified user: android.app.ContextImpl.sendBroadcast:1181 android.content.ContextWrapper.sendBroadcast:479 cn.eben.newweather.DateWeatherService.a:19 cn.eben.newweather.DateWeatherService.a:0 cn.eben.newweather.DateWeatherService$1.handleMessage:7
05-19 10:37:24.002 1272 1272 W ContextImpl: Calling a method in the system process without a qualified user: android.app.ContextImpl.sendBroadcast:1181 android.content.ContextWrapper.sendBroadcast:479 cn.eben.newweather.DateWeatherService.a:19 cn.eben.newweather.DateWeatherService.a:0 cn.eben.newweather.DateWeatherService$1.handleMessage:7 --------- beginning of radio
05-19 10:37:24.155 463 491 D RIL-DEV : [05-19_10:37:24:155] idVendor = 2109
05-19 10:37:24.155 463 491 D RIL-DEV :
05-19 10:37:24.156 463 491 E RIL-DEV : Cannot find Meig devices
05-19 10:37:24.156 463 491 I RIL : ---> can't find meig usb devices
05-19 10:37:24.428 627 668 I PowerManagerService: Powering off display group due to timeout (groupId= 0, uid= 1000)...
05-19 10:37:24.429 627 668 I PowerManagerService: Going to sleep due to timeout (uid 1000)...
05-19 10:37:24.431 627 668 I power_sleep_requested: 0
05-19 10:37:24.466 627 652 I am_pss : [19414,10042,com.ebensz.enote.meeting,95697920,87756800,0,236036096,0,2,27]
05-19 10:37:24.489 627 652 I am_pss : [20616,10038,com.ebensz.enote.notepad,78804992,67039232,0,224022528,0,18,23]
05-19 10:37:24.498 627 652 I am_pss : [1425,10022,com.android.providers.calendar,9051136,6418432,0,97775616,0,3,8]
05-19 10:37:24.507 627 652 I am_pss : [19470,1000,com.ebensz.appmanager:remote,13831168,6369280,0,113176576,0,10,8]
05-19 10:37:24.516 627 652 I am_pss : [19442,1000,com.ebensz.appmanager,30374912,22290432,0,138092544,0,10,8]
05-19 10:37:24.523 627 668 V DisplayPowerController[0]: Brightness [0.5472441] reason changing to: 'manual', previous reason: 'manual [ dim ]'.
05-19 10:37:24.523 627 668 I sysui_multi_action: [757,1696,758,6,759,0]
05-19 10:37:24.943 627 668 I DisplayPowerController[0]: Blocking screen off
05-19 10:37:24.943 627 668 I DisplayPowerController[0]: Unblocked screen off after 0 ms
05-19 10:37:24.962 627 668 D ActivityTaskManager: Top Process State changed to PROCESS_STATE_TOP_SLEEPING
05-19 10:37:24.965 627 668 I wm_pause_activity: [0,99583964,com.ebensz.enote.meeting/.MeetingActivity,userLeaving=false,sleep]
05-19 10:37:24.966 19414 19414 I wm_on_top_resumed_lost_called: [99583964,com.ebensz.enote.meeting.MeetingActivity,topStateChangedWhenResumed]
05-19 10:37:24.983 627 668 V DisplayPowerController[0]: Brightness [0.003937008] reason changing to: 'screen_off', previous reason: 'manual'.
05-19 10:37:24.983 19414 19414 I wm_on_paused_called: [99583964,com.ebensz.enote.meeting.MeetingActivity,performPause]
05-19 10:37:24.984 627 2096 I wm_add_to_stopping: [0,99583964,com.ebensz.enote.meeting/.MeetingActivity,completePauseLocked]
05-19 10:37:24.988 627 647 I wm_stop_activity: [0,99583964,com.ebensz.enote.meeting/.MeetingActivity]
05-19 10:37:24.989 627 647 I sysui_multi_action: [757,803,799,window_time_0,802,23]
05-19 10:37:24.990 627 647 I DisplayDeviceRepository: Display device changed state: "内置屏幕", OFF
05-19 10:37:25.001 1272 1272 W ContextImpl: Calling a method in the system process without a qualified user: android.app.ContextImpl.sendBroadcast:1181 android.content.ContextWrapper.sendBroadcast:479 cn.eben.newweather.DateWeatherService.a:19 cn.eben.newweather.DateWeatherService.a:0 cn.eben.newweather.DateWeatherService$1.handleMessage:7
05-19 10:37:25.037 19414 19414 I wm_on_stop_called: [99583964,com.ebensz.enote.meeting.MeetingActivity,STOP_ACTIVITY_ITEM]
05-19 10:37:25.153 627 2096 W ContentProviderHelper: Permission Denial: opening provider com.android.providers.contacts.ContactsProvider2 from ProcessRecord{552b742 1631:cn.eben.sync/u0a63} (pid=1631, uid=10063) requires android.permission.READ_CONTACTS or android.permission.WRITE_CONTACTS
05-19 10:37:25.338 627 668 I PowerManagerService: Sleeping display group (groupId=0, uid=1000)...
05-19 10:37:25.338 627 668 I PowerManagerService: Sleeping (uid 1000)...
05-19 10:37:25.346 627 627 I sysui_multi_action: [757,198,758,2,759,3,1359,912,1695,2]
05-19 10:37:25.346 627 627 I power_screen_state: [0,3,0,0,912]
05-19 10:37:25.346 627 627 I screen_toggled: 0
05-19 10:37:25.346 627 627 I sysui_multi_action: [757,804,799,screen_timeout,801,15,802,1]
05-19 10:37:25.347 627 627 I sysui_multi_action: [757,1594,758,4,759,-2147483648,1359,34377]
05-19 10:37:25.347 627 627 I power_screen_broadcast_send: 1
05-19 10:37:25.349 627 710 I input_focus: [Focus leaving 2ea6737 com.ebensz.enote.meeting/com.ebensz.enote.meeting.MeetingActivity (server),reason=NO_WINDOW]
05-19 10:37:25.381 627 627 I battery_saving_stats: [0,1,0,34929,0,0,59134139,0,-6]
05-19 10:37:25.392 975 975 D DCT-C-0 : screen off
05-19 10:37:25.392 975 975 D DCT-C-0 : stopNetStatPoll
05-19 10:37:25.409 627 627 I power_screen_broadcast_done: [0,62,1]
05-19 10:37:25.422 627 16029 W ActivityManager: Ignoring request to force stop protected package u0
05-19 10:37:28.945 627 711 I sysui_multi_action: [757,804,799,power_consecutive_short_tap_count,801,1,802,1]
05-19 10:37:28.945 627 711 I sysui_multi_action: [757,804,799,power_double_tap_interval,801,37623,802,1]
05-19 10:37:28.945 627 711 I intercept_power: [ACTION_DOWN,0,0]
05-19 10:37:28.950 1272 1272 W ContextImpl: Calling a method in the system process without a qualified user: android.app.ContextImpl.sendBroadcast:1181 android.content.ContextWrapper.sendBroadcast:479 cn.eben.newweather.DateWeatherService.a:19 cn.eben.newweather.DateWeatherService.a:0 cn.eben.newweather.DateWeatherService$1.handleMessage:7
05-19 10:37:28.950 463 491 I RIL : ---> enter mainloop wait at port
05-19 10:37:28.950 463 491 D RIL-DEV : Get modem info
05-19 10:37:28.951 463 491 D RIL-DEV : [05-19_10:37:28:951] idVendor = 0bda
05-19 10:37:28.951 463 491 D RIL-DEV :
05-19 10:37:28.951 463 491 D RIL-DEV : [05-19_10:37:28:952] idVendor = 05e3
05-19 10:37:28.951 463 491 D RIL-DEV :
05-19 10:37:28.952 463 491 D RIL-DEV : [05-19_10:37:28:952] idVendor = 1d6b
05-19 10:37:28.952 463 491 D RIL-DEV :
05-19 10:37:28.952 463 491 D RIL-DEV : [05-19_10:37:28:952] idVendor = 1d6b
05-19 10:37:28.952 463 491 D RIL-DEV :
05-19 10:37:28.952 463 491 D RIL-DEV : [05-19_10:37:28:953] idVendor = 0bda
05-19 10:37:28.952 463 491 D RIL-DEV :
05-19 10:37:28.953 463 491 D RIL-DEV : [05-19_10:37:28:953] idVendor = 1d6b
05-19 10:37:28.953 463 491 D RIL-DEV :
05-19 10:37:28.953 463 491 D RIL-DEV : [05-19_10:37:28:953] idVendor = 2109
05-19 10:37:28.953 463 491 D RIL-DEV :
05-19 10:37:28.953 463 491 D RIL-DEV : [05-19_10:37:28:954] idVendor = 1d6b
05-19 10:37:28.953 463 491 D RIL-DEV :
05-19 10:37:28.954 463 491 D RIL-DEV : [05-19_10:37:28:954] idVendor = 0bda
05-19 10:37:28.954 463 491 D RIL-DEV :
05-19 10:37:28.954 463 491 D RIL-DEV : [05-19_10:37:28:954] idVendor = 2109
05-19 10:37:28.954 463 491 D RIL-DEV :
05-19 10:37:28.954 463 491 E RIL-DEV : Cannot find Meig devices
05-19 10:37:28.954 463 491 I RIL : ---> can't find meig usb devices
05-19 10:37:28.964 627 711 I PowerManagerService: Powering on display group fromAsleep (groupId=0, uid=1000, reason=WAKE_REASON_POWER_BUTTON, details=android.policy:POWER)...
05-19 10:37:28.964 627 711 I PowerManagerService: Waking up from Asleep (uid=1000, reason=WAKE_REASON_POWER_BUTTON, details=android.policy:POWER)...
05-19 10:37:28.967 627 711 I intercept_power: [ACTION_UP,0,0]
05-19 10:37:28.968 627 668 I DisplayPowerController[0]: Blocking screen on until initial contents have been drawn.
05-19 10:37:28.968 627 668 D ActivityTaskManager: Top Process State changed to PROCESS_STATE_TOP
05-19 10:37:28.971 627 668 I wm_set_resumed_activity: [0,com.ebensz.enote.meeting/.MeetingActivity,resumeTopActivity]
05-19 10:37:28.972 627 627 I screen_toggled: 1
05-19 10:37:28.987 627 668 I service_manager_slow: [14,platform_compat]
05-19 10:37:28.989 627 668 I wm_resume_activity: [0,99583964,116,com.ebensz.enote.meeting/.MeetingActivity]
05-19 10:37:28.990 627 627 I power_screen_broadcast_send: 1
05-19 10:37:28.991 627 668 V DisplayPowerController[0]: Brightness [0.5472441] reason changing to: 'manual', previous reason: 'screen_off'.
05-19 10:37:28.991 627 668 I sysui_multi_action: [757,1696,758,6,759,3]
05-19 10:37:28.991 627 627 I WindowManager: Suppressed redundant power key press while already in the process of turning the screen on.
05-19 10:37:28.995 627 647 I DisplayDeviceRepository: Display device changed state: "内置屏幕", ON
05-19 10:37:28.999 627 668 I DisplayPowerController[0]: Unblocked screen on after 32 ms
05-19 10:37:29.000 627 653 W BroadcastQueue: Background execution not allowed: receiving Intent { act=android.intent.action.USER_PRESENT flg=0x24200010 } to com.zhangyue.read.iReader/com.taobao.accs.EventReceiver
05-19 10:37:29.007 19414 19414 I wm_on_restart_called: [99583964,com.ebensz.enote.meeting.MeetingActivity,performRestartActivity]
05-19 10:37:29.010 19414 19414 I wm_on_start_called: [99583964,com.ebensz.enote.meeting.MeetingActivity,handleStartActivity]
05-19 10:37:29.020 627 780 D UsbHostManager: Removed device at /dev/bus/usb/003/012: USB Billboard Device
05-19 10:37:29.020 627 780 I UsbAlsaManager: USB Audio Device Removed: null
05-19 10:37:29.032 19414 19414 I wm_on_resume_called: [99583964,com.ebensz.enote.meeting.MeetingActivity,RESUME_ACTIVITY]
05-19 10:37:29.035 1272 1272 W ContextImpl: Calling a method in the system process without a qualified user: android.app.ContextImpl.sendBroadcast:1181 android.content.ContextWrapper.sendBroadcast:479 cn.eben.newweather.DateWeatherService.a:19 cn.eben.newweather.DateWeatherService.a:0 cn.eben.newweather.DateWeatherService$1.handleMessage:7
05-19 10:37:29.037 19414 19414 I wm_on_top_resumed_gained_called: [99583964,com.ebensz.enote.meeting.MeetingActivity,topWhenResuming]
05-19 10:37:29.038 627 2096 W PermissionManagerService: Datasource AttributionSource { uid = 10022, packageName = com.android.providers.calendar, attributionTag = null, token = android.os.BinderProxy@4b6af8f, next = android.content.AttributionSourceState@ee41e25 } protecting data with platform defined runtime permission android.permission.READ_CALENDAR while not having android.permission.UPDATE_APP_OPS_STATS
05-19 10:37:29.066 627 648 I input_focus: [Focus request 2ea6737 com.ebensz.enote.meeting/com.ebensz.enote.meeting.MeetingActivity,reason=UpdateInputWindows]
05-19 10:37:29.105 627 730 I netstats_mobile_sample: [0,0,0,0,0,0,0,0,0,0,0,0,1747622249106]
05-19 10:37:29.105 627 730 I netstats_wifi_sample: [0,0,0,0,0,0,0,0,0,0,0,0,1747622249106]
05-19 10:37:29.108 627 730 W ContextImpl: Calling a method in the system process without a qualified user: android.app.ContextImpl.sendStickyBroadcast:1567 com.android.server.ConnectivityService.sendStickyBroadcast:2811 com.android.server.ConnectivityService.sendLegacyNetworkBroadcast:8732 com.android.server.ConnectivityService$LegacyTypeTracker.remove:1007 com.android.server.ConnectivityService$LegacyTypeTracker.remove:1024
05-19 10:37:29.110 627 653 W BroadcastQueue: Target SDK mismatch: receiver ActivityInfo{390f8b4 com.xiaomi.push.service.receivers.NetworkStatusReceiver} targets 26 but delivery restricted to [0, 23] broadcasting Intent { act=android.net.conn.CONNECTIVITY_CHANGE flg=0x4200010 (has extras) } from android (pid=627, uid=1000) to com.zhangyue.read.iReader/com.xiaomi.push.service.receivers.NetworkStatusReceiver
05-19 10:37:29.110 627 653 W BroadcastQueue: Target SDK mismatch: receiver ActivityInfo{fb8ecdd cn.eben.help.LoadAllReceiver} targets 28 but delivery restricted to [0, 23] broadcasting Intent { act=android.net.conn.CONNECTIVITY_CHANGE flg=0x4200010 (has extras) } from android (pid=627, uid=1000) to cn.eben.help/.LoadAllReceiver
05-19 10:37:29.110 627 653 W BroadcastQueue: Target SDK mismatch: receiver ActivityInfo{9d66052 cn.eben.android.receiver.AppSyncReceiver} targets 27 but delivery restricted to [0, 23] broadcasting Intent { act=android.net.conn.CONNECTIVITY_CHANGE flg=0x4200010 (has extras) } from android (pid=627, uid=1000) to cn.eben.sync/cn.eben.android.receiver.AppSyncReceiver
05-19 10:37:29.113 19442 19442 W ContextImpl: Calling a method in the system process without a qualified user: android.app.ContextImpl.startService:1824 android.content.ContextWrapper.startService:774 android.content.ContextWrapper.startService:774 com.ebensz.appmanager.service.UploadMyAppsInfoService.startUploadMyAppsInfoService:78 com.ebensz.appmanager.receiver.UploadMyAppsInfoReceiver.onReceive:33
05-19 10:37:29.120 627 943 W BroadcastQueue: Target SDK mismatch: receiver ActivityInfo{25c79d9 com.ebensz.ota.ActionReceiver} targets 29 but delivery restricted to [0, 23] broadcasting Intent { act=android.net.conn.CONNECTIVITY_CHANGE flg=0x4200010 (has extras) } from android (pid=627, uid=1000) to com.ebensz.ota/.ActionReceiver
05-19 10:37:29.123 627 653 W BroadcastQueue: Target SDK mismatch: receiver ActivityInfo{471a7aa com.taobao.accs.EventReceiver} targets 26 but delivery restricted to [0, 23] broadcasting Intent { act=android.net.conn.CONNECTIVITY_CHANGE flg=0x4200010 (has extras) } from android (pid=627, uid=1000) to com.zhangyue.read.iReader/com.taobao.accs.EventReceiver
05-19 10:37:29.123 627 653 V ActivityManager: Attempted to start a foreground service (com.ebensz.enote.meeting/com.android.calendar.AsyncQueryServiceHelper) with a broken notification (no icon: Notification(channel=com.ebensz.enote.meeting shortcut=null contentView=null vibrate=null sound=null defaults=0x0 flags=0x40 color=0x00000000 vis=PRIVATE))
05-19 10:37:29.130 627 641 W PermissionManagerService: Datasource AttributionSource { uid = 10022, packageName = com.android.providers.calendar, attributionTag = null, token = android.os.BinderProxy@4b6af8f, next = android.content.AttributionSourceState@cf65f9b } protecting data with platform defined runtime permission android.permission.READ_CALENDAR while not having android.permission.UPDATE_APP_OPS_STATS
05-19 10:37:29.130 627 780 D UsbHostManager: USB device attached: vidpid 2109:8817 mfg/product/ver/serial VIA Labs, Inc. /USB Billboard Device /0.01/0000000000000001 hasAudio/HID/Storage: false/false/false
05-19 10:37:29.133 627 780 D UsbHostManager: Added device UsbDevice[mName=/dev/bus/usb/003/013,mVendorId=8457,mProductId=34839,mClass=17,mSubclass=0,mProtocol=0,mManufacturerName=VIA Labs, Inc. ,mProductName=USB Billboard Device ,mVersion=0.01,mSerialNumberReader=com.android.server.usb.UsbSerialReader@e1a9476, mHasAudioPlayback=false, mHasAudioCapture=false, mHasMidi=false, mHasVideoCapture=false, mHasVideoPlayback=false, mConfigurations=[
05-19 10:37:29.133 627 780 D UsbHostManager: UsbConfiguration[mId=1,mName=0000000000000001,mAttributes=160,mMaxPower=50,mInterfaces=[
05-19 10:37:29.133 627 780 D UsbHostManager: UsbInterface[mId=0,mAlternateSetting=0,mName=0000000000000001,mClass=17,mSubclass=0,mProtocol=0,mEndpoints=[]]]
05-19 10:37:29.356 627 627 W Looper : Slow dispatch took 296ms main h=android.app.ActivityThread$H c=android.app.LoadedApk$ReceiverDispatcher$Args$$ExternalSyntheticLambda0@4938202 m=0
05-19 10:37:29.356 627 627 W Looper : Slow delivery took 288ms main h=com.android.server.power.Notifier$NotifierHandler c=null m=7
05-19 10:37:29.356 627 627 I notification_enqueue: [10042,19414,com.ebensz.enote.meeting,1,NULL,0,Notification(channel=com.ebensz.enote.meeting shortcut=null contentView=null vibrate=null sound=null defaults=0x0 flags=0x40 color=0x00000000 vis=PRIVATE),0]
05-19 10:37:29.358 627 627 I sysui_multi_action: [757,128,758,5,759,8,793,233,794,0,795,233,796,1,806,com.ebensz.enote.meeting,857,com.ebensz.enote.meeting,858,2,947,0,1500,233,1688,4,1689,2,1690,1]
05-19 10:37:29.358 627 627 I notification_canceled: [0|com.ebensz.enote.meeting|1|null|10042,8,233,233,0,-1,-1,NULL]
05-19 10:37:29.359 627 627 W Looper : Drained
05-19 10:37:29.359 627 627 I battery_saving_stats: [0,0,0,3977,0,0,170184137,0,-18]
05-19 10:37:29.360 975 975 D DCT-C-0 : screen on
05-19 10:37:29.360 975 975 D DCT-C-0 : stopNetStatPoll
05-19 10:37:29.368 627 627 I power_screen_broadcast_done: [1,378,1]
05-19 10:37:29.558 627 627 I NotificationService: Cannot find enqueued record for key: 0|com.ebensz.enote.meeting|1|null|10042
05-19 10:37:29.840 627 943 W PermissionManagerService: Datasource AttributionSource { uid = 10022, packageName = com.android.providers.calendar, attributionTag = null, token = android.os.BinderProxy@4b6af8f, next = android.content.AttributionSourceState@aa3216f } protecting data with platform defined runtime permission android.permission.READ_CALENDAR while not having android.permission.UPDATE_APP_OPS_STATS
05-19 10:37:29.866 627 710 I input_focus: [Focus entering 2ea6737 com.ebensz.enote.meeting/com.ebensz.enote.meeting.MeetingActivity (server),reason=Window became focusable. Previous reason: NO_WINDOW]
05-19 10:37:29.875 627 668 I sysui_latency: [5,911]
05-19 10:37:29.875 627 668 W PowerManagerService: Screen on took 2586 ms
05-19 10:37:29.875 627 627 I sysui_multi_action: [757,198,758,1,759,1,1359,2586,1694,1]
05-19 10:37:29.875 627 627 I power_screen_state: [1,0,0,0,2586]
05-19 10:37:30.002 1272 1272 W ContextImpl: Calling a method in the system process without a qualified user: android.app.ContextImpl.sendBroadcast:1181 android.content.ContextWrapper.sendBroadcast:479 cn.eben.newweather.DateWeatherService.a:19 cn.eben.newweather.DateWeatherService.a:0 cn.eben.newweather.DateWeatherService$1.handleMessage:7
05-19 10:37:30.161 19442 19442 W ContextImpl: Calling a method in the system process without a qualified user: android.app.ContextImpl.startService:1824 android.content.ContextWrapper.startService:774 com.ebensz.appmanager.service.UploadMyAppsInfoService$1.handleMessage:63 android.os.Handler.dispatchMessage:106 android.os.Looper.loopOnce:201
05-19 10:37:30.955 463 491 I RIL : ---> enter mainloop wait at port
05-19 10:37:30.955 463 491 D RIL-DEV : Get modem info
05-19 10:37:30.956 463 491 D RIL-DEV : [05-19_10:37:30:956] idVendor = 0bda
05-19 10:37:30.956 463 491 D RIL-DEV :
05-19 10:37:30.956 463 491 D RIL-DEV : [05-19_10:37:30:957] idVendor = 05e3
05-19 10:37:30.956 463 491 D RIL-DEV :
05-19 10:37:30.956 463 491 D RIL-DEV : [05-19_10:37:30:957] idVendor = 1d6b
05-19 10:37:30.956 463 491 D RIL-DEV :
05-19 10:37:30.957 463 491 D RIL-DEV : [05-19_10:37:30:957] idVendor = 1d6b
05-19 10:37:30.957 463 491 D RIL-DEV :
05-19 10:37:30.957 463 491 D RIL-DEV : [05-19_10:37:30:957] idVendor = 0bda
05-19 10:37:30.957 463 491 D RIL-DEV :
05-19 10:37:30.957 463 491 D RIL-DEV : [05-19_10:37:30:958] idVendor = 1d6b
05-19 10:37:30.957 463 491 D RIL-DEV :
05-19 10:37:30.958 463 491 D RIL-DEV : [05-19_10:37:30:958] idVendor = 2109
05-19 10:37:30.958 463 491 D RIL-DEV :
05-19 10:37:30.958 463 491 D RIL-DEV : [05-19_10:37:30:959] idVendor = 2109
05-19 10:37:30.958 463 491 D RIL-DEV :
05-19 10:37:30.959 463 491 D RIL-DEV : [05-19_10:37:30:959] idVendor = 1d6b
05-19 10:37:30.959 463 491 D RIL-DEV :
05-19 10:37:30.959 463 491 D RIL-DEV : [05-19_10:37:30:960] idVendor = 0bda
05-19 10:37:30.959 463 491 D RIL-DEV :
05-19 10:37:30.959 463 491 D RIL-DEV : [05-19_10:37:30:960] idVendor = 2109
05-19 10:37:30.959 463 491 D RIL-DEV :
05-19 10:37:30.960 463 491 E RIL-DEV : Cannot find Meig devices
05-19 10:37:30.960 463 491 I RIL : ---> can't find meig usb devices
05-19 10:37:31.002 1272 1272 W ContextImpl: Calling a method in the system process without a qualified user: android.app.ContextImpl.sendBroadcast:1181 android.content.ContextWrapper.sendBroadcast:479 cn.eben.newweather.DateWeatherService.a:19 cn.eben.newweather.DateWeatherService.a:0 cn.eben.newweather.DateWeatherService$1.handleMessage:7
05-19 10:37:31.397 627 641 W ContentProviderHelper: Permission Denial: opening provider com.android.providers.contacts.ContactsProvider2 from ProcessRecord{552b742 1631:cn.eben.sync/u0a63} (pid=1631, uid=10063) requires android.permission.READ_CONTACTS or android.permission.WRITE_CONTACTS
05-19 10:37:32.002 1272 1272 W ContextImpl: Calling a method in the system process without a qualified user: android.app.ContextImpl.sendBroadcast:1181 android.content.ContextWrapper.sendBroadcast:479 cn.eben.newweather.DateWeatherService.a:19 cn.eben.newweather.DateWeatherService.a:0 cn.eben.newweather.DateWeatherService$1.handleMessage:7
05-19 10:37:32.960 463 491 I RIL : ---> enter mainloop wait at port
05-19 10:37:32.960 463 491 D RIL-DEV : Get modem info
05-19 10:37:32.961 463 491 D RIL-DEV : [05-19_10:37:32:962] idVendor = 0bda
05-19 10:37:32.961 463 491 D RIL-DEV :
05-19 10:37:32.962 463 491 D RIL-DEV : [05-19_10:37:32:962] idVendor = 05e3
05-19 10:37:32.962 463 491 D RIL-DEV :
05-19 10:37:32.962 463 491 D RIL-DEV : [05-19_10:37:32:962] idVendor = 1d6b
05-19 10:37:32.962 463 491 D RIL-DEV :
05-19 10:37:32.962 463 491 D RIL-DEV : [05-19_10:37:32:963] idVendor = 1d6b
05-19 10:37:32.962 463 491 D RIL-DEV :
05-19 10:37:32.962 463 491 D RIL-DEV : [05-19_10:37:32:963] idVendor = 0bda
05-19 10:37:32.962 463 491 D RIL-DEV :
05-19 10:37:32.963 463 491 D RIL-DEV : [05-19_10:37:32:963] idVendor = 1d6b
05-19 10:37:32.963 463 491 D RIL-DEV :
05-19 10:37:32.963 463 491 D RIL-DEV : [05-19_10:37:32:964] idVendor = 2109
05-19 10:37:32.963 463 491 D RIL-DEV :
05-19 10:37:32.964 463 491 D RIL-DEV : [05-19_10:37:32:964] idVendor = 2109
05-19 10:37:32.964 463 491 D RIL-DEV :
05-19 10:37:32.964 463 491 D RIL-DEV : [05-19_10:37:32:964] idVendor = 1d6b
05-19 10:37:32.964 463 491 D RIL-DEV :
05-19 10:37:32.964 463 491 D RIL-DEV : [05-19_10:37:32:965] idVendor = 0bda
05-19 10:37:32.964 463 491 D RIL-DEV :
05-19 10:37:32.964 463 491 D RIL-DEV : [05-19_10:37:32:965] idVendor = 2109
05-19 10:37:32.964 463 491 D RIL-DEV :
05-19 10:37:32.965 463 491 E RIL-DEV : Cannot find Meig devices
05-19 10:37:32.965 463 491 I RIL : ---> can't find meig usb devices
05-19 10:37:33.002 1272 1272 W ContextImpl: Calling a method in the system process without a qualified user: android.app.ContextImpl.sendBroadcast:1181 android.content.ContextWrapper.sendBroadcast:479 cn.eben.newweather.DateWeatherService.a:19 cn.eben.newweather.DateWeatherService.a:0 cn.eben.newweather.DateWeatherService$1.handleMessage:7
05-19 10:37:34.002 1272 1272 W ContextImpl: Calling a method in the system process without a qualified user: android.app.ContextImpl.sendBroadcast:1181 android.content.ContextWrapper.sendBroadcast:479 cn.eben.newweather.DateWeatherService.a:19 cn.eben.newweather.DateWeatherService.a:0 cn.eben.newweather.DateWeatherService$1.handleMessage:7
05-19 10:37:34.214 627 653 W ActivityManager: Failed to clear dns cache for: com.ebensz.office.entry
05-19 10:37:34.223 627 653 W ActivityManager: Failed to clear dns cache for: com.ebensz.office.entry
05-19 10:37:34.270 627 730 I netstats_mobile_sample: [0,0,0,0,0,0,0,0,0,0,0,0,1747622254271]
05-19 10:37:34.271 627 730 I netstats_wifi_sample: [0,0,0,0,0,0,0,0,0,0,0,0,1747622254271]
05-19 10:37:34.297 627 730 I netstats_mobile_sample: [0,0,0,0,0,0,0,0,0,0,0,0,1747622254299]
05-19 10:37:34.298 627 730 I netstats_wifi_sample: [0,0,0,0,0,0,0,0,0,0,0,0,1747622254299]
05-19 10:37:34.305 627 730 W ContextImpl: Calling a method in the system process without a qualified user: android.app.ContextImpl.sendStickyBroadcast:1567 com.android.server.ConnectivityService.sendStickyBroadcast:2811 com.android.server.ConnectivityService.sendGeneralBroadcast:2786 com.android.server.ConnectivityService.sendConnectedBroadcast:2759 com.android.server.ConnectivityService.sendLegacyNetworkBroadcast:8704
05-19 10:37:34.307 627 653 W BroadcastQueue: Target SDK mismatch: receiver ActivityInfo{911a10 com.xiaomi.push.service.receivers.NetworkStatusReceiver} targets 26 but delivery restricted to [0, 23] broadcasting Intent { act=android.net.conn.CONNECTIVITY_CHANGE flg=0x4200010 (has extras) } from android (pid=627, uid=1000) to com.zhangyue.read.iReader/com.xiaomi.push.service.receivers.NetworkStatusReceiver
05-19 10:37:34.307 627 653 W BroadcastQueue: Target SDK mismatch: receiver ActivityInfo{c192909 cn.eben.help.LoadAllReceiver} targets 28 but delivery restricted to [0, 23] broadcasting Intent { act=android.net.conn.CONNECTIVITY_CHANGE flg=0x4200010 (has extras) } from android (pid=627, uid=1000) to cn.eben.help/.LoadAllReceiver
05-19 10:37:34.307 627 653 W BroadcastQueue: Target SDK mismatch: receiver ActivityInfo{72d670e cn.eben.android.receiver.AppSyncReceiver} targets 27 but delivery restricted to [0, 23] broadcasting Intent { act=android.net.conn.CONNECTIVITY_CHANGE flg=0x4200010 (has extras) } from android (pid=627, uid=1000) to cn.eben.sync/cn.eben.android.receiver.AppSyncReceiver
05-19 10:37:34.311 19442 19442 W ContextImpl: Calling a method in the system process without a qualified user: android.app.ContextImpl.startService:1824 android.content.ContextWrapper.startService:774 android.content.ContextWrapper.startService:774 com.ebensz.appmanager.service.UploadMyAppsInfoService.startUploadMyAppsInfoService:78 com.ebensz.appmanager.receiver.UploadMyAppsInfoReceiver.onReceive:33
05-19 10:37:34.322 19470 19470 W ContextImpl: Calling a method in the system process without a qualified user: android.app.ContextImpl.startService:1824 android.content.ContextWrapper.startService:774 android.content.ContextWrapper.startService:774 com.ebensz.appmanager.mydownloadmanager.DownloadReceiver.startService:245 com.ebensz.appmanager.mydownloadmanager.DownloadReceiver.onReceive:74
05-19 10:37:34.323 627 641 W BroadcastQueue: Target SDK mismatch: receiver ActivityInfo{6fa4f7d com.ebensz.ota.ActionReceiver} targets 29 but delivery restricted to [0, 23] broadcasting Intent { act=android.net.conn.CONNECTIVITY_CHANGE flg=0x4200010 (has extras) } from android (pid=627, uid=1000) to com.ebensz.ota/.ActionReceiver
05-19 10:37:34.323 627 653 W BroadcastQueue: Target SDK mismatch: receiver ActivityInfo{47a1e72 com.taobao.accs.EventReceiver} targets 26 but delivery restricted to [0, 23] broadcasting Intent { act=android.net.conn.CONNECTIVITY_CHANGE flg=0x4200010 (has extras) } from android (pid=627, uid=1000) to com.zhangyue.read.iReader/com.taobao.accs.EventReceiver
05-19 10:37:34.324 627 627 I notification_cancel_all: [1000,19470,com.ebensz.appmanager,0,0,64,9,NULL]
05-19 10:37:34.595 975 975 D TelephonyNetworkFactory[0]: onReleaseNetworkFor NetworkRequest [ REQUEST id=15, [ Capabilities: INTERNET&NOT_RESTRICTED&TRUSTED&NOT_VCN_MANAGED Uid: 1000 RequestorUid: 1000 RequestorPkg: android] ] applied false
05-19 10:37:34.596 975 975 D TelephonyNetworkFactory[0]: onReleaseNetworkFor NetworkRequest [ REQUEST id=28, [ Capabilities: INTERNET&NOT_RESTRICTED&TRUSTED&NOT_VCN_MANAGED Uid: 1001 RequestorUid: 1001 RequestorPkg: com.android.phone] ] applied false
05-19 10:37:34.596 975 975 D TelephonyNetworkFactory[0]: onReleaseNetworkFor NetworkRequest [ REQUEST id=32, [ Capabilities: INTERNET&NOT_RESTRICTED&TRUSTED&NOT_VCN_MANAGED Uid: 1000 RequestorUid: 1000 RequestorPkg: android] ] applied false
05-19 10:37:34.597 975 975 D TelephonyNetworkFactory[0]: onReleaseNetworkFor NetworkRequest [ REQUEST id=23, [ Capabilities: INTERNET&NOT_RESTRICTED&TRUSTED&NOT_VCN_MANAGED Uid: 1000 RequestorUid: 1000 RequestorPkg: com.android.networkstack.inprocess] ] applied false
05-19 10:37:34.597 975 975 D TelephonyNetworkFactory[0]: onReleaseNetworkFor NetworkRequest [ REQUEST id=38, [ Capabilities: INTERNET&NOT_RESTRICTED&TRUSTED&NOT_VCN_MANAGED Uid: 10023 RequestorUid: 1000 RequestorPkg: android] ] applied false
05-19 10:37:34.598 975 975 D TelephonyNetworkFactory[0]: onReleaseNetworkFor NetworkRequest [ REQUEST id=1, [ Capabilities: INTERNET&NOT_RESTRICTED&TRUSTED&NOT_VPN&NOT_VCN_MANAGED RequestorUid: 1000 RequestorPkg: android] ] applied false
05-19 10:37:34.598 975 975 D TelephonyNetworkFactory[0]: onReleaseNetworkFor NetworkRequest [ REQUEST id=36, [ Capabilities: INTERNET&NOT_RESTRICTED&TRUSTED&NOT_VCN_MANAGED Uid: 10086 RequestorUid: 1000 RequestorPkg: android] ] applied false
05-19 10:37:34.599 975 975 D TelephonyNetworkFactory[0]: onReleaseNetworkFor NetworkRequest [ REQUEST id=18, [ Capabilities: INTERNET&NOT_RESTRICTED&TRUSTED&NOT_VCN_MANAGED Uid: 10088 RequestorUid: 10088 RequestorPkg: com.android.systemui] ] applied false
05-19 10:37:34.599 975 975 D TelephonyNetworkFactory[0]: onReleaseNetworkFor NetworkRequest [ REQUEST id=20, [ Capabilities: INTERNET&NOT_RESTRICTED&TRUSTED&NOT_VCN_MANAGED Uid: 10088 RequestorUid: 10088 RequestorPkg: com.android.systemui] ] applied false
05-19 10:37:34.600 975 975 D TelephonyNetworkFactory[0]: onReleaseNetworkFor NetworkRequest [ REQUEST id=7, [ Capabilities: INTERNET&NOT_RESTRICTED&TRUSTED&NOT_VCN_MANAGED Uid: 1000 RequestorUid: 1000 RequestorPkg: android] ] applied false
05-19 10:37:34.616 627 653 W ActivityManager: Failed to clear dns cache for: com.ebensz.office.entry
05-19 10:37:34.624 627 730 W ContextImpl: Calling a method in the system process without a qualified user: android.app.ContextImpl.sendStickyBroadcast:1567 com.android.server.ConnectivityService.sendStickyBroadcast:2811 com.android.server.ConnectivityService.sendGeneralBroadcast:2786 com.android.server.ConnectivityService.sendInetConditionBroadcast:2763 com.android.server.ConnectivityService.updateInetCondition:8451
05-19 10:37:34.965 463 491 I RIL : ---> enter mainloop wait at port
05-19 10:37:34.965 463 491 D RIL-DEV : Get modem info
05-19 10:37:34.966 463 491 D RIL-DEV : [05-19_10:37:34:966] idVendor = 0bda
05-19 10:37:34.966 463 491 D RIL-DEV :
05-19 10:37:34.966 463 491 D RIL-DEV : [05-19_10:37:34:967] idVendor = 05e3
05-19 10:37:34.966 463 491 D RIL-DEV :
05-19 10:37:34.967 463 491 D RIL-DEV : [05-19_10:37:34:967] idVendor = 1d6b
05-19 10:37:34.967 463 491 D RIL-DEV :
05-19 10:37:34.967 463 491 D RIL-DEV : [05-19_10:37:34:967] idVendor = 1d6b
05-19 10:37:34.967 463 491 D RIL-DEV :
05-19 10:37:34.967 463 491 D RIL-DEV : [05-19_10:37:34:968] idVendor = 0bda
05-19 10:37:34.967 463 491 D RIL-DEV :
05-19 10:37:34.968 463 491 D RIL-DEV : [05-19_10:37:34:968] idVendor = 1d6b
05-19 10:37:34.968 463 491 D RIL-DEV :
05-19 10:37:34.968 463 491 D RIL-DEV : [05-19_10:37:34:968] idVendor = 2109
05-19 10:37:34.968 463 491 D RIL-DEV :
05-19 10:37:34.969 463 491 D RIL-DEV : [05-19_10:37:34:969] idVendor = 2109
05-19 10:37:34.969 463 491 D RIL-DEV :
05-19 10:37:34.969 463 491 D RIL-DEV : [05-19_10:37:34:969] idVendor = 1d6b
05-19 10:37:34.969 463 491 D RIL-DEV :
05-19 10:37:34.969 463 491 D RIL-DEV : [05-19_10:37:34:970] idVendor = 0bda
05-19 10:37:34.969 463 491 D RIL-DEV :
05-19 10:37:34.969 463 491 D RIL-DEV : [05-19_10:37:34:970] idVendor = 2109
05-19 10:37:34.969 463 491 D RIL-DEV :
05-19 10:37:34.970 463 491 E RIL-DEV : Cannot find Meig devices
05-19 10:37:34.970 463 491 I RIL : ---> can't find meig usb devices
05-19 10:37:35.002 1272 1272 W ContextImpl: Calling a method in the system process without a qualified user: android.app.ContextImpl.sendBroadcast:1181 android.content.ContextWrapper.sendBroadcast:479 cn.eben.newweather.DateWeatherService.a:19 cn.eben.newweather.DateWeatherService.a:0 cn.eben.newweather.DateWeatherService$1.handleMessage:7
05-19 10:37:35.354 19442 19442 W ContextImpl: Calling a method in the system process without a qualified user: android.app.ContextImpl.startService:1824 android.content.ContextWrapper.startService:774 com.ebensz.appmanager.service.UploadMyAppsInfoService$1.handleMessage:63 android.os.Handler.dispatchMessage:106 android.os.Looper.loopOnce:201
05-19 10:37:36.002 1272 1272 W ContextImpl: Calling a method in the system process without a qualified user: android.app.ContextImpl.sendBroadcast:1181 android.content.ContextWrapper.sendBroadcast:479 cn.eben.newweather.DateWeatherService.a:19 cn.eben.newweather.DateWeatherService.a:0 cn.eben.newweather.DateWeatherService$1.handleMessage:7
05-19 10:37:36.401 627 641 W ContentProviderHelper: Permission Denial: opening provider com.android.providers.contacts.ContactsProvider2 from ProcessRecord{552b742 1631:cn.eben.sync/u0a63} (pid=1631, uid=10063) requires android.permission.READ_CONTACTS or android.permission.WRITE_CONTACTS
05-19 10:37:36.826 627 641 I ActivityTaskManager: START u0 {cmp=com.ebensz.enote.meeting/.EditMeetingActivity (has extras)} from uid 10042
05-19 10:37:36.832 627 641 I wm_task_moved: [116,1,13]
05-19 10:37:36.833 627 641 I wm_set_resumed_activity: [0,com.ebensz.enote.meeting/.MeetingActivity,positionChildAt]
05-19 10:37:36.833 627 641 I wm_create_activity: [0,178972475,116,com.ebensz.enote.meeting/.EditMeetingActivity,NULL,NULL,NULL,0]
05-19 10:37:36.835 627 641 I wm_pause_activity: [0,99583964,com.ebensz.enote.meeting/.MeetingActivity,userLeaving=true,resumeTopActivity]
05-19 10:37:36.850 19414 19414 I wm_on_top_resumed_lost_called: [99583964,com.ebensz.enote.meeting.MeetingActivity,topStateChangedWhenResumed]
05-19 10:37:36.851 19414 19414 I wm_on_paused_called: [99583964,com.ebensz.enote.meeting.MeetingActivity,performPause]
05-19 10:37:36.852 627 641 W ActivityTaskManager: Tried to set launchTime (0) < mLastActivityLaunchTime (72895543)
05-19 10:37:36.852 627 641 I wm_add_to_stopping: [0,99583964,com.ebensz.enote.meeting/.MeetingActivity,makeInvisible]
05-19 10:37:36.854 627 641 I wm_restart_activity: [0,178972475,116,com.ebensz.enote.meeting/.EditMeetingActivity]
05-19 10:37:36.855 627 641 I wm_set_resumed_activity: [0,com.ebensz.enote.meeting/.EditMeetingActivity,minimalResumeActivityLocked]
05-19 10:37:36.863 627 647 I sysui_multi_action: [757,803,799,window_time_0,802,12]
05-19 10:37:36.865 627 710 I input_focus: [Focus leaving 2ea6737 com.ebensz.enote.meeting/com.ebensz.enote.meeting.MeetingActivity (server),reason=NO_WINDOW]
05-19 10:37:36.872 627 16029 I ActivityTaskManager: START u0 {act=EditMeetingActivity cmp=com.ebensz.enote.meeting/.privacy.PermissionsStorageActivity (has extras)} from uid 10042
05-19 10:37:36.873 627 16029 I wm_task_moved: [116,1,13]
05-19 10:37:36.874 627 16029 I wm_set_resumed_activity: [0,com.ebensz.enote.meeting/.EditMeetingActivity,positionChildAt]
05-19 10:37:36.874 627 16029 I wm_create_activity: [0,192411798,116,com.ebensz.enote.meeting/.privacy.PermissionsStorageActivity,EditMeetingActivity,NULL,NULL,268435456]
05-19 10:37:36.874 627 16029 I wm_pause_activity: [0,178972475,com.ebensz.enote.meeting/.EditMeetingActivity,userLeaving=true,resumeTopActivity]
05-19 10:37:36.877 627 16029 I wm_finish_activity: [0,178972475,116,com.ebensz.enote.meeting/.EditMeetingActivity,app-request]
05-19 10:37:36.877 19414 19414 I wm_on_create_called: [178972475,com.ebensz.enote.meeting.EditMeetingActivity,performCreate]
05-19 10:37:36.882 627 652 I am_pss : [19414,10042,com.ebensz.enote.meeting,94703616,86704128,0,235192320,0,2,9]
05-19 10:37:36.909 627 16029 I wm_add_to_stopping: [0,178972475,com.ebensz.enote.meeting/.EditMeetingActivity,completeFinishing]
05-19 10:37:36.910 627 16029 W ActivityTaskManager: Tried to set launchTime (0) < mLastActivityLaunchTime (72928955)
05-19 10:37:36.910 627 16029 I wm_restart_activity: [0,192411798,116,com.ebensz.enote.meeting/.privacy.PermissionsStorageActivity]
05-19 10:37:36.911 627 16029 I wm_set_resumed_activity: [0,com.ebensz.enote.meeting/.privacy.PermissionsStorageActivity,minimalResumeActivityLocked]
05-19 10:37:36.913 627 647 I sysui_multi_action: [757,803,799,window_time_0,802,0]
05-19 10:37:36.923 627 16029 I ActivityTaskManager: START u0 {act=android.content.pm.action.REQUEST_PERMISSIONS pkg=com.android.permissioncontroller cmp=com.android.permissioncontroller/.permission.ui.GrantPermissionsActivity (has extras)} from uid 10042
05-19 10:37:36.925 627 16029 I wm_task_moved: [116,1,13]
05-19 10:37:36.925 627 16029 I wm_set_resumed_activity: [0,com.ebensz.enote.meeting/.privacy.PermissionsStorageActivity,positionChildAt]
05-19 10:37:36.925 627 16029 I wm_create_activity: [0,245567981,116,com.android.permissioncontroller/.permission.ui.GrantPermissionsActivity,android.content.pm.action.REQUEST_PERMISSIONS,NULL,NULL,8388608]
05-19 10:37:36.926 627 16029 I wm_pause_activity: [0,192411798,com.ebensz.enote.meeting/.privacy.PermissionsStorageActivity,userLeaving=true,resumeTopActivity]
05-19 10:37:36.928 19414 19414 I wm_on_create_called: [192411798,com.ebensz.enote.meeting.privacy.PermissionsStorageActivity,performCreate]
05-19 10:37:36.942 19414 19414 I wm_on_start_called: [192411798,com.ebensz.enote.meeting.privacy.PermissionsStorageActivity,handleStartActivity]
05-19 10:37:36.943 19414 19414 I wm_on_resume_called: [192411798,com.ebensz.enote.meeting.privacy.PermissionsStorageActivity,RESUME_ACTIVITY]
05-19 10:37:36.952 19414 19414 I wm_on_top_resumed_gained_called: [192411798,com.ebensz.enote.meeting.privacy.PermissionsStorageActivity,topStateChangedWhenResumed]
05-19 10:37:36.953 19414 19414 I wm_on_top_resumed_lost_called: [192411798,com.ebensz.enote.meeting.privacy.PermissionsStorageActivity,topStateChangedWhenResumed]
05-19 10:37:36.953 19414 19414 I wm_on_paused_called: [192411798,com.ebensz.enote.meeting.privacy.PermissionsStorageActivity,performPause]
05-19 10:37:36.954 627 16029 W ActivityTaskManager: Tried to set launchTime (0) < mLastActivityLaunchTime (72893402)
05-19 10:37:36.955 627 16029 I wm_restart_activity: [0,245567981,116,com.android.permissioncontroller/.permission.ui.GrantPermissionsActivity]
05-19 10:37:36.956 627 16029 I wm_set_resumed_activity: [0,com.android.permissioncontroller/.permission.ui.GrantPermissionsActivity,minimalResumeActivityLocked]
05-19 10:37:36.958 627 647 I sysui_multi_action: [757,803,799,window_time_0,802,0]
05-19 10:37:36.970 463 491 I RIL : ---> enter mainloop wait at port
05-19 10:37:36.970 463 491 D RIL-DEV : Get modem info
05-19 10:37:36.970 463 491 D RIL-DEV : [05-19_10:37:36:971] idVendor = 0bda
05-19 10:37:36.970 463 491 D RIL-DEV :
05-19 10:37:36.970 463 491 D RIL-DEV : [05-19_10:37:36:971] idVendor = 05e3
05-19 10:37:36.970 463 491 D RIL-DEV :
05-19 10:37:36.970 463 491 D RIL-DEV : [05-19_10:37:36:971] idVendor = 1d6b
05-19 10:37:36.970 463 491 D RIL-DEV :
05-19 10:37:36.970 463 491 D RIL-DEV : [05-19_10:37:36:971] idVendor = 1d6b
05-19 10:37:36.970 463 491 D RIL-DEV :
05-19 10:37:36.970 463 491 D RIL-DEV : [05-19_10:37:36:971] idVendor = 0bda
05-19 10:37:36.970 463 491 D RIL-DEV :
05-19 10:37:36.971 463 491 D RIL-DEV : [05-19_10:37:36:971] idVendor = 1d6b
05-19 10:37:36.971 463 491 D RIL-DEV :
05-19 10:37:36.971 463 491 D RIL-DEV : [05-19_10:37:36:971] idVendor = 2109
05-19 10:37:36.971 463 491 D RIL-DEV :
05-19 10:37:36.971 463 491 D RIL-DEV : [05-19_10:37:36:971] idVendor = 2109
05-19 10:37:36.971 463 491 D RIL-DEV :
05-19 10:37:36.971 463 491 D RIL-DEV : [05-19_10:37:36:971] idVendor = 1d6b
05-19 10:37:36.971 463 491 D RIL-DEV :
05-19 10:37:36.971 463 491 D RIL-DEV : [05-19_10:37:36:971] idVendor = 0bda
05-19 10:37:36.971 463 491 D RIL-DEV :
05-19 10:37:36.971 463 491 D RIL-DEV : [05-19_10:37:36:972] idVendor = 2109
05-19 10:37:36.971 463 491 D RIL-DEV :
05-19 10:37:36.971 463 491 E RIL-DEV : Cannot find Meig devices
05-19 10:37:36.971 463 491 I RIL : ---> can't find meig usb devices
05-19 10:37:36.990 1860 1860 I wm_on_create_called: [245567981,com.android.permissioncontroller.permission.ui.GrantPermissionsActivity,performCreate]
05-19 10:37:36.990 1860 1860 I wm_on_start_called: [245567981,com.android.permissioncontroller.permission.ui.GrantPermissionsActivity,handleStartActivity]
05-19 10:37:36.991 1860 1860 I wm_on_resume_called: [245567981,com.android.permissioncontroller.permission.ui.GrantPermissionsActivity,RESUME_ACTIVITY]
05-19 10:37:36.994 1860 1860 I wm_on_top_resumed_gained_called: [245567981,com.android.permissioncontroller.permission.ui.GrantPermissionsActivity,topStateChangedWhenResumed]
05-19 10:37:37.000 1272 1272 W ContextImpl: Calling a method in the system process without a qualified user: android.app.ContextImpl.sendBroadcast:1181 android.content.ContextWrapper.sendBroadcast:479 cn.eben.newweather.DateWeatherService.a:19 cn.eben.newweather.DateWeatherService.a:0 cn.eben.newweather.DateWeatherService$1.handleMessage:7
05-19 10:37:37.009 627 10431 I wm_destroy_activity: [0,178972475,116,com.ebensz.enote.meeting/.EditMeetingActivity,finish-imm:idle]
05-19 10:37:37.011 19414 19414 I wm_on_destroy_called: [178972475,com.ebensz.enote.meeting.EditMeetingActivity,performDestroy]
05-19 10:37:37.029 627 648 I input_focus: [Focus request bbd939c com.android.permissioncontroller/com.android.permissioncontroller.permission.ui.GrantPermissionsActivity,reason=UpdateInputWindows]
05-19 10:37:37.035 627 644 I wm_activity_launch_time: [0,245567981,com.android.permissioncontroller/.permission.ui.GrantPermissionsActivity,210]
05-19 10:37:37.043 627 710 I input_focus: [Focus entering bbd939c com.android.permissioncontroller/com.android.permissioncontroller.permission.ui.GrantPermissionsActivity (server),reason=setFocusedWindow]
05-19 10:37:37.231 627 647 I wm_stop_activity: [0,99583964,com.ebensz.enote.meeting/.MeetingActivity]
05-19 10:37:37.278 19414 19414 I wm_on_stop_called: [99583964,com.ebensz.enote.meeting.MeetingActivity,STOP_ACTIVITY_ITEM]
05-19 10:37:37.825 627 710 I input_interaction: Interaction with: bbd939c com.android.permissioncontroller/com.android.permissioncontroller.permission.ui.GrantPermissionsActivity (server), PointerEventDispatcher0 (server),
05-19 10:37:38.002 1272 1272 W ContextImpl: Calling a method in the system process without a qualified user: android.app.ContextImpl.sendBroadcast:1181 android.content.ContextWrapper.sendBroadcast:479 cn.eben.newweather.DateWeatherService.a:19 cn.eben.newweather.DateWeatherService.a:0 cn.eben.newweather.DateWeatherService$1.handleMessage:7
05-19 10:37:38.049 627 10431 I sysui_multi_action: [757,1243,758,4,806,com.ebensz.enote.meeting,1241,android.permission.READ_CONTACTS]
05-19 10:37:38.051 627 10431 I sysui_multi_action: [757,1243,758,4,806,com.ebensz.enote.meeting,1241,android.permission.WRITE_CONTACTS]
05-19 10:37:38.052 1860 1860 I snet_event_log: [individual_permissions_requested,10042,com.ebensz.enote.meeting:com.ebensz.enote.meeting:;android.permission.READ_EXTERNAL_STORAGE|true|8961;android.permission.WRITE_EXTERNAL_STORAGE|true|8961;android.permission.ACCESS_MEDIA_LOCATION|true|897com.ebensz.enote.meeting:;android.permission.READ_CALENDAR|true|769;android.permission.WRITE_CALENDAR|true|769com.ebensz.enote.meeting:;android.permission.GET_ACCOUNTS|false|768;android.permission.READ_CONTACTS|false|768;android.permission.WRITE_CONTACTS|false|768]
05-19 10:37:38.053 627 10431 I wm_finish_activity: [0,245567981,116,com.android.permissioncontroller/.permission.ui.GrantPermissionsActivity,app-request]
05-19 10:37:38.064 627 10431 I wm_pause_activity: [0,245567981,com.android.permissioncontroller/.permission.ui.GrantPermissionsActivity,userLeaving=false,finish]
05-19 10:37:38.081 627 710 I input_focus: [Focus leaving bbd939c com.android.permissioncontroller/com.android.permissioncontroller.permission.ui.GrantPermissionsActivity (server),reason=NO_WINDOW]
05-19 10:37:38.115 1860 1860 I wm_on_top_resumed_lost_called: [245567981,com.android.permissioncontroller.permission.ui.GrantPermissionsActivity,topStateChangedWhenResumed]
05-19 10:37:38.116 1860 1860 I wm_on_paused_called: [245567981,com.android.permissioncontroller.permission.ui.GrantPermissionsActivity,performPause]
05-19 10:37:38.119 627 641 I wm_set_resumed_activity: [0,com.ebensz.enote.meeting/.privacy.PermissionsStorageActivity,resumeTopActivity]
05-19 10:37:38.119 627 641 I wm_resume_activity: [0,192411798,116,com.ebensz.enote.meeting/.privacy.PermissionsStorageActivity]
05-19 10:37:38.130 627 648 I input_focus: [Focus request f8102b3 com.ebensz.enote.meeting/com.ebensz.enote.meeting.privacy.PermissionsStorageActivity,reason=UpdateInputWindows]
05-19 10:37:38.130 627 647 I sysui_multi_action: [757,803,799,window_time_0,802,1]
05-19 10:37:38.143 627 641 I ActivityTaskManager: START u0 {act=EditMeetingActivity flg=0x10000000 cmp=com.ebensz.enote.meeting/.EditMeetingActivity (has extras)} from uid 10042
05-19 10:37:38.145 627 641 I wm_task_moved: [116,1,13]
05-19 10:37:38.145 627 641 I wm_set_resumed_activity: [0,com.ebensz.enote.meeting/.privacy.PermissionsStorageActivity,positionChildAt]
05-19 10:37:38.145 627 641 I wm_create_activity: [0,86265646,116,com.ebensz.enote.meeting/.EditMeetingActivity,EditMeetingActivity,NULL,NULL,268435456]
05-19 10:37:38.146 627 641 I wm_pause_activity: [0,192411798,com.ebensz.enote.meeting/.privacy.PermissionsStorageActivity,userLeaving=true,resumeTopActivity]
05-19 10:37:38.149 627 2096 I wm_finish_activity: [0,192411798,116,com.ebensz.enote.meeting/.privacy.PermissionsStorageActivity,app-request]
05-19 10:37:38.149 19414 19414 I wm_on_activity_result_called: [192411798,com.ebensz.enote.meeting.privacy.PermissionsStorageActivity,ACTIVITY_RESULT]
05-19 10:37:38.151 627 641 I wm_add_to_stopping: [0,192411798,com.ebensz.enote.meeting/.privacy.PermissionsStorageActivity,completeFinishing]
05-19 10:37:38.152 627 641 W ActivityTaskManager: Tried to set launchTime (0) < mLastActivityLaunchTime (72929011)
05-19 10:37:38.153 627 641 I wm_restart_activity: [0,86265646,116,com.ebensz.enote.meeting/.EditMeetingActivity]
05-19 10:37:38.154 627 641 I wm_set_resumed_activity: [0,com.ebensz.enote.meeting/.EditMeetingActivity,minimalResumeActivityLocked]
05-19 10:37:38.155 627 710 I input_focus: [Focus entering f8102b3 com.ebensz.enote.meeting/com.ebensz.enote.meeting.privacy.PermissionsStorageActivity (server),reason=setFocusedWindow]
05-19 10:37:38.157 627 647 I sysui_multi_action: [757,803,799,window_time_0,802,0]
05-19 10:37:38.181 19414 19414 I wm_on_create_called: [86265646,com.ebensz.enote.meeting.EditMeetingActivity,performCreate]
05-19 10:37:38.190 627 710 I input_focus: [Focus leaving f8102b3 com.ebensz.enote.meeting/com.ebensz.enote.meeting.privacy.PermissionsStorageActivity (server),reason=NO_WINDOW]
05-19 10:37:38.432 627 944 W PermissionManagerService: Datasource AttributionSource { uid = 10022, packageName = com.android.providers.calendar, attributionTag = null, token = android.os.BinderProxy@4b6af8f, next = android.content.AttributionSourceState@8f68663 } protecting data with platform defined runtime permission android.permission.READ_CALENDAR while not having android.permission.UPDATE_APP_OPS_STATS
05-19 10:37:38.436 19414 19414 I wm_on_start_called: [86265646,com.ebensz.enote.meeting.EditMeetingActivity,handleStartActivity]
05-19 10:37:38.437 627 10431 W PermissionManagerService: Datasource AttributionSource { uid = 10022, packageName = com.android.providers.calendar, attributionTag = null, token = android.os.BinderProxy@4b6af8f, next = android.content.AttributionSourceState@658dfde } protecting data with platform defined runtime permission android.permission.READ_CALENDAR while not having android.permission.UPDATE_APP_OPS_STATS
05-19 10:37:38.441 19414 19414 I wm_on_resume_called: [86265646,com.ebensz.enote.meeting.EditMeetingActivity,RESUME_ACTIVITY]
05-19 10:37:38.446 19414 19414 I wm_on_top_resumed_gained_called: [86265646,com.ebensz.enote.meeting.EditMeetingActivity,topStateChangedWhenResumed]
05-19 10:37:38.531 627 648 I input_focus: [Focus request 46c5edb com.ebensz.enote.meeting/com.ebensz.enote.meeting.EditMeetingActivity,reason=UpdateInputWindows]
05-19 10:37:38.567 627 644 I wm_activity_launch_time: [0,86265646,com.ebensz.enote.meeting/.EditMeetingActivity,423]
05-19 10:37:38.573 627 710 I input_focus: [Focus entering 46c5edb com.ebensz.enote.meeting/com.ebensz.enote.meeting.EditMeetingActivity (server),reason=Window became focusable. Previous reason: NOT_VISIBLE]
05-19 10:37:38.619 627 944 I wm_destroy_activity: [0,245567981,116,com.android.permissioncontroller/.permission.ui.GrantPermissionsActivity,finish-idle]
