05-19 10:55:24.003 1272 1272 W ContextImpl: Calling a method in the system process without a qualified user: android.app.ContextImpl.sendBroadcast:1181 android.content.ContextWrapper.sendBroadcast:479 cn.eben.newweather.DateWeatherService.a:19 cn.eben.newweather.DateWeatherService.a:0 cn.eben.newweather.DateWeatherService$1.handleMessage:7
05-19 10:55:24.508 463 491 I RIL : ---> enter mainloop wait at port
05-19 10:55:24.508 463 491 D RIL-DEV : Get modem info
05-19 10:55:24.509 463 491 D RIL-DEV : [05-19_10:55:24:510] idVendor = 0bda
05-19 10:55:24.509 463 491 D RIL-DEV :
05-19 10:55:24.509 463 491 D RIL-DEV : [05-19_10:55:24:510] idVendor = 05e3
05-19 10:55:24.509 463 491 D RIL-DEV :
05-19 10:55:24.510 463 491 D RIL-DEV : [05-19_10:55:24:510] idVendor = 1d6b
05-19 10:55:24.510 463 491 D RIL-DEV :
05-19 10:55:24.510 463 491 D RIL-DEV : [05-19_10:55:24:511] idVendor = 1d6b
05-19 10:55:24.510 463 491 D RIL-DEV :
05-19 10:55:24.510 463 491 D RIL-DEV : [05-19_10:55:24:511] idVendor = 0bda
05-19 10:55:24.510 463 491 D RIL-DEV :
05-19 10:55:24.511 463 491 D RIL-DEV : [05-19_10:55:24:511] idVendor = 1d6b
05-19 10:55:24.511 463 491 D RIL-DEV :
05-19 10:55:24.511 463 491 D RIL-DEV : [05-19_10:55:24:511] idVendor = 2109
05-19 10:55:24.511 463 491 D RIL-DEV :
05-19 10:55:24.511 463 491 D RIL-DEV : [05-19_10:55:24:512] idVendor = 2109
05-19 10:55:24.511 463 491 D RIL-DEV :
05-19 10:55:24.512 463 491 D RIL-DEV : [05-19_10:55:24:512] idVendor = 1d6b
05-19 10:55:24.512 463 491 D RIL-DEV :
05-19 10:55:24.512 463 491 D RIL-DEV : [05-19_10:55:24:513] idVendor = 0bda
05-19 10:55:24.512 463 491 D RIL-DEV :
05-19 10:55:24.512 463 491 D RIL-DEV : [05-19_10:55:24:513] idVendor = 2109
05-19 10:55:24.512 463 491 D RIL-DEV :
05-19 10:55:24.513 463 491 E RIL-DEV : Cannot find Meig devices
05-19 10:55:24.513 463 491 I RIL : ---> can't find meig usb devices
05-21 09:07:53.599 542 542 I : read descriptors
05-21 09:07:53.599 542 542 I : read strings
05-21 09:07:53.601 1 1 I init : processing action (sys.usb.config=adb && sys.usb.configfs=1 && sys.usb.ffs.ready=1) from (/system/etc/init/hw/init.usb.configfs.rc:20)
05-21 09:07:53.604 1 1 I init : Command 'symlink /config/usb_gadget/g1/functions/ffs.adb /config/usb_gadget/g1/configs/b.1/f1' action=sys.usb.config=adb && sys.usb.configfs=1 && sys.usb.ffs.ready=1 (/system/etc/init/hw/init.usb.configfs.rc:22) took 0ms and failed: symlink() failed: File exists
05-21 09:07:53.604 1 1 I init : Command 'write /config/usb_gadget/g1/UDC ${sys.usb.controller}' action=sys.usb.config=adb && sys.usb.configfs=1 && sys.usb.ffs.ready=1 (/system/etc/init/hw/init.usb.configfs.rc:23) took 0ms and failed: Unable to write to file '/config/usb_gadget/g1/UDC': Unable to write file contents: Device or resource busy
05-19 10:55:25.002 1272 1272 W ContextImpl: Calling a method in the system process without a qualified user: android.app.ContextImpl.sendBroadcast:1181 android.content.ContextWrapper.sendBroadcast:479 cn.eben.newweather.DateWeatherService.a:19 cn.eben.newweather.DateWeatherService.a:0 cn.eben.newweather.DateWeatherService$1.handleMessage:7
05-19 10:55:25.156 627 9940 W ContentProviderHelper: Permission Denial: opening provider com.android.providers.contacts.ContactsProvider2 from ProcessRecord{552b742 1631:cn.eben.sync/u0a63} (pid=1631, uid=10063) requires android.permission.READ_CONTACTS or android.permission.WRITE_CONTACTS
05-21 09:07:54.659 542 542 I : read descriptors
05-21 09:07:54.659 542 542 I : read strings
05-21 09:07:54.661 1 1 I init : processing action (sys.usb.config=adb && sys.usb.configfs=1 && sys.usb.ffs.ready=1) from (/system/etc/init/hw/init.usb.configfs.rc:20)
05-19 10:55:26.002 1272 1272 W ContextImpl: Calling a method in the system process without a qualified user: android.app.ContextImpl.sendBroadcast:1181 android.content.ContextWrapper.sendBroadcast:479 cn.eben.newweather.DateWeatherService.a:19 cn.eben.newweather.DateWeatherService.a:0 cn.eben.newweather.DateWeatherService$1.handleMessage:7
05-19 10:55:26.513 463 491 I RIL : ---> enter mainloop wait at port
05-19 10:55:26.513 463 491 D RIL-DEV : Get modem info
05-19 10:55:26.514 463 491 D RIL-DEV : [05-19_10:55:26:514] idVendor = 0bda
05-19 10:55:26.514 463 491 D RIL-DEV :
05-19 10:55:26.514 463 491 D RIL-DEV : [05-19_10:55:26:515] idVendor = 05e3
05-19 10:55:26.514 463 491 D RIL-DEV :
05-19 10:55:26.515 463 491 D RIL-DEV : [05-19_10:55:26:515] idVendor = 1d6b
05-19 10:55:26.515 463 491 D RIL-DEV :
05-19 10:55:26.515 463 491 D RIL-DEV : [05-19_10:55:26:515] idVendor = 1d6b
05-19 10:55:26.515 463 491 D RIL-DEV :
05-19 10:55:26.516 463 491 D RIL-DEV : [05-19_10:55:26:516] idVendor = 0bda
05-19 10:55:26.516 463 491 D RIL-DEV :
05-19 10:55:26.516 463 491 D RIL-DEV : [05-19_10:55:26:517] idVendor = 1d6b
05-19 10:55:26.516 463 491 D RIL-DEV :
05-19 10:55:26.516 463 491 D RIL-DEV : [05-19_10:55:26:517] idVendor = 2109
05-19 10:55:26.516 463 491 D RIL-DEV :
05-19 10:55:26.517 463 491 D RIL-DEV : [05-19_10:55:26:517] idVendor = 2109
05-19 10:55:26.517 463 491 D RIL-DEV :
05-19 10:55:26.517 463 491 D RIL-DEV : [05-19_10:55:26:518] idVendor = 1d6b
05-19 10:55:26.517 463 491 D RIL-DEV :
05-19 10:55:26.517 463 491 D RIL-DEV : [05-19_10:55:26:518] idVendor = 0bda
05-19 10:55:26.517 463 491 D RIL-DEV :
05-19 10:55:26.518 463 491 D RIL-DEV : [05-19_10:55:26:518] idVendor = 2109
05-19 10:55:26.518 463 491 D RIL-DEV :
05-19 10:55:26.518 463 491 E RIL-DEV : Cannot find Meig devices
05-19 10:55:26.518 463 491 I RIL : ---> can't find meig usb devices
05-21 09:07:55.702 542 542 I : read descriptors
05-21 09:07:55.702 542 542 I : read strings
05-19 10:55:27.002 1272 1272 W ContextImpl: Calling a method in the system process without a qualified user: android.app.ContextImpl.sendBroadcast:1181 android.content.ContextWrapper.sendBroadcast:479 cn.eben.newweather.DateWeatherService.a:19 cn.eben.newweather.DateWeatherService.a:0 cn.eben.newweather.DateWeatherService$1.handleMessage:7
05-21 09:07:56.749 542 542 I : read descriptors
05-21 09:07:56.749 542 542 I : read strings
05-21 09:07:56.751 1 1 I init : processing action (sys.usb.config=adb && sys.usb.configfs=1 && sys.usb.ffs.ready=1) from (/system/etc/init/hw/init.usb.configfs.rc:20)
05-21 09:07:56.753 1 1 I init : Command 'symlink /config/usb_gadget/g1/functions/ffs.adb /config/usb_gadget/g1/configs/b.1/f1' action=sys.usb.config=adb && sys.usb.configfs=1 && sys.usb.ffs.ready=1 (/system/etc/init/hw/init.usb.configfs.rc:22) took 0ms and failed: symlink() failed: File exists
05-21 09:07:56.755 1 1 I init : Command 'write /config/usb_gadget/g1/UDC ${sys.usb.controller}' action=sys.usb.config=adb && sys.usb.configfs=1 && sys.usb.ffs.ready=1 (/system/etc/init/hw/init.usb.configfs.rc:23) took 0ms and failed: Unable to write to file '/config/usb_gadget/g1/UDC': Unable to write file contents: Device or resource busy
05-19 10:55:28.002 1272 1272 W ContextImpl: Calling a method in the system process without a qualified user: android.app.ContextImpl.sendBroadcast:1181 android.content.ContextWrapper.sendBroadcast:479 cn.eben.newweather.DateWeatherService.a:19 cn.eben.newweather.DateWeatherService.a:0 cn.eben.newweather.DateWeatherService$1.handleMessage:7
05-19 10:55:28.519 463 491 I RIL : ---> enter mainloop wait at port
05-19 10:55:28.519 463 491 D RIL-DEV : Get modem info
05-19 10:55:28.519 463 491 D RIL-DEV : [05-19_10:55:28:520] idVendor = 0bda
05-19 10:55:28.519 463 491 D RIL-DEV :
05-19 10:55:28.520 463 491 D RIL-DEV : [05-19_10:55:28:520] idVendor = 05e3
05-19 10:55:28.520 463 491 D RIL-DEV :
05-19 10:55:28.520 463 491 D RIL-DEV : [05-19_10:55:28:520] idVendor = 1d6b
05-19 10:55:28.520 463 491 D RIL-DEV :
05-19 10:55:28.520 463 491 D RIL-DEV : [05-19_10:55:28:521] idVendor = 1d6b
05-19 10:55:28.520 463 491 D RIL-DEV :
05-19 10:55:28.521 463 491 D RIL-DEV : [05-19_10:55:28:521] idVendor = 0bda
05-19 10:55:28.521 463 491 D RIL-DEV :
05-19 10:55:28.521 463 491 D RIL-DEV : [05-19_10:55:28:521] idVendor = 1d6b
05-19 10:55:28.521 463 491 D RIL-DEV :
05-19 10:55:28.521 463 491 D RIL-DEV : [05-19_10:55:28:522] idVendor = 2109
05-19 10:55:28.521 463 491 D RIL-DEV :
05-19 10:55:28.522 463 491 D RIL-DEV : [05-19_10:55:28:522] idVendor = 2109
05-19 10:55:28.522 463 491 D RIL-DEV :
05-19 10:55:28.522 463 491 D RIL-DEV : [05-19_10:55:28:522] idVendor = 1d6b
05-19 10:55:28.522 463 491 D RIL-DEV :
05-19 10:55:28.523 463 491 D RIL-DEV : [05-19_10:55:28:523] idVendor = 0bda
05-19 10:55:28.523 463 491 D RIL-DEV :
05-19 10:55:28.523 463 491 D RIL-DEV : [05-19_10:55:28:524] idVendor = 2109
05-19 10:55:28.523 463 491 D RIL-DEV :
05-19 10:55:28.523 463 491 E RIL-DEV : Cannot find Meig devices
05-19 10:55:28.523 463 491 I RIL : ---> can't find meig usb devices
05-21 09:07:57.795 542 542 I : read descriptors
05-21 09:07:57.796 542 542 I : read strings
05-21 09:07:57.798 1 1 I init : processing action (sys.usb.config=adb && sys.usb.configfs=1 && sys.usb.ffs.ready=1) from (/system/etc/init/hw/init.usb.configfs.rc:20)
05-21 09:07:57.801 1 1 I init : Command 'symlink /config/usb_gadget/g1/functions/ffs.adb /config/usb_gadget/g1/configs/b.1/f1' action=sys.usb.config=adb && sys.usb.configfs=1 && sys.usb.ffs.ready=1 (/system/etc/init/hw/init.usb.configfs.rc:22) took 0ms and failed: symlink() failed: File exists
05-21 09:07:57.802 1 1 I init : Command 'write /config/usb_gadget/g1/UDC ${sys.usb.controller}' action=sys.usb.config=adb && sys.usb.configfs=1 && sys.usb.ffs.ready=1 (/system/etc/init/hw/init.usb.configfs.rc:23) took 0ms and failed: Unable to write to file '/config/usb_gadget/g1/UDC': Unable to write file contents: Device or resource busy
05-19 10:55:29.002 1272 1272 W ContextImpl: Calling a method in the system process without a qualified user: android.app.ContextImpl.sendBroadcast:1181 android.content.ContextWrapper.sendBroadcast:479 cn.eben.newweather.DateWeatherService.a:19 cn.eben.newweather.DateWeatherService.a:0 cn.eben.newweather.DateWeatherService$1.handleMessage:7
05-21 09:07:58.839 542 542 I : read descriptors
05-21 09:07:58.839 542 542 I : read strings
05-21 09:07:58.841 1 1 I init : processing action (sys.usb.config=adb && sys.usb.configfs=1 && sys.usb.ffs.ready=1) from (/system/etc/init/hw/init.usb.configfs.rc:20)
05-21 09:07:58.843 1 1 I init : Command 'symlink /config/usb_gadget/g1/functions/ffs.adb /config/usb_gadget/g1/configs/b.1/f1' action=sys.usb.config=adb && sys.usb.configfs=1 && sys.usb.ffs.ready=1 (/system/etc/init/hw/init.usb.configfs.rc:22) took 0ms and failed: symlink() failed: File exists
05-21 09:07:58.844 1 1 I init : Command 'write /config/usb_gadget/g1/UDC ${sys.usb.controller}' action=sys.usb.config=adb && sys.usb.configfs=1 && sys.usb.ffs.ready=1 (/system/etc/init/hw/init.usb.configfs.rc:23) took 0ms and failed: Unable to write to file '/config/usb_gadget/g1/UDC': Unable to write file contents: Device or resource busy
05-19 10:55:30.002 1272 1272 W ContextImpl: Calling a method in the system process without a qualified user: android.app.ContextImpl.sendBroadcast:1181 android.content.ContextWrapper.sendBroadcast:479 cn.eben.newweather.DateWeatherService.a:19 cn.eben.newweather.DateWeatherService.a:0 cn.eben.newweather.DateWeatherService$1.handleMessage:7
05-19 10:55:30.161 627 9940 W ContentProviderHelper: Permission Denial: opening provider com.android.providers.contacts.ContactsProvider2 from ProcessRecord{552b742 1631:cn.eben.sync/u0a63} (pid=1631, uid=10063) requires android.permission.READ_CONTACTS or android.permission.WRITE_CONTACTS
05-19 10:55:30.524 463 491 I RIL : ---> enter mainloop wait at port
05-19 10:55:30.524 463 491 D RIL-DEV : Get modem info
05-19 10:55:30.525 463 491 D RIL-DEV : [05-19_10:55:30:525] idVendor = 0bda
05-19 10:55:30.525 463 491 D RIL-DEV :
05-19 10:55:30.525 463 491 D RIL-DEV : [05-19_10:55:30:526] idVendor = 05e3
05-19 10:55:30.525 463 491 D RIL-DEV :
05-19 10:55:30.526 463 491 D RIL-DEV : [05-19_10:55:30:526] idVendor = 1d6b
05-19 10:55:30.526 463 491 D RIL-DEV :
05-19 10:55:30.526 463 491 D RIL-DEV : [05-19_10:55:30:526] idVendor = 1d6b
05-19 10:55:30.526 463 491 D RIL-DEV :
05-19 10:55:30.526 463 491 D RIL-DEV : [05-19_10:55:30:527] idVendor = 0bda
05-19 10:55:30.526 463 491 D RIL-DEV :
05-19 10:55:30.526 463 491 D RIL-DEV : [05-19_10:55:30:527] idVendor = 1d6b
05-19 10:55:30.526 463 491 D RIL-DEV :
05-19 10:55:30.527 463 491 D RIL-DEV : [05-19_10:55:30:527] idVendor = 2109
05-19 10:55:30.527 463 491 D RIL-DEV :
05-19 10:55:30.527 463 491 D RIL-DEV : [05-19_10:55:30:528] idVendor = 2109
05-19 10:55:30.527 463 491 D RIL-DEV :
05-19 10:55:30.527 463 491 D RIL-DEV : [05-19_10:55:30:528] idVendor = 1d6b
05-19 10:55:30.527 463 491 D RIL-DEV :
05-19 10:55:30.528 463 491 D RIL-DEV : [05-19_10:55:30:528] idVendor = 0bda
05-19 10:55:30.528 463 491 D RIL-DEV :
05-19 10:55:30.528 463 491 D RIL-DEV : [05-19_10:55:30:529] idVendor = 2109
05-19 10:55:30.528 463 491 D RIL-DEV :
05-19 10:55:30.528 463 491 E RIL-DEV : Cannot find Meig devices
05-19 10:55:30.528 463 491 I RIL : ---> can't find meig usb devices
05-21 09:07:59.889 542 542 I : read descriptors
05-21 09:07:59.889 542 542 I : read strings
05-21 09:07:59.891 1 1 I init : processing action (sys.usb.config=adb && sys.usb.configfs=1 && sys.usb.ffs.ready=1) from (/system/etc/init/hw/init.usb.configfs.rc:20)
05-19 10:55:31.002 1272 1272 W ContextImpl: Calling a method in the system process without a qualified user: android.app.ContextImpl.sendBroadcast:1181 android.content.ContextWrapper.sendBroadcast:479 cn.eben.newweather.DateWeatherService.a:19 cn.eben.newweather.DateWeatherService.a:0 cn.eben.newweather.DateWeatherService$1.handleMessage:7
05-21 09:08:00.942 542 542 I : read descriptors
05-21 09:08:00.942 542 542 I : read strings
05-19 10:55:32.003 1272 1272 W ContextImpl: Calling a method in the system process without a qualified user: android.app.ContextImpl.sendBroadcast:1181 android.content.ContextWrapper.sendBroadcast:479 cn.eben.newweather.DateWeatherService.a:19 cn.eben.newweather.DateWeatherService.a:0 cn.eben.newweather.DateWeatherService$1.handleMessage:7
05-19 10:55:32.529 463 491 I RIL : ---> enter mainloop wait at port
05-19 10:55:32.529 463 491 D RIL-DEV : Get modem info
05-19 10:55:32.530 463 491 D RIL-DEV : [05-19_10:55:32:530] idVendor = 0bda
05-19 10:55:32.530 463 491 D RIL-DEV :
05-19 10:55:32.530 463 491 D RIL-DEV : [05-19_10:55:32:530] idVendor = 05e3
05-19 10:55:32.530 463 491 D RIL-DEV :
05-19 10:55:32.530 463 491 D RIL-DEV : [05-19_10:55:32:531] idVendor = 1d6b
05-19 10:55:32.530 463 491 D RIL-DEV :
05-19 10:55:32.530 463 491 D RIL-DEV : [05-19_10:55:32:531] idVendor = 1d6b
05-19 10:55:32.530 463 491 D RIL-DEV :
05-19 10:55:32.531 463 491 D RIL-DEV : [05-19_10:55:32:531] idVendor = 0bda
05-19 10:55:32.531 463 491 D RIL-DEV :
05-19 10:55:32.531 463 491 D RIL-DEV : [05-19_10:55:32:532] idVendor = 1d6b
05-19 10:55:32.531 463 491 D RIL-DEV :
05-19 10:55:32.531 463 491 D RIL-DEV : [05-19_10:55:32:532] idVendor = 2109
05-19 10:55:32.531 463 491 D RIL-DEV :
05-19 10:55:32.533 463 491 D RIL-DEV : [05-19_10:55:32:533] idVendor = 2109
05-19 10:55:32.533 463 491 D RIL-DEV :
05-19 10:55:32.533 463 491 D RIL-DEV : [05-19_10:55:32:533] idVendor = 1d6b
05-19 10:55:32.533 463 491 D RIL-DEV :
05-19 10:55:32.533 463 491 D RIL-DEV : [05-19_10:55:32:534] idVendor = 0bda
05-19 10:55:32.533 463 491 D RIL-DEV :
05-19 10:55:32.534 463 491 D RIL-DEV : [05-19_10:55:32:534] idVendor = 2109
05-19 10:55:32.534 463 491 D RIL-DEV :
05-19 10:55:32.534 463 491 E RIL-DEV : Cannot find Meig devices
05-19 10:55:32.534 463 491 I RIL : ---> can't find meig usb devices
05-21 09:08:01.979 542 542 I : read descriptors
05-21 09:08:01.979 542 542 I : read strings
05-21 09:08:01.981 1 1 I init : processing action (sys.usb.config=adb && sys.usb.configfs=1 && sys.usb.ffs.ready=1) from (/system/etc/init/hw/init.usb.configfs.rc:20)
05-21 09:08:01.983 1 1 I init : Command 'symlink /config/usb_gadget/g1/functions/ffs.adb /config/usb_gadget/g1/configs/b.1/f1' action=sys.usb.config=adb && sys.usb.configfs=1 && sys.usb.ffs.ready=1 (/system/etc/init/hw/init.usb.configfs.rc:22) took 0ms and failed: symlink() failed: File exists
05-21 09:08:01.984 1 1 I init : Command 'write /config/usb_gadget/g1/UDC ${sys.usb.controller}' action=sys.usb.config=adb && sys.usb.configfs=1 && sys.usb.ffs.ready=1 (/system/etc/init/hw/init.usb.configfs.rc:23) took 0ms and failed: Unable to write to file '/config/usb_gadget/g1/UDC': Unable to write file contents: Device or resource busy
05-19 10:55:33.001 1272 1272 W ContextImpl: Calling a method in the system process without a qualified user: android.app.ContextImpl.sendBroadcast:1181 android.content.ContextWrapper.sendBroadcast:479 cn.eben.newweather.DateWeatherService.a:19 cn.eben.newweather.DateWeatherService.a:0 cn.eben.newweather.DateWeatherService$1.handleMessage:7
05-19 10:55:34.000 1272 1272 W ContextImpl: Calling a method in the system process without a qualified user: android.app.ContextImpl.sendBroadcast:1181 android.content.ContextWrapper.sendBroadcast:479 cn.eben.newweather.DateWeatherService.a:19 cn.eben.newweather.DateWeatherService.a:0 cn.eben.newweather.DateWeatherService$1.handleMessage:7
05-21 09:08:03.032 542 542 I : read descriptors
05-21 09:08:03.032 542 542 I : read strings
05-21 09:08:03.035 1 1 I init : processing action (sys.usb.config=adb && sys.usb.configfs=1 && sys.usb.ffs.ready=1) from (/system/etc/init/hw/init.usb.configfs.rc:20)
05-21 09:08:03.036 1 1 I init : Command 'symlink /config/usb_gadget/g1/functions/ffs.adb /config/usb_gadget/g1/configs/b.1/f1' action=sys.usb.config=adb && sys.usb.configfs=1 && sys.usb.ffs.ready=1 (/system/etc/init/hw/init.usb.configfs.rc:22) took 0ms and failed: symlink() failed: File exists
05-21 09:08:03.037 1 1 I init : Command 'write /config/usb_gadget/g1/UDC ${sys.usb.controller}' action=sys.usb.config=adb && sys.usb.configfs=1 && sys.usb.ffs.ready=1 (/system/etc/init/hw/init.usb.configfs.rc:23) took 0ms and failed: Unable to write to file '/config/usb_gadget/g1/UDC': Unable to write file contents: Device or resource busy
05-19 10:55:34.534 463 491 I RIL : ---> enter mainloop wait at port
05-19 10:55:34.534 463 491 D RIL-DEV : Get modem info
05-19 10:55:34.535 463 491 D RIL-DEV : [05-19_10:55:34:536] idVendor = 0bda
05-19 10:55:34.535 463 491 D RIL-DEV :
05-19 10:55:34.536 463 491 D RIL-DEV : [05-19_10:55:34:536] idVendor = 05e3
05-19 10:55:34.536 463 491 D RIL-DEV :
05-19 10:55:34.536 463 491 D RIL-DEV : [05-19_10:55:34:536] idVendor = 1d6b
05-19 10:55:34.536 463 491 D RIL-DEV :
05-19 10:55:34.536 463 491 D RIL-DEV : [05-19_10:55:34:537] idVendor = 1d6b
05-19 10:55:34.536 463 491 D RIL-DEV :
05-19 10:55:34.536 463 491 D RIL-DEV : [05-19_10:55:34:537] idVendor = 0bda
05-19 10:55:34.536 463 491 D RIL-DEV :
05-19 10:55:34.537 463 491 D RIL-DEV : [05-19_10:55:34:537] idVendor = 1d6b
05-19 10:55:34.537 463 491 D RIL-DEV :
05-19 10:55:34.537 463 491 D RIL-DEV : [05-19_10:55:34:538] idVendor = 2109
05-19 10:55:34.537 463 491 D RIL-DEV :
05-19 10:55:34.538 463 491 D RIL-DEV : [05-19_10:55:34:538] idVendor = 2109
05-19 10:55:34.538 463 491 D RIL-DEV :
05-19 10:55:34.538 463 491 D RIL-DEV : [05-19_10:55:34:538] idVendor = 1d6b
05-19 10:55:34.538 463 491 D RIL-DEV :
05-19 10:55:34.538 463 491 D RIL-DEV : [05-19_10:55:34:539] idVendor = 0bda
05-19 10:55:34.538 463 491 D RIL-DEV :
05-19 10:55:34.538 463 491 D RIL-DEV : [05-19_10:55:34:539] idVendor = 2109
05-19 10:55:34.538 463 491 D RIL-DEV :
05-19 10:55:34.539 463 491 E RIL-DEV : Cannot find Meig devices
05-19 10:55:34.539 463 491 I RIL : ---> can't find meig usb devices
05-19 10:55:35.000 1272 1272 W ContextImpl: Calling a method in the system process without a qualified user: android.app.ContextImpl.sendBroadcast:1181 android.content.ContextWrapper.sendBroadcast:479 cn.eben.newweather.DateWeatherService.a:19 cn.eben.newweather.DateWeatherService.a:0 cn.eben.newweather.DateWeatherService$1.handleMessage:7
05-21 09:08:04.092 542 542 I : read descriptors
05-21 09:08:04.092 542 542 I : read strings
05-21 09:08:04.094 1 1 I init : processing action (sys.usb.config=adb && sys.usb.configfs=1 && sys.usb.ffs.ready=1) from (/system/etc/init/hw/init.usb.configfs.rc:20)
05-21 09:08:04.097 1 1 I init : Command 'symlink /config/usb_gadget/g1/functions/ffs.adb /config/usb_gadget/g1/configs/b.1/f1' action=sys.usb.config=adb && sys.usb.configfs=1 && sys.usb.ffs.ready=1 (/system/etc/init/hw/init.usb.configfs.rc:22) took 1ms and failed: symlink() failed: File exists
05-21 09:08:04.097 1 1 I init : Command 'write /config/usb_gadget/g1/UDC ${sys.usb.controller}' action=sys.usb.config=adb && sys.usb.configfs=1 && sys.usb.ffs.ready=1 (/system/etc/init/hw/init.usb.configfs.rc:23) took 0ms and failed: Unable to write to file '/config/usb_gadget/g1/UDC': Unable to write file contents: Device or resource busy
05-19 10:55:35.165 627 9940 W ContentProviderHelper: Permission Denial: opening provider com.android.providers.contacts.ContactsProvider2 from ProcessRecord{552b742 1631:cn.eben.sync/u0a63} (pid=1631, uid=10063) requires android.permission.READ_CONTACTS or android.permission.WRITE_CONTACTS
05-19 10:55:35.272 627 668 V DisplayPowerController[0]: Brightness [0.05] reason changing to: 'manual [ dim ]', previous reason: 'manual'.
05-19 10:55:35.273 627 668 I sysui_multi_action: [757,1696,758,6,759,2]
05-19 10:55:36.002 1272 1272 W ContextImpl: Calling a method in the system process without a qualified user: android.app.ContextImpl.sendBroadcast:1181 android.content.ContextWrapper.sendBroadcast:479 cn.eben.newweather.DateWeatherService.a:19 cn.eben.newweather.DateWeatherService.a:0 cn.eben.newweather.DateWeatherService$1.handleMessage:7
05-21 09:08:05.129 542 542 I : read descriptors
05-21 09:08:05.129 542 542 I : read strings
05-21 09:08:05.131 1 1 I init : processing action (sys.usb.config=adb && sys.usb.configfs=1 && sys.usb.ffs.ready=1) from (/system/etc/init/hw/init.usb.configfs.rc:20)
05-19 10:55:36.539 463 491 I RIL : ---> enter mainloop wait at port
05-19 10:55:36.539 463 491 D RIL-DEV : Get modem info
05-19 10:55:36.540 463 491 D RIL-DEV : [05-19_10:55:36:540] idVendor = 0bda
05-19 10:55:36.540 463 491 D RIL-DEV :
05-19 10:55:36.540 463 491 D RIL-DEV : [05-19_10:55:36:541] idVendor = 05e3
05-19 10:55:36.540 463 491 D RIL-DEV :
05-19 10:55:36.541 463 491 D RIL-DEV : [05-19_10:55:36:541] idVendor = 1d6b
05-19 10:55:36.541 463 491 D RIL-DEV :
05-19 10:55:36.541 463 491 D RIL-DEV : [05-19_10:55:36:541] idVendor = 1d6b
05-19 10:55:36.541 463 491 D RIL-DEV :
05-19 10:55:36.541 463 491 D RIL-DEV : [05-19_10:55:36:542] idVendor = 0bda
05-19 10:55:36.541 463 491 D RIL-DEV :
05-19 10:55:36.542 463 491 D RIL-DEV : [05-19_10:55:36:542] idVendor = 1d6b
05-19 10:55:36.542 463 491 D RIL-DEV :
05-19 10:55:36.542 463 491 D RIL-DEV : [05-19_10:55:36:542] idVendor = 2109
05-19 10:55:36.542 463 491 D RIL-DEV :
05-19 10:55:36.543 463 491 D RIL-DEV : [05-19_10:55:36:543] idVendor = 2109
05-19 10:55:36.543 463 491 D RIL-DEV :
05-19 10:55:36.543 463 491 D RIL-DEV : [05-19_10:55:36:543] idVendor = 1d6b
05-19 10:55:36.543 463 491 D RIL-DEV :
05-19 10:55:36.543 463 491 D RIL-DEV : [05-19_10:55:36:544] idVendor = 0bda
05-19 10:55:36.543 463 491 D RIL-DEV :
05-19 10:55:36.544 463 491 D RIL-DEV : [05-19_10:55:36:544] idVendor = 2109
05-19 10:55:36.544 463 491 D RIL-DEV :
05-19 10:55:36.544 463 491 E RIL-DEV : Cannot find Meig devices
05-19 10:55:36.544 463 491 I RIL : ---> can't find meig usb devices
05-19 10:55:37.002 1272 1272 W ContextImpl: Calling a method in the system process without a qualified user: android.app.ContextImpl.sendBroadcast:1181 android.content.ContextWrapper.sendBroadcast:479 cn.eben.newweather.DateWeatherService.a:19 cn.eben.newweather.DateWeatherService.a:0 cn.eben.newweather.DateWeatherService$1.handleMessage:7
05-21 09:08:06.166 542 542 I : read descriptors
05-21 09:08:06.166 542 542 I : read strings
05-19 10:55:38.002 1272 1272 W ContextImpl: Calling a method in the system process without a qualified user: android.app.ContextImpl.sendBroadcast:1181 android.content.ContextWrapper.sendBroadcast:479 cn.eben.newweather.DateWeatherService.a:19 cn.eben.newweather.DateWeatherService.a:0 cn.eben.newweather.DateWeatherService$1.handleMessage:7
05-21 09:08:07.205 542 542 I : read descriptors
05-21 09:08:07.206 542 542 I : read strings
05-21 09:08:07.208 1 1 I init : processing action (sys.usb.config=adb && sys.usb.configfs=1 && sys.usb.ffs.ready=1) from (/system/etc/init/hw/init.usb.configfs.rc:20)
05-21 09:08:07.210 1 1 I init : Command 'symlink /config/usb_gadget/g1/functions/ffs.adb /config/usb_gadget/g1/configs/b.1/f1' action=sys.usb.config=adb && sys.usb.configfs=1 && sys.usb.ffs.ready=1 (/system/etc/init/hw/init.usb.configfs.rc:22) took 0ms and failed: symlink() failed: File exists
05-21 09:08:07.210 1 1 I init : Command 'write /config/usb_gadget/g1/UDC ${sys.usb.controller}' action=sys.usb.config=adb && sys.usb.configfs=1 && sys.usb.ffs.ready=1 (/system/etc/init/hw/init.usb.configfs.rc:23) took 0ms and failed: Unable to write to file '/config/usb_gadget/g1/UDC': Unable to write file contents: Device or resource busy
05-19 10:55:38.266 627 668 I PowerManagerService: Powering off display group due to timeout (groupId= 0, uid= 1000)...
05-19 10:55:38.266 627 668 I PowerManagerService: Going to sleep due to timeout (uid 1000)...
05-19 10:55:38.268 627 668 I power_sleep_requested: 0
05-19 10:55:38.312 627 652 I am_pss : [18892,10078,com.android.gallery3d,84758528,78159872,0,233652224,0,2,24]
05-19 10:55:38.337 627 652 I am_pss : [19268,10068,com.ebensz.enote.calendar,109324288,102461440,0,259969024,0,4,19]
05-19 10:55:38.345 627 652 I am_pss : [19356,10023,com.android.statementservice,9886720,7299072,0,100552704,0,19,7]
05-19 10:55:38.346 627 668 V DisplayPowerController[0]: Brightness [0.5472441] reason changing to: 'manual', previous reason: 'manual [ dim ]'.
05-19 10:55:38.346 627 668 I sysui_multi_action: [757,1696,758,6,759,0]
05-19 10:55:38.544 463 491 I RIL : ---> enter mainloop wait at port
05-19 10:55:38.545 463 491 D RIL-DEV : Get modem info
05-19 10:55:38.545 463 491 D RIL-DEV : [05-19_10:55:38:546] idVendor = 0bda
05-19 10:55:38.545 463 491 D RIL-DEV :
05-19 10:55:38.546 463 491 D RIL-DEV : [05-19_10:55:38:546] idVendor = 05e3
05-19 10:55:38.546 463 491 D RIL-DEV :
05-19 10:55:38.546 463 491 D RIL-DEV : [05-19_10:55:38:547] idVendor = 1d6b
05-19 10:55:38.546 463 491 D RIL-DEV :
05-19 10:55:38.546 463 491 D RIL-DEV : [05-19_10:55:38:547] idVendor = 1d6b
05-19 10:55:38.546 463 491 D RIL-DEV :
05-19 10:55:38.547 463 491 D RIL-DEV : [05-19_10:55:38:547] idVendor = 0bda
05-19 10:55:38.547 463 491 D RIL-DEV :
05-19 10:55:38.547 463 491 D RIL-DEV : [05-19_10:55:38:548] idVendor = 1d6b
05-19 10:55:38.547 463 491 D RIL-DEV :
05-19 10:55:38.548 463 491 D RIL-DEV : [05-19_10:55:38:548] idVendor = 2109
05-19 10:55:38.548 463 491 D RIL-DEV :
05-19 10:55:38.548 463 491 D RIL-DEV : [05-19_10:55:38:549] idVendor = 2109
05-19 10:55:38.548 463 491 D RIL-DEV :
05-19 10:55:38.548 463 491 D RIL-DEV : [05-19_10:55:38:549] idVendor = 1d6b
05-19 10:55:38.548 463 491 D RIL-DEV :
05-19 10:55:38.549 463 491 D RIL-DEV : [05-19_10:55:38:549] idVendor = 0bda
05-19 10:55:38.549 463 491 D RIL-DEV :
05-19 10:55:38.549 463 491 D RIL-DEV : [05-19_10:55:38:550] idVendor = 2109
05-19 10:55:38.549 463 491 D RIL-DEV :
05-19 10:55:38.550 463 491 E RIL-DEV : Cannot find Meig devices
05-19 10:55:38.550 463 491 I RIL : ---> can't find meig usb devices
05-19 10:55:38.797 627 668 I DisplayPowerController[0]: Blocking screen off
05-19 10:55:38.797 627 668 I DisplayPowerController[0]: Unblocked screen off after 0 ms
05-19 10:55:38.826 627 668 D ActivityTaskManager: Top Process State changed to PROCESS_STATE_TOP_SLEEPING
05-19 10:55:38.827 627 668 I wm_pause_activity: [0,77012716,com.android.gallery3d/.filtershow.FilterShowActivity,userLeaving=false,sleep]
05-19 10:55:38.828 18892 18892 I wm_on_top_resumed_lost_called: [77012716,com.android.gallery3d.filtershow.FilterShowActivity,topStateChangedWhenResumed]
05-19 10:55:38.829 18892 18892 I wm_on_paused_called: [77012716,com.android.gallery3d.filtershow.FilterShowActivity,performPause]
05-21 09:08:07.828 468 468 I gsensor_mxc6655 5-0015: set sensor poll time to 200ms
05-19 10:55:38.831 627 2096 I wm_add_to_stopping: [0,77012716,com.android.gallery3d/.filtershow.FilterShowActivity,completePauseLocked]
05-19 10:55:38.839 627 647 I wm_stop_activity: [0,77012716,com.android.gallery3d/.filtershow.FilterShowActivity]
05-19 10:55:38.839 627 647 I sysui_multi_action: [757,803,799,window_time_0,802,189]
05-19 10:55:38.843 627 668 V DisplayPowerController[0]: Brightness [0.003937008] reason changing to: 'screen_off', previous reason: 'manual'.
05-19 10:55:38.844 627 647 I DisplayDeviceRepository: Display device changed state: "内置屏幕", OFF
05-19 10:55:38.871 18892 18892 I wm_on_stop_called: [77012716,com.android.gallery3d.filtershow.FilterShowActivity,STOP_ACTIVITY_ITEM]
05-19 10:55:39.002 1272 1272 W ContextImpl: Calling a method in the system process without a qualified user: android.app.ContextImpl.sendBroadcast:1181 android.content.ContextWrapper.sendBroadcast:479 cn.eben.newweather.DateWeatherService.a:19 cn.eben.newweather.DateWeatherService.a:0 cn.eben.newweather.DateWeatherService$1.handleMessage:7
05-21 09:08:08.195 352 352 I rockchip-vop2 fdd90000.vop: [drm:vop2_crtc_atomic_disable] Crtc atomic disable vp2
05-21 09:08:08.207 352 352 E rockchip-vop2 fdd90000.vop: [drm:vop2_crtc_atomic_disable] *ERROR* unexpected power on pd7
05-19 10:55:39.212 627 710 I input_focus: [Focus leaving 8e4aba2 com.android.gallery3d/com.android.gallery3d.filtershow.FilterShowActivity (server),reason=NO_WINDOW]
05-19 10:55:39.214 627 668 I PowerManagerService: Sleeping display group (groupId=0, uid=1000)...
05-19 10:55:39.214 627 668 I PowerManagerService: Sleeping (uid 1000)...
05-19 10:55:39.215 627 627 I sysui_multi_action: [757,198,758,2,759,3,1359,949,1695,2]
05-19 10:55:39.216 627 627 I power_screen_state: [0,3,0,0,949]
05-19 10:55:39.216 627 627 I screen_toggled: 0
05-19 10:55:39.216 627 627 I sysui_multi_action: [757,804,799,screen_timeout,801,15,802,1]
05-19 10:55:39.216 627 627 I sysui_multi_action: [757,1594,758,4,759,-2147483648,1359,200325]
05-19 10:55:39.216 627 627 I power_screen_broadcast_send: 1
05-19 10:55:39.244 627 627 I battery_saving_stats: [0,1,0,200831,0,0,59770661,0,-6]
05-19 10:55:39.248 975 975 D DCT-C-0 : screen off
05-19 10:55:39.248 975 975 D DCT-C-0 : stopNetStatPoll
05-19 10:55:39.265 627 1068 W ActivityManager: Ignoring request to force stop protected package u0
05-19 10:55:39.271 627 627 I power_screen_broadcast_done: [0,54,1]
05-21 09:08:08.276 542 542 I : read descriptors
05-21 09:08:08.276 542 542 I : read strings
05-21 09:08:08.279 1 1 I init : processing action (sys.usb.config=adb && sys.usb.configfs=1 && sys.usb.ffs.ready=1) from (/system/etc/init/hw/init.usb.configfs.rc:20)
05-21 09:08:08.282 1 1 I init : Command 'symlink /config/usb_gadget/g1/functions/ffs.adb /config/usb_gadget/g1/configs/b.1/f1' action=sys.usb.config=adb && sys.usb.configfs=1 && sys.usb.ffs.ready=1 (/system/etc/init/hw/init.usb.configfs.rc:22) took 1ms and failed: symlink() failed: File exists
05-21 09:08:08.283 1 1 I init : Command 'write /config/usb_gadget/g1/UDC ${sys.usb.controller}' action=sys.usb.config=adb && sys.usb.configfs=1 && sys.usb.ffs.ready=1 (/system/etc/init/hw/init.usb.configfs.rc:23) took 1ms and failed: Unable to write to file '/config/usb_gadget/g1/UDC': Unable to write file contents: Device or resource busy
05-21 09:08:08.372 2551 2551 I PM : suspend entry (deep)
05-21 09:08:08.405 2551 2551 I Filesystems sync: 0.033 seconds
05-19 10:56:02.218 463 491 I RIL : ---> enter mainloop wait at port
05-19 10:56:02.218 463 491 D RIL-DEV : Get modem info
05-19 10:56:02.219 1272 1272 W ContextImpl: Calling a method in the system process without a qualified user: android.app.ContextImpl.sendBroadcast:1181 android.content.ContextWrapper.sendBroadcast:479 cn.eben.newweather.DateWeatherService.a:19 cn.eben.newweather.DateWeatherService.a:0 cn.eben.newweather.DateWeatherService$1.handleMessage:7
05-21 09:08:08.405 2551 2551 I : Freezing user space processes ... (elapsed 0.008 seconds) done.
05-21 09:08:08.413 2551 2551 I : OOM killer disabled.
05-21 09:08:08.413 2551 2551 I : Freezing remaining freezable tasks ... (elapsed 0.084 seconds) done.
05-19 10:56:02.221 627 16764 W ContentProviderHelper: Permission Denial: opening provider com.android.providers.contacts.ContactsProvider2 from ProcessRecord{552b742 1631:cn.eben.sync/u0a63} (pid=1631, uid=10063) requires android.permission.READ_CONTACTS or android.permission.WRITE_CONTACTS
05-21 09:08:08.498 2551 2551 I printk : Suspending console(s) (use no_console_suspend to debug)
05-21 09:08:08.577 2551 2551 E regulator-dummy: Underflow of regulator enable count
05-21 09:08:08.577 2551 2551 E wacom_i2c 4-0009: disable regulator failed -22
05-21 09:08:08.814 2551 2551 I : Disabling non-boot CPUs ...
05-21 09:08:08.815 2551 2551 I psci : CPU1 killed (polled 0 ms)
05-21 09:08:08.817 2551 2551 I psci : CPU2 killed (polled 0 ms)
05-21 09:08:08.819 2551 2551 I psci : CPU3 killed (polled 0 ms)
05-21 09:08:08.821 2551 2551 I psci : CPU4 killed (polled 4 ms)
05-21 09:08:08.825 2551 2551 I psci : CPU5 killed (polled 4 ms)
05-21 09:08:08.828 2551 2551 I psci : CPU6 killed (polled 0 ms)
05-21 09:08:08.831 2551 2551 I psci : CPU7 killed (polled 0 ms)
05-21 09:08:29.548 0 0 W [ C0] PM: pm_system_irq_wakeup: 114 triggered hym8563
05-21 09:08:29.548 2551 2551 I : Enabling non-boot CPUs ...
05-21 09:08:29.549 0 0 I : Detected VIPT I-cache on CPU1
05-21 09:08:29.549 0 0 I GICv3 : CPU1: found redistributor 100 region 0:0x00000000fe6a0000
05-21 09:08:29.549 0 0 I CPU1 : Booted secondary processor 0x0000000100 [0x412fd050]
05-21 09:08:29.550 2551 2551 I : CPU1 is up
05-21 09:08:29.551 0 0 I : Detected VIPT I-cache on CPU2
05-21 09:08:29.551 0 0 I GICv3 : CPU2: found redistributor 200 region 0:0x00000000fe6c0000
05-21 09:08:29.551 0 0 I CPU2 : Booted secondary processor 0x0000000200 [0x412fd050]
05-21 09:08:29.552 2551 2551 I : CPU2 is up
05-21 09:08:29.553 0 0 I : Detected VIPT I-cache on CPU3
05-21 09:08:29.553 0 0 I GICv3 : CPU3: found redistributor 300 region 0:0x00000000fe6e0000
05-21 09:08:29.553 0 0 I CPU3 : Booted secondary processor 0x0000000300 [0x412fd050]
05-21 09:08:29.553 2551 2551 I : CPU3 is up
05-19 10:56:02.233 463 491 D RIL-DEV : [05-19_10:56:02:233] idVendor = 0bda
05-19 10:56:02.233 463 491 D RIL-DEV :
05-19 10:56:02.233 463 491 D RIL-DEV : [05-19_10:56:02:234] idVendor = 05e3
05-19 10:56:02.233 463 491 D RIL-DEV :
05-19 10:56:02.234 463 491 D RIL-DEV : [05-19_10:56:02:234] idVendor = 1d6b
05-19 10:56:02.234 463 491 D RIL-DEV :
05-19 10:56:02.234 463 491 D RIL-DEV : [05-19_10:56:02:235] idVendor = 1d6b
05-19 10:56:02.234 463 491 D RIL-DEV :
05-19 10:56:02.235 463 491 D RIL-DEV : [05-19_10:56:02:235] idVendor = 0bda
05-19 10:56:02.235 463 491 D RIL-DEV :
05-19 10:56:02.235 463 491 D RIL-DEV : [05-19_10:56:02:235] idVendor = 1d6b
05-19 10:56:02.235 463 491 D RIL-DEV :
05-19 10:56:02.235 463 491 D RIL-DEV : [05-19_10:56:02:236] idVendor = 2109
05-19 10:56:02.235 463 491 D RIL-DEV :
05-19 10:56:02.236 463 491 D RIL-DEV : [05-19_10:56:02:236] idVendor = 1d6b
05-19 10:56:02.236 463 491 D RIL-DEV :
05-19 10:56:02.236 463 491 D RIL-DEV : [05-19_10:56:02:237] idVendor = 0bda
05-19 10:56:02.236 463 491 D RIL-DEV :
05-19 10:56:02.236 463 491 D RIL-DEV : [05-19_10:56:02:237] idVendor = 2109
05-19 10:56:02.236 463 491 D RIL-DEV :
05-19 10:56:02.237 463 491 E RIL-DEV : Cannot find Meig devices
05-21 09:08:29.554 0 0 I : Detected PIPT I-cache on CPU4
05-21 09:08:29.554 0 0 I GICv3 : CPU4: found redistributor 400 region 0:0x00000000fe700000
05-21 09:08:29.554 0 0 I CPU4 : Booted secondary processor 0x0000000400 [0x414fd0b0]
05-21 09:08:29.555 2551 2551 I : CPU4 is up
05-21 09:08:29.556 0 0 I : Detected PIPT I-cache on CPU5
05-21 09:08:29.556 0 0 I GICv3 : CPU5: found redistributor 500 region 0:0x00000000fe720000
05-21 09:08:29.556 0 0 I CPU5 : Booted secondary processor 0x0000000500 [0x414fd0b0]
05-21 09:08:29.557 2551 2551 I : CPU5 is up
05-21 09:08:29.558 0 0 I : Detected PIPT I-cache on CPU6
05-21 09:08:29.558 0 0 I GICv3 : CPU6: found redistributor 600 region 0:0x00000000fe740000
05-19 10:56:02.239 463 491 I RIL : ---> can't find meig usb devices
05-21 09:08:29.558 0 0 I CPU6 : Booted secondary processor 0x0000000600 [0x414fd0b0]
05-21 09:08:29.559 2551 2551 I : CPU6 is up
05-21 09:08:29.560 0 0 I : Detected PIPT I-cache on CPU7
05-21 09:08:29.560 0 0 I GICv3 : CPU7: found redistributor 700 region 0:0x00000000fe760000
05-21 09:08:29.560 0 0 I CPU7 : Booted secondary processor 0x0000000700 [0x414fd0b0]
05-21 09:08:29.561 2551 2551 I : CPU7 is up
05-21 09:08:29.568 2551 2551 I rk_gmac-dwmac fe1c0000.ethernet: init for RGMII
05-21 09:08:29.569 20100 20100 I usb1 : root hub lost power or was reset
05-21 09:08:29.577 20095 20095 I usb3 : root hub lost power or was reset
05-21 09:08:29.577 20095 20095 I usb4 : root hub lost power or was reset
05-21 09:08:29.579 2551 2551 E PM : dpm_run_callback(): wacom_i2c_resume+0x0/0xdc returns -6
05-21 09:08:29.579 2551 2551 E PM : Device 4-0009 failed to resume: error -6
05-21 09:08:29.641 2551 2551 I usb2 : root hub lost power or was reset
05-21 09:08:29.824 20088 20088 I usb 4-1 : reset SuperSpeed Gen 1 USB device number 2 using xhci-hcd
05-21 09:08:29.964 20107 20107 I usb 3-1 : reset high-speed USB device number 2 using xhci-hcd
05-21 09:08:30.478 20116 20116 I usb 4-1.3: reset SuperSpeed Gen 1 USB device number 3 using xhci-hcd
05-21 09:08:30.574 17875 17875 I usb 4-1.4: reset SuperSpeed Gen 1 USB device number 4 using xhci-hcd
05-21 09:08:30.612 9441 9441 I r8152 4-1.4: 1.0: skip request firmware
05-21 09:08:30.664 20099 20099 I usb 4-1.1: reset SuperSpeed Gen 1 USB device number 5 using xhci-hcd
05-21 09:08:30.887 17830 17830 I usb 3-1.3: reset high-speed USB device number 3 using xhci-hcd
05-21 09:08:31.107 20098 20098 I usb 3-1.5: reset high-speed USB device number 26 using xhci-hcd
05-21 09:08:31.198 20098 20098 E PM : dpm_run_callback(): usb_dev_resume+0x0/0x28 returns -5
05-21 09:08:31.198 20098 20098 E PM : Device 3-1.5 failed to resume async: error -5
05-21 09:08:31.202 2551 2551 I : OOM killer enabled.
05-21 09:08:31.202 2551 2551 I : Restarting tasks ...
05-21 09:08:31.205 20120 20120 I usb 3-1.5: USB disconnect, device number 26
05-21 09:08:31.220 2551 2551 W : done.
05-21 09:08:31.239 9441 9441 I : mmc_host mmc0: Bus speed (slot 0) = 400000Hz (slot req 400000Hz, actual 400000HZ div = 0)
05-21 09:08:51.956 440 440 W healthd : battery l=100 v=8700 t=26.5 h=1 st=5 c=0 fc=9700000 cc=0 chg=u
05-21 09:08:51.958 2551 2551 I : Resume caused by IRQ 114, hym8563
05-21 09:08:51.958 2551 2551 I PM : suspend exit
05-21 09:08:51.989 9441 9441 I : mmc_host mmc0: Bus speed (slot 0) = 300000Hz (slot req 300000Hz, actual 300000HZ div = 0)
05-21 09:08:52.026 9441 9441 I : mmc_host mmc0: Bus speed (slot 0) = 200000Hz (slot req 200000Hz, actual 200000HZ div = 0)
05-19 10:56:02.315 627 780 I PowerManagerService: Powering on display group fromAsleep (groupId=0, uid=1000, reason=WAKE_REASON_USBDEV_REMOVED, details=android.server.usb: device removed)...
05-21 09:08:52.032 20120 20120 I usb 3-1.5: new high-speed USB device number 27 using xhci-hcd
05-19 10:56:02.315 627 780 I PowerManagerService: Waking up from Asleep (uid=1000, reason=WAKE_REASON_USBDEV_REMOVED, details=android.server.usb: device removed)...
05-19 10:56:02.318 627 668 I DisplayPowerController[0]: Blocking screen on until initial contents have been drawn.
05-19 10:56:02.318 627 668 D ActivityTaskManager: Top Process State changed to PROCESS_STATE_TOP
05-19 10:56:02.322 627 668 I wm_set_resumed_activity: [0,com.android.gallery3d/.filtershow.FilterShowActivity,resumeTopActivity]
05-19 10:56:02.324 627 668 I wm_resume_activity: [0,77012716,123,com.android.gallery3d/.filtershow.FilterShowActivity]
05-19 10:56:02.326 627 668 V DisplayPowerController[0]: Brightness [0.5472441] reason changing to: 'manual', previous reason: 'screen_off'.
05-19 10:56:02.334 627 780 D UsbHostManager: Removed device at /dev/bus/usb/003/026: USB Billboard Device
05-19 10:56:02.334 627 780 I UsbAlsaManager: USB Audio Device Removed: null
05-19 10:56:02.334 627 668 I sysui_multi_action: [757,1696,758,6,759,3]
05-19 10:56:02.335 627 668 I DisplayPowerController[0]: Unblocked screen on after 17 ms
05-19 10:56:02.337 627 721 I dvm_lock_sample: [system_server,1,NetworkPolicy.uid,19,ActivityManagerService.java,15570,void com.android.server.am.ActivityManagerService$LocalService.notifyNetworkPolicyRulesUpdated(int, long),OomAdjuster.java,564,void com.android.server.am.OomAdjuster.updateOomAdjLocked(java.lang.String),3]
05-19 10:56:02.339 627 627 I screen_toggled: 1
05-19 10:56:02.343 627 627 I power_screen_broadcast_send: 1
05-19 10:56:02.347 627 647 I DisplayDeviceRepository: Display device changed state: "内置屏幕", ON
05-21 09:08:52.056 445 445 I gsensor_mxc6655 5-0015: set sensor poll time to 66ms
05-21 09:08:52.058 445 445 I gsensor_mxc6655 5-0015: sensor on: starting poll sensor data 62ms
05-19 10:56:02.355 627 1072 W BroadcastQueue: Background execution not allowed: receiving Intent { act=android.intent.action.USER_PRESENT flg=0x24200010 } to com.zhangyue.read.iReader/com.taobao.accs.EventReceiver
05-21 09:08:52.083 352 352 W : <<-GTP-ERROR->> I2C Read: 0x8047, 1 bytes failed, errcode: -6! Process reset.
05-21 09:08:52.085 9441 9441 W dwmmc_rockchip fe2c0000.mmc: failed to set rate 100000Hz
05-21 09:08:52.086 9441 9441 I : mmc_host mmc0: Bus speed (slot 0) = 200000Hz (slot req 100000Hz, actual 100000HZ div = 1)
05-19 10:56:02.375 18892 18892 I wm_on_restart_called: [77012716,com.android.gallery3d.filtershow.FilterShowActivity,performRestartActivity]
05-19 10:56:02.375 18892 18892 I wm_on_start_called: [77012716,com.android.gallery3d.filtershow.FilterShowActivity,handleStartActivity]
05-19 10:56:02.376 18892 18892 I wm_on_resume_called: [77012716,com.android.gallery3d.filtershow.FilterShowActivity,RESUME_ACTIVITY]
05-19 10:56:02.376 18892 18892 I wm_on_top_resumed_gained_called: [77012716,com.android.gallery3d.filtershow.FilterShowActivity,topWhenResuming]
05-21 09:08:52.098 9441 9441 W dwmmc_rockchip fe2c0000.mmc: failed to set rate 100000Hz
05-21 09:08:52.102 9441 9441 W dwmmc_rockchip fe2c0000.mmc: failed to set rate 100000Hz
05-19 10:56:02.392 627 648 I input_focus: [Focus request 8e4aba2 com.android.gallery3d/com.android.gallery3d.filtershow.FilterShowActivity,reason=UpdateInputWindows]
05-21 09:08:52.126 20120 20120 I usb 3-1.5: New USB device found, idVendor=2109, idProduct=8817, bcdDevice= 0.01
05-21 09:08:52.126 20120 20120 I usb 3-1.5: New USB device strings: Mfr=1, Product=2, SerialNumber=3
05-21 09:08:52.126 20120 20120 I usb 3-1.5: Product: USB Billboard Device
05-21 09:08:52.126 20120 20120 I usb 3-1.5: Manufacturer: VIA Labs, Inc.
05-21 09:08:52.126 20120 20120 I usb 3-1.5: SerialNumber: 0000000000000001
05-19 10:56:02.418 627 780 D UsbHostManager: USB device attached: vidpid 2109:8817 mfg/product/ver/serial VIA Labs, Inc. /USB Billboard Device /0.01/0000000000000001 hasAudio/HID/Storage: false/false/false
05-19 10:56:02.420 627 780 D UsbHostManager: Added device UsbDevice[mName=/dev/bus/usb/003/027,mVendorId=8457,mProductId=34839,mClass=17,mSubclass=0,mProtocol=0,mManufacturerName=VIA Labs, Inc. ,mProductName=USB Billboard Device ,mVersion=0.01,mSerialNumberReader=com.android.server.usb.UsbSerialReader@8fb34b4, mHasAudioPlayback=false, mHasAudioCapture=false, mHasMidi=false, mHasVideoCapture=false, mHasVideoPlayback=false, mConfigurations=[
05-19 10:56:02.420 627 780 D UsbHostManager: UsbConfiguration[mId=1,mName=0000000000000001,mAttributes=160,mMaxPower=50,mInterfaces=[
05-19 10:56:02.420 627 780 D UsbHostManager: UsbInterface[mId=0,mAlternateSetting=0,mName=0000000000000001,mClass=17,mSubclass=0,mProtocol=0,mEndpoints=[]]]
05-19 10:56:02.423 627 730 I netstats_mobile_sample: [0,0,0,0,0,0,0,0,0,0,0,0,1747623362425]
05-19 10:56:02.424 627 730 I netstats_wifi_sample: [0,0,0,0,0,0,0,0,0,0,0,0,1747623362425]
05-19 10:56:02.427 975 975 D TelephonyNetworkFactory[0]: onNeedNetworkFor NetworkRequest [ REQUEST id=1, [ Capabilities: INTERNET&NOT_RESTRICTED&TRUSTED&NOT_VPN&NOT_VCN_MANAGED RequestorUid: 1000 RequestorPkg: android] ] shouldApply false
05-19 10:56:02.427 975 975 D TelephonyNetworkFactory[0]: onNeedNetworkFor NetworkRequest [ REQUEST id=7, [ Capabilities: INTERNET&NOT_RESTRICTED&TRUSTED&NOT_VCN_MANAGED Uid: 1000 RequestorUid: 1000 RequestorPkg: android] ] shouldApply false
05-19 10:56:02.428 975 975 D TelephonyNetworkFactory[0]: onNeedNetworkFor NetworkRequest [ REQUEST id=15, [ Capabilities: INTERNET&NOT_RESTRICTED&TRUSTED&NOT_VCN_MANAGED Uid: 1000 RequestorUid: 1000 RequestorPkg: android] ] shouldApply false
05-19 10:56:02.428 975 975 D TelephonyNetworkFactory[0]: onNeedNetworkFor NetworkRequest [ REQUEST id=18, [ Capabilities: INTERNET&NOT_RESTRICTED&TRUSTED&NOT_VCN_MANAGED Uid: 10088 RequestorUid: 10088 RequestorPkg: com.android.systemui] ] shouldApply false
05-19 10:56:02.428 975 975 D TelephonyNetworkFactory[0]: onNeedNetworkFor NetworkRequest [ REQUEST id=20, [ Capabilities: INTERNET&NOT_RESTRICTED&TRUSTED&NOT_VCN_MANAGED Uid: 10088 RequestorUid: 10088 RequestorPkg: com.android.systemui] ] shouldApply false
05-19 10:56:02.428 975 975 D TelephonyNetworkFactory[0]: onNeedNetworkFor NetworkRequest [ REQUEST id=23, [ Capabilities: INTERNET&NOT_RESTRICTED&TRUSTED&NOT_VCN_MANAGED Uid: 1000 RequestorUid: 1000 RequestorPkg: com.android.networkstack.inprocess] ] shouldApply false
05-19 10:56:02.429 975 975 D TelephonyNetworkFactory[0]: onNeedNetworkFor NetworkRequest [ REQUEST id=28, [ Capabilities: INTERNET&NOT_RESTRICTED&TRUSTED&NOT_VCN_MANAGED Uid: 1001 RequestorUid: 1001 RequestorPkg: com.android.phone] ] shouldApply false
05-19 10:56:02.429 627 730 W ContextImpl: Calling a method in the system process without a qualified user: android.app.ContextImpl.sendStickyBroadcast:1567 com.android.server.ConnectivityService.sendStickyBroadcast:2811 com.android.server.ConnectivityService.sendLegacyNetworkBroadcast:8732 com.android.server.ConnectivityService$LegacyTypeTracker.remove:1007 com.android.server.ConnectivityService$LegacyTypeTracker.remove:1024
05-19 10:56:02.429 975 975 D TelephonyNetworkFactory[0]: onNeedNetworkFor NetworkRequest [ REQUEST id=32, [ Capabilities: INTERNET&NOT_RESTRICTED&TRUSTED&NOT_VCN_MANAGED Uid: 1000 RequestorUid: 1000 RequestorPkg: android] ] shouldApply false
05-19 10:56:02.429 975 975 D TelephonyNetworkFactory[0]: onNeedNetworkFor NetworkRequest [ REQUEST id=36, [ Capabilities: INTERNET&NOT_RESTRICTED&TRUSTED&NOT_VCN_MANAGED Uid: 10086 RequestorUid: 1000 RequestorPkg: android] ] shouldApply false
05-19 10:56:02.429 975 975 D TelephonyNetworkFactory[0]: onNeedNetworkFor NetworkRequest [ REQUEST id=38, [ Capabilities: INTERNET&NOT_RESTRICTED&TRUSTED&NOT_VCN_MANAGED Uid: 10023 RequestorUid: 1000 RequestorPkg: android] ] shouldApply false
05-19 10:56:02.430 627 653 W BroadcastQueue: Target SDK mismatch: receiver ActivityInfo{7389b23 com.xiaomi.push.service.receivers.NetworkStatusReceiver} targets 26 but delivery restricted to [0, 23] broadcasting Intent { act=android.net.conn.CONNECTIVITY_CHANGE flg=0x4200010 (has extras) } from android (pid=627, uid=1000) to com.zhangyue.read.iReader/com.xiaomi.push.service.receivers.NetworkStatusReceiver
05-19 10:56:02.430 627 653 W BroadcastQueue: Target SDK mismatch: receiver ActivityInfo{270e820 cn.eben.help.LoadAllReceiver} targets 28 but delivery restricted to [0, 23] broadcasting Intent { act=android.net.conn.CONNECTIVITY_CHANGE flg=0x4200010 (has extras) } from android (pid=627, uid=1000) to cn.eben.help/.LoadAllReceiver
05-19 10:56:02.430 627 653 W BroadcastQueue: Target SDK mismatch: receiver ActivityInfo{98cc5d9 cn.eben.android.receiver.AppSyncReceiver} targets 27 but delivery restricted to [0, 23] broadcasting Intent { act=android.net.conn.CONNECTIVITY_CHANGE flg=0x4200010 (has extras) } from android (pid=627, uid=1000) to cn.eben.sync/cn.eben.android.receiver.AppSyncReceiver
05-19 10:56:02.433 19442 19442 W ContextImpl: Calling a method in the system process without a qualified user: android.app.ContextImpl.startService:1824 android.content.ContextWrapper.startService:774 android.content.ContextWrapper.startService:774 com.ebensz.appmanager.service.UploadMyAppsInfoService.startUploadMyAppsInfoService:78 com.ebensz.appmanager.receiver.UploadMyAppsInfoReceiver.onReceive:33
05-19 10:56:02.441 627 1068 W BroadcastQueue: Target SDK mismatch: receiver ActivityInfo{3cc664c com.ebensz.ota.ActionReceiver} targets 29 but delivery restricted to [0, 23] broadcasting Intent { act=android.net.conn.CONNECTIVITY_CHANGE flg=0x4200010 (has extras) } from android (pid=627, uid=1000) to com.ebensz.ota/.ActionReceiver
05-19 10:56:02.443 627 653 W BroadcastQueue: Target SDK mismatch: receiver ActivityInfo{ffae695 com.taobao.accs.EventReceiver} targets 26 but delivery restricted to [0, 23] broadcasting Intent { act=android.net.conn.CONNECTIVITY_CHANGE flg=0x4200010 (has extras) } from android (pid=627, uid=1000) to com.zhangyue.read.iReader/com.taobao.accs.EventReceiver
05-21 09:08:52.179 352 352 W : <<-GTP-ERROR->> GTP i2c test failed time 1.
05-21 09:08:52.597 352 352 I rockchip-vop2 fdd90000.vop: [drm:vop2_crtc_atomic_enable] Update mode to 1536x2048p55, type: 16(if:60) for vp2 dclk: 192000000
05-21 09:08:52.597 352 352 I rockchip-vop2 fdd90000.vop: [drm:vop2_crtc_atomic_enable] dclk_out2 div: 2 dclk_core2 div: 1
05-21 09:08:52.597 352 352 I rockchip-vop2 fdd90000.vop: [drm:vop2_crtc_atomic_enable] set dclk_vop2 to 96000000, get 96000000
05-19 10:56:02.888 627 627 W Looper : Slow dispatch took 475ms main h=android.app.ActivityThread$H c=android.app.LoadedApk$ReceiverDispatcher$Args$$ExternalSyntheticLambda0@b7f9b38 m=0
