05-19 10:36:54.740 627 710 I input_interaction: Interaction with: 334f74b com.android.launcher3/com.android.launcher3.uioverrides.QuickstepLauncher (server), f6e4224 com.android.systemui.ImageWallpaper (server), PointerEventDispatcher0 (server),
05-19 10:36:54.804 627 1072 I ActivityTaskManager: START u0 {act=android.intent.action.MAIN cat=[android.intent.category.LAUNCHER] flg=0x10008000 cmp=com.ebensz.enote.meeting/.MeetingActivity bnds=[1064,950][1414,1103] (has extras)} from uid 1000
05-19 10:36:54.807 627 1072 I wm_task_created: [116,-1]
05-19 10:36:54.807 627 1072 W ActivityTaskManager: Can't find TaskDisplayArea to determine support for multi window. Task id=116 attached=false
05-19 10:36:54.814 627 1072 I wm_task_moved: [116,1,13]
05-19 10:36:54.814 627 1072 I wm_task_to_front: [0,116]
05-19 10:36:54.814 627 1072 I wm_create_task: [0,116]
05-19 10:36:54.814 627 1072 I wm_create_activity: [0,215798878,116,com.ebensz.enote.meeting/.MeetingActivity,android.intent.action.MAIN,NULL,NULL,268468224]
05-19 10:36:54.815 627 1072 I wm_task_moved: [116,1,13]
05-19 10:36:54.815 627 1072 V SplashScreenExceptionList: SplashScreen checking exception for package com.ebensz.enote.meeting (target sdk:27) -> false
05-19 10:36:54.816 627 1072 I wm_pause_activity: [0,214771548,com.android.launcher3/.uioverrides.QuickstepLauncher,userLeaving=true,pauseBackTasks]
05-19 10:36:54.820 1030 1030 I wm_on_top_resumed_lost_called: [214771548,com.android.launcher3.uioverrides.QuickstepLauncher,topStateChangedWhenResumed]
05-19 10:36:54.820 1030 1030 I wm_on_paused_called: [214771548,com.android.launcher3.uioverrides.QuickstepLauncher,performPause]
05-19 10:36:54.824 627 1072 I wm_add_to_stopping: [0,214771548,com.android.launcher3/.uioverrides.QuickstepLauncher,makeInvisible]
05-19 10:36:54.824 627 1072 I wm_restart_activity: [0,215798878,116,com.ebensz.enote.meeting/.MeetingActivity]
05-19 10:36:54.824 627 1072 I wm_set_resumed_activity: [0,com.ebensz.enote.meeting/.MeetingActivity,minimalResumeActivityLocked]
05-19 10:36:54.825 627 647 I am_uid_active: 10042
05-19 10:36:54.828 627 647 I sysui_multi_action: [757,803,799,window_time_0,802,2]
05-19 10:36:54.859 627 710 I input_focus: [Focus leaving 334f74b com.android.launcher3/com.android.launcher3.uioverrides.QuickstepLauncher (server),reason=NO_WINDOW]
05-19 10:36:54.900 627 943 I ActivityTaskManager: START u0 {flg=0x40000000 cmp=com.ebensz.enote.meeting/.EbenGuideActivity} from uid 10042
05-19 10:36:54.901 627 943 I wm_task_moved: [116,1,13]
05-19 10:36:54.901 627 943 I wm_set_resumed_activity: [0,com.ebensz.enote.meeting/.MeetingActivity,positionChildAt]
05-19 10:36:54.901 627 943 I wm_create_activity: [0,34421513,116,com.ebensz.enote.meeting/.EbenGuideActivity,NULL,NULL,NULL,1073741824]
05-19 10:36:54.902 627 943 I wm_pause_activity: [0,215798878,com.ebensz.enote.meeting/.MeetingActivity,userLeaving=true,resumeTopActivity]
05-19 10:36:54.904 627 943 I wm_finish_activity: [0,215798878,116,com.ebensz.enote.meeting/.MeetingActivity,app-request]
05-19 10:36:54.904 19414 19414 I wm_on_create_called: [215798878,com.ebensz.enote.meeting.MeetingActivity,performCreate]
05-19 10:36:54.927 627 1072 I wm_add_to_stopping: [0,215798878,com.ebensz.enote.meeting/.MeetingActivity,completeFinishing]
05-19 10:36:54.927 627 1072 W ActivityTaskManager: Tried to set launchTime (0) < mLastActivityLaunchTime (72888165)
05-19 10:36:54.928 627 1072 I wm_restart_activity: [0,34421513,116,com.ebensz.enote.meeting/.EbenGuideActivity]
05-19 10:36:54.929 627 1072 I wm_set_resumed_activity: [0,com.ebensz.enote.meeting/.EbenGuideActivity,minimalResumeActivityLocked]
05-19 10:36:54.936 627 647 I sysui_multi_action: [757,803,799,window_time_0,802,0]
05-19 10:36:54.956 627 710 I input_focus: [Focus entering 334f74b com.android.launcher3/com.android.launcher3.uioverrides.QuickstepLauncher (server),reason=Window became focusable. Previous reason: NO_WINDOW]
05-19 10:36:54.963 19414 19414 I wm_on_create_called: [34421513,com.ebensz.enote.meeting.EbenGuideActivity,performCreate]
05-19 10:36:54.965 19414 19414 I wm_on_start_called: [34421513,com.ebensz.enote.meeting.EbenGuideActivity,handleStartActivity]
05-19 10:36:55.001 1272 1272 W ContextImpl: Calling a method in the system process without a qualified user: android.app.ContextImpl.sendBroadcast:1181 android.content.ContextWrapper.sendBroadcast:479 cn.eben.newweather.DateWeatherService.a:19 cn.eben.newweather.DateWeatherService.a:0 cn.eben.newweather.DateWeatherService$1.handleMessage:7
05-19 10:36:55.006 19414 19414 I wm_on_resume_called: [34421513,com.ebensz.enote.meeting.EbenGuideActivity,RESUME_ACTIVITY]
05-19 10:36:55.018 627 943 W WindowManager: Failed looking up window session=Session{5044241 19414:u0a10042} callers=com.android.server.wm.WindowManagerService.windowForClientLocked:5887 com.android.server.wm.Session.updateRequestedVisibilities:640 android.view.IWindowSession$Stub.onTransact:1175
05-19 10:36:55.022 19414 19414 I wm_on_top_resumed_gained_called: [34421513,com.ebensz.enote.meeting.EbenGuideActivity,topStateChangedWhenResumed]
05-19 10:36:55.053 627 648 I input_focus: [Focus request d6bbbd4 com.ebensz.enote.meeting/com.ebensz.enote.meeting.EbenGuideActivity,reason=UpdateInputWindows]
05-19 10:36:55.052 19414 19414 I auditd : type=1400 audit(0.0:1333): avc: denied { open } for comm="RenderThread" path="/dev/__properties__/u:object_r:vendor_default_prop:s0" dev="tmpfs" ino=281 scontext=u:r:platform_app:s0:c512,c768 tcontext=u:object_r:vendor_default_prop:s0 tclass=file permissive=1 app=com.ebensz.enote.meeting
05-19 10:36:55.052 19414 19414 I auditd : type=1400 audit(0.0:1334): avc: denied { getattr } for comm="RenderThread" path="/dev/__properties__/u:object_r:vendor_default_prop:s0" dev="tmpfs" ino=281 scontext=u:r:platform_app:s0:c512,c768 tcontext=u:object_r:vendor_default_prop:s0 tclass=file permissive=1 app=com.ebensz.enote.meeting
05-19 10:36:55.052 19414 19414 I auditd : type=1400 audit(0.0:1335): avc: denied { map } for comm="RenderThread" path="/dev/__properties__/u:object_r:vendor_default_prop:s0" dev="tmpfs" ino=281 scontext=u:r:platform_app:s0:c512,c768 tcontext=u:object_r:vendor_default_prop:s0 tclass=file permissive=1 app=com.ebensz.enote.meeting
05-19 10:36:55.077 627 710 I input_focus: [Focus leaving 334f74b com.android.launcher3/com.android.launcher3.uioverrides.QuickstepLauncher (server),reason=Waiting for window because NO_WINDOW]
05-19 10:36:55.133 627 943 W ContentProviderHelper: Permission Denial: opening provider com.android.providers.contacts.ContactsProvider2 from ProcessRecord{552b742 1631:cn.eben.sync/u0a63} (pid=1631, uid=10063) requires android.permission.READ_CONTACTS or android.permission.WRITE_CONTACTS
05-19 10:36:55.138 627 644 I sysui_multi_action: [319,47,321,44,322,331,325,72888,757,761,758,8,759,1,806,com.ebensz.enote.meeting,871,com.ebensz.enote.meeting.EbenGuideActivity,904,com.ebensz.enote.meeting,905,0,1320,4,1321,1]
05-19 10:36:55.139 627 644 I wm_activity_launch_time: [0,34421513,com.ebensz.enote.meeting/.EbenGuideActivity,331]
05-19 10:36:55.150 627 710 I input_focus: [Focus entering d6bbbd4 com.ebensz.enote.meeting/com.ebensz.enote.meeting.EbenGuideActivity (server),reason=Window became focusable. Previous reason: NOT_VISIBLE]
05-19 10:36:55.354 627 647 I wm_destroy_activity: [0,215798878,116,com.ebensz.enote.meeting/.MeetingActivity,finish-imm:idle]
05-19 10:36:55.356 19414 19414 I wm_on_destroy_called: [215798878,com.ebensz.enote.meeting.MeetingActivity,performDestroy]
05-19 10:36:55.448 627 653 W ActivityManager: Failed to clear dns cache for: com.ebensz.office.entry
05-19 10:36:55.456 627 653 W ActivityManager: Failed to clear dns cache for: com.ebensz.office.entry
05-19 10:36:55.495 627 730 I netstats_mobile_sample: [0,0,0,0,0,0,0,0,0,0,0,0,1747622215497]
05-19 10:36:55.496 627 730 I netstats_wifi_sample: [0,0,0,0,0,0,0,0,0,0,0,0,1747622215497]
05-19 10:36:55.528 627 730 I netstats_mobile_sample: [0,0,0,0,0,0,0,0,0,0,0,0,1747622215529]
05-19 10:36:55.528 627 730 I netstats_wifi_sample: [0,0,0,0,0,0,0,0,0,0,0,0,1747622215529]
05-19 10:36:55.532 627 730 W ContextImpl: Calling a method in the system process without a qualified user: android.app.ContextImpl.sendStickyBroadcast:1567 com.android.server.ConnectivityService.sendStickyBroadcast:2811 com.android.server.ConnectivityService.sendGeneralBroadcast:2786 com.android.server.ConnectivityService.sendConnectedBroadcast:2759 com.android.server.ConnectivityService.sendLegacyNetworkBroadcast:8704
05-19 10:36:55.533 627 653 W BroadcastQueue: Target SDK mismatch: receiver ActivityInfo{eab5c94 com.xiaomi.push.service.receivers.NetworkStatusReceiver} targets 26 but delivery restricted to [0, 23] broadcasting Intent { act=android.net.conn.CONNECTIVITY_CHANGE flg=0x4200010 (has extras) } from android (pid=627, uid=1000) to com.zhangyue.read.iReader/com.xiaomi.push.service.receivers.NetworkStatusReceiver
05-19 10:36:55.533 627 653 W BroadcastQueue: Target SDK mismatch: receiver ActivityInfo{3a3b33d cn.eben.help.LoadAllReceiver} targets 28 but delivery restricted to [0, 23] broadcasting Intent { act=android.net.conn.CONNECTIVITY_CHANGE flg=0x4200010 (has extras) } from android (pid=627, uid=1000) to cn.eben.help/.LoadAllReceiver
05-19 10:36:55.533 627 653 W BroadcastQueue: Target SDK mismatch: receiver ActivityInfo{b7e1732 cn.eben.android.receiver.AppSyncReceiver} targets 27 but delivery restricted to [0, 23] broadcasting Intent { act=android.net.conn.CONNECTIVITY_CHANGE flg=0x4200010 (has extras) } from android (pid=627, uid=1000) to cn.eben.sync/cn.eben.android.receiver.AppSyncReceiver
05-19 10:36:55.534 19442 19442 W ContextImpl: Calling a method in the system process without a qualified user: android.app.ContextImpl.startService:1824 android.content.ContextWrapper.startService:774 android.content.ContextWrapper.startService:774 com.ebensz.appmanager.service.UploadMyAppsInfoService.startUploadMyAppsInfoService:78 com.ebensz.appmanager.receiver.UploadMyAppsInfoReceiver.onReceive:33
05-19 10:36:55.540 19470 19470 W ContextImpl: Calling a method in the system process without a qualified user: android.app.ContextImpl.startService:1824 android.content.ContextWrapper.startService:774 android.content.ContextWrapper.startService:774 com.ebensz.appmanager.mydownloadmanager.DownloadReceiver.startService:245 com.ebensz.appmanager.mydownloadmanager.DownloadReceiver.onReceive:74
05-19 10:36:55.541 627 1072 W BroadcastQueue: Target SDK mismatch: receiver ActivityInfo{ac48371 com.ebensz.ota.ActionReceiver} targets 29 but delivery restricted to [0, 23] broadcasting Intent { act=android.net.conn.CONNECTIVITY_CHANGE flg=0x4200010 (has extras) } from android (pid=627, uid=1000) to com.ebensz.ota/.ActionReceiver
05-19 10:36:55.542 627 653 W BroadcastQueue: Target SDK mismatch: receiver ActivityInfo{1e9556 com.taobao.accs.EventReceiver} targets 26 but delivery restricted to [0, 23] broadcasting Intent { act=android.net.conn.CONNECTIVITY_CHANGE flg=0x4200010 (has extras) } from android (pid=627, uid=1000) to com.zhangyue.read.iReader/com.taobao.accs.EventReceiver
05-19 10:36:55.542 627 627 I notification_cancel_all: [1000,19470,com.ebensz.appmanager,0,0,64,9,NULL]
05-19 10:36:55.629 627 1072 W WindowManager: Failed looking up window session=Session{b30b0f2 781:u0a10088} callers=com.android.server.wm.WindowManagerService.windowForClientLocked:5887 com.android.server.wm.WindowManagerService.relayoutWindow:2304 com.android.server.wm.Session.relayout:235
05-19 10:36:55.630 627 1072 W WindowManager: Failed looking up window session=Session{b30b0f2 781:u0a10088} callers=com.android.server.wm.WindowManagerService.windowForClientLocked:5887 com.android.server.wm.WindowManagerService.removeWindow:2108 com.android.server.wm.Session.remove:218
05-19 10:36:56.001 1272 1272 W ContextImpl: Calling a method in the system process without a qualified user: android.app.ContextImpl.sendBroadcast:1181 android.content.ContextWrapper.sendBroadcast:479 cn.eben.newweather.DateWeatherService.a:19 cn.eben.newweather.DateWeatherService.a:0 cn.eben.newweather.DateWeatherService$1.handleMessage:7
05-19 10:36:56.388 627 710 I input_interaction: Interaction with: d6bbbd4 com.ebensz.enote.meeting/com.ebensz.enote.meeting.EbenGuideActivity (server), PointerEventDispatcher0 (server),
05-19 10:36:56.501 627 1248 E TaskPersister: File error accessing recents directory (directory doesn't exist?).
05-19 10:36:56.575 19442 19442 W ContextImpl: Calling a method in the system process without a qualified user: android.app.ContextImpl.startService:1824 android.content.ContextWrapper.startService:774 com.ebensz.appmanager.service.UploadMyAppsInfoService$1.handleMessage:63 android.os.Handler.dispatchMessage:106 android.os.Looper.loopOnce:201
05-19 10:36:57.002 1272 1272 W ContextImpl: Calling a method in the system process without a qualified user: android.app.ContextImpl.sendBroadcast:1181 android.content.ContextWrapper.sendBroadcast:479 cn.eben.newweather.DateWeatherService.a:19 cn.eben.newweather.DateWeatherService.a:0 cn.eben.newweather.DateWeatherService$1.handleMessage:7
05-19 10:36:58.000 1272 1272 W ContextImpl: Calling a method in the system process without a qualified user: android.app.ContextImpl.sendBroadcast:1181 android.content.ContextWrapper.sendBroadcast:479 cn.eben.newweather.DateWeatherService.a:19 cn.eben.newweather.DateWeatherService.a:0 cn.eben.newweather.DateWeatherService$1.handleMessage:7
05-19 10:36:58.401 627 943 I ActivityTaskManager: START u0 {cmp=com.ebensz.enote.meeting/.MeetingActivity} from uid 10042
05-19 10:36:58.405 627 943 I wm_task_moved: [116,1,13]
05-19 10:36:58.405 627 943 I wm_set_resumed_activity: [0,com.ebensz.enote.meeting/.EbenGuideActivity,positionChildAt]
05-19 10:36:58.405 627 943 I wm_create_activity: [0,211426376,116,com.ebensz.enote.meeting/.MeetingActivity,NULL,NULL,NULL,0]
05-19 10:36:58.406 627 943 I wm_pause_activity: [0,34421513,com.ebensz.enote.meeting/.EbenGuideActivity,userLeaving=true,resumeTopActivity]
05-19 10:36:58.414 627 943 I wm_finish_activity: [0,34421513,116,com.ebensz.enote.meeting/.EbenGuideActivity,app-request]
05-19 10:36:58.415 19414 19414 I wm_on_top_resumed_lost_called: [34421513,com.ebensz.enote.meeting.EbenGuideActivity,topStateChangedWhenResumed]
05-19 10:36:58.417 19414 19414 I wm_on_paused_called: [34421513,com.ebensz.enote.meeting.EbenGuideActivity,performPause]
05-19 10:36:58.418 627 943 I wm_add_to_stopping: [0,34421513,com.ebensz.enote.meeting/.EbenGuideActivity,completeFinishing]
05-19 10:36:58.418 627 943 W ActivityTaskManager: Tried to set launchTime (0) < mLastActivityLaunchTime (72888269)
05-19 10:36:58.419 627 943 I wm_add_to_stopping: [0,214771548,com.android.launcher3/.uioverrides.QuickstepLauncher,makeInvisible]
05-19 10:36:58.420 627 943 I wm_restart_activity: [0,211426376,116,com.ebensz.enote.meeting/.MeetingActivity]
05-19 10:36:58.421 627 943 I wm_set_resumed_activity: [0,com.ebensz.enote.meeting/.MeetingActivity,minimalResumeActivityLocked]
05-19 10:36:58.424 627 647 I sysui_multi_action: [757,803,799,window_time_0,802,3]
05-19 10:36:58.436 627 943 I ActivityTaskManager: START u0 {cmp=com.ebensz.enote.meeting/.privacy.StatementActivity} from uid 10042
05-19 10:36:58.438 627 943 I wm_task_moved: [116,1,13]
05-19 10:36:58.438 627 943 I wm_set_resumed_activity: [0,com.ebensz.enote.meeting/.MeetingActivity,positionChildAt]
05-19 10:36:58.438 627 943 I wm_create_activity: [0,199689927,116,com.ebensz.enote.meeting/.privacy.StatementActivity,NULL,NULL,NULL,0]
05-19 10:36:58.438 627 943 I wm_pause_activity: [0,211426376,com.ebensz.enote.meeting/.MeetingActivity,userLeaving=true,resumeTopActivity]
05-19 10:36:58.441 627 943 I wm_finish_activity: [0,211426376,116,com.ebensz.enote.meeting/.MeetingActivity,app-request]
05-19 10:36:58.441 19414 19414 I wm_on_create_called: [211426376,com.ebensz.enote.meeting.MeetingActivity,performCreate]
05-19 10:36:58.448 627 710 I input_focus: [Focus leaving d6bbbd4 com.ebensz.enote.meeting/com.ebensz.enote.meeting.EbenGuideActivity (server),reason=NO_WINDOW]
05-19 10:36:58.476 627 10431 I wm_add_to_stopping: [0,211426376,com.ebensz.enote.meeting/.MeetingActivity,completeFinishing]
05-19 10:36:58.476 627 10431 W ActivityTaskManager: Tried to set launchTime (0) < mLastActivityLaunchTime (72891761)
05-19 10:36:58.477 627 10431 I wm_restart_activity: [0,199689927,116,com.ebensz.enote.meeting/.privacy.StatementActivity]
05-19 10:36:58.478 627 10431 I wm_set_resumed_activity: [0,com.ebensz.enote.meeting/.privacy.StatementActivity,minimalResumeActivityLocked]
05-19 10:36:58.480 627 647 I sysui_multi_action: [757,803,799,window_time_0,802,0]
05-19 10:36:58.510 19414 19414 I wm_on_create_called: [199689927,com.ebensz.enote.meeting.privacy.StatementActivity,performCreate]
05-19 10:36:58.513 19414 19414 I wm_on_start_called: [199689927,com.ebensz.enote.meeting.privacy.StatementActivity,handleStartActivity]
05-19 10:36:58.513 19414 19414 I wm_on_resume_called: [199689927,com.ebensz.enote.meeting.privacy.StatementActivity,RESUME_ACTIVITY]
05-19 10:36:58.522 19414 19414 I wm_on_top_resumed_gained_called: [199689927,com.ebensz.enote.meeting.privacy.StatementActivity,topStateChangedWhenResumed]
05-19 10:36:58.548 627 648 I input_focus: [Focus request dc62c60 com.ebensz.enote.meeting/com.ebensz.enote.meeting.privacy.StatementActivity,reason=UpdateInputWindows]
05-19 10:36:58.675 627 644 I wm_activity_launch_time: [0,199689927,com.ebensz.enote.meeting/.privacy.StatementActivity,274]
05-19 10:36:58.678 627 16029 I wm_destroy_activity: [0,211426376,116,com.ebensz.enote.meeting/.MeetingActivity,finish-imm:idle]
05-19 10:36:58.680 19414 19414 I wm_on_destroy_called: [211426376,com.ebensz.enote.meeting.MeetingActivity,performDestroy]
05-19 10:36:58.687 627 710 I input_focus: [Focus entering dc62c60 com.ebensz.enote.meeting/com.ebensz.enote.meeting.privacy.StatementActivity (server),reason=Window became focusable. Previous reason: NOT_VISIBLE]
05-19 10:36:58.879 627 647 I wm_stop_activity: [0,214771548,com.android.launcher3/.uioverrides.QuickstepLauncher]
05-19 10:36:58.880 627 647 I wm_destroy_activity: [0,34421513,116,com.ebensz.enote.meeting/.EbenGuideActivity,finish-imm:idle]
05-19 10:36:58.883 19414 19414 I wm_on_stop_called: [34421513,com.ebensz.enote.meeting.EbenGuideActivity,LIFECYCLER_STOP_ACTIVITY]
05-19 10:36:58.888 19414 19414 I wm_on_destroy_called: [34421513,com.ebensz.enote.meeting.EbenGuideActivity,performDestroy]
05-19 10:36:58.914 1030 1030 I wm_on_stop_called: [214771548,com.android.launcher3.uioverrides.QuickstepLauncher,STOP_ACTIVITY_ITEM]
05-19 10:36:59.002 1272 1272 W ContextImpl: Calling a method in the system process without a qualified user: android.app.ContextImpl.sendBroadcast:1181 android.content.ContextWrapper.sendBroadcast:479 cn.eben.newweather.DateWeatherService.a:19 cn.eben.newweather.DateWeatherService.a:0 cn.eben.newweather.DateWeatherService$1.handleMessage:7
05-19 10:36:59.797 627 710 I input_interaction: Interaction with: dc62c60 com.ebensz.enote.meeting/com.ebensz.enote.meeting.privacy.StatementActivity (server), PointerEventDispatcher0 (server),
05-19 10:36:59.928 627 10431 I ActivityTaskManager: START u0 {cmp=com.ebensz.enote.meeting/.MeetingActivity} from uid 10042
05-19 10:36:59.932 627 10431 I wm_task_moved: [116,1,13]
05-19 10:36:59.933 627 10431 I wm_set_resumed_activity: [0,com.ebensz.enote.meeting/.privacy.StatementActivity,positionChildAt]
05-19 10:36:59.933 627 10431 I wm_create_activity: [0,81753255,116,com.ebensz.enote.meeting/.MeetingActivity,NULL,NULL,NULL,0]
05-19 10:36:59.934 627 10431 I wm_pause_activity: [0,199689927,com.ebensz.enote.meeting/.privacy.StatementActivity,userLeaving=true,resumeTopActivity]
05-19 10:36:59.945 627 10431 I wm_finish_activity: [0,199689927,116,com.ebensz.enote.meeting/.privacy.StatementActivity,app-request]
05-19 10:36:59.950 19414 19414 I wm_on_top_resumed_lost_called: [199689927,com.ebensz.enote.meeting.privacy.StatementActivity,topStateChangedWhenResumed]
05-19 10:36:59.951 19414 19414 I wm_on_paused_called: [199689927,com.ebensz.enote.meeting.privacy.StatementActivity,performPause]
05-19 10:36:59.951 627 10431 I wm_add_to_stopping: [0,199689927,com.ebensz.enote.meeting/.privacy.StatementActivity,completeFinishing]
05-19 10:36:59.952 627 10431 W ActivityTaskManager: Tried to set launchTime (0) < mLastActivityLaunchTime (72891818)
05-19 10:36:59.952 627 10431 I wm_restart_activity: [0,81753255,116,com.ebensz.enote.meeting/.MeetingActivity]
05-19 10:36:59.953 627 10431 I wm_set_resumed_activity: [0,com.ebensz.enote.meeting/.MeetingActivity,minimalResumeActivityLocked]
05-19 10:36:59.955 627 647 I sysui_multi_action: [757,803,799,window_time_0,802,2]
05-19 10:36:59.969 627 10431 I ActivityTaskManager: START u0 {act=MemoEditorActivity cmp=com.ebensz.enote.meeting/.privacy.PermissionsStorageActivity} from uid 10042
05-19 10:36:59.971 627 10431 I wm_task_moved: [116,1,13]
05-19 10:36:59.971 627 10431 I wm_set_resumed_activity: [0,com.ebensz.enote.meeting/.MeetingActivity,positionChildAt]
05-19 10:36:59.971 627 10431 I wm_create_activity: [0,137840114,116,com.ebensz.enote.meeting/.privacy.PermissionsStorageActivity,MemoEditorActivity,NULL,NULL,268435456]
05-19 10:36:59.972 627 10431 I wm_pause_activity: [0,81753255,com.ebensz.enote.meeting/.MeetingActivity,userLeaving=true,resumeTopActivity]
05-19 10:36:59.974 627 10431 I wm_finish_activity: [0,81753255,116,com.ebensz.enote.meeting/.MeetingActivity,app-request]
05-19 10:36:59.974 19414 19414 I wm_on_create_called: [81753255,com.ebensz.enote.meeting.MeetingActivity,performCreate]
05-19 10:36:59.977 627 710 I input_focus: [Focus leaving dc62c60 com.ebensz.enote.meeting/com.ebensz.enote.meeting.privacy.StatementActivity (server),reason=NO_WINDOW]
05-19 10:37:00.002 1272 1272 W ContextImpl: Calling a method in the system process without a qualified user: android.app.ContextImpl.sendBroadcast:1181 android.content.ContextWrapper.sendBroadcast:479 cn.eben.newweather.DateWeatherService.a:19 cn.eben.newweather.DateWeatherService.a:0 cn.eben.newweather.DateWeatherService$1.handleMessage:7
05-19 10:37:00.012 627 2096 I wm_add_to_stopping: [0,81753255,com.ebensz.enote.meeting/.MeetingActivity,completeFinishing]
05-19 10:37:00.013 627 2096 W ActivityTaskManager: Tried to set launchTime (0) < mLastActivityLaunchTime (72893293)
05-19 10:37:00.013 627 2096 I wm_restart_activity: [0,137840114,116,com.ebensz.enote.meeting/.privacy.PermissionsStorageActivity]
05-19 10:37:00.013 627 2096 I wm_set_resumed_activity: [0,com.ebensz.enote.meeting/.privacy.PermissionsStorageActivity,minimalResumeActivityLocked]
05-19 10:37:00.014 627 647 I sysui_multi_action: [757,803,799,window_time_0,802,0]
05-19 10:37:00.023 627 2096 I ActivityTaskManager: START u0 {act=android.content.pm.action.REQUEST_PERMISSIONS pkg=com.android.permissioncontroller cmp=com.android.permissioncontroller/.permission.ui.GrantPermissionsActivity (has extras)} from uid 10042
05-19 10:37:00.026 627 2096 I wm_task_moved: [116,1,13]
05-19 10:37:00.026 627 2096 I wm_set_resumed_activity: [0,com.ebensz.enote.meeting/.privacy.PermissionsStorageActivity,positionChildAt]
05-19 10:37:00.027 627 2096 I wm_create_activity: [0,225431358,116,com.android.permissioncontroller/.permission.ui.GrantPermissionsActivity,android.content.pm.action.REQUEST_PERMISSIONS,NULL,NULL,8388608]
05-19 10:37:00.028 627 2096 I wm_pause_activity: [0,137840114,com.ebensz.enote.meeting/.privacy.PermissionsStorageActivity,userLeaving=true,resumeTopActivity]
05-19 10:37:00.030 19414 19414 I wm_on_create_called: [137840114,com.ebensz.enote.meeting.privacy.PermissionsStorageActivity,performCreate]
05-19 10:37:00.053 19414 19414 I wm_on_start_called: [137840114,com.ebensz.enote.meeting.privacy.PermissionsStorageActivity,handleStartActivity]
05-19 10:37:00.055 19414 19414 I wm_on_resume_called: [137840114,com.ebensz.enote.meeting.privacy.PermissionsStorageActivity,RESUME_ACTIVITY]
05-19 10:37:00.059 19414 19414 I wm_on_top_resumed_gained_called: [137840114,com.ebensz.enote.meeting.privacy.PermissionsStorageActivity,topStateChangedWhenResumed]
05-19 10:37:00.059 19414 19414 I wm_on_top_resumed_lost_called: [137840114,com.ebensz.enote.meeting.privacy.PermissionsStorageActivity,topStateChangedWhenResumed]
05-19 10:37:00.059 19414 19414 I wm_on_paused_called: [137840114,com.ebensz.enote.meeting.privacy.PermissionsStorageActivity,performPause]
05-19 10:37:00.060 627 2096 W ActivityTaskManager: Tried to set launchTime (0) < mLastActivityLaunchTime (72450328)
05-19 10:37:00.061 627 2096 I wm_restart_activity: [0,225431358,116,com.android.permissioncontroller/.permission.ui.GrantPermissionsActivity]
05-19 10:37:00.061 627 2096 I wm_set_resumed_activity: [0,com.android.permissioncontroller/.permission.ui.GrantPermissionsActivity,minimalResumeActivityLocked]
05-19 10:37:00.062 627 647 I am_uid_active: 10095
05-19 10:37:00.064 627 647 I sysui_multi_action: [757,803,799,window_time_0,802,0]
05-19 10:37:00.076 1860 1860 I wm_on_create_called: [225431358,com.android.permissioncontroller.permission.ui.GrantPermissionsActivity,performCreate]
05-19 10:37:00.076 1860 1860 I wm_on_start_called: [225431358,com.android.permissioncontroller.permission.ui.GrantPermissionsActivity,handleStartActivity]
05-19 10:37:00.076 1860 1860 I wm_on_resume_called: [225431358,com.android.permissioncontroller.permission.ui.GrantPermissionsActivity,RESUME_ACTIVITY]
05-19 10:37:00.078 1860 1860 I wm_on_top_resumed_gained_called: [225431358,com.android.permissioncontroller.permission.ui.GrantPermissionsActivity,topStateChangedWhenResumed]
05-19 10:37:00.107 627 648 I input_focus: [Focus request 3e38931 com.android.permissioncontroller/com.android.permissioncontroller.permission.ui.GrantPermissionsActivity,reason=UpdateInputWindows]
05-19 10:37:00.134 627 2096 W ContentProviderHelper: Permission Denial: opening provider com.android.providers.contacts.ContactsProvider2 from ProcessRecord{552b742 1631:cn.eben.sync/u0a63} (pid=1631, uid=10063) requires android.permission.READ_CONTACTS or android.permission.WRITE_CONTACTS
05-19 10:37:00.140 627 644 I wm_activity_launch_time: [0,225431358,com.android.permissioncontroller/.permission.ui.GrantPermissionsActivity,182]
05-19 10:37:00.163 627 710 I input_focus: [Focus entering 3e38931 com.android.permissioncontroller/com.android.permissioncontroller.permission.ui.GrantPermissionsActivity (server),reason=Window became focusable. Previous reason: NOT_VISIBLE]
05-19 10:37:00.182 627 2096 I wm_destroy_activity: [0,81753255,116,com.ebensz.enote.meeting/.MeetingActivity,finish-imm:idle]
05-19 10:37:00.183 19414 19414 I wm_on_destroy_called: [81753255,com.ebensz.enote.meeting.MeetingActivity,performDestroy]
05-19 10:37:00.350 627 647 I wm_destroy_activity: [0,199689927,116,com.ebensz.enote.meeting/.privacy.StatementActivity,finish-imm:idle]
05-19 10:37:00.378 19414 19414 I wm_on_stop_called: [199689927,com.ebensz.enote.meeting.privacy.StatementActivity,LIFECYCLER_STOP_ACTIVITY]
05-19 10:37:00.379 19414 19414 I wm_on_destroy_called: [199689927,com.ebensz.enote.meeting.privacy.StatementActivity,performDestroy]
05-19 10:37:01.002 1272 1272 W ContextImpl: Calling a method in the system process without a qualified user: android.app.ContextImpl.sendBroadcast:1181 android.content.ContextWrapper.sendBroadcast:479 cn.eben.newweather.DateWeatherService.a:19 cn.eben.newweather.DateWeatherService.a:0 cn.eben.newweather.DateWeatherService$1.handleMessage:7
05-19 10:37:01.101 627 710 I input_interaction: Interaction with: 3e38931 com.android.permissioncontroller/com.android.permissioncontroller.permission.ui.GrantPermissionsActivity (server), PointerEventDispatcher0 (server),
05-19 10:37:01.334 627 2096 I sysui_multi_action: [757,1243,758,4,806,com.ebensz.enote.meeting,1241,android.permission.READ_CALENDAR]
05-19 10:37:01.336 627 1072 I sysui_multi_action: [757,1243,758,4,806,com.ebensz.enote.meeting,1241,android.permission.WRITE_CALENDAR]
05-19 10:37:01.917 627 1248 E TaskPersister: File error accessing recents directory (directory doesn't exist?).
05-19 10:37:02.002 1272 1272 W ContextImpl: Calling a method in the system process without a qualified user: android.app.ContextImpl.sendBroadcast:1181 android.content.ContextWrapper.sendBroadcast:479 cn.eben.newweather.DateWeatherService.a:19 cn.eben.newweather.DateWeatherService.a:0 cn.eben.newweather.DateWeatherService$1.handleMessage:7
05-19 10:37:02.118 627 2096 I sysui_multi_action: [757,1243,758,4,806,com.ebensz.enote.meeting,1241,android.permission.WRITE_EXTERNAL_STORAGE]
05-19 10:37:02.120 627 2096 I sysui_multi_action: [757,1243,758,4,806,com.ebensz.enote.meeting,1241,android.permission.READ_EXTERNAL_STORAGE]
05-19 10:37:02.122 627 1072 I sysui_multi_action: [757,1243,758,4,806,com.ebensz.enote.meeting,1241,android.permission.ACCESS_MEDIA_LOCATION]
05-19 10:37:02.123 1860 1860 I snet_event_log: [individual_permissions_requested,10042,com.ebensz.enote.meeting:com.ebensz.enote.meeting:;android.permission.READ_EXTERNAL_STORAGE|false|8960;android.permission.WRITE_EXTERNAL_STORAGE|false|8960;android.permission.ACCESS_MEDIA_LOCATION|false|896com.ebensz.enote.meeting:;android.permission.READ_CALENDAR|false|768;android.permission.WRITE_CALENDAR|false|768]
05-19 10:37:02.124 627 1072 I wm_finish_activity: [0,225431358,116,com.android.permissioncontroller/.permission.ui.GrantPermissionsActivity,app-request]
05-19 10:37:02.134 627 1072 I wm_pause_activity: [0,225431358,com.android.permissioncontroller/.permission.ui.GrantPermissionsActivity,userLeaving=false,finish]
05-19 10:37:02.145 627 710 I input_focus: [Focus leaving 3e38931 com.android.permissioncontroller/com.android.permissioncontroller.permission.ui.GrantPermissionsActivity (server),reason=NO_WINDOW]
05-19 10:37:02.170 1860 1860 I wm_on_top_resumed_lost_called: [225431358,com.android.permissioncontroller.permission.ui.GrantPermissionsActivity,topStateChangedWhenResumed]
05-19 10:37:02.171 1860 1860 I wm_on_paused_called: [225431358,com.android.permissioncontroller.permission.ui.GrantPermissionsActivity,performPause]
05-19 10:37:02.173 627 10431 I wm_set_resumed_activity: [0,com.ebensz.enote.meeting/.privacy.PermissionsStorageActivity,resumeTopActivity]
05-19 10:37:02.174 627 10431 I wm_resume_activity: [0,137840114,116,com.ebensz.enote.meeting/.privacy.PermissionsStorageActivity]
05-19 10:37:02.181 627 648 I input_focus: [Focus request a9f62ec com.ebensz.enote.meeting/com.ebensz.enote.meeting.privacy.PermissionsStorageActivity,reason=UpdateInputWindows]
05-19 10:37:02.181 627 647 I sysui_multi_action: [757,803,799,window_time_0,802,2]
05-19 10:37:02.193 627 2096 I ActivityTaskManager: START u0 {act=MemoEditorActivity flg=0x10000000 cmp=com.ebensz.enote.meeting/.MeetingActivity} from uid 10042
05-19 10:37:02.194 627 2096 I wm_task_moved: [116,1,13]
05-19 10:37:02.195 627 2096 I wm_set_resumed_activity: [0,com.ebensz.enote.meeting/.privacy.PermissionsStorageActivity,positionChildAt]
05-19 10:37:02.195 627 2096 I wm_create_activity: [0,99583964,116,com.ebensz.enote.meeting/.MeetingActivity,MemoEditorActivity,NULL,NULL,268435456]
05-19 10:37:02.195 627 2096 I wm_pause_activity: [0,137840114,com.ebensz.enote.meeting/.privacy.PermissionsStorageActivity,userLeaving=true,resumeTopActivity]
05-19 10:37:02.197 627 2096 I wm_finish_activity: [0,137840114,116,com.ebensz.enote.meeting/.privacy.PermissionsStorageActivity,app-request]
05-19 10:37:02.197 19414 19414 I wm_on_activity_result_called: [137840114,com.ebensz.enote.meeting.privacy.PermissionsStorageActivity,ACTIVITY_RESULT]
05-19 10:37:02.199 627 710 I input_focus: [Focus entering a9f62ec com.ebensz.enote.meeting/com.ebensz.enote.meeting.privacy.PermissionsStorageActivity (server),reason=setFocusedWindow]
05-19 10:37:02.201 627 943 I wm_add_to_stopping: [0,137840114,com.ebensz.enote.meeting/.privacy.PermissionsStorageActivity,completeFinishing]
05-19 10:37:02.201 627 943 W ActivityTaskManager: Tried to set launchTime (0) < mLastActivityLaunchTime (72893354)
05-19 10:37:02.202 627 943 I wm_restart_activity: [0,99583964,116,com.ebensz.enote.meeting/.MeetingActivity]
05-19 10:37:02.203 627 943 I wm_set_resumed_activity: [0,com.ebensz.enote.meeting/.MeetingActivity,minimalResumeActivityLocked]
05-19 10:37:02.205 627 647 I sysui_multi_action: [757,803,799,window_time_0,802,0]
05-19 10:37:02.236 627 710 I input_focus: [Focus leaving a9f62ec com.ebensz.enote.meeting/com.ebensz.enote.meeting.privacy.PermissionsStorageActivity (server),reason=NO_WINDOW]
05-19 10:37:02.287 19414 19414 I wm_on_create_called: [99583964,com.ebensz.enote.meeting.MeetingActivity,performCreate]
05-19 10:37:02.356 19414 19414 I wm_on_start_called: [99583964,com.ebensz.enote.meeting.MeetingActivity,handleStartActivity]
05-19 10:37:02.356 627 10431 I am_uid_active: 10022
05-19 10:37:02.359 627 1072 W PermissionManagerService: Datasource AttributionSource { uid = 10022, packageName = com.android.providers.calendar, attributionTag = null, token = android.os.BinderProxy@314205b, next = android.content.AttributionSourceState@2cfb0f8 } protecting data with platform defined runtime permission android.permission.READ_CALENDAR while not having android.permission.UPDATE_APP_OPS_STATS
05-19 10:37:02.366 627 1072 W PermissionManagerService: Datasource AttributionSource { uid = 10022, packageName = com.android.providers.calendar, attributionTag = null, token = android.os.BinderProxy@314205b, next = android.content.AttributionSourceState@22a19d1 } protecting data with platform defined runtime permission android.permission.READ_CALENDAR while not having android.permission.UPDATE_APP_OPS_STATS
05-19 10:37:02.366 19414 19414 I wm_on_resume_called: [99583964,com.ebensz.enote.meeting.MeetingActivity,RESUME_ACTIVITY]
05-19 10:37:02.371 19414 19414 I wm_on_top_resumed_gained_called: [99583964,com.ebensz.enote.meeting.MeetingActivity,topStateChangedWhenResumed]
05-19 10:37:02.373 627 1072 I sysui_multi_action: [757,856,758,1,806,com.ebensz.enote.meeting,857,com.ebensz.enote.meeting,858,1]
05-19 10:37:02.374 627 10431 W PermissionManagerService: Datasource AttributionSource { uid = 10022, packageName = com.android.providers.calendar, attributionTag = null, token = android.os.BinderProxy@314205b, next = android.content.AttributionSourceState@6685c2 } protecting data with platform defined runtime permission android.permission.READ_CALENDAR while not having android.permission.UPDATE_APP_OPS_STATS
05-19 10:37:02.375 627 653 V ActivityManager: Attempted to start a foreground service (com.ebensz.enote.meeting/com.android.calendar.AsyncQueryServiceHelper) with a broken notification (no icon: Notification(channel=com.ebensz.enote.meeting shortcut=null contentView=null vibrate=null sound=null defaults=0x0 flags=0x40 color=0x00000000 vis=PRIVATE))
05-19 10:37:02.378 627 2096 W PermissionManagerService: Datasource AttributionSource { uid = 10022, packageName = com.android.providers.calendar, attributionTag = null, token = android.os.BinderProxy@314205b, next = android.content.AttributionSourceState@b9062f } protecting data with platform defined runtime permission android.permission.READ_CALENDAR while not having android.permission.UPDATE_APP_OPS_STATS
05-19 10:37:02.378 627 653 I ActivityManager: Deferring FGS notification in legacy app com.ebensz.enote.meeting/u0a42 : Notification(channel=com.ebensz.enote.meeting shortcut=null contentView=null vibrate=null sound=null defaults=0x0 flags=0x40 color=0x00000000 vis=PRIVATE)
05-19 10:37:02.563 627 701 I commit_sys_config_file: [settings-3-0,2]
05-19 10:37:02.606 627 648 I input_focus: [Focus request 2ea6737 com.ebensz.enote.meeting/com.ebensz.enote.meeting.MeetingActivity,reason=UpdateInputWindows]
05-19 10:37:02.628 627 646 I commit_sys_config_file: [notification-policy,72883919]
05-19 10:37:02.729 627 644 I wm_activity_launch_time: [0,99583964,com.ebensz.enote.meeting/.MeetingActivity,536]
05-19 10:37:02.748 627 710 I input_focus: [Focus entering 2ea6737 com.ebensz.enote.meeting/com.ebensz.enote.meeting.MeetingActivity (server),reason=Window became focusable. Previous reason: NOT_VISIBLE]
05-19 10:37:02.790 627 2096 I wm_destroy_activity: [0,225431358,116,com.android.permissioncontroller/.permission.ui.GrantPermissionsActivity,finish-idle]
05-19 10:37:02.792 1860 1860 I wm_on_stop_called: [225431358,com.android.permissioncontroller.permission.ui.GrantPermissionsActivity,LIFECYCLER_STOP_ACTIVITY]
05-19 10:37:02.792 1860 1860 I wm_on_destroy_called: [225431358,com.android.permissioncontroller.permission.ui.GrantPermissionsActivity,performDestroy]
05-19 10:37:02.931 627 647 I wm_destroy_activity: [0,137840114,116,com.ebensz.enote.meeting/.privacy.PermissionsStorageActivity,finish-imm:idle]
05-19 10:37:02.956 19414 19414 I wm_on_stop_called: [137840114,com.ebensz.enote.meeting.privacy.PermissionsStorageActivity,LIFECYCLER_STOP_ACTIVITY]
05-19 10:37:02.957 19414 19414 I wm_on_destroy_called: [137840114,com.ebensz.enote.meeting.privacy.PermissionsStorageActivity,performDestroy]
05-19 10:37:03.002 1272 1272 W ContextImpl: Calling a method in the system process without a qualified user: android.app.ContextImpl.sendBroadcast:1181 android.content.ContextWrapper.sendBroadcast:479 cn.eben.newweather.DateWeatherService.a:19 cn.eben.newweather.DateWeatherService.a:0 cn.eben.newweather.DateWeatherService$1.handleMessage:7
05-19 10:37:04.002 1272 1272 W ContextImpl: Calling a method in the system process without a qualified user: android.app.ContextImpl.sendBroadcast:1181 android.content.ContextWrapper.sendBroadcast:479 cn.eben.newweather.DateWeatherService.a:19 cn.eben.newweather.DateWeatherService.a:0 cn.eben.newweather.DateWeatherService$1.handleMessage:7
05-19 10:37:05.002 1272 1272 W ContextImpl: Calling a method in the system process without a qualified user: android.app.ContextImpl.sendBroadcast:1181 android.content.ContextWrapper.sendBroadcast:479 cn.eben.newweather.DateWeatherService.a:19 cn.eben.newweather.DateWeatherService.a:0 cn.eben.newweather.DateWeatherService$1.handleMessage:7
05-19 10:37:05.137 627 1072 W ContentProviderHelper: Permission Denial: opening provider com.android.providers.contacts.ContactsProvider2 from ProcessRecord{552b742 1631:cn.eben.sync/u0a63} (pid=1631, uid=10063) requires android.permission.READ_CONTACTS or android.permission.WRITE_CONTACTS
05-19 10:37:05.716 627 1248 E TaskPersister: File error accessing recents directory (directory doesn't exist?).
05-19 10:37:06.002 1272 1272 W ContextImpl: Calling a method in the system process without a qualified user: android.app.ContextImpl.sendBroadcast:1181 android.content.ContextWrapper.sendBroadcast:479 cn.eben.newweather.DateWeatherService.a:19 cn.eben.newweather.DateWeatherService.a:0 cn.eben.newweather.DateWeatherService$1.handleMessage:7
05-19 10:37:07.002 1272 1272 W ContextImpl: Calling a method in the system process without a qualified user: android.app.ContextImpl.sendBroadcast:1181 android.content.ContextWrapper.sendBroadcast:479 cn.eben.newweather.DateWeatherService.a:19 cn.eben.newweather.DateWeatherService.a:0 cn.eben.newweather.DateWeatherService$1.handleMessage:7
05-19 10:37:07.699 627 710 I input_interaction: Interaction with: 2d9a650 StatusBar (server), PointerEventDispatcher0 (server),
05-19 10:37:07.703 781 781 I sysui_multi_action: [757,803,799,panel_open,802,1]
05-19 10:37:07.705 781 781 I sysui_multi_action: [757,1328,758,4,1326,93,1327,2,1329,0]
05-19 10:37:07.760 627 1072 I sysui_multi_action: [757,127,758,1]
05-19 10:37:07.760 627 1072 I sysui_multi_action: [757,804,799,note_load,801,5,802,1]
05-19 10:37:07.760 627 1072 I notification_panel_revealed: 5
05-19 10:37:07.783 627 648 I input_focus: [Focus request 12d1777 NotificationShade,reason=UpdateInputWindows]
05-19 10:37:07.808 627 710 I input_focus: [Focus leaving 2ea6737 com.ebensz.enote.meeting/com.ebensz.enote.meeting.MeetingActivity (server),reason=Waiting for window because NO_WINDOW]
05-19 10:37:07.830 627 710 I input_focus: [Focus entering 12d1777 NotificationShade (server),reason=Window became focusable. Previous reason: NOT_VISIBLE]
05-19 10:37:08.002 1272 1272 W ContextImpl: Calling a method in the system process without a qualified user: android.app.ContextImpl.sendBroadcast:1181 android.content.ContextWrapper.sendBroadcast:479 cn.eben.newweather.DateWeatherService.a:19 cn.eben.newweather.DateWeatherService.a:0 cn.eben.newweather.DateWeatherService$1.handleMessage:7
05-19 10:37:08.327 627 10431 I sysui_multi_action: [757,128,758,1,793,-2052409390,794,0,795,-2052932202,796,1,798,4,806,com.ebensz.enote.entry,857,entry_export_pdf,858,2,947,0,1395,5,1500,-2052932202,1688,4,1689,2,1690,1]
05-19 10:37:08.327 627 10431 I sysui_multi_action: [757,804,799,note_freshness,801,-2052932202,802,1]
05-19 10:37:08.327 627 10431 I notification_visibility: [0|com.ebensz.enote.entry|1|null|10046,1,-2052409390,-2052932202,0,4]
05-19 10:37:08.327 627 10431 I sysui_multi_action: [757,128,758,1,793,-2054474163,794,0,795,-2054474163,796,1111,798,1,806,com.ebensz.email,857,100,858,2,947,0,1395,5,1500,366611,1688,4,1689,2,1690,1]
05-19 10:37:08.328 627 10431 I sysui_multi_action: [757,1501,758,1,793,-2054474163,794,0,795,-2054474163,796,1111,806,com.ebensz.email,857,100,858,2,947,0,1500,0,1688,4,1689,2,1690,1]
05-19 10:37:08.328 627 10431 I sysui_multi_action: [757,804,799,note_interruptive,801,0,802,1]
05-19 10:37:08.328 627 10431 I sysui_multi_action: [757,804,799,note_freshness,801,-2054474163,802,1]
05-19 10:37:08.328 627 10431 I notification_visibility: [0|com.ebensz.email|1111|null|10072,1,-2054474163,-2054474163,0,1]
05-19 10:37:08.328 627 10431 I sysui_multi_action: [757,128,758,1,793,-2056228757,794,0,795,-2056228757,796,4273,798,0,806,com.android.systemui,857,screen_record,858,3,947,0,1395,5,1500,366611,1688,1,1745,680407814]
05-19 10:37:08.328 627 10431 I sysui_multi_action: [757,1501,758,1,793,-2056228757,794,0,795,-2056228757,796,4273,806,com.android.systemui,857,screen_record,858,3,947,0,1500,0,1688,1,1745,680407814]
05-19 10:37:08.329 627 10431 I sysui_multi_action: [757,804,799,note_interruptive,801,0,802,1]
05-19 10:37:08.329 627 10431 I sysui_multi_action: [757,804,799,note_freshness,801,-2056228757,802,1]
05-19 10:37:08.329 627 10431 I notification_visibility: [0|com.android.systemui|4273|null|10088,1,-2056228757,-2056228757,0,0]
05-19 10:37:08.329 627 10431 I sysui_multi_action: [757,128,758,1,793,-2050783995,794,0,795,-2050783995,796,55,798,2,806,android,857,DEVELOPER,858,2,947,0,1395,5,1500,366612,1688,1]
05-19 10:37:08.329 627 10431 I sysui_multi_action: [757,1501,758,1,793,-2050783995,794,0,795,-2050783995,796,55,806,android,857,DEVELOPER,858,2,947,0,1500,0,1688,1]
05-19 10:37:08.329 627 10431 I sysui_multi_action: [757,804,799,note_interruptive,801,0,802,1]
05-19 10:37:08.330 627 10431 I sysui_multi_action: [757,804,799,note_freshness,801,-2050783995,802,1]
05-19 10:37:08.330 627 10431 I notification_visibility: [-1|android|55|null|1000,1,-2050783995,-2050783995,0,2]
05-19 10:37:08.330 627 10431 I sysui_multi_action: [757,128,758,1,793,-2050799797,794,0,795,-2052937383,796,1009,798,3,806,cn.eben.sync,857,CloudService,858,2,947,0,1395,5,1500,-2052937383,1688,1]
05-19 10:37:08.330 627 10431 I sysui_multi_action: [757,804,799,note_freshness,801,-2052937383,802,1]
05-19 10:37:08.330 627 10431 I notification_visibility: [0|cn.eben.sync|1009|null|10063,1,-2050799797,-2052937383,0,3]
05-19 10:37:08.500 627 710 I input_interaction: Interaction with: 12d1777 NotificationShade (server), PointerEventDispatcher0 (server),
05-19 10:37:08.839 627 1072 I sysui_multi_action: [757,128,758,2,793,-2052408877,794,513,795,-2052931689,796,1,798,4,806,com.ebensz.enote.entry,857,entry_export_pdf,858,2,947,0,1395,5,1500,-2052931689,1688,4,1689,2,1690,1]
05-19 10:37:08.839 627 1072 I notification_visibility: [0|com.ebensz.enote.entry|1|null|10046,0,-2052408877,-2052931689,0,4]
05-19 10:37:08.840 627 1072 I sysui_multi_action: [757,128,758,2,793,-2054473650,794,513,795,-2054473650,796,1111,798,1,806,com.ebensz.email,857,100,858,2,947,0,1395,5,1500,513,1688,4,1689,2,1690,1]
05-19 10:37:08.840 627 1072 I notification_visibility: [0|com.ebensz.email|1111|null|10072,0,-2054473650,-2054473650,0,1]
05-19 10:37:08.840 627 1072 I sysui_multi_action: [757,128,758,2,793,-2056228245,794,512,795,-2056228245,796,4273,798,0,806,com.android.systemui,857,screen_record,858,3,947,0,1395,5,1500,512,1688,1,1745,680407814]
05-19 10:37:08.840 627 1072 I notification_visibility: [0|com.android.systemui|4273|null|10088,0,-2056228245,-2056228245,0,0]
05-19 10:37:08.840 627 1072 I sysui_multi_action: [757,128,758,2,793,-2050783484,794,511,795,-2050783484,796,55,798,2,806,android,857,DEVELOPER,858,2,947,0,1395,5,1500,511,1688,1]
05-19 10:37:08.840 627 1072 I notification_visibility: [-1|android|55|null|1000,0,-2050783484,-2050783484,0,2]
05-19 10:37:08.841 627 1072 I sysui_multi_action: [757,128,758,2,793,-2050799286,794,511,795,-2052936872,796,1009,798,3,806,cn.eben.sync,857,CloudService,858,2,947,0,1395,5,1500,-2052936872,1688,1]
05-19 10:37:08.842 627 1072 I notification_visibility: [0|cn.eben.sync|1009|null|10063,0,-2050799286,-2052936872,0,3]
05-19 10:37:09.001 1272 1272 W ContextImpl: Calling a method in the system process without a qualified user: android.app.ContextImpl.sendBroadcast:1181 android.content.ContextWrapper.sendBroadcast:479 cn.eben.newweather.DateWeatherService.a:19 cn.eben.newweather.DateWeatherService.a:0 cn.eben.newweather.DateWeatherService$1.handleMessage:7
05-19 10:37:09.092 627 648 I input_focus: [Focus request 2ea6737 com.ebensz.enote.meeting/com.ebensz.enote.meeting.MeetingActivity,reason=UpdateInputWindows]
05-19 10:37:09.119 627 10431 I sysui_multi_action: [757,127,758,2]
05-19 10:37:09.119 627 10431 I notification_panel_hidden:
05-19 10:37:09.125 627 710 I input_focus: [Focus leaving 12d1777 NotificationShade (server),reason=NOT_FOCUSABLE]
05-19 10:37:09.126 627 710 I input_focus: [Focus entering 2ea6737 com.ebensz.enote.meeting/com.ebensz.enote.meeting.MeetingActivity (server),reason=setFocusedWindow]
05-19 10:37:09.427 627 710 I input_interaction: Interaction with: 2ea6737 com.ebensz.enote.meeting/com.ebensz.enote.meeting.MeetingActivity (server), PointerEventDispatcher0 (server),
05-19 10:37:10.002 1272 1272 W ContextImpl: Calling a method in the system process without a qualified user: android.app.ContextImpl.sendBroadcast:1181 android.content.ContextWrapper.sendBroadcast:479 cn.eben.newweather.DateWeatherService.a:19 cn.eben.newweather.DateWeatherService.a:0 cn.eben.newweather.DateWeatherService$1.handleMessage:7
05-19 10:37:10.141 627 1072 W ContentProviderHelper: Permission Denial: opening provider com.android.providers.contacts.ContactsProvider2 from ProcessRecord{552b742 1631:cn.eben.sync/u0a63} (pid=1631, uid=10063) requires android.permission.READ_CONTACTS or android.permission.WRITE_CONTACTS
05-19 10:37:11.002 1272 1272 W ContextImpl: Calling a method in the system process without a qualified user: android.app.ContextImpl.sendBroadcast:1181 android.content.ContextWrapper.sendBroadcast:479 cn.eben.newweather.DateWeatherService.a:19 cn.eben.newweather.DateWeatherService.a:0 cn.eben.newweather.DateWeatherService$1.handleMessage:7
05-19 10:37:11.405 627 675 I commit_sys_config_file: [package-user-0,5]
05-19 10:37:11.405 627 675 I commit_sys_config_file: [package,65]
05-19 10:37:12.002 1272 1272 W ContextImpl: Calling a method in the system process without a qualified user: android.app.ContextImpl.sendBroadcast:1181 android.content.ContextWrapper.sendBroadcast:479 cn.eben.newweather.DateWeatherService.a:19 cn.eben.newweather.DateWeatherService.a:0 cn.eben.newweather.DateWeatherService$1.handleMessage:7
05-19 10:37:13.001 1272 1272 W ContextImpl: Calling a method in the system process without a qualified user: android.app.ContextImpl.sendBroadcast:1181 android.content.ContextWrapper.sendBroadcast:479 cn.eben.newweather.DateWeatherService.a:19 cn.eben.newweather.DateWeatherService.a:0 cn.eben.newweather.DateWeatherService$1.handleMessage:7
05-19 10:37:14.001 1272 1272 W ContextImpl: Calling a method in the system process without a qualified user: android.app.ContextImpl.sendBroadcast:1181 android.content.ContextWrapper.sendBroadcast:479 cn.eben.newweather.DateWeatherService.a:19 cn.eben.newweather.DateWeatherService.a:0 cn.eben.newweather.DateWeatherService$1.handleMessage:7
05-19 10:37:15.002 1272 1272 W ContextImpl: Calling a method in the system process without a qualified user: android.app.ContextImpl.sendBroadcast:1181 android.content.ContextWrapper.sendBroadcast:479 cn.eben.newweather.DateWeatherService.a:19 cn.eben.newweather.DateWeatherService.a:0 cn.eben.newweather.DateWeatherService$1.handleMessage:7
05-19 10:37:15.145 627 1072 W ContentProviderHelper: Permission Denial: opening provider com.android.providers.contacts.ContactsProvider2 from ProcessRecord{552b742 1631:cn.eben.sync/u0a63} (pid=1631, uid=10063) requires android.permission.READ_CONTACTS or android.permission.WRITE_CONTACTS
05-19 10:37:16.002 1272 1272 W ContextImpl: Calling a method in the system process without a qualified user: android.app.ContextImpl.sendBroadcast:1181 android.content.ContextWrapper.sendBroadcast:479 cn.eben.newweather.DateWeatherService.a:19 cn.eben.newweather.DateWeatherService.a:0 cn.eben.newweather.DateWeatherService$1.handleMessage:7
05-19 10:37:17.002 1272 1272 W ContextImpl: Calling a method in the system process without a qualified user: android.app.ContextImpl.sendBroadcast:1181 android.content.ContextWrapper.sendBroadcast:479 cn.eben.newweather.DateWeatherService.a:19 cn.eben.newweather.DateWeatherService.a:0 cn.eben.newweather.DateWeatherService$1.handleMessage:7
