--------- beginning of crash
04-23 11:48:41.955 2121 3499 E AndroidRuntime: FATAL EXCEPTION: com.ebensz.enote.notepad.service.RecordAudioService
04-23 11:48:41.955 2121 3499 E AndroidRuntime: Process: com.ebensz.enote.notepad, PID: 2121
04-23 11:48:41.955 2121 3499 E AndroidRuntime: java.lang.SecurityException: Not allowed to delete channel channel_record with a foreground service
04-23 11:48:41.955 2121 3499 E AndroidRuntime: at android.os.Parcel.createExceptionOrNull(Parcel.java:2426)
04-23 11:48:41.955 2121 3499 E AndroidRuntime: at android.os.Parcel.createException(Parcel.java:2410)
04-23 11:48:41.955 2121 3499 E AndroidRuntime: at android.os.Parcel.readException(Parcel.java:2393)
04-23 11:48:41.955 2121 3499 E AndroidRuntime: at android.os.Parcel.readException(Parcel.java:2335)
04-23 11:48:41.955 2121 3499 E AndroidRuntime: at android.app.INotificationManager$Stub$Proxy.deleteNotificationChannel(INotificationManager.java:4359)
04-23 11:48:41.955 2121 3499 E AndroidRuntime: at android.app.NotificationManager.deleteNotificationChannel(NotificationManager.java:1002)
04-23 11:48:41.955 2121 3499 E AndroidRuntime: at com.ebensz.enote.notepad.service.RecordAudioNotification.cancel(:3)
04-23 11:48:41.955 2121 3499 E AndroidRuntime: at com.ebensz.enote.notepad.service.RecordAudioService$ServiceHandler.handleMessage(:53)
04-23 11:48:41.955 2121 3499 E AndroidRuntime: at android.os.Handler.dispatchMessage(Handler.java:106)
04-23 11:48:41.955 2121 3499 E AndroidRuntime: at android.os.Looper.loopOnce(Looper.java:201)
04-23 11:48:41.955 2121 3499 E AndroidRuntime: at android.os.Looper.loop(Looper.java:288)
04-23 11:48:41.955 2121 3499 E AndroidRuntime: at android.os.HandlerThread.run(HandlerThread.java:67)
04-23 11:48:41.955 2121 3499 E AndroidRuntime: Caused by: android.os.RemoteException: Remote stack trace:
04-23 11:48:41.955 2121 3499 E AndroidRuntime: at com.android.server.notification.NotificationManagerService$10.enforceDeletingChannelHasNoFgService(NotificationManagerService.java:3694)
04-23 11:48:41.955 2121 3499 E AndroidRuntime: at com.android.server.notification.NotificationManagerService$10.deleteNotificationChannel(NotificationManagerService.java:3707)
04-23 11:48:41.955 2121 3499 E AndroidRuntime: at android.app.INotificationManager$Stub.onTransact(INotificationManager.java:1821)
04-23 11:48:41.955 2121 3499 E AndroidRuntime: at android.os.Binder.execTransactInternal(Binder.java:1179)
04-23 11:48:41.955 2121 3499 E AndroidRuntime: at android.os.Binder.execTransact(Binder.java:1143)
04-23 11:48:41.955 2121 3499 E AndroidRuntime:
04-23 11:48:42.358 3561 3584 E AndroidRuntime: FATAL EXCEPTION: com.ebensz.enote.notepad.service.RecordAudioService
04-23 11:48:42.358 3561 3584 E AndroidRuntime: Process: com.ebensz.enote.notepad, PID: 3561
04-23 11:48:42.358 3561 3584 E AndroidRuntime: java.lang.SecurityException: Not allowed to delete channel channel_record with a foreground service
04-23 11:48:42.358 3561 3584 E AndroidRuntime: at android.os.Parcel.createExceptionOrNull(Parcel.java:2426)
04-23 11:48:42.358 3561 3584 E AndroidRuntime: at android.os.Parcel.createException(Parcel.java:2410)
04-23 11:48:42.358 3561 3584 E AndroidRuntime: at android.os.Parcel.readException(Parcel.java:2393)
04-23 11:48:42.358 3561 3584 E AndroidRuntime: at android.os.Parcel.readException(Parcel.java:2335)
04-23 11:48:42.358 3561 3584 E AndroidRuntime: at android.app.INotificationManager$Stub$Proxy.deleteNotificationChannel(INotificationManager.java:4359)
04-23 11:48:42.358 3561 3584 E AndroidRuntime: at android.app.NotificationManager.deleteNotificationChannel(NotificationManager.java:1002)
04-23 11:48:42.358 3561 3584 E AndroidRuntime: at com.ebensz.enote.notepad.service.RecordAudioNotification.cancel(:3)
04-23 11:48:42.358 3561 3584 E AndroidRuntime: at com.ebensz.enote.notepad.service.RecordAudioService$ServiceHandler.handleMessage(:45)
04-23 11:48:42.358 3561 3584 E AndroidRuntime: at android.os.Handler.dispatchMessage(Handler.java:106)
04-23 11:48:42.358 3561 3584 E AndroidRuntime: at android.os.Looper.loopOnce(Looper.java:201)
04-23 11:48:42.358 3561 3584 E AndroidRuntime: at android.os.Looper.loop(Looper.java:288)
04-23 11:48:42.358 3561 3584 E AndroidRuntime: at android.os.HandlerThread.run(HandlerThread.java:67)
04-23 12:03:08.397 3591 4792 E AndroidRuntime: FATAL EXCEPTION: com.ebensz.enote.notepad.service.RecordAudioService
04-23 12:03:08.397 3591 4792 E AndroidRuntime: Process: com.ebensz.enote.notepad, PID: 3591
04-23 12:03:08.397 3591 4792 E AndroidRuntime: java.lang.SecurityException: Not allowed to delete channel channel_record with a foreground service
04-23 12:03:08.397 3591 4792 E AndroidRuntime: at android.os.Parcel.createExceptionOrNull(Parcel.java:2426)
04-23 12:03:08.397 3591 4792 E AndroidRuntime: at android.os.Parcel.createException(Parcel.java:2410)
04-23 12:03:08.397 3591 4792 E AndroidRuntime: at android.os.Parcel.readException(Parcel.java:2393)
04-23 12:03:08.397 3591 4792 E AndroidRuntime: at android.os.Parcel.readException(Parcel.java:2335)
04-23 12:03:08.397 3591 4792 E AndroidRuntime: at android.app.INotificationManager$Stub$Proxy.deleteNotificationChannel(INotificationManager.java:4359)
04-23 12:03:08.397 3591 4792 E AndroidRuntime: at android.app.NotificationManager.deleteNotificationChannel(NotificationManager.java:1002)
04-23 12:03:08.397 3591 4792 E AndroidRuntime: at com.ebensz.enote.notepad.service.RecordAudioNotification.cancel(:3)
04-23 12:03:08.397 3591 4792 E AndroidRuntime: at com.ebensz.enote.notepad.service.RecordAudioService$ServiceHandler.handleMessage(:53)
04-23 12:03:08.397 3591 4792 E AndroidRuntime: at android.os.Handler.dispatchMessage(Handler.java:106)
04-23 12:03:08.397 3591 4792 E AndroidRuntime: at android.os.Looper.loopOnce(Looper.java:201)
04-23 12:03:08.397 3591 4792 E AndroidRuntime: at android.os.Looper.loop(Looper.java:288)
04-23 12:03:08.397 3591 4792 E AndroidRuntime: at android.os.HandlerThread.run(HandlerThread.java:67)
04-23 12:03:08.397 3591 4792 E AndroidRuntime: Caused by: android.os.RemoteException: Remote stack trace:
04-23 12:03:08.397 3591 4792 E AndroidRuntime: at com.android.server.notification.NotificationManagerService$10.enforceDeletingChannelHasNoFgService(NotificationManagerService.java:3694)
04-23 12:03:08.397 3591 4792 E AndroidRuntime: at com.android.server.notification.NotificationManagerService$10.deleteNotificationChannel(NotificationManagerService.java:3707)
04-23 12:03:08.397 3591 4792 E AndroidRuntime: at android.app.INotificationManager$Stub.onTransact(INotificationManager.java:1821)
04-23 12:03:08.397 3591 4792 E AndroidRuntime: at android.os.Binder.execTransactInternal(Binder.java:1179)
04-23 12:03:08.397 3591 4792 E AndroidRuntime: at android.os.Binder.execTransact(Binder.java:1143)
04-23 12:03:08.397 3591 4792 E AndroidRuntime:
04-23 12:03:08.816 4878 4902 E AndroidRuntime: FATAL EXCEPTION: com.ebensz.enote.notepad.service.RecordAudioService
04-23 12:03:08.816 4878 4902 E AndroidRuntime: Process: com.ebensz.enote.notepad, PID: 4878
04-23 12:03:08.816 4878 4902 E AndroidRuntime: java.lang.SecurityException: Not allowed to delete channel channel_record with a foreground service
04-23 12:03:08.816 4878 4902 E AndroidRuntime: at android.os.Parcel.createExceptionOrNull(Parcel.java:2426)
04-23 12:03:08.816 4878 4902 E AndroidRuntime: at android.os.Parcel.createException(Parcel.java:2410)
04-23 12:03:08.816 4878 4902 E AndroidRuntime: at android.os.Parcel.readException(Parcel.java:2393)
04-23 12:03:08.816 4878 4902 E AndroidRuntime: at android.os.Parcel.readException(Parcel.java:2335)
04-23 12:03:08.816 4878 4902 E AndroidRuntime: at android.app.INotificationManager$Stub$Proxy.deleteNotificationChannel(INotificationManager.java:4359)
04-23 12:03:08.816 4878 4902 E AndroidRuntime: at android.app.NotificationManager.deleteNotificationChannel(NotificationManager.java:1002)
04-23 12:03:08.816 4878 4902 E AndroidRuntime: at com.ebensz.enote.notepad.service.RecordAudioNotification.cancel(:3)
04-23 12:03:08.816 4878 4902 E AndroidRuntime: at com.ebensz.enote.notepad.service.RecordAudioService$ServiceHandler.handleMessage(:45)
04-23 12:03:08.816 4878 4902 E AndroidRuntime: at android.os.Handler.dispatchMessage(Handler.java:106)
04-23 12:03:08.816 4878 4902 E AndroidRuntime: at android.os.Looper.loopOnce(Looper.java:201)
04-23 12:03:08.816 4878 4902 E AndroidRuntime: at android.os.Looper.loop(Looper.java:288)
04-23 12:03:08.816 4878 4902 E AndroidRuntime: at android.os.HandlerThread.run(HandlerThread.java:67)
04-23 12:03:47.444 4906 5160 E AndroidRuntime: FATAL EXCEPTION: com.ebensz.enote.notepad.service.RecordAudioService
04-23 12:03:47.444 4906 5160 E AndroidRuntime: Process: com.ebensz.enote.notepad, PID: 4906
04-23 12:03:47.444 4906 5160 E AndroidRuntime: java.lang.SecurityException: Not allowed to delete channel channel_record with a foreground service
04-23 12:03:47.444 4906 5160 E AndroidRuntime: at android.os.Parcel.createExceptionOrNull(Parcel.java:2426)
04-23 12:03:47.444 4906 5160 E AndroidRuntime: at android.os.Parcel.createException(Parcel.java:2410)
04-23 12:03:47.444 4906 5160 E AndroidRuntime: at android.os.Parcel.readException(Parcel.java:2393)
04-23 12:03:47.444 4906 5160 E AndroidRuntime: at android.os.Parcel.readException(Parcel.java:2335)
04-23 12:03:47.444 4906 5160 E AndroidRuntime: at android.app.INotificationManager$Stub$Proxy.deleteNotificationChannel(INotificationManager.java:4359)
04-23 12:03:47.444 4906 5160 E AndroidRuntime: at android.app.NotificationManager.deleteNotificationChannel(NotificationManager.java:1002)
04-23 12:03:47.444 4906 5160 E AndroidRuntime: at com.ebensz.enote.notepad.service.RecordAudioNotification.cancel(:3)
04-23 12:03:47.444 4906 5160 E AndroidRuntime: at com.ebensz.enote.notepad.service.RecordAudioService$ServiceHandler.handleMessage(:53)
04-23 12:03:47.444 4906 5160 E AndroidRuntime: at android.os.Handler.dispatchMessage(Handler.java:106)
04-23 12:03:47.444 4906 5160 E AndroidRuntime: at android.os.Looper.loopOnce(Looper.java:201)
04-23 12:03:47.444 4906 5160 E AndroidRuntime: at android.os.Looper.loop(Looper.java:288)
04-23 12:03:47.444 4906 5160 E AndroidRuntime: at android.os.HandlerThread.run(HandlerThread.java:67)
04-23 12:03:47.444 4906 5160 E AndroidRuntime: Caused by: android.os.RemoteException: Remote stack trace:
04-23 12:03:47.444 4906 5160 E AndroidRuntime: at com.android.server.notification.NotificationManagerService$10.enforceDeletingChannelHasNoFgService(NotificationManagerService.java:3694)
04-23 12:03:47.444 4906 5160 E AndroidRuntime: at com.android.server.notification.NotificationManagerService$10.deleteNotificationChannel(NotificationManagerService.java:3707)
04-23 12:03:47.444 4906 5160 E AndroidRuntime: at android.app.INotificationManager$Stub.onTransact(INotificationManager.java:1821)
04-23 12:03:47.444 4906 5160 E AndroidRuntime: at android.os.Binder.execTransactInternal(Binder.java:1179)
04-23 12:03:47.444 4906 5160 E AndroidRuntime: at android.os.Binder.execTransact(Binder.java:1143)
04-23 12:03:47.444 4906 5160 E AndroidRuntime:
04-23 12:03:47.858 5233 5257 E AndroidRuntime: FATAL EXCEPTION: com.ebensz.enote.notepad.service.RecordAudioService
04-23 12:03:47.858 5233 5257 E AndroidRuntime: Process: com.ebensz.enote.notepad, PID: 5233
04-23 12:03:47.858 5233 5257 E AndroidRuntime: java.lang.SecurityException: Not allowed to delete channel channel_record with a foreground service
04-23 12:03:47.858 5233 5257 E AndroidRuntime: at android.os.Parcel.createExceptionOrNull(Parcel.java:2426)
04-23 12:03:47.858 5233 5257 E AndroidRuntime: at android.os.Parcel.createException(Parcel.java:2410)
04-23 12:03:47.858 5233 5257 E AndroidRuntime: at android.os.Parcel.readException(Parcel.java:2393)
04-23 12:03:47.858 5233 5257 E AndroidRuntime: at android.os.Parcel.readException(Parcel.java:2335)
04-23 12:03:47.858 5233 5257 E AndroidRuntime: at android.app.INotificationManager$Stub$Proxy.deleteNotificationChannel(INotificationManager.java:4359)
04-23 12:03:47.858 5233 5257 E AndroidRuntime: at android.app.NotificationManager.deleteNotificationChannel(NotificationManager.java:1002)
04-23 12:03:47.858 5233 5257 E AndroidRuntime: at com.ebensz.enote.notepad.service.RecordAudioNotification.cancel(:3)
04-23 12:03:47.858 5233 5257 E AndroidRuntime: at com.ebensz.enote.notepad.service.RecordAudioService$ServiceHandler.handleMessage(:45)
04-23 12:03:47.858 5233 5257 E AndroidRuntime: at android.os.Handler.dispatchMessage(Handler.java:106)
04-23 12:03:47.858 5233 5257 E AndroidRuntime: at android.os.Looper.loopOnce(Looper.java:201)
04-23 12:03:47.858 5233 5257 E AndroidRuntime: at android.os.Looper.loop(Looper.java:288)
04-23 12:03:47.858 5233 5257 E AndroidRuntime: at android.os.HandlerThread.run(HandlerThread.java:67) --------- beginning of events
05-19 10:34:47.806 627 627 I notification_enqueue: [10038,5260,com.ebensz.enote.notepad,1,NULL,0,Notification(channel=channel_record shortcut=null contentView=com.ebensz.enote.notepad/0x7f090063 vibrate=null sound=null defaults=0x4 flags=0x62 color=0x00000000 vis=PRIVATE),1]
05-19 10:34:48.810 627 627 I notification_enqueue: [10038,5260,com.ebensz.enote.notepad,1,NULL,0,Notification(channel=channel_record shortcut=null contentView=com.ebensz.enote.notepad/0x7f090063 vibrate=null sound=null defaults=0x4 flags=0x62 color=0x00000000 vis=PRIVATE),1]
05-19 10:34:49.813 627 627 I notification_enqueue: [10038,5260,com.ebensz.enote.notepad,1,NULL,0,Notification(channel=channel_record shortcut=null contentView=com.ebensz.enote.notepad/0x7f090063 vibrate=null sound=null defaults=0x4 flags=0x62 color=0x00000000 vis=PRIVATE),1]
05-19 10:34:50.814 627 627 I notification_enqueue: [10038,5260,com.ebensz.enote.notepad,1,NULL,0,Notification(channel=channel_record shortcut=null contentView=com.ebensz.enote.notepad/0x7f090063 vibrate=null sound=null defaults=0x4 flags=0x62 color=0x00000000 vis=PRIVATE),1]
05-19 10:34:51.822 627 627 I notification_enqueue: [10038,5260,com.ebensz.enote.notepad,1,NULL,0,Notification(channel=channel_record shortcut=null contentView=com.ebensz.enote.notepad/0x7f090063 vibrate=null sound=null defaults=0x4 flags=0x62 color=0x00000000 vis=PRIVATE),1]
05-19 10:34:52.851 627 627 I notification_enqueue: [10038,5260,com.ebensz.enote.notepad,1,NULL,0,Notification(channel=channel_record shortcut=null contentView=com.ebensz.enote.notepad/0x7f090063 vibrate=null sound=null defaults=0x4 flags=0x62 color=0x00000000 vis=PRIVATE),1]
05-19 10:34:53.864 627 627 I notification_enqueue: [10038,5260,com.ebensz.enote.notepad,1,NULL,0,Notification(channel=channel_record shortcut=null contentView=com.ebensz.enote.notepad/0x7f090063 vibrate=null sound=null defaults=0x4 flags=0x62 color=0x00000000 vis=PRIVATE),1]
05-19 10:34:54.934 627 627 I notification_enqueue: [10038,5260,com.ebensz.enote.notepad,1,NULL,0,Notification(channel=channel_record shortcut=null contentView=com.ebensz.enote.notepad/0x7f090063 vibrate=null sound=null defaults=0x4 flags=0x62 color=0x00000000 vis=PRIVATE),1]
05-19 10:34:55.039 627 648 I input_focus: [Focus request 9f226ac com.ebensz.enote.notepad/com.ebensz.enote.notepad.EditActivity,reason=UpdateInputWindows]
05-19 10:34:55.066 627 710 I input_focus: [Focus leaving 938c4df com.ebensz.enote.notepad/com.ebensz.enote.notepad.EditActivity (server),reason=Waiting for window because NOT_VISIBLE]
05-19 10:34:55.084 627 710 I input_focus: [Focus entering 9f226ac com.ebensz.enote.notepad/com.ebensz.enote.notepad.EditActivity (server),reason=Window became focusable. Previous reason: NOT_VISIBLE]
05-19 10:34:56.242 627 710 I input_interaction: Interaction with: 9f226ac com.ebensz.enote.notepad/com.ebensz.enote.notepad.EditActivity (server), PointerEventDispatcher0 (server),
05-19 10:34:56.457 5260 20343 E AndroidRuntime: FATAL EXCEPTION: com.ebensz.enote.notepad.service.RecordAudioService
05-19 10:34:56.457 5260 20343 E AndroidRuntime: Process: com.ebensz.enote.notepad, PID: 5260
05-19 10:34:56.457 5260 20343 E AndroidRuntime: java.lang.SecurityException: Not allowed to delete channel channel_record with a foreground service
05-19 10:34:56.457 5260 20343 E AndroidRuntime: at android.os.Parcel.createExceptionOrNull(Parcel.java:2426)
05-19 10:34:56.457 5260 20343 E AndroidRuntime: at android.os.Parcel.createException(Parcel.java:2410)
05-19 10:34:56.457 5260 20343 E AndroidRuntime: at android.os.Parcel.readException(Parcel.java:2393)
05-19 10:34:56.457 5260 20343 E AndroidRuntime: at android.os.Parcel.readException(Parcel.java:2335)
05-19 10:34:56.457 5260 20343 E AndroidRuntime: at android.app.INotificationManager$Stub$Proxy.deleteNotificationChannel(INotificationManager.java:4359)
05-19 10:34:56.457 5260 20343 E AndroidRuntime: at android.app.NotificationManager.deleteNotificationChannel(NotificationManager.java:1002)
05-19 10:34:56.457 5260 20343 E AndroidRuntime: at com.ebensz.enote.notepad.service.RecordAudioNotification.cancel(:3)
05-19 10:34:56.457 5260 20343 E AndroidRuntime: at com.ebensz.enote.notepad.service.RecordAudioService$ServiceHandler.handleMessage(:53)
05-19 10:34:56.457 5260 20343 E AndroidRuntime: at android.os.Handler.dispatchMessage(Handler.java:106)
05-19 10:34:56.457 5260 20343 E AndroidRuntime: at android.os.Looper.loopOnce(Looper.java:201)
05-19 10:34:56.457 5260 20343 E AndroidRuntime: at android.os.Looper.loop(Looper.java:288)
05-19 10:34:56.457 5260 20343 E AndroidRuntime: at android.os.HandlerThread.run(HandlerThread.java:67)
05-19 10:34:56.457 5260 20343 E AndroidRuntime: Caused by: android.os.RemoteException: Remote stack trace:
05-19 10:34:56.457 5260 20343 E AndroidRuntime: at com.android.server.notification.NotificationManagerService$10.enforceDeletingChannelHasNoFgService(NotificationManagerService.java:3694)
05-19 10:34:56.457 5260 20343 E AndroidRuntime: at com.android.server.notification.NotificationManagerService$10.deleteNotificationChannel(NotificationManagerService.java:3707)
05-19 10:34:56.457 5260 20343 E AndroidRuntime: at android.app.INotificationManager$Stub.onTransact(INotificationManager.java:1821)
05-19 10:34:56.457 5260 20343 E AndroidRuntime: at android.os.Binder.execTransactInternal(Binder.java:1179)
05-19 10:34:56.457 5260 20343 E AndroidRuntime: at android.os.Binder.execTransact(Binder.java:1143)
05-19 10:34:56.457 5260 20343 E AndroidRuntime:
05-19 10:34:56.462 627 648 I input_focus: [Focus request 938c4df com.ebensz.enote.notepad/com.ebensz.enote.notepad.EditActivity,reason=UpdateInputWindows]
05-19 10:34:56.486 627 710 I input_focus: [Focus entering 938c4df com.ebensz.enote.notepad/com.ebensz.enote.notepad.EditActivity (server),reason=setFocusedWindow]
05-19 10:34:56.495 627 685 I am_crash: [5260,0,com.ebensz.enote.notepad,819510855,java.lang.SecurityException,Remote stack trace:
05-19 10:34:56.495 627 685 I am_crash: at com.android.server.notification.NotificationManagerService$10.enforceDeletingChannelHasNoFgService(NotificationManagerService.java:3694)
05-19 10:34:56.495 627 685 I am_crash: at com.android.server.notification.NotificationManagerService$10.deleteNotificationChannel(NotificationManagerService.java:3707)
05-19 10:34:56.495 627 685 I am_crash: at android.app.INotificationManager$Stub.onTransact(INotificationManager.java:1821)
05-19 10:34:56.495 627 685 I am_crash: at android.os.Binder.execTransactInternal(Binder.java:1179)
05-19 10:34:56.495 627 685 I am_crash: at android.os.Binder.execTransact(Binder.java:1143)
05-19 10:34:56.495 627 685 I am_crash: ,Parcel.java,2426]
05-19 10:34:56.497 627 685 I wm_finish_activity: [0,86024163,113,com.ebensz.enote.notepad/.EditActivity,force-crash]
05-19 10:34:56.498 627 685 I wm_task_moved: [111,1,13]
05-19 10:34:56.498 627 685 I wm_task_to_front: [0,111]
05-19 10:34:56.500 627 685 I wm_focused_root_task: [0,0,111,113,finish-top adjustFocusToNextFocusableTask]
05-19 10:34:56.511 627 685 I wm_pause_activity: [0,86024163,com.ebensz.enote.notepad/.EditActivity,userLeaving=false,finish]
05-19 10:34:56.519 627 648 I input_focus: [Focus request bcf897d com.ebensz.enote.entry/com.ebensz.enote.entry.activity.EntryActivity,reason=UpdateInputWindows]
05-19 10:34:56.520 5260 5260 I wm_on_top_resumed_lost_called: [86024163,com.ebensz.enote.notepad.EditActivity,topStateChangedWhenResumed]
05-19 10:34:56.525 627 685 I sysui_multi_action: [757,316,758,4,759,-1]
05-19 10:34:56.559 627 710 I input_focus: [Focus leaving 938c4df com.ebensz.enote.notepad/com.ebensz.enote.notepad.EditActivity (server),reason=setFocusedWindow]
05-19 10:34:56.559 627 710 I input_focus: [Focus entering bcf897d com.ebensz.enote.entry/com.ebensz.enote.entry.activity.EntryActivity (server),reason=setFocusedWindow]
05-19 10:34:56.685 627 685 I am_proc_died: [0,5260,com.ebensz.enote.notepad,0,2]
05-19 10:34:56.687 627 685 I am_schedule_service_restart: [0,com.ebensz.enote.notepad/.service.RecordAudioService,1000]
05-19 10:34:56.687 627 627 I sysui_multi_action: [757,128,758,5,759,8,793,34173,794,0,795,1754,796,1,806,com.ebensz.enote.notepad,857,channel_record,858,2,947,0,1500,1754,1688,1]
05-19 10:34:56.688 627 627 I notification_canceled: [0|com.ebensz.enote.notepad|1|null|10038,8,34173,1754,0,-1,-1,NULL]
05-19 10:34:56.691 627 685 I wm_set_resumed_activity: [0,com.ebensz.enote.entry/.activity.EntryActivity,resumeTopActivity]
05-19 10:34:56.692 627 685 I wm_resume_activity: [0,116585715,111,com.ebensz.enote.entry/.activity.EntryActivity]
05-19 10:34:56.704 627 648 I wm_task_removed: [113,removeChild:removeChild last r=ActivityRecord{5209fe3 u0 com.ebensz.enote.notepad/.EditActivity t-1 f}} in t=Task{682a3cf #113 type=standard A=10038:android.task.enote U=0 visible=false visibleRequested=false mode=fullscreen translucent=true sz=0}]
05-19 10:34:56.704 627 648 I wm_task_removed: [113,removeChild]
05-19 10:34:56.718 627 652 I am_pss : [20224,10038,com.ebensz.enote.notepad:remote,24910848,20869120,0,122302464,0,19,9]
05-19 10:34:56.737 2331 2331 I wm_on_resume_called: [116585715,com.ebensz.enote.entry.activity.EntryActivity,RESUME_ACTIVITY]
05-19 10:34:56.737 2331 2331 I wm_on_top_resumed_gained_called: [116585715,com.ebensz.enote.entry.activity.EntryActivity,topWhenResuming]
05-19 10:34:56.754 627 654 I am_proc_start: [0,20567,10038,com.ebensz.enote.notepad,service,{com.ebensz.enote.notepad/com.ebensz.enote.notepad.service.RecordAudioService}]
05-19 10:34:56.801 627 8067 I am_proc_bound: [0,20567,com.ebensz.enote.notepad]
05-19 10:34:56.804 627 627 I notification_enqueue: [10038,20567,com.ebensz.enote.notepad,1,NULL,0,Notification(channel=channel_record shortcut=null contentView=com.ebensz.enote.notepad/0x7f090063 vibrate=null sound=null defaults=0x4 flags=0x62 color=0x00000000 vis=PRIVATE),0]
05-19 10:34:56.957 20567 20598 E AndroidRuntime: FATAL EXCEPTION: com.ebensz.enote.notepad.service.RecordAudioService
05-19 10:34:56.957 20567 20598 E AndroidRuntime: Process: com.ebensz.enote.notepad, PID: 20567
05-19 10:34:56.957 20567 20598 E AndroidRuntime: java.lang.SecurityException: Not allowed to delete channel channel_record with a foreground service
05-19 10:34:56.957 20567 20598 E AndroidRuntime: at android.os.Parcel.createExceptionOrNull(Parcel.java:2426)
05-19 10:34:56.957 20567 20598 E AndroidRuntime: at android.os.Parcel.createException(Parcel.java:2410)
05-19 10:34:56.957 20567 20598 E AndroidRuntime: at android.os.Parcel.readException(Parcel.java:2393)
05-19 10:34:56.957 20567 20598 E AndroidRuntime: at android.os.Parcel.readException(Parcel.java:2335)
05-19 10:34:56.957 20567 20598 E AndroidRuntime: at android.app.INotificationManager$Stub$Proxy.deleteNotificationChannel(INotificationManager.java:4359)
05-19 10:34:56.957 20567 20598 E AndroidRuntime: at android.app.NotificationManager.deleteNotificationChannel(NotificationManager.java:1002)
05-19 10:34:56.957 20567 20598 E AndroidRuntime: at com.ebensz.enote.notepad.service.RecordAudioNotification.cancel(:3)
05-19 10:34:56.957 20567 20598 E AndroidRuntime: at com.ebensz.enote.notepad.service.RecordAudioService$ServiceHandler.handleMessage(:45)
05-19 10:34:56.957 20567 20598 E AndroidRuntime: at android.os.Handler.dispatchMessage(Handler.java:106)
05-19 10:34:56.957 20567 20598 E AndroidRuntime: at android.os.Looper.loopOnce(Looper.java:201)
05-19 10:34:56.957 20567 20598 E AndroidRuntime: at android.os.Looper.loop(Looper.java:288)
05-19 10:34:56.957 20567 20598 E AndroidRuntime: at android.os.HandlerThread.run(HandlerThread.java:67)
05-19 10:34:56.963 627 627 I notification_enqueue: [10038,20567,com.ebensz.enote.notepad,1,NULL,0,Notification(channel=recording_channel_01 shortcut=null contentView=null vibrate=null sound=null defaults=0x0 flags=0x40 color=0x00000000 vis=PRIVATE),0]
05-19 10:34:57.005 627 627 I sysui_multi_action: [757,1501,758,1,793,201,794,0,795,201,796,1,806,com.ebensz.enote.notepad,857,channel_record,858,2,947,0,1500,0,1688,1]
05-19 10:34:57.005 627 627 I sysui_multi_action: [757,804,799,note_interruptive,801,0,802,1]
05-19 10:34:57.006 627 10431 I am_crash: [20567,0,com.ebensz.enote.notepad,819510855,java.lang.SecurityException,Not allowed to delete channel channel_record with a foreground service,Parcel.java,2426]
05-19 10:34:57.057 627 648 I input_focus: [Focus request 30b90b8 Application Error: com.ebensz.enote.notepad,reason=UpdateInputWindows]
05-19 10:34:57.087 627 710 I input_focus: [Focus leaving bcf897d com.ebensz.enote.entry/com.ebensz.enote.entry.activity.EntryActivity (server),reason=setFocusedWindow]
05-19 10:34:57.087 627 710 I input_focus: [Focus entering 30b90b8 Application Error: com.ebensz.enote.notepad (server),reason=setFocusedWindow]
05-19 10:34:57.215 627 646 I commit_sys_config_file: [notification-policy,72781813]
05-19 10:34:58.566 627 710 I input_interaction: Interaction with: 30b90b8 Application Error: com.ebensz.enote.notepad (server), PointerEventDispatcher0 (server),
05-19 10:34:58.688 627 10431 I sysui_multi_action: [757,316,758,4,759,1]
05-19 10:34:58.690 627 10431 I am_kill : [0,20567,com.ebensz.enote.notepad,0,crash]
05-19 10:34:58.694 627 627 I sysui_multi_action: [757,128,758,5,759,8,793,1732,794,0,795,1732,796,1,806,com.ebensz.enote.notepad,857,recording_channel_01,858,2,947,0,1500,1732,1688,4,1689,2,1690,1]
05-19 10:34:58.694 627 627 I notification_canceled: [0|com.ebensz.enote.notepad|1|null|10038,8,1732,1732,0,-1,-1,NULL]
05-19 10:34:58.718 627 648 I input_focus: [Focus request bcf897d com.ebensz.enote.entry/com.ebensz.enote.entry.activity.EntryActivity,reason=UpdateInputWindows]
05-19 10:34:58.745 627 710 I input_focus: [Focus entering bcf897d com.ebensz.enote.entry/com.ebensz.enote.entry.activity.EntryActivity (server),reason=setFocusedWindow]
05-19 10:34:59.995 627 710 I input_interaction: Interaction with: d7a6ca1 NavigationBar0 (server), PointerEventDispatcher0 (server),
05-19 10:34:59.999 781 781 I sysui_multi_action: [757,931,758,4,759,4,932,0,933,0]
05-19 10:35:00.014 627 710 I input_interaction: Interaction with: bcf897d com.ebensz.enote.entry/com.ebensz.enote.entry.activity.EntryActivity (server), PointerEventDispatcher0 (server),
05-19 10:35:00.014 627 710 I input_interaction: Interaction with: d7a6ca1 NavigationBar0 (server), PointerEventDispatcher0 (server),
05-19 10:35:00.089 781 781 I sysui_multi_action: [757,931,758,4,759,4,932,0,933,1]
05-19 10:35:00.091 627 10431 I sysui_multi_action: [757,803,799,key_back_press,802,1]
05-19 10:35:00.096 627 10431 I wm_task_moved: [111,0,0]
05-19 10:35:00.100 627 10431 I wm_focused_root_task: [0,0,1,111,moveTaskToBackLocked]
05-19 10:35:00.101 2331 2331 I wm_on_top_resumed_lost_called: [116585715,com.ebensz.enote.entry.activity.EntryActivity,topStateChangedWhenResumed]
05-19 10:35:00.102 627 10431 I wm_add_to_stopping: [0,116585715,com.ebensz.enote.entry/.activity.EntryActivity,makeInvisible]
05-19 10:35:00.103 627 10431 I wm_pause_activity: [0,116585715,com.ebensz.enote.entry/.activity.EntryActivity,userLeaving=false,pauseBackTasks]
05-19 10:35:00.105 627 10431 I wm_set_resumed_activity: [0,com.android.launcher3/.uioverrides.QuickstepLauncher,resumeTopActivity]
05-19 10:35:00.107 627 10431 I wm_resume_activity: [0,214771548,29,com.android.launcher3/.uioverrides.QuickstepLauncher]
05-19 10:35:00.117 2331 2331 I wm_on_paused_called: [116585715,com.ebensz.enote.entry.activity.EntryActivity,performPause]
05-19 10:35:00.120 627 647 I sysui_multi_action: [757,803,799,window_time_0,802,38]
05-19 10:35:00.129 1030 1030 I wm_on_restart_called: [214771548,com.android.launcher3.uioverrides.QuickstepLauncher,performRestartActivity]
05-19 10:35:00.131 627 710 I input_focus: [Focus leaving bcf897d com.ebensz.enote.entry/com.ebensz.enote.entry.activity.EntryActivity (server),reason=NO_WINDOW]
05-19 10:35:00.133 1030 1030 I wm_on_start_called: [214771548,com.android.launcher3.uioverrides.QuickstepLauncher,handleStartActivity]
05-19 10:35:00.134 1030 1030 I wm_on_resume_called: [214771548,com.android.launcher3.uioverrides.QuickstepLauncher,RESUME_ACTIVITY]
05-19 10:35:00.135 1030 1030 I wm_on_top_resumed_gained_called: [214771548,com.android.launcher3.uioverrides.QuickstepLauncher,topStateChangedWhenResumed]
05-19 10:35:00.159 627 648 I input_focus: [Focus request 334f74b com.android.launcher3/com.android.launcher3.uioverrides.QuickstepLauncher,reason=UpdateInputWindows]
05-19 10:35:00.244 627 710 I input_focus: [Focus entering 334f74b com.android.launcher3/com.android.launcher3.uioverrides.QuickstepLauncher (server),reason=Window became focusable. Previous reason: NOT_VISIBLE]
05-19 10:35:00.820 627 647 I wm_stop_activity: [0,116585715,com.ebensz.enote.entry/.activity.EntryActivity]
05-19 10:35:00.830 2331 2331 I wm_on_stop_called: [116585715,com.ebensz.enote.entry.activity.EntryActivity,STOP_ACTIVITY_ITEM]
05-19 10:35:02.508 627 710 I input_interaction: Interaction with: 334f74b com.android.launcher3/com.android.launcher3.uioverrides.QuickstepLauncher (server), f6e4224 com.android.systemui.ImageWallpaper (server), PointerEventDispatcher0 (server),
05-19 10:35:02.593 627 3559 I wm_task_moved: [111,1,12]
05-19 10:35:02.593 627 3559 I wm_task_to_front: [0,111]
05-19 10:35:02.595 627 3559 I wm_focused_root_task: [0,0,111,1,bringingFoundTaskToFront]
05-19 10:35:02.596 627 3559 I wm_set_resumed_activity: [0,com.ebensz.enote.entry/.activity.EntryActivity,bringingFoundTaskToFront]
05-19 10:35:02.597 627 3559 I wm_new_intent: [0,116585715,111,com.ebensz.enote.entry/.activity.EntryActivity,android.intent.action.MAIN,NULL,NULL,270532608]
05-19 10:35:02.600 627 3559 I wm_pause_activity: [0,214771548,com.android.launcher3/.uioverrides.QuickstepLauncher,userLeaving=true,pauseBackTasks]
05-19 10:35:02.605 1030 1030 I wm_on_top_resumed_lost_called: [214771548,com.android.launcher3.uioverrides.QuickstepLauncher,topStateChangedWhenResumed]
05-19 10:35:02.606 1030 1030 I wm_on_paused_called: [214771548,com.android.launcher3.uioverrides.QuickstepLauncher,performPause]
05-19 10:35:02.609 627 16029 I wm_set_resumed_activity: [0,com.ebensz.enote.entry/.activity.EntryActivity,resumeTopActivity]
05-19 10:35:02.610 627 16029 I wm_add_to_stopping: [0,214771548,com.android.launcher3/.uioverrides.QuickstepLauncher,makeInvisible]
05-19 10:35:02.611 627 16029 I wm_resume_activity: [0,116585715,111,com.ebensz.enote.entry/.activity.EntryActivity]
05-19 10:35:02.622 627 647 I sysui_multi_action: [757,803,799,window_time_0,802,3]
05-19 10:35:02.625 627 710 I input_focus: [Focus leaving 334f74b com.android.launcher3/com.android.launcher3.uioverrides.QuickstepLauncher (server),reason=NO_WINDOW]
05-19 10:35:02.627 2331 2331 I wm_on_restart_called: [116585715,com.ebensz.enote.entry.activity.EntryActivity,performRestartActivity]
05-19 10:35:02.627 2331 2331 I wm_on_start_called: [116585715,com.ebensz.enote.entry.activity.EntryActivity,handleStartActivity]
05-19 10:35:02.891 2331 2331 I wm_on_resume_called: [116585715,com.ebensz.enote.entry.activity.EntryActivity,RESUME_ACTIVITY]
05-19 10:35:02.891 2331 2331 I wm_on_top_resumed_gained_called: [116585715,com.ebensz.enote.entry.activity.EntryActivity,topWhenResuming]
05-19 10:35:02.893 627 648 I input_focus: [Focus request bcf897d com.ebensz.enote.entry/com.ebensz.enote.entry.activity.EntryActivity,reason=UpdateInputWindows]
05-19 10:35:02.903 627 654 I am_proc_start: [0,20616,10038,com.ebensz.enote.notepad,service,{com.ebensz.enote.notepad/com.ebensz.enote.notepad.service.RecordAudioService}]
05-19 10:35:02.944 627 16029 I am_proc_bound: [0,20616,com.ebensz.enote.notepad]
05-19 10:35:02.983 627 644 I sysui_multi_action: [319,29,321,27,322,390,325,72799,757,761,758,9,759,4,806,com.ebensz.enote.entry,871,com.ebensz.enote.entry.activity.EntryActivity,904,com.ebensz.enote.widget,905,0,1320,4,1321,1]
05-19 10:35:02.989 627 710 I input_focus: [Focus entering bcf897d com.ebensz.enote.entry/com.ebensz.enote.entry.activity.EntryActivity (server),reason=Window became focusable. Previous reason: NOT_VISIBLE]
05-19 10:35:03.074 627 16029 I sysui_multi_action: [757,856,758,2,806,com.ebensz.enote.notepad,857,channel_record,858,2]
05-19 10:35:03.074 627 627 I notification_cancel_all: [1000,627,com.ebensz.enote.notepad,0,0,0,20,NULL]
05-19 10:35:03.074 627 627 I notification_cancel_all: [1000,627,com.ebensz.enote.notepad,0,0,0,20,NULL]
05-19 10:35:03.076 627 627 I notification_enqueue: [10038,20616,com.ebensz.enote.notepad,1,NULL,0,Notification(channel=recording_channel_01 shortcut=null contentView=null vibrate=null sound=null defaults=0x0 flags=0x40 color=0x00000000 vis=PRIVATE),0]
05-19 10:35:03.137 627 647 I wm_stop_activity: [0,214771548,com.android.launcher3/.uioverrides.QuickstepLauncher]
05-19 10:35:03.160 1030 1030 I wm_on_stop_called: [214771548,com.android.launcher3.uioverrides.QuickstepLauncher,STOP_ACTIVITY_ITEM]
05-19 10:35:03.277 627 627 I sysui_multi_action: [757,1501,758,1,793,200,794,0,795,200,796,1,806,com.ebensz.enote.notepad,857,recording_channel_01,858,2,947,0,1500,0,1688,4,1689,2,1690,1]
05-19 10:35:03.277 627 627 I sysui_multi_action: [757,804,799,note_interruptive,801,0,802,1]
05-19 10:35:03.332 627 646 I commit_sys_config_file: [notification-policy,72787931]
05-19 10:35:03.656 627 710 I input_interaction: Interaction with: bcf897d com.ebensz.enote.entry/com.ebensz.enote.entry.activity.EntryActivity (server), PointerEventDispatcher0 (server),
05-19 10:35:03.865 627 16029 I wm_task_created: [114,-1]
05-19 10:35:03.866 627 16029 I wm_task_moved: [114,1,13]
05-19 10:35:03.866 627 16029 I wm_task_to_front: [0,114]
05-19 10:35:03.867 627 16029 I wm_create_task: [0,114]
05-19 10:35:03.867 627 16029 I wm_create_activity: [0,120076838,114,com.ebensz.enote.notepad/.EditActivity,eben.note.intent.action.PAGE_EDITE,application/note,content://com.ebensz.enote.entry.fileprovider/root/storage/emulated/0/mydoc/记事本/会议记录,268435456]
05-19 10:35:03.867 627 16029 I wm_task_moved: [114,1,13]
05-19 10:35:03.867 627 16029 I wm_pause_activity: [0,116585715,com.ebensz.enote.entry/.activity.EntryActivity,userLeaving=true,pauseBackTasks]
05-19 10:35:03.878 2331 2331 I wm_on_top_resumed_lost_called: [116585715,com.ebensz.enote.entry.activity.EntryActivity,topStateChangedWhenResumed]
05-19 10:35:03.880 2331 2331 I wm_on_paused_called: [116585715,com.ebensz.enote.entry.activity.EntryActivity,performPause]
05-19 10:35:03.881 627 16029 I wm_restart_activity: [0,120076838,114,com.ebensz.enote.notepad/.EditActivity]
05-19 10:35:03.881 627 16029 I wm_set_resumed_activity: [0,com.ebensz.enote.notepad/.EditActivity,minimalResumeActivityLocked]
05-19 10:35:03.883 627 647 I sysui_multi_action: [757,803,799,window_time_0,802,1]
05-19 10:35:03.884 627 627 I sysui_multi_action: [757,128,758,5,759,8,793,808,794,0,795,808,796,1,806,com.ebensz.enote.notepad,857,recording_channel_01,858,2,947,0,1500,608,1688,4,1689,2,1690,1]
05-19 10:35:03.884 627 627 I notification_canceled: [0|com.ebensz.enote.notepad|1|null|10038,8,808,808,0,-1,-1,NULL]
05-19 10:35:04.205 20616 20616 I wm_on_create_called: [120076838,com.ebensz.enote.notepad.EditActivity,performCreate]
05-19 10:35:04.210 20616 20616 I wm_on_start_called: [120076838,com.ebensz.enote.notepad.EditActivity,handleStartActivity]
05-19 10:35:04.526 20616 20616 I wm_on_resume_called: [120076838,com.ebensz.enote.notepad.EditActivity,RESUME_ACTIVITY]
05-19 10:35:04.533 20616 20616 I wm_on_top_resumed_gained_called: [120076838,com.ebensz.enote.notepad.EditActivity,topStateChangedWhenResumed]
05-19 10:35:04.533 627 627 I notification_cancel_all: [1000,627,com.ebensz.enote.notepad,0,0,0,20,NULL]
05-19 10:35:04.534 627 627 I notification_cancel_all: [1000,627,com.ebensz.enote.notepad,0,0,0,20,NULL]
05-19 10:35:04.673 627 627 I notification_enqueue: [10038,20224,com.ebensz.enote.notepad,2,NULL,0,Notification(channel=monitor_channel_01 shortcut=null contentView=null vibrate=null sound=null defaults=0x0 flags=0x40 color=0x00000000 vis=PRIVATE),0]
05-19 10:35:04.699 627 627 I sysui_multi_action: [757,128,758,5,759,8,793,27,794,0,795,27,796,2,806,com.ebensz.enote.notepad,857,monitor_channel_01,858,2,947,0,1500,27,1688,4,1689,2,1690,1]
05-19 10:35:04.699 627 627 I notification_canceled: [0|com.ebensz.enote.notepad|2|null|10038,8,27,27,0,-1,-1,NULL]
05-19 10:35:04.704 627 648 I input_focus: [Focus request 466782a com.ebensz.enote.notepad/com.ebensz.enote.notepad.EditActivity,reason=UpdateInputWindows]
05-19 10:35:04.702 20616 20616 I auditd : type=1400 audit(0.0:1330): avc: denied { open } for comm="RenderThread" path="/dev/__properties__/u:object_r:vendor_default_prop:s0" dev="tmpfs" ino=281 scontext=u:r:platform_app:s0:c512,c768 tcontext=u:object_r:vendor_default_prop:s0 tclass=file permissive=1 app=com.ebensz.enote.notepad
05-19 10:35:04.702 20616 20616 I auditd : type=1400 audit(0.0:1331): avc: denied { getattr } for comm="RenderThread" path="/dev/__properties__/u:object_r:vendor_default_prop:s0" dev="tmpfs" ino=281 scontext=u:r:platform_app:s0:c512,c768 tcontext=u:object_r:vendor_default_prop:s0 tclass=file permissive=1 app=com.ebensz.enote.notepad
05-19 10:35:04.702 20616 20616 I auditd : type=1400 audit(0.0:1332): avc: denied { map } for comm="RenderThread" path="/dev/__properties__/u:object_r:vendor_default_prop:s0" dev="tmpfs" ino=281 scontext=u:r:platform_app:s0:c512,c768 tcontext=u:object_r:vendor_default_prop:s0 tclass=file permissive=1 app=com.ebensz.enote.notepad
05-19 10:35:04.738 627 710 I input_focus: [Focus leaving bcf897d com.ebensz.enote.entry/com.ebensz.enote.entry.activity.EntryActivity (server),reason=Waiting for window because NOT_VISIBLE]
05-19 10:35:04.795 627 685 I sysui_multi_action: [757,856,758,1,806,com.ebensz.enote.notepad,857,channel_record,858,2]
05-19 10:35:04.797 627 627 I notification_cancel_all: [1000,627,com.ebensz.enote.notepad,0,0,0,20,NULL]
05-19 10:35:04.797 627 944 I sysui_multi_action: [757,856,758,2,806,com.ebensz.enote.notepad,857,channel_record,858,2]
05-19 10:35:04.797 627 627 I notification_cancel_all: [1000,627,com.ebensz.enote.notepad,0,0,0,20,NULL]
05-19 10:35:04.800 627 627 I notification_enqueue: [10038,20616,com.ebensz.enote.notepad,1,NULL,0,Notification(channel=recording_channel_01 shortcut=null contentView=null vibrate=null sound=null defaults=0x0 flags=0x40 color=0x00000000 vis=PRIVATE),0]
05-19 10:35:04.806 627 644 I sysui_multi_action: [319,939,322,939,325,72800,757,761,758,8,759,2,806,com.ebensz.enote.notepad,871,com.ebensz.enote.notepad.EditActivity,904,com.ebensz.enote.entry,905,0,1320,4,1321,1]
05-19 10:35:04.807 627 644 I wm_activity_launch_time: [0,120076838,com.ebensz.enote.notepad/.EditActivity,939]
05-19 10:35:04.811 627 710 I input_focus: [Focus entering 466782a com.ebensz.enote.notepad/com.ebensz.enote.notepad.EditActivity (server),reason=Window became focusable. Previous reason: NOT_VISIBLE]
05-19 10:35:04.924 627 646 I commit_sys_config_file: [notification-policy,72789523]
05-19 10:35:05.001 627 627 I sysui_multi_action: [757,1501,758,1,793,202,794,0,795,202,796,1,806,com.ebensz.enote.notepad,857,recording_channel_01,858,2,947,0,1500,0,1688,4,1689,2,1690,1]
05-19 10:35:05.001 627 627 I sysui_multi_action: [757,804,799,note_interruptive,801,0,802,1]
05-19 10:35:05.715 627 710 I input_interaction: Interaction with: 466782a com.ebensz.enote.notepad/com.ebensz.enote.notepad.EditActivity (server), PointerEventDispatcher0 (server),
05-19 10:35:14.043 627 652 I am_pss : [20616,10038,com.ebensz.enote.notepad,171346944,160374784,0,315244544,0,2,35]
05-19 10:35:14.402 627 710 I input_interaction: Interaction with: d7a6ca1 NavigationBar0 (server), PointerEventDispatcher0 (server),
05-19 10:35:14.405 781 781 I sysui_multi_action: [757,931,758,4,759,4,932,0,933,0]
05-19 10:35:14.410 627 710 I input_interaction: Interaction with: 466782a com.ebensz.enote.notepad/com.ebensz.enote.notepad.EditActivity (server), PointerEventDispatcher0 (server),
05-19 10:35:14.418 627 710 I input_interaction: Interaction with: d7a6ca1 NavigationBar0 (server), PointerEventDispatcher0 (server),
05-19 10:35:14.480 781 781 I sysui_multi_action: [757,931,758,4,759,4,932,0,933,1]
05-19 10:35:14.481 627 944 I sysui_multi_action: [757,803,799,key_back_press,802,1]
05-19 10:35:14.496 627 944 I wm_task_moved: [111,1,13]
05-19 10:35:14.496 627 944 I wm_task_to_front: [0,111]
05-19 10:35:14.502 627 944 I wm_focused_root_task: [0,0,111,114,bringingFoundTaskToFront]
05-19 10:35:14.503 627 944 I wm_set_resumed_activity: [0,com.ebensz.enote.entry/.activity.EntryActivity,bringingFoundTaskToFront]
05-19 10:35:14.504 627 944 I wm_new_intent: [0,116585715,111,com.ebensz.enote.entry/.activity.EntryActivity,android.intent.action.MAIN,NULL,NULL,270532608]
05-19 10:35:14.505 627 944 I wm_task_moved: [111,1,13]
05-19 10:35:14.505 627 944 I wm_pause_activity: [0,120076838,com.ebensz.enote.notepad/.EditActivity,userLeaving=true,pauseBackTasks]
05-19 10:35:14.509 627 648 I input_focus: [Focus request bcf897d com.ebensz.enote.entry/com.ebensz.enote.entry.activity.EntryActivity,reason=UpdateInputWindows]
05-19 10:35:14.510 627 16029 I wm_finish_activity: [0,120076838,114,com.ebensz.enote.notepad/.EditActivity,app-request]
05-19 10:35:14.512 20616 20616 I wm_on_top_resumed_lost_called: [120076838,com.ebensz.enote.notepad.EditActivity,topStateChangedWhenResumed]
05-19 10:35:14.521 627 710 I input_focus: [Focus leaving 466782a com.ebensz.enote.notepad/com.ebensz.enote.notepad.EditActivity (server),reason=setFocusedWindow]
05-19 10:35:14.521 627 710 I input_focus: [Focus entering bcf897d com.ebensz.enote.entry/com.ebensz.enote.entry.activity.EntryActivity (server),reason=setFocusedWindow]
05-19 10:35:14.536 627 627 I notification_enqueue: [10038,20224,com.ebensz.enote.notepad,2,NULL,0,Notification(channel=monitor_channel_01 shortcut=null contentView=null vibrate=null sound=null defaults=0x0 flags=0x40 color=0x00000000 vis=PRIVATE),0]
05-19 10:35:14.611 627 627 I sysui_multi_action: [757,128,758,5,759,8,793,76,794,0,795,76,796,2,806,com.ebensz.enote.notepad,857,monitor_channel_01,858,2,947,0,1500,76,1688,4,1689,2,1690,1]
05-19 10:35:14.611 627 627 I notification_canceled: [0|com.ebensz.enote.notepad|2|null|10038,8,76,76,0,-1,-1,NULL]
05-19 10:35:14.788 627 646 I commit_sys_config_file: [notification-policy,72799387]
05-19 10:35:15.006 627 647 I wm_set_resumed_activity: [0,com.ebensz.enote.entry/.activity.EntryActivity,resumeTopActivity]
05-19 10:35:15.007 627 647 I wm_resume_activity: [0,116585715,111,com.ebensz.enote.entry/.activity.EntryActivity]
05-19 10:35:15.016 627 647 I sysui_multi_action: [757,803,799,window_time_0,802,11]
05-19 10:35:15.016 627 647 I wm_destroy_activity: [0,120076838,114,com.ebensz.enote.notepad/.EditActivity,finish-transit]
05-19 10:35:15.018 2331 2331 I wm_on_resume_called: [116585715,com.ebensz.enote.entry.activity.EntryActivity,RESUME_ACTIVITY]
05-19 10:35:15.018 2331 2331 I wm_on_top_resumed_gained_called: [116585715,com.ebensz.enote.entry.activity.EntryActivity,topWhenResuming]
05-19 10:35:15.489 781 781 I sysui_multi_action: [757,931,758,4,759,4,932,0,933,0]
05-19 10:35:15.694 20616 20616 I wm_on_paused_called: [120076838,com.ebensz.enote.notepad.EditActivity,performPause]
05-19 10:35:15.694 627 944 I wm_failed_to_pause: [0,120076838,com.ebensz.enote.notepad/.EditActivity,(none)]
05-19 10:35:15.694 627 710 I input_interaction: Interaction with: bcf897d com.ebensz.enote.entry/com.ebensz.enote.entry.activity.EntryActivity (server), PointerEventDispatcher0 (server),
05-19 10:35:15.695 627 710 I input_interaction: Interaction with: d7a6ca1 NavigationBar0 (server), PointerEventDispatcher0 (server),
05-19 10:35:15.696 781 781 I sysui_multi_action: [757,931,758,4,759,4,932,0,933,1]
05-19 10:35:15.699 627 944 I sysui_multi_action: [757,803,799,key_back_press,802,1]
05-19 10:35:15.720 627 627 I notification_enqueue: [10038,20224,com.ebensz.enote.notepad,2,NULL,0,Notification(channel=monitor_channel_01 shortcut=null contentView=null vibrate=null sound=null defaults=0x0 flags=0x40 color=0x00000000 vis=PRIVATE),0]
05-19 10:35:15.762 627 627 I sysui_multi_action: [757,128,758,5,759,8,793,44,794,0,795,44,796,2,806,com.ebensz.enote.notepad,857,monitor_channel_01,858,2,947,0,1500,44,1688,4,1689,2,1690,1]
05-19 10:35:15.763 627 627 I notification_canceled: [0|com.ebensz.enote.notepad|2|null|10038,8,44,44,0,-1,-1,NULL]
05-19 10:35:15.790 627 11415 I wm_task_moved: [111,0,0]
05-19 10:35:15.792 627 11415 I wm_focused_root_task: [0,0,1,111,moveTaskToBackLocked]
05-19 10:35:15.792 2331 2331 I wm_on_top_resumed_lost_called: [116585715,com.ebensz.enote.entry.activity.EntryActivity,topStateChangedWhenResumed]
05-19 10:35:15.792 627 11415 I wm_add_to_stopping: [0,116585715,com.ebensz.enote.entry/.activity.EntryActivity,makeInvisible]
05-19 10:35:15.792 627 11415 I wm_pause_activity: [0,116585715,com.ebensz.enote.entry/.activity.EntryActivity,userLeaving=false,pauseBackTasks]
05-19 10:35:15.793 627 11415 I wm_set_resumed_activity: [0,com.android.launcher3/.uioverrides.QuickstepLauncher,resumeTopActivity]
05-19 10:35:15.794 627 11415 I wm_resume_activity: [0,214771548,29,com.android.launcher3/.uioverrides.QuickstepLauncher]
05-19 10:35:15.798 627 647 I sysui_multi_action: [757,803,799,window_time_0,802,1]
05-19 10:35:15.799 1030 1030 I wm_on_restart_called: [214771548,com.android.launcher3.uioverrides.QuickstepLauncher,performRestartActivity]
05-19 10:35:15.800 1030 1030 I wm_on_start_called: [214771548,com.android.launcher3.uioverrides.QuickstepLauncher,handleStartActivity]
05-19 10:35:15.801 1030 1030 I wm_on_resume_called: [214771548,com.android.launcher3.uioverrides.QuickstepLauncher,RESUME_ACTIVITY]
05-19 10:35:15.801 1030 1030 I wm_on_top_resumed_gained_called: [214771548,com.android.launcher3.uioverrides.QuickstepLauncher,topStateChangedWhenResumed]
05-19 10:35:15.806 627 685 I am_uid_active: 10022
05-19 10:35:15.806 2331 2331 I wm_on_paused_called: [116585715,com.ebensz.enote.entry.activity.EntryActivity,performPause]
05-19 10:35:15.814 627 710 I input_focus: [Focus leaving bcf897d com.ebensz.enote.entry/com.ebensz.enote.entry.activity.EntryActivity (server),reason=NO_WINDOW]
05-19 10:35:15.824 627 648 I input_focus: [Focus request 334f74b com.android.launcher3/com.android.launcher3.uioverrides.QuickstepLauncher,reason=UpdateInputWindows]
05-19 10:35:15.851 627 710 I input_focus: [Focus entering 334f74b com.android.launcher3/com.android.launcher3.uioverrides.QuickstepLauncher (server),reason=Window became focusable. Previous reason: NO_WINDOW]
05-19 10:35:15.971 627 646 I commit_sys_config_file: [notification-policy,72800569]
05-19 10:35:16.172 20616 20616 I wm_on_stop_called: [120076838,com.ebensz.enote.notepad.EditActivity,LIFECYCLER_STOP_ACTIVITY]
05-19 10:35:16.183 20616 20616 I wm_on_destroy_called: [120076838,com.ebensz.enote.notepad.EditActivity,performDestroy]
05-19 10:35:16.183 627 627 I notification_enqueue: [10038,20224,com.ebensz.enote.notepad,2,NULL,0,Notification(channel=monitor_channel_01 shortcut=null contentView=null vibrate=null sound=null defaults=0x0 flags=0x40 color=0x00000000 vis=PRIVATE),0]
05-19 10:35:16.202 627 11415 I wm_task_removed: [114,removeChild:removeChild last r=ActivityRecord{7283a26 u0 com.ebensz.enote.notepad/.EditActivity t-1 f}} in t=Task{113af00 #114 type=standard A=10038:android.task.enote U=0 visible=false visibleRequested=false mode=fullscreen translucent=true sz=0}]
05-19 10:35:16.202 627 11415 I wm_task_removed: [114,removeChild]
05-19 10:35:16.203 627 627 I sysui_multi_action: [757,128,758,5,759,8,793,11404,794,0,795,11404,796,1,806,com.ebensz.enote.notepad,857,recording_channel_01,858,2,947,0,1500,11202,1688,4,1689,2,1690,1]
05-19 10:35:16.203 627 627 I notification_canceled: [0|com.ebensz.enote.notepad|1|null|10038,8,11404,11404,0,-1,-1,NULL]
05-19 10:35:16.204 627 627 I notification_cancel_all: [1000,627,com.ebensz.enote.notepad,0,0,0,20,NULL]
05-19 10:35:16.204 627 627 I notification_cancel_all: [1000,627,com.ebensz.enote.notepad,0,0,0,20,NULL]
05-19 10:35:16.384 627 627 I sysui_multi_action: [757,1501,758,1,793,202,794,0,795,202,796,2,806,com.ebensz.enote.notepad,857,monitor_channel_01,858,2,947,0,1500,0,1688,4,1689,2,1690,1]
05-19 10:35:16.384 627 627 I sysui_multi_action: [757,804,799,note_interruptive,801,0,802,1]
05-19 10:35:16.420 627 647 I wm_stop_activity: [0,116585715,com.ebensz.enote.entry/.activity.EntryActivity]
05-19 10:35:16.435 627 646 I commit_sys_config_file: [notification-policy,72801034]
05-19 10:35:16.439 2331 2331 I wm_on_stop_called: [116585715,com.ebensz.enote.entry.activity.EntryActivity,STOP_ACTIVITY_ITEM]
05-19 10:35:17.248 627 710 I input_interaction: Interaction with: 334f74b com.android.launcher3/com.android.launcher3.uioverrides.QuickstepLauncher (server), f6e4224 com.android.systemui.ImageWallpaper (server), PointerEventDispatcher0 (server),
05-19 10:35:17.313 627 3559 I wm_task_created: [115,-1]
05-19 10:35:17.315 627 3559 I wm_task_moved: [115,1,13]
05-19 10:35:17.315 627 3559 I wm_task_to_front: [0,115]
05-19 10:35:17.315 627 3559 I wm_create_task: [0,115]
