05-19 10:37:38.621 1860 1860 I wm_on_stop_called: [245567981,com.android.permissioncontroller.permission.ui.GrantPermissionsActivity,LIFECYCLER_STOP_ACTIVITY]
05-19 10:37:38.622 1860 1860 I wm_on_destroy_called: [245567981,com.android.permissioncontroller.permission.ui.GrantPermissionsActivity,performDestroy]
05-19 10:37:38.765 627 647 I wm_destroy_activity: [0,192411798,116,com.ebensz.enote.meeting/.privacy.PermissionsStorageActivity,finish-imm:idle]
05-19 10:37:38.779 19414 19414 I wm_on_stop_called: [192411798,com.ebensz.enote.meeting.privacy.PermissionsStorageActivity,LIFECYCLER_STOP_ACTIVITY]
05-19 10:37:38.780 19414 19414 I wm_on_destroy_called: [192411798,com.ebensz.enote.meeting.privacy.PermissionsStorageActivity,performDestroy]
05-19 10:37:38.971 463 491 I RIL : ---> enter mainloop wait at port
05-19 10:37:38.972 463 491 D RIL-DEV : Get modem info
05-19 10:37:38.972 463 491 D RIL-DEV : [05-19_10:37:38:973] idVendor = 0bda
05-19 10:37:38.972 463 491 D RIL-DEV :
05-19 10:37:38.973 463 491 D RIL-DEV : [05-19_10:37:38:973] idVendor = 05e3
05-19 10:37:38.973 463 491 D RIL-DEV :
05-19 10:37:38.973 463 491 D RIL-DEV : [05-19_10:37:38:974] idVendor = 1d6b
05-19 10:37:38.973 463 491 D RIL-DEV :
05-19 10:37:38.973 463 491 D RIL-DEV : [05-19_10:37:38:974] idVendor = 1d6b
05-19 10:37:38.973 463 491 D RIL-DEV :
05-19 10:37:38.974 463 491 D RIL-DEV : [05-19_10:37:38:974] idVendor = 0bda
05-19 10:37:38.974 463 491 D RIL-DEV :
05-19 10:37:38.974 463 491 D RIL-DEV : [05-19_10:37:38:975] idVendor = 1d6b
05-19 10:37:38.974 463 491 D RIL-DEV :
05-19 10:37:38.974 463 491 D RIL-DEV : [05-19_10:37:38:975] idVendor = 2109
05-19 10:37:38.974 463 491 D RIL-DEV :
05-19 10:37:38.975 463 491 D RIL-DEV : [05-19_10:37:38:975] idVendor = 2109
05-19 10:37:38.975 463 491 D RIL-DEV :
05-19 10:37:38.975 463 491 D RIL-DEV : [05-19_10:37:38:976] idVendor = 1d6b
05-19 10:37:38.975 463 491 D RIL-DEV :
05-19 10:37:38.976 463 491 D RIL-DEV : [05-19_10:37:38:976] idVendor = 0bda
05-19 10:37:38.976 463 491 D RIL-DEV :
05-19 10:37:38.976 463 491 D RIL-DEV : [05-19_10:37:38:976] idVendor = 2109
05-19 10:37:38.976 463 491 D RIL-DEV :
05-19 10:37:38.976 463 491 E RIL-DEV : Cannot find Meig devices
05-19 10:37:38.976 463 491 I RIL : ---> can't find meig usb devices
05-19 10:37:39.002 1272 1272 W ContextImpl: Calling a method in the system process without a qualified user: android.app.ContextImpl.sendBroadcast:1181 android.content.ContextWrapper.sendBroadcast:479 cn.eben.newweather.DateWeatherService.a:19 cn.eben.newweather.DateWeatherService.a:0 cn.eben.newweather.DateWeatherService$1.handleMessage:7
05-19 10:37:40.001 1272 1272 W ContextImpl: Calling a method in the system process without a qualified user: android.app.ContextImpl.sendBroadcast:1181 android.content.ContextWrapper.sendBroadcast:479 cn.eben.newweather.DateWeatherService.a:19 cn.eben.newweather.DateWeatherService.a:0 cn.eben.newweather.DateWeatherService$1.handleMessage:7
05-19 10:37:40.352 627 1248 E TaskPersister: File error accessing recents directory (directory doesn't exist?).
05-19 10:37:40.977 463 491 I RIL : ---> enter mainloop wait at port
05-19 10:37:40.977 463 491 D RIL-DEV : Get modem info
05-19 10:37:40.977 463 491 D RIL-DEV : [05-19_10:37:40:978] idVendor = 0bda
05-19 10:37:40.977 463 491 D RIL-DEV :
05-19 10:37:40.978 463 491 D RIL-DEV : [05-19_10:37:40:978] idVendor = 05e3
05-19 10:37:40.978 463 491 D RIL-DEV :
05-19 10:37:40.978 463 491 D RIL-DEV : [05-19_10:37:40:979] idVendor = 1d6b
05-19 10:37:40.978 463 491 D RIL-DEV :
05-19 10:37:40.978 463 491 D RIL-DEV : [05-19_10:37:40:979] idVendor = 1d6b
05-19 10:37:40.978 463 491 D RIL-DEV :
05-19 10:37:40.979 463 491 D RIL-DEV : [05-19_10:37:40:979] idVendor = 0bda
05-19 10:37:40.979 463 491 D RIL-DEV :
05-19 10:37:40.979 463 491 D RIL-DEV : [05-19_10:37:40:980] idVendor = 1d6b
05-19 10:37:40.979 463 491 D RIL-DEV :
05-19 10:37:40.979 463 491 D RIL-DEV : [05-19_10:37:40:980] idVendor = 2109
05-19 10:37:40.979 463 491 D RIL-DEV :
05-19 10:37:40.980 463 491 D RIL-DEV : [05-19_10:37:40:980] idVendor = 2109
05-19 10:37:40.980 463 491 D RIL-DEV :
05-19 10:37:40.980 463 491 D RIL-DEV : [05-19_10:37:40:981] idVendor = 1d6b
05-19 10:37:40.980 463 491 D RIL-DEV :
05-19 10:37:40.980 463 491 D RIL-DEV : [05-19_10:37:40:981] idVendor = 0bda
05-19 10:37:40.980 463 491 D RIL-DEV :
05-19 10:37:40.981 463 491 D RIL-DEV : [05-19_10:37:40:981] idVendor = 2109
05-19 10:37:40.981 463 491 D RIL-DEV :
05-19 10:37:40.981 463 491 E RIL-DEV : Cannot find Meig devices
05-19 10:37:40.981 463 491 I RIL : ---> can't find meig usb devices
05-19 10:37:41.001 1272 1272 W ContextImpl: Calling a method in the system process without a qualified user: android.app.ContextImpl.sendBroadcast:1181 android.content.ContextWrapper.sendBroadcast:479 cn.eben.newweather.DateWeatherService.a:19 cn.eben.newweather.DateWeatherService.a:0 cn.eben.newweather.DateWeatherService$1.handleMessage:7
05-19 10:37:41.371 627 710 I input_interaction: Interaction with: 46c5edb com.ebensz.enote.meeting/com.ebensz.enote.meeting.EditMeetingActivity (server), PointerEventDispatcher0 (server),
05-19 10:37:41.405 627 944 W ContentProviderHelper: Permission Denial: opening provider com.android.providers.contacts.ContactsProvider2 from ProcessRecord{552b742 1631:cn.eben.sync/u0a63} (pid=1631, uid=10063) requires android.permission.READ_CONTACTS or android.permission.WRITE_CONTACTS
05-19 10:37:42.002 1272 1272 W ContextImpl: Calling a method in the system process without a qualified user: android.app.ContextImpl.sendBroadcast:1181 android.content.ContextWrapper.sendBroadcast:479 cn.eben.newweather.DateWeatherService.a:19 cn.eben.newweather.DateWeatherService.a:0 cn.eben.newweather.DateWeatherService$1.handleMessage:7
05-19 10:37:42.981 463 491 I RIL : ---> enter mainloop wait at port
05-19 10:37:42.981 463 491 D RIL-DEV : Get modem info
05-19 10:37:42.982 463 491 D RIL-DEV : [05-19_10:37:42:982] idVendor = 0bda
05-19 10:37:42.982 463 491 D RIL-DEV :
05-19 10:37:42.982 463 491 D RIL-DEV : [05-19_10:37:42:983] idVendor = 05e3
05-19 10:37:42.982 463 491 D RIL-DEV :
05-19 10:37:42.982 463 491 D RIL-DEV : [05-19_10:37:42:983] idVendor = 1d6b
05-19 10:37:42.982 463 491 D RIL-DEV :
05-19 10:37:42.983 463 491 D RIL-DEV : [05-19_10:37:42:983] idVendor = 1d6b
05-19 10:37:42.983 463 491 D RIL-DEV :
05-19 10:37:42.983 463 491 D RIL-DEV : [05-19_10:37:42:984] idVendor = 0bda
05-19 10:37:42.983 463 491 D RIL-DEV :
05-19 10:37:42.984 463 491 D RIL-DEV : [05-19_10:37:42:984] idVendor = 1d6b
05-19 10:37:42.984 463 491 D RIL-DEV :
05-19 10:37:42.984 463 491 D RIL-DEV : [05-19_10:37:42:984] idVendor = 2109
05-19 10:37:42.984 463 491 D RIL-DEV :
05-19 10:37:42.984 463 491 D RIL-DEV : [05-19_10:37:42:985] idVendor = 2109
05-19 10:37:42.984 463 491 D RIL-DEV :
05-19 10:37:42.984 463 491 D RIL-DEV : [05-19_10:37:42:985] idVendor = 1d6b
05-19 10:37:42.984 463 491 D RIL-DEV :
05-19 10:37:42.984 463 491 D RIL-DEV : [05-19_10:37:42:985] idVendor = 0bda
05-19 10:37:42.984 463 491 D RIL-DEV :
05-19 10:37:42.985 463 491 D RIL-DEV : [05-19_10:37:42:985] idVendor = 2109
05-19 10:37:42.985 463 491 D RIL-DEV :
05-19 10:37:42.985 463 491 E RIL-DEV : Cannot find Meig devices
05-19 10:37:42.985 463 491 I RIL : ---> can't find meig usb devices
05-19 10:37:43.001 1272 1272 W ContextImpl: Calling a method in the system process without a qualified user: android.app.ContextImpl.sendBroadcast:1181 android.content.ContextWrapper.sendBroadcast:479 cn.eben.newweather.DateWeatherService.a:19 cn.eben.newweather.DateWeatherService.a:0 cn.eben.newweather.DateWeatherService$1.handleMessage:7
05-19 10:37:44.002 1272 1272 W ContextImpl: Calling a method in the system process without a qualified user: android.app.ContextImpl.sendBroadcast:1181 android.content.ContextWrapper.sendBroadcast:479 cn.eben.newweather.DateWeatherService.a:19 cn.eben.newweather.DateWeatherService.a:0 cn.eben.newweather.DateWeatherService$1.handleMessage:7
05-19 10:37:44.795 627 702 D ActivityManager: freezing 18892 com.android.gallery3d
05-19 10:37:44.796 627 702 D ActivityManager: froze 18892 com.android.gallery3d
05-19 10:37:44.796 627 702 I am_freeze: [18892,com.android.gallery3d]
05-19 10:37:44.986 463 491 I RIL : ---> enter mainloop wait at port
05-19 10:37:44.986 463 491 D RIL-DEV : Get modem info
05-19 10:37:44.986 463 491 D RIL-DEV : [05-19_10:37:44:987] idVendor = 0bda
05-19 10:37:44.986 463 491 D RIL-DEV :
05-19 10:37:44.986 463 491 D RIL-DEV : [05-19_10:37:44:987] idVendor = 05e3
05-19 10:37:44.986 463 491 D RIL-DEV :
05-19 10:37:44.987 463 491 D RIL-DEV : [05-19_10:37:44:987] idVendor = 1d6b
05-19 10:37:44.987 463 491 D RIL-DEV :
05-19 10:37:44.987 463 491 D RIL-DEV : [05-19_10:37:44:987] idVendor = 1d6b
05-19 10:37:44.987 463 491 D RIL-DEV :
05-19 10:37:44.987 463 491 D RIL-DEV : [05-19_10:37:44:987] idVendor = 0bda
05-19 10:37:44.987 463 491 D RIL-DEV :
05-19 10:37:44.987 463 491 D RIL-DEV : [05-19_10:37:44:988] idVendor = 1d6b
05-19 10:37:44.987 463 491 D RIL-DEV :
05-19 10:37:44.987 463 491 D RIL-DEV : [05-19_10:37:44:988] idVendor = 2109
05-19 10:37:44.987 463 491 D RIL-DEV :
05-19 10:37:44.988 463 491 D RIL-DEV : [05-19_10:37:44:988] idVendor = 2109
05-19 10:37:44.988 463 491 D RIL-DEV :
05-19 10:37:44.988 463 491 D RIL-DEV : [05-19_10:37:44:988] idVendor = 1d6b
05-19 10:37:44.988 463 491 D RIL-DEV :
05-19 10:37:44.988 463 491 D RIL-DEV : [05-19_10:37:44:989] idVendor = 0bda
05-19 10:37:44.988 463 491 D RIL-DEV :
05-19 10:37:44.989 463 491 D RIL-DEV : [05-19_10:37:44:989] idVendor = 2109
05-19 10:37:44.989 463 491 D RIL-DEV :
05-19 10:37:44.989 463 491 E RIL-DEV : Cannot find Meig devices
05-19 10:37:44.989 463 491 I RIL : ---> can't find meig usb devices
05-19 10:37:45.000 1272 1272 W ContextImpl: Calling a method in the system process without a qualified user: android.app.ContextImpl.sendBroadcast:1181 android.content.ContextWrapper.sendBroadcast:479 cn.eben.newweather.DateWeatherService.a:19 cn.eben.newweather.DateWeatherService.a:0 cn.eben.newweather.DateWeatherService$1.handleMessage:7
05-19 10:37:46.002 1272 1272 W ContextImpl: Calling a method in the system process without a qualified user: android.app.ContextImpl.sendBroadcast:1181 android.content.ContextWrapper.sendBroadcast:479 cn.eben.newweather.DateWeatherService.a:19 cn.eben.newweather.DateWeatherService.a:0 cn.eben.newweather.DateWeatherService$1.handleMessage:7
05-19 10:37:46.411 627 10431 W ContentProviderHelper: Permission Denial: opening provider com.android.providers.contacts.ContactsProvider2 from ProcessRecord{552b742 1631:cn.eben.sync/u0a63} (pid=1631, uid=10063) requires android.permission.READ_CONTACTS or android.permission.WRITE_CONTACTS
05-19 10:37:46.989 463 491 I RIL : ---> enter mainloop wait at port
05-19 10:37:46.989 463 491 D RIL-DEV : Get modem info
05-19 10:37:46.989 463 491 D RIL-DEV : [05-19_10:37:46:990] idVendor = 0bda
05-19 10:37:46.989 463 491 D RIL-DEV :
05-19 10:37:46.990 463 491 D RIL-DEV : [05-19_10:37:46:990] idVendor = 05e3
05-19 10:37:46.990 463 491 D RIL-DEV :
05-19 10:37:46.990 463 491 D RIL-DEV : [05-19_10:37:46:990] idVendor = 1d6b
05-19 10:37:46.990 463 491 D RIL-DEV :
05-19 10:37:46.990 463 491 D RIL-DEV : [05-19_10:37:46:990] idVendor = 1d6b
05-19 10:37:46.990 463 491 D RIL-DEV :
05-19 10:37:46.990 463 491 D RIL-DEV : [05-19_10:37:46:990] idVendor = 0bda
05-19 10:37:46.990 463 491 D RIL-DEV :
05-19 10:37:46.990 463 491 D RIL-DEV : [05-19_10:37:46:991] idVendor = 1d6b
05-19 10:37:46.990 463 491 D RIL-DEV :
05-19 10:37:46.990 463 491 D RIL-DEV : [05-19_10:37:46:991] idVendor = 2109
05-19 10:37:46.990 463 491 D RIL-DEV :
05-19 10:37:46.990 463 491 D RIL-DEV : [05-19_10:37:46:991] idVendor = 2109
05-19 10:37:46.990 463 491 D RIL-DEV :
05-19 10:37:46.991 463 491 D RIL-DEV : [05-19_10:37:46:991] idVendor = 1d6b
05-19 10:37:46.991 463 491 D RIL-DEV :
05-19 10:37:46.991 463 491 D RIL-DEV : [05-19_10:37:46:991] idVendor = 0bda
05-19 10:37:46.991 463 491 D RIL-DEV :
05-19 10:37:46.991 463 491 D RIL-DEV : [05-19_10:37:46:991] idVendor = 2109
05-19 10:37:46.991 463 491 D RIL-DEV :
05-19 10:37:46.991 463 491 E RIL-DEV : Cannot find Meig devices
05-19 10:37:46.991 463 491 I RIL : ---> can't find meig usb devices
05-19 10:37:47.002 1272 1272 W ContextImpl: Calling a method in the system process without a qualified user: android.app.ContextImpl.sendBroadcast:1181 android.content.ContextWrapper.sendBroadcast:479 cn.eben.newweather.DateWeatherService.a:19 cn.eben.newweather.DateWeatherService.a:0 cn.eben.newweather.DateWeatherService$1.handleMessage:7
05-19 10:37:48.002 1272 1272 W ContextImpl: Calling a method in the system process without a qualified user: android.app.ContextImpl.sendBroadcast:1181 android.content.ContextWrapper.sendBroadcast:479 cn.eben.newweather.DateWeatherService.a:19 cn.eben.newweather.DateWeatherService.a:0 cn.eben.newweather.DateWeatherService$1.handleMessage:7
05-19 10:37:48.116 627 675 I commit_sys_config_file: [package-user-0,6]
05-19 10:37:48.116 627 675 I commit_sys_config_file: [package,65]
05-19 10:37:48.678 627 653 V ActivityManager: Attempted to start a foreground service (com.ebensz.enote.meeting/com.android.calendar.AsyncQueryServiceHelper) with a broken notification (no icon: Notification(channel=com.ebensz.enote.meeting shortcut=null contentView=null vibrate=null sound=null defaults=0x0 flags=0x40 color=0x00000000 vis=PRIVATE))
05-19 10:37:48.680 627 627 I notification_enqueue: [10042,19414,com.ebensz.enote.meeting,1,NULL,0,Notification(channel=com.ebensz.enote.meeting shortcut=null contentView=null vibrate=null sound=null defaults=0x0 flags=0x40 color=0x00000000 vis=PRIVATE),0]
05-19 10:37:48.687 627 944 W PermissionManagerService: Datasource AttributionSource { uid = 10022, packageName = com.android.providers.calendar, attributionTag = null, token = android.os.BinderProxy@4b6af8f, next = android.content.AttributionSourceState@b6d89f3 } protecting data with platform defined runtime permission android.permission.WRITE_CALENDAR while not having android.permission.UPDATE_APP_OPS_STATS
05-19 10:37:48.688 627 944 W PermissionManagerService: Datasource AttributionSource { uid = 10022, packageName = com.android.providers.calendar, attributionTag = null, token = android.os.BinderProxy@4b6af8f, next = android.content.AttributionSourceState@29df6b0 } protecting data with platform defined runtime permission android.permission.WRITE_CALENDAR while not having android.permission.UPDATE_APP_OPS_STATS
05-19 10:37:48.689 627 641 W PermissionManagerService: Datasource AttributionSource { uid = 10022, packageName = com.android.providers.calendar, attributionTag = null, token = android.os.BinderProxy@4b6af8f, next = android.content.AttributionSourceState@a8bd929 } protecting data with platform defined runtime permission android.permission.WRITE_CALENDAR while not having android.permission.UPDATE_APP_OPS_STATS
05-19 10:37:48.689 627 641 W PermissionManagerService: Datasource AttributionSource { uid = 10022, packageName = com.android.providers.calendar, attributionTag = null, token = android.os.BinderProxy@4b6af8f, next = android.content.AttributionSourceState@86c24ae } protecting data with platform defined runtime permission android.permission.WRITE_CALENDAR while not having android.permission.UPDATE_APP_OPS_STATS
05-19 10:37:48.704 627 627 I sysui_multi_action: [757,128,758,5,759,8,793,25,794,0,795,25,796,1,806,com.ebensz.enote.meeting,857,com.ebensz.enote.meeting,858,2,947,0,1500,25,1688,4,1689,2,1690,1]
05-19 10:37:48.704 627 627 I notification_canceled: [0|com.ebensz.enote.meeting|1|null|10042,8,25,25,0,-1,-1,NULL]
05-19 10:37:48.706 627 944 W PermissionManagerService: Datasource AttributionSource { uid = 10022, packageName = com.android.providers.calendar, attributionTag = null, token = android.os.BinderProxy@4b6af8f, next = android.content.AttributionSourceState@4705e99 } protecting data with platform defined runtime permission android.permission.READ_CALENDAR while not having android.permission.UPDATE_APP_OPS_STATS
05-19 10:37:48.714 627 652 I am_pss : [20616,10038,com.ebensz.enote.notepad,78886912,67092480,0,224075776,0,18,10]
05-19 10:37:48.754 627 944 I ActivityTaskManager: START u0 {cmp=com.ebensz.enote.meeting/.MeetingDetailActivity (has extras)} from uid 10042
05-19 10:37:48.758 627 944 I service_manager_stats: [100,57,68950]
05-19 10:37:48.759 627 944 I wm_task_moved: [116,1,13]
05-19 10:37:48.759 627 944 I wm_set_resumed_activity: [0,com.ebensz.enote.meeting/.EditMeetingActivity,positionChildAt]
05-19 10:37:48.759 627 944 I wm_create_activity: [0,168631899,116,com.ebensz.enote.meeting/.MeetingDetailActivity,NULL,NULL,NULL,0]
05-19 10:37:48.759 627 944 I wm_pause_activity: [0,86265646,com.ebensz.enote.meeting/.EditMeetingActivity,userLeaving=true,resumeTopActivity]
05-19 10:37:48.779 627 10431 I wm_finish_activity: [0,86265646,116,com.ebensz.enote.meeting/.EditMeetingActivity,app-request]
05-19 10:37:48.784 627 653 V ActivityManager: Attempted to start a foreground service (com.ebensz.enote.meeting/com.android.calendar.AsyncQueryServiceHelper) with a broken notification (no icon: Notification(channel=com.ebensz.enote.meeting shortcut=null contentView=null vibrate=null sound=null defaults=0x0 flags=0x40 color=0x00000000 vis=PRIVATE))
05-19 10:37:48.786 627 10431 W PermissionManagerService: Datasource AttributionSource { uid = 10022, packageName = com.android.providers.calendar, attributionTag = null, token = android.os.BinderProxy@4b6af8f, next = android.content.AttributionSourceState@39d7bc2 } protecting data with platform defined runtime permission android.permission.READ_CALENDAR while not having android.permission.UPDATE_APP_OPS_STATS
05-19 10:37:48.786 627 627 I notification_enqueue: [10042,19414,com.ebensz.enote.meeting,1,NULL,0,Notification(channel=com.ebensz.enote.meeting shortcut=null contentView=null vibrate=null sound=null defaults=0x0 flags=0x40 color=0x00000000 vis=PRIVATE),0]
05-19 10:37:48.786 627 10431 W PermissionManagerService: Datasource AttributionSource { uid = 10022, packageName = com.android.providers.calendar, attributionTag = null, token = android.os.BinderProxy@4b6af8f, next = android.content.AttributionSourceState@fcefdd3 } protecting data with platform defined runtime permission android.permission.READ_CALENDAR while not having android.permission.UPDATE_APP_OPS_STATS
05-19 10:37:48.787 19414 19414 I wm_on_top_resumed_lost_called: [86265646,com.ebensz.enote.meeting.EditMeetingActivity,topStateChangedWhenResumed]
05-19 10:37:48.788 627 627 I sysui_multi_action: [757,128,758,5,759,8,793,3,794,0,795,3,796,1,806,com.ebensz.enote.meeting,857,com.ebensz.enote.meeting,858,2,947,0,1500,3,1688,4,1689,2,1690,1]
05-19 10:37:48.788 627 627 I notification_canceled: [0|com.ebensz.enote.meeting|1|null|10042,8,3,3,0,-1,-1,NULL]
05-19 10:37:48.790 19414 19414 I wm_on_paused_called: [86265646,com.ebensz.enote.meeting.EditMeetingActivity,performPause]
05-19 10:37:48.790 627 2096 I wm_add_to_stopping: [0,86265646,com.ebensz.enote.meeting/.EditMeetingActivity,completeFinishing]
05-19 10:37:48.791 627 2096 W ActivityTaskManager: Tried to set launchTime (0) < mLastActivityLaunchTime (72930253)
05-19 10:37:48.791 627 2096 I wm_restart_activity: [0,168631899,116,com.ebensz.enote.meeting/.MeetingDetailActivity]
05-19 10:37:48.792 627 2096 I wm_set_resumed_activity: [0,com.ebensz.enote.meeting/.MeetingDetailActivity,minimalResumeActivityLocked]
05-19 10:37:48.792 627 647 I sysui_multi_action: [757,803,799,window_time_0,802,11]
05-19 10:37:48.829 627 710 I input_focus: [Focus leaving 46c5edb com.ebensz.enote.meeting/com.ebensz.enote.meeting.EditMeetingActivity (server),reason=NO_WINDOW]
05-19 10:37:48.841 19414 19414 I wm_on_create_called: [168631899,com.ebensz.enote.meeting.MeetingDetailActivity,performCreate]
05-19 10:37:48.857 19414 19414 I wm_on_start_called: [168631899,com.ebensz.enote.meeting.MeetingDetailActivity,handleStartActivity]
05-19 10:37:48.861 19414 19414 I wm_on_resume_called: [168631899,com.ebensz.enote.meeting.MeetingDetailActivity,RESUME_ACTIVITY]
05-19 10:37:48.863 627 2096 W PermissionManagerService: Datasource AttributionSource { uid = 10022, packageName = com.android.providers.calendar, attributionTag = null, token = android.os.BinderProxy@4b6af8f, next = android.content.AttributionSourceState@acaee28 } protecting data with platform defined runtime permission android.permission.READ_CALENDAR while not having android.permission.UPDATE_APP_OPS_STATS
05-19 10:37:48.871 19414 19414 I wm_on_top_resumed_gained_called: [168631899,com.ebensz.enote.meeting.MeetingDetailActivity,topStateChangedWhenResumed]
05-19 10:37:48.873 627 653 V ActivityManager: Attempted to start a foreground service (com.ebensz.enote.meeting/com.android.calendar.AsyncQueryServiceHelper) with a broken notification (no icon: Notification(channel=com.ebensz.enote.meeting shortcut=null contentView=null vibrate=null sound=null defaults=0x0 flags=0x40 color=0x00000000 vis=PRIVATE))
05-19 10:37:48.875 627 627 I notification_enqueue: [10042,19414,com.ebensz.enote.meeting,1,NULL,0,Notification(channel=com.ebensz.enote.meeting shortcut=null contentView=null vibrate=null sound=null defaults=0x0 flags=0x40 color=0x00000000 vis=PRIVATE),0]
05-19 10:37:48.877 627 641 W PermissionManagerService: Datasource AttributionSource { uid = 10022, packageName = com.android.providers.calendar, attributionTag = null, token = android.os.BinderProxy@4b6af8f, next = android.content.AttributionSourceState@f469abe } protecting data with platform defined runtime permission android.permission.READ_CALENDAR while not having android.permission.UPDATE_APP_OPS_STATS
05-19 10:37:48.880 627 627 I sysui_multi_action: [757,128,758,5,759,8,793,5,794,0,795,5,796,1,806,com.ebensz.enote.meeting,857,com.ebensz.enote.meeting,858,2,947,0,1500,5,1688,4,1689,2,1690,1]
05-19 10:37:48.880 627 627 I notification_canceled: [0|com.ebensz.enote.meeting|1|null|10042,8,5,5,0,-1,-1,NULL]
05-19 10:37:48.881 627 627 I NotificationService: Cannot find enqueued record for key: 0|com.ebensz.enote.meeting|1|null|10042
05-19 10:37:48.891 627 648 I input_focus: [Focus request ef4c4d4 com.ebensz.enote.meeting/com.ebensz.enote.meeting.MeetingDetailActivity,reason=UpdateInputWindows]
05-19 10:37:48.933 627 646 I commit_sys_config_file: [notification-policy,72928983]
05-19 10:37:48.957 627 644 I wm_activity_launch_time: [0,168631899,com.ebensz.enote.meeting/.MeetingDetailActivity,203]
05-19 10:37:48.975 627 710 I input_focus: [Focus entering ef4c4d4 com.ebensz.enote.meeting/com.ebensz.enote.meeting.MeetingDetailActivity (server),reason=Window became focusable. Previous reason: NOT_VISIBLE]
05-19 10:37:48.984 627 653 V ActivityManager: Attempted to start a foreground service (com.ebensz.enote.meeting/com.android.calendar.AsyncQueryServiceHelper) with a broken notification (no icon: Notification(channel=com.ebensz.enote.meeting shortcut=null contentView=null vibrate=null sound=null defaults=0x0 flags=0x40 color=0x00000000 vis=PRIVATE))
05-19 10:37:48.986 627 627 I NotificationService: Cannot find enqueued record for key: 0|com.ebensz.enote.meeting|1|null|10042
05-19 10:37:48.986 627 627 I notification_enqueue: [10042,19414,com.ebensz.enote.meeting,1,NULL,0,Notification(channel=com.ebensz.enote.meeting shortcut=null contentView=null vibrate=null sound=null defaults=0x0 flags=0x40 color=0x00000000 vis=PRIVATE),0]
05-19 10:37:48.987 627 2096 W PermissionManagerService: Datasource AttributionSource { uid = 10022, packageName = com.android.providers.calendar, attributionTag = null, token = android.os.BinderProxy@4b6af8f, next = android.content.AttributionSourceState@3b7be46 } protecting data with platform defined runtime permission android.permission.READ_CALENDAR while not having android.permission.UPDATE_APP_OPS_STATS
05-19 10:37:48.990 627 627 I sysui_multi_action: [757,128,758,5,759,8,793,5,794,0,795,5,796,1,806,com.ebensz.enote.meeting,857,com.ebensz.enote.meeting,858,2,947,0,1500,5,1688,4,1689,2,1690,1]
05-19 10:37:48.990 627 627 I notification_canceled: [0|com.ebensz.enote.meeting|1|null|10042,8,5,5,0,-1,-1,NULL]
05-19 10:37:48.991 463 491 I RIL : ---> enter mainloop wait at port
05-19 10:37:48.991 463 491 D RIL-DEV : Get modem info
05-19 10:37:48.991 463 491 D RIL-DEV : [05-19_10:37:48:992] idVendor = 0bda
05-19 10:37:48.991 463 491 D RIL-DEV :
05-19 10:37:48.992 463 491 D RIL-DEV : [05-19_10:37:48:992] idVendor = 05e3
05-19 10:37:48.992 463 491 D RIL-DEV :
05-19 10:37:48.992 463 491 D RIL-DEV : [05-19_10:37:48:992] idVendor = 1d6b
05-19 10:37:48.992 463 491 D RIL-DEV :
05-19 10:37:48.992 463 491 D RIL-DEV : [05-19_10:37:48:992] idVendor = 1d6b
05-19 10:37:48.992 463 491 D RIL-DEV :
05-19 10:37:48.992 463 491 D RIL-DEV : [05-19_10:37:48:992] idVendor = 0bda
05-19 10:37:48.992 463 491 D RIL-DEV :
05-19 10:37:48.992 463 491 D RIL-DEV : [05-19_10:37:48:992] idVendor = 1d6b
05-19 10:37:48.992 463 491 D RIL-DEV :
05-19 10:37:48.992 463 491 D RIL-DEV : [05-19_10:37:48:993] idVendor = 2109
05-19 10:37:48.992 463 491 D RIL-DEV :
05-19 10:37:48.992 463 491 D RIL-DEV : [05-19_10:37:48:993] idVendor = 2109
05-19 10:37:48.992 463 491 D RIL-DEV :
05-19 10:37:48.992 463 491 D RIL-DEV : [05-19_10:37:48:993] idVendor = 1d6b
05-19 10:37:48.992 463 491 D RIL-DEV :
05-19 10:37:48.992 463 491 D RIL-DEV : [05-19_10:37:48:993] idVendor = 0bda
05-19 10:37:48.992 463 491 D RIL-DEV :
05-19 10:37:48.992 463 491 D RIL-DEV : [05-19_10:37:48:993] idVendor = 2109
05-19 10:37:48.992 463 491 D RIL-DEV :
05-19 10:37:48.992 463 491 E RIL-DEV : Cannot find Meig devices
05-19 10:37:48.992 463 491 I RIL : ---> can't find meig usb devices
05-19 10:37:48.996 627 652 I am_pss : [18892,10078,com.android.gallery3d,90705920,84578304,0,229466112,0,16,4]
05-19 10:37:49.002 1272 1272 W ContextImpl: Calling a method in the system process without a qualified user: android.app.ContextImpl.sendBroadcast:1181 android.content.ContextWrapper.sendBroadcast:479 cn.eben.newweather.DateWeatherService.a:19 cn.eben.newweather.DateWeatherService.a:0 cn.eben.newweather.DateWeatherService$1.handleMessage:7
05-19 10:37:49.005 627 653 V ActivityManager: Attempted to start a foreground service (com.ebensz.enote.meeting/com.android.calendar.AsyncQueryServiceHelper) with a broken notification (no icon: Notification(channel=com.ebensz.enote.meeting shortcut=null contentView=null vibrate=null sound=null defaults=0x0 flags=0x40 color=0x00000000 vis=PRIVATE))
05-19 10:37:49.007 627 627 I notification_enqueue: [10042,19414,com.ebensz.enote.meeting,1,NULL,0,Notification(channel=com.ebensz.enote.meeting shortcut=null contentView=null vibrate=null sound=null defaults=0x0 flags=0x40 color=0x00000000 vis=PRIVATE),0]
05-19 10:37:49.010 627 2096 W PermissionManagerService: Datasource AttributionSource { uid = 10022, packageName = com.android.providers.calendar, attributionTag = null, token = android.os.BinderProxy@4b6af8f, next = android.content.AttributionSourceState@b77502a } protecting data with platform defined runtime permission android.permission.READ_CALENDAR while not having android.permission.UPDATE_APP_OPS_STATS
05-19 10:37:49.023 627 627 I sysui_multi_action: [757,128,758,5,759,8,793,16,794,0,795,16,796,1,806,com.ebensz.enote.meeting,857,com.ebensz.enote.meeting,858,2,947,0,1500,16,1688,4,1689,2,1690,1]
05-19 10:37:49.023 627 627 I notification_canceled: [0|com.ebensz.enote.meeting|1|null|10042,8,16,16,0,-1,-1,NULL]
05-19 10:37:49.030 627 653 V ActivityManager: Attempted to start a foreground service (com.ebensz.enote.meeting/com.android.calendar.AsyncQueryServiceHelper) with a broken notification (no icon: Notification(channel=com.ebensz.enote.meeting shortcut=null contentView=null vibrate=null sound=null defaults=0x0 flags=0x40 color=0x00000000 vis=PRIVATE))
05-19 10:37:49.032 627 627 I notification_enqueue: [10042,19414,com.ebensz.enote.meeting,1,NULL,0,Notification(channel=com.ebensz.enote.meeting shortcut=null contentView=null vibrate=null sound=null defaults=0x0 flags=0x40 color=0x00000000 vis=PRIVATE),0]
05-19 10:37:49.047 627 16029 W PermissionManagerService: Datasource AttributionSource { uid = 10022, packageName = com.android.providers.calendar, attributionTag = null, token = android.os.BinderProxy@4b6af8f, next = android.content.AttributionSourceState@dbbc9d0 } protecting data with platform defined runtime permission android.permission.READ_CALENDAR while not having android.permission.UPDATE_APP_OPS_STATS
05-19 10:37:49.053 627 2096 W PermissionManagerService: Datasource AttributionSource { uid = 10022, packageName = com.android.providers.calendar, attributionTag = null, token = android.os.BinderProxy@4b6af8f, next = android.content.AttributionSourceState@f8e97ef } protecting data with platform defined runtime permission android.permission.READ_CALENDAR while not having android.permission.UPDATE_APP_OPS_STATS
05-19 10:37:49.057 627 627 I sysui_multi_action: [757,128,758,5,759,8,793,26,794,0,795,26,796,1,806,com.ebensz.enote.meeting,857,com.ebensz.enote.meeting,858,2,947,0,1500,26,1688,4,1689,2,1690,1]
05-19 10:37:49.057 627 627 I notification_canceled: [0|com.ebensz.enote.meeting|1|null|10042,8,26,26,0,-1,-1,NULL]
05-19 10:37:49.075 627 627 I NotificationService: Cannot find enqueued record for key: 0|com.ebensz.enote.meeting|1|null|10042
05-19 10:37:49.163 627 647 I wm_destroy_activity: [0,86265646,116,com.ebensz.enote.meeting/.EditMeetingActivity,finish-imm:idle]
05-19 10:37:49.187 627 627 I NotificationService: Cannot find enqueued record for key: 0|com.ebensz.enote.meeting|1|null|10042
05-19 10:37:49.192 19414 19414 I wm_on_stop_called: [86265646,com.ebensz.enote.meeting.EditMeetingActivity,LIFECYCLER_STOP_ACTIVITY]
05-19 10:37:49.208 19414 19414 I wm_on_destroy_called: [86265646,com.ebensz.enote.meeting.EditMeetingActivity,performDestroy]
05-19 10:37:49.208 627 627 I NotificationService: Cannot find enqueued record for key: 0|com.ebensz.enote.meeting|1|null|10042
05-19 10:37:49.234 627 627 I NotificationService: Cannot find enqueued record for key: 0|com.ebensz.enote.meeting|1|null|10042
05-19 10:37:49.257 627 646 I commit_sys_config_file: [notification-policy,72929307]
05-19 10:37:49.700 627 653 W BroadcastQueue: Background execution not allowed: receiving Intent { act=android.intent.action.PROVIDER_CHANGED dat=content://com.android.calendar flg=0x10 } to com.ebensz.enote.calendar/.alerts.AlertReceiver
05-19 10:37:49.700 627 653 W BroadcastQueue: Background execution not allowed: receiving Intent { act=android.intent.action.PROVIDER_CHANGED dat=content://com.android.calendar flg=0x10 } to com.ebensz.enote.calendar/com.android.calendar.widget.CalendarAppWidgetService$CalendarFactory
05-19 10:37:49.701 627 653 W BroadcastQueue: Background execution not allowed: receiving Intent { act=android.intent.action.PROVIDER_CHANGED dat=content://com.android.calendar flg=0x10 } to com.ebensz.enote.meeting/com.android.calendar.widget.CalendarAppWidgetService$CalendarFactory
05-19 10:37:49.702 627 653 W BroadcastQueue: Background execution not allowed: receiving Intent { act=android.intent.action.PROVIDER_CHANGED dat=content://com.android.calendar flg=0x10 } to com.ebensz.enote.memo/.editer.CalendarEventObserver
05-19 10:37:49.702 627 653 W BroadcastQueue: Background execution not allowed: receiving Intent { act=android.intent.action.PROVIDER_CHANGED dat=content://com.android.calendar flg=0x10 } to com.ebensz.enote.widget/com.android.calendar.widget.CalendarAppWidgetService$CalendarFactory
05-19 10:37:49.716 627 16029 W PermissionManagerService: Datasource AttributionSource { uid = 10022, packageName = com.android.providers.calendar, attributionTag = null, token = android.os.BinderProxy@4b6af8f, next = android.content.AttributionSourceState@af96b39 } protecting data with platform defined runtime permission android.permission.READ_CALENDAR while not having android.permission.UPDATE_APP_OPS_STATS
05-19 10:37:49.730 627 16029 W PermissionManagerService: Datasource AttributionSource { uid = 10022, packageName = com.android.providers.calendar, attributionTag = null, token = android.os.BinderProxy@4b6af8f, next = android.content.AttributionSourceState@1f4357e } protecting data with platform defined runtime permission android.permission.READ_CALENDAR while not having android.permission.UPDATE_APP_OPS_STATS
05-19 10:37:50.002 1272 1272 W ContextImpl: Calling a method in the system process without a qualified user: android.app.ContextImpl.sendBroadcast:1181 android.content.ContextWrapper.sendBroadcast:479 cn.eben.newweather.DateWeatherService.a:19 cn.eben.newweather.DateWeatherService.a:0 cn.eben.newweather.DateWeatherService$1.handleMessage:7
05-19 10:37:50.683 627 2096 W NotificationService: Toast already killed. pkg=com.ebensz.enote.meeting token=android.os.BinderProxy@224c5fb
05-19 10:37:50.713 627 738 W PermissionManagerService: Datasource AttributionSource { uid = 10022, packageName = com.android.providers.calendar, attributionTag = null, token = android.os.BinderProxy@4b6af8f, next = android.content.AttributionSourceState@2e04871 } protecting data with platform defined runtime permission android.permission.READ_CALENDAR while not having android.permission.UPDATE_APP_OPS_STATS
05-19 10:37:50.727 627 738 W PermissionManagerService: Datasource AttributionSource { uid = 10022, packageName = com.android.providers.calendar, attributionTag = null, token = android.os.BinderProxy@4b6af8f, next = android.content.AttributionSourceState@7f77656 } protecting data with platform defined runtime permission android.permission.READ_CALENDAR while not having android.permission.UPDATE_APP_OPS_STATS
05-19 10:37:50.740 627 738 W PermissionManagerService: Datasource AttributionSource { uid = 10022, packageName = com.android.providers.calendar, attributionTag = null, token = android.os.BinderProxy@4b6af8f, next = android.content.AttributionSourceState@bdffaad } protecting data with platform defined runtime permission android.permission.READ_CALENDAR while not having android.permission.UPDATE_APP_OPS_STATS
05-19 10:37:50.993 463 491 I RIL : ---> enter mainloop wait at port
05-19 10:37:50.993 463 491 D RIL-DEV : Get modem info
05-19 10:37:50.993 463 491 D RIL-DEV : [05-19_10:37:50:994] idVendor = 0bda
05-19 10:37:50.993 463 491 D RIL-DEV :
05-19 10:37:50.994 463 491 D RIL-DEV : [05-19_10:37:50:994] idVendor = 05e3
05-19 10:37:50.994 463 491 D RIL-DEV :
05-19 10:37:50.994 463 491 D RIL-DEV : [05-19_10:37:50:995] idVendor = 1d6b
05-19 10:37:50.994 463 491 D RIL-DEV :
05-19 10:37:50.994 463 491 D RIL-DEV : [05-19_10:37:50:995] idVendor = 1d6b
05-19 10:37:50.994 463 491 D RIL-DEV :
05-19 10:37:50.995 463 491 D RIL-DEV : [05-19_10:37:50:995] idVendor = 0bda
05-19 10:37:50.995 463 491 D RIL-DEV :
05-19 10:37:50.995 463 491 D RIL-DEV : [05-19_10:37:50:996] idVendor = 1d6b
05-19 10:37:50.995 463 491 D RIL-DEV :
05-19 10:37:50.995 463 491 D RIL-DEV : [05-19_10:37:50:996] idVendor = 2109
05-19 10:37:50.995 463 491 D RIL-DEV :
05-19 10:37:50.996 463 491 D RIL-DEV : [05-19_10:37:50:996] idVendor = 2109
05-19 10:37:50.996 463 491 D RIL-DEV :
05-19 10:37:50.996 463 491 D RIL-DEV : [05-19_10:37:50:997] idVendor = 1d6b
05-19 10:37:50.996 463 491 D RIL-DEV :
05-19 10:37:50.997 463 491 D RIL-DEV : [05-19_10:37:50:997] idVendor = 0bda
05-19 10:37:50.997 463 491 D RIL-DEV :
05-19 10:37:50.997 463 491 D RIL-DEV : [05-19_10:37:50:998] idVendor = 2109
05-19 10:37:50.997 463 491 D RIL-DEV :
05-19 10:37:50.997 463 491 E RIL-DEV : Cannot find Meig devices
05-19 10:37:50.998 463 491 I RIL : ---> can't find meig usb devices
05-19 10:37:51.003 1272 1272 W ContextImpl: Calling a method in the system process without a qualified user: android.app.ContextImpl.sendBroadcast:1181 android.content.ContextWrapper.sendBroadcast:479 cn.eben.newweather.DateWeatherService.a:19 cn.eben.newweather.DateWeatherService.a:0 cn.eben.newweather.DateWeatherService$1.handleMessage:7
05-19 10:37:51.390 627 710 I input_interaction: Interaction with: ef4c4d4 com.ebensz.enote.meeting/com.ebensz.enote.meeting.MeetingDetailActivity (server), PointerEventDispatcher0 (server),
05-19 10:37:51.416 627 16029 W ContentProviderHelper: Permission Denial: opening provider com.android.providers.contacts.ContactsProvider2 from ProcessRecord{552b742 1631:cn.eben.sync/u0a63} (pid=1631, uid=10063) requires android.permission.READ_CONTACTS or android.permission.WRITE_CONTACTS
05-19 10:37:51.458 19414 19414 I menu_item_selected: [0,会议日程]
05-19 10:37:51.461 627 16029 I ActivityTaskManager: START u0 {flg=0x20020000 cmp=com.ebensz.enote.meeting/.MeetingActivity} from uid 10042
05-19 10:37:51.464 627 16029 I wm_new_intent: [0,99583964,116,com.ebensz.enote.meeting/.MeetingActivity,MemoEditorActivity,NULL,NULL,268435456]
05-19 10:37:51.464 627 16029 I wm_task_moved: [116,1,13]
05-19 10:37:51.464 627 16029 I wm_set_resumed_activity: [0,com.ebensz.enote.meeting/.MeetingDetailActivity,positionChildAt]
05-19 10:37:51.465 627 16029 I wm_pause_activity: [0,168631899,com.ebensz.enote.meeting/.MeetingDetailActivity,userLeaving=true,top-resumed-changed]
05-19 10:37:51.480 627 2096 I wm_finish_activity: [0,168631899,116,com.ebensz.enote.meeting/.MeetingDetailActivity,app-request]
05-19 10:37:51.483 19414 19414 I wm_on_top_resumed_lost_called: [168631899,com.ebensz.enote.meeting.MeetingDetailActivity,topStateChangedWhenResumed]
05-19 10:37:51.489 19414 19414 I wm_on_paused_called: [168631899,com.ebensz.enote.meeting.MeetingDetailActivity,performPause]
05-19 10:37:51.490 627 2096 I wm_add_to_stopping: [0,168631899,com.ebensz.enote.meeting/.MeetingDetailActivity,completeFinishing]
05-19 10:37:51.493 627 2096 I wm_set_resumed_activity: [0,com.ebensz.enote.meeting/.MeetingActivity,resumeTopActivity]
05-19 10:37:51.496 627 2096 I wm_resume_activity: [0,99583964,116,com.ebensz.enote.meeting/.MeetingActivity]
05-19 10:37:51.499 627 647 I sysui_multi_action: [757,803,799,window_time_0,802,2]
05-19 10:37:51.510 19414 19414 I wm_on_restart_called: [99583964,com.ebensz.enote.meeting.MeetingActivity,performRestartActivity]
05-19 10:37:51.513 19414 19414 I wm_on_start_called: [99583964,com.ebensz.enote.meeting.MeetingActivity,handleStartActivity]
05-19 10:37:51.527 627 16029 W PermissionManagerService: Datasource AttributionSource { uid = 10022, packageName = com.android.providers.calendar, attributionTag = null, token = android.os.BinderProxy@4b6af8f, next = android.content.AttributionSourceState@95c8b3a } protecting data with platform defined runtime permission android.permission.READ_CALENDAR while not having android.permission.UPDATE_APP_OPS_STATS
05-19 10:37:51.539 627 710 I input_focus: [Focus leaving ef4c4d4 com.ebensz.enote.meeting/com.ebensz.enote.meeting.MeetingDetailActivity (server),reason=NO_WINDOW]
05-19 10:37:51.547 19414 19414 I wm_on_resume_called: [99583964,com.ebensz.enote.meeting.MeetingActivity,RESUME_ACTIVITY]
05-19 10:37:51.552 19414 19414 I wm_on_top_resumed_gained_called: [99583964,com.ebensz.enote.meeting.MeetingActivity,topWhenResuming]
05-19 10:37:51.555 627 641 W PermissionManagerService: Datasource AttributionSource { uid = 10022, packageName = com.android.providers.calendar, attributionTag = null, token = android.os.BinderProxy@4b6af8f, next = android.content.AttributionSourceState@5461548 } protecting data with platform defined runtime permission android.permission.READ_CALENDAR while not having android.permission.UPDATE_APP_OPS_STATS
05-19 10:37:51.649 627 648 I input_focus: [Focus request 2ea6737 com.ebensz.enote.meeting/com.ebensz.enote.meeting.MeetingActivity,reason=UpdateInputWindows]
05-19 10:37:51.695 627 653 V ActivityManager: Attempted to start a foreground service (com.ebensz.enote.meeting/com.android.calendar.AsyncQueryServiceHelper) with a broken notification (no icon: Notification(channel=com.ebensz.enote.meeting shortcut=null contentView=null vibrate=null sound=null defaults=0x0 flags=0x40 color=0x00000000 vis=PRIVATE))
05-19 10:37:51.697 627 641 W PermissionManagerService: Datasource AttributionSource { uid = 10022, packageName = com.android.providers.calendar, attributionTag = null, token = android.os.BinderProxy@4b6af8f, next = android.content.AttributionSourceState@f78fa19 } protecting data with platform defined runtime permission android.permission.READ_CALENDAR while not having android.permission.UPDATE_APP_OPS_STATS
05-19 10:37:51.698 627 627 I notification_enqueue: [10042,19414,com.ebensz.enote.meeting,1,NULL,0,Notification(channel=com.ebensz.enote.meeting shortcut=null contentView=null vibrate=null sound=null defaults=0x0 flags=0x40 color=0x00000000 vis=PRIVATE),0]
05-19 10:37:51.699 627 647 I wm_destroy_activity: [0,168631899,116,com.ebensz.enote.meeting/.MeetingDetailActivity,finish-imm:transit]
05-19 10:37:51.699 627 641 W PermissionManagerService: Datasource AttributionSource { uid = 10022, packageName = com.android.providers.calendar, attributionTag = null, token = android.os.BinderProxy@4b6af8f, next = android.content.AttributionSourceState@d6c578c } protecting data with platform defined runtime permission android.permission.READ_CALENDAR while not having android.permission.UPDATE_APP_OPS_STATS
05-19 10:37:51.704 627 627 I sysui_multi_action: [757,128,758,5,759,8,793,7,794,0,795,7,796,1,806,com.ebensz.enote.meeting,857,com.ebensz.enote.meeting,858,2,947,0,1500,7,1688,4,1689,2,1690,1]
05-19 10:37:51.704 627 627 I notification_canceled: [0|com.ebensz.enote.meeting|1|null|10042,8,7,7,0,-1,-1,NULL]
05-19 10:37:51.708 627 710 I input_focus: [Focus entering 2ea6737 com.ebensz.enote.meeting/com.ebensz.enote.meeting.MeetingActivity (server),reason=Window became focusable. Previous reason: NOT_VISIBLE]
05-19 10:37:51.775 19414 19414 I wm_on_stop_called: [168631899,com.ebensz.enote.meeting.MeetingDetailActivity,LIFECYCLER_STOP_ACTIVITY]
05-19 10:37:51.777 19414 19414 I wm_on_destroy_called: [168631899,com.ebensz.enote.meeting.MeetingDetailActivity,performDestroy]
05-19 10:37:51.898 627 627 I NotificationService: Cannot find enqueued record for key: 0|com.ebensz.enote.meeting|1|null|10042
05-19 10:37:51.955 627 646 I commit_sys_config_file: [notification-policy,72932006]
05-19 10:37:52.002 1272 1272 W ContextImpl: Calling a method in the system process without a qualified user: android.app.ContextImpl.sendBroadcast:1181 android.content.ContextWrapper.sendBroadcast:479 cn.eben.newweather.DateWeatherService.a:19 cn.eben.newweather.DateWeatherService.a:0 cn.eben.newweather.DateWeatherService$1.handleMessage:7
05-19 10:37:52.354 627 16029 W PermissionManagerService: Datasource AttributionSource { uid = 10022, packageName = com.android.providers.calendar, attributionTag = null, token = android.os.BinderProxy@4b6af8f, next = android.content.AttributionSourceState@f154baf } protecting data with platform defined runtime permission android.permission.READ_CALENDAR while not having android.permission.UPDATE_APP_OPS_STATS
05-19 10:37:52.694 627 647 W WindowManager: Unable to start animation, surface is null or no children.
05-19 10:37:52.787 627 1248 E TaskPersister: File error accessing recents directory (directory doesn't exist?).
05-19 10:37:52.998 463 491 I RIL : ---> enter mainloop wait at port
05-19 10:37:52.998 463 491 D RIL-DEV : Get modem info
05-19 10:37:52.999 463 491 D RIL-DEV : [05-19_10:37:52:999] idVendor = 0bda
05-19 10:37:52.999 463 491 D RIL-DEV :
05-19 10:37:52.999 463 491 D RIL-DEV : [05-19_10:37:53:000] idVendor = 05e3
05-19 10:37:52.999 463 491 D RIL-DEV :
05-19 10:37:53.000 463 491 D RIL-DEV : [05-19_10:37:53:000] idVendor = 1d6b
05-19 10:37:53.000 463 491 D RIL-DEV :
05-19 10:37:53.000 463 491 D RIL-DEV : [05-19_10:37:53:000] idVendor = 1d6b
05-19 10:37:53.000 463 491 D RIL-DEV :
05-19 10:37:53.000 463 491 D RIL-DEV : [05-19_10:37:53:001] idVendor = 0bda
05-19 10:37:53.000 463 491 D RIL-DEV :
05-19 10:37:53.001 463 491 D RIL-DEV : [05-19_10:37:53:001] idVendor = 1d6b
05-19 10:37:53.001 463 491 D RIL-DEV :
05-19 10:37:53.001 463 491 D RIL-DEV : [05-19_10:37:53:001] idVendor = 2109
05-19 10:37:53.001 463 491 D RIL-DEV :
05-19 10:37:53.001 463 491 D RIL-DEV : [05-19_10:37:53:001] idVendor = 2109
05-19 10:37:53.001 463 491 D RIL-DEV :
05-19 10:37:53.001 463 491 D RIL-DEV : [05-19_10:37:53:001] idVendor = 1d6b
05-19 10:37:53.001 463 491 D RIL-DEV :
05-19 10:37:53.001 463 491 D RIL-DEV : [05-19_10:37:53:002] idVendor = 0bda
05-19 10:37:53.001 463 491 D RIL-DEV :
05-19 10:37:53.002 1272 1272 W ContextImpl: Calling a method in the system process without a qualified user: android.app.ContextImpl.sendBroadcast:1181 android.content.ContextWrapper.sendBroadcast:479 cn.eben.newweather.DateWeatherService.a:19 cn.eben.newweather.DateWeatherService.a:0 cn.eben.newweather.DateWeatherService$1.handleMessage:7
05-19 10:37:53.003 463 491 D RIL-DEV : [05-19_10:37:53:004] idVendor = 2109
05-19 10:37:53.003 463 491 D RIL-DEV :
05-19 10:37:53.003 463 491 E RIL-DEV : Cannot find Meig devices
05-19 10:37:53.004 463 491 I RIL : ---> can't find meig usb devices
05-19 10:37:53.708 627 16029 I ActivityManager: Background started FGS: Allowed [callingPackage: com.android.providers.calendar; callingUid: 10022; uidState: BTOP; intent: Intent { act=com.android.providers.calendar.intent.CalendarProvider2 flg=0x14 cmp=com.android.providers.calendar/.CalendarProviderIntentService (has extras) }; code:SYSTEM_ALLOW_LISTED; tempAllowListReason:<,reasonCode:SYSTEM_ALLOW_LISTED,duration:9223372036854775807,callingUid:-1>; targetSdkVersion:24; callerTargetSdkVersion:24; startForegroundCount:0; bindFromPackage:null]
05-19 10:37:53.708 627 653 I am_wtf : [0,627,system_server,-1,ActivityManager,Background started FGS: Allowed [callingPackage: com.android.providers.calendar; callingUid: 10022; uidState: BTOP; intent: Intent { act=com.android.providers.calendar.intent.CalendarProvider2 flg=0x14 cmp=com.android.providers.calendar/.CalendarProviderIntentService (has extras) }; code:SYSTEM_ALLOW_LISTED; tempAllowListReason:<,reasonCode:SYSTEM_ALLOW_LISTED,duration:9223372036854775807,callingUid:-1>; targetSdkVersion:24; callerTargetSdkVersion:24; startForegroundCount:0; bindFromPackage:null]]
05-19 10:37:53.710 627 653 I DropBoxManagerService: add tag=system_server_wtf isTagEnabled=true flags=0x2
05-19 10:37:53.720 627 16029 W ActivityManager: Foreground service started from background can not have location/camera/microphone access: service com.android.providers.calendar/.CalendarProviderIntentService
05-19 10:37:53.721 627 653 V ActivityManager: Attempted to start a foreground service (com.android.providers.calendar/.CalendarProviderIntentService) with a broken notification (no icon: Notification(channel=com.android.providers.calendar shortcut=null contentView=null vibrate=null sound=null defaults=0x0 flags=0x40 color=0x00000000 vis=PRIVATE))
05-19 10:37:53.724 627 653 I ActivityManager: Deferring FGS notification in legacy app com.android.providers.calendar/u0a22 : Notification(channel=com.android.providers.calendar shortcut=null contentView=null vibrate=null sound=null defaults=0x0 flags=0x40 color=0x00000000 vis=PRIVATE)
05-19 10:37:53.731 627 16029 W PermissionManagerService: Datasource AttributionSource { uid = 10022, packageName = com.android.providers.calendar, attributionTag = null, token = android.os.BinderProxy@4b6af8f, next = android.content.AttributionSourceState@6ffabb5 } protecting data with platform defined runtime permission android.permission.READ_CALENDAR while not having android.permission.UPDATE_APP_OPS_STATS
05-19 10:37:53.739 627 653 V ActivityManager: Attempted to start a foreground service (com.ebensz.enote.meeting/com.android.calendar.AsyncQueryServiceHelper) with a broken notification (no icon: Notification(channel=com.ebensz.enote.meeting shortcut=null contentView=null vibrate=null sound=null defaults=0x0 flags=0x40 color=0x00000000 vis=PRIVATE))
05-19 10:37:53.742 627 627 I notification_enqueue: [10042,19414,com.ebensz.enote.meeting,1,NULL,0,Notification(channel=com.ebensz.enote.meeting shortcut=null contentView=null vibrate=null sound=null defaults=0x0 flags=0x40 color=0x00000000 vis=PRIVATE),0]
05-19 10:37:53.744 627 944 W PermissionManagerService: Datasource AttributionSource { uid = 10022, packageName = com.android.providers.calendar, attributionTag = null, token = android.os.BinderProxy@4b6af8f, next = android.content.AttributionSourceState@4b66916 } protecting data with platform defined runtime permission android.permission.READ_CALENDAR while not having android.permission.UPDATE_APP_OPS_STATS
05-19 10:37:53.745 627 16029 W PermissionManagerService: Datasource AttributionSource { uid = 10022, packageName = com.android.providers.calendar, attributionTag = null, token = android.os.BinderProxy@4b6af8f, next = android.content.AttributionSourceState@2b3a297 } protecting data with platform defined runtime permission android.permission.READ_CALENDAR while not having android.permission.UPDATE_APP_OPS_STATS
05-19 10:37:53.748 627 627 I sysui_multi_action: [757,128,758,5,759,8,793,8,794,0,795,8,796,1,806,com.ebensz.enote.meeting,857,com.ebensz.enote.meeting,858,2,947,0,1500,8,1688,4,1689,2,1690,1]
05-19 10:37:53.748 627 627 I notification_canceled: [0|com.ebensz.enote.meeting|1|null|10042,8,8,8,0,-1,-1,NULL]
05-19 10:37:53.943 627 627 I NotificationService: Cannot find enqueued record for key: 0|com.ebensz.enote.meeting|1|null|10042
05-19 10:37:53.977 627 646 I commit_sys_config_file: [notification-policy,72934028]
05-19 10:37:54.002 1272 1272 W ContextImpl: Calling a method in the system process without a qualified user: android.app.ContextImpl.sendBroadcast:1181 android.content.ContextWrapper.sendBroadcast:479 cn.eben.newweather.DateWeatherService.a:19 cn.eben.newweather.DateWeatherService.a:0 cn.eben.newweather.DateWeatherService$1.handleMessage:7
