05-19 10:42:38.002 1272 1272 W ContextImpl: Calling a method in the system process without a qualified user: android.app.ContextImpl.sendBroadcast:1181 android.content.ContextWrapper.sendBroadcast:479 cn.eben.newweather.DateWeatherService.a:19 cn.eben.newweather.DateWeatherService.a:0 cn.eben.newweather.DateWeatherService$1.handleMessage:7
05-19 10:42:38.451 463 491 I RIL : ---> enter mainloop wait at port
05-19 10:42:38.451 463 491 D RIL-DEV : Get modem info
05-19 10:42:38.452 463 491 D RIL-DEV : [05-19_10:42:38:453] idVendor = 0bda
05-19 10:42:38.452 463 491 D RIL-DEV :
05-19 10:42:38.452 463 491 D RIL-DEV : [05-19_10:42:38:453] idVendor = 05e3
05-19 10:42:38.452 463 491 D RIL-DEV :
05-19 10:42:38.453 463 491 D RIL-DEV : [05-19_10:42:38:453] idVendor = 1d6b
05-19 10:42:38.453 463 491 D RIL-DEV :
05-19 10:42:38.453 463 491 D RIL-DEV : [05-19_10:42:38:453] idVendor = 1d6b
05-19 10:42:38.453 463 491 D RIL-DEV :
05-19 10:42:38.453 463 491 D RIL-DEV : [05-19_10:42:38:454] idVendor = 0bda
05-19 10:42:38.453 463 491 D RIL-DEV :
05-19 10:42:38.454 463 491 D RIL-DEV : [05-19_10:42:38:454] idVendor = 1d6b
05-19 10:42:38.454 463 491 D RIL-DEV :
05-19 10:42:38.454 463 491 D RIL-DEV : [05-19_10:42:38:455] idVendor = 2109
05-19 10:42:38.454 463 491 D RIL-DEV :
05-19 10:42:38.455 463 491 D RIL-DEV : [05-19_10:42:38:455] idVendor = 2109
05-19 10:42:38.455 463 491 D RIL-DEV :
05-19 10:42:38.455 463 491 D RIL-DEV : [05-19_10:42:38:455] idVendor = 1d6b
05-19 10:42:38.455 463 491 D RIL-DEV :
05-19 10:42:38.455 463 491 D RIL-DEV : [05-19_10:42:38:456] idVendor = 0bda
05-19 10:42:38.455 463 491 D RIL-DEV :
05-19 10:42:38.455 463 491 D RIL-DEV : [05-19_10:42:38:456] idVendor = 2109
05-19 10:42:38.455 463 491 D RIL-DEV :
05-19 10:42:38.456 463 491 E RIL-DEV : Cannot find Meig devices
05-19 10:42:38.456 463 491 I RIL : ---> can't find meig usb devices
05-21 08:51:00.238 542 542 I : read descriptors
05-21 08:51:00.238 542 542 I : read strings
05-19 10:42:39.001 1272 1272 W ContextImpl: Calling a method in the system process without a qualified user: android.app.ContextImpl.sendBroadcast:1181 android.content.ContextWrapper.sendBroadcast:479 cn.eben.newweather.DateWeatherService.a:19 cn.eben.newweather.DateWeatherService.a:0 cn.eben.newweather.DateWeatherService$1.handleMessage:7
05-19 10:42:39.299 627 668 V DisplayPowerController[0]: Brightness [0.05] reason changing to: 'manual [ dim ]', previous reason: 'manual'.
05-19 10:42:39.299 627 668 I sysui_multi_action: [757,1696,758,6,759,2]
05-21 08:51:01.308 542 542 I : read descriptors
05-21 08:51:01.308 542 542 I : read strings
05-21 08:51:01.310 1 1 I init : processing action (sys.usb.config=adb && sys.usb.configfs=1 && sys.usb.ffs.ready=1) from (/system/etc/init/hw/init.usb.configfs.rc:20)
05-21 08:51:01.314 1 1 I init : Command 'symlink /config/usb_gadget/g1/functions/ffs.adb /config/usb_gadget/g1/configs/b.1/f1' action=sys.usb.config=adb && sys.usb.configfs=1 && sys.usb.ffs.ready=1 (/system/etc/init/hw/init.usb.configfs.rc:22) took 0ms and failed: symlink() failed: File exists
05-21 08:51:01.314 1 1 I init : Command 'write /config/usb_gadget/g1/UDC ${sys.usb.controller}' action=sys.usb.config=adb && sys.usb.configfs=1 && sys.usb.ffs.ready=1 (/system/etc/init/hw/init.usb.configfs.rc:23) took 0ms and failed: Unable to write to file '/config/usb_gadget/g1/UDC': Unable to write file contents: Device or resource busy
05-19 10:42:40.002 1272 1272 W ContextImpl: Calling a method in the system process without a qualified user: android.app.ContextImpl.sendBroadcast:1181 android.content.ContextWrapper.sendBroadcast:479 cn.eben.newweather.DateWeatherService.a:19 cn.eben.newweather.DateWeatherService.a:0 cn.eben.newweather.DateWeatherService$1.handleMessage:7
05-19 10:42:40.456 463 491 I RIL : ---> enter mainloop wait at port
05-19 10:42:40.456 463 491 D RIL-DEV : Get modem info
05-19 10:42:40.457 463 491 D RIL-DEV : [05-19_10:42:40:457] idVendor = 0bda
05-19 10:42:40.457 463 491 D RIL-DEV :
05-19 10:42:40.457 463 491 D RIL-DEV : [05-19_10:42:40:458] idVendor = 05e3
05-19 10:42:40.457 463 491 D RIL-DEV :
05-19 10:42:40.458 463 491 D RIL-DEV : [05-19_10:42:40:458] idVendor = 1d6b
05-19 10:42:40.458 463 491 D RIL-DEV :
05-19 10:42:40.458 463 491 D RIL-DEV : [05-19_10:42:40:458] idVendor = 1d6b
05-19 10:42:40.458 463 491 D RIL-DEV :
05-19 10:42:40.458 463 491 D RIL-DEV : [05-19_10:42:40:459] idVendor = 0bda
05-19 10:42:40.458 463 491 D RIL-DEV :
05-19 10:42:40.459 463 491 D RIL-DEV : [05-19_10:42:40:459] idVendor = 1d6b
05-19 10:42:40.459 463 491 D RIL-DEV :
05-19 10:42:40.459 463 491 D RIL-DEV : [05-19_10:42:40:459] idVendor = 2109
05-19 10:42:40.459 463 491 D RIL-DEV :
05-19 10:42:40.459 463 491 D RIL-DEV : [05-19_10:42:40:460] idVendor = 2109
05-19 10:42:40.459 463 491 D RIL-DEV :
05-19 10:42:40.459 463 491 D RIL-DEV : [05-19_10:42:40:460] idVendor = 1d6b
05-19 10:42:40.459 463 491 D RIL-DEV :
05-19 10:42:40.460 463 491 D RIL-DEV : [05-19_10:42:40:460] idVendor = 0bda
05-19 10:42:40.460 463 491 D RIL-DEV :
05-19 10:42:40.460 463 491 D RIL-DEV : [05-19_10:42:40:461] idVendor = 2109
05-19 10:42:40.460 463 491 D RIL-DEV :
05-19 10:42:40.461 463 491 E RIL-DEV : Cannot find Meig devices
05-19 10:42:40.461 463 491 I RIL : ---> can't find meig usb devices
05-21 08:51:02.348 542 542 I : read descriptors
05-21 08:51:02.348 542 542 I : read strings
05-21 08:51:02.351 1 1 I init : processing action (sys.usb.config=adb && sys.usb.configfs=1 && sys.usb.ffs.ready=1) from (/system/etc/init/hw/init.usb.configfs.rc:20)
05-21 08:51:02.352 1 1 I init : Command 'symlink /config/usb_gadget/g1/functions/ffs.adb /config/usb_gadget/g1/configs/b.1/f1' action=sys.usb.config=adb && sys.usb.configfs=1 && sys.usb.ffs.ready=1 (/system/etc/init/hw/init.usb.configfs.rc:22) took 0ms and failed: symlink() failed: File exists
05-21 08:51:02.353 1 1 I init : Command 'write /config/usb_gadget/g1/UDC ${sys.usb.controller}' action=sys.usb.config=adb && sys.usb.configfs=1 && sys.usb.ffs.ready=1 (/system/etc/init/hw/init.usb.configfs.rc:23) took 0ms and failed: Unable to write to file '/config/usb_gadget/g1/UDC': Unable to write file contents: Device or resource busy
05-19 10:42:41.001 1272 1272 W ContextImpl: Calling a method in the system process without a qualified user: android.app.ContextImpl.sendBroadcast:1181 android.content.ContextWrapper.sendBroadcast:479 cn.eben.newweather.DateWeatherService.a:19 cn.eben.newweather.DateWeatherService.a:0 cn.eben.newweather.DateWeatherService$1.handleMessage:7
05-21 08:51:03.388 542 542 I : read descriptors
05-21 08:51:03.388 542 542 I : read strings
05-21 08:51:03.390 1 1 I init : processing action (sys.usb.config=adb && sys.usb.configfs=1 && sys.usb.ffs.ready=1) from (/system/etc/init/hw/init.usb.configfs.rc:20)
05-21 08:51:03.392 1 1 I init : Command 'symlink /config/usb_gadget/g1/functions/ffs.adb /config/usb_gadget/g1/configs/b.1/f1' action=sys.usb.config=adb && sys.usb.configfs=1 && sys.usb.ffs.ready=1 (/system/etc/init/hw/init.usb.configfs.rc:22) took 0ms and failed: symlink() failed: File exists
05-21 08:51:03.394 1 1 I init : Command 'write /config/usb_gadget/g1/UDC ${sys.usb.controller}' action=sys.usb.config=adb && sys.usb.configfs=1 && sys.usb.ffs.ready=1 (/system/etc/init/hw/init.usb.configfs.rc:23) took 0ms and failed: Unable to write to file '/config/usb_gadget/g1/UDC': Unable to write file contents: Device or resource busy
05-19 10:42:42.002 1272 1272 W ContextImpl: Calling a method in the system process without a qualified user: android.app.ContextImpl.sendBroadcast:1181 android.content.ContextWrapper.sendBroadcast:479 cn.eben.newweather.DateWeatherService.a:19 cn.eben.newweather.DateWeatherService.a:0 cn.eben.newweather.DateWeatherService$1.handleMessage:7
05-19 10:42:42.290 627 668 I PowerManagerService: Powering off display group due to timeout (groupId= 0, uid= 1000)...
05-19 10:42:42.290 627 668 I PowerManagerService: Going to sleep due to timeout (uid 1000)...
05-19 10:42:42.293 627 668 I power_sleep_requested: 0
05-19 10:42:42.393 627 668 V DisplayPowerController[0]: Brightness [0.5472441] reason changing to: 'manual', previous reason: 'manual [ dim ]'.
05-19 10:42:42.393 627 668 I sysui_multi_action: [757,1696,758,6,759,0]
05-19 10:42:42.403 627 1072 W ContentProviderHelper: Permission Denial: opening provider com.android.providers.contacts.ContactsProvider2 from ProcessRecord{552b742 1631:cn.eben.sync/u0a63} (pid=1631, uid=10063) requires android.permission.READ_CONTACTS or android.permission.WRITE_CONTACTS
05-19 10:42:42.461 463 491 I RIL : ---> enter mainloop wait at port
05-19 10:42:42.461 463 491 D RIL-DEV : Get modem info
05-19 10:42:42.462 463 491 D RIL-DEV : [05-19_10:42:42:462] idVendor = 0bda
05-19 10:42:42.462 463 491 D RIL-DEV :
05-19 10:42:42.462 463 491 D RIL-DEV : [05-19_10:42:42:463] idVendor = 05e3
05-19 10:42:42.462 463 491 D RIL-DEV :
05-19 10:42:42.462 463 491 D RIL-DEV : [05-19_10:42:42:463] idVendor = 1d6b
05-19 10:42:42.462 463 491 D RIL-DEV :
05-19 10:42:42.463 463 491 D RIL-DEV : [05-19_10:42:42:463] idVendor = 1d6b
05-19 10:42:42.463 463 491 D RIL-DEV :
05-19 10:42:42.463 463 491 D RIL-DEV : [05-19_10:42:42:463] idVendor = 0bda
05-19 10:42:42.463 463 491 D RIL-DEV :
05-19 10:42:42.463 463 491 D RIL-DEV : [05-19_10:42:42:464] idVendor = 1d6b
05-19 10:42:42.463 463 491 D RIL-DEV :
05-19 10:42:42.463 463 491 D RIL-DEV : [05-19_10:42:42:464] idVendor = 2109
05-19 10:42:42.463 463 491 D RIL-DEV :
05-19 10:42:42.464 463 491 D RIL-DEV : [05-19_10:42:42:465] idVendor = 2109
05-19 10:42:42.464 463 491 D RIL-DEV :
05-19 10:42:42.465 463 491 D RIL-DEV : [05-19_10:42:42:465] idVendor = 1d6b
05-19 10:42:42.465 463 491 D RIL-DEV :
05-19 10:42:42.465 463 491 D RIL-DEV : [05-19_10:42:42:466] idVendor = 0bda
05-19 10:42:42.465 463 491 D RIL-DEV :
05-19 10:42:42.465 463 491 D RIL-DEV : [05-19_10:42:42:466] idVendor = 2109
05-19 10:42:42.465 463 491 D RIL-DEV :
05-19 10:42:42.466 463 491 E RIL-DEV : Cannot find Meig devices
05-19 10:42:42.466 463 491 I RIL : ---> can't find meig usb devices
05-21 08:51:04.465 542 542 I : read descriptors
05-21 08:51:04.465 542 542 I : read strings
05-21 08:51:04.471 1 1 I init : processing action (sys.usb.config=adb && sys.usb.configfs=1 && sys.usb.ffs.ready=1) from (/system/etc/init/hw/init.usb.configfs.rc:20)
05-19 10:42:42.806 627 668 I DisplayPowerController[0]: Blocking screen off
05-19 10:42:42.806 627 668 I DisplayPowerController[0]: Unblocked screen off after 0 ms
05-19 10:42:42.808 627 668 D ActivityTaskManager: Top Process State changed to PROCESS_STATE_TOP_SLEEPING
05-19 10:42:42.810 627 668 I wm_pause_activity: [0,214771548,com.android.launcher3/.uioverrides.QuickstepLauncher,userLeaving=false,sleep]
05-19 10:42:42.812 1030 1030 I wm_on_top_resumed_lost_called: [214771548,com.android.launcher3.uioverrides.QuickstepLauncher,topStateChangedWhenResumed]
05-21 08:51:04.556 445 445 I gsensor_mxc6655 5-0015: set sensor poll time to 200ms
05-19 10:42:42.823 1030 1030 I wm_on_paused_called: [214771548,com.android.launcher3.uioverrides.QuickstepLauncher,performPause]
05-19 10:42:42.823 627 641 I wm_add_to_stopping: [0,214771548,com.android.launcher3/.uioverrides.QuickstepLauncher,completePauseLocked]
05-19 10:42:42.840 627 647 I wm_stop_activity: [0,214771548,com.android.launcher3/.uioverrides.QuickstepLauncher]
05-19 10:42:42.841 627 710 I input_focus: [Focus leaving 334f74b com.android.launcher3/com.android.launcher3.uioverrides.QuickstepLauncher (server),reason=NOT_VISIBLE]
05-19 10:42:42.843 627 647 I sysui_multi_action: [757,803,799,window_time_0,802,16]
05-19 10:42:42.844 627 668 V DisplayPowerController[0]: Brightness [0.003937008] reason changing to: 'screen_off', previous reason: 'manual'.
05-19 10:42:42.847 627 647 I DisplayDeviceRepository: Display device changed state: "内置屏幕", OFF
05-19 10:42:42.877 1030 1030 I wm_on_stop_called: [214771548,com.android.launcher3.uioverrides.QuickstepLauncher,STOP_ACTIVITY_ITEM]
05-19 10:42:43.003 1272 1272 W ContextImpl: Calling a method in the system process without a qualified user: android.app.ContextImpl.sendBroadcast:1181 android.content.ContextWrapper.sendBroadcast:479 cn.eben.newweather.DateWeatherService.a:19 cn.eben.newweather.DateWeatherService.a:0 cn.eben.newweather.DateWeatherService$1.handleMessage:7
05-21 08:51:04.921 352 352 I rockchip-vop2 fdd90000.vop: [drm:vop2_crtc_atomic_disable] Crtc atomic disable vp2
05-19 10:42:43.203 627 668 I PowerManagerService: Sleeping display group (groupId=0, uid=1000)...
05-19 10:42:43.203 627 668 I PowerManagerService: Sleeping (uid 1000)...
05-19 10:42:43.207 627 627 I sysui_multi_action: [757,198,758,2,759,3,1359,915,1695,2]
05-19 10:42:43.208 627 627 I power_screen_state: [0,3,0,0,915]
05-19 10:42:43.208 627 627 I screen_toggled: 0
05-21 08:51:04.933 352 352 E rockchip-vop2 fdd90000.vop: [drm:vop2_crtc_atomic_disable] *ERROR* unexpected power on pd7
05-19 10:42:43.208 627 627 I sysui_multi_action: [757,804,799,screen_timeout,801,15,802,1]
05-19 10:42:43.209 627 627 I sysui_multi_action: [757,1594,758,4,759,-2147483648,1359,39836]
05-19 10:42:43.210 627 627 I power_screen_broadcast_send: 1
05-19 10:42:43.244 627 627 I battery_saving_stats: [0,1,0,40380,0,0,59268907,0,-6]
05-19 10:42:43.248 975 975 D DCT-C-0 : screen off
05-19 10:42:43.248 975 975 D DCT-C-0 : stopNetStatPoll
05-19 10:42:43.274 627 627 I power_screen_broadcast_done: [0,64,1]
05-19 10:42:43.281 627 1967 W ActivityManager: Ignoring request to force stop protected package u0
05-21 08:51:05.116 2551 2551 I PM : suspend entry (deep)
05-21 08:51:05.144 2551 2551 I Filesystems sync: 0.027 seconds
05-21 08:51:05.144 2551 2551 I : Freezing user space processes ... (elapsed 0.009 seconds) done.
05-21 08:51:05.153 2551 2551 I : OOM killer disabled.
05-21 08:51:05.153 2551 2551 I : Freezing remaining freezable tasks ... (elapsed 0.179 seconds) done.
05-21 08:51:05.332 2551 2551 I printk : Suspending console(s) (use no_console_suspend to debug)
05-21 08:51:05.410 2551 2551 E regulator-dummy: Underflow of regulator enable count
05-21 08:51:05.410 2551 2551 E wacom_i2c 4-0009: disable regulator failed -22
05-21 08:51:05.657 2551 2551 I : Disabling non-boot CPUs ...
05-21 08:51:05.658 2551 2551 I psci : CPU1 killed (polled 0 ms)
05-21 08:51:05.660 2551 2551 I psci : CPU2 killed (polled 0 ms)
05-21 08:51:05.662 2551 2551 I psci : CPU3 killed (polled 0 ms)
05-21 08:51:05.665 2551 2551 I psci : CPU4 killed (polled 0 ms)
05-21 08:51:05.668 2551 2551 I psci : CPU5 killed (polled 0 ms)
05-21 08:51:05.671 2551 2551 I psci : CPU6 killed (polled 4 ms)
05-21 08:51:05.674 2551 2551 I psci : CPU7 killed (polled 4 ms)
05-19 10:42:48.934 463 491 I RIL : ---> enter mainloop wait at port
05-19 10:42:48.934 463 491 D RIL-DEV : Get modem info
05-19 10:42:48.934 463 491 D RIL-DEV : [05-19_10:42:48:935] idVendor = 0bda
05-19 10:42:48.934 463 491 D RIL-DEV :
05-19 10:42:48.935 463 491 D RIL-DEV : [05-19_10:42:48:935] idVendor = 05e3
05-19 10:42:48.935 463 491 D RIL-DEV :
05-19 10:42:48.935 463 491 D RIL-DEV : [05-19_10:42:48:935] idVendor = 1d6b
05-19 10:42:48.935 463 491 D RIL-DEV :
05-19 10:42:48.935 463 491 D RIL-DEV : [05-19_10:42:48:935] idVendor = 1d6b
05-19 10:42:48.935 463 491 D RIL-DEV :
05-19 10:42:48.935 463 491 D RIL-DEV : [05-19_10:42:48:935] idVendor = 0bda
05-19 10:42:48.935 463 491 D RIL-DEV :
05-19 10:42:48.935 463 491 D RIL-DEV : [05-19_10:42:48:935] idVendor = 1d6b
05-19 10:42:48.935 463 491 D RIL-DEV :
05-19 10:42:48.935 463 491 D RIL-DEV : [05-19_10:42:48:936] idVendor = 2109
05-19 10:42:48.935 463 491 D RIL-DEV :
05-19 10:42:48.935 463 491 D RIL-DEV : [05-19_10:42:48:936] idVendor = 1d6b
05-19 10:42:48.935 463 491 D RIL-DEV :
05-19 10:42:48.935 463 491 D RIL-DEV : [05-19_10:42:48:936] idVendor = 0bda
05-19 10:42:48.935 463 491 D RIL-DEV :
05-19 10:42:48.935 463 491 D RIL-DEV : [05-19_10:42:48:936] idVendor = 2109
05-19 10:42:48.935 463 491 D RIL-DEV :
05-19 10:42:48.936 463 491 E RIL-DEV : Cannot find Meig devices
05-19 10:42:48.936 463 491 I RIL : ---> can't find meig usb devices
05-21 08:51:08.850 0 0 W [ C0] PM: pm_system_irq_wakeup: 106 triggered rk806
05-21 08:51:08.850 2551 2551 I : Enabling non-boot CPUs ...
05-21 08:51:08.851 0 0 I : Detected VIPT I-cache on CPU1
05-19 10:42:48.937 627 711 I sysui_multi_action: [757,804,799,power_consecutive_short_tap_count,801,1,802,1]
05-21 08:51:08.851 0 0 I GICv3 : CPU1: found redistributor 100 region 0:0x00000000fe6a0000
05-21 08:51:08.851 0 0 I CPU1 : Booted secondary processor 0x0000000100 [0x412fd050]
05-21 08:51:08.852 2551 2551 I : CPU1 is up
05-21 08:51:08.853 0 0 I : Detected VIPT I-cache on CPU2
05-21 08:51:08.853 0 0 I GICv3 : CPU2: found redistributor 200 region 0:0x00000000fe6c0000
05-21 08:51:08.853 0 0 I CPU2 : Booted secondary processor 0x0000000200 [0x412fd050]
05-21 08:51:08.854 2551 2551 I : CPU2 is up
05-21 08:51:08.855 0 0 I : Detected VIPT I-cache on CPU3
05-19 10:42:48.938 627 711 I sysui_multi_action: [757,804,799,power_double_tap_interval,801,149151,802,1]
05-21 08:51:08.855 0 0 I GICv3 : CPU3: found redistributor 300 region 0:0x00000000fe6e0000
05-19 10:42:48.938 627 711 I intercept_power: [ACTION_DOWN,0,0]
05-21 08:51:08.855 0 0 I CPU3 : Booted secondary processor 0x0000000300 [0x412fd050]
05-21 08:51:08.855 2551 2551 I : CPU3 is up
05-21 08:51:08.856 0 0 I : Detected PIPT I-cache on CPU4
05-21 08:51:08.856 0 0 I GICv3 : CPU4: found redistributor 400 region 0:0x00000000fe700000
05-21 08:51:08.856 0 0 I CPU4 : Booted secondary processor 0x0000000400 [0x414fd0b0]
05-21 08:51:08.857 2551 2551 I : CPU4 is up
05-21 08:51:08.858 0 0 I : Detected PIPT I-cache on CPU5
05-21 08:51:08.858 0 0 I GICv3 : CPU5: found redistributor 500 region 0:0x00000000fe720000
05-21 08:51:08.858 0 0 I CPU5 : Booted secondary processor 0x0000000500 [0x414fd0b0]
05-21 08:51:08.859 2551 2551 I : CPU5 is up
05-21 08:51:08.860 0 0 I : Detected PIPT I-cache on CPU6
05-21 08:51:08.860 0 0 I GICv3 : CPU6: found redistributor 600 region 0:0x00000000fe740000
05-21 08:51:08.860 0 0 I CPU6 : Booted secondary processor 0x0000000600 [0x414fd0b0]
05-21 08:51:08.861 2551 2551 I : CPU6 is up
05-21 08:51:08.862 0 0 I : Detected PIPT I-cache on CPU7
05-21 08:51:08.862 0 0 I GICv3 : CPU7: found redistributor 700 region 0:0x00000000fe760000
05-21 08:51:08.862 0 0 I CPU7 : Booted secondary processor 0x0000000700 [0x414fd0b0]
05-21 08:51:08.863 2551 2551 I : CPU7 is up
05-21 08:51:08.870 2551 2551 I rk_gmac-dwmac fe1c0000.ethernet: init for RGMII
05-21 08:51:08.870 20086 20086 I usb1 : root hub lost power or was reset
05-21 08:51:08.878 20110 20110 I usb3 : root hub lost power or was reset
05-21 08:51:08.878 20110 20110 I usb4 : root hub lost power or was reset
05-21 08:51:08.879 2551 2551 E PM : dpm_run_callback(): wacom_i2c_resume+0x0/0xdc returns -6
05-19 10:42:48.939 1272 1272 W ContextImpl: Calling a method in the system process without a qualified user: android.app.ContextImpl.sendBroadcast:1181 android.content.ContextWrapper.sendBroadcast:479 cn.eben.newweather.DateWeatherService.a:19 cn.eben.newweather.DateWeatherService.a:0 cn.eben.newweather.DateWeatherService$1.handleMessage:7
05-21 08:51:08.879 2551 2551 E PM : Device 4-0009 failed to resume: error -6
05-21 08:51:08.942 2551 2551 I usb2 : root hub lost power or was reset
05-21 08:51:09.126 20104 20104 I usb 4-1 : reset SuperSpeed Gen 1 USB device number 2 using xhci-hcd
05-21 08:51:09.265 17830 17830 I usb 3-1 : reset high-speed USB device number 2 using xhci-hcd
05-21 08:51:09.776 16006 16006 I usb 4-1.4: reset SuperSpeed Gen 1 USB device number 4 using xhci-hcd
05-21 08:51:09.817 10174 10174 I r8152 4-1.4: 1.0: skip request firmware
05-19 10:42:48.941 627 711 I PowerManagerService: Powering on display group fromAsleep (groupId=0, uid=1000, reason=WAKE_REASON_POWER_BUTTON, details=android.policy:POWER)...
05-21 08:51:09.866 20112 20112 I usb 4-1.3: reset SuperSpeed Gen 1 USB device number 3 using xhci-hcd
05-19 10:42:48.941 627 711 I PowerManagerService: Waking up from Asleep (uid=1000, reason=WAKE_REASON_POWER_BUTTON, details=android.policy:POWER)...
05-19 10:42:48.943 627 711 I intercept_power: [ACTION_UP,0,0]
05-19 10:42:48.944 627 668 I DisplayPowerController[0]: Blocking screen on until initial contents have been drawn.
05-19 10:42:48.944 627 668 D ActivityTaskManager: Top Process State changed to PROCESS_STATE_TOP
05-19 10:42:48.948 627 668 I wm_set_resumed_activity: [0,com.android.launcher3/.uioverrides.QuickstepLauncher,resumeTopActivity]
05-19 10:42:48.951 627 668 I wm_resume_activity: [0,214771548,29,com.android.launcher3/.uioverrides.QuickstepLauncher]
05-21 08:51:09.963 20095 20095 I usb 4-1.1: reset SuperSpeed Gen 1 USB device number 5 using xhci-hcd
05-19 10:42:48.953 627 668 V DisplayPowerController[0]: Brightness [0.5472441] reason changing to: 'manual', previous reason: 'screen_off'.
05-19 10:42:48.953 627 668 I sysui_multi_action: [757,1696,758,6,759,3]
05-19 10:42:48.957 627 627 I screen_toggled: 1
05-19 10:42:48.960 627 627 I power_screen_broadcast_send: 1
05-19 10:42:48.961 627 627 I WindowManager: Suppressed redundant power key press while already in the process of turning the screen on.
05-21 08:51:10.139 15933 15933 I usb 3-1.5: reset high-speed USB device number 17 using xhci-hcd
05-21 08:51:10.281 15933 15933 E PM : dpm_run_callback(): usb_dev_resume+0x0/0x28 returns -5
05-21 08:51:10.281 15933 15933 E PM : Device 3-1.5 failed to resume async: error -5
05-21 08:51:10.352 20087 20087 I usb 3-1.3: reset high-speed USB device number 3 using xhci-hcd
05-21 08:51:10.656 2551 2551 I : OOM killer enabled.
05-21 08:51:10.656 2551 2551 I : Restarting tasks ...
05-21 08:51:10.660 9442 9442 I usb 3-1.5: USB disconnect, device number 17
05-21 08:51:10.678 10174 10174 I : mmc_host mmc0: Bus speed (slot 0) = 400000Hz (slot req 400000Hz, actual 400000HZ div = 0)
05-21 08:51:10.679 2551 2551 W : done.
05-21 08:51:10.679 2551 2551 I : Resume caused by IRQ 106, rk806
05-21 08:51:10.679 2551 2551 I PM : suspend exit
05-21 08:51:10.705 468 468 I gsensor_mxc6655 5-0015: set sensor poll time to 66ms
05-19 10:42:48.969 627 668 I DisplayPowerController[0]: Unblocked screen on after 25 ms
05-19 10:42:48.970 627 647 I DisplayDeviceRepository: Display device changed state: "内置屏幕", ON
05-21 08:51:10.709 468 468 I gsensor_mxc6655 5-0015: sensor on: starting poll sensor data 62ms
05-19 10:42:48.972 1030 1030 I wm_on_restart_called: [214771548,com.android.launcher3.uioverrides.QuickstepLauncher,performRestartActivity]
05-19 10:42:48.973 1030 1030 I wm_on_start_called: [214771548,com.android.launcher3.uioverrides.QuickstepLauncher,handleStartActivity]
05-19 10:42:48.974 1030 1030 I wm_on_resume_called: [214771548,com.android.launcher3.uioverrides.QuickstepLauncher,RESUME_ACTIVITY]
05-19 10:42:48.974 1030 1030 I wm_on_top_resumed_gained_called: [214771548,com.android.launcher3.uioverrides.QuickstepLauncher,topWhenResuming]
05-21 08:51:10.719 10174 10174 I : mmc_host mmc0: Bus speed (slot 0) = 300000Hz (slot req 300000Hz, actual 300000HZ div = 0)
05-21 08:51:10.735 9442 9442 I usb 3-1.5: new high-speed USB device number 18 using xhci-hcd
05-21 08:51:10.736 352 352 W : <<-GTP-ERROR->> I2C Read: 0x8047, 1 bytes failed, errcode: -6! Process reset.
05-19 10:42:49.002 627 9940 W BroadcastQueue: Background execution not allowed: receiving Intent { act=android.intent.action.USER_PRESENT flg=0x24200010 } to com.zhangyue.read.iReader/com.taobao.accs.EventReceiver
05-19 10:42:49.002 1272 1272 W ContextImpl: Calling a method in the system process without a qualified user: android.app.ContextImpl.sendBroadcast:1181 android.content.ContextWrapper.sendBroadcast:479 cn.eben.newweather.DateWeatherService.a:19 cn.eben.newweather.DateWeatherService.a:0 cn.eben.newweather.DateWeatherService$1.handleMessage:7
05-19 10:42:49.008 627 648 I input_focus: [Focus request 334f74b com.android.launcher3/com.android.launcher3.uioverrides.QuickstepLauncher,reason=UpdateInputWindows]
05-19 10:42:49.008 627 780 D UsbHostManager: Removed device at /dev/bus/usb/003/017: USB Billboard Device
05-19 10:42:49.008 627 780 I UsbAlsaManager: USB Audio Device Removed: null
05-21 08:51:10.758 10174 10174 I : mmc_host mmc0: Bus speed (slot 0) = 200000Hz (slot req 200000Hz, actual 200000HZ div = 0)
05-21 08:51:10.798 10174 10174 W dwmmc_rockchip fe2c0000.mmc: failed to set rate 100000Hz
05-21 08:51:10.799 10174 10174 I : mmc_host mmc0: Bus speed (slot 0) = 200000Hz (slot req 100000Hz, actual 100000HZ div = 1)
05-21 08:51:10.809 10174 10174 W dwmmc_rockchip fe2c0000.mmc: failed to set rate 100000Hz
05-21 08:51:10.813 10174 10174 W dwmmc_rockchip fe2c0000.mmc: failed to set rate 100000Hz
05-21 08:51:10.830 9442 9442 I usb 3-1.5: New USB device found, idVendor=2109, idProduct=8817, bcdDevice= 0.01
05-21 08:51:10.830 9442 9442 I usb 3-1.5: New USB device strings: Mfr=1, Product=2, SerialNumber=3
05-21 08:51:10.830 9442 9442 I usb 3-1.5: Product: USB Billboard Device
05-21 08:51:10.830 9442 9442 I usb 3-1.5: Manufacturer: VIA Labs, Inc.
05-21 08:51:10.830 9442 9442 I usb 3-1.5: SerialNumber: 0000000000000001
05-21 08:51:10.832 352 352 W : <<-GTP-ERROR->> GTP i2c test failed time 1.
05-19 10:42:49.096 627 780 D UsbHostManager: USB device attached: vidpid 2109:8817 mfg/product/ver/serial VIA Labs, Inc. /USB Billboard Device /0.01/0000000000000001 hasAudio/HID/Storage: false/false/false
05-19 10:42:49.098 627 780 D UsbHostManager: Added device UsbDevice[mName=/dev/bus/usb/003/018,mVendorId=8457,mProductId=34839,mClass=17,mSubclass=0,mProtocol=0,mManufacturerName=VIA Labs, Inc. ,mProductName=USB Billboard Device ,mVersion=0.01,mSerialNumberReader=com.android.server.usb.UsbSerialReader@44971d7, mHasAudioPlayback=false, mHasAudioCapture=false, mHasMidi=false, mHasVideoCapture=false, mHasVideoPlayback=false, mConfigurations=[
05-19 10:42:49.098 627 780 D UsbHostManager: UsbConfiguration[mId=1,mName=0000000000000001,mAttributes=160,mMaxPower=50,mInterfaces=[
05-19 10:42:49.098 627 780 D UsbHostManager: UsbInterface[mId=0,mAlternateSetting=0,mName=0000000000000001,mClass=17,mSubclass=0,mProtocol=0,mEndpoints=[]]]
05-19 10:42:49.116 627 730 I netstats_mobile_sample: [0,0,0,0,0,0,0,0,0,0,0,0,1747622569117]
05-19 10:42:49.117 627 730 I netstats_wifi_sample: [0,0,0,0,0,0,0,0,0,0,0,0,1747622569117]
05-19 10:42:49.126 975 975 D TelephonyNetworkFactory[0]: onNeedNetworkFor NetworkRequest [ REQUEST id=1, [ Capabilities: INTERNET&NOT_RESTRICTED&TRUSTED&NOT_VPN&NOT_VCN_MANAGED RequestorUid: 1000 RequestorPkg: android] ] shouldApply false
05-19 10:42:49.127 975 975 D TelephonyNetworkFactory[0]: onNeedNetworkFor NetworkRequest [ REQUEST id=7, [ Capabilities: INTERNET&NOT_RESTRICTED&TRUSTED&NOT_VCN_MANAGED Uid: 1000 RequestorUid: 1000 RequestorPkg: android] ] shouldApply false
05-19 10:42:49.127 975 975 D TelephonyNetworkFactory[0]: onNeedNetworkFor NetworkRequest [ REQUEST id=15, [ Capabilities: INTERNET&NOT_RESTRICTED&TRUSTED&NOT_VCN_MANAGED Uid: 1000 RequestorUid: 1000 RequestorPkg: android] ] shouldApply false
05-19 10:42:49.127 975 975 D TelephonyNetworkFactory[0]: onNeedNetworkFor NetworkRequest [ REQUEST id=18, [ Capabilities: INTERNET&NOT_RESTRICTED&TRUSTED&NOT_VCN_MANAGED Uid: 10088 RequestorUid: 10088 RequestorPkg: com.android.systemui] ] shouldApply false
05-19 10:42:49.127 975 975 D TelephonyNetworkFactory[0]: onNeedNetworkFor NetworkRequest [ REQUEST id=20, [ Capabilities: INTERNET&NOT_RESTRICTED&TRUSTED&NOT_VCN_MANAGED Uid: 10088 RequestorUid: 10088 RequestorPkg: com.android.systemui] ] shouldApply false
05-19 10:42:49.128 975 975 D TelephonyNetworkFactory[0]: onNeedNetworkFor NetworkRequest [ REQUEST id=23, [ Capabilities: INTERNET&NOT_RESTRICTED&TRUSTED&NOT_VCN_MANAGED Uid: 1000 RequestorUid: 1000 RequestorPkg: com.android.networkstack.inprocess] ] shouldApply false
05-19 10:42:49.128 975 975 D TelephonyNetworkFactory[0]: onNeedNetworkFor NetworkRequest [ REQUEST id=28, [ Capabilities: INTERNET&NOT_RESTRICTED&TRUSTED&NOT_VCN_MANAGED Uid: 1001 RequestorUid: 1001 RequestorPkg: com.android.phone] ] shouldApply false
05-19 10:42:49.128 975 975 D TelephonyNetworkFactory[0]: onNeedNetworkFor NetworkRequest [ REQUEST id=32, [ Capabilities: INTERNET&NOT_RESTRICTED&TRUSTED&NOT_VCN_MANAGED Uid: 1000 RequestorUid: 1000 RequestorPkg: android] ] shouldApply false
05-19 10:42:49.128 975 975 D TelephonyNetworkFactory[0]: onNeedNetworkFor NetworkRequest [ REQUEST id=36, [ Capabilities: INTERNET&NOT_RESTRICTED&TRUSTED&NOT_VCN_MANAGED Uid: 10086 RequestorUid: 1000 RequestorPkg: android] ] shouldApply false
05-19 10:42:49.129 975 975 D TelephonyNetworkFactory[0]: onNeedNetworkFor NetworkRequest [ REQUEST id=38, [ Capabilities: INTERNET&NOT_RESTRICTED&TRUSTED&NOT_VCN_MANAGED Uid: 10023 RequestorUid: 1000 RequestorPkg: android] ] shouldApply false
05-19 10:42:49.129 627 730 W ContextImpl: Calling a method in the system process without a qualified user: android.app.ContextImpl.sendStickyBroadcast:1567 com.android.server.ConnectivityService.sendStickyBroadcast:2811 com.android.server.ConnectivityService.sendLegacyNetworkBroadcast:8732 com.android.server.ConnectivityService$LegacyTypeTracker.remove:1007 com.android.server.ConnectivityService$LegacyTypeTracker.remove:1024
05-19 10:42:49.132 627 653 W BroadcastQueue: Target SDK mismatch: receiver ActivityInfo{bc95473 com.xiaomi.push.service.receivers.NetworkStatusReceiver} targets 26 but delivery restricted to [0, 23] broadcasting Intent { act=android.net.conn.CONNECTIVITY_CHANGE flg=0x4200010 (has extras) } from android (pid=627, uid=1000) to com.zhangyue.read.iReader/com.xiaomi.push.service.receivers.NetworkStatusReceiver
05-19 10:42:49.132 627 653 W BroadcastQueue: Target SDK mismatch: receiver ActivityInfo{662f30 cn.eben.help.LoadAllReceiver} targets 28 but delivery restricted to [0, 23] broadcasting Intent { act=android.net.conn.CONNECTIVITY_CHANGE flg=0x4200010 (has extras) } from android (pid=627, uid=1000) to cn.eben.help/.LoadAllReceiver
05-19 10:42:49.132 627 653 W BroadcastQueue: Target SDK mismatch: receiver ActivityInfo{d02e7a9 cn.eben.android.receiver.AppSyncReceiver} targets 27 but delivery restricted to [0, 23] broadcasting Intent { act=android.net.conn.CONNECTIVITY_CHANGE flg=0x4200010 (has extras) } from android (pid=627, uid=1000) to cn.eben.sync/cn.eben.android.receiver.AppSyncReceiver
05-19 10:42:49.136 19442 19442 W ContextImpl: Calling a method in the system process without a qualified user: android.app.ContextImpl.startService:1824 android.content.ContextWrapper.startService:774 android.content.ContextWrapper.startService:774 com.ebensz.appmanager.service.UploadMyAppsInfoService.startUploadMyAppsInfoService:78 com.ebensz.appmanager.receiver.UploadMyAppsInfoReceiver.onReceive:33
05-19 10:42:49.143 627 642 W BroadcastQueue: Target SDK mismatch: receiver ActivityInfo{9b70e5c com.ebensz.ota.ActionReceiver} targets 29 but delivery restricted to [0, 23] broadcasting Intent { act=android.net.conn.CONNECTIVITY_CHANGE flg=0x4200010 (has extras) } from android (pid=627, uid=1000) to com.ebensz.ota/.ActionReceiver
05-19 10:42:49.144 627 653 W BroadcastQueue: Target SDK mismatch: receiver ActivityInfo{795565 com.taobao.accs.EventReceiver} targets 26 but delivery restricted to [0, 23] broadcasting Intent { act=android.net.conn.CONNECTIVITY_CHANGE flg=0x4200010 (has extras) } from android (pid=627, uid=1000) to com.zhangyue.read.iReader/com.taobao.accs.EventReceiver
05-21 08:51:11.039 542 542 I : read descriptors
05-21 08:51:11.039 542 542 I : read strings
05-21 08:51:11.128 352 352 I rockchip-vop2 fdd90000.vop: [drm:vop2_crtc_atomic_enable] Update mode to 1536x2048p55, type: 16(if:60) for vp2 dclk: 192000000
05-21 08:51:11.129 352 352 I rockchip-vop2 fdd90000.vop: [drm:vop2_crtc_atomic_enable] dclk_out2 div: 2 dclk_core2 div: 1
05-21 08:51:11.129 352 352 I rockchip-vop2 fdd90000.vop: [drm:vop2_crtc_atomic_enable] set dclk_vop2 to 96000000, get 96000000
05-21 08:51:11.130 1 1 I init : processing action (sys.usb.config=adb && sys.usb.configfs=1 && sys.usb.ffs.ready=1) from (/system/etc/init/hw/init.usb.configfs.rc:20)
05-21 08:51:11.132 1 1 I init : Command 'symlink /config/usb_gadget/g1/functions/ffs.adb /config/usb_gadget/g1/configs/b.1/f1' action=sys.usb.config=adb && sys.usb.configfs=1 && sys.usb.ffs.ready=1 (/system/etc/init/hw/init.usb.configfs.rc:22) took 0ms and failed: symlink() failed: File exists
05-21 08:51:11.132 1 1 I init : Command 'write /config/usb_gadget/g1/UDC ${sys.usb.controller}' action=sys.usb.config=adb && sys.usb.configfs=1 && sys.usb.ffs.ready=1 (/system/etc/init/hw/init.usb.configfs.rc:23) took 0ms and failed: Unable to write to file '/config/usb_gadget/g1/UDC': Unable to write file contents: Device or resource busy
05-19 10:42:49.393 627 627 W Looper : Slow dispatch took 356ms main h=android.app.ActivityThread$H c=android.app.LoadedApk$ReceiverDispatcher$Args$$ExternalSyntheticLambda0@ccc523a m=0
05-19 10:42:49.393 627 627 W Looper : Slow delivery took 355ms main h=com.android.server.job.JobSchedulerService$JobHandler c=null m=4
05-19 10:42:49.394 627 627 W Looper : Drained
05-19 10:42:49.394 627 627 I battery_saving_stats: [0,0,0,6150,0,0,170369404,0,-18]
05-19 10:42:49.395 975 975 D DCT-C-0 : screen on
05-19 10:42:49.395 975 975 D DCT-C-0 : stopNetStatPoll
05-19 10:42:49.400 627 627 I power_screen_broadcast_done: [1,440,1]
05-21 08:51:11.635 352 352 I dw-mipi-dsi2 fde20000.dsi: [drm:dw_mipi_dsi2_encoder_enable] final DSI-Link bandwidth: 639999 x 8 Kbps
05-19 10:42:49.914 627 710 I input_focus: [Focus entering 334f74b com.android.launcher3/com.android.launcher3.uioverrides.QuickstepLauncher (server),reason=Window became focusable. Previous reason: NO_WINDOW]
05-19 10:42:49.915 627 668 I sysui_latency: [5,974]
05-19 10:42:49.915 627 668 W PowerManagerService: Screen on took 2788 ms
05-19 10:42:49.915 627 627 I sysui_multi_action: [757,198,758,1,759,1,1359,2789,1694,1]
05-19 10:42:49.915 627 627 I power_screen_state: [1,0,0,0,2789]
05-19 10:42:50.002 1272 1272 W ContextImpl: Calling a method in the system process without a qualified user: android.app.ContextImpl.sendBroadcast:1181 android.content.ContextWrapper.sendBroadcast:479 cn.eben.newweather.DateWeatherService.a:19 cn.eben.newweather.DateWeatherService.a:0 cn.eben.newweather.DateWeatherService$1.handleMessage:7
05-19 10:42:50.179 19442 19442 W ContextImpl: Calling a method in the system process without a qualified user: android.app.ContextImpl.startService:1824 android.content.ContextWrapper.startService:774 com.ebensz.appmanager.service.UploadMyAppsInfoService$1.handleMessage:63 android.os.Handler.dispatchMessage:106 android.os.Looper.loopOnce:201
05-21 08:51:12.179 542 542 I : read descriptors
05-21 08:51:12.179 542 542 I : read strings
05-21 08:51:12.181 1 1 I init : processing action (sys.usb.config=adb && sys.usb.configfs=1 && sys.usb.ffs.ready=1) from (/system/etc/init/hw/init.usb.configfs.rc:20)
05-21 08:51:12.184 1 1 I init : Command 'symlink /config/usb_gadget/g1/functions/ffs.adb /config/usb_gadget/g1/configs/b.1/f1' action=sys.usb.config=adb && sys.usb.configfs=1 && sys.usb.ffs.ready=1 (/system/etc/init/hw/init.usb.configfs.rc:22) took 0ms and failed: symlink() failed: File exists
05-21 08:51:12.185 1 1 I init : Command 'write /config/usb_gadget/g1/UDC ${sys.usb.controller}' action=sys.usb.config=adb && sys.usb.configfs=1 && sys.usb.ffs.ready=1 (/system/etc/init/hw/init.usb.configfs.rc:23) took 0ms and failed: Unable to write to file '/config/usb_gadget/g1/UDC': Unable to write file contents: Device or resource busy
05-19 10:42:50.584 627 1967 W ContentProviderHelper: Permission Denial: opening provider com.android.providers.contacts.ContactsProvider2 from ProcessRecord{552b742 1631:cn.eben.sync/u0a63} (pid=1631, uid=10063) requires android.permission.READ_CONTACTS or android.permission.WRITE_CONTACTS
05-19 10:42:50.936 463 491 I RIL : ---> enter mainloop wait at port
05-19 10:42:50.936 463 491 D RIL-DEV : Get modem info
05-19 10:42:50.937 463 491 D RIL-DEV : [05-19_10:42:50:937] idVendor = 0bda
05-19 10:42:50.937 463 491 D RIL-DEV :
05-19 10:42:50.937 463 491 D RIL-DEV : [05-19_10:42:50:938] idVendor = 05e3
05-19 10:42:50.937 463 491 D RIL-DEV :
05-19 10:42:50.937 463 491 D RIL-DEV : [05-19_10:42:50:938] idVendor = 1d6b
05-19 10:42:50.937 463 491 D RIL-DEV :
05-19 10:42:50.938 463 491 D RIL-DEV : [05-19_10:42:50:938] idVendor = 1d6b
05-19 10:42:50.938 463 491 D RIL-DEV :
05-19 10:42:50.938 463 491 D RIL-DEV : [05-19_10:42:50:938] idVendor = 0bda
05-19 10:42:50.938 463 491 D RIL-DEV :
05-19 10:42:50.940 463 491 D RIL-DEV : [05-19_10:42:50:940] idVendor = 1d6b
05-19 10:42:50.940 463 491 D RIL-DEV :
05-19 10:42:50.940 463 491 D RIL-DEV : [05-19_10:42:50:940] idVendor = 2109
05-19 10:42:50.940 463 491 D RIL-DEV :
05-19 10:42:50.941 463 491 D RIL-DEV : [05-19_10:42:50:941] idVendor = 2109
05-19 10:42:50.941 463 491 D RIL-DEV :
05-19 10:42:50.941 463 491 D RIL-DEV : [05-19_10:42:50:941] idVendor = 1d6b
05-19 10:42:50.941 463 491 D RIL-DEV :
05-19 10:42:50.942 463 491 D RIL-DEV : [05-19_10:42:50:942] idVendor = 0bda
05-19 10:42:50.942 463 491 D RIL-DEV :
05-19 10:42:50.942 463 491 D RIL-DEV : [05-19_10:42:50:942] idVendor = 2109
05-19 10:42:50.942 463 491 D RIL-DEV :
05-19 10:42:50.942 463 491 E RIL-DEV : Cannot find Meig devices
05-19 10:42:50.942 463 491 I RIL : ---> can't find meig usb devices
05-19 10:42:51.003 1272 1272 W ContextImpl: Calling a method in the system process without a qualified user: android.app.ContextImpl.sendBroadcast:1181 android.content.ContextWrapper.sendBroadcast:479 cn.eben.newweather.DateWeatherService.a:19 cn.eben.newweather.DateWeatherService.a:0 cn.eben.newweather.DateWeatherService$1.handleMessage:7
05-19 10:42:51.153 627 710 I input_interaction: Interaction with: 334f74b com.android.launcher3/com.android.launcher3.uioverrides.QuickstepLauncher (server), f6e4224 com.android.systemui.ImageWallpaper (server), PointerEventDispatcher0 (server),
05-21 08:51:13.242 542 542 I : read descriptors
05-21 08:51:13.242 542 542 I : read strings
05-21 08:51:13.245 1 1 I init : processing action (sys.usb.config=adb && sys.usb.configfs=1 && sys.usb.ffs.ready=1) from (/system/etc/init/hw/init.usb.configfs.rc:20)
05-21 08:51:13.250 1 1 I init : Command 'symlink /config/usb_gadget/g1/functions/ffs.adb /config/usb_gadget/g1/configs/b.1/f1' action=sys.usb.config=adb && sys.usb.configfs=1 && sys.usb.ffs.ready=1 (/system/etc/init/hw/init.usb.configfs.rc:22) took 0ms and failed: symlink() failed: File exists
05-21 08:51:13.251 1 1 I init : Command 'write /config/usb_gadget/g1/UDC ${sys.usb.controller}' action=sys.usb.config=adb && sys.usb.configfs=1 && sys.usb.ffs.ready=1 (/system/etc/init/hw/init.usb.configfs.rc:23) took 0ms and failed: Unable to write to file '/config/usb_gadget/g1/UDC': Unable to write file contents: Device or resource busy
05-21 08:51:13.546 17254 17254 I r8152 4-1.4: 1.0 eth1: carrier on
05-19 10:42:52.002 1272 1272 W ContextImpl: Calling a method in the system process without a qualified user: android.app.ContextImpl.sendBroadcast:1181 android.content.ContextWrapper.sendBroadcast:479 cn.eben.newweather.DateWeatherService.a:19 cn.eben.newweather.DateWeatherService.a:0 cn.eben.newweather.DateWeatherService$1.handleMessage:7
05-21 08:51:14.286 542 542 I : read descriptors
05-21 08:51:14.286 542 542 I : read strings
05-21 08:51:14.288 1 1 I init : processing action (sys.usb.config=adb && sys.usb.configfs=1 && sys.usb.ffs.ready=1) from (/system/etc/init/hw/init.usb.configfs.rc:20)
05-19 10:42:52.943 463 491 I RIL : ---> enter mainloop wait at port
05-19 10:42:52.950 463 491 D RIL-DEV : Get modem info
05-19 10:42:52.951 463 491 D RIL-DEV : [05-19_10:42:52:951] idVendor = 0bda
05-19 10:42:52.951 463 491 D RIL-DEV :
05-19 10:42:52.951 463 491 D RIL-DEV : [05-19_10:42:52:952] idVendor = 05e3
05-19 10:42:52.951 463 491 D RIL-DEV :
05-19 10:42:52.951 463 491 D RIL-DEV : [05-19_10:42:52:952] idVendor = 1d6b
05-19 10:42:52.951 463 491 D RIL-DEV :
05-19 10:42:52.952 463 491 D RIL-DEV : [05-19_10:42:52:952] idVendor = 1d6b
05-19 10:42:52.952 463 491 D RIL-DEV :
05-19 10:42:52.952 463 491 D RIL-DEV : [05-19_10:42:52:952] idVendor = 0bda
05-19 10:42:52.952 463 491 D RIL-DEV :
05-19 10:42:52.952 463 491 D RIL-DEV : [05-19_10:42:52:953] idVendor = 1d6b
05-19 10:42:52.952 463 491 D RIL-DEV :
05-19 10:42:52.952 463 491 D RIL-DEV : [05-19_10:42:52:953] idVendor = 2109
05-19 10:42:52.952 463 491 D RIL-DEV :
05-19 10:42:52.953 463 491 D RIL-DEV : [05-19_10:42:52:953] idVendor = 2109
05-19 10:42:52.953 463 491 D RIL-DEV :
05-19 10:42:52.953 463 491 D RIL-DEV : [05-19_10:42:52:953] idVendor = 1d6b
05-19 10:42:52.953 463 491 D RIL-DEV :
05-19 10:42:52.953 463 491 D RIL-DEV : [05-19_10:42:52:954] idVendor = 0bda
05-19 10:42:52.953 463 491 D RIL-DEV :
05-19 10:42:52.953 463 491 D RIL-DEV : [05-19_10:42:52:954] idVendor = 2109
05-19 10:42:52.953 463 491 D RIL-DEV :
05-19 10:42:52.954 463 491 E RIL-DEV : Cannot find Meig devices
05-19 10:42:52.954 463 491 I RIL : ---> can't find meig usb devices
05-19 10:42:53.001 1272 1272 W ContextImpl: Calling a method in the system process without a qualified user: android.app.ContextImpl.sendBroadcast:1181 android.content.ContextWrapper.sendBroadcast:479 cn.eben.newweather.DateWeatherService.a:19 cn.eben.newweather.DateWeatherService.a:0 cn.eben.newweather.DateWeatherService$1.handleMessage:7
05-21 08:51:15.369 542 542 I : read descriptors
05-21 08:51:15.369 542 542 I : read strings
05-19 10:42:53.899 627 653 W ActivityManager: Failed to clear dns cache for: com.ebensz.office.entry
05-21 08:51:15.640 653 653 I binder : 627:653 transaction failed 29201/-28, size 80-0 line 2921
05-21 08:51:15.647 653 653 I binder : 627:653 transaction failed 29201/-28, size 80-0 line 2921
05-19 10:42:53.907 627 653 W ActivityManager: Failed to clear dns cache for: com.ebensz.office.entry
05-19 10:42:53.939 627 730 I netstats_mobile_sample: [0,0,0,0,0,0,0,0,0,0,0,0,1747622573940]
05-19 10:42:53.939 627 730 I netstats_wifi_sample: [0,0,0,0,0,0,0,0,0,0,0,0,1747622573940]
05-19 10:42:53.971 627 730 I netstats_mobile_sample: [0,0,0,0,0,0,0,0,0,0,0,0,1747622573972]
05-19 10:42:53.971 627 730 I netstats_wifi_sample: [0,0,0,0,0,0,0,0,0,0,0,0,1747622573972]
05-19 10:42:53.978 627 730 W ContextImpl: Calling a method in the system process without a qualified user: android.app.ContextImpl.sendStickyBroadcast:1567 com.android.server.ConnectivityService.sendStickyBroadcast:2811 com.android.server.ConnectivityService.sendGeneralBroadcast:2786 com.android.server.ConnectivityService.sendConnectedBroadcast:2759 com.android.server.ConnectivityService.sendLegacyNetworkBroadcast:8704
05-19 10:42:53.980 627 653 W BroadcastQueue: Target SDK mismatch: receiver ActivityInfo{fbe908 com.xiaomi.push.service.receivers.NetworkStatusReceiver} targets 26 but delivery restricted to [0, 23] broadcasting Intent { act=android.net.conn.CONNECTIVITY_CHANGE flg=0x4200010 (has extras) } from android (pid=627, uid=1000) to com.zhangyue.read.iReader/com.xiaomi.push.service.receivers.NetworkStatusReceiver
05-19 10:42:53.980 627 653 W BroadcastQueue: Target SDK mismatch: receiver ActivityInfo{72d8a1 cn.eben.help.LoadAllReceiver} targets 28 but delivery restricted to [0, 23] broadcasting Intent { act=android.net.conn.CONNECTIVITY_CHANGE flg=0x4200010 (has extras) } from android (pid=627, uid=1000) to cn.eben.help/.LoadAllReceiver
05-19 10:42:53.980 627 653 W BroadcastQueue: Target SDK mismatch: receiver ActivityInfo{c6d7ac6 cn.eben.android.receiver.AppSyncReceiver} targets 27 but delivery restricted to [0, 23] broadcasting Intent { act=android.net.conn.CONNECTIVITY_CHANGE flg=0x4200010 (has extras) } from android (pid=627, uid=1000) to cn.eben.sync/cn.eben.android.receiver.AppSyncReceiver
05-19 10:42:53.984 19442 19442 W ContextImpl: Calling a method in the system process without a qualified user: android.app.ContextImpl.startService:1824 android.content.ContextWrapper.startService:774 android.content.ContextWrapper.startService:774 com.ebensz.appmanager.service.UploadMyAppsInfoService.startUploadMyAppsInfoService:78 com.ebensz.appmanager.receiver.UploadMyAppsInfoReceiver.onReceive:33
05-19 10:42:53.991 19470 19470 W ContextImpl: Calling a method in the system process without a qualified user: android.app.ContextImpl.startService:1824 android.content.ContextWrapper.startService:774 android.content.ContextWrapper.startService:774 com.ebensz.appmanager.mydownloadmanager.DownloadReceiver.startService:245 com.ebensz.appmanager.mydownloadmanager.DownloadReceiver.onReceive:74
05-19 10:42:53.994 627 1967 W BroadcastQueue: Target SDK mismatch: receiver ActivityInfo{e367d52 com.ebensz.ota.ActionReceiver} targets 29 but delivery restricted to [0, 23] broadcasting Intent { act=android.net.conn.CONNECTIVITY_CHANGE flg=0x4200010 (has extras) } from android (pid=627, uid=1000) to com.ebensz.ota/.ActionReceiver
05-19 10:42:53.994 627 653 W BroadcastQueue: Target SDK mismatch: receiver ActivityInfo{6ce8823 com.taobao.accs.EventReceiver} targets 26 but delivery restricted to [0, 23] broadcasting Intent { act=android.net.conn.CONNECTIVITY_CHANGE flg=0x4200010 (has extras) } from android (pid=627, uid=1000) to com.zhangyue.read.iReader/com.taobao.accs.EventReceiver
05-19 10:42:53.997 627 627 I notification_cancel_all: [1000,19470,com.ebensz.appmanager,0,0,64,9,NULL]
05-19 10:42:54.001 1272 1272 W ContextImpl: Calling a method in the system process without a qualified user: android.app.ContextImpl.sendBroadcast:1181 android.content.ContextWrapper.sendBroadcast:479 cn.eben.newweather.DateWeatherService.a:19 cn.eben.newweather.DateWeatherService.a:0 cn.eben.newweather.DateWeatherService$1.handleMessage:7
05-19 10:42:54.241 975 975 D TelephonyNetworkFactory[0]: onReleaseNetworkFor NetworkRequest [ REQUEST id=15, [ Capabilities: INTERNET&NOT_RESTRICTED&TRUSTED&NOT_VCN_MANAGED Uid: 1000 RequestorUid: 1000 RequestorPkg: android] ] applied false
05-19 10:42:54.242 975 975 D TelephonyNetworkFactory[0]: onReleaseNetworkFor NetworkRequest [ REQUEST id=28, [ Capabilities: INTERNET&NOT_RESTRICTED&TRUSTED&NOT_VCN_MANAGED Uid: 1001 RequestorUid: 1001 RequestorPkg: com.android.phone] ] applied false
05-19 10:42:54.242 975 975 D TelephonyNetworkFactory[0]: onReleaseNetworkFor NetworkRequest [ REQUEST id=32, [ Capabilities: INTERNET&NOT_RESTRICTED&TRUSTED&NOT_VCN_MANAGED Uid: 1000 RequestorUid: 1000 RequestorPkg: android] ] applied false
05-19 10:42:54.243 975 975 D TelephonyNetworkFactory[0]: onReleaseNetworkFor NetworkRequest [ REQUEST id=23, [ Capabilities: INTERNET&NOT_RESTRICTED&TRUSTED&NOT_VCN_MANAGED Uid: 1000 RequestorUid: 1000 RequestorPkg: com.android.networkstack.inprocess] ] applied false
05-19 10:42:54.243 975 975 D TelephonyNetworkFactory[0]: onReleaseNetworkFor NetworkRequest [ REQUEST id=38, [ Capabilities: INTERNET&NOT_RESTRICTED&TRUSTED&NOT_VCN_MANAGED Uid: 10023 RequestorUid: 1000 RequestorPkg: android] ] applied false
05-19 10:42:54.243 975 975 D TelephonyNetworkFactory[0]: onReleaseNetworkFor NetworkRequest [ REQUEST id=1, [ Capabilities: INTERNET&NOT_RESTRICTED&TRUSTED&NOT_VPN&NOT_VCN_MANAGED RequestorUid: 1000 RequestorPkg: android] ] applied false
05-19 10:42:54.243 975 975 D TelephonyNetworkFactory[0]: onReleaseNetworkFor NetworkRequest [ REQUEST id=36, [ Capabilities: INTERNET&NOT_RESTRICTED&TRUSTED&NOT_VCN_MANAGED Uid: 10086 RequestorUid: 1000 RequestorPkg: android] ] applied false
05-19 10:42:54.244 975 975 D TelephonyNetworkFactory[0]: onReleaseNetworkFor NetworkRequest [ REQUEST id=18, [ Capabilities: INTERNET&NOT_RESTRICTED&TRUSTED&NOT_VCN_MANAGED Uid: 10088 RequestorUid: 10088 RequestorPkg: com.android.systemui] ] applied false
05-19 10:42:54.244 975 975 D TelephonyNetworkFactory[0]: onReleaseNetworkFor NetworkRequest [ REQUEST id=20, [ Capabilities: INTERNET&NOT_RESTRICTED&TRUSTED&NOT_VCN_MANAGED Uid: 10088 RequestorUid: 10088 RequestorPkg: com.android.systemui] ] applied false
05-19 10:42:54.244 975 975 D TelephonyNetworkFactory[0]: onReleaseNetworkFor NetworkRequest [ REQUEST id=7, [ Capabilities: INTERNET&NOT_RESTRICTED&TRUSTED&NOT_VCN_MANAGED Uid: 1000 RequestorUid: 1000 RequestorPkg: android] ] applied false
05-21 08:51:16.006 653 653 I binder : 627:653 transaction failed 29201/-28, size 80-0 line 2921
05-19 10:42:54.266 627 730 W ContextImpl: Calling a method in the system process without a qualified user: android.app.ContextImpl.sendStickyBroadcast:1567 com.android.server.ConnectivityService.sendStickyBroadcast:2811 com.android.server.ConnectivityService.sendGeneralBroadcast:2786 com.android.server.ConnectivityService.sendInetConditionBroadcast:2763 com.android.server.ConnectivityService.updateInetCondition:8451
05-19 10:42:54.267 627 653 W ActivityManager: Failed to clear dns cache for: com.ebensz.office.entry
05-21 08:51:16.402 542 542 I : read descriptors
05-21 08:51:16.403 542 542 I : read strings
05-21 08:51:16.404 1 1 I init : processing action (sys.usb.config=adb && sys.usb.configfs=1 && sys.usb.ffs.ready=1) from (/system/etc/init/hw/init.usb.configfs.rc:20)
05-21 08:51:16.406 1 1 I init : Command 'symlink /config/usb_gadget/g1/functions/ffs.adb /config/usb_gadget/g1/configs/b.1/f1' action=sys.usb.config=adb && sys.usb.configfs=1 && sys.usb.ffs.ready=1 (/system/etc/init/hw/init.usb.configfs.rc:22) took 0ms and failed: symlink() failed: File exists
05-21 08:51:16.407 1 1 I init : Command 'write /config/usb_gadget/g1/UDC ${sys.usb.controller}' action=sys.usb.config=adb && sys.usb.configfs=1 && sys.usb.ffs.ready=1 (/system/etc/init/hw/init.usb.configfs.rc:23) took 0ms and failed: Unable to write to file '/config/usb_gadget/g1/UDC': Unable to write file contents: Device or resource busy
05-19 10:42:54.954 463 491 I RIL : ---> enter mainloop wait at port
05-19 10:42:54.954 463 491 D RIL-DEV : Get modem info
05-19 10:42:54.955 463 491 D RIL-DEV : [05-19_10:42:54:955] idVendor = 0bda
05-19 10:42:54.955 463 491 D RIL-DEV :
05-19 10:42:54.955 463 491 D RIL-DEV : [05-19_10:42:54:956] idVendor = 05e3
05-19 10:42:54.955 463 491 D RIL-DEV :
