05-19 10:48:10.002 1272 1272 W ContextImpl: Calling a method in the system process without a qualified user: android.app.ContextImpl.sendBroadcast:1181 android.content.ContextWrapper.sendBroadcast:479 cn.eben.newweather.DateWeatherService.a:19 cn.eben.newweather.DateWeatherService.a:0 cn.eben.newweather.DateWeatherService$1.handleMessage:7
05-19 10:48:10.231 463 491 I RIL : ---> enter mainloop wait at port
05-19 10:48:10.231 463 491 D RIL-DEV : Get modem info
05-19 10:48:10.232 463 491 D RIL-DEV : [05-19_10:48:10:232] idVendor = 0bda
05-19 10:48:10.232 463 491 D RIL-DEV :
05-19 10:48:10.232 463 491 D RIL-DEV : [05-19_10:48:10:233] idVendor = 05e3
05-19 10:48:10.232 463 491 D RIL-DEV :
05-19 10:48:10.232 463 491 D RIL-DEV : [05-19_10:48:10:233] idVendor = 1d6b
05-19 10:48:10.232 463 491 D RIL-DEV :
05-19 10:48:10.233 463 491 D RIL-DEV : [05-19_10:48:10:233] idVendor = 1d6b
05-19 10:48:10.233 463 491 D RIL-DEV :
05-19 10:48:10.233 463 491 D RIL-DEV : [05-19_10:48:10:233] idVendor = 0bda
05-19 10:48:10.233 463 491 D RIL-DEV :
05-19 10:48:10.233 463 491 D RIL-DEV : [05-19_10:48:10:234] idVendor = 1d6b
05-19 10:48:10.233 463 491 D RIL-DEV :
05-19 10:48:10.234 463 491 D RIL-DEV : [05-19_10:48:10:234] idVendor = 2109
05-19 10:48:10.234 463 491 D RIL-DEV :
05-19 10:48:10.234 463 491 D RIL-DEV : [05-19_10:48:10:235] idVendor = 2109
05-19 10:48:10.234 463 491 D RIL-DEV :
05-19 10:48:10.234 463 491 D RIL-DEV : [05-19_10:48:10:235] idVendor = 1d6b
05-19 10:48:10.234 463 491 D RIL-DEV :
05-19 10:48:10.235 463 491 D RIL-DEV : [05-19_10:48:10:235] idVendor = 0bda
05-19 10:48:10.235 463 491 D RIL-DEV :
05-19 10:48:10.235 463 491 D RIL-DEV : [05-19_10:48:10:236] idVendor = 2109
05-19 10:48:10.235 463 491 D RIL-DEV :
05-19 10:48:10.235 463 491 E RIL-DEV : Cannot find Meig devices
05-19 10:48:10.235 463 491 I RIL : ---> can't find meig usb devices
05-21 08:58:52.173 542 542 I : read descriptors
05-21 08:58:52.173 542 542 I : read strings
05-21 08:58:52.176 1 1 I init : processing action (sys.usb.config=adb && sys.usb.configfs=1 && sys.usb.ffs.ready=1) from (/system/etc/init/hw/init.usb.configfs.rc:20)
05-21 08:58:52.177 1 1 I init : Command 'symlink /config/usb_gadget/g1/functions/ffs.adb /config/usb_gadget/g1/configs/b.1/f1' action=sys.usb.config=adb && sys.usb.configfs=1 && sys.usb.ffs.ready=1 (/system/etc/init/hw/init.usb.configfs.rc:22) took 0ms and failed: symlink() failed: File exists
05-21 08:58:52.178 1 1 I init : Command 'write /config/usb_gadget/g1/UDC ${sys.usb.controller}' action=sys.usb.config=adb && sys.usb.configfs=1 && sys.usb.ffs.ready=1 (/system/etc/init/hw/init.usb.configfs.rc:23) took 0ms and failed: Unable to write to file '/config/usb_gadget/g1/UDC': Unable to write file contents: Device or resource busy
05-19 10:48:11.002 1272 1272 W ContextImpl: Calling a method in the system process without a qualified user: android.app.ContextImpl.sendBroadcast:1181 android.content.ContextWrapper.sendBroadcast:479 cn.eben.newweather.DateWeatherService.a:19 cn.eben.newweather.DateWeatherService.a:0 cn.eben.newweather.DateWeatherService$1.handleMessage:7
05-21 08:58:53.233 542 542 I : read descriptors
05-21 08:58:53.233 542 542 I : read strings
05-21 08:58:53.235 1 1 I init : processing action (sys.usb.config=adb && sys.usb.configfs=1 && sys.usb.ffs.ready=1) from (/system/etc/init/hw/init.usb.configfs.rc:20)
05-21 08:58:53.238 1 1 I init : Command 'symlink /config/usb_gadget/g1/functions/ffs.adb /config/usb_gadget/g1/configs/b.1/f1' action=sys.usb.config=adb && sys.usb.configfs=1 && sys.usb.ffs.ready=1 (/system/etc/init/hw/init.usb.configfs.rc:22) took 0ms and failed: symlink() failed: File exists
05-21 08:58:53.240 1 1 I init : Command 'write /config/usb_gadget/g1/UDC ${sys.usb.controller}' action=sys.usb.config=adb && sys.usb.configfs=1 && sys.usb.ffs.ready=1 (/system/etc/init/hw/init.usb.configfs.rc:23) took 0ms and failed: Unable to write to file '/config/usb_gadget/g1/UDC': Unable to write file contents: Device or resource busy
05-19 10:48:12.002 1272 1272 W ContextImpl: Calling a method in the system process without a qualified user: android.app.ContextImpl.sendBroadcast:1181 android.content.ContextWrapper.sendBroadcast:479 cn.eben.newweather.DateWeatherService.a:19 cn.eben.newweather.DateWeatherService.a:0 cn.eben.newweather.DateWeatherService$1.handleMessage:7
05-19 10:48:12.236 463 491 I RIL : ---> enter mainloop wait at port
05-19 10:48:12.236 463 491 D RIL-DEV : Get modem info
05-19 10:48:12.237 463 491 D RIL-DEV : [05-19_10:48:12:237] idVendor = 0bda
05-19 10:48:12.237 463 491 D RIL-DEV :
05-19 10:48:12.237 463 491 D RIL-DEV : [05-19_10:48:12:237] idVendor = 05e3
05-19 10:48:12.237 463 491 D RIL-DEV :
05-19 10:48:12.237 463 491 D RIL-DEV : [05-19_10:48:12:238] idVendor = 1d6b
05-19 10:48:12.237 463 491 D RIL-DEV :
05-19 10:48:12.238 463 491 D RIL-DEV : [05-19_10:48:12:238] idVendor = 1d6b
05-19 10:48:12.238 463 491 D RIL-DEV :
05-19 10:48:12.238 463 491 D RIL-DEV : [05-19_10:48:12:238] idVendor = 0bda
05-19 10:48:12.238 463 491 D RIL-DEV :
05-19 10:48:12.238 463 491 D RIL-DEV : [05-19_10:48:12:239] idVendor = 1d6b
05-19 10:48:12.238 463 491 D RIL-DEV :
05-19 10:48:12.239 463 491 D RIL-DEV : [05-19_10:48:12:239] idVendor = 2109
05-19 10:48:12.239 463 491 D RIL-DEV :
05-19 10:48:12.239 463 491 D RIL-DEV : [05-19_10:48:12:240] idVendor = 2109
05-19 10:48:12.239 463 491 D RIL-DEV :
05-19 10:48:12.239 463 491 D RIL-DEV : [05-19_10:48:12:240] idVendor = 1d6b
05-19 10:48:12.239 463 491 D RIL-DEV :
05-19 10:48:12.240 463 491 D RIL-DEV : [05-19_10:48:12:240] idVendor = 0bda
05-19 10:48:12.240 463 491 D RIL-DEV :
05-19 10:48:12.240 463 491 D RIL-DEV : [05-19_10:48:12:240] idVendor = 2109
05-19 10:48:12.240 463 491 D RIL-DEV :
05-19 10:48:12.240 463 491 E RIL-DEV : Cannot find Meig devices
05-19 10:48:12.240 463 491 I RIL : ---> can't find meig usb devices
05-21 08:58:54.290 542 542 I : read descriptors
05-21 08:58:54.290 542 542 I : read strings
05-21 08:58:54.291 1 1 I init : processing action (sys.usb.config=adb && sys.usb.configfs=1 && sys.usb.ffs.ready=1) from (/system/etc/init/hw/init.usb.configfs.rc:20)
05-19 10:48:13.002 1272 1272 W ContextImpl: Calling a method in the system process without a qualified user: android.app.ContextImpl.sendBroadcast:1181 android.content.ContextWrapper.sendBroadcast:479 cn.eben.newweather.DateWeatherService.a:19 cn.eben.newweather.DateWeatherService.a:0 cn.eben.newweather.DateWeatherService$1.handleMessage:7
05-21 08:58:55.333 542 542 I : read descriptors
05-21 08:58:55.333 542 542 I : read strings
05-19 10:48:13.976 627 642 W ContentProviderHelper: Permission Denial: opening provider com.android.providers.contacts.ContactsProvider2 from ProcessRecord{552b742 1631:cn.eben.sync/u0a63} (pid=1631, uid=10063) requires android.permission.READ_CONTACTS or android.permission.WRITE_CONTACTS
05-19 10:48:14.002 1272 1272 W ContextImpl: Calling a method in the system process without a qualified user: android.app.ContextImpl.sendBroadcast:1181 android.content.ContextWrapper.sendBroadcast:479 cn.eben.newweather.DateWeatherService.a:19 cn.eben.newweather.DateWeatherService.a:0 cn.eben.newweather.DateWeatherService$1.handleMessage:7
05-19 10:48:14.241 463 491 I RIL : ---> enter mainloop wait at port
05-19 10:48:14.241 463 491 D RIL-DEV : Get modem info
05-19 10:48:14.242 463 491 D RIL-DEV : [05-19_10:48:14:242] idVendor = 0bda
05-19 10:48:14.242 463 491 D RIL-DEV :
05-19 10:48:14.242 463 491 D RIL-DEV : [05-19_10:48:14:242] idVendor = 05e3
05-19 10:48:14.242 463 491 D RIL-DEV :
05-19 10:48:14.242 463 491 D RIL-DEV : [05-19_10:48:14:243] idVendor = 1d6b
05-19 10:48:14.242 463 491 D RIL-DEV :
05-19 10:48:14.242 463 491 D RIL-DEV : [05-19_10:48:14:243] idVendor = 1d6b
05-19 10:48:14.242 463 491 D RIL-DEV :
05-19 10:48:14.243 463 491 D RIL-DEV : [05-19_10:48:14:243] idVendor = 0bda
05-19 10:48:14.243 463 491 D RIL-DEV :
05-19 10:48:14.243 463 491 D RIL-DEV : [05-19_10:48:14:244] idVendor = 1d6b
05-19 10:48:14.243 463 491 D RIL-DEV :
05-19 10:48:14.243 463 491 D RIL-DEV : [05-19_10:48:14:244] idVendor = 2109
05-19 10:48:14.243 463 491 D RIL-DEV :
05-19 10:48:14.244 463 491 D RIL-DEV : [05-19_10:48:14:244] idVendor = 2109
05-19 10:48:14.244 463 491 D RIL-DEV :
05-19 10:48:14.245 463 491 D RIL-DEV : [05-19_10:48:14:245] idVendor = 1d6b
05-19 10:48:14.245 463 491 D RIL-DEV :
05-19 10:48:14.245 463 491 D RIL-DEV : [05-19_10:48:14:245] idVendor = 0bda
05-19 10:48:14.245 463 491 D RIL-DEV :
05-19 10:48:14.245 463 491 D RIL-DEV : [05-19_10:48:14:246] idVendor = 2109
05-19 10:48:14.245 463 491 D RIL-DEV :
05-19 10:48:14.246 463 491 E RIL-DEV : Cannot find Meig devices
05-19 10:48:14.246 463 491 I RIL : ---> can't find meig usb devices
05-19 10:48:14.271 627 668 V DisplayPowerController[0]: Brightness [0.05] reason changing to: 'manual [ dim ]', previous reason: 'manual'.
05-19 10:48:14.271 627 668 I sysui_multi_action: [757,1696,758,6,759,2]
05-21 08:58:56.397 542 542 I : read descriptors
05-21 08:58:56.397 542 542 I : read strings
05-21 08:58:56.398 1 1 I init : processing action (sys.usb.config=adb && sys.usb.configfs=1 && sys.usb.ffs.ready=1) from (/system/etc/init/hw/init.usb.configfs.rc:20)
05-21 08:58:56.400 1 1 I init : Command 'symlink /config/usb_gadget/g1/functions/ffs.adb /config/usb_gadget/g1/configs/b.1/f1' action=sys.usb.config=adb && sys.usb.configfs=1 && sys.usb.ffs.ready=1 (/system/etc/init/hw/init.usb.configfs.rc:22) took 0ms and failed: symlink() failed: File exists
05-21 08:58:56.401 1 1 I init : Command 'write /config/usb_gadget/g1/UDC ${sys.usb.controller}' action=sys.usb.config=adb && sys.usb.configfs=1 && sys.usb.ffs.ready=1 (/system/etc/init/hw/init.usb.configfs.rc:23) took 0ms and failed: Unable to write to file '/config/usb_gadget/g1/UDC': Unable to write file contents: Device or resource busy
05-19 10:48:15.002 1272 1272 W ContextImpl: Calling a method in the system process without a qualified user: android.app.ContextImpl.sendBroadcast:1181 android.content.ContextWrapper.sendBroadcast:479 cn.eben.newweather.DateWeatherService.a:19 cn.eben.newweather.DateWeatherService.a:0 cn.eben.newweather.DateWeatherService$1.handleMessage:7
05-21 08:58:57.443 542 542 I : read descriptors
05-21 08:58:57.443 542 542 I : read strings
05-21 08:58:57.445 1 1 I init : processing action (sys.usb.config=adb && sys.usb.configfs=1 && sys.usb.ffs.ready=1) from (/system/etc/init/hw/init.usb.configfs.rc:20)
05-21 08:58:57.448 1 1 I init : Command 'symlink /config/usb_gadget/g1/functions/ffs.adb /config/usb_gadget/g1/configs/b.1/f1' action=sys.usb.config=adb && sys.usb.configfs=1 && sys.usb.ffs.ready=1 (/system/etc/init/hw/init.usb.configfs.rc:22) took 0ms and failed: symlink() failed: File exists
05-21 08:58:57.449 1 1 I init : Command 'write /config/usb_gadget/g1/UDC ${sys.usb.controller}' action=sys.usb.config=adb && sys.usb.configfs=1 && sys.usb.ffs.ready=1 (/system/etc/init/hw/init.usb.configfs.rc:23) took 0ms and failed: Unable to write to file '/config/usb_gadget/g1/UDC': Unable to write file contents: Device or resource busy
05-19 10:48:16.002 1272 1272 W ContextImpl: Calling a method in the system process without a qualified user: android.app.ContextImpl.sendBroadcast:1181 android.content.ContextWrapper.sendBroadcast:479 cn.eben.newweather.DateWeatherService.a:19 cn.eben.newweather.DateWeatherService.a:0 cn.eben.newweather.DateWeatherService$1.handleMessage:7
05-19 10:48:16.246 463 491 I RIL : ---> enter mainloop wait at port
05-19 10:48:16.246 463 491 D RIL-DEV : Get modem info
05-19 10:48:16.247 463 491 D RIL-DEV : [05-19_10:48:16:247] idVendor = 0bda
05-19 10:48:16.247 463 491 D RIL-DEV :
05-19 10:48:16.247 463 491 D RIL-DEV : [05-19_10:48:16:248] idVendor = 05e3
05-19 10:48:16.247 463 491 D RIL-DEV :
05-19 10:48:16.248 463 491 D RIL-DEV : [05-19_10:48:16:248] idVendor = 1d6b
05-19 10:48:16.248 463 491 D RIL-DEV :
05-19 10:48:16.248 463 491 D RIL-DEV : [05-19_10:48:16:248] idVendor = 1d6b
05-19 10:48:16.248 463 491 D RIL-DEV :
05-19 10:48:16.248 463 491 D RIL-DEV : [05-19_10:48:16:249] idVendor = 0bda
05-19 10:48:16.248 463 491 D RIL-DEV :
05-19 10:48:16.249 463 491 D RIL-DEV : [05-19_10:48:16:249] idVendor = 1d6b
05-19 10:48:16.249 463 491 D RIL-DEV :
05-19 10:48:16.249 463 491 D RIL-DEV : [05-19_10:48:16:249] idVendor = 2109
05-19 10:48:16.249 463 491 D RIL-DEV :
05-19 10:48:16.249 463 491 D RIL-DEV : [05-19_10:48:16:250] idVendor = 2109
05-19 10:48:16.249 463 491 D RIL-DEV :
05-19 10:48:16.249 463 491 D RIL-DEV : [05-19_10:48:16:250] idVendor = 1d6b
05-19 10:48:16.249 463 491 D RIL-DEV :
05-19 10:48:16.250 463 491 D RIL-DEV : [05-19_10:48:16:250] idVendor = 0bda
05-19 10:48:16.250 463 491 D RIL-DEV :
05-19 10:48:16.250 463 491 D RIL-DEV : [05-19_10:48:16:251] idVendor = 2109
05-19 10:48:16.250 463 491 D RIL-DEV :
05-19 10:48:16.250 463 491 E RIL-DEV : Cannot find Meig devices
05-19 10:48:16.250 463 491 I RIL : ---> can't find meig usb devices
05-21 08:58:58.500 542 542 I : read descriptors
05-21 08:58:58.500 542 542 I : read strings
05-21 08:58:58.502 1 1 I init : processing action (sys.usb.config=adb && sys.usb.configfs=1 && sys.usb.ffs.ready=1) from (/system/etc/init/hw/init.usb.configfs.rc:20)
05-21 08:58:58.504 1 1 I init : Command 'symlink /config/usb_gadget/g1/functions/ffs.adb /config/usb_gadget/g1/configs/b.1/f1' action=sys.usb.config=adb && sys.usb.configfs=1 && sys.usb.ffs.ready=1 (/system/etc/init/hw/init.usb.configfs.rc:22) took 0ms and failed: symlink() failed: File exists
05-21 08:58:58.507 1 1 I init : Command 'write /config/usb_gadget/g1/UDC ${sys.usb.controller}' action=sys.usb.config=adb && sys.usb.configfs=1 && sys.usb.ffs.ready=1 (/system/etc/init/hw/init.usb.configfs.rc:23) took 0ms and failed: Unable to write to file '/config/usb_gadget/g1/UDC': Unable to write file contents: Device or resource busy
05-19 10:48:17.002 1272 1272 W ContextImpl: Calling a method in the system process without a qualified user: android.app.ContextImpl.sendBroadcast:1181 android.content.ContextWrapper.sendBroadcast:479 cn.eben.newweather.DateWeatherService.a:19 cn.eben.newweather.DateWeatherService.a:0 cn.eben.newweather.DateWeatherService$1.handleMessage:7
05-19 10:48:17.267 627 668 I PowerManagerService: Powering off display group due to timeout (groupId= 0, uid= 1000)...
05-19 10:48:17.267 627 668 I PowerManagerService: Going to sleep due to timeout (uid 1000)...
05-19 10:48:17.269 627 668 I power_sleep_requested: 0
05-19 10:48:17.292 627 652 I am_pss : [19615,10086,com.android.remoteprovisioner,7089152,4386816,0,94896128,0,19,11]
05-19 10:48:17.363 627 668 V DisplayPowerController[0]: Brightness [0.5472441] reason changing to: 'manual', previous reason: 'manual [ dim ]'.
05-19 10:48:17.363 627 668 I sysui_multi_action: [757,1696,758,6,759,0]
05-19 10:48:17.780 627 668 I DisplayPowerController[0]: Blocking screen off
05-19 10:48:17.781 627 668 I DisplayPowerController[0]: Unblocked screen off after 1 ms
05-19 10:48:17.783 627 668 D ActivityTaskManager: Top Process State changed to PROCESS_STATE_TOP_SLEEPING
05-19 10:48:17.785 1030 1030 I wm_on_top_resumed_lost_called: [214771548,com.android.launcher3.uioverrides.QuickstepLauncher,topStateChangedWhenResumed]
05-19 10:48:17.786 627 668 I wm_pause_activity: [0,214771548,com.android.launcher3/.uioverrides.QuickstepLauncher,userLeaving=false,sleep]
05-19 10:48:17.796 1030 1030 I wm_on_paused_called: [214771548,com.android.launcher3.uioverrides.QuickstepLauncher,performPause]
05-21 08:58:59.508 468 468 I gsensor_mxc6655 5-0015: set sensor poll time to 200ms
05-19 10:48:17.801 627 9940 I wm_add_to_stopping: [0,214771548,com.android.launcher3/.uioverrides.QuickstepLauncher,completePauseLocked]
05-19 10:48:17.816 627 647 I wm_stop_activity: [0,214771548,com.android.launcher3/.uioverrides.QuickstepLauncher]
05-19 10:48:17.818 627 647 I sysui_multi_action: [757,803,799,window_time_0,802,77]
05-19 10:48:17.834 627 710 I input_focus: [Focus leaving 334f74b com.android.launcher3/com.android.launcher3.uioverrides.QuickstepLauncher (server),reason=NOT_VISIBLE]
05-19 10:48:17.839 627 668 V DisplayPowerController[0]: Brightness [0.003937008] reason changing to: 'screen_off', previous reason: 'manual'.
05-19 10:48:17.841 1030 1030 I wm_on_stop_called: [214771548,com.android.launcher3.uioverrides.QuickstepLauncher,STOP_ACTIVITY_ITEM]
05-19 10:48:17.847 627 647 I DisplayDeviceRepository: Display device changed state: "内置屏幕", OFF
05-21 08:58:59.579 542 542 I : read descriptors
05-21 08:58:59.579 542 542 I : read strings
05-21 08:58:59.581 1 1 I init : processing action (sys.usb.config=adb && sys.usb.configfs=1 && sys.usb.ffs.ready=1) from (/system/etc/init/hw/init.usb.configfs.rc:20)
05-19 10:48:18.003 1272 1272 W ContextImpl: Calling a method in the system process without a qualified user: android.app.ContextImpl.sendBroadcast:1181 android.content.ContextWrapper.sendBroadcast:479 cn.eben.newweather.DateWeatherService.a:19 cn.eben.newweather.DateWeatherService.a:0 cn.eben.newweather.DateWeatherService$1.handleMessage:7
05-21 08:58:59.883 352 352 I rockchip-vop2 fdd90000.vop: [drm:vop2_crtc_atomic_disable] Crtc atomic disable vp2
05-21 08:58:59.896 352 352 E rockchip-vop2 fdd90000.vop: [drm:vop2_crtc_atomic_disable] *ERROR* unexpected power on pd7
05-19 10:48:18.193 627 668 I PowerManagerService: Sleeping display group (groupId=0, uid=1000)...
05-19 10:48:18.193 627 668 I PowerManagerService: Sleeping (uid 1000)...
05-19 10:48:18.196 627 627 I sysui_multi_action: [757,198,758,2,759,3,1359,927,1695,2]
05-19 10:48:18.196 627 627 I power_screen_state: [0,3,0,0,927]
05-19 10:48:18.196 627 627 I screen_toggled: 0
05-19 10:48:18.196 627 627 I sysui_multi_action: [757,804,799,screen_timeout,801,15,802,1]
05-19 10:48:18.197 627 627 I sysui_multi_action: [757,1594,758,4,759,-2147483648,1359,14924]
05-19 10:48:18.197 627 627 I power_screen_broadcast_send: 1
05-19 10:48:18.228 627 627 I battery_saving_stats: [0,1,0,15487,0,0,59446440,0,-6]
05-19 10:48:18.238 975 975 D DCT-C-0 : screen off
05-19 10:48:18.238 975 975 D DCT-C-0 : stopNetStatPoll
05-19 10:48:18.251 463 491 I RIL : ---> enter mainloop wait at port
05-19 10:48:18.251 463 491 D RIL-DEV : Get modem info
05-19 10:48:18.252 463 491 D RIL-DEV : [05-19_10:48:18:252] idVendor = 0bda
05-19 10:48:18.252 463 491 D RIL-DEV :
05-19 10:48:18.252 463 491 D RIL-DEV : [05-19_10:48:18:253] idVendor = 05e3
05-19 10:48:18.252 463 491 D RIL-DEV :
05-19 10:48:18.253 463 491 D RIL-DEV : [05-19_10:48:18:253] idVendor = 1d6b
05-19 10:48:18.253 463 491 D RIL-DEV :
05-19 10:48:18.253 463 491 D RIL-DEV : [05-19_10:48:18:253] idVendor = 1d6b
05-19 10:48:18.253 463 491 D RIL-DEV :
05-19 10:48:18.253 463 491 D RIL-DEV : [05-19_10:48:18:254] idVendor = 0bda
05-19 10:48:18.253 463 491 D RIL-DEV :
05-19 10:48:18.254 463 491 D RIL-DEV : [05-19_10:48:18:254] idVendor = 1d6b
05-19 10:48:18.254 463 491 D RIL-DEV :
05-19 10:48:18.254 463 491 D RIL-DEV : [05-19_10:48:18:254] idVendor = 2109
05-19 10:48:18.254 463 491 D RIL-DEV :
05-19 10:48:18.254 463 491 D RIL-DEV : [05-19_10:48:18:255] idVendor = 2109
05-19 10:48:18.254 463 491 D RIL-DEV :
05-19 10:48:18.255 463 491 D RIL-DEV : [05-19_10:48:18:255] idVendor = 1d6b
05-19 10:48:18.255 463 491 D RIL-DEV :
05-19 10:48:18.255 463 491 D RIL-DEV : [05-19_10:48:18:255] idVendor = 0bda
05-19 10:48:18.255 463 491 D RIL-DEV :
05-19 10:48:18.255 463 491 D RIL-DEV : [05-19_10:48:18:256] idVendor = 2109
05-19 10:48:18.255 463 491 D RIL-DEV :
05-19 10:48:18.256 463 491 E RIL-DEV : Cannot find Meig devices
05-19 10:48:18.256 463 491 I RIL : ---> can't find meig usb devices
05-19 10:48:18.273 627 627 I power_screen_broadcast_done: [0,76,1]
05-19 10:48:18.288 627 16764 W ActivityManager: Ignoring request to force stop protected package u0
05-21 08:59:00.085 2551 2551 I PM : suspend entry (deep)
05-21 08:59:00.099 2551 2551 I Filesystems sync: 0.014 seconds
05-19 10:49:02.211 627 627 W Looper : Slow delivery took 1786ms main h=android.os.Handler c=com.android.internal.os.BinderCallsStats$1@f021a7b m=0
05-19 10:49:02.217 1272 1272 W ContextImpl: Calling a method in the system process without a qualified user: android.app.ContextImpl.sendBroadcast:1181 android.content.ContextWrapper.sendBroadcast:479 cn.eben.newweather.DateWeatherService.a:19 cn.eben.newweather.DateWeatherService.a:0 cn.eben.newweather.DateWeatherService$1.handleMessage:7
05-19 10:49:02.217 463 491 I RIL : ---> enter mainloop wait at port
05-19 10:49:02.217 463 491 D RIL-DEV : Get modem info
05-19 10:49:02.218 463 491 D RIL-DEV : [05-19_10:49:02:218] idVendor = 0bda
05-19 10:49:02.218 463 491 D RIL-DEV :
05-19 10:49:02.218 463 491 D RIL-DEV : [05-19_10:49:02:219] idVendor = 05e3
05-19 10:49:02.218 463 491 D RIL-DEV :
05-19 10:49:02.218 463 491 D RIL-DEV : [05-19_10:49:02:219] idVendor = 1d6b
05-19 10:49:02.218 463 491 D RIL-DEV :
05-19 10:49:02.219 463 491 D RIL-DEV : [05-19_10:49:02:219] idVendor = 1d6b
05-19 10:49:02.219 463 491 D RIL-DEV :
05-19 10:49:02.219 463 491 D RIL-DEV : [05-19_10:49:02:219] idVendor = 0bda
05-19 10:49:02.219 463 491 D RIL-DEV :
05-19 10:49:02.219 463 491 D RIL-DEV : [05-19_10:49:02:220] idVendor = 1d6b
05-19 10:49:02.219 463 491 D RIL-DEV :
05-19 10:49:02.219 463 491 D RIL-DEV : [05-19_10:49:02:220] idVendor = 2109
05-19 10:49:02.219 463 491 D RIL-DEV :
05-19 10:49:02.220 463 491 D RIL-DEV : [05-19_10:49:02:220] idVendor = 2109
05-19 10:49:02.220 463 491 D RIL-DEV :
05-19 10:49:02.220 463 491 D RIL-DEV : [05-19_10:49:02:220] idVendor = 1d6b
05-19 10:49:02.220 463 491 D RIL-DEV :
05-21 08:59:00.100 2551 2551 I : Freezing user space processes ... (elapsed 0.013 seconds) done.
05-21 08:59:00.113 2551 2551 I : OOM killer disabled.
05-21 08:59:00.113 2551 2551 I : Freezing remaining freezable tasks ... (elapsed 0.164 seconds) done.
05-21 08:59:00.278 2551 2551 I printk : Suspending console(s) (use no_console_suspend to debug)
05-21 08:59:00.362 2551 2551 E regulator-dummy: Underflow of regulator enable count
05-19 10:49:02.220 463 491 D RIL-DEV : [05-19_10:49:02:220] idVendor = 0bda
05-19 10:49:02.220 463 491 D RIL-DEV :
05-19 10:49:02.220 463 491 D RIL-DEV : [05-19_10:49:02:221] idVendor = 2109
05-19 10:49:02.220 463 491 D RIL-DEV :
05-19 10:49:02.220 463 491 E RIL-DEV : Cannot find Meig devices
05-19 10:49:02.220 463 491 I RIL : ---> can't find meig usb devices
05-21 08:59:00.362 2551 2551 E wacom_i2c 4-0009: disable regulator failed -22
05-21 08:59:00.612 2551 2551 I : Disabling non-boot CPUs ...
05-21 08:59:00.613 2551 2551 I psci : CPU1 killed (polled 0 ms)
05-21 08:59:00.615 2551 2551 I psci : CPU2 killed (polled 0 ms)
05-21 08:59:00.617 2551 2551 I psci : CPU3 killed (polled 0 ms)
05-21 08:59:00.619 2551 2551 I psci : CPU4 killed (polled 4 ms)
05-21 08:59:00.622 2551 2551 I psci : CPU5 killed (polled 0 ms)
05-21 08:59:00.624 2551 2551 I psci : CPU6 killed (polled 0 ms)
05-21 08:59:00.626 2551 2551 I psci : CPU7 killed (polled 0 ms)
05-21 08:59:42.256 0 0 W [ C0] PM: pm_system_irq_wakeup: 114 triggered hym8563
05-21 08:59:42.256 2551 2551 I : Enabling non-boot CPUs ...
05-21 08:59:42.257 0 0 I : Detected VIPT I-cache on CPU1
05-21 08:59:42.257 0 0 I GICv3 : CPU1: found redistributor 100 region 0:0x00000000fe6a0000
05-21 08:59:42.257 0 0 I CPU1 : Booted secondary processor 0x0000000100 [0x412fd050]
05-21 08:59:42.258 2551 2551 I : CPU1 is up
05-21 08:59:42.259 0 0 I : Detected VIPT I-cache on CPU2
05-21 08:59:42.259 0 0 I GICv3 : CPU2: found redistributor 200 region 0:0x00000000fe6c0000
05-21 08:59:42.259 0 0 I CPU2 : Booted secondary processor 0x0000000200 [0x412fd050]
05-21 08:59:42.259 2551 2551 I : CPU2 is up
05-21 08:59:42.260 0 0 I : Detected VIPT I-cache on CPU3
05-19 10:49:02.226 627 16764 W ContentProviderHelper: Permission Denial: opening provider com.android.providers.contacts.ContactsProvider2 from ProcessRecord{552b742 1631:cn.eben.sync/u0a63} (pid=1631, uid=10063) requires android.permission.READ_CONTACTS or android.permission.WRITE_CONTACTS
05-21 08:59:42.260 0 0 I GICv3 : CPU3: found redistributor 300 region 0:0x00000000fe6e0000
05-21 08:59:42.260 0 0 I CPU3 : Booted secondary processor 0x0000000300 [0x412fd050]
05-21 08:59:42.261 2551 2551 I : CPU3 is up
05-21 08:59:42.262 0 0 I : Detected PIPT I-cache on CPU4
05-21 08:59:42.262 0 0 I GICv3 : CPU4: found redistributor 400 region 0:0x00000000fe700000
05-21 08:59:42.262 0 0 I CPU4 : Booted secondary processor 0x0000000400 [0x414fd0b0]
05-21 08:59:42.263 2551 2551 I : CPU4 is up
05-21 08:59:42.264 0 0 I : Detected PIPT I-cache on CPU5
05-21 08:59:42.264 0 0 I GICv3 : CPU5: found redistributor 500 region 0:0x00000000fe720000
05-21 08:59:42.264 0 0 I CPU5 : Booted secondary processor 0x0000000500 [0x414fd0b0]
05-21 08:59:42.265 2551 2551 I : CPU5 is up
05-21 08:59:42.266 0 0 I : Detected PIPT I-cache on CPU6
05-21 08:59:42.266 0 0 I GICv3 : CPU6: found redistributor 600 region 0:0x00000000fe740000
05-21 08:59:42.266 0 0 I CPU6 : Booted secondary processor 0x0000000600 [0x414fd0b0]
05-21 08:59:42.267 2551 2551 I : CPU6 is up
05-21 08:59:42.268 0 0 I : Detected PIPT I-cache on CPU7
05-21 08:59:42.268 0 0 I GICv3 : CPU7: found redistributor 700 region 0:0x00000000fe760000
05-21 08:59:42.268 0 0 I CPU7 : Booted secondary processor 0x0000000700 [0x414fd0b0]
05-21 08:59:42.269 2551 2551 I : CPU7 is up
05-21 08:59:42.276 2551 2551 I rk_gmac-dwmac fe1c0000.ethernet: init for RGMII
05-21 08:59:42.276 10279 10279 I usb1 : root hub lost power or was reset
05-19 10:49:02.230 627 627 W Looper : Drained
05-21 08:59:42.284 20116 20116 I usb3 : root hub lost power or was reset
05-21 08:59:42.284 20116 20116 I usb4 : root hub lost power or was reset
05-21 08:59:42.285 2551 2551 E PM : dpm_run_callback(): wacom_i2c_resume+0x0/0xdc returns -6
05-21 08:59:42.285 2551 2551 E PM : Device 4-0009 failed to resume: error -6
05-21 08:59:42.349 2551 2551 I usb2 : root hub lost power or was reset
05-21 08:59:42.532 12536 12536 I usb 4-1 : reset SuperSpeed Gen 1 USB device number 2 using xhci-hcd
05-21 08:59:42.672 20097 20097 I usb 3-1 : reset high-speed USB device number 2 using xhci-hcd
05-21 08:59:43.182 17875 17875 I usb 4-1.4: reset SuperSpeed Gen 1 USB device number 4 using xhci-hcd
05-21 08:59:43.222 20120 20120 I r8152 4-1.4: 1.0: skip request firmware
05-21 08:59:43.273 20098 20098 I usb 4-1.3: reset SuperSpeed Gen 1 USB device number 3 using xhci-hcd
05-21 08:59:43.369 20095 20095 I usb 4-1.1: reset SuperSpeed Gen 1 USB device number 5 using xhci-hcd
05-21 08:59:43.599 20089 20089 I usb 3-1.3: reset high-speed USB device number 3 using xhci-hcd
05-21 08:59:43.819 20108 20108 I usb 3-1.5: reset high-speed USB device number 23 using xhci-hcd
05-21 08:59:43.911 20108 20108 E PM : dpm_run_callback(): usb_dev_resume+0x0/0x28 returns -5
05-21 08:59:43.911 20108 20108 E PM : Device 3-1.5 failed to resume async: error -5
05-21 08:59:43.916 2551 2551 I : OOM killer enabled.
05-21 08:59:43.916 2551 2551 I : Restarting tasks ... done.
05-21 08:59:43.935 17868 17868 I : mmc_host mmc0: Bus speed (slot 0) = 400000Hz (slot req 400000Hz, actual 400000HZ div = 0)
05-21 08:59:43.935 2551 2551 I : Resume caused by IRQ 114, hym8563
05-21 08:59:43.935 2551 2551 I PM : suspend exit
05-21 08:59:43.940 20120 20120 I usb 3-1.5: USB disconnect, device number 23
05-21 09:00:25.570 440 440 W healthd : battery l=100 v=8702 t=26.5 h=1 st=5 c=0 fc=9700000 cc=0 chg=u
05-21 09:00:25.602 17868 17868 I : mmc_host mmc0: Bus speed (slot 0) = 300000Hz (slot req 300000Hz, actual 300000HZ div = 0)
05-19 10:49:02.287 627 780 I PowerManagerService: Powering on display group fromAsleep (groupId=0, uid=1000, reason=WAKE_REASON_USBDEV_REMOVED, details=android.server.usb: device removed)...
05-19 10:49:02.287 627 780 I PowerManagerService: Waking up from Asleep (uid=1000, reason=WAKE_REASON_USBDEV_REMOVED, details=android.server.usb: device removed)...
05-19 10:49:02.291 627 668 I DisplayPowerController[0]: Blocking screen on until initial contents have been drawn.
05-19 10:49:02.292 627 668 D ActivityTaskManager: Top Process State changed to PROCESS_STATE_TOP
05-19 10:49:02.297 627 668 I wm_set_resumed_activity: [0,com.android.launcher3/.uioverrides.QuickstepLauncher,resumeTopActivity]
05-19 10:49:02.298 627 780 D UsbHostManager: Removed device at /dev/bus/usb/003/023: USB Billboard Device
05-19 10:49:02.298 627 780 I UsbAlsaManager: USB Audio Device Removed: null
05-19 10:49:02.299 627 668 I wm_resume_activity: [0,214771548,29,com.android.launcher3/.uioverrides.QuickstepLauncher]
05-19 10:49:02.301 627 668 V DisplayPowerController[0]: Brightness [0.5472441] reason changing to: 'manual', previous reason: 'screen_off'.
05-19 10:49:02.301 627 668 I sysui_multi_action: [757,1696,758,6,759,3]
05-19 10:49:02.310 627 668 I DisplayPowerController[0]: Unblocked screen on after 19 ms
05-19 10:49:02.321 627 647 I DisplayDeviceRepository: Display device changed state: "内置屏幕", ON
05-19 10:49:02.322 627 627 I screen_toggled: 1
05-21 09:00:25.639 17868 17868 I : mmc_host mmc0: Bus speed (slot 0) = 200000Hz (slot req 200000Hz, actual 200000HZ div = 0)
05-21 09:00:25.661 20120 20120 I usb 3-1.5: new high-speed USB device number 24 using xhci-hcd
05-21 09:00:25.665 445 445 I gsensor_mxc6655 5-0015: set sensor poll time to 66ms
05-19 10:49:02.325 627 627 I power_screen_broadcast_send: 1
05-21 09:00:25.666 445 445 I gsensor_mxc6655 5-0015: sensor on: starting poll sensor data 62ms
05-21 09:00:25.672 352 352 W : <<-GTP-ERROR->> I2C Read: 0x8047, 1 bytes failed, errcode: -6! Process reset.
05-21 09:00:25.678 17868 17868 W dwmmc_rockchip fe2c0000.mmc: failed to set rate 100000Hz
05-21 09:00:25.678 17868 17868 I : mmc_host mmc0: Bus speed (slot 0) = 200000Hz (slot req 100000Hz, actual 100000HZ div = 1)
05-19 10:49:02.329 627 1967 W BroadcastQueue: Background execution not allowed: receiving Intent { act=android.intent.action.USER_PRESENT flg=0x24200010 } to com.zhangyue.read.iReader/com.taobao.accs.EventReceiver
05-21 09:00:25.689 17868 17868 W dwmmc_rockchip fe2c0000.mmc: failed to set rate 100000Hz
05-21 09:00:25.696 17868 17868 W dwmmc_rockchip fe2c0000.mmc: failed to set rate 100000Hz
05-19 10:49:02.355 1030 1030 I wm_on_restart_called: [214771548,com.android.launcher3.uioverrides.QuickstepLauncher,performRestartActivity]
05-19 10:49:02.357 1030 1030 I wm_on_start_called: [214771548,com.android.launcher3.uioverrides.QuickstepLauncher,handleStartActivity]
05-19 10:49:02.357 1030 1030 I wm_on_resume_called: [214771548,com.android.launcher3.uioverrides.QuickstepLauncher,RESUME_ACTIVITY]
05-19 10:49:02.357 1030 1030 I wm_on_top_resumed_gained_called: [214771548,com.android.launcher3.uioverrides.QuickstepLauncher,topWhenResuming]
05-19 10:49:02.380 627 648 I input_focus: [Focus request 334f74b com.android.launcher3/com.android.launcher3.uioverrides.QuickstepLauncher,reason=UpdateInputWindows]
05-21 09:00:25.753 20120 20120 I usb 3-1.5: New USB device found, idVendor=2109, idProduct=8817, bcdDevice= 0.01
05-21 09:00:25.753 20120 20120 I usb 3-1.5: New USB device strings: Mfr=1, Product=2, SerialNumber=3
05-21 09:00:25.753 20120 20120 I usb 3-1.5: Product: USB Billboard Device
05-21 09:00:25.753 20120 20120 I usb 3-1.5: Manufacturer: VIA Labs, Inc.
05-21 09:00:25.753 20120 20120 I usb 3-1.5: SerialNumber: 0000000000000001
05-19 10:49:02.408 627 730 I netstats_mobile_sample: [0,0,0,0,0,0,0,0,0,0,0,0,1747622942409]
05-19 10:49:02.408 627 730 I netstats_wifi_sample: [0,0,0,0,0,0,0,0,0,0,0,0,1747622942409]
05-19 10:49:02.415 975 975 D TelephonyNetworkFactory[0]: onNeedNetworkFor NetworkRequest [ REQUEST id=1, [ Capabilities: INTERNET&NOT_RESTRICTED&TRUSTED&NOT_VPN&NOT_VCN_MANAGED RequestorUid: 1000 RequestorPkg: android] ] shouldApply false
05-19 10:49:02.416 975 975 D TelephonyNetworkFactory[0]: onNeedNetworkFor NetworkRequest [ REQUEST id=7, [ Capabilities: INTERNET&NOT_RESTRICTED&TRUSTED&NOT_VCN_MANAGED Uid: 1000 RequestorUid: 1000 RequestorPkg: android] ] shouldApply false
05-19 10:49:02.416 975 975 D TelephonyNetworkFactory[0]: onNeedNetworkFor NetworkRequest [ REQUEST id=15, [ Capabilities: INTERNET&NOT_RESTRICTED&TRUSTED&NOT_VCN_MANAGED Uid: 1000 RequestorUid: 1000 RequestorPkg: android] ] shouldApply false
05-19 10:49:02.417 975 975 D TelephonyNetworkFactory[0]: onNeedNetworkFor NetworkRequest [ REQUEST id=18, [ Capabilities: INTERNET&NOT_RESTRICTED&TRUSTED&NOT_VCN_MANAGED Uid: 10088 RequestorUid: 10088 RequestorPkg: com.android.systemui] ] shouldApply false
05-19 10:49:02.417 975 975 D TelephonyNetworkFactory[0]: onNeedNetworkFor NetworkRequest [ REQUEST id=20, [ Capabilities: INTERNET&NOT_RESTRICTED&TRUSTED&NOT_VCN_MANAGED Uid: 10088 RequestorUid: 10088 RequestorPkg: com.android.systemui] ] shouldApply false
05-19 10:49:02.417 975 975 D TelephonyNetworkFactory[0]: onNeedNetworkFor NetworkRequest [ REQUEST id=23, [ Capabilities: INTERNET&NOT_RESTRICTED&TRUSTED&NOT_VCN_MANAGED Uid: 1000 RequestorUid: 1000 RequestorPkg: com.android.networkstack.inprocess] ] shouldApply false
05-19 10:49:02.418 975 975 D TelephonyNetworkFactory[0]: onNeedNetworkFor NetworkRequest [ REQUEST id=28, [ Capabilities: INTERNET&NOT_RESTRICTED&TRUSTED&NOT_VCN_MANAGED Uid: 1001 RequestorUid: 1001 RequestorPkg: com.android.phone] ] shouldApply false
05-19 10:49:02.418 975 975 D TelephonyNetworkFactory[0]: onNeedNetworkFor NetworkRequest [ REQUEST id=32, [ Capabilities: INTERNET&NOT_RESTRICTED&TRUSTED&NOT_VCN_MANAGED Uid: 1000 RequestorUid: 1000 RequestorPkg: android] ] shouldApply false
05-19 10:49:02.419 975 975 D TelephonyNetworkFactory[0]: onNeedNetworkFor NetworkRequest [ REQUEST id=36, [ Capabilities: INTERNET&NOT_RESTRICTED&TRUSTED&NOT_VCN_MANAGED Uid: 10086 RequestorUid: 1000 RequestorPkg: android] ] shouldApply false
05-19 10:49:02.419 975 975 D TelephonyNetworkFactory[0]: onNeedNetworkFor NetworkRequest [ REQUEST id=38, [ Capabilities: INTERNET&NOT_RESTRICTED&TRUSTED&NOT_VCN_MANAGED Uid: 10023 RequestorUid: 1000 RequestorPkg: android] ] shouldApply false
05-19 10:49:02.420 627 780 D UsbHostManager: USB device attached: vidpid 2109:8817 mfg/product/ver/serial VIA Labs, Inc. /USB Billboard Device /0.01/0000000000000001 hasAudio/HID/Storage: false/false/false
05-19 10:49:02.420 627 730 W ContextImpl: Calling a method in the system process without a qualified user: android.app.ContextImpl.sendStickyBroadcast:1567 com.android.server.ConnectivityService.sendStickyBroadcast:2811 com.android.server.ConnectivityService.sendLegacyNetworkBroadcast:8732 com.android.server.ConnectivityService$LegacyTypeTracker.remove:1007 com.android.server.ConnectivityService$LegacyTypeTracker.remove:1024
05-19 10:49:02.424 627 780 D UsbHostManager: Added device UsbDevice[mName=/dev/bus/usb/003/024,mVendorId=8457,mProductId=34839,mClass=17,mSubclass=0,mProtocol=0,mManufacturerName=VIA Labs, Inc. ,mProductName=USB Billboard Device ,mVersion=0.01,mSerialNumberReader=com.android.server.usb.UsbSerialReader@c9a954e, mHasAudioPlayback=false, mHasAudioCapture=false, mHasMidi=false, mHasVideoCapture=false, mHasVideoPlayback=false, mConfigurations=[
05-19 10:49:02.424 627 780 D UsbHostManager: UsbConfiguration[mId=1,mName=0000000000000001,mAttributes=160,mMaxPower=50,mInterfaces=[
05-19 10:49:02.424 627 780 D UsbHostManager: UsbInterface[mId=0,mAlternateSetting=0,mName=0000000000000001,mClass=17,mSubclass=0,mProtocol=0,mEndpoints=[]]]
05-19 10:49:02.426 627 653 W BroadcastQueue: Target SDK mismatch: receiver ActivityInfo{4703f7c com.xiaomi.push.service.receivers.NetworkStatusReceiver} targets 26 but delivery restricted to [0, 23] broadcasting Intent { act=android.net.conn.CONNECTIVITY_CHANGE flg=0x4200010 (has extras) } from android (pid=627, uid=1000) to com.zhangyue.read.iReader/com.xiaomi.push.service.receivers.NetworkStatusReceiver
05-19 10:49:02.426 627 653 W BroadcastQueue: Target SDK mismatch: receiver ActivityInfo{d0b0005 cn.eben.help.LoadAllReceiver} targets 28 but delivery restricted to [0, 23] broadcasting Intent { act=android.net.conn.CONNECTIVITY_CHANGE flg=0x4200010 (has extras) } from android (pid=627, uid=1000) to cn.eben.help/.LoadAllReceiver
05-19 10:49:02.426 627 653 W BroadcastQueue: Target SDK mismatch: receiver ActivityInfo{8eb85a cn.eben.android.receiver.AppSyncReceiver} targets 27 but delivery restricted to [0, 23] broadcasting Intent { act=android.net.conn.CONNECTIVITY_CHANGE flg=0x4200010 (has extras) } from android (pid=627, uid=1000) to cn.eben.sync/cn.eben.android.receiver.AppSyncReceiver
05-19 10:49:02.429 19442 19442 W ContextImpl: Calling a method in the system process without a qualified user: android.app.ContextImpl.startService:1824 android.content.ContextWrapper.startService:774 android.content.ContextWrapper.startService:774 com.ebensz.appmanager.service.UploadMyAppsInfoService.startUploadMyAppsInfoService:78 com.ebensz.appmanager.receiver.UploadMyAppsInfoReceiver.onReceive:33
05-21 09:00:25.771 352 352 W : <<-GTP-ERROR->> GTP i2c test failed time 1.
05-19 10:49:02.436 627 16764 W BroadcastQueue: Target SDK mismatch: receiver ActivityInfo{f409781 com.ebensz.ota.ActionReceiver} targets 29 but delivery restricted to [0, 23] broadcasting Intent { act=android.net.conn.CONNECTIVITY_CHANGE flg=0x4200010 (has extras) } from android (pid=627, uid=1000) to com.ebensz.ota/.ActionReceiver
05-19 10:49:02.437 627 653 W BroadcastQueue: Target SDK mismatch: receiver ActivityInfo{b700026 com.taobao.accs.EventReceiver} targets 26 but delivery restricted to [0, 23] broadcasting Intent { act=android.net.conn.CONNECTIVITY_CHANGE flg=0x4200010 (has extras) } from android (pid=627, uid=1000) to com.zhangyue.read.iReader/com.taobao.accs.EventReceiver
05-21 09:00:26.071 352 352 I rockchip-vop2 fdd90000.vop: [drm:vop2_crtc_atomic_enable] Update mode to 1536x2048p55, type: 16(if:60) for vp2 dclk: 192000000
05-21 09:00:26.072 542 542 I : read descriptors
05-21 09:00:26.072 542 542 I : read strings
05-21 09:00:26.072 352 352 I rockchip-vop2 fdd90000.vop: [drm:vop2_crtc_atomic_enable] dclk_out2 div: 2 dclk_core2 div: 1
05-21 09:00:26.072 352 352 I rockchip-vop2 fdd90000.vop: [drm:vop2_crtc_atomic_enable] set dclk_vop2 to 96000000, get 96000000
05-19 10:49:02.740 627 627 W Looper : Slow dispatch took 374ms main h=android.app.ActivityThread$H c=android.app.LoadedApk$ReceiverDispatcher$Args$$ExternalSyntheticLambda0@21fd467 m=0
05-19 10:49:02.740 627 627 W Looper : Slow delivery took 365ms main h=com.android.server.power.Notifier$NotifierHandler c=null m=7
05-19 10:49:02.743 627 627 W Looper : Drained
05-19 10:49:02.743 627 627 I battery_saving_stats: [0,0,0,44515,0,0,170565220,0,-18]
05-21 09:00:26.080 1 1 I init : processing action (sys.usb.config=adb && sys.usb.configfs=1 && sys.usb.ffs.ready=1) from (/system/etc/init/hw/init.usb.configfs.rc:20)
05-21 09:00:26.083 1 1 I init : Command 'symlink /config/usb_gadget/g1/functions/ffs.adb /config/usb_gadget/g1/configs/b.1/f1' action=sys.usb.config=adb && sys.usb.configfs=1 && sys.usb.ffs.ready=1 (/system/etc/init/hw/init.usb.configfs.rc:22) took 0ms and failed: symlink() failed: File exists
05-21 09:00:26.085 1 1 I init : Command 'write /config/usb_gadget/g1/UDC ${sys.usb.controller}' action=sys.usb.config=adb && sys.usb.configfs=1 && sys.usb.ffs.ready=1 (/system/etc/init/hw/init.usb.configfs.rc:23) took 2ms and failed: Unable to write to file '/config/usb_gadget/g1/UDC': Unable to write file contents: Device or resource busy
05-19 10:49:02.744 975 975 D DCT-C-0 : screen on
05-19 10:49:02.744 975 975 D DCT-C-0 : stopNetStatPoll
05-19 10:49:02.748 627 627 I power_screen_broadcast_done: [1,423,1]
05-19 10:49:03.002 1272 1272 W ContextImpl: Calling a method in the system process without a qualified user: android.app.ContextImpl.sendBroadcast:1181 android.content.ContextWrapper.sendBroadcast:479 cn.eben.newweather.DateWeatherService.a:19 cn.eben.newweather.DateWeatherService.a:0 cn.eben.newweather.DateWeatherService$1.handleMessage:7
05-21 09:00:26.578 352 352 I dw-mipi-dsi2 fde20000.dsi: [drm:dw_mipi_dsi2_encoder_enable] final DSI-Link bandwidth: 639999 x 8 Kbps
05-19 10:49:03.245 627 668 I sysui_latency: [5,958]
05-19 10:49:03.245 627 668 W PowerManagerService: Screen on took 958 ms
05-19 10:49:03.252 627 710 I input_focus: [Focus entering 334f74b com.android.launcher3/com.android.launcher3.uioverrides.QuickstepLauncher (server),reason=Window became focusable. Previous reason: NO_WINDOW]
05-19 10:49:03.255 627 627 I sysui_multi_action: [757,198,758,1,759,3,1359,965,1694,14]
05-19 10:49:03.255 627 627 I power_screen_state: [1,0,0,0,965]
05-19 10:49:03.471 19442 19442 W ContextImpl: Calling a method in the system process without a qualified user: android.app.ContextImpl.startService:1824 android.content.ContextWrapper.startService:774 com.ebensz.appmanager.service.UploadMyAppsInfoService$1.handleMessage:63 android.os.Handler.dispatchMessage:106 android.os.Looper.loopOnce:201
05-21 09:00:27.138 542 542 I : read descriptors
05-21 09:00:27.139 542 542 I : read strings
05-21 09:00:27.140 1 1 I init : processing action (sys.usb.config=adb && sys.usb.configfs=1 && sys.usb.ffs.ready=1) from (/system/etc/init/hw/init.usb.configfs.rc:20)
05-21 09:00:27.142 1 1 I init : Command 'symlink /config/usb_gadget/g1/functions/ffs.adb /config/usb_gadget/g1/configs/b.1/f1' action=sys.usb.config=adb && sys.usb.configfs=1 && sys.usb.ffs.ready=1 (/system/etc/init/hw/init.usb.configfs.rc:22) took 0ms and failed: symlink() failed: File exists
05-21 09:00:27.142 1 1 I init : Command 'write /config/usb_gadget/g1/UDC ${sys.usb.controller}' action=sys.usb.config=adb && sys.usb.configfs=1 && sys.usb.ffs.ready=1 (/system/etc/init/hw/init.usb.configfs.rc:23) took 0ms and failed: Unable to write to file '/config/usb_gadget/g1/UDC': Unable to write file contents: Device or resource busy
05-19 10:49:04.002 1272 1272 W ContextImpl: Calling a method in the system process without a qualified user: android.app.ContextImpl.sendBroadcast:1181 android.content.ContextWrapper.sendBroadcast:479 cn.eben.newweather.DateWeatherService.a:19 cn.eben.newweather.DateWeatherService.a:0 cn.eben.newweather.DateWeatherService$1.handleMessage:7
05-19 10:49:04.221 463 491 I RIL : ---> enter mainloop wait at port
05-19 10:49:04.221 463 491 D RIL-DEV : Get modem info
05-19 10:49:04.222 463 491 D RIL-DEV : [05-19_10:49:04:222] idVendor = 0bda
05-19 10:49:04.222 463 491 D RIL-DEV :
05-19 10:49:04.222 463 491 D RIL-DEV : [05-19_10:49:04:222] idVendor = 05e3
05-19 10:49:04.222 463 491 D RIL-DEV :
05-19 10:49:04.222 463 491 D RIL-DEV : [05-19_10:49:04:223] idVendor = 1d6b
05-19 10:49:04.222 463 491 D RIL-DEV :
05-19 10:49:04.222 463 491 D RIL-DEV : [05-19_10:49:04:223] idVendor = 1d6b
05-19 10:49:04.222 463 491 D RIL-DEV :
05-19 10:49:04.223 463 491 D RIL-DEV : [05-19_10:49:04:223] idVendor = 0bda
05-19 10:49:04.223 463 491 D RIL-DEV :
05-19 10:49:04.223 463 491 D RIL-DEV : [05-19_10:49:04:224] idVendor = 1d6b
05-19 10:49:04.223 463 491 D RIL-DEV :
05-19 10:49:04.223 463 491 D RIL-DEV : [05-19_10:49:04:224] idVendor = 2109
05-19 10:49:04.223 463 491 D RIL-DEV :
05-19 10:49:04.224 463 491 D RIL-DEV : [05-19_10:49:04:225] idVendor = 2109
05-19 10:49:04.224 463 491 D RIL-DEV :
05-19 10:49:04.224 463 491 D RIL-DEV : [05-19_10:49:04:225] idVendor = 1d6b
05-19 10:49:04.224 463 491 D RIL-DEV :
05-19 10:49:04.225 463 491 D RIL-DEV : [05-19_10:49:04:225] idVendor = 0bda
05-19 10:49:04.225 463 491 D RIL-DEV :
05-19 10:49:04.225 463 491 D RIL-DEV : [05-19_10:49:04:226] idVendor = 2109
05-19 10:49:04.225 463 491 D RIL-DEV :
05-19 10:49:04.225 463 491 E RIL-DEV : Cannot find Meig devices
05-19 10:49:04.225 463 491 I RIL : ---> can't find meig usb devices
05-21 09:00:28.175 542 542 I : read descriptors
05-21 09:00:28.175 542 542 I : read strings
05-21 09:00:28.178 1 1 I init : processing action (sys.usb.config=adb && sys.usb.configfs=1 && sys.usb.ffs.ready=1) from (/system/etc/init/hw/init.usb.configfs.rc:20)
05-21 09:00:28.179 1 1 I init : Command 'symlink /config/usb_gadget/g1/functions/ffs.adb /config/usb_gadget/g1/configs/b.1/f1' action=sys.usb.config=adb && sys.usb.configfs=1 && sys.usb.ffs.ready=1 (/system/etc/init/hw/init.usb.configfs.rc:22) took 0ms and failed: symlink() failed: File exists
05-21 09:00:28.179 1 1 I init : Command 'write /config/usb_gadget/g1/UDC ${sys.usb.controller}' action=sys.usb.config=adb && sys.usb.configfs=1 && sys.usb.ffs.ready=1 (/system/etc/init/hw/init.usb.configfs.rc:23) took 0ms and failed: Unable to write to file '/config/usb_gadget/g1/UDC': Unable to write file contents: Device or resource busy
05-19 10:49:05.002 1272 1272 W ContextImpl: Calling a method in the system process without a qualified user: android.app.ContextImpl.sendBroadcast:1181 android.content.ContextWrapper.sendBroadcast:479 cn.eben.newweather.DateWeatherService.a:19 cn.eben.newweather.DateWeatherService.a:0 cn.eben.newweather.DateWeatherService$1.handleMessage:7
05-21 09:00:28.833 17868 17868 I r8152 4-1.4: 1.0 eth1: carrier on
05-21 09:00:29.232 542 542 I : read descriptors
05-21 09:00:29.232 542 542 I : read strings
05-21 09:00:29.234 1 1 I init : processing action (sys.usb.config=adb && sys.usb.configfs=1 && sys.usb.ffs.ready=1) from (/system/etc/init/hw/init.usb.configfs.rc:20)
05-19 10:49:06.003 1272 1272 W ContextImpl: Calling a method in the system process without a qualified user: android.app.ContextImpl.sendBroadcast:1181 android.content.ContextWrapper.sendBroadcast:479 cn.eben.newweather.DateWeatherService.a:19 cn.eben.newweather.DateWeatherService.a:0 cn.eben.newweather.DateWeatherService$1.handleMessage:7
05-19 10:49:06.226 463 491 I RIL : ---> enter mainloop wait at port
05-19 10:49:06.226 463 491 D RIL-DEV : Get modem info
05-19 10:49:06.227 463 491 D RIL-DEV : [05-19_10:49:06:227] idVendor = 0bda
05-19 10:49:06.227 463 491 D RIL-DEV :
05-19 10:49:06.227 463 491 D RIL-DEV : [05-19_10:49:06:228] idVendor = 05e3
05-19 10:49:06.227 463 491 D RIL-DEV :
05-19 10:49:06.227 463 491 D RIL-DEV : [05-19_10:49:06:228] idVendor = 1d6b
05-19 10:49:06.227 463 491 D RIL-DEV :
05-19 10:49:06.228 463 491 D RIL-DEV : [05-19_10:49:06:228] idVendor = 1d6b
05-19 10:49:06.228 463 491 D RIL-DEV :
05-19 10:49:06.228 463 491 D RIL-DEV : [05-19_10:49:06:228] idVendor = 0bda
05-19 10:49:06.228 463 491 D RIL-DEV :
05-19 10:49:06.228 463 491 D RIL-DEV : [05-19_10:49:06:229] idVendor = 1d6b
05-19 10:49:06.228 463 491 D RIL-DEV :
05-19 10:49:06.229 463 491 D RIL-DEV : [05-19_10:49:06:229] idVendor = 2109
05-19 10:49:06.229 463 491 D RIL-DEV :
05-19 10:49:06.229 463 491 D RIL-DEV : [05-19_10:49:06:230] idVendor = 2109
05-19 10:49:06.229 463 491 D RIL-DEV :
05-19 10:49:06.229 463 491 D RIL-DEV : [05-19_10:49:06:230] idVendor = 1d6b
05-19 10:49:06.229 463 491 D RIL-DEV :
05-19 10:49:06.230 463 491 D RIL-DEV : [05-19_10:49:06:230] idVendor = 0bda
05-19 10:49:06.230 463 491 D RIL-DEV :
05-19 10:49:06.230 463 491 D RIL-DEV : [05-19_10:49:06:230] idVendor = 2109
05-19 10:49:06.230 463 491 D RIL-DEV :
05-19 10:49:06.230 463 491 E RIL-DEV : Cannot find Meig devices
05-19 10:49:06.230 463 491 I RIL : ---> can't find meig usb devices
05-21 09:00:30.268 542 542 I : read descriptors
05-21 09:00:30.268 542 542 I : read strings
05-19 10:49:07.002 1272 1272 W ContextImpl: Calling a method in the system process without a qualified user: android.app.ContextImpl.sendBroadcast:1181 android.content.ContextWrapper.sendBroadcast:479 cn.eben.newweather.DateWeatherService.a:19 cn.eben.newweather.DateWeatherService.a:0 cn.eben.newweather.DateWeatherService$1.handleMessage:7
05-19 10:49:07.231 627 1072 W ContentProviderHelper: Permission Denial: opening provider com.android.providers.contacts.ContactsProvider2 from ProcessRecord{552b742 1631:cn.eben.sync/u0a63} (pid=1631, uid=10063) requires android.permission.READ_CONTACTS or android.permission.WRITE_CONTACTS
05-19 10:49:07.608 627 653 W ActivityManager: Failed to clear dns cache for: com.ebensz.office.entry
05-21 09:00:30.948 653 653 I binder : 627:653 transaction failed 29201/-28, size 80-0 line 2921
05-21 09:00:30.956 653 653 I binder : 627:653 transaction failed 29201/-28, size 80-0 line 2921
05-19 10:49:07.615 627 653 W ActivityManager: Failed to clear dns cache for: com.ebensz.office.entry
05-19 10:49:07.643 627 730 I netstats_mobile_sample: [0,0,0,0,0,0,0,0,0,0,0,0,1747622947644]
05-19 10:49:07.643 627 730 I netstats_wifi_sample: [0,0,0,0,0,0,0,0,0,0,0,0,1747622947644]
05-19 10:49:07.680 627 730 I netstats_mobile_sample: [0,0,0,0,0,0,0,0,0,0,0,0,1747622947681]
05-19 10:49:07.680 627 730 I netstats_wifi_sample: [0,0,0,0,0,0,0,0,0,0,0,0,1747622947681]
05-19 10:49:07.688 627 730 W ContextImpl: Calling a method in the system process without a qualified user: android.app.ContextImpl.sendStickyBroadcast:1567 com.android.server.ConnectivityService.sendStickyBroadcast:2811 com.android.server.ConnectivityService.sendGeneralBroadcast:2786 com.android.server.ConnectivityService.sendConnectedBroadcast:2759 com.android.server.ConnectivityService.sendLegacyNetworkBroadcast:8704
05-19 10:49:07.691 627 653 W BroadcastQueue: Target SDK mismatch: receiver ActivityInfo{c02a772 com.xiaomi.push.service.receivers.NetworkStatusReceiver} targets 26 but delivery restricted to [0, 23] broadcasting Intent { act=android.net.conn.CONNECTIVITY_CHANGE flg=0x4200010 (has extras) } from android (pid=627, uid=1000) to com.zhangyue.read.iReader/com.xiaomi.push.service.receivers.NetworkStatusReceiver
05-19 10:49:07.691 627 653 W BroadcastQueue: Target SDK mismatch: receiver ActivityInfo{5237c3 cn.eben.help.LoadAllReceiver} targets 28 but delivery restricted to [0, 23] broadcasting Intent { act=android.net.conn.CONNECTIVITY_CHANGE flg=0x4200010 (has extras) } from android (pid=627, uid=1000) to cn.eben.help/.LoadAllReceiver
05-19 10:49:07.691 627 653 W BroadcastQueue: Target SDK mismatch: receiver ActivityInfo{3d15840 cn.eben.android.receiver.AppSyncReceiver} targets 27 but delivery restricted to [0, 23] broadcasting Intent { act=android.net.conn.CONNECTIVITY_CHANGE flg=0x4200010 (has extras) } from android (pid=627, uid=1000) to cn.eben.sync/cn.eben.android.receiver.AppSyncReceiver
