05-19 10:49:07.694 19442 19442 W ContextImpl: Calling a method in the system process without a qualified user: android.app.ContextImpl.startService:1824 android.content.ContextWrapper.startService:774 android.content.ContextWrapper.startService:774 com.ebensz.appmanager.service.UploadMyAppsInfoService.startUploadMyAppsInfoService:78 com.ebensz.appmanager.receiver.UploadMyAppsInfoReceiver.onReceive:33
05-19 10:49:07.699 19470 19470 W ContextImpl: Calling a method in the system process without a qualified user: android.app.ContextImpl.startService:1824 android.content.ContextWrapper.startService:774 android.content.ContextWrapper.startService:774 com.ebensz.appmanager.mydownloadmanager.DownloadReceiver.startService:245 com.ebensz.appmanager.mydownloadmanager.DownloadReceiver.onReceive:74
05-19 10:49:07.702 627 1967 W BroadcastQueue: Target SDK mismatch: receiver ActivityInfo{7b70117 com.ebensz.ota.ActionReceiver} targets 29 but delivery restricted to [0, 23] broadcasting Intent { act=android.net.conn.CONNECTIVITY_CHANGE flg=0x4200010 (has extras) } from android (pid=627, uid=1000) to com.ebensz.ota/.ActionReceiver
05-19 10:49:07.702 627 653 W BroadcastQueue: Target SDK mismatch: receiver ActivityInfo{a0aa904 com.taobao.accs.EventReceiver} targets 26 but delivery restricted to [0, 23] broadcasting Intent { act=android.net.conn.CONNECTIVITY_CHANGE flg=0x4200010 (has extras) } from android (pid=627, uid=1000) to com.zhangyue.read.iReader/com.taobao.accs.EventReceiver
05-19 10:49:07.702 627 627 I notification_cancel_all: [1000,19470,com.ebensz.appmanager,0,0,64,9,NULL]
05-21 09:00:31.326 542 542 I : read descriptors
05-21 09:00:31.326 542 542 I : read strings
05-21 09:00:31.328 1 1 I init : processing action (sys.usb.config=adb && sys.usb.configfs=1 && sys.usb.ffs.ready=1) from (/system/etc/init/hw/init.usb.configfs.rc:20)
05-21 09:00:31.331 1 1 I init : Command 'symlink /config/usb_gadget/g1/functions/ffs.adb /config/usb_gadget/g1/configs/b.1/f1' action=sys.usb.config=adb && sys.usb.configfs=1 && sys.usb.ffs.ready=1 (/system/etc/init/hw/init.usb.configfs.rc:22) took 0ms and failed: symlink() failed: File exists
05-21 09:00:31.332 1 1 I init : Command 'write /config/usb_gadget/g1/UDC ${sys.usb.controller}' action=sys.usb.config=adb && sys.usb.configfs=1 && sys.usb.ffs.ready=1 (/system/etc/init/hw/init.usb.configfs.rc:23) took 1ms and failed: Unable to write to file '/config/usb_gadget/g1/UDC': Unable to write file contents: Device or resource busy
05-19 10:49:08.002 1272 1272 W ContextImpl: Calling a method in the system process without a qualified user: android.app.ContextImpl.sendBroadcast:1181 android.content.ContextWrapper.sendBroadcast:479 cn.eben.newweather.DateWeatherService.a:19 cn.eben.newweather.DateWeatherService.a:0 cn.eben.newweather.DateWeatherService$1.handleMessage:7
05-19 10:49:08.028 975 975 D TelephonyNetworkFactory[0]: onReleaseNetworkFor NetworkRequest [ REQUEST id=15, [ Capabilities: INTERNET&NOT_RESTRICTED&TRUSTED&NOT_VCN_MANAGED Uid: 1000 RequestorUid: 1000 RequestorPkg: android] ] applied false
05-19 10:49:08.028 975 975 D TelephonyNetworkFactory[0]: onReleaseNetworkFor NetworkRequest [ REQUEST id=28, [ Capabilities: INTERNET&NOT_RESTRICTED&TRUSTED&NOT_VCN_MANAGED Uid: 1001 RequestorUid: 1001 RequestorPkg: com.android.phone] ] applied false
05-19 10:49:08.028 975 975 D TelephonyNetworkFactory[0]: onReleaseNetworkFor NetworkRequest [ REQUEST id=32, [ Capabilities: INTERNET&NOT_RESTRICTED&TRUSTED&NOT_VCN_MANAGED Uid: 1000 RequestorUid: 1000 RequestorPkg: android] ] applied false
05-19 10:49:08.029 975 975 D TelephonyNetworkFactory[0]: onReleaseNetworkFor NetworkRequest [ REQUEST id=23, [ Capabilities: INTERNET&NOT_RESTRICTED&TRUSTED&NOT_VCN_MANAGED Uid: 1000 RequestorUid: 1000 RequestorPkg: com.android.networkstack.inprocess] ] applied false
05-19 10:49:08.029 975 975 D TelephonyNetworkFactory[0]: onReleaseNetworkFor NetworkRequest [ REQUEST id=38, [ Capabilities: INTERNET&NOT_RESTRICTED&TRUSTED&NOT_VCN_MANAGED Uid: 10023 RequestorUid: 1000 RequestorPkg: android] ] applied false
05-19 10:49:08.029 975 975 D TelephonyNetworkFactory[0]: onReleaseNetworkFor NetworkRequest [ REQUEST id=1, [ Capabilities: INTERNET&NOT_RESTRICTED&TRUSTED&NOT_VPN&NOT_VCN_MANAGED RequestorUid: 1000 RequestorPkg: android] ] applied false
05-19 10:49:08.029 975 975 D TelephonyNetworkFactory[0]: onReleaseNetworkFor NetworkRequest [ REQUEST id=36, [ Capabilities: INTERNET&NOT_RESTRICTED&TRUSTED&NOT_VCN_MANAGED Uid: 10086 RequestorUid: 1000 RequestorPkg: android] ] applied false
05-19 10:49:08.029 975 975 D TelephonyNetworkFactory[0]: onReleaseNetworkFor NetworkRequest [ REQUEST id=18, [ Capabilities: INTERNET&NOT_RESTRICTED&TRUSTED&NOT_VCN_MANAGED Uid: 10088 RequestorUid: 10088 RequestorPkg: com.android.systemui] ] applied false
05-19 10:49:08.029 975 975 D TelephonyNetworkFactory[0]: onReleaseNetworkFor NetworkRequest [ REQUEST id=20, [ Capabilities: INTERNET&NOT_RESTRICTED&TRUSTED&NOT_VCN_MANAGED Uid: 10088 RequestorUid: 10088 RequestorPkg: com.android.systemui] ] applied false
05-19 10:49:08.030 975 975 D TelephonyNetworkFactory[0]: onReleaseNetworkFor NetworkRequest [ REQUEST id=7, [ Capabilities: INTERNET&NOT_RESTRICTED&TRUSTED&NOT_VCN_MANAGED Uid: 1000 RequestorUid: 1000 RequestorPkg: android] ] applied false
05-21 09:00:31.379 653 653 I binder : 627:653 transaction failed 29201/-28, size 80-0 line 2921
05-19 10:49:08.038 627 653 W ActivityManager: Failed to clear dns cache for: com.ebensz.office.entry
05-19 10:49:08.042 627 730 W ContextImpl: Calling a method in the system process without a qualified user: android.app.ContextImpl.sendStickyBroadcast:1567 com.android.server.ConnectivityService.sendStickyBroadcast:2811 com.android.server.ConnectivityService.sendGeneralBroadcast:2786 com.android.server.ConnectivityService.sendInetConditionBroadcast:2763 com.android.server.ConnectivityService.updateInetCondition:8451
05-19 10:49:08.231 463 491 I RIL : ---> enter mainloop wait at port
05-19 10:49:08.231 463 491 D RIL-DEV : Get modem info
05-19 10:49:08.232 463 491 D RIL-DEV : [05-19_10:49:08:232] idVendor = 0bda
05-19 10:49:08.232 463 491 D RIL-DEV :
05-19 10:49:08.232 463 491 D RIL-DEV : [05-19_10:49:08:232] idVendor = 05e3
05-19 10:49:08.232 463 491 D RIL-DEV :
05-19 10:49:08.232 463 491 D RIL-DEV : [05-19_10:49:08:233] idVendor = 1d6b
05-19 10:49:08.232 463 491 D RIL-DEV :
05-19 10:49:08.232 463 491 D RIL-DEV : [05-19_10:49:08:233] idVendor = 1d6b
05-19 10:49:08.232 463 491 D RIL-DEV :
05-19 10:49:08.233 463 491 D RIL-DEV : [05-19_10:49:08:233] idVendor = 0bda
05-19 10:49:08.233 463 491 D RIL-DEV :
05-19 10:49:08.233 463 491 D RIL-DEV : [05-19_10:49:08:234] idVendor = 1d6b
05-19 10:49:08.233 463 491 D RIL-DEV :
05-19 10:49:08.234 463 491 D RIL-DEV : [05-19_10:49:08:234] idVendor = 2109
05-19 10:49:08.234 463 491 D RIL-DEV :
05-19 10:49:08.234 463 491 D RIL-DEV : [05-19_10:49:08:234] idVendor = 2109
05-19 10:49:08.234 463 491 D RIL-DEV :
05-19 10:49:08.234 463 491 D RIL-DEV : [05-19_10:49:08:235] idVendor = 1d6b
05-19 10:49:08.234 463 491 D RIL-DEV :
05-19 10:49:08.235 463 491 D RIL-DEV : [05-19_10:49:08:235] idVendor = 0bda
05-19 10:49:08.235 463 491 D RIL-DEV :
05-19 10:49:08.235 463 491 D RIL-DEV : [05-19_10:49:08:235] idVendor = 2109
05-19 10:49:08.235 463 491 D RIL-DEV :
05-19 10:49:08.235 463 491 E RIL-DEV : Cannot find Meig devices
05-19 10:49:08.235 463 491 I RIL : ---> can't find meig usb devices
05-19 10:49:08.736 19442 19442 W ContextImpl: Calling a method in the system process without a qualified user: android.app.ContextImpl.startService:1824 android.content.ContextWrapper.startService:774 com.ebensz.appmanager.service.UploadMyAppsInfoService$1.handleMessage:63 android.os.Handler.dispatchMessage:106 android.os.Looper.loopOnce:201
05-19 10:49:09.001 1272 1272 W ContextImpl: Calling a method in the system process without a qualified user: android.app.ContextImpl.sendBroadcast:1181 android.content.ContextWrapper.sendBroadcast:479 cn.eben.newweather.DateWeatherService.a:19 cn.eben.newweather.DateWeatherService.a:0 cn.eben.newweather.DateWeatherService$1.handleMessage:7
05-21 09:00:32.405 542 542 I : read descriptors
05-21 09:00:32.405 542 542 I : read strings
05-21 09:00:32.409 1 1 I init : processing action (sys.usb.config=adb && sys.usb.configfs=1 && sys.usb.ffs.ready=1) from (/system/etc/init/hw/init.usb.configfs.rc:20)
05-21 09:00:32.410 1 1 I init : Command 'symlink /config/usb_gadget/g1/functions/ffs.adb /config/usb_gadget/g1/configs/b.1/f1' action=sys.usb.config=adb && sys.usb.configfs=1 && sys.usb.ffs.ready=1 (/system/etc/init/hw/init.usb.configfs.rc:22) took 0ms and failed: symlink() failed: File exists
05-21 09:00:32.410 1 1 I init : Command 'write /config/usb_gadget/g1/UDC ${sys.usb.controller}' action=sys.usb.config=adb && sys.usb.configfs=1 && sys.usb.ffs.ready=1 (/system/etc/init/hw/init.usb.configfs.rc:23) took 0ms and failed: Unable to write to file '/config/usb_gadget/g1/UDC': Unable to write file contents: Device or resource busy
05-19 10:49:10.002 1272 1272 W ContextImpl: Calling a method in the system process without a qualified user: android.app.ContextImpl.sendBroadcast:1181 android.content.ContextWrapper.sendBroadcast:479 cn.eben.newweather.DateWeatherService.a:19 cn.eben.newweather.DateWeatherService.a:0 cn.eben.newweather.DateWeatherService$1.handleMessage:7
05-21 09:00:33.465 542 542 I : read descriptors
05-21 09:00:33.465 542 542 I : read strings
05-21 09:00:33.467 1 1 I init : processing action (sys.usb.config=adb && sys.usb.configfs=1 && sys.usb.ffs.ready=1) from (/system/etc/init/hw/init.usb.configfs.rc:20)
05-21 09:00:33.469 1 1 I init : Command 'symlink /config/usb_gadget/g1/functions/ffs.adb /config/usb_gadget/g1/configs/b.1/f1' action=sys.usb.config=adb && sys.usb.configfs=1 && sys.usb.ffs.ready=1 (/system/etc/init/hw/init.usb.configfs.rc:22) took 0ms and failed: symlink() failed: File exists
05-21 09:00:33.470 1 1 I init : Command 'write /config/usb_gadget/g1/UDC ${sys.usb.controller}' action=sys.usb.config=adb && sys.usb.configfs=1 && sys.usb.ffs.ready=1 (/system/etc/init/hw/init.usb.configfs.rc:23) took 0ms and failed: Unable to write to file '/config/usb_gadget/g1/UDC': Unable to write file contents: Device or resource busy
05-19 10:49:10.236 463 491 I RIL : ---> enter mainloop wait at port
05-19 10:49:10.236 463 491 D RIL-DEV : Get modem info
05-19 10:49:10.236 463 491 D RIL-DEV : [05-19_10:49:10:237] idVendor = 0bda
05-19 10:49:10.236 463 491 D RIL-DEV :
05-19 10:49:10.237 463 491 D RIL-DEV : [05-19_10:49:10:237] idVendor = 05e3
05-19 10:49:10.237 463 491 D RIL-DEV :
05-19 10:49:10.237 463 491 D RIL-DEV : [05-19_10:49:10:238] idVendor = 1d6b
05-19 10:49:10.237 463 491 D RIL-DEV :
05-19 10:49:10.237 463 491 D RIL-DEV : [05-19_10:49:10:238] idVendor = 1d6b
05-19 10:49:10.237 463 491 D RIL-DEV :
05-19 10:49:10.238 463 491 D RIL-DEV : [05-19_10:49:10:238] idVendor = 0bda
05-19 10:49:10.238 463 491 D RIL-DEV :
05-19 10:49:10.238 463 491 D RIL-DEV : [05-19_10:49:10:239] idVendor = 1d6b
05-19 10:49:10.238 463 491 D RIL-DEV :
05-19 10:49:10.238 463 491 D RIL-DEV : [05-19_10:49:10:239] idVendor = 2109
05-19 10:49:10.238 463 491 D RIL-DEV :
05-19 10:49:10.239 463 491 D RIL-DEV : [05-19_10:49:10:239] idVendor = 2109
05-19 10:49:10.239 463 491 D RIL-DEV :
05-19 10:49:10.239 463 491 D RIL-DEV : [05-19_10:49:10:240] idVendor = 1d6b
05-19 10:49:10.239 463 491 D RIL-DEV :
05-19 10:49:10.239 463 491 D RIL-DEV : [05-19_10:49:10:240] idVendor = 0bda
05-19 10:49:10.239 463 491 D RIL-DEV :
05-19 10:49:10.240 463 491 D RIL-DEV : [05-19_10:49:10:240] idVendor = 2109
05-19 10:49:10.240 463 491 D RIL-DEV :
05-19 10:49:10.240 463 491 E RIL-DEV : Cannot find Meig devices
05-19 10:49:10.240 463 491 I RIL : ---> can't find meig usb devices
05-19 10:49:11.002 1272 1272 W ContextImpl: Calling a method in the system process without a qualified user: android.app.ContextImpl.sendBroadcast:1181 android.content.ContextWrapper.sendBroadcast:479 cn.eben.newweather.DateWeatherService.a:19 cn.eben.newweather.DateWeatherService.a:0 cn.eben.newweather.DateWeatherService$1.handleMessage:7
05-21 09:00:34.515 542 542 I : read descriptors
05-21 09:00:34.515 542 542 I : read strings
05-21 09:00:34.517 1 1 I init : processing action (sys.usb.config=adb && sys.usb.configfs=1 && sys.usb.ffs.ready=1) from (/system/etc/init/hw/init.usb.configfs.rc:20)
05-19 10:49:12.001 1272 1272 W ContextImpl: Calling a method in the system process without a qualified user: android.app.ContextImpl.sendBroadcast:1181 android.content.ContextWrapper.sendBroadcast:479 cn.eben.newweather.DateWeatherService.a:19 cn.eben.newweather.DateWeatherService.a:0 cn.eben.newweather.DateWeatherService$1.handleMessage:7
05-21 09:00:35.561 542 542 I : read descriptors
05-21 09:00:35.562 542 542 I : read strings
05-19 10:49:12.234 627 1967 W ContentProviderHelper: Permission Denial: opening provider com.android.providers.contacts.ContactsProvider2 from ProcessRecord{552b742 1631:cn.eben.sync/u0a63} (pid=1631, uid=10063) requires android.permission.READ_CONTACTS or android.permission.WRITE_CONTACTS
05-19 10:49:12.240 463 491 I RIL : ---> enter mainloop wait at port
05-19 10:49:12.240 463 491 D RIL-DEV : Get modem info
05-19 10:49:12.241 463 491 D RIL-DEV : [05-19_10:49:12:241] idVendor = 0bda
05-19 10:49:12.241 463 491 D RIL-DEV :
05-19 10:49:12.241 463 491 D RIL-DEV : [05-19_10:49:12:241] idVendor = 05e3
05-19 10:49:12.241 463 491 D RIL-DEV :
05-19 10:49:12.241 463 491 D RIL-DEV : [05-19_10:49:12:242] idVendor = 1d6b
05-19 10:49:12.241 463 491 D RIL-DEV :
05-19 10:49:12.241 463 491 D RIL-DEV : [05-19_10:49:12:242] idVendor = 1d6b
05-19 10:49:12.241 463 491 D RIL-DEV :
05-19 10:49:12.241 463 491 D RIL-DEV : [05-19_10:49:12:242] idVendor = 0bda
05-19 10:49:12.241 463 491 D RIL-DEV :
05-19 10:49:12.241 463 491 D RIL-DEV : [05-19_10:49:12:242] idVendor = 1d6b
05-19 10:49:12.241 463 491 D RIL-DEV :
05-19 10:49:12.242 463 491 D RIL-DEV : [05-19_10:49:12:242] idVendor = 2109
05-19 10:49:12.242 463 491 D RIL-DEV :
05-19 10:49:12.242 463 491 D RIL-DEV : [05-19_10:49:12:242] idVendor = 2109
05-19 10:49:12.242 463 491 D RIL-DEV :
05-19 10:49:12.242 463 491 D RIL-DEV : [05-19_10:49:12:242] idVendor = 1d6b
05-19 10:49:12.242 463 491 D RIL-DEV :
05-19 10:49:12.242 463 491 D RIL-DEV : [05-19_10:49:12:242] idVendor = 0bda
05-19 10:49:12.242 463 491 D RIL-DEV :
05-19 10:49:12.242 463 491 D RIL-DEV : [05-19_10:49:12:243] idVendor = 2109
05-19 10:49:12.242 463 491 D RIL-DEV :
05-19 10:49:12.242 463 491 E RIL-DEV : Cannot find Meig devices
05-19 10:49:12.242 463 491 I RIL : ---> can't find meig usb devices
05-19 10:49:13.001 1272 1272 W ContextImpl: Calling a method in the system process without a qualified user: android.app.ContextImpl.sendBroadcast:1181 android.content.ContextWrapper.sendBroadcast:479 cn.eben.newweather.DateWeatherService.a:19 cn.eben.newweather.DateWeatherService.a:0 cn.eben.newweather.DateWeatherService$1.handleMessage:7
05-21 09:00:36.612 542 542 I : read descriptors
05-21 09:00:36.612 542 542 I : read strings
05-21 09:00:36.615 1 1 I init : processing action (sys.usb.config=adb && sys.usb.configfs=1 && sys.usb.ffs.ready=1) from (/system/etc/init/hw/init.usb.configfs.rc:20)
05-21 09:00:36.616 1 1 I init : Command 'symlink /config/usb_gadget/g1/functions/ffs.adb /config/usb_gadget/g1/configs/b.1/f1' action=sys.usb.config=adb && sys.usb.configfs=1 && sys.usb.ffs.ready=1 (/system/etc/init/hw/init.usb.configfs.rc:22) took 0ms and failed: symlink() failed: File exists
05-21 09:00:36.617 1 1 I init : Command 'write /config/usb_gadget/g1/UDC ${sys.usb.controller}' action=sys.usb.config=adb && sys.usb.configfs=1 && sys.usb.ffs.ready=1 (/system/etc/init/hw/init.usb.configfs.rc:23) took 0ms and failed: Unable to write to file '/config/usb_gadget/g1/UDC': Unable to write file contents: Device or resource busy
05-19 10:49:14.001 1272 1272 W ContextImpl: Calling a method in the system process without a qualified user: android.app.ContextImpl.sendBroadcast:1181 android.content.ContextWrapper.sendBroadcast:479 cn.eben.newweather.DateWeatherService.a:19 cn.eben.newweather.DateWeatherService.a:0 cn.eben.newweather.DateWeatherService$1.handleMessage:7
05-19 10:49:14.243 463 491 I RIL : ---> enter mainloop wait at port
05-19 10:49:14.243 463 491 D RIL-DEV : Get modem info
05-19 10:49:14.244 463 491 D RIL-DEV : [05-19_10:49:14:244] idVendor = 0bda
05-19 10:49:14.244 463 491 D RIL-DEV :
05-19 10:49:14.244 463 491 D RIL-DEV : [05-19_10:49:14:244] idVendor = 05e3
05-19 10:49:14.244 463 491 D RIL-DEV :
05-19 10:49:14.244 463 491 D RIL-DEV : [05-19_10:49:14:245] idVendor = 1d6b
05-19 10:49:14.244 463 491 D RIL-DEV :
05-19 10:49:14.245 463 491 D RIL-DEV : [05-19_10:49:14:245] idVendor = 1d6b
05-19 10:49:14.245 463 491 D RIL-DEV :
05-19 10:49:14.245 463 491 D RIL-DEV : [05-19_10:49:14:245] idVendor = 0bda
05-19 10:49:14.245 463 491 D RIL-DEV :
05-19 10:49:14.245 463 491 D RIL-DEV : [05-19_10:49:14:246] idVendor = 1d6b
05-19 10:49:14.245 463 491 D RIL-DEV :
05-19 10:49:14.246 463 491 D RIL-DEV : [05-19_10:49:14:246] idVendor = 2109
05-19 10:49:14.246 463 491 D RIL-DEV :
05-19 10:49:14.246 463 491 D RIL-DEV : [05-19_10:49:14:246] idVendor = 2109
05-19 10:49:14.246 463 491 D RIL-DEV :
05-19 10:49:14.246 463 491 D RIL-DEV : [05-19_10:49:14:247] idVendor = 1d6b
05-19 10:49:14.246 463 491 D RIL-DEV :
05-19 10:49:14.247 463 491 D RIL-DEV : [05-19_10:49:14:247] idVendor = 0bda
05-19 10:49:14.247 463 491 D RIL-DEV :
05-19 10:49:14.248 463 491 D RIL-DEV : [05-19_10:49:14:248] idVendor = 2109
05-19 10:49:14.248 463 491 D RIL-DEV :
05-19 10:49:14.248 463 491 E RIL-DEV : Cannot find Meig devices
05-19 10:49:14.248 463 491 I RIL : ---> can't find meig usb devices
05-19 10:49:14.295 627 668 V DisplayPowerController[0]: Brightness [0.05] reason changing to: 'manual [ dim ]', previous reason: 'manual'.
05-19 10:49:14.295 627 668 I sysui_multi_action: [757,1696,758,6,759,2]
05-21 09:00:37.652 542 542 I : read descriptors
05-21 09:00:37.652 542 542 I : read strings
05-21 09:00:37.653 1 1 I init : processing action (sys.usb.config=adb && sys.usb.configfs=1 && sys.usb.ffs.ready=1) from (/system/etc/init/hw/init.usb.configfs.rc:20)
05-21 09:00:37.655 1 1 I init : Command 'symlink /config/usb_gadget/g1/functions/ffs.adb /config/usb_gadget/g1/configs/b.1/f1' action=sys.usb.config=adb && sys.usb.configfs=1 && sys.usb.ffs.ready=1 (/system/etc/init/hw/init.usb.configfs.rc:22) took 0ms and failed: symlink() failed: File exists
05-21 09:00:37.655 1 1 I init : Command 'write /config/usb_gadget/g1/UDC ${sys.usb.controller}' action=sys.usb.config=adb && sys.usb.configfs=1 && sys.usb.ffs.ready=1 (/system/etc/init/hw/init.usb.configfs.rc:23) took 0ms and failed: Unable to write to file '/config/usb_gadget/g1/UDC': Unable to write file contents: Device or resource busy
05-19 10:49:15.001 1272 1272 W ContextImpl: Calling a method in the system process without a qualified user: android.app.ContextImpl.sendBroadcast:1181 android.content.ContextWrapper.sendBroadcast:479 cn.eben.newweather.DateWeatherService.a:19 cn.eben.newweather.DateWeatherService.a:0 cn.eben.newweather.DateWeatherService$1.handleMessage:7
05-21 09:00:38.698 542 542 I : read descriptors
05-21 09:00:38.698 542 542 I : read strings
05-21 09:00:38.700 1 1 I init : processing action (sys.usb.config=adb && sys.usb.configfs=1 && sys.usb.ffs.ready=1) from (/system/etc/init/hw/init.usb.configfs.rc:20)
05-21 09:00:38.703 1 1 I init : Command 'symlink /config/usb_gadget/g1/functions/ffs.adb /config/usb_gadget/g1/configs/b.1/f1' action=sys.usb.config=adb && sys.usb.configfs=1 && sys.usb.ffs.ready=1 (/system/etc/init/hw/init.usb.configfs.rc:22) took 0ms and failed: symlink() failed: File exists
05-21 09:00:38.704 1 1 I init : Command 'write /config/usb_gadget/g1/UDC ${sys.usb.controller}' action=sys.usb.config=adb && sys.usb.configfs=1 && sys.usb.ffs.ready=1 (/system/etc/init/hw/init.usb.configfs.rc:23) took 0ms and failed: Unable to write to file '/config/usb_gadget/g1/UDC': Unable to write file contents: Device or resource busy
05-19 10:49:16.002 1272 1272 W ContextImpl: Calling a method in the system process without a qualified user: android.app.ContextImpl.sendBroadcast:1181 android.content.ContextWrapper.sendBroadcast:479 cn.eben.newweather.DateWeatherService.a:19 cn.eben.newweather.DateWeatherService.a:0 cn.eben.newweather.DateWeatherService$1.handleMessage:7
05-19 10:49:16.248 463 491 I RIL : ---> enter mainloop wait at port
05-19 10:49:16.249 463 491 D RIL-DEV : Get modem info
05-19 10:49:16.249 463 491 D RIL-DEV : [05-19_10:49:16:250] idVendor = 0bda
05-19 10:49:16.249 463 491 D RIL-DEV :
05-19 10:49:16.250 463 491 D RIL-DEV : [05-19_10:49:16:250] idVendor = 05e3
05-19 10:49:16.250 463 491 D RIL-DEV :
05-19 10:49:16.250 463 491 D RIL-DEV : [05-19_10:49:16:251] idVendor = 1d6b
05-19 10:49:16.250 463 491 D RIL-DEV :
05-19 10:49:16.250 463 491 D RIL-DEV : [05-19_10:49:16:251] idVendor = 1d6b
05-19 10:49:16.250 463 491 D RIL-DEV :
05-19 10:49:16.251 463 491 D RIL-DEV : [05-19_10:49:16:252] idVendor = 0bda
05-19 10:49:16.251 463 491 D RIL-DEV :
05-19 10:49:16.252 463 491 D RIL-DEV : [05-19_10:49:16:252] idVendor = 1d6b
05-19 10:49:16.252 463 491 D RIL-DEV :
05-19 10:49:16.252 463 491 D RIL-DEV : [05-19_10:49:16:253] idVendor = 2109
05-19 10:49:16.252 463 491 D RIL-DEV :
05-19 10:49:16.253 463 491 D RIL-DEV : [05-19_10:49:16:253] idVendor = 2109
05-19 10:49:16.253 463 491 D RIL-DEV :
05-19 10:49:16.253 463 491 D RIL-DEV : [05-19_10:49:16:253] idVendor = 1d6b
05-19 10:49:16.253 463 491 D RIL-DEV :
05-19 10:49:16.253 463 491 D RIL-DEV : [05-19_10:49:16:254] idVendor = 0bda
05-19 10:49:16.253 463 491 D RIL-DEV :
05-19 10:49:16.254 463 491 D RIL-DEV : [05-19_10:49:16:254] idVendor = 2109
05-19 10:49:16.254 463 491 D RIL-DEV :
05-19 10:49:16.254 463 491 E RIL-DEV : Cannot find Meig devices
05-19 10:49:16.254 463 491 I RIL : ---> can't find meig usb devices
05-21 09:00:39.755 542 542 I : read descriptors
05-21 09:00:39.755 542 542 I : read strings
05-21 09:00:39.757 1 1 I init : processing action (sys.usb.config=adb && sys.usb.configfs=1 && sys.usb.ffs.ready=1) from (/system/etc/init/hw/init.usb.configfs.rc:20)
05-19 10:49:17.001 1272 1272 W ContextImpl: Calling a method in the system process without a qualified user: android.app.ContextImpl.sendBroadcast:1181 android.content.ContextWrapper.sendBroadcast:479 cn.eben.newweather.DateWeatherService.a:19 cn.eben.newweather.DateWeatherService.a:0 cn.eben.newweather.DateWeatherService$1.handleMessage:7
05-19 10:49:17.238 627 1967 W ContentProviderHelper: Permission Denial: opening provider com.android.providers.contacts.ContactsProvider2 from ProcessRecord{552b742 1631:cn.eben.sync/u0a63} (pid=1631, uid=10063) requires android.permission.READ_CONTACTS or android.permission.WRITE_CONTACTS
05-19 10:49:17.290 627 668 I PowerManagerService: Powering off display group due to timeout (groupId= 0, uid= 1000)...
05-19 10:49:17.290 627 668 I PowerManagerService: Going to sleep due to timeout (uid 1000)...
05-19 10:49:17.292 627 668 I power_sleep_requested: 0
05-19 10:49:17.388 627 668 V DisplayPowerController[0]: Brightness [0.5472441] reason changing to: 'manual', previous reason: 'manual [ dim ]'.
05-19 10:49:17.388 627 668 I sysui_multi_action: [757,1696,758,6,759,0]
05-21 09:00:40.802 542 542 I : read descriptors
05-21 09:00:40.802 542 542 I : read strings
05-19 10:49:17.807 627 668 I DisplayPowerController[0]: Blocking screen off
05-19 10:49:17.808 627 668 I DisplayPowerController[0]: Unblocked screen off after 1 ms
05-19 10:49:17.811 627 668 D ActivityTaskManager: Top Process State changed to PROCESS_STATE_TOP_SLEEPING
05-19 10:49:17.813 627 668 I wm_pause_activity: [0,214771548,com.android.launcher3/.uioverrides.QuickstepLauncher,userLeaving=false,sleep]
05-19 10:49:17.813 1030 1030 I wm_on_top_resumed_lost_called: [214771548,com.android.launcher3.uioverrides.QuickstepLauncher,topStateChangedWhenResumed]
05-19 10:49:17.814 1030 1030 I wm_on_paused_called: [214771548,com.android.launcher3.uioverrides.QuickstepLauncher,performPause]
05-19 10:49:17.822 627 16764 I wm_add_to_stopping: [0,214771548,com.android.launcher3/.uioverrides.QuickstepLauncher,completePauseLocked]
05-21 09:00:41.155 468 468 I gsensor_mxc6655 5-0015: set sensor poll time to 200ms
05-19 10:49:17.839 627 647 I wm_stop_activity: [0,214771548,com.android.launcher3/.uioverrides.QuickstepLauncher]
05-19 10:49:17.839 627 710 I input_focus: [Focus leaving 334f74b com.android.launcher3/com.android.launcher3.uioverrides.QuickstepLauncher (server),reason=NOT_VISIBLE]
05-19 10:49:17.841 627 668 V DisplayPowerController[0]: Brightness [0.003937008] reason changing to: 'screen_off', previous reason: 'manual'.
05-19 10:49:17.843 627 647 I sysui_multi_action: [757,803,799,window_time_0,802,60]
05-19 10:49:17.846 627 647 I DisplayDeviceRepository: Display device changed state: "内置屏幕", OFF
05-19 10:49:17.885 1030 1030 I wm_on_stop_called: [214771548,com.android.launcher3.uioverrides.QuickstepLauncher,STOP_ACTIVITY_ITEM]
05-19 10:49:18.002 1272 1272 W ContextImpl: Calling a method in the system process without a qualified user: android.app.ContextImpl.sendBroadcast:1181 android.content.ContextWrapper.sendBroadcast:479 cn.eben.newweather.DateWeatherService.a:19 cn.eben.newweather.DateWeatherService.a:0 cn.eben.newweather.DateWeatherService$1.handleMessage:7
05-21 09:00:41.508 352 352 I rockchip-vop2 fdd90000.vop: [drm:vop2_crtc_atomic_disable] Crtc atomic disable vp2
05-21 09:00:41.521 352 352 E rockchip-vop2 fdd90000.vop: [drm:vop2_crtc_atomic_disable] *ERROR* unexpected power on pd7
05-19 10:49:18.194 627 668 I PowerManagerService: Sleeping display group (groupId=0, uid=1000)...
05-19 10:49:18.194 627 668 I PowerManagerService: Sleeping (uid 1000)...
05-19 10:49:18.197 627 627 I sysui_multi_action: [757,198,758,2,759,3,1359,905,1695,2]
05-19 10:49:18.198 627 627 I power_screen_state: [0,3,0,0,905]
05-19 10:49:18.198 627 627 I screen_toggled: 0
05-19 10:49:18.198 627 627 I sysui_multi_action: [757,804,799,screen_timeout,801,15,802,1]
05-19 10:49:18.199 627 627 I sysui_multi_action: [757,1594,758,4,759,-2147483648,1359,14944]
05-19 10:49:18.199 627 627 I power_screen_broadcast_send: 1
05-19 10:49:18.232 627 627 I battery_saving_stats: [0,1,0,15489,0,0,59461929,0,-6]
05-19 10:49:18.237 975 975 D DCT-C-0 : screen off
05-19 10:49:18.237 975 975 D DCT-C-0 : stopNetStatPoll
05-19 10:49:18.254 463 491 I RIL : ---> enter mainloop wait at port
05-19 10:49:18.255 463 491 D RIL-DEV : Get modem info
05-19 10:49:18.255 463 491 D RIL-DEV : [05-19_10:49:18:256] idVendor = 0bda
05-19 10:49:18.255 463 491 D RIL-DEV :
05-19 10:49:18.256 463 491 D RIL-DEV : [05-19_10:49:18:256] idVendor = 05e3
05-19 10:49:18.256 463 491 D RIL-DEV :
05-19 10:49:18.256 463 491 D RIL-DEV : [05-19_10:49:18:257] idVendor = 1d6b
05-19 10:49:18.256 463 491 D RIL-DEV :
05-19 10:49:18.256 463 491 D RIL-DEV : [05-19_10:49:18:257] idVendor = 1d6b
05-19 10:49:18.256 463 491 D RIL-DEV :
05-19 10:49:18.257 463 491 D RIL-DEV : [05-19_10:49:18:257] idVendor = 0bda
05-19 10:49:18.257 463 491 D RIL-DEV :
05-19 10:49:18.257 463 491 D RIL-DEV : [05-19_10:49:18:258] idVendor = 1d6b
05-19 10:49:18.257 463 491 D RIL-DEV :
05-19 10:49:18.257 463 491 D RIL-DEV : [05-19_10:49:18:258] idVendor = 2109
05-19 10:49:18.257 463 491 D RIL-DEV :
05-19 10:49:18.258 463 491 D RIL-DEV : [05-19_10:49:18:258] idVendor = 2109
05-19 10:49:18.258 463 491 D RIL-DEV :
05-19 10:49:18.258 463 491 D RIL-DEV : [05-19_10:49:18:259] idVendor = 1d6b
05-19 10:49:18.258 463 491 D RIL-DEV :
05-19 10:49:18.258 463 491 D RIL-DEV : [05-19_10:49:18:259] idVendor = 0bda
05-19 10:49:18.258 463 491 D RIL-DEV :
05-19 10:49:18.259 463 491 D RIL-DEV : [05-19_10:49:18:259] idVendor = 2109
05-19 10:49:18.259 463 491 D RIL-DEV :
05-19 10:49:18.259 463 491 E RIL-DEV : Cannot find Meig devices
05-19 10:49:18.259 463 491 I RIL : ---> can't find meig usb devices
05-19 10:49:18.264 627 627 I power_screen_broadcast_done: [0,65,1]
05-19 10:49:18.266 627 9940 W ActivityManager: Ignoring request to force stop protected package u0
05-21 09:00:41.706 2551 2551 I PM : suspend entry (deep)
05-21 09:00:41.721 2551 2551 I Filesystems sync: 0.014 seconds
05-19 10:50:02.366 1272 1272 W ContextImpl: Calling a method in the system process without a qualified user: android.app.ContextImpl.sendBroadcast:1181 android.content.ContextWrapper.sendBroadcast:479 cn.eben.newweather.DateWeatherService.a:19 cn.eben.newweather.DateWeatherService.a:0 cn.eben.newweather.DateWeatherService$1.handleMessage:7
05-19 10:50:02.368 463 491 I RIL : ---> enter mainloop wait at port
05-19 10:50:02.368 463 491 D RIL-DEV : Get modem info
05-19 10:50:02.368 463 491 D RIL-DEV : [05-19_10:50:02:369] idVendor = 0bda
05-19 10:50:02.368 463 491 D RIL-DEV :
05-19 10:50:02.368 463 491 D RIL-DEV : [05-19_10:50:02:369] idVendor = 05e3
05-19 10:50:02.368 463 491 D RIL-DEV :
05-19 10:50:02.368 463 491 D RIL-DEV : [05-19_10:50:02:369] idVendor = 1d6b
05-19 10:50:02.368 463 491 D RIL-DEV :
05-19 10:50:02.368 463 491 D RIL-DEV : [05-19_10:50:02:369] idVendor = 1d6b
05-19 10:50:02.368 463 491 D RIL-DEV :
05-19 10:50:02.369 463 491 D RIL-DEV : [05-19_10:50:02:369] idVendor = 0bda
05-19 10:50:02.369 463 491 D RIL-DEV :
05-19 10:50:02.369 463 491 D RIL-DEV : [05-19_10:50:02:369] idVendor = 1d6b
05-19 10:50:02.369 463 491 D RIL-DEV :
05-19 10:50:02.369 463 491 D RIL-DEV : [05-19_10:50:02:369] idVendor = 2109
05-19 10:50:02.369 463 491 D RIL-DEV :
05-19 10:50:02.369 463 491 D RIL-DEV : [05-19_10:50:02:369] idVendor = 1d6b
05-19 10:50:02.369 463 491 D RIL-DEV :
05-19 10:50:02.369 463 491 D RIL-DEV : [05-19_10:50:02:369] idVendor = 0bda
05-19 10:50:02.369 463 491 D RIL-DEV :
05-19 10:50:02.369 463 491 D RIL-DEV : [05-19_10:50:02:370] idVendor = 2109
05-19 10:50:02.369 463 491 D RIL-DEV :
05-19 10:50:02.369 463 491 E RIL-DEV : Cannot find Meig devices
05-19 10:50:02.369 463 491 I RIL : ---> can't find meig usb devices
05-21 09:00:41.721 2551 2551 I : Freezing user space processes ... (elapsed 0.011 seconds) done.
05-21 09:00:41.732 2551 2551 I : OOM killer disabled.
05-21 09:00:41.732 2551 2551 I : Freezing remaining freezable tasks ... (elapsed 0.179 seconds) done.
05-21 09:00:41.912 2551 2551 I printk : Suspending console(s) (use no_console_suspend to debug)
05-21 09:00:41.997 2551 2551 E regulator-dummy: Underflow of regulator enable count
05-21 09:00:41.997 2551 2551 E wacom_i2c 4-0009: disable regulator failed -22
05-21 09:00:42.244 2551 2551 I : Disabling non-boot CPUs ...
05-21 09:00:42.245 2551 2551 I psci : CPU1 killed (polled 0 ms)
05-21 09:00:42.247 2551 2551 I psci : CPU2 killed (polled 0 ms)
05-21 09:00:42.249 2551 2551 I psci : CPU3 killed (polled 0 ms)
05-21 09:00:42.251 2551 2551 I psci : CPU4 killed (polled 4 ms)
05-21 09:00:42.254 2551 2551 I psci : CPU5 killed (polled 0 ms)
05-21 09:00:42.256 2551 2551 I psci : CPU6 killed (polled 0 ms)
05-21 09:00:42.258 2551 2551 I psci : CPU7 killed (polled 0 ms)
05-21 09:01:23.885 0 0 W [ C0] PM: pm_system_irq_wakeup: 114 triggered hym8563
05-21 09:01:23.885 2551 2551 I : Enabling non-boot CPUs ...
05-21 09:01:23.886 0 0 I : Detected VIPT I-cache on CPU1
05-21 09:01:23.886 0 0 I GICv3 : CPU1: found redistributor 100 region 0:0x00000000fe6a0000
05-21 09:01:23.886 0 0 I CPU1 : Booted secondary processor 0x0000000100 [0x412fd050]
05-21 09:01:23.887 2551 2551 I : CPU1 is up
05-21 09:01:23.888 0 0 I : Detected VIPT I-cache on CPU2
05-21 09:01:23.889 0 0 I GICv3 : CPU2: found redistributor 200 region 0:0x00000000fe6c0000
05-21 09:01:23.889 0 0 I CPU2 : Booted secondary processor 0x0000000200 [0x412fd050]
05-21 09:01:23.889 2551 2551 I : CPU2 is up
05-21 09:01:23.890 0 0 I : Detected VIPT I-cache on CPU3
05-21 09:01:23.890 0 0 I GICv3 : CPU3: found redistributor 300 region 0:0x00000000fe6e0000
05-21 09:01:23.890 0 0 I CPU3 : Booted secondary processor 0x0000000300 [0x412fd050]
05-21 09:01:23.891 2551 2551 I : CPU3 is up
05-21 09:01:23.892 0 0 I : Detected PIPT I-cache on CPU4
05-21 09:01:23.892 0 0 I GICv3 : CPU4: found redistributor 400 region 0:0x00000000fe700000
05-21 09:01:23.892 0 0 I CPU4 : Booted secondary processor 0x0000000400 [0x414fd0b0]
05-21 09:01:23.893 2551 2551 I : CPU4 is up
05-21 09:01:23.894 0 0 I : Detected PIPT I-cache on CPU5
05-21 09:01:23.894 0 0 I GICv3 : CPU5: found redistributor 500 region 0:0x00000000fe720000
05-21 09:01:23.894 0 0 I CPU5 : Booted secondary processor 0x0000000500 [0x414fd0b0]
05-21 09:01:23.895 2551 2551 I : CPU5 is up
05-21 09:01:23.896 0 0 I : Detected PIPT I-cache on CPU6
05-21 09:01:23.896 0 0 I GICv3 : CPU6: found redistributor 600 region 0:0x00000000fe740000
05-21 09:01:23.896 0 0 I CPU6 : Booted secondary processor 0x0000000600 [0x414fd0b0]
05-21 09:01:23.897 2551 2551 I : CPU6 is up
05-21 09:01:23.898 0 0 I : Detected PIPT I-cache on CPU7
05-21 09:01:23.898 0 0 I GICv3 : CPU7: found redistributor 700 region 0:0x00000000fe760000
05-21 09:01:23.898 0 0 I CPU7 : Booted secondary processor 0x0000000700 [0x414fd0b0]
05-21 09:01:23.899 2551 2551 I : CPU7 is up
05-21 09:01:23.906 2551 2551 I rk_gmac-dwmac fe1c0000.ethernet: init for RGMII
05-21 09:01:23.906 20087 20087 I usb1 : root hub lost power or was reset
05-21 09:01:23.914 20105 20105 I usb3 : root hub lost power or was reset
05-21 09:01:23.914 20105 20105 I usb4 : root hub lost power or was reset
05-21 09:01:23.915 2551 2551 E PM : dpm_run_callback(): wacom_i2c_resume+0x0/0xdc returns -6
05-21 09:01:23.915 2551 2551 E PM : Device 4-0009 failed to resume: error -6
05-21 09:01:23.978 2551 2551 I usb2 : root hub lost power or was reset
05-21 09:01:24.162 20097 20097 I usb 4-1 : reset SuperSpeed Gen 1 USB device number 2 using xhci-hcd
05-21 09:01:24.301 20113 20113 I usb 3-1 : reset high-speed USB device number 2 using xhci-hcd
05-21 09:01:24.812 17830 17830 I usb 4-1.3: reset SuperSpeed Gen 1 USB device number 3 using xhci-hcd
05-21 09:01:24.908 20091 20091 I usb 4-1.1: reset SuperSpeed Gen 1 USB device number 5 using xhci-hcd
05-21 09:01:25.001 20114 20114 I usb 4-1.4: reset SuperSpeed Gen 1 USB device number 4 using xhci-hcd
05-21 09:01:25.028 20120 20120 I r8152 4-1.4: 1.0: skip request firmware
05-21 09:01:25.178 20116 20116 I usb 3-1.5: reset high-speed USB device number 24 using xhci-hcd
05-21 09:01:25.320 20116 20116 E PM : dpm_run_callback(): usb_dev_resume+0x0/0x28 returns -5
05-21 09:01:25.320 20116 20116 E PM : Device 3-1.5 failed to resume async: error -5
05-21 09:01:25.391 20106 20106 I usb 3-1.3: reset high-speed USB device number 3 using xhci-hcd
05-21 09:01:25.692 2551 2551 I : OOM killer enabled.
05-21 09:01:25.692 2551 2551 I : Restarting tasks ...
05-21 09:01:25.695 18450 18450 I usb 3-1.5: USB disconnect, device number 24
05-21 09:01:25.715 2551 2551 W : done.
05-21 09:01:25.715 17868 17868 I : mmc_host mmc0: Bus speed (slot 0) = 400000Hz (slot req 400000Hz, actual 400000HZ div = 0)
05-21 09:01:25.715 2551 2551 I : Resume caused by IRQ 114, hym8563
05-21 09:01:25.715 2551 2551 I PM : suspend exit
05-21 09:02:07.348 440 440 W healthd : battery l=100 v=8704 t=26.5 h=1 st=5 c=0 fc=9700000 cc=0 chg=u
05-19 10:50:02.392 627 1967 I am_uid_active: 10041
05-19 10:50:02.393 627 1967 D ActivityManager: sync unfroze 19377 com.eben.ebenback
05-19 10:50:02.393 627 702 I am_unfreeze: [19377,com.eben.ebenback]
05-19 10:50:02.404 627 1967 I ActivityManager: Background started FGS: Allowed [callingPackage: com.eben.ebenback; callingUid: 10041; uidState: RCVR; intent: Intent { act=android.intent.action.EVENT_REMINDER dat=content://com.android.calendar/1747623000000 flg=0x1000010 cmp=com.eben.ebenback/.redmind.NotificationService (has extras) }; code:ALARM_MANAGER_WHILE_IDLE; tempAllowListReason:; targetSdkVersion:28; callerTargetSdkVersion:28; startForegroundCount:0; bindFromPackage:null]
05-19 10:50:02.409 627 1967 I am_uid_running: 10026
05-21 09:02:07.381 17868 17868 I : mmc_host mmc0: Bus speed (slot 0) = 300000Hz (slot req 300000Hz, actual 300000HZ div = 0)
05-21 09:02:07.397 18450 18450 I usb 3-1.5: new high-speed USB device number 25 using xhci-hcd
05-19 10:50:02.437 627 780 I PowerManagerService: Powering on display group fromAsleep (groupId=0, uid=1000, reason=WAKE_REASON_USBDEV_REMOVED, details=android.server.usb: device removed)...
05-19 10:50:02.437 627 780 I PowerManagerService: Waking up from Asleep (uid=1000, reason=WAKE_REASON_USBDEV_REMOVED, details=android.server.usb: device removed)...
05-19 10:50:02.439 627 780 D UsbHostManager: Removed device at /dev/bus/usb/003/024: USB Billboard Device
05-19 10:50:02.439 627 780 I UsbAlsaManager: USB Audio Device Removed: null
05-19 10:50:02.439 627 668 I DisplayPowerController[0]: Blocking screen on until initial contents have been drawn.
05-19 10:50:02.440 627 668 D ActivityTaskManager: Top Process State changed to PROCESS_STATE_TOP
05-19 10:50:02.444 627 668 I wm_set_resumed_activity: [0,com.android.launcher3/.uioverrides.QuickstepLauncher,resumeTopActivity]
05-19 10:50:02.447 627 668 I wm_resume_activity: [0,214771548,29,com.android.launcher3/.uioverrides.QuickstepLauncher]
05-19 10:50:02.450 627 668 V DisplayPowerController[0]: Brightness [0.5472441] reason changing to: 'manual', previous reason: 'screen_off'.
05-19 10:50:02.451 627 668 I sysui_multi_action: [757,1696,758,6,759,3]
05-21 09:02:07.428 17868 17868 I : mmc_host mmc0: Bus speed (slot 0) = 200000Hz (slot req 200000Hz, actual 200000HZ div = 0)
05-19 10:50:02.465 1030 1030 I wm_on_restart_called: [214771548,com.android.launcher3.uioverrides.QuickstepLauncher,performRestartActivity]
05-19 10:50:02.466 1030 1030 I wm_on_start_called: [214771548,com.android.launcher3.uioverrides.QuickstepLauncher,handleStartActivity]
05-19 10:50:02.467 1030 1030 I wm_on_resume_called: [214771548,com.android.launcher3.uioverrides.QuickstepLauncher,RESUME_ACTIVITY]
05-19 10:50:02.467 1030 1030 I wm_on_top_resumed_gained_called: [214771548,com.android.launcher3.uioverrides.QuickstepLauncher,topWhenResuming]
05-21 09:02:07.455 352 352 W : <<-GTP-ERROR->> I2C Read: 0x8047, 1 bytes failed, errcode: -6! Process reset.
05-19 10:50:02.484 627 648 I input_focus: [Focus request 334f74b com.android.launcher3/com.android.launcher3.uioverrides.QuickstepLauncher,reason=UpdateInputWindows]
05-21 09:02:07.465 17868 17868 W dwmmc_rockchip fe2c0000.mmc: failed to set rate 100000Hz
05-21 09:02:07.466 17868 17868 I : mmc_host mmc0: Bus speed (slot 0) = 200000Hz (slot req 100000Hz, actual 100000HZ div = 1)
05-21 09:02:07.474 542 542 I : read descriptors
05-21 09:02:07.474 542 542 I : read strings
05-21 09:02:07.475 1 1 I init : processing action (sys.usb.config=adb && sys.usb.configfs=1 && sys.usb.ffs.ready=1) from (/system/etc/init/hw/init.usb.configfs.rc:20)
05-21 09:02:07.477 1 1 I init : Command 'symlink /config/usb_gadget/g1/functions/ffs.adb /config/usb_gadget/g1/configs/b.1/f1' action=sys.usb.config=adb && sys.usb.configfs=1 && sys.usb.ffs.ready=1 (/system/etc/init/hw/init.usb.configfs.rc:22) took 0ms and failed: symlink() failed: File exists
05-21 09:02:07.477 1 1 I init : Command 'write /config/usb_gadget/g1/UDC ${sys.usb.controller}' action=sys.usb.config=adb && sys.usb.configfs=1 && sys.usb.ffs.ready=1 (/system/etc/init/hw/init.usb.configfs.rc:23) took 0ms and failed: Unable to write to file '/config/usb_gadget/g1/UDC': Unable to write file contents: Device or resource busy
05-21 09:02:07.478 17868 17868 W dwmmc_rockchip fe2c0000.mmc: failed to set rate 100000Hz
05-21 09:02:07.482 17868 17868 W dwmmc_rockchip fe2c0000.mmc: failed to set rate 100000Hz
05-19 10:50:02.512 627 730 I netstats_mobile_sample: [0,0,0,0,0,0,0,0,0,0,0,0,1747623002513]
05-19 10:50:02.512 627 730 I netstats_wifi_sample: [0,0,0,0,0,0,0,0,0,0,0,0,1747623002513]
05-19 10:50:02.515 975 975 D TelephonyNetworkFactory[0]: onNeedNetworkFor NetworkRequest [ REQUEST id=1, [ Capabilities: INTERNET&NOT_RESTRICTED&TRUSTED&NOT_VPN&NOT_VCN_MANAGED RequestorUid: 1000 RequestorPkg: android] ] shouldApply false
05-19 10:50:02.517 975 975 D TelephonyNetworkFactory[0]: onNeedNetworkFor NetworkRequest [ REQUEST id=7, [ Capabilities: INTERNET&NOT_RESTRICTED&TRUSTED&NOT_VCN_MANAGED Uid: 1000 RequestorUid: 1000 RequestorPkg: android] ] shouldApply false
05-19 10:50:02.517 975 975 D TelephonyNetworkFactory[0]: onNeedNetworkFor NetworkRequest [ REQUEST id=15, [ Capabilities: INTERNET&NOT_RESTRICTED&TRUSTED&NOT_VCN_MANAGED Uid: 1000 RequestorUid: 1000 RequestorPkg: android] ] shouldApply false
05-19 10:50:02.518 975 975 D TelephonyNetworkFactory[0]: onNeedNetworkFor NetworkRequest [ REQUEST id=18, [ Capabilities: INTERNET&NOT_RESTRICTED&TRUSTED&NOT_VCN_MANAGED Uid: 10088 RequestorUid: 10088 RequestorPkg: com.android.systemui] ] shouldApply false
05-19 10:50:02.518 975 975 D TelephonyNetworkFactory[0]: onNeedNetworkFor NetworkRequest [ REQUEST id=20, [ Capabilities: INTERNET&NOT_RESTRICTED&TRUSTED&NOT_VCN_MANAGED Uid: 10088 RequestorUid: 10088 RequestorPkg: com.android.systemui] ] shouldApply false
05-19 10:50:02.519 975 975 D TelephonyNetworkFactory[0]: onNeedNetworkFor NetworkRequest [ REQUEST id=23, [ Capabilities: INTERNET&NOT_RESTRICTED&TRUSTED&NOT_VCN_MANAGED Uid: 1000 RequestorUid: 1000 RequestorPkg: com.android.networkstack.inprocess] ] shouldApply false
05-19 10:50:02.519 975 975 D TelephonyNetworkFactory[0]: onNeedNetworkFor NetworkRequest [ REQUEST id=28, [ Capabilities: INTERNET&NOT_RESTRICTED&TRUSTED&NOT_VCN_MANAGED Uid: 1001 RequestorUid: 1001 RequestorPkg: com.android.phone] ] shouldApply false
05-19 10:50:02.520 975 975 D TelephonyNetworkFactory[0]: onNeedNetworkFor NetworkRequest [ REQUEST id=32, [ Capabilities: INTERNET&NOT_RESTRICTED&TRUSTED&NOT_VCN_MANAGED Uid: 1000 RequestorUid: 1000 RequestorPkg: android] ] shouldApply false
05-19 10:50:02.520 975 975 D TelephonyNetworkFactory[0]: onNeedNetworkFor NetworkRequest [ REQUEST id=36, [ Capabilities: INTERNET&NOT_RESTRICTED&TRUSTED&NOT_VCN_MANAGED Uid: 10086 RequestorUid: 1000 RequestorPkg: android] ] shouldApply false
05-19 10:50:02.521 975 975 D TelephonyNetworkFactory[0]: onNeedNetworkFor NetworkRequest [ REQUEST id=38, [ Capabilities: INTERNET&NOT_RESTRICTED&TRUSTED&NOT_VCN_MANAGED Uid: 10023 RequestorUid: 1000 RequestorPkg: android] ] shouldApply false
05-19 10:50:02.522 627 730 W ContextImpl: Calling a method in the system process without a qualified user: android.app.ContextImpl.sendStickyBroadcast:1567 com.android.server.ConnectivityService.sendStickyBroadcast:2811 com.android.server.ConnectivityService.sendLegacyNetworkBroadcast:8732 com.android.server.ConnectivityService$LegacyTypeTracker.remove:1007 com.android.server.ConnectivityService$LegacyTypeTracker.remove:1024
05-19 10:50:02.524 627 645 I dvm_lock_sample: [system_server,1,android.ui,115,ActivityManagerService.java,15494,void com.android.server.am.ActivityManagerService$LocalService.updateDeviceIdleTempAllowlist(int[], int, boolean, long, int, int, java.lang.String, int),-,13757,void com.android.server.am.ActivityManagerService.finishReceiver(android.os.IBinder, int, java.lang.String, android.os.Bundle, boolean, int),23]
05-19 10:50:02.524 627 9940 I dvm_lock_sample: [system_server,1,Binder:627_18,105,ActivityManagerService.java,11943,void com.android.server.am.ActivityManagerService.setServiceForeground(android.content.ComponentName, android.os.IBinder, int, android.app.Notification, int, int),-,13757,void com.android.server.am.ActivityManagerService.finishReceiver(android.os.IBinder, int, java.lang.String, android.os.Bundle, boolean, int),21]
05-19 10:50:02.524 627 9940 W ActivityManager: Foreground service started from background can not have location/camera/microphone access: service com.eben.ebenback/.redmind.NotificationService
05-19 10:50:02.526 627 627 I am_uid_active: 10026
05-19 10:50:02.528 627 627 I screen_toggled: 1
05-19 10:50:02.528 627 627 I power_screen_broadcast_send: 1
05-19 10:50:02.529 627 653 V ActivityManager: Attempted to start a foreground service (com.eben.ebenback/.redmind.NotificationService) with a broken notification (no icon: Notification(channel=eback shortcut=null contentView=null vibrate=null sound=null defaults=0x0 flags=0x40 color=0x00000000 vis=PRIVATE))
05-19 10:50:02.529 627 647 I DisplayDeviceRepository: Display device changed state: "内置屏幕", ON
05-19 10:50:02.539 627 780 D UsbHostManager: USB device attached: vidpid 2109:8817 mfg/product/ver/serial VIA Labs, Inc. /USB Billboard Device /0.01/0000000000000001 hasAudio/HID/Storage: false/false/false
05-19 10:50:02.540 627 627 I notification_enqueue: [10041,19377,com.eben.ebenback,1,NULL,0,Notification(channel=eback shortcut=null contentView=null vibrate=null sound=null defaults=0x0 flags=0x40 color=0x00000000 vis=PRIVATE),0]
05-19 10:50:02.542 627 780 D UsbHostManager: Added device UsbDevice[mName=/dev/bus/usb/003/025,mVendorId=8457,mProductId=34839,mClass=17,mSubclass=0,mProtocol=0,mManufacturerName=VIA Labs, Inc. ,mProductName=USB Billboard Device ,mVersion=0.01,mSerialNumberReader=com.android.server.usb.UsbSerialReader@e65a82e, mHasAudioPlayback=false, mHasAudioCapture=false, mHasMidi=false, mHasVideoCapture=false, mHasVideoPlayback=false, mConfigurations=[
05-19 10:50:02.542 627 780 D UsbHostManager: UsbConfiguration[mId=1,mName=0000000000000001,mAttributes=160,mMaxPower=50,mInterfaces=[
05-19 10:50:02.542 627 780 D UsbHostManager: UsbInterface[mId=0,mAlternateSetting=0,mName=0000000000000001,mClass=17,mSubclass=0,mProtocol=0,mEndpoints=[]]]
05-21 09:02:07.497 18450 18450 I usb 3-1.5: New USB device found, idVendor=2109, idProduct=8817, bcdDevice= 0.01
05-21 09:02:07.497 18450 18450 I usb 3-1.5: New USB device strings: Mfr=1, Product=2, SerialNumber=3
05-21 09:02:07.497 18450 18450 I usb 3-1.5: Product: USB Billboard Device
05-21 09:02:07.497 18450 18450 I usb 3-1.5: Manufacturer: VIA Labs, Inc.
05-21 09:02:07.497 18450 18450 I usb 3-1.5: SerialNumber: 0000000000000001
05-19 10:50:02.550 627 645 W Looper : Slow dispatch took 143ms android.ui h=com.android.server.am.ActivityManagerService$UiHandler c=null m=68
05-21 09:02:07.522 468 468 I gsensor_mxc6655 5-0015: set sensor poll time to 200ms
05-21 09:02:07.524 468 468 I gsensor_mxc6655 5-0015: sensor on: starting poll sensor data 196ms
05-21 09:02:07.527 468 468 I gsensor_mxc6655 5-0015: set sensor poll time to 66ms
05-19 10:50:02.551 627 627 I sysui_multi_action: [757,128,758,5,759,8,793,13,794,0,795,13,796,1,806,com.eben.ebenback,857,eback,858,2,947,0,1500,13,1688,4,1689,2,1690,1]
05-19 10:50:02.551 627 627 I notification_canceled: [0|com.eben.ebenback|1|null|10041,8,13,13,0,-1,-1,NULL]
05-19 10:50:02.560 627 654 I am_proc_start: [0,22016,10026,com.ebensz.enote.memo,broadcast,{com.ebensz.enote.memo/com.ebensz.enote.memo.editer.AlarmDispatcher}]
05-19 10:50:02.561 627 654 I ActivityManager: Start proc 22016:com.ebensz.enote.memo/u0a26 for broadcast {com.ebensz.enote.memo/com.ebensz.enote.memo.editer.AlarmDispatcher}
05-19 10:50:02.562 627 668 I DisplayPowerController[0]: Unblocked screen on after 123 ms
05-21 09:02:07.551 352 352 W : <<-GTP-ERROR->> GTP i2c test failed time 1.
05-19 10:50:02.587 627 1967 I am_proc_bound: [0,22016,com.ebensz.enote.memo]
05-19 10:50:02.819 627 646 I commit_sys_config_file: [notification-policy,73272131]
05-21 09:02:07.787 352 352 I rockchip-vop2 fdd90000.vop: [drm:vop2_crtc_atomic_enable] Update mode to 1536x2048p55, type: 16(if:60) for vp2 dclk: 192000000
05-21 09:02:07.787 352 352 I rockchip-vop2 fdd90000.vop: [drm:vop2_crtc_atomic_enable] dclk_out2 div: 2 dclk_core2 div: 1
05-21 09:02:07.787 352 352 I rockchip-vop2 fdd90000.vop: [drm:vop2_crtc_atomic_enable] set dclk_vop2 to 96000000, get 96000000
05-19 10:50:02.828 627 627 W Looper : Slow dispatch took 264ms main h=android.app.ActivityThread$H c=android.app.LoadedApk$ReceiverDispatcher$Args$$ExternalSyntheticLambda0@bd49592 m=0
05-19 10:50:02.828 627 627 W Looper : Slow delivery took 240ms main h=com.android.server.job.JobSchedulerService$JobHandler c=null m=4
05-19 10:50:02.828 627 627 I NotificationService: Cannot find enqueued record for key: 0|com.eben.ebenback|1|null|10041
05-19 10:50:02.829 627 627 W Looper : Drained
05-19 10:50:02.829 627 627 I battery_saving_stats: [0,0,0,44597,0,0,170609817,0,-18]
05-19 10:50:02.829 975 975 D DCT-C-0 : screen on
05-19 10:50:02.830 975 975 D DCT-C-0 : stopNetStatPoll
05-19 10:50:02.836 627 627 I power_screen_broadcast_done: [1,308,1]
05-19 10:50:02.965 627 1072 W PermissionManagerService: Datasource AttributionSource { uid = 10022, packageName = com.android.providers.calendar, attributionTag = null, token = android.os.BinderProxy@231358c, next = android.content.AttributionSourceState@ed944ea } protecting data with platform defined runtime permission android.permission.READ_CALENDAR while not having android.permission.UPDATE_APP_OPS_STATS
05-19 10:50:02.969 627 1072 W PermissionManagerService: Datasource AttributionSource { uid = 10022, packageName = com.android.providers.calendar, attributionTag = null, token = android.os.BinderProxy@231358c, next = android.content.AttributionSourceState@b7fb951 } protecting data with platform defined runtime permission android.permission.READ_CALENDAR while not having android.permission.UPDATE_APP_OPS_STATS
05-19 10:50:02.973 627 1072 I am_uid_active: 10068
05-19 10:50:02.979 627 1072 I ActivityManager: Background started FGS: Allowed [callingPackage: com.ebensz.enote.calendar; callingUid: 10068; uidState: RCVR; intent: Intent { cmp=com.ebensz.enote.calendar/.alerts.AlertService (has extras) }; code:BACKGROUND_ACTIVITY_PERMISSION; tempAllowListReason:; targetSdkVersion:27; callerTargetSdkVersion:27; startForegroundCount:0; bindFromPackage:null]
05-19 10:50:02.982 627 1072 I am_uid_active: 10022
