05-21 08:51:40.722 1 1 I init : Command 'symlink /config/usb_gadget/g1/functions/ffs.adb /config/usb_gadget/g1/configs/b.1/f1' action=sys.usb.config=adb && sys.usb.configfs=1 && sys.usb.ffs.ready=1 (/system/etc/init/hw/init.usb.configfs.rc:22) took 0ms and failed: symlink() failed: File exists
05-21 08:51:40.722 1 1 I init : Command 'write /config/usb_gadget/g1/UDC ${sys.usb.controller}' action=sys.usb.config=adb && sys.usb.configfs=1 && sys.usb.ffs.ready=1 (/system/etc/init/hw/init.usb.configfs.rc:23) took 0ms and failed: Unable to write to file '/config/usb_gadget/g1/UDC': Unable to write file contents: Device or resource busy
05-21 08:51:40.870 352 352 I dw-mipi-dsi2 fde20000.dsi: [drm:dw_mipi_dsi2_encoder_enable] final DSI-Link bandwidth: 639999 x 8 Kbps
05-19 10:43:15.998 627 668 I sysui_latency: [5,963]
05-19 10:43:15.998 627 668 W PowerManagerService: Screen on took 2770 ms
05-19 10:43:16.000 627 627 I sysui_multi_action: [757,198,758,1,759,1,1359,2770,1694,1]
05-19 10:43:16.000 627 627 I power_screen_state: [1,0,0,0,2770]
05-19 10:43:16.002 1272 1272 W ContextImpl: Calling a method in the system process without a qualified user: android.app.ContextImpl.sendBroadcast:1181 android.content.ContextWrapper.sendBroadcast:479 cn.eben.newweather.DateWeatherService.a:19 cn.eben.newweather.DateWeatherService.a:0 cn.eben.newweather.DateWeatherService$1.handleMessage:7
05-19 10:43:16.013 627 710 I input_focus: [Focus entering 334f74b com.android.launcher3/com.android.launcher3.uioverrides.QuickstepLauncher (server),reason=Window became focusable. Previous reason: NO_WINDOW]
05-19 10:43:16.246 19442 19442 W ContextImpl: Calling a method in the system process without a qualified user: android.app.ContextImpl.startService:1824 android.content.ContextWrapper.startService:774 com.ebensz.appmanager.service.UploadMyAppsInfoService$1.handleMessage:63 android.os.Handler.dispatchMessage:106 android.os.Looper.loopOnce:201
05-21 08:51:41.768 542 542 I : read descriptors
05-21 08:51:41.768 542 542 I : read strings
05-21 08:51:41.770 1 1 I init : processing action (sys.usb.config=adb && sys.usb.configfs=1 && sys.usb.ffs.ready=1) from (/system/etc/init/hw/init.usb.configfs.rc:20)
05-21 08:51:41.773 1 1 I init : Command 'symlink /config/usb_gadget/g1/functions/ffs.adb /config/usb_gadget/g1/configs/b.1/f1' action=sys.usb.config=adb && sys.usb.configfs=1 && sys.usb.ffs.ready=1 (/system/etc/init/hw/init.usb.configfs.rc:22) took 0ms and failed: symlink() failed: File exists
05-21 08:51:41.774 1 1 I init : Command 'write /config/usb_gadget/g1/UDC ${sys.usb.controller}' action=sys.usb.config=adb && sys.usb.configfs=1 && sys.usb.ffs.ready=1 (/system/etc/init/hw/init.usb.configfs.rc:23) took 1ms and failed: Unable to write to file '/config/usb_gadget/g1/UDC': Unable to write file contents: Device or resource busy
05-19 10:43:17.002 1272 1272 W ContextImpl: Calling a method in the system process without a qualified user: android.app.ContextImpl.sendBroadcast:1181 android.content.ContextWrapper.sendBroadcast:479 cn.eben.newweather.DateWeatherService.a:19 cn.eben.newweather.DateWeatherService.a:0 cn.eben.newweather.DateWeatherService$1.handleMessage:7
05-19 10:43:17.032 463 491 I RIL : ---> enter mainloop wait at port
05-19 10:43:17.032 463 491 D RIL-DEV : Get modem info
05-19 10:43:17.032 463 491 D RIL-DEV : [05-19_10:43:17:033] idVendor = 0bda
05-19 10:43:17.032 463 491 D RIL-DEV :
05-19 10:43:17.033 463 491 D RIL-DEV : [05-19_10:43:17:033] idVendor = 05e3
05-19 10:43:17.033 463 491 D RIL-DEV :
05-19 10:43:17.033 463 491 D RIL-DEV : [05-19_10:43:17:033] idVendor = 1d6b
05-19 10:43:17.033 463 491 D RIL-DEV :
05-19 10:43:17.033 463 491 D RIL-DEV : [05-19_10:43:17:033] idVendor = 1d6b
05-19 10:43:17.033 463 491 D RIL-DEV :
05-19 10:43:17.033 463 491 D RIL-DEV : [05-19_10:43:17:034] idVendor = 0bda
05-19 10:43:17.033 463 491 D RIL-DEV :
05-19 10:43:17.033 463 491 D RIL-DEV : [05-19_10:43:17:034] idVendor = 1d6b
05-19 10:43:17.033 463 491 D RIL-DEV :
05-19 10:43:17.034 463 491 D RIL-DEV : [05-19_10:43:17:034] idVendor = 2109
05-19 10:43:17.034 463 491 D RIL-DEV :
05-19 10:43:17.034 463 491 D RIL-DEV : [05-19_10:43:17:035] idVendor = 2109
05-19 10:43:17.034 463 491 D RIL-DEV :
05-19 10:43:17.034 463 491 D RIL-DEV : [05-19_10:43:17:035] idVendor = 1d6b
05-19 10:43:17.034 463 491 D RIL-DEV :
05-19 10:43:17.034 463 491 D RIL-DEV : [05-19_10:43:17:035] idVendor = 0bda
05-19 10:43:17.034 463 491 D RIL-DEV :
05-19 10:43:17.035 463 491 D RIL-DEV : [05-19_10:43:17:035] idVendor = 2109
05-19 10:43:17.035 463 491 D RIL-DEV :
05-19 10:43:17.035 463 491 E RIL-DEV : Cannot find Meig devices
05-19 10:43:17.035 463 491 I RIL : ---> can't find meig usb devices
05-21 08:51:42.818 542 542 I : read descriptors
05-21 08:51:42.818 542 542 I : read strings
05-21 08:51:42.821 1 1 I init : processing action (sys.usb.config=adb && sys.usb.configfs=1 && sys.usb.ffs.ready=1) from (/system/etc/init/hw/init.usb.configfs.rc:20)
05-21 08:51:42.822 1 1 I init : Command 'symlink /config/usb_gadget/g1/functions/ffs.adb /config/usb_gadget/g1/configs/b.1/f1' action=sys.usb.config=adb && sys.usb.configfs=1 && sys.usb.ffs.ready=1 (/system/etc/init/hw/init.usb.configfs.rc:22) took 0ms and failed: symlink() failed: File exists
05-21 08:51:42.822 1 1 I init : Command 'write /config/usb_gadget/g1/UDC ${sys.usb.controller}' action=sys.usb.config=adb && sys.usb.configfs=1 && sys.usb.ffs.ready=1 (/system/etc/init/hw/init.usb.configfs.rc:23) took 0ms and failed: Unable to write to file '/config/usb_gadget/g1/UDC': Unable to write file contents: Device or resource busy
05-19 10:43:18.002 1272 1272 W ContextImpl: Calling a method in the system process without a qualified user: android.app.ContextImpl.sendBroadcast:1181 android.content.ContextWrapper.sendBroadcast:479 cn.eben.newweather.DateWeatherService.a:19 cn.eben.newweather.DateWeatherService.a:0 cn.eben.newweather.DateWeatherService$1.handleMessage:7
05-21 08:51:42.978 17254 17254 I r8152 4-1.4: 1.0 eth1: carrier on
05-21 08:51:43.858 542 542 I : read descriptors
05-21 08:51:43.858 542 542 I : read strings
05-21 08:51:43.860 1 1 I init : processing action (sys.usb.config=adb && sys.usb.configfs=1 && sys.usb.ffs.ready=1) from (/system/etc/init/hw/init.usb.configfs.rc:20)
05-19 10:43:19.003 1272 1272 W ContextImpl: Calling a method in the system process without a qualified user: android.app.ContextImpl.sendBroadcast:1181 android.content.ContextWrapper.sendBroadcast:479 cn.eben.newweather.DateWeatherService.a:19 cn.eben.newweather.DateWeatherService.a:0 cn.eben.newweather.DateWeatherService$1.handleMessage:7
05-19 10:43:19.035 463 491 I RIL : ---> enter mainloop wait at port
05-19 10:43:19.035 463 491 D RIL-DEV : Get modem info
05-19 10:43:19.036 463 491 D RIL-DEV : [05-19_10:43:19:036] idVendor = 0bda
05-19 10:43:19.036 463 491 D RIL-DEV :
05-19 10:43:19.036 463 491 D RIL-DEV : [05-19_10:43:19:037] idVendor = 05e3
05-19 10:43:19.036 463 491 D RIL-DEV :
05-19 10:43:19.037 463 491 D RIL-DEV : [05-19_10:43:19:037] idVendor = 1d6b
05-19 10:43:19.037 463 491 D RIL-DEV :
05-19 10:43:19.037 463 491 D RIL-DEV : [05-19_10:43:19:038] idVendor = 1d6b
05-19 10:43:19.037 463 491 D RIL-DEV :
05-19 10:43:19.037 463 491 D RIL-DEV : [05-19_10:43:19:038] idVendor = 0bda
05-19 10:43:19.037 463 491 D RIL-DEV :
05-19 10:43:19.038 463 491 D RIL-DEV : [05-19_10:43:19:038] idVendor = 1d6b
05-19 10:43:19.038 463 491 D RIL-DEV :
05-19 10:43:19.038 463 491 D RIL-DEV : [05-19_10:43:19:039] idVendor = 2109
05-19 10:43:19.038 463 491 D RIL-DEV :
05-19 10:43:19.039 463 491 D RIL-DEV : [05-19_10:43:19:040] idVendor = 2109
05-19 10:43:19.039 463 491 D RIL-DEV :
05-19 10:43:19.039 463 491 D RIL-DEV : [05-19_10:43:19:040] idVendor = 1d6b
05-19 10:43:19.039 463 491 D RIL-DEV :
05-19 10:43:19.040 463 491 D RIL-DEV : [05-19_10:43:19:040] idVendor = 0bda
05-19 10:43:19.040 463 491 D RIL-DEV :
05-19 10:43:19.040 463 491 D RIL-DEV : [05-19_10:43:19:041] idVendor = 2109
05-19 10:43:19.040 463 491 D RIL-DEV :
05-19 10:43:19.041 463 491 E RIL-DEV : Cannot find Meig devices
05-19 10:43:19.041 463 491 I RIL : ---> can't find meig usb devices
05-21 08:51:44.898 542 542 I : read descriptors
05-21 08:51:44.898 542 542 I : read strings
05-19 10:43:20.002 1272 1272 W ContextImpl: Calling a method in the system process without a qualified user: android.app.ContextImpl.sendBroadcast:1181 android.content.ContextWrapper.sendBroadcast:479 cn.eben.newweather.DateWeatherService.a:19 cn.eben.newweather.DateWeatherService.a:0 cn.eben.newweather.DateWeatherService$1.handleMessage:7
05-19 10:43:20.042 627 642 W ContentProviderHelper: Permission Denial: opening provider com.android.providers.contacts.ContactsProvider2 from ProcessRecord{552b742 1631:cn.eben.sync/u0a63} (pid=1631, uid=10063) requires android.permission.READ_CONTACTS or android.permission.WRITE_CONTACTS
05-19 10:43:20.100 627 653 W ActivityManager: Failed to clear dns cache for: com.ebensz.office.entry
05-21 08:51:45.015 653 653 I binder : 627:653 transaction failed 29201/-28, size 80-0 line 2921
05-21 08:51:45.024 653 653 I binder : 627:653 transaction failed 29201/-28, size 80-0 line 2921
05-19 10:43:20.109 627 653 W ActivityManager: Failed to clear dns cache for: com.ebensz.office.entry
05-19 10:43:20.136 627 730 I netstats_mobile_sample: [0,0,0,0,0,0,0,0,0,0,0,0,1747622600137]
05-19 10:43:20.136 627 730 I netstats_wifi_sample: [0,0,0,0,0,0,0,0,0,0,0,0,1747622600137]
05-19 10:43:20.176 627 730 I netstats_mobile_sample: [0,0,0,0,0,0,0,0,0,0,0,0,1747622600177]
05-19 10:43:20.176 627 730 I netstats_wifi_sample: [0,0,0,0,0,0,0,0,0,0,0,0,1747622600177]
05-19 10:43:20.184 627 730 W ContextImpl: Calling a method in the system process without a qualified user: android.app.ContextImpl.sendStickyBroadcast:1567 com.android.server.ConnectivityService.sendStickyBroadcast:2811 com.android.server.ConnectivityService.sendGeneralBroadcast:2786 com.android.server.ConnectivityService.sendConnectedBroadcast:2759 com.android.server.ConnectivityService.sendLegacyNetworkBroadcast:8704
05-19 10:43:20.186 627 653 W BroadcastQueue: Target SDK mismatch: receiver ActivityInfo{913323d com.xiaomi.push.service.receivers.NetworkStatusReceiver} targets 26 but delivery restricted to [0, 23] broadcasting Intent { act=android.net.conn.CONNECTIVITY_CHANGE flg=0x4200010 (has extras) } from android (pid=627, uid=1000) to com.zhangyue.read.iReader/com.xiaomi.push.service.receivers.NetworkStatusReceiver
05-19 10:43:20.186 627 653 W BroadcastQueue: Target SDK mismatch: receiver ActivityInfo{d8e6383 cn.eben.help.LoadAllReceiver} targets 28 but delivery restricted to [0, 23] broadcasting Intent { act=android.net.conn.CONNECTIVITY_CHANGE flg=0x4200010 (has extras) } from android (pid=627, uid=1000) to cn.eben.help/.LoadAllReceiver
05-19 10:43:20.186 627 653 W BroadcastQueue: Target SDK mismatch: receiver ActivityInfo{2447900 cn.eben.android.receiver.AppSyncReceiver} targets 27 but delivery restricted to [0, 23] broadcasting Intent { act=android.net.conn.CONNECTIVITY_CHANGE flg=0x4200010 (has extras) } from android (pid=627, uid=1000) to cn.eben.sync/cn.eben.android.receiver.AppSyncReceiver
05-19 10:43:20.188 19442 19442 W ContextImpl: Calling a method in the system process without a qualified user: android.app.ContextImpl.startService:1824 android.content.ContextWrapper.startService:774 android.content.ContextWrapper.startService:774 com.ebensz.appmanager.service.UploadMyAppsInfoService.startUploadMyAppsInfoService:78 com.ebensz.appmanager.receiver.UploadMyAppsInfoReceiver.onReceive:33
05-19 10:43:20.191 19470 19470 W ContextImpl: Calling a method in the system process without a qualified user: android.app.ContextImpl.startService:1824 android.content.ContextWrapper.startService:774 android.content.ContextWrapper.startService:774 com.ebensz.appmanager.mydownloadmanager.DownloadReceiver.startService:245 com.ebensz.appmanager.mydownloadmanager.DownloadReceiver.onReceive:74
05-19 10:43:20.192 627 642 W BroadcastQueue: Target SDK mismatch: receiver ActivityInfo{af8252c com.ebensz.ota.ActionReceiver} targets 29 but delivery restricted to [0, 23] broadcasting Intent { act=android.net.conn.CONNECTIVITY_CHANGE flg=0x4200010 (has extras) } from android (pid=627, uid=1000) to com.ebensz.ota/.ActionReceiver
05-19 10:43:20.192 627 653 W BroadcastQueue: Target SDK mismatch: receiver ActivityInfo{3036bf5 com.taobao.accs.EventReceiver} targets 26 but delivery restricted to [0, 23] broadcasting Intent { act=android.net.conn.CONNECTIVITY_CHANGE flg=0x4200010 (has extras) } from android (pid=627, uid=1000) to com.zhangyue.read.iReader/com.taobao.accs.EventReceiver
05-19 10:43:20.193 627 627 I notification_cancel_all: [1000,19470,com.ebensz.appmanager,0,0,64,9,NULL]
05-19 10:43:20.508 975 975 D TelephonyNetworkFactory[0]: onReleaseNetworkFor NetworkRequest [ REQUEST id=15, [ Capabilities: INTERNET&NOT_RESTRICTED&TRUSTED&NOT_VCN_MANAGED Uid: 1000 RequestorUid: 1000 RequestorPkg: android] ] applied false
05-19 10:43:20.508 975 975 D TelephonyNetworkFactory[0]: onReleaseNetworkFor NetworkRequest [ REQUEST id=28, [ Capabilities: INTERNET&NOT_RESTRICTED&TRUSTED&NOT_VCN_MANAGED Uid: 1001 RequestorUid: 1001 RequestorPkg: com.android.phone] ] applied false
05-19 10:43:20.509 975 975 D TelephonyNetworkFactory[0]: onReleaseNetworkFor NetworkRequest [ REQUEST id=32, [ Capabilities: INTERNET&NOT_RESTRICTED&TRUSTED&NOT_VCN_MANAGED Uid: 1000 RequestorUid: 1000 RequestorPkg: android] ] applied false
05-19 10:43:20.509 975 975 D TelephonyNetworkFactory[0]: onReleaseNetworkFor NetworkRequest [ REQUEST id=23, [ Capabilities: INTERNET&NOT_RESTRICTED&TRUSTED&NOT_VCN_MANAGED Uid: 1000 RequestorUid: 1000 RequestorPkg: com.android.networkstack.inprocess] ] applied false
05-19 10:43:20.509 975 975 D TelephonyNetworkFactory[0]: onReleaseNetworkFor NetworkRequest [ REQUEST id=38, [ Capabilities: INTERNET&NOT_RESTRICTED&TRUSTED&NOT_VCN_MANAGED Uid: 10023 RequestorUid: 1000 RequestorPkg: android] ] applied false
05-19 10:43:20.511 975 975 D TelephonyNetworkFactory[0]: onReleaseNetworkFor NetworkRequest [ REQUEST id=1, [ Capabilities: INTERNET&NOT_RESTRICTED&TRUSTED&NOT_VPN&NOT_VCN_MANAGED RequestorUid: 1000 RequestorPkg: android] ] applied false
05-19 10:43:20.511 975 975 D TelephonyNetworkFactory[0]: onReleaseNetworkFor NetworkRequest [ REQUEST id=36, [ Capabilities: INTERNET&NOT_RESTRICTED&TRUSTED&NOT_VCN_MANAGED Uid: 10086 RequestorUid: 1000 RequestorPkg: android] ] applied false
05-19 10:43:20.511 975 975 D TelephonyNetworkFactory[0]: onReleaseNetworkFor NetworkRequest [ REQUEST id=18, [ Capabilities: INTERNET&NOT_RESTRICTED&TRUSTED&NOT_VCN_MANAGED Uid: 10088 RequestorUid: 10088 RequestorPkg: com.android.systemui] ] applied false
05-19 10:43:20.511 975 975 D TelephonyNetworkFactory[0]: onReleaseNetworkFor NetworkRequest [ REQUEST id=20, [ Capabilities: INTERNET&NOT_RESTRICTED&TRUSTED&NOT_VCN_MANAGED Uid: 10088 RequestorUid: 10088 RequestorPkg: com.android.systemui] ] applied false
05-19 10:43:20.513 975 975 D TelephonyNetworkFactory[0]: onReleaseNetworkFor NetworkRequest [ REQUEST id=7, [ Capabilities: INTERNET&NOT_RESTRICTED&TRUSTED&NOT_VCN_MANAGED Uid: 1000 RequestorUid: 1000 RequestorPkg: android] ] applied false
05-19 10:43:20.520 627 730 W ContextImpl: Calling a method in the system process without a qualified user: android.app.ContextImpl.sendStickyBroadcast:1567 com.android.server.ConnectivityService.sendStickyBroadcast:2811 com.android.server.ConnectivityService.sendGeneralBroadcast:2786 com.android.server.ConnectivityService.sendInetConditionBroadcast:2763 com.android.server.ConnectivityService.updateInetCondition:8451
05-19 10:43:20.521 627 653 W ActivityManager: Failed to clear dns cache for: com.ebensz.office.entry
05-21 08:51:45.436 653 653 I binder : 627:653 transaction failed 29201/-28, size 80-0 line 2921
05-19 10:43:21.001 1272 1272 W ContextImpl: Calling a method in the system process without a qualified user: android.app.ContextImpl.sendBroadcast:1181 android.content.ContextWrapper.sendBroadcast:479 cn.eben.newweather.DateWeatherService.a:19 cn.eben.newweather.DateWeatherService.a:0 cn.eben.newweather.DateWeatherService$1.handleMessage:7
05-21 08:51:45.941 542 542 I : read descriptors
05-21 08:51:45.941 542 542 I : read strings
05-21 08:51:45.944 1 1 I init : processing action (sys.usb.config=adb && sys.usb.configfs=1 && sys.usb.ffs.ready=1) from (/system/etc/init/hw/init.usb.configfs.rc:20)
05-21 08:51:45.945 1 1 I init : Command 'symlink /config/usb_gadget/g1/functions/ffs.adb /config/usb_gadget/g1/configs/b.1/f1' action=sys.usb.config=adb && sys.usb.configfs=1 && sys.usb.ffs.ready=1 (/system/etc/init/hw/init.usb.configfs.rc:22) took 0ms and failed: symlink() failed: File exists
05-21 08:51:45.946 1 1 I init : Command 'write /config/usb_gadget/g1/UDC ${sys.usb.controller}' action=sys.usb.config=adb && sys.usb.configfs=1 && sys.usb.ffs.ready=1 (/system/etc/init/hw/init.usb.configfs.rc:23) took 0ms and failed: Unable to write to file '/config/usb_gadget/g1/UDC': Unable to write file contents: Device or resource busy
05-19 10:43:21.041 463 491 I RIL : ---> enter mainloop wait at port
05-19 10:43:21.041 463 491 D RIL-DEV : Get modem info
05-19 10:43:21.041 463 491 D RIL-DEV : [05-19_10:43:21:042] idVendor = 0bda
05-19 10:43:21.041 463 491 D RIL-DEV :
05-19 10:43:21.041 463 491 D RIL-DEV : [05-19_10:43:21:042] idVendor = 05e3
05-19 10:43:21.041 463 491 D RIL-DEV :
05-19 10:43:21.042 463 491 D RIL-DEV : [05-19_10:43:21:042] idVendor = 1d6b
05-19 10:43:21.042 463 491 D RIL-DEV :
05-19 10:43:21.042 463 491 D RIL-DEV : [05-19_10:43:21:042] idVendor = 1d6b
05-19 10:43:21.042 463 491 D RIL-DEV :
05-19 10:43:21.049 463 491 D RIL-DEV : [05-19_10:43:21:049] idVendor = 0bda
05-19 10:43:21.049 463 491 D RIL-DEV :
05-19 10:43:21.049 463 491 D RIL-DEV : [05-19_10:43:21:050] idVendor = 1d6b
05-19 10:43:21.049 463 491 D RIL-DEV :
05-19 10:43:21.050 463 491 D RIL-DEV : [05-19_10:43:21:050] idVendor = 2109
05-19 10:43:21.050 463 491 D RIL-DEV :
05-19 10:43:21.050 463 491 D RIL-DEV : [05-19_10:43:21:050] idVendor = 2109
05-19 10:43:21.050 463 491 D RIL-DEV :
05-19 10:43:21.050 463 491 D RIL-DEV : [05-19_10:43:21:050] idVendor = 1d6b
05-19 10:43:21.050 463 491 D RIL-DEV :
05-19 10:43:21.050 463 491 D RIL-DEV : [05-19_10:43:21:050] idVendor = 0bda
05-19 10:43:21.050 463 491 D RIL-DEV :
05-19 10:43:21.050 463 491 D RIL-DEV : [05-19_10:43:21:051] idVendor = 2109
05-19 10:43:21.050 463 491 D RIL-DEV :
05-19 10:43:21.050 463 491 E RIL-DEV : Cannot find Meig devices
05-19 10:43:21.050 463 491 I RIL : ---> can't find meig usb devices
05-19 10:43:21.220 19442 19442 W ContextImpl: Calling a method in the system process without a qualified user: android.app.ContextImpl.startService:1824 android.content.ContextWrapper.startService:774 com.ebensz.appmanager.service.UploadMyAppsInfoService$1.handleMessage:63 android.os.Handler.dispatchMessage:106 android.os.Looper.loopOnce:201
05-19 10:43:22.001 1272 1272 W ContextImpl: Calling a method in the system process without a qualified user: android.app.ContextImpl.sendBroadcast:1181 android.content.ContextWrapper.sendBroadcast:479 cn.eben.newweather.DateWeatherService.a:19 cn.eben.newweather.DateWeatherService.a:0 cn.eben.newweather.DateWeatherService$1.handleMessage:7
05-21 08:51:46.985 542 542 I : read descriptors
05-21 08:51:46.985 542 542 I : read strings
05-21 08:51:46.987 1 1 I init : processing action (sys.usb.config=adb && sys.usb.configfs=1 && sys.usb.ffs.ready=1) from (/system/etc/init/hw/init.usb.configfs.rc:20)
05-21 08:51:46.988 1 1 I init : Command 'symlink /config/usb_gadget/g1/functions/ffs.adb /config/usb_gadget/g1/configs/b.1/f1' action=sys.usb.config=adb && sys.usb.configfs=1 && sys.usb.ffs.ready=1 (/system/etc/init/hw/init.usb.configfs.rc:22) took 0ms and failed: symlink() failed: File exists
05-21 08:51:46.989 1 1 I init : Command 'write /config/usb_gadget/g1/UDC ${sys.usb.controller}' action=sys.usb.config=adb && sys.usb.configfs=1 && sys.usb.ffs.ready=1 (/system/etc/init/hw/init.usb.configfs.rc:23) took 0ms and failed: Unable to write to file '/config/usb_gadget/g1/UDC': Unable to write file contents: Device or resource busy
05-19 10:43:23.002 1272 1272 W ContextImpl: Calling a method in the system process without a qualified user: android.app.ContextImpl.sendBroadcast:1181 android.content.ContextWrapper.sendBroadcast:479 cn.eben.newweather.DateWeatherService.a:19 cn.eben.newweather.DateWeatherService.a:0 cn.eben.newweather.DateWeatherService$1.handleMessage:7
05-19 10:43:23.065 463 491 I RIL : ---> enter mainloop wait at port
05-19 10:43:23.065 463 491 D RIL-DEV : Get modem info
05-19 10:43:23.066 463 491 D RIL-DEV : [05-19_10:43:23:067] idVendor = 0bda
05-19 10:43:23.066 463 491 D RIL-DEV :
05-19 10:43:23.066 463 491 D RIL-DEV : [05-19_10:43:23:067] idVendor = 05e3
05-19 10:43:23.066 463 491 D RIL-DEV :
05-19 10:43:23.067 463 491 D RIL-DEV : [05-19_10:43:23:067] idVendor = 1d6b
05-19 10:43:23.067 463 491 D RIL-DEV :
05-19 10:43:23.067 463 491 D RIL-DEV : [05-19_10:43:23:068] idVendor = 1d6b
05-19 10:43:23.067 463 491 D RIL-DEV :
05-19 10:43:23.067 463 491 D RIL-DEV : [05-19_10:43:23:068] idVendor = 0bda
05-19 10:43:23.067 463 491 D RIL-DEV :
05-19 10:43:23.068 463 491 D RIL-DEV : [05-19_10:43:23:068] idVendor = 1d6b
05-19 10:43:23.068 463 491 D RIL-DEV :
05-19 10:43:23.068 463 491 D RIL-DEV : [05-19_10:43:23:069] idVendor = 2109
05-19 10:43:23.068 463 491 D RIL-DEV :
05-19 10:43:23.070 463 491 D RIL-DEV : [05-19_10:43:23:071] idVendor = 2109
05-19 10:43:23.070 463 491 D RIL-DEV :
05-19 10:43:23.071 463 491 D RIL-DEV : [05-19_10:43:23:071] idVendor = 1d6b
05-19 10:43:23.071 463 491 D RIL-DEV :
05-19 10:43:23.071 463 491 D RIL-DEV : [05-19_10:43:23:071] idVendor = 0bda
05-19 10:43:23.071 463 491 D RIL-DEV :
05-19 10:43:23.071 463 491 D RIL-DEV : [05-19_10:43:23:072] idVendor = 2109
05-19 10:43:23.071 463 491 D RIL-DEV :
05-19 10:43:23.071 463 491 E RIL-DEV : Cannot find Meig devices
05-19 10:43:23.072 463 491 I RIL : ---> can't find meig usb devices
05-21 08:51:48.061 542 542 I : read descriptors
05-21 08:51:48.061 542 542 I : read strings
05-21 08:51:48.064 1 1 I init : processing action (sys.usb.config=adb && sys.usb.configfs=1 && sys.usb.ffs.ready=1) from (/system/etc/init/hw/init.usb.configfs.rc:20)
05-21 08:51:48.067 1 1 I init : Command 'symlink /config/usb_gadget/g1/functions/ffs.adb /config/usb_gadget/g1/configs/b.1/f1' action=sys.usb.config=adb && sys.usb.configfs=1 && sys.usb.ffs.ready=1 (/system/etc/init/hw/init.usb.configfs.rc:22) took 0ms and failed: symlink() failed: File exists
05-21 08:51:48.068 1 1 I init : Command 'write /config/usb_gadget/g1/UDC ${sys.usb.controller}' action=sys.usb.config=adb && sys.usb.configfs=1 && sys.usb.ffs.ready=1 (/system/etc/init/hw/init.usb.configfs.rc:23) took 1ms and failed: Unable to write to file '/config/usb_gadget/g1/UDC': Unable to write file contents: Device or resource busy
05-19 10:43:24.002 1272 1272 W ContextImpl: Calling a method in the system process without a qualified user: android.app.ContextImpl.sendBroadcast:1181 android.content.ContextWrapper.sendBroadcast:479 cn.eben.newweather.DateWeatherService.a:19 cn.eben.newweather.DateWeatherService.a:0 cn.eben.newweather.DateWeatherService$1.handleMessage:7
05-21 08:51:49.111 542 542 I : read descriptors
05-21 08:51:49.111 542 542 I : read strings
05-21 08:51:49.113 1 1 I init : processing action (sys.usb.config=adb && sys.usb.configfs=1 && sys.usb.ffs.ready=1) from (/system/etc/init/hw/init.usb.configfs.rc:20)
05-19 10:43:25.002 1272 1272 W ContextImpl: Calling a method in the system process without a qualified user: android.app.ContextImpl.sendBroadcast:1181 android.content.ContextWrapper.sendBroadcast:479 cn.eben.newweather.DateWeatherService.a:19 cn.eben.newweather.DateWeatherService.a:0 cn.eben.newweather.DateWeatherService$1.handleMessage:7
05-19 10:43:25.053 627 642 W ContentProviderHelper: Permission Denial: opening provider com.android.providers.contacts.ContactsProvider2 from ProcessRecord{552b742 1631:cn.eben.sync/u0a63} (pid=1631, uid=10063) requires android.permission.READ_CONTACTS or android.permission.WRITE_CONTACTS
05-19 10:43:25.072 463 491 I RIL : ---> enter mainloop wait at port
05-19 10:43:25.072 463 491 D RIL-DEV : Get modem info
05-19 10:43:25.073 463 491 D RIL-DEV : [05-19_10:43:25:073] idVendor = 0bda
05-19 10:43:25.073 463 491 D RIL-DEV :
05-19 10:43:25.073 463 491 D RIL-DEV : [05-19_10:43:25:074] idVendor = 05e3
05-19 10:43:25.073 463 491 D RIL-DEV :
05-19 10:43:25.073 463 491 D RIL-DEV : [05-19_10:43:25:074] idVendor = 1d6b
05-19 10:43:25.073 463 491 D RIL-DEV :
05-19 10:43:25.074 463 491 D RIL-DEV : [05-19_10:43:25:074] idVendor = 1d6b
05-19 10:43:25.074 463 491 D RIL-DEV :
05-19 10:43:25.074 463 491 D RIL-DEV : [05-19_10:43:25:074] idVendor = 0bda
05-19 10:43:25.074 463 491 D RIL-DEV :
05-19 10:43:25.074 463 491 D RIL-DEV : [05-19_10:43:25:075] idVendor = 1d6b
05-19 10:43:25.074 463 491 D RIL-DEV :
05-19 10:43:25.075 463 491 D RIL-DEV : [05-19_10:43:25:075] idVendor = 2109
05-19 10:43:25.075 463 491 D RIL-DEV :
05-19 10:43:25.075 463 491 D RIL-DEV : [05-19_10:43:25:075] idVendor = 2109
05-19 10:43:25.075 463 491 D RIL-DEV :
05-19 10:43:25.075 463 491 D RIL-DEV : [05-19_10:43:25:076] idVendor = 1d6b
05-19 10:43:25.075 463 491 D RIL-DEV :
05-19 10:43:25.076 463 491 D RIL-DEV : [05-19_10:43:25:076] idVendor = 0bda
05-19 10:43:25.076 463 491 D RIL-DEV :
05-19 10:43:25.076 463 491 D RIL-DEV : [05-19_10:43:25:077] idVendor = 2109
05-19 10:43:25.076 463 491 D RIL-DEV :
05-19 10:43:25.077 463 491 E RIL-DEV : Cannot find Meig devices
05-19 10:43:25.077 463 491 I RIL : ---> can't find meig usb devices
05-21 08:51:50.168 542 542 I : read descriptors
05-21 08:51:50.168 542 542 I : read strings
05-19 10:43:26.001 1272 1272 W ContextImpl: Calling a method in the system process without a qualified user: android.app.ContextImpl.sendBroadcast:1181 android.content.ContextWrapper.sendBroadcast:479 cn.eben.newweather.DateWeatherService.a:19 cn.eben.newweather.DateWeatherService.a:0 cn.eben.newweather.DateWeatherService$1.handleMessage:7
05-21 08:51:51.215 542 542 I : read descriptors
05-21 08:51:51.215 542 542 I : read strings
05-21 08:51:51.216 1 1 I init : processing action (sys.usb.config=adb && sys.usb.configfs=1 && sys.usb.ffs.ready=1) from (/system/etc/init/hw/init.usb.configfs.rc:20)
05-21 08:51:51.219 1 1 I init : Command 'symlink /config/usb_gadget/g1/functions/ffs.adb /config/usb_gadget/g1/configs/b.1/f1' action=sys.usb.config=adb && sys.usb.configfs=1 && sys.usb.ffs.ready=1 (/system/etc/init/hw/init.usb.configfs.rc:22) took 0ms and failed: symlink() failed: File exists
05-21 08:51:51.220 1 1 I init : Command 'write /config/usb_gadget/g1/UDC ${sys.usb.controller}' action=sys.usb.config=adb && sys.usb.configfs=1 && sys.usb.ffs.ready=1 (/system/etc/init/hw/init.usb.configfs.rc:23) took 0ms and failed: Unable to write to file '/config/usb_gadget/g1/UDC': Unable to write file contents: Device or resource busy
05-19 10:43:27.002 1272 1272 W ContextImpl: Calling a method in the system process without a qualified user: android.app.ContextImpl.sendBroadcast:1181 android.content.ContextWrapper.sendBroadcast:479 cn.eben.newweather.DateWeatherService.a:19 cn.eben.newweather.DateWeatherService.a:0 cn.eben.newweather.DateWeatherService$1.handleMessage:7
05-19 10:43:27.077 463 491 I RIL : ---> enter mainloop wait at port
05-19 10:43:27.077 463 491 D RIL-DEV : Get modem info
05-19 10:43:27.078 463 491 D RIL-DEV : [05-19_10:43:27:079] idVendor = 0bda
05-19 10:43:27.078 463 491 D RIL-DEV :
05-19 10:43:27.078 463 491 D RIL-DEV : [05-19_10:43:27:079] idVendor = 05e3
05-19 10:43:27.078 463 491 D RIL-DEV :
05-19 10:43:27.079 463 491 D RIL-DEV : [05-19_10:43:27:079] idVendor = 1d6b
05-19 10:43:27.079 463 491 D RIL-DEV :
05-19 10:43:27.079 463 491 D RIL-DEV : [05-19_10:43:27:080] idVendor = 1d6b
05-19 10:43:27.079 463 491 D RIL-DEV :
05-19 10:43:27.079 463 491 D RIL-DEV : [05-19_10:43:27:080] idVendor = 0bda
05-19 10:43:27.079 463 491 D RIL-DEV :
05-19 10:43:27.080 463 491 D RIL-DEV : [05-19_10:43:27:080] idVendor = 1d6b
05-19 10:43:27.080 463 491 D RIL-DEV :
05-19 10:43:27.080 463 491 D RIL-DEV : [05-19_10:43:27:080] idVendor = 2109
05-19 10:43:27.080 463 491 D RIL-DEV :
05-19 10:43:27.080 463 491 D RIL-DEV : [05-19_10:43:27:081] idVendor = 2109
05-19 10:43:27.080 463 491 D RIL-DEV :
05-19 10:43:27.081 463 491 D RIL-DEV : [05-19_10:43:27:081] idVendor = 1d6b
05-19 10:43:27.081 463 491 D RIL-DEV :
05-19 10:43:27.081 463 491 D RIL-DEV : [05-19_10:43:27:081] idVendor = 0bda
05-19 10:43:27.081 463 491 D RIL-DEV :
05-19 10:43:27.081 463 491 D RIL-DEV : [05-19_10:43:27:082] idVendor = 2109
05-19 10:43:27.081 463 491 D RIL-DEV :
05-19 10:43:27.082 463 491 E RIL-DEV : Cannot find Meig devices
05-19 10:43:27.082 463 491 I RIL : ---> can't find meig usb devices
05-19 10:43:27.252 627 653 I am_uid_idle: 10042
05-21 08:51:52.265 542 542 I : read descriptors
05-21 08:51:52.265 542 542 I : read strings
05-21 08:51:52.266 1 1 I init : processing action (sys.usb.config=adb && sys.usb.configfs=1 && sys.usb.ffs.ready=1) from (/system/etc/init/hw/init.usb.configfs.rc:20)
05-21 08:51:52.268 1 1 I init : Command 'symlink /config/usb_gadget/g1/functions/ffs.adb /config/usb_gadget/g1/configs/b.1/f1' action=sys.usb.config=adb && sys.usb.configfs=1 && sys.usb.ffs.ready=1 (/system/etc/init/hw/init.usb.configfs.rc:22) took 0ms and failed: symlink() failed: File exists
05-21 08:51:52.269 1 1 I init : Command 'write /config/usb_gadget/g1/UDC ${sys.usb.controller}' action=sys.usb.config=adb && sys.usb.configfs=1 && sys.usb.ffs.ready=1 (/system/etc/init/hw/init.usb.configfs.rc:23) took 0ms and failed: Unable to write to file '/config/usb_gadget/g1/UDC': Unable to write file contents: Device or resource busy
05-19 10:43:28.002 1272 1272 W ContextImpl: Calling a method in the system process without a qualified user: android.app.ContextImpl.sendBroadcast:1181 android.content.ContextWrapper.sendBroadcast:479 cn.eben.newweather.DateWeatherService.a:19 cn.eben.newweather.DateWeatherService.a:0 cn.eben.newweather.DateWeatherService$1.handleMessage:7
05-19 10:43:28.190 627 668 V DisplayPowerController[0]: Brightness [0.05] reason changing to: 'manual [ dim ]', previous reason: 'manual'.
05-19 10:43:28.191 627 668 I sysui_multi_action: [757,1696,758,6,759,2]
05-21 08:51:53.321 542 542 I : read descriptors
05-21 08:51:53.321 542 542 I : read strings
05-21 08:51:53.323 1 1 I init : processing action (sys.usb.config=adb && sys.usb.configfs=1 && sys.usb.ffs.ready=1) from (/system/etc/init/hw/init.usb.configfs.rc:20)
05-21 08:51:53.324 1 1 I init : Command 'symlink /config/usb_gadget/g1/functions/ffs.adb /config/usb_gadget/g1/configs/b.1/f1' action=sys.usb.config=adb && sys.usb.configfs=1 && sys.usb.ffs.ready=1 (/system/etc/init/hw/init.usb.configfs.rc:22) took 0ms and failed: symlink() failed: File exists
05-21 08:51:53.325 1 1 I init : Command 'write /config/usb_gadget/g1/UDC ${sys.usb.controller}' action=sys.usb.config=adb && sys.usb.configfs=1 && sys.usb.ffs.ready=1 (/system/etc/init/hw/init.usb.configfs.rc:23) took 0ms and failed: Unable to write to file '/config/usb_gadget/g1/UDC': Unable to write file contents: Device or resource busy
05-19 10:43:29.002 1272 1272 W ContextImpl: Calling a method in the system process without a qualified user: android.app.ContextImpl.sendBroadcast:1181 android.content.ContextWrapper.sendBroadcast:479 cn.eben.newweather.DateWeatherService.a:19 cn.eben.newweather.DateWeatherService.a:0 cn.eben.newweather.DateWeatherService$1.handleMessage:7
05-19 10:43:29.082 463 491 I RIL : ---> enter mainloop wait at port
05-19 10:43:29.082 463 491 D RIL-DEV : Get modem info
05-19 10:43:29.083 463 491 D RIL-DEV : [05-19_10:43:29:083] idVendor = 0bda
05-19 10:43:29.083 463 491 D RIL-DEV :
05-19 10:43:29.083 463 491 D RIL-DEV : [05-19_10:43:29:084] idVendor = 05e3
05-19 10:43:29.083 463 491 D RIL-DEV :
05-19 10:43:29.083 463 491 D RIL-DEV : [05-19_10:43:29:084] idVendor = 1d6b
05-19 10:43:29.083 463 491 D RIL-DEV :
05-19 10:43:29.084 463 491 D RIL-DEV : [05-19_10:43:29:084] idVendor = 1d6b
05-19 10:43:29.084 463 491 D RIL-DEV :
05-19 10:43:29.084 463 491 D RIL-DEV : [05-19_10:43:29:085] idVendor = 0bda
05-19 10:43:29.084 463 491 D RIL-DEV :
05-19 10:43:29.084 463 491 D RIL-DEV : [05-19_10:43:29:085] idVendor = 1d6b
05-19 10:43:29.084 463 491 D RIL-DEV :
05-19 10:43:29.085 463 491 D RIL-DEV : [05-19_10:43:29:085] idVendor = 2109
05-19 10:43:29.085 463 491 D RIL-DEV :
05-19 10:43:29.085 463 491 D RIL-DEV : [05-19_10:43:29:086] idVendor = 2109
05-19 10:43:29.085 463 491 D RIL-DEV :
05-19 10:43:29.085 463 491 D RIL-DEV : [05-19_10:43:29:086] idVendor = 1d6b
05-19 10:43:29.085 463 491 D RIL-DEV :
05-19 10:43:29.086 463 491 D RIL-DEV : [05-19_10:43:29:086] idVendor = 0bda
05-19 10:43:29.086 463 491 D RIL-DEV :
05-19 10:43:29.086 463 491 D RIL-DEV : [05-19_10:43:29:087] idVendor = 2109
05-19 10:43:29.086 463 491 D RIL-DEV :
05-19 10:43:29.086 463 491 E RIL-DEV : Cannot find Meig devices
05-19 10:43:29.086 463 491 I RIL : ---> can't find meig usb devices
05-21 08:51:54.358 542 542 I : read descriptors
05-21 08:51:54.358 542 542 I : read strings
05-21 08:51:54.360 1 1 I init : processing action (sys.usb.config=adb && sys.usb.configfs=1 && sys.usb.ffs.ready=1) from (/system/etc/init/hw/init.usb.configfs.rc:20)
05-19 10:43:30.002 1272 1272 W ContextImpl: Calling a method in the system process without a qualified user: android.app.ContextImpl.sendBroadcast:1181 android.content.ContextWrapper.sendBroadcast:479 cn.eben.newweather.DateWeatherService.a:19 cn.eben.newweather.DateWeatherService.a:0 cn.eben.newweather.DateWeatherService$1.handleMessage:7
05-19 10:43:30.072 627 642 W ContentProviderHelper: Permission Denial: opening provider com.android.providers.contacts.ContactsProvider2 from ProcessRecord{552b742 1631:cn.eben.sync/u0a63} (pid=1631, uid=10063) requires android.permission.READ_CONTACTS or android.permission.WRITE_CONTACTS
05-21 08:51:55.395 542 542 I : read descriptors
05-21 08:51:55.395 542 542 I : read strings
05-19 10:43:31.002 1272 1272 W ContextImpl: Calling a method in the system process without a qualified user: android.app.ContextImpl.sendBroadcast:1181 android.content.ContextWrapper.sendBroadcast:479 cn.eben.newweather.DateWeatherService.a:19 cn.eben.newweather.DateWeatherService.a:0 cn.eben.newweather.DateWeatherService$1.handleMessage:7
05-19 10:43:31.087 463 491 I RIL : ---> enter mainloop wait at port
05-19 10:43:31.087 463 491 D RIL-DEV : Get modem info
05-19 10:43:31.088 463 491 D RIL-DEV : [05-19_10:43:31:088] idVendor = 0bda
05-19 10:43:31.088 463 491 D RIL-DEV :
05-19 10:43:31.088 463 491 D RIL-DEV : [05-19_10:43:31:088] idVendor = 05e3
05-19 10:43:31.088 463 491 D RIL-DEV :
05-19 10:43:31.088 463 491 D RIL-DEV : [05-19_10:43:31:089] idVendor = 1d6b
05-19 10:43:31.088 463 491 D RIL-DEV :
05-19 10:43:31.089 463 491 D RIL-DEV : [05-19_10:43:31:089] idVendor = 1d6b
05-19 10:43:31.089 463 491 D RIL-DEV :
05-19 10:43:31.089 463 491 D RIL-DEV : [05-19_10:43:31:089] idVendor = 0bda
05-19 10:43:31.089 463 491 D RIL-DEV :
05-19 10:43:31.089 463 491 D RIL-DEV : [05-19_10:43:31:090] idVendor = 1d6b
05-19 10:43:31.089 463 491 D RIL-DEV :
05-19 10:43:31.090 463 491 D RIL-DEV : [05-19_10:43:31:090] idVendor = 2109
05-19 10:43:31.090 463 491 D RIL-DEV :
05-19 10:43:31.090 463 491 D RIL-DEV : [05-19_10:43:31:091] idVendor = 2109
05-19 10:43:31.090 463 491 D RIL-DEV :
05-19 10:43:31.090 463 491 D RIL-DEV : [05-19_10:43:31:091] idVendor = 1d6b
05-19 10:43:31.090 463 491 D RIL-DEV :
05-19 10:43:31.091 463 491 D RIL-DEV : [05-19_10:43:31:091] idVendor = 0bda
05-19 10:43:31.091 463 491 D RIL-DEV :
05-19 10:43:31.091 463 491 D RIL-DEV : [05-19_10:43:31:091] idVendor = 2109
05-19 10:43:31.091 463 491 D RIL-DEV :
05-19 10:43:31.091 463 491 E RIL-DEV : Cannot find Meig devices
05-19 10:43:31.091 463 491 I RIL : ---> can't find meig usb devices
05-19 10:43:31.183 627 668 I PowerManagerService: Powering off display group due to timeout (groupId= 0, uid= 1000)...
05-19 10:43:31.183 627 668 I PowerManagerService: Going to sleep due to timeout (uid 1000)...
05-19 10:43:31.185 627 668 I power_sleep_requested: 0
05-19 10:43:31.232 627 652 I am_pss : [19156,10014,com.android.documentsui,49162240,43159552,0,191229952,0,16,21]
05-19 10:43:31.241 627 652 I am_pss : [19204,10018,com.android.externalstorage,6237184,3756032,0,91484160,0,19,9]
05-19 10:43:31.293 627 668 V DisplayPowerController[0]: Brightness [0.5472441] reason changing to: 'manual', previous reason: 'manual [ dim ]'.
05-19 10:43:31.293 627 668 I sysui_multi_action: [757,1696,758,6,759,0]
05-21 08:51:56.458 542 542 I : read descriptors
05-21 08:51:56.458 542 542 I : read strings
05-21 08:51:56.460 1 1 I init : processing action (sys.usb.config=adb && sys.usb.configfs=1 && sys.usb.ffs.ready=1) from (/system/etc/init/hw/init.usb.configfs.rc:20)
05-21 08:51:56.463 1 1 I init : Command 'symlink /config/usb_gadget/g1/functions/ffs.adb /config/usb_gadget/g1/configs/b.1/f1' action=sys.usb.config=adb && sys.usb.configfs=1 && sys.usb.ffs.ready=1 (/system/etc/init/hw/init.usb.configfs.rc:22) took 0ms and failed: symlink() failed: File exists
05-21 08:51:56.468 1 1 I init : Command 'write /config/usb_gadget/g1/UDC ${sys.usb.controller}' action=sys.usb.config=adb && sys.usb.configfs=1 && sys.usb.ffs.ready=1 (/system/etc/init/hw/init.usb.configfs.rc:23) took 4ms and failed: Unable to write to file '/config/usb_gadget/g1/UDC': Unable to write file contents: Device or resource busy
05-19 10:43:31.710 627 668 I DisplayPowerController[0]: Blocking screen off
05-19 10:43:31.711 627 668 I DisplayPowerController[0]: Unblocked screen off after 1 ms
05-19 10:43:31.718 627 668 D ActivityTaskManager: Top Process State changed to PROCESS_STATE_TOP_SLEEPING
05-19 10:43:31.724 627 668 I wm_pause_activity: [0,214771548,com.android.launcher3/.uioverrides.QuickstepLauncher,userLeaving=false,sleep]
05-19 10:43:31.724 1030 1030 I wm_on_top_resumed_lost_called: [214771548,com.android.launcher3.uioverrides.QuickstepLauncher,topStateChangedWhenResumed]
05-21 08:51:56.642 468 468 I gsensor_mxc6655 5-0015: set sensor poll time to 200ms
05-19 10:43:31.731 1030 1030 I wm_on_paused_called: [214771548,com.android.launcher3.uioverrides.QuickstepLauncher,performPause]
05-19 10:43:31.732 627 641 I wm_add_to_stopping: [0,214771548,com.android.launcher3/.uioverrides.QuickstepLauncher,completePauseLocked]
05-19 10:43:31.745 627 647 I wm_stop_activity: [0,214771548,com.android.launcher3/.uioverrides.QuickstepLauncher]
05-19 10:43:31.751 627 668 V DisplayPowerController[0]: Brightness [0.003937008] reason changing to: 'screen_off', previous reason: 'manual'.
05-19 10:43:31.754 1030 1030 I wm_on_stop_called: [214771548,com.android.launcher3.uioverrides.QuickstepLauncher,STOP_ACTIVITY_ITEM]
05-19 10:43:31.754 627 710 I input_focus: [Focus leaving 334f74b com.android.launcher3/com.android.launcher3.uioverrides.QuickstepLauncher (server),reason=NO_WINDOW]
05-19 10:43:31.754 627 647 I sysui_multi_action: [757,803,799,window_time_0,802,23]
05-19 10:43:31.758 627 647 I DisplayDeviceRepository: Display device changed state: "内置屏幕", OFF
05-19 10:43:32.002 1272 1272 W ContextImpl: Calling a method in the system process without a qualified user: android.app.ContextImpl.sendBroadcast:1181 android.content.ContextWrapper.sendBroadcast:479 cn.eben.newweather.DateWeatherService.a:19 cn.eben.newweather.DateWeatherService.a:0 cn.eben.newweather.DateWeatherService$1.handleMessage:7
05-21 08:51:57.001 352 352 I rockchip-vop2 fdd90000.vop: [drm:vop2_crtc_atomic_disable] Crtc atomic disable vp2
05-21 08:51:57.011 352 352 E rockchip-vop2 fdd90000.vop: [drm:vop2_crtc_atomic_disable] *ERROR* unexpected power on pd7
05-19 10:43:32.104 627 668 I PowerManagerService: Sleeping display group (groupId=0, uid=1000)...
05-19 10:43:32.105 627 668 I PowerManagerService: Sleeping (uid 1000)...
05-19 10:43:32.108 627 627 I sysui_multi_action: [757,198,758,2,759,3,1359,923,1695,2]
05-19 10:43:32.108 627 627 I power_screen_state: [0,3,0,0,923]
05-19 10:43:32.108 627 627 I screen_toggled: 0
05-19 10:43:32.108 627 627 I sysui_multi_action: [757,804,799,screen_timeout,801,15,802,1]
05-19 10:43:32.109 627 627 I sysui_multi_action: [757,1594,758,4,759,-2147483648,1359,16109]
05-19 10:43:32.109 627 627 I power_screen_broadcast_send: 1
05-19 10:43:32.147 627 627 I battery_saving_stats: [0,1,0,16691,0,0,59305715,0,-6]
05-19 10:43:32.151 975 975 D DCT-C-0 : screen off
05-19 10:43:32.151 975 975 D DCT-C-0 : stopNetStatPoll
05-19 10:43:32.169 627 627 I power_screen_broadcast_done: [0,60,1]
05-19 10:43:32.173 627 1967 W ActivityManager: Ignoring request to force stop protected package u0
05-21 08:51:57.185 2551 2551 I PM : suspend entry (deep)
05-21 08:51:57.200 2551 2551 I Filesystems sync: 0.014 seconds
05-19 10:43:57.049 627 653 I am_uid_idle: 10022
05-19 10:43:57.055 463 491 I RIL : ---> enter mainloop wait at port
05-19 10:43:57.055 463 491 D RIL-DEV : Get modem info
05-19 10:43:57.056 463 491 D RIL-DEV : [05-19_10:43:57:056] idVendor = 0bda
05-19 10:43:57.056 463 491 D RIL-DEV :
05-19 10:43:57.056 463 491 D RIL-DEV : [05-19_10:43:57:057] idVendor = 05e3
05-19 10:43:57.056 463 491 D RIL-DEV :
05-19 10:43:57.056 463 491 D RIL-DEV : [05-19_10:43:57:057] idVendor = 1d6b
05-19 10:43:57.056 463 491 D RIL-DEV :
05-19 10:43:57.057 463 491 D RIL-DEV : [05-19_10:43:57:057] idVendor = 1d6b
05-19 10:43:57.057 463 491 D RIL-DEV :
05-19 10:43:57.057 463 491 D RIL-DEV : [05-19_10:43:57:058] idVendor = 0bda
05-19 10:43:57.057 463 491 D RIL-DEV :
05-19 10:43:57.057 463 491 D RIL-DEV : [05-19_10:43:57:058] idVendor = 1d6b
05-19 10:43:57.057 463 491 D RIL-DEV :
05-19 10:43:57.058 463 491 D RIL-DEV : [05-19_10:43:57:058] idVendor = 2109
05-19 10:43:57.058 463 491 D RIL-DEV :
05-19 10:43:57.058 463 491 D RIL-DEV : [05-19_10:43:57:059] idVendor = 2109
05-19 10:43:57.058 463 491 D RIL-DEV :
05-19 10:43:57.058 463 491 D RIL-DEV : [05-19_10:43:57:059] idVendor = 1d6b
05-19 10:43:57.058 463 491 D RIL-DEV :
05-19 10:43:57.059 463 491 D RIL-DEV : [05-19_10:43:57:059] idVendor = 0bda
05-19 10:43:57.059 463 491 D RIL-DEV :
05-19 10:43:57.061 627 627 W Looper : Slow delivery took 1562ms main h=com.android.server.pm.SnapshotStatistics$1 c=null m=0
05-19 10:43:57.061 1272 1272 W ContextImpl: Calling a method in the system process without a qualified user: android.app.ContextImpl.sendBroadcast:1181 android.content.ContextWrapper.sendBroadcast:479 cn.eben.newweather.DateWeatherService.a:19 cn.eben.newweather.DateWeatherService.a:0 cn.eben.newweather.DateWeatherService$1.handleMessage:7
05-19 10:43:57.061 627 627 W Looper : Drained
05-19 10:43:57.063 627 711 I sysui_multi_action: [757,804,799,power_consecutive_short_tap_count,801,1,802,1]
05-19 10:43:57.063 627 711 I sysui_multi_action: [757,804,799,power_double_tap_interval,801,19543,802,1]
05-19 10:43:57.063 627 711 I intercept_power: [ACTION_DOWN,0,0]
05-19 10:43:57.067 463 491 D RIL-DEV : [05-19_10:43:57:067] idVendor = 2109
05-19 10:43:57.067 463 491 D RIL-DEV :
05-19 10:43:57.067 463 491 E RIL-DEV : Cannot find Meig devices
05-19 10:43:57.067 463 491 I RIL : ---> can't find meig usb devices
05-19 10:43:57.070 627 711 I PowerManagerService: Powering on display group fromAsleep (groupId=0, uid=1000, reason=WAKE_REASON_POWER_BUTTON, details=android.policy:POWER)...
05-19 10:43:57.070 627 711 I PowerManagerService: Waking up from Asleep (uid=1000, reason=WAKE_REASON_POWER_BUTTON, details=android.policy:POWER)...
05-19 10:43:57.075 627 668 I DisplayPowerController[0]: Blocking screen on until initial contents have been drawn.
05-19 10:43:57.076 627 668 D ActivityTaskManager: Top Process State changed to PROCESS_STATE_TOP
05-19 10:43:57.076 627 711 I intercept_power: [ACTION_UP,0,0]
05-19 10:43:57.081 627 668 I wm_set_resumed_activity: [0,com.android.launcher3/.uioverrides.QuickstepLauncher,resumeTopActivity]
05-19 10:43:57.082 627 627 I screen_toggled: 1
05-19 10:43:57.083 627 668 I wm_resume_activity: [0,214771548,29,com.android.launcher3/.uioverrides.QuickstepLauncher]
05-21 08:51:57.200 2551 2551 I : Freezing user space processes ... (elapsed 0.008 seconds) done.
05-21 08:51:57.209 2551 2551 I : OOM killer disabled.
05-21 08:51:57.209 2551 2551 I : Freezing remaining freezable tasks ... (elapsed 0.109 seconds) done.
05-21 08:51:57.318 2551 2551 I printk : Suspending console(s) (use no_console_suspend to debug)
05-21 08:51:57.404 2551 2551 E regulator-dummy: Underflow of regulator enable count
05-21 08:51:57.404 2551 2551 E wacom_i2c 4-0009: disable regulator failed -22
05-21 08:51:57.656 2551 2551 I : Disabling non-boot CPUs ...
05-21 08:51:57.657 2551 2551 I psci : CPU1 killed (polled 0 ms)
05-21 08:51:57.659 2551 2551 I psci : CPU2 killed (polled 0 ms)
05-21 08:51:57.660 2551 2551 I psci : CPU3 killed (polled 0 ms)
05-21 08:51:57.663 2551 2551 I psci : CPU4 killed (polled 0 ms)
05-21 08:51:57.665 2551 2551 I psci : CPU5 killed (polled 0 ms)
05-21 08:51:57.667 2551 2551 I psci : CPU6 killed (polled 4 ms)
05-21 08:51:57.669 2551 2551 I psci : CPU7 killed (polled 0 ms)
05-21 08:52:20.295 0 0 W [ C0] PM: pm_system_irq_wakeup: 106 triggered rk806
05-21 08:52:20.295 2551 2551 I : Enabling non-boot CPUs ...
05-21 08:52:20.296 0 0 I : Detected VIPT I-cache on CPU1
05-21 08:52:20.296 0 0 I GICv3 : CPU1: found redistributor 100 region 0:0x00000000fe6a0000
05-21 08:52:20.296 0 0 I CPU1 : Booted secondary processor 0x0000000100 [0x412fd050]
05-21 08:52:20.297 2551 2551 I : CPU1 is up
05-21 08:52:20.298 0 0 I : Detected VIPT I-cache on CPU2
05-21 08:52:20.298 0 0 I GICv3 : CPU2: found redistributor 200 region 0:0x00000000fe6c0000
05-21 08:52:20.299 0 0 I CPU2 : Booted secondary processor 0x0000000200 [0x412fd050]
05-21 08:52:20.299 2551 2551 I : CPU2 is up
05-21 08:52:20.300 0 0 I : Detected VIPT I-cache on CPU3
05-21 08:52:20.300 0 0 I GICv3 : CPU3: found redistributor 300 region 0:0x00000000fe6e0000
05-21 08:52:20.300 0 0 I CPU3 : Booted secondary processor 0x0000000300 [0x412fd050]
05-21 08:52:20.301 2551 2551 I : CPU3 is up
05-21 08:52:20.302 0 0 I : Detected PIPT I-cache on CPU4
05-21 08:52:20.302 0 0 I GICv3 : CPU4: found redistributor 400 region 0:0x00000000fe700000
05-21 08:52:20.302 0 0 I CPU4 : Booted secondary processor 0x0000000400 [0x414fd0b0]
05-21 08:52:20.303 2551 2551 I : CPU4 is up
05-21 08:52:20.304 0 0 I : Detected PIPT I-cache on CPU5
05-21 08:52:20.304 0 0 I GICv3 : CPU5: found redistributor 500 region 0:0x00000000fe720000
05-21 08:52:20.304 0 0 I CPU5 : Booted secondary processor 0x0000000500 [0x414fd0b0]
05-21 08:52:20.305 2551 2551 I : CPU5 is up
05-21 08:52:20.306 0 0 I : Detected PIPT I-cache on CPU6
05-21 08:52:20.306 0 0 I GICv3 : CPU6: found redistributor 600 region 0:0x00000000fe740000
05-21 08:52:20.306 0 0 I CPU6 : Booted secondary processor 0x0000000600 [0x414fd0b0]
05-21 08:52:20.307 2551 2551 I : CPU6 is up
05-21 08:52:20.308 0 0 I : Detected PIPT I-cache on CPU7
05-21 08:52:20.308 0 0 I GICv3 : CPU7: found redistributor 700 region 0:0x00000000fe760000
05-21 08:52:20.308 0 0 I CPU7 : Booted secondary processor 0x0000000700 [0x414fd0b0]
05-21 08:52:20.309 2551 2551 I : CPU7 is up
05-21 08:52:20.315 2551 2551 I rk_gmac-dwmac fe1c0000.ethernet: init for RGMII
05-21 08:52:20.315 15136 15136 I usb1 : root hub lost power or was reset
05-21 08:52:20.323 20111 20111 I usb3 : root hub lost power or was reset
05-21 08:52:20.323 20111 20111 I usb4 : root hub lost power or was reset
05-21 08:52:20.324 2551 2551 E PM : dpm_run_callback(): wacom_i2c_resume+0x0/0xdc returns -6
05-21 08:52:20.324 2551 2551 E PM : Device 4-0009 failed to resume: error -6
05-21 08:52:20.387 2551 2551 I usb2 : root hub lost power or was reset
05-19 10:43:57.085 627 668 V DisplayPowerController[0]: Brightness [0.5472441] reason changing to: 'manual', previous reason: 'screen_off'.
05-21 08:52:20.570 20110 20110 I usb 4-1 : reset SuperSpeed Gen 1 USB device number 2 using xhci-hcd
05-19 10:43:57.086 627 668 I sysui_multi_action: [757,1696,758,6,759,3]
05-19 10:43:57.095 627 647 I DisplayDeviceRepository: Display device changed state: "内置屏幕", ON
05-21 08:52:20.710 20114 20114 I usb 3-1 : reset high-speed USB device number 2 using xhci-hcd
05-21 08:52:21.221 20107 20107 I usb 4-1.3: reset SuperSpeed Gen 1 USB device number 3 using xhci-hcd
05-21 08:52:21.317 17996 17996 I usb 4-1.4: reset SuperSpeed Gen 1 USB device number 4 using xhci-hcd
05-21 08:52:21.357 9441 9441 I r8152 4-1.4: 1.0: skip request firmware
05-21 08:52:21.407 10279 10279 I usb 4-1.1: reset SuperSpeed Gen 1 USB device number 5 using xhci-hcd
05-21 08:52:21.640 20118 20118 I usb 3-1.3: reset high-speed USB device number 3 using xhci-hcd
05-21 08:52:21.860 14733 14733 I usb 3-1.5: reset high-speed USB device number 19 using xhci-hcd
05-21 08:52:21.952 14733 14733 E PM : dpm_run_callback(): usb_dev_resume+0x0/0x28 returns -5
05-21 08:52:21.952 14733 14733 E PM : Device 3-1.5 failed to resume async: error -5
05-21 08:52:21.955 2551 2551 I : OOM killer enabled.
05-21 08:52:21.955 2551 2551 I : Restarting tasks ...
05-21 08:52:21.959 19334 19334 I usb 3-1.5: USB disconnect, device number 19
05-21 08:52:21.982 9441 9441 I : mmc_host mmc0: Bus speed (slot 0) = 400000Hz (slot req 400000Hz, actual 400000HZ div = 0)
05-21 08:52:47.646 440 440 W healthd : battery l=100 v=8706 t=26.5 h=1 st=5 c=0 fc=9700000 cc=0 chg=u
05-21 08:52:47.646 2551 2551 W : done.
05-21 08:52:47.646 2551 2551 I : Resume caused by IRQ 106, rk806
05-21 08:52:47.646 2551 2551 I PM : suspend exit
05-21 08:52:47.677 468 468 I gsensor_mxc6655 5-0015: set sensor poll time to 66ms
05-21 08:52:47.679 468 468 I gsensor_mxc6655 5-0015: sensor on: starting poll sensor data 62ms
05-19 10:43:57.100 627 668 I DisplayPowerController[0]: Unblocked screen on after 24 ms
05-19 10:43:57.110 627 627 I power_screen_broadcast_send: 1
