05-19 10:37:54.534 627 944 W PermissionManagerService: Datasource AttributionSource { uid = 10022, packageName = com.android.providers.calendar, attributionTag = null, token = android.os.BinderProxy@4b6af8f, next = android.content.AttributionSourceState@6424d8f } protecting data with platform defined runtime permission android.permission.READ_CALENDAR while not having android.permission.UPDATE_APP_OPS_STATS
05-19 10:37:55.002 1272 1272 W ContextImpl: Calling a method in the system process without a qualified user: android.app.ContextImpl.sendBroadcast:1181 android.content.ContextWrapper.sendBroadcast:479 cn.eben.newweather.DateWeatherService.a:19 cn.eben.newweather.DateWeatherService.a:0 cn.eben.newweather.DateWeatherService$1.handleMessage:7
05-19 10:37:55.004 463 491 I RIL : ---> enter mainloop wait at port
05-19 10:37:55.004 463 491 D RIL-DEV : Get modem info
05-19 10:37:55.005 463 491 D RIL-DEV : [05-19_10:37:55:005] idVendor = 0bda
05-19 10:37:55.005 463 491 D RIL-DEV :
05-19 10:37:55.005 463 491 D RIL-DEV : [05-19_10:37:55:006] idVendor = 05e3
05-19 10:37:55.005 463 491 D RIL-DEV :
05-19 10:37:55.006 463 491 D RIL-DEV : [05-19_10:37:55:006] idVendor = 1d6b
05-19 10:37:55.006 463 491 D RIL-DEV :
05-19 10:37:55.006 463 491 D RIL-DEV : [05-19_10:37:55:006] idVendor = 1d6b
05-19 10:37:55.006 463 491 D RIL-DEV :
05-19 10:37:55.006 463 491 D RIL-DEV : [05-19_10:37:55:007] idVendor = 0bda
05-19 10:37:55.006 463 491 D RIL-DEV :
05-19 10:37:55.007 463 491 D RIL-DEV : [05-19_10:37:55:007] idVendor = 1d6b
05-19 10:37:55.007 463 491 D RIL-DEV :
05-19 10:37:55.007 463 491 D RIL-DEV : [05-19_10:37:55:007] idVendor = 2109
05-19 10:37:55.007 463 491 D RIL-DEV :
05-19 10:37:55.007 463 491 D RIL-DEV : [05-19_10:37:55:008] idVendor = 2109
05-19 10:37:55.007 463 491 D RIL-DEV :
05-19 10:37:55.007 463 491 D RIL-DEV : [05-19_10:37:55:008] idVendor = 1d6b
05-19 10:37:55.007 463 491 D RIL-DEV :
05-19 10:37:55.008 463 491 D RIL-DEV : [05-19_10:37:55:008] idVendor = 0bda
05-19 10:37:55.008 463 491 D RIL-DEV :
05-19 10:37:55.009 463 491 D RIL-DEV : [05-19_10:37:55:009] idVendor = 2109
05-19 10:37:55.009 463 491 D RIL-DEV :
05-19 10:37:55.009 463 491 E RIL-DEV : Cannot find Meig devices
05-19 10:37:55.009 463 491 I RIL : ---> can't find meig usb devices
05-19 10:37:55.734 627 738 W PermissionManagerService: Datasource AttributionSource { uid = 10022, packageName = com.android.providers.calendar, attributionTag = null, token = android.os.BinderProxy@4b6af8f, next = android.content.AttributionSourceState@4dc25a1 } protecting data with platform defined runtime permission android.permission.READ_CALENDAR while not having android.permission.UPDATE_APP_OPS_STATS
05-19 10:37:55.745 627 738 W PermissionManagerService: Datasource AttributionSource { uid = 10022, packageName = com.android.providers.calendar, attributionTag = null, token = android.os.BinderProxy@4b6af8f, next = android.content.AttributionSourceState@b943c6 } protecting data with platform defined runtime permission android.permission.READ_CALENDAR while not having android.permission.UPDATE_APP_OPS_STATS
05-19 10:37:55.755 627 738 W PermissionManagerService: Datasource AttributionSource { uid = 10022, packageName = com.android.providers.calendar, attributionTag = null, token = android.os.BinderProxy@4b6af8f, next = android.content.AttributionSourceState@f747add } protecting data with platform defined runtime permission android.permission.READ_CALENDAR while not having android.permission.UPDATE_APP_OPS_STATS
05-19 10:37:56.002 1272 1272 W ContextImpl: Calling a method in the system process without a qualified user: android.app.ContextImpl.sendBroadcast:1181 android.content.ContextWrapper.sendBroadcast:479 cn.eben.newweather.DateWeatherService.a:19 cn.eben.newweather.DateWeatherService.a:0 cn.eben.newweather.DateWeatherService$1.handleMessage:7
05-19 10:37:56.420 627 944 W ContentProviderHelper: Permission Denial: opening provider com.android.providers.contacts.ContactsProvider2 from ProcessRecord{552b742 1631:cn.eben.sync/u0a63} (pid=1631, uid=10063) requires android.permission.READ_CONTACTS or android.permission.WRITE_CONTACTS
05-19 10:37:57.003 1272 1272 W ContextImpl: Calling a method in the system process without a qualified user: android.app.ContextImpl.sendBroadcast:1181 android.content.ContextWrapper.sendBroadcast:479 cn.eben.newweather.DateWeatherService.a:19 cn.eben.newweather.DateWeatherService.a:0 cn.eben.newweather.DateWeatherService$1.handleMessage:7
05-19 10:37:57.009 463 491 I RIL : ---> enter mainloop wait at port
05-19 10:37:57.009 463 491 D RIL-DEV : Get modem info
05-19 10:37:57.010 463 491 D RIL-DEV : [05-19_10:37:57:010] idVendor = 0bda
05-19 10:37:57.010 463 491 D RIL-DEV :
05-19 10:37:57.010 463 491 D RIL-DEV : [05-19_10:37:57:011] idVendor = 05e3
05-19 10:37:57.010 463 491 D RIL-DEV :
05-19 10:37:57.010 463 491 D RIL-DEV : [05-19_10:37:57:011] idVendor = 1d6b
05-19 10:37:57.010 463 491 D RIL-DEV :
05-19 10:37:57.010 463 491 D RIL-DEV : [05-19_10:37:57:011] idVendor = 1d6b
05-19 10:37:57.010 463 491 D RIL-DEV :
05-19 10:37:57.011 463 491 D RIL-DEV : [05-19_10:37:57:011] idVendor = 0bda
05-19 10:37:57.011 463 491 D RIL-DEV :
05-19 10:37:57.011 463 491 D RIL-DEV : [05-19_10:37:57:011] idVendor = 1d6b
05-19 10:37:57.011 463 491 D RIL-DEV :
05-19 10:37:57.011 463 491 D RIL-DEV : [05-19_10:37:57:012] idVendor = 2109
05-19 10:37:57.011 463 491 D RIL-DEV :
05-19 10:37:57.012 463 491 D RIL-DEV : [05-19_10:37:57:012] idVendor = 2109
05-19 10:37:57.012 463 491 D RIL-DEV :
05-19 10:37:57.012 463 491 D RIL-DEV : [05-19_10:37:57:012] idVendor = 1d6b
05-19 10:37:57.012 463 491 D RIL-DEV :
05-19 10:37:57.012 463 491 D RIL-DEV : [05-19_10:37:57:012] idVendor = 0bda
05-19 10:37:57.012 463 491 D RIL-DEV :
05-19 10:37:57.012 463 491 D RIL-DEV : [05-19_10:37:57:013] idVendor = 2109
05-19 10:37:57.012 463 491 D RIL-DEV :
05-19 10:37:57.012 463 491 E RIL-DEV : Cannot find Meig devices
05-19 10:37:57.012 463 491 I RIL : ---> can't find meig usb devices
05-19 10:37:57.760 627 653 I am_uid_idle: 10038
05-19 10:37:58.002 1272 1272 W ContextImpl: Calling a method in the system process without a qualified user: android.app.ContextImpl.sendBroadcast:1181 android.content.ContextWrapper.sendBroadcast:479 cn.eben.newweather.DateWeatherService.a:19 cn.eben.newweather.DateWeatherService.a:0 cn.eben.newweather.DateWeatherService$1.handleMessage:7
05-19 10:37:59.002 1272 1272 W ContextImpl: Calling a method in the system process without a qualified user: android.app.ContextImpl.sendBroadcast:1181 android.content.ContextWrapper.sendBroadcast:479 cn.eben.newweather.DateWeatherService.a:19 cn.eben.newweather.DateWeatherService.a:0 cn.eben.newweather.DateWeatherService$1.handleMessage:7
05-19 10:37:59.013 463 491 I RIL : ---> enter mainloop wait at port
05-19 10:37:59.013 463 491 D RIL-DEV : Get modem info
05-19 10:37:59.013 463 491 D RIL-DEV : [05-19_10:37:59:014] idVendor = 0bda
05-19 10:37:59.013 463 491 D RIL-DEV :
05-19 10:37:59.014 463 491 D RIL-DEV : [05-19_10:37:59:014] idVendor = 05e3
05-19 10:37:59.014 463 491 D RIL-DEV :
05-19 10:37:59.014 463 491 D RIL-DEV : [05-19_10:37:59:014] idVendor = 1d6b
05-19 10:37:59.014 463 491 D RIL-DEV :
05-19 10:37:59.014 463 491 D RIL-DEV : [05-19_10:37:59:014] idVendor = 1d6b
05-19 10:37:59.014 463 491 D RIL-DEV :
05-19 10:37:59.014 463 491 D RIL-DEV : [05-19_10:37:59:014] idVendor = 0bda
05-19 10:37:59.014 463 491 D RIL-DEV :
05-19 10:37:59.014 463 491 D RIL-DEV : [05-19_10:37:59:014] idVendor = 1d6b
05-19 10:37:59.014 463 491 D RIL-DEV :
05-19 10:37:59.014 463 491 D RIL-DEV : [05-19_10:37:59:015] idVendor = 2109
05-19 10:37:59.014 463 491 D RIL-DEV :
05-19 10:37:59.014 463 491 D RIL-DEV : [05-19_10:37:59:015] idVendor = 2109
05-19 10:37:59.014 463 491 D RIL-DEV :
05-19 10:37:59.014 463 491 D RIL-DEV : [05-19_10:37:59:015] idVendor = 1d6b
05-19 10:37:59.014 463 491 D RIL-DEV :
05-19 10:37:59.014 463 491 D RIL-DEV : [05-19_10:37:59:015] idVendor = 0bda
05-19 10:37:59.014 463 491 D RIL-DEV :
05-19 10:37:59.014 463 491 D RIL-DEV : [05-19_10:37:59:015] idVendor = 2109
05-19 10:37:59.014 463 491 D RIL-DEV :
05-19 10:37:59.015 463 491 E RIL-DEV : Cannot find Meig devices
05-19 10:37:59.015 463 491 I RIL : ---> can't find meig usb devices
05-19 10:38:00.002 1272 1272 W ContextImpl: Calling a method in the system process without a qualified user: android.app.ContextImpl.sendBroadcast:1181 android.content.ContextWrapper.sendBroadcast:479 cn.eben.newweather.DateWeatherService.a:19 cn.eben.newweather.DateWeatherService.a:0 cn.eben.newweather.DateWeatherService$1.handleMessage:7
05-19 10:38:01.001 1272 1272 W ContextImpl: Calling a method in the system process without a qualified user: android.app.ContextImpl.sendBroadcast:1181 android.content.ContextWrapper.sendBroadcast:479 cn.eben.newweather.DateWeatherService.a:19 cn.eben.newweather.DateWeatherService.a:0 cn.eben.newweather.DateWeatherService$1.handleMessage:7
05-19 10:38:01.015 463 491 I RIL : ---> enter mainloop wait at port
05-19 10:38:01.015 463 491 D RIL-DEV : Get modem info
05-19 10:38:01.016 463 491 D RIL-DEV : [05-19_10:38:01:016] idVendor = 0bda
05-19 10:38:01.016 463 491 D RIL-DEV :
05-19 10:38:01.016 463 491 D RIL-DEV : [05-19_10:38:01:017] idVendor = 05e3
05-19 10:38:01.016 463 491 D RIL-DEV :
05-19 10:38:01.017 463 491 D RIL-DEV : [05-19_10:38:01:017] idVendor = 1d6b
05-19 10:38:01.017 463 491 D RIL-DEV :
05-19 10:38:01.017 463 491 D RIL-DEV : [05-19_10:38:01:017] idVendor = 1d6b
05-19 10:38:01.017 463 491 D RIL-DEV :
05-19 10:38:01.017 463 491 D RIL-DEV : [05-19_10:38:01:018] idVendor = 0bda
05-19 10:38:01.017 463 491 D RIL-DEV :
05-19 10:38:01.018 463 491 D RIL-DEV : [05-19_10:38:01:018] idVendor = 1d6b
05-19 10:38:01.018 463 491 D RIL-DEV :
05-19 10:38:01.018 463 491 D RIL-DEV : [05-19_10:38:01:018] idVendor = 2109
05-19 10:38:01.018 463 491 D RIL-DEV :
05-19 10:38:01.019 463 491 D RIL-DEV : [05-19_10:38:01:019] idVendor = 2109
05-19 10:38:01.019 463 491 D RIL-DEV :
05-19 10:38:01.019 463 491 D RIL-DEV : [05-19_10:38:01:020] idVendor = 1d6b
05-19 10:38:01.019 463 491 D RIL-DEV :
05-19 10:38:01.019 463 491 D RIL-DEV : [05-19_10:38:01:020] idVendor = 0bda
05-19 10:38:01.019 463 491 D RIL-DEV :
05-19 10:38:01.020 463 491 D RIL-DEV : [05-19_10:38:01:020] idVendor = 2109
05-19 10:38:01.020 463 491 D RIL-DEV :
05-19 10:38:01.020 463 491 E RIL-DEV : Cannot find Meig devices
05-19 10:38:01.020 463 491 I RIL : ---> can't find meig usb devices
05-19 10:38:01.288 627 710 I input_interaction: Interaction with: d7a6ca1 NavigationBar0 (server), PointerEventDispatcher0 (server),
05-19 10:38:01.291 781 781 I sysui_multi_action: [757,931,758,4,759,4,932,0,933,0]
05-19 10:38:01.296 627 710 I input_interaction: Interaction with: 2ea6737 com.ebensz.enote.meeting/com.ebensz.enote.meeting.MeetingActivity (server), PointerEventDispatcher0 (server),
05-19 10:38:01.304 627 710 I input_interaction: Interaction with: d7a6ca1 NavigationBar0 (server), PointerEventDispatcher0 (server),
05-19 10:38:01.389 781 781 I sysui_multi_action: [757,931,758,4,759,4,932,0,933,1]
05-19 10:38:01.393 627 944 I sysui_multi_action: [757,803,799,key_back_press,802,1]
05-19 10:38:01.393 627 645 D AutofillManagerService: onBackKeyPressed()
05-19 10:38:01.401 627 944 I ActivityTaskManager: moveTaskToBack: Task{67d0ac2 #116 type=standard A=10042:android.task.calendar1 U=0 visible=true visibleRequested=true mode=fullscreen translucent=false sz=1}
05-19 10:38:01.402 627 944 I wm_task_moved: [116,0,0]
05-19 10:38:01.408 627 944 I wm_focused_root_task: [0,0,1,116,moveTaskToBackLocked]
05-19 10:38:01.411 19414 19414 I wm_on_top_resumed_lost_called: [99583964,com.ebensz.enote.meeting.MeetingActivity,topStateChangedWhenResumed]
05-19 10:38:01.413 627 944 I wm_add_to_stopping: [0,99583964,com.ebensz.enote.meeting/.MeetingActivity,makeInvisible]
05-19 10:38:01.415 627 944 I wm_pause_activity: [0,99583964,com.ebensz.enote.meeting/.MeetingActivity,userLeaving=false,pauseBackTasks]
05-19 10:38:01.423 627 944 I wm_set_resumed_activity: [0,com.android.launcher3/.uioverrides.QuickstepLauncher,resumeTopActivity]
05-19 10:38:01.423 627 2096 W ContentProviderHelper: Permission Denial: opening provider com.android.providers.contacts.ContactsProvider2 from ProcessRecord{552b742 1631:cn.eben.sync/u0a63} (pid=1631, uid=10063) requires android.permission.READ_CONTACTS or android.permission.WRITE_CONTACTS
05-19 10:38:01.428 627 944 I wm_resume_activity: [0,214771548,29,com.android.launcher3/.uioverrides.QuickstepLauncher]
05-19 10:38:01.439 627 710 I input_focus: [Focus leaving 2ea6737 com.ebensz.enote.meeting/com.ebensz.enote.meeting.MeetingActivity (server),reason=NO_WINDOW]
05-19 10:38:01.440 19414 19414 I wm_on_paused_called: [99583964,com.ebensz.enote.meeting.MeetingActivity,performPause]
05-19 10:38:01.446 627 647 I sysui_multi_action: [757,803,799,window_time_0,802,10]
05-19 10:38:01.459 1030 1030 I wm_on_restart_called: [214771548,com.android.launcher3.uioverrides.QuickstepLauncher,performRestartActivity]
05-19 10:38:01.461 1030 1030 I wm_on_start_called: [214771548,com.android.launcher3.uioverrides.QuickstepLauncher,handleStartActivity]
05-19 10:38:01.462 1030 1030 I wm_on_resume_called: [214771548,com.android.launcher3.uioverrides.QuickstepLauncher,RESUME_ACTIVITY]
05-19 10:38:01.463 1030 1030 I wm_on_top_resumed_gained_called: [214771548,com.android.launcher3.uioverrides.QuickstepLauncher,topStateChangedWhenResumed]
05-19 10:38:01.487 627 2096 W PermissionManagerService: Datasource AttributionSource { uid = 10022, packageName = com.android.providers.calendar, attributionTag = null, token = android.os.BinderProxy@4b6af8f, next = android.content.AttributionSourceState@f80db61 } protecting data with platform defined runtime permission android.permission.READ_CALENDAR while not having android.permission.UPDATE_APP_OPS_STATS
05-19 10:38:01.491 627 648 I input_focus: [Focus request 334f74b com.android.launcher3/com.android.launcher3.uioverrides.QuickstepLauncher,reason=UpdateInputWindows]
05-19 10:38:01.494 627 641 W PermissionManagerService: Datasource AttributionSource { uid = 10022, packageName = com.android.providers.calendar, attributionTag = null, token = android.os.BinderProxy@4b6af8f, next = android.content.AttributionSourceState@132512 } protecting data with platform defined runtime permission android.permission.READ_CALENDAR while not having android.permission.UPDATE_APP_OPS_STATS
05-19 10:38:01.554 627 641 I dvm_lock_sample: [system_server,0,Binder:627_1,17,Session.java,522,void com.android.server.wm.Session.setWallpaperZoomOut(android.os.IBinder, float),,0,null,3]
05-19 10:38:01.564 627 710 I input_focus: [Focus entering 334f74b com.android.launcher3/com.android.launcher3.uioverrides.QuickstepLauncher (server),reason=Window became focusable. Previous reason: NOT_VISIBLE]
05-19 10:38:01.670 627 627 W WindowManager: removeWindowToken: Attempted to remove non-existing token: android.os.Binder@d1b7cf1
05-19 10:38:01.916 627 647 I wm_stop_activity: [0,99583964,com.ebensz.enote.meeting/.MeetingActivity]
05-19 10:38:01.970 19414 19414 I wm_on_stop_called: [99583964,com.ebensz.enote.meeting.MeetingActivity,STOP_ACTIVITY_ITEM]
05-19 10:38:02.004 1272 1272 W ContextImpl: Calling a method in the system process without a qualified user: android.app.ContextImpl.sendBroadcast:1181 android.content.ContextWrapper.sendBroadcast:479 cn.eben.newweather.DateWeatherService.a:19 cn.eben.newweather.DateWeatherService.a:0 cn.eben.newweather.DateWeatherService$1.handleMessage:7
05-19 10:38:03.002 1272 1272 W ContextImpl: Calling a method in the system process without a qualified user: android.app.ContextImpl.sendBroadcast:1181 android.content.ContextWrapper.sendBroadcast:479 cn.eben.newweather.DateWeatherService.a:19 cn.eben.newweather.DateWeatherService.a:0 cn.eben.newweather.DateWeatherService$1.handleMessage:7
05-19 10:38:03.020 463 491 I RIL : ---> enter mainloop wait at port
05-19 10:38:03.021 463 491 D RIL-DEV : Get modem info
05-19 10:38:03.021 463 491 D RIL-DEV : [05-19_10:38:03:022] idVendor = 0bda
05-19 10:38:03.021 463 491 D RIL-DEV :
05-19 10:38:03.022 463 491 D RIL-DEV : [05-19_10:38:03:022] idVendor = 05e3
05-19 10:38:03.022 463 491 D RIL-DEV :
05-19 10:38:03.022 463 491 D RIL-DEV : [05-19_10:38:03:023] idVendor = 1d6b
05-19 10:38:03.022 463 491 D RIL-DEV :
05-19 10:38:03.022 463 491 D RIL-DEV : [05-19_10:38:03:023] idVendor = 1d6b
05-19 10:38:03.022 463 491 D RIL-DEV :
05-19 10:38:03.023 463 491 D RIL-DEV : [05-19_10:38:03:023] idVendor = 0bda
05-19 10:38:03.023 463 491 D RIL-DEV :
05-19 10:38:03.023 463 491 D RIL-DEV : [05-19_10:38:03:024] idVendor = 1d6b
05-19 10:38:03.023 463 491 D RIL-DEV :
05-19 10:38:03.023 463 491 D RIL-DEV : [05-19_10:38:03:024] idVendor = 2109
05-19 10:38:03.023 463 491 D RIL-DEV :
05-19 10:38:03.024 463 491 D RIL-DEV : [05-19_10:38:03:024] idVendor = 2109
05-19 10:38:03.024 463 491 D RIL-DEV :
05-19 10:38:03.024 463 491 D RIL-DEV : [05-19_10:38:03:024] idVendor = 1d6b
05-19 10:38:03.024 463 491 D RIL-DEV :
05-19 10:38:03.024 463 491 D RIL-DEV : [05-19_10:38:03:025] idVendor = 0bda
05-19 10:38:03.024 463 491 D RIL-DEV :
05-19 10:38:03.025 463 491 D RIL-DEV : [05-19_10:38:03:025] idVendor = 2109
05-19 10:38:03.025 463 491 D RIL-DEV :
05-19 10:38:03.025 463 491 E RIL-DEV : Cannot find Meig devices
05-19 10:38:03.025 463 491 I RIL : ---> can't find meig usb devices
05-19 10:38:04.002 1272 1272 W ContextImpl: Calling a method in the system process without a qualified user: android.app.ContextImpl.sendBroadcast:1181 android.content.ContextWrapper.sendBroadcast:479 cn.eben.newweather.DateWeatherService.a:19 cn.eben.newweather.DateWeatherService.a:0 cn.eben.newweather.DateWeatherService$1.handleMessage:7
05-19 10:38:05.003 1272 1272 W ContextImpl: Calling a method in the system process without a qualified user: android.app.ContextImpl.sendBroadcast:1181 android.content.ContextWrapper.sendBroadcast:479 cn.eben.newweather.DateWeatherService.a:19 cn.eben.newweather.DateWeatherService.a:0 cn.eben.newweather.DateWeatherService$1.handleMessage:7
05-19 10:38:05.025 463 491 I RIL : ---> enter mainloop wait at port
05-19 10:38:05.025 463 491 D RIL-DEV : Get modem info
05-19 10:38:05.026 463 491 D RIL-DEV : [05-19_10:38:05:026] idVendor = 0bda
05-19 10:38:05.026 463 491 D RIL-DEV :
05-19 10:38:05.026 463 491 D RIL-DEV : [05-19_10:38:05:027] idVendor = 05e3
05-19 10:38:05.026 463 491 D RIL-DEV :
05-19 10:38:05.027 463 491 D RIL-DEV : [05-19_10:38:05:027] idVendor = 1d6b
05-19 10:38:05.027 463 491 D RIL-DEV :
05-19 10:38:05.027 463 491 D RIL-DEV : [05-19_10:38:05:027] idVendor = 1d6b
05-19 10:38:05.027 463 491 D RIL-DEV :
05-19 10:38:05.027 463 491 D RIL-DEV : [05-19_10:38:05:028] idVendor = 0bda
05-19 10:38:05.027 463 491 D RIL-DEV :
05-19 10:38:05.028 463 491 D RIL-DEV : [05-19_10:38:05:028] idVendor = 1d6b
05-19 10:38:05.028 463 491 D RIL-DEV :
05-19 10:38:05.028 463 491 D RIL-DEV : [05-19_10:38:05:028] idVendor = 2109
05-19 10:38:05.028 463 491 D RIL-DEV :
05-19 10:38:05.029 463 491 D RIL-DEV : [05-19_10:38:05:029] idVendor = 2109
05-19 10:38:05.029 463 491 D RIL-DEV :
05-19 10:38:05.029 463 491 D RIL-DEV : [05-19_10:38:05:030] idVendor = 1d6b
05-19 10:38:05.029 463 491 D RIL-DEV :
05-19 10:38:05.029 463 491 D RIL-DEV : [05-19_10:38:05:030] idVendor = 0bda
05-19 10:38:05.029 463 491 D RIL-DEV :
05-19 10:38:05.030 463 491 D RIL-DEV : [05-19_10:38:05:030] idVendor = 2109
05-19 10:38:05.030 463 491 D RIL-DEV :
05-19 10:38:05.030 463 491 E RIL-DEV : Cannot find Meig devices
05-19 10:38:05.030 463 491 I RIL : ---> can't find meig usb devices
05-19 10:38:06.001 1272 1272 W ContextImpl: Calling a method in the system process without a qualified user: android.app.ContextImpl.sendBroadcast:1181 android.content.ContextWrapper.sendBroadcast:479 cn.eben.newweather.DateWeatherService.a:19 cn.eben.newweather.DateWeatherService.a:0 cn.eben.newweather.DateWeatherService$1.handleMessage:7
05-19 10:38:06.429 627 2096 W ContentProviderHelper: Permission Denial: opening provider com.android.providers.contacts.ContactsProvider2 from ProcessRecord{552b742 1631:cn.eben.sync/u0a63} (pid=1631, uid=10063) requires android.permission.READ_CONTACTS or android.permission.WRITE_CONTACTS
05-19 10:38:07.002 1272 1272 W ContextImpl: Calling a method in the system process without a qualified user: android.app.ContextImpl.sendBroadcast:1181 android.content.ContextWrapper.sendBroadcast:479 cn.eben.newweather.DateWeatherService.a:19 cn.eben.newweather.DateWeatherService.a:0 cn.eben.newweather.DateWeatherService$1.handleMessage:7
05-19 10:38:07.031 463 491 I RIL : ---> enter mainloop wait at port
05-19 10:38:07.031 463 491 D RIL-DEV : Get modem info
05-19 10:38:07.037 463 491 D RIL-DEV : [05-19_10:38:07:037] idVendor = 0bda
05-19 10:38:07.037 463 491 D RIL-DEV :
05-19 10:38:07.037 463 491 D RIL-DEV : [05-19_10:38:07:038] idVendor = 05e3
05-19 10:38:07.037 463 491 D RIL-DEV :
05-19 10:38:07.038 463 491 D RIL-DEV : [05-19_10:38:07:038] idVendor = 1d6b
05-19 10:38:07.038 463 491 D RIL-DEV :
05-19 10:38:07.038 463 491 D RIL-DEV : [05-19_10:38:07:039] idVendor = 1d6b
05-19 10:38:07.038 463 491 D RIL-DEV :
05-19 10:38:07.038 463 491 D RIL-DEV : [05-19_10:38:07:039] idVendor = 0bda
05-19 10:38:07.038 463 491 D RIL-DEV :
05-19 10:38:07.039 463 491 D RIL-DEV : [05-19_10:38:07:039] idVendor = 1d6b
05-19 10:38:07.039 463 491 D RIL-DEV :
05-19 10:38:07.039 463 491 D RIL-DEV : [05-19_10:38:07:039] idVendor = 2109
05-19 10:38:07.039 463 491 D RIL-DEV :
05-19 10:38:07.039 463 491 D RIL-DEV : [05-19_10:38:07:040] idVendor = 2109
05-19 10:38:07.039 463 491 D RIL-DEV :
05-19 10:38:07.039 463 491 D RIL-DEV : [05-19_10:38:07:040] idVendor = 1d6b
05-19 10:38:07.039 463 491 D RIL-DEV :
05-19 10:38:07.039 463 491 D RIL-DEV : [05-19_10:38:07:040] idVendor = 0bda
05-19 10:38:07.039 463 491 D RIL-DEV :
05-19 10:38:07.040 463 491 D RIL-DEV : [05-19_10:38:07:040] idVendor = 2109
05-19 10:38:07.040 463 491 D RIL-DEV :
05-19 10:38:07.040 463 491 E RIL-DEV : Cannot find Meig devices
05-19 10:38:07.040 463 491 I RIL : ---> can't find meig usb devices
05-19 10:38:08.001 1272 1272 W ContextImpl: Calling a method in the system process without a qualified user: android.app.ContextImpl.sendBroadcast:1181 android.content.ContextWrapper.sendBroadcast:479 cn.eben.newweather.DateWeatherService.a:19 cn.eben.newweather.DateWeatherService.a:0 cn.eben.newweather.DateWeatherService$1.handleMessage:7
05-19 10:38:09.000 1272 1272 W ContextImpl: Calling a method in the system process without a qualified user: android.app.ContextImpl.sendBroadcast:1181 android.content.ContextWrapper.sendBroadcast:479 cn.eben.newweather.DateWeatherService.a:19 cn.eben.newweather.DateWeatherService.a:0 cn.eben.newweather.DateWeatherService$1.handleMessage:7
05-19 10:38:09.040 463 491 I RIL : ---> enter mainloop wait at port
05-19 10:38:09.041 463 491 D RIL-DEV : Get modem info
05-19 10:38:09.042 463 491 D RIL-DEV : [05-19_10:38:09:042] idVendor = 0bda
05-19 10:38:09.042 463 491 D RIL-DEV :
05-19 10:38:09.042 463 491 D RIL-DEV : [05-19_10:38:09:043] idVendor = 05e3
05-19 10:38:09.042 463 491 D RIL-DEV :
05-19 10:38:09.044 463 491 D RIL-DEV : [05-19_10:38:09:044] idVendor = 1d6b
05-19 10:38:09.044 463 491 D RIL-DEV :
05-19 10:38:09.044 463 491 D RIL-DEV : [05-19_10:38:09:044] idVendor = 1d6b
05-19 10:38:09.044 463 491 D RIL-DEV :
05-19 10:38:09.044 463 491 D RIL-DEV : [05-19_10:38:09:045] idVendor = 0bda
05-19 10:38:09.044 463 491 D RIL-DEV :
05-19 10:38:09.045 463 491 D RIL-DEV : [05-19_10:38:09:045] idVendor = 1d6b
05-19 10:38:09.045 463 491 D RIL-DEV :
05-19 10:38:09.045 463 491 D RIL-DEV : [05-19_10:38:09:046] idVendor = 2109
05-19 10:38:09.045 463 491 D RIL-DEV :
05-19 10:38:09.046 463 491 D RIL-DEV : [05-19_10:38:09:046] idVendor = 2109
05-19 10:38:09.046 463 491 D RIL-DEV :
05-19 10:38:09.046 463 491 D RIL-DEV : [05-19_10:38:09:046] idVendor = 1d6b
05-19 10:38:09.046 463 491 D RIL-DEV :
05-19 10:38:09.046 463 491 D RIL-DEV : [05-19_10:38:09:047] idVendor = 0bda
05-19 10:38:09.046 463 491 D RIL-DEV :
05-19 10:38:09.047 463 491 D RIL-DEV : [05-19_10:38:09:047] idVendor = 2109
05-19 10:38:09.047 463 491 D RIL-DEV :
05-19 10:38:09.047 463 491 E RIL-DEV : Cannot find Meig devices
05-19 10:38:09.047 463 491 I RIL : ---> can't find meig usb devices
05-19 10:38:10.002 1272 1272 W ContextImpl: Calling a method in the system process without a qualified user: android.app.ContextImpl.sendBroadcast:1181 android.content.ContextWrapper.sendBroadcast:479 cn.eben.newweather.DateWeatherService.a:19 cn.eben.newweather.DateWeatherService.a:0 cn.eben.newweather.DateWeatherService$1.handleMessage:7
05-19 10:38:11.002 1272 1272 W ContextImpl: Calling a method in the system process without a qualified user: android.app.ContextImpl.sendBroadcast:1181 android.content.ContextWrapper.sendBroadcast:479 cn.eben.newweather.DateWeatherService.a:19 cn.eben.newweather.DateWeatherService.a:0 cn.eben.newweather.DateWeatherService$1.handleMessage:7
05-19 10:38:11.054 463 491 I RIL : ---> enter mainloop wait at port
05-19 10:38:11.054 463 491 D RIL-DEV : Get modem info
05-19 10:38:11.055 463 491 D RIL-DEV : [05-19_10:38:11:055] idVendor = 0bda
05-19 10:38:11.055 463 491 D RIL-DEV :
05-19 10:38:11.055 463 491 D RIL-DEV : [05-19_10:38:11:056] idVendor = 05e3
05-19 10:38:11.055 463 491 D RIL-DEV :
05-19 10:38:11.055 463 491 D RIL-DEV : [05-19_10:38:11:056] idVendor = 1d6b
05-19 10:38:11.055 463 491 D RIL-DEV :
05-19 10:38:11.056 463 491 D RIL-DEV : [05-19_10:38:11:056] idVendor = 1d6b
05-19 10:38:11.056 463 491 D RIL-DEV :
05-19 10:38:11.056 463 491 D RIL-DEV : [05-19_10:38:11:056] idVendor = 0bda
05-19 10:38:11.056 463 491 D RIL-DEV :
05-19 10:38:11.056 463 491 D RIL-DEV : [05-19_10:38:11:057] idVendor = 1d6b
05-19 10:38:11.056 463 491 D RIL-DEV :
05-19 10:38:11.057 463 491 D RIL-DEV : [05-19_10:38:11:057] idVendor = 2109
05-19 10:38:11.057 463 491 D RIL-DEV :
05-19 10:38:11.057 463 491 D RIL-DEV : [05-19_10:38:11:058] idVendor = 2109
05-19 10:38:11.057 463 491 D RIL-DEV :
05-19 10:38:11.057 463 491 D RIL-DEV : [05-19_10:38:11:058] idVendor = 1d6b
05-19 10:38:11.057 463 491 D RIL-DEV :
05-19 10:38:11.058 463 491 D RIL-DEV : [05-19_10:38:11:058] idVendor = 0bda
05-19 10:38:11.058 463 491 D RIL-DEV :
05-19 10:38:11.058 463 491 D RIL-DEV : [05-19_10:38:11:058] idVendor = 2109
05-19 10:38:11.058 463 491 D RIL-DEV :
05-19 10:38:11.061 463 491 E RIL-DEV : Cannot find Meig devices
05-19 10:38:11.062 463 491 I RIL : ---> can't find meig usb devices
05-19 10:38:11.433 627 2096 W ContentProviderHelper: Permission Denial: opening provider com.android.providers.contacts.ContactsProvider2 from ProcessRecord{552b742 1631:cn.eben.sync/u0a63} (pid=1631, uid=10063) requires android.permission.READ_CONTACTS or android.permission.WRITE_CONTACTS
05-19 10:38:12.002 1272 1272 W ContextImpl: Calling a method in the system process without a qualified user: android.app.ContextImpl.sendBroadcast:1181 android.content.ContextWrapper.sendBroadcast:479 cn.eben.newweather.DateWeatherService.a:19 cn.eben.newweather.DateWeatherService.a:0 cn.eben.newweather.DateWeatherService$1.handleMessage:7
05-19 10:38:13.002 1272 1272 W ContextImpl: Calling a method in the system process without a qualified user: android.app.ContextImpl.sendBroadcast:1181 android.content.ContextWrapper.sendBroadcast:479 cn.eben.newweather.DateWeatherService.a:19 cn.eben.newweather.DateWeatherService.a:0 cn.eben.newweather.DateWeatherService$1.handleMessage:7
05-19 10:38:13.063 463 491 I RIL : ---> enter mainloop wait at port
05-19 10:38:13.063 463 491 D RIL-DEV : Get modem info
05-19 10:38:13.063 463 491 D RIL-DEV : [05-19_10:38:13:064] idVendor = 0bda
05-19 10:38:13.063 463 491 D RIL-DEV :
05-19 10:38:13.064 463 491 D RIL-DEV : [05-19_10:38:13:064] idVendor = 05e3
05-19 10:38:13.064 463 491 D RIL-DEV :
05-19 10:38:13.064 463 491 D RIL-DEV : [05-19_10:38:13:065] idVendor = 1d6b
05-19 10:38:13.064 463 491 D RIL-DEV :
05-19 10:38:13.064 463 491 D RIL-DEV : [05-19_10:38:13:065] idVendor = 1d6b
05-19 10:38:13.064 463 491 D RIL-DEV :
05-19 10:38:13.065 463 491 D RIL-DEV : [05-19_10:38:13:065] idVendor = 0bda
05-19 10:38:13.065 463 491 D RIL-DEV :
05-19 10:38:13.065 463 491 D RIL-DEV : [05-19_10:38:13:066] idVendor = 1d6b
05-19 10:38:13.065 463 491 D RIL-DEV :
05-19 10:38:13.065 463 491 D RIL-DEV : [05-19_10:38:13:066] idVendor = 2109
05-19 10:38:13.065 463 491 D RIL-DEV :
05-19 10:38:13.066 463 491 D RIL-DEV : [05-19_10:38:13:066] idVendor = 2109
05-19 10:38:13.066 463 491 D RIL-DEV :
05-19 10:38:13.066 463 491 D RIL-DEV : [05-19_10:38:13:066] idVendor = 1d6b
05-19 10:38:13.066 463 491 D RIL-DEV :
05-19 10:38:13.066 463 491 D RIL-DEV : [05-19_10:38:13:067] idVendor = 0bda
05-19 10:38:13.066 463 491 D RIL-DEV :
05-19 10:38:13.067 463 491 D RIL-DEV : [05-19_10:38:13:067] idVendor = 2109
05-19 10:38:13.067 463 491 D RIL-DEV :
05-19 10:38:13.067 463 491 E RIL-DEV : Cannot find Meig devices
05-19 10:38:13.067 463 491 I RIL : ---> can't find meig usb devices
05-19 10:38:13.305 627 668 V DisplayPowerController[0]: Brightness [0.05] reason changing to: 'manual [ dim ]', previous reason: 'manual'.
05-19 10:38:13.305 627 668 I sysui_multi_action: [757,1696,758,6,759,2]
05-19 10:38:14.002 1272 1272 W ContextImpl: Calling a method in the system process without a qualified user: android.app.ContextImpl.sendBroadcast:1181 android.content.ContextWrapper.sendBroadcast:479 cn.eben.newweather.DateWeatherService.a:19 cn.eben.newweather.DateWeatherService.a:0 cn.eben.newweather.DateWeatherService$1.handleMessage:7
05-19 10:38:15.000 1272 1272 W ContextImpl: Calling a method in the system process without a qualified user: android.app.ContextImpl.sendBroadcast:1181 android.content.ContextWrapper.sendBroadcast:479 cn.eben.newweather.DateWeatherService.a:19 cn.eben.newweather.DateWeatherService.a:0 cn.eben.newweather.DateWeatherService$1.handleMessage:7
05-19 10:38:15.068 463 491 I RIL : ---> enter mainloop wait at port
05-19 10:38:15.068 463 491 D RIL-DEV : Get modem info
05-19 10:38:15.068 463 491 D RIL-DEV : [05-19_10:38:15:069] idVendor = 0bda
05-19 10:38:15.068 463 491 D RIL-DEV :
05-19 10:38:15.069 463 491 D RIL-DEV : [05-19_10:38:15:069] idVendor = 05e3
05-19 10:38:15.069 463 491 D RIL-DEV :
05-19 10:38:15.069 463 491 D RIL-DEV : [05-19_10:38:15:070] idVendor = 1d6b
05-19 10:38:15.069 463 491 D RIL-DEV :
05-19 10:38:15.069 463 491 D RIL-DEV : [05-19_10:38:15:070] idVendor = 1d6b
05-19 10:38:15.069 463 491 D RIL-DEV :
05-19 10:38:15.070 463 491 D RIL-DEV : [05-19_10:38:15:070] idVendor = 0bda
05-19 10:38:15.070 463 491 D RIL-DEV :
05-19 10:38:15.070 463 491 D RIL-DEV : [05-19_10:38:15:071] idVendor = 1d6b
05-19 10:38:15.070 463 491 D RIL-DEV :
05-19 10:38:15.071 463 491 D RIL-DEV : [05-19_10:38:15:071] idVendor = 2109
05-19 10:38:15.071 463 491 D RIL-DEV :
05-19 10:38:15.071 463 491 D RIL-DEV : [05-19_10:38:15:072] idVendor = 2109
05-19 10:38:15.071 463 491 D RIL-DEV :
05-19 10:38:15.071 463 491 D RIL-DEV : [05-19_10:38:15:072] idVendor = 1d6b
05-19 10:38:15.071 463 491 D RIL-DEV :
05-19 10:38:15.072 463 491 D RIL-DEV : [05-19_10:38:15:072] idVendor = 0bda
05-19 10:38:15.072 463 491 D RIL-DEV :
05-19 10:38:15.072 463 491 D RIL-DEV : [05-19_10:38:15:072] idVendor = 2109
05-19 10:38:15.072 463 491 D RIL-DEV :
05-19 10:38:15.072 463 491 E RIL-DEV : Cannot find Meig devices
05-19 10:38:15.072 463 491 I RIL : ---> can't find meig usb devices
05-19 10:38:16.001 1272 1272 W ContextImpl: Calling a method in the system process without a qualified user: android.app.ContextImpl.sendBroadcast:1181 android.content.ContextWrapper.sendBroadcast:479 cn.eben.newweather.DateWeatherService.a:19 cn.eben.newweather.DateWeatherService.a:0 cn.eben.newweather.DateWeatherService$1.handleMessage:7
05-19 10:38:16.292 627 668 I PowerManagerService: Powering off display group due to timeout (groupId= 0, uid= 1000)...
05-19 10:38:16.293 627 668 I PowerManagerService: Going to sleep due to timeout (uid 1000)...
05-19 10:38:16.294 627 668 I power_sleep_requested: 0
05-19 10:38:16.374 627 668 V DisplayPowerController[0]: Brightness [0.5472441] reason changing to: 'manual', previous reason: 'manual [ dim ]'.
05-19 10:38:16.374 627 668 I sysui_multi_action: [757,1696,758,6,759,0]
05-19 10:38:16.437 627 2096 W ContentProviderHelper: Permission Denial: opening provider com.android.providers.contacts.ContactsProvider2 from ProcessRecord{552b742 1631:cn.eben.sync/u0a63} (pid=1631, uid=10063) requires android.permission.READ_CONTACTS or android.permission.WRITE_CONTACTS
05-19 10:38:16.798 627 668 I DisplayPowerController[0]: Blocking screen off
05-19 10:38:16.798 627 668 I DisplayPowerController[0]: Unblocked screen off after 0 ms
05-19 10:38:16.802 627 668 D ActivityTaskManager: Top Process State changed to PROCESS_STATE_TOP_SLEEPING
05-19 10:38:16.809 627 668 I wm_pause_activity: [0,214771548,com.android.launcher3/.uioverrides.QuickstepLauncher,userLeaving=false,sleep]
05-19 10:38:16.809 1030 1030 I wm_on_top_resumed_lost_called: [214771548,com.android.launcher3.uioverrides.QuickstepLauncher,topStateChangedWhenResumed]
05-19 10:38:16.832 1030 1030 I wm_on_paused_called: [214771548,com.android.launcher3.uioverrides.QuickstepLauncher,performPause]
05-19 10:38:16.833 627 2096 I wm_add_to_stopping: [0,214771548,com.android.launcher3/.uioverrides.QuickstepLauncher,completePauseLocked]
05-19 10:38:16.835 627 668 V DisplayPowerController[0]: Brightness [0.003937008] reason changing to: 'screen_off', previous reason: 'manual'.
05-19 10:38:16.839 627 647 I wm_stop_activity: [0,214771548,com.android.launcher3/.uioverrides.QuickstepLauncher]
05-19 10:38:16.852 627 647 I sysui_multi_action: [757,803,799,window_time_0,802,16]
05-19 10:38:16.854 627 647 I DisplayDeviceRepository: Display device changed state: "内置屏幕", OFF
05-19 10:38:16.871 1030 1030 I wm_on_stop_called: [214771548,com.android.launcher3.uioverrides.QuickstepLauncher,STOP_ACTIVITY_ITEM]
05-19 10:38:17.002 1272 1272 W ContextImpl: Calling a method in the system process without a qualified user: android.app.ContextImpl.sendBroadcast:1181 android.content.ContextWrapper.sendBroadcast:479 cn.eben.newweather.DateWeatherService.a:19 cn.eben.newweather.DateWeatherService.a:0 cn.eben.newweather.DateWeatherService$1.handleMessage:7
05-19 10:38:17.073 463 491 I RIL : ---> enter mainloop wait at port
05-19 10:38:17.073 463 491 D RIL-DEV : Get modem info
05-19 10:38:17.074 463 491 D RIL-DEV : [05-19_10:38:17:074] idVendor = 0bda
05-19 10:38:17.074 463 491 D RIL-DEV :
05-19 10:38:17.074 463 491 D RIL-DEV : [05-19_10:38:17:074] idVendor = 05e3
05-19 10:38:17.074 463 491 D RIL-DEV :
05-19 10:38:17.074 463 491 D RIL-DEV : [05-19_10:38:17:075] idVendor = 1d6b
05-19 10:38:17.074 463 491 D RIL-DEV :
05-19 10:38:17.075 463 491 D RIL-DEV : [05-19_10:38:17:075] idVendor = 1d6b
05-19 10:38:17.075 463 491 D RIL-DEV :
05-19 10:38:17.075 463 491 D RIL-DEV : [05-19_10:38:17:076] idVendor = 0bda
05-19 10:38:17.075 463 491 D RIL-DEV :
05-19 10:38:17.076 463 491 D RIL-DEV : [05-19_10:38:17:076] idVendor = 1d6b
05-19 10:38:17.076 463 491 D RIL-DEV :
05-19 10:38:17.076 463 491 D RIL-DEV : [05-19_10:38:17:076] idVendor = 2109
05-19 10:38:17.076 463 491 D RIL-DEV :
05-19 10:38:17.076 463 491 D RIL-DEV : [05-19_10:38:17:077] idVendor = 2109
05-19 10:38:17.076 463 491 D RIL-DEV :
05-19 10:38:17.076 463 491 D RIL-DEV : [05-19_10:38:17:077] idVendor = 1d6b
05-19 10:38:17.076 463 491 D RIL-DEV :
05-19 10:38:17.077 463 491 D RIL-DEV : [05-19_10:38:17:077] idVendor = 0bda
05-19 10:38:17.077 463 491 D RIL-DEV :
05-19 10:38:17.077 463 491 D RIL-DEV : [05-19_10:38:17:078] idVendor = 2109
05-19 10:38:17.077 463 491 D RIL-DEV :
05-19 10:38:17.078 463 491 E RIL-DEV : Cannot find Meig devices
05-19 10:38:17.078 463 491 I RIL : ---> can't find meig usb devices
05-19 10:38:17.159 627 668 I PowerManagerService: Sleeping display group (groupId=0, uid=1000)...
05-19 10:38:17.159 627 668 I PowerManagerService: Sleeping (uid 1000)...
05-19 10:38:17.163 627 627 I sysui_multi_action: [757,198,758,2,759,3,1359,869,1695,2]
05-19 10:38:17.163 627 710 I input_focus: [Focus leaving 334f74b com.android.launcher3/com.android.launcher3.uioverrides.QuickstepLauncher (server),reason=NO_WINDOW]
05-19 10:38:17.164 627 627 I power_screen_state: [0,3,0,0,869]
05-19 10:38:17.164 627 627 I screen_toggled: 0
05-19 10:38:17.164 627 627 I sysui_multi_action: [757,804,799,screen_timeout,801,15,802,1]
05-19 10:38:17.166 627 627 I sysui_multi_action: [757,1594,758,4,759,-2147483648,1359,47290]
05-19 10:38:17.166 627 627 I power_screen_broadcast_send: 1
05-19 10:38:17.205 627 627 I battery_saving_stats: [0,1,0,47846,0,0,59181985,0,-6]
05-19 10:38:17.209 975 975 D DCT-C-0 : screen off
05-19 10:38:17.209 975 975 D DCT-C-0 : stopNetStatPoll
05-19 10:38:17.231 627 627 I power_screen_broadcast_done: [0,65,1]
05-19 10:38:17.256 627 16029 W ActivityManager: Ignoring request to force stop protected package u0
05-19 10:39:02.219 463 491 I RIL : ---> enter mainloop wait at port
05-19 10:39:02.219 463 491 D RIL-DEV : Get modem info
05-19 10:39:02.220 463 491 D RIL-DEV : [05-19_10:39:02:220] idVendor = 0bda
05-19 10:39:02.220 463 491 D RIL-DEV :
05-19 10:39:02.220 463 491 D RIL-DEV : [05-19_10:39:02:221] idVendor = 05e3
05-19 10:39:02.220 463 491 D RIL-DEV :
05-19 10:39:02.220 1272 1272 W ContextImpl: Calling a method in the system process without a qualified user: android.app.ContextImpl.sendBroadcast:1181 android.content.ContextWrapper.sendBroadcast:479 cn.eben.newweather.DateWeatherService.a:19 cn.eben.newweather.DateWeatherService.a:0 cn.eben.newweather.DateWeatherService$1.handleMessage:7
05-19 10:39:02.220 463 491 D RIL-DEV : [05-19_10:39:02:221] idVendor = 1d6b
05-19 10:39:02.220 463 491 D RIL-DEV :
05-19 10:39:02.220 463 491 D RIL-DEV : [05-19_10:39:02:221] idVendor = 1d6b
05-19 10:39:02.220 463 491 D RIL-DEV :
05-19 10:39:02.220 463 491 D RIL-DEV : [05-19_10:39:02:221] idVendor = 0bda
05-19 10:39:02.220 463 491 D RIL-DEV :
05-19 10:39:02.220 463 491 D RIL-DEV : [05-19_10:39:02:221] idVendor = 1d6b
05-19 10:39:02.220 463 491 D RIL-DEV :
05-19 10:39:02.221 463 491 D RIL-DEV : [05-19_10:39:02:221] idVendor = 2109
05-19 10:39:02.221 463 491 D RIL-DEV :
05-19 10:39:02.221 463 491 D RIL-DEV : [05-19_10:39:02:221] idVendor = 1d6b
05-19 10:39:02.221 463 491 D RIL-DEV :
05-19 10:39:02.221 463 491 D RIL-DEV : [05-19_10:39:02:221] idVendor = 0bda
05-19 10:39:02.221 463 491 D RIL-DEV :
05-19 10:39:02.221 463 491 D RIL-DEV : [05-19_10:39:02:221] idVendor = 2109
05-19 10:39:02.221 463 491 D RIL-DEV :
05-19 10:39:02.221 463 491 E RIL-DEV : Cannot find Meig devices
05-19 10:39:02.221 463 491 I RIL : ---> can't find meig usb devices
05-19 10:39:02.294 627 780 I PowerManagerService: Powering on display group fromAsleep (groupId=0, uid=1000, reason=WAKE_REASON_USBDEV_REMOVED, details=android.server.usb: device removed)...
05-19 10:39:02.294 627 780 I PowerManagerService: Waking up from Asleep (uid=1000, reason=WAKE_REASON_USBDEV_REMOVED, details=android.server.usb: device removed)...
05-19 10:39:02.298 627 668 I DisplayPowerController[0]: Blocking screen on until initial contents have been drawn.
05-19 10:39:02.298 627 668 D ActivityTaskManager: Top Process State changed to PROCESS_STATE_TOP
05-19 10:39:02.301 627 780 D UsbHostManager: Removed device at /dev/bus/usb/003/013: USB Billboard Device
05-19 10:39:02.301 627 780 I UsbAlsaManager: USB Audio Device Removed: null
05-19 10:39:02.302 627 668 I wm_set_resumed_activity: [0,com.android.launcher3/.uioverrides.QuickstepLauncher,resumeTopActivity]
05-19 10:39:02.302 627 627 I screen_toggled: 1
05-19 10:39:02.305 627 668 I wm_resume_activity: [0,214771548,29,com.android.launcher3/.uioverrides.QuickstepLauncher]
05-19 10:39:02.309 627 668 V DisplayPowerController[0]: Brightness [0.5472441] reason changing to: 'manual', previous reason: 'screen_off'.
05-19 10:39:02.310 627 668 I sysui_multi_action: [757,1696,758,6,759,3]
05-19 10:39:02.316 627 627 I power_screen_broadcast_send: 1
05-19 10:39:02.317 627 647 I DisplayDeviceRepository: Display device changed state: "内置屏幕", ON
05-19 10:39:02.333 627 653 W BroadcastQueue: Background execution not allowed: receiving Intent { act=android.intent.action.USER_PRESENT flg=0x24200010 } to com.zhangyue.read.iReader/com.taobao.accs.EventReceiver
05-19 10:39:02.345 627 668 I DisplayPowerController[0]: Unblocked screen on after 47 ms
05-19 10:39:02.353 627 730 I netstats_mobile_sample: [0,0,0,0,0,0,0,0,0,0,0,0,1747622342354]
05-19 10:39:02.353 627 730 I netstats_wifi_sample: [0,0,0,0,0,0,0,0,0,0,0,0,1747622342354]
05-19 10:39:02.358 975 975 D TelephonyNetworkFactory[0]: onNeedNetworkFor NetworkRequest [ REQUEST id=1, [ Capabilities: INTERNET&NOT_RESTRICTED&TRUSTED&NOT_VPN&NOT_VCN_MANAGED RequestorUid: 1000 RequestorPkg: android] ] shouldApply false
05-19 10:39:02.359 975 975 D TelephonyNetworkFactory[0]: onNeedNetworkFor NetworkRequest [ REQUEST id=7, [ Capabilities: INTERNET&NOT_RESTRICTED&TRUSTED&NOT_VCN_MANAGED Uid: 1000 RequestorUid: 1000 RequestorPkg: android] ] shouldApply false
05-19 10:39:02.359 975 975 D TelephonyNetworkFactory[0]: onNeedNetworkFor NetworkRequest [ REQUEST id=15, [ Capabilities: INTERNET&NOT_RESTRICTED&TRUSTED&NOT_VCN_MANAGED Uid: 1000 RequestorUid: 1000 RequestorPkg: android] ] shouldApply false
05-19 10:39:02.360 975 975 D TelephonyNetworkFactory[0]: onNeedNetworkFor NetworkRequest [ REQUEST id=18, [ Capabilities: INTERNET&NOT_RESTRICTED&TRUSTED&NOT_VCN_MANAGED Uid: 10088 RequestorUid: 10088 RequestorPkg: com.android.systemui] ] shouldApply false
05-19 10:39:02.360 975 975 D TelephonyNetworkFactory[0]: onNeedNetworkFor NetworkRequest [ REQUEST id=20, [ Capabilities: INTERNET&NOT_RESTRICTED&TRUSTED&NOT_VCN_MANAGED Uid: 10088 RequestorUid: 10088 RequestorPkg: com.android.systemui] ] shouldApply false
05-19 10:39:02.360 975 975 D TelephonyNetworkFactory[0]: onNeedNetworkFor NetworkRequest [ REQUEST id=23, [ Capabilities: INTERNET&NOT_RESTRICTED&TRUSTED&NOT_VCN_MANAGED Uid: 1000 RequestorUid: 1000 RequestorPkg: com.android.networkstack.inprocess] ] shouldApply false
05-19 10:39:02.361 975 975 D TelephonyNetworkFactory[0]: onNeedNetworkFor NetworkRequest [ REQUEST id=28, [ Capabilities: INTERNET&NOT_RESTRICTED&TRUSTED&NOT_VCN_MANAGED Uid: 1001 RequestorUid: 1001 RequestorPkg: com.android.phone] ] shouldApply false
05-19 10:39:02.361 975 975 D TelephonyNetworkFactory[0]: onNeedNetworkFor NetworkRequest [ REQUEST id=32, [ Capabilities: INTERNET&NOT_RESTRICTED&TRUSTED&NOT_VCN_MANAGED Uid: 1000 RequestorUid: 1000 RequestorPkg: android] ] shouldApply false
05-19 10:39:02.361 975 975 D TelephonyNetworkFactory[0]: onNeedNetworkFor NetworkRequest [ REQUEST id=36, [ Capabilities: INTERNET&NOT_RESTRICTED&TRUSTED&NOT_VCN_MANAGED Uid: 10086 RequestorUid: 1000 RequestorPkg: android] ] shouldApply false
05-19 10:39:02.362 975 975 D TelephonyNetworkFactory[0]: onNeedNetworkFor NetworkRequest [ REQUEST id=38, [ Capabilities: INTERNET&NOT_RESTRICTED&TRUSTED&NOT_VCN_MANAGED Uid: 10023 RequestorUid: 1000 RequestorPkg: android] ] shouldApply false
05-19 10:39:02.363 627 730 W ContextImpl: Calling a method in the system process without a qualified user: android.app.ContextImpl.sendStickyBroadcast:1567 com.android.server.ConnectivityService.sendStickyBroadcast:2811 com.android.server.ConnectivityService.sendLegacyNetworkBroadcast:8732 com.android.server.ConnectivityService$LegacyTypeTracker.remove:1007 com.android.server.ConnectivityService$LegacyTypeTracker.remove:1024
05-19 10:39:02.367 627 653 W BroadcastQueue: Target SDK mismatch: receiver ActivityInfo{1f07a00 com.xiaomi.push.service.receivers.NetworkStatusReceiver} targets 26 but delivery restricted to [0, 23] broadcasting Intent { act=android.net.conn.CONNECTIVITY_CHANGE flg=0x4200010 (has extras) } from android (pid=627, uid=1000) to com.zhangyue.read.iReader/com.xiaomi.push.service.receivers.NetworkStatusReceiver
05-19 10:39:02.367 1030 1030 I wm_on_restart_called: [214771548,com.android.launcher3.uioverrides.QuickstepLauncher,performRestartActivity]
05-19 10:39:02.368 1030 1030 I wm_on_start_called: [214771548,com.android.launcher3.uioverrides.QuickstepLauncher,handleStartActivity]
05-19 10:39:02.369 627 653 W BroadcastQueue: Target SDK mismatch: receiver ActivityInfo{4902239 cn.eben.help.LoadAllReceiver} targets 28 but delivery restricted to [0, 23] broadcasting Intent { act=android.net.conn.CONNECTIVITY_CHANGE flg=0x4200010 (has extras) } from android (pid=627, uid=1000) to cn.eben.help/.LoadAllReceiver
05-19 10:39:02.369 627 653 W BroadcastQueue: Target SDK mismatch: receiver ActivityInfo{ce2207e cn.eben.android.receiver.AppSyncReceiver} targets 27 but delivery restricted to [0, 23] broadcasting Intent { act=android.net.conn.CONNECTIVITY_CHANGE flg=0x4200010 (has extras) } from android (pid=627, uid=1000) to cn.eben.sync/cn.eben.android.receiver.AppSyncReceiver
05-19 10:39:02.370 1030 1030 I wm_on_resume_called: [214771548,com.android.launcher3.uioverrides.QuickstepLauncher,RESUME_ACTIVITY]
05-19 10:39:02.370 1030 1030 I wm_on_top_resumed_gained_called: [214771548,com.android.launcher3.uioverrides.QuickstepLauncher,topWhenResuming]
05-19 10:39:02.376 19442 19442 W ContextImpl: Calling a method in the system process without a qualified user: android.app.ContextImpl.startService:1824 android.content.ContextWrapper.startService:774 android.content.ContextWrapper.startService:774 com.ebensz.appmanager.service.UploadMyAppsInfoService.startUploadMyAppsInfoService:78 com.ebensz.appmanager.receiver.UploadMyAppsInfoReceiver.onReceive:33
05-19 10:39:02.383 627 648 I input_focus: [Focus request 334f74b com.android.launcher3/com.android.launcher3.uioverrides.QuickstepLauncher,reason=UpdateInputWindows]
05-19 10:39:02.385 627 1072 W BroadcastQueue: Target SDK mismatch: receiver ActivityInfo{1dae63a com.ebensz.ota.ActionReceiver} targets 29 but delivery restricted to [0, 23] broadcasting Intent { act=android.net.conn.CONNECTIVITY_CHANGE flg=0x4200010 (has extras) } from android (pid=627, uid=1000) to com.ebensz.ota/.ActionReceiver
05-19 10:39:02.386 627 653 W BroadcastQueue: Target SDK mismatch: receiver ActivityInfo{735e2eb com.taobao.accs.EventReceiver} targets 26 but delivery restricted to [0, 23] broadcasting Intent { act=android.net.conn.CONNECTIVITY_CHANGE flg=0x4200010 (has extras) } from android (pid=627, uid=1000) to com.zhangyue.read.iReader/com.taobao.accs.EventReceiver
05-19 10:39:02.393 627 780 D UsbHostManager: USB device attached: vidpid 2109:8817 mfg/product/ver/serial VIA Labs, Inc. /USB Billboard Device /0.01/0000000000000001 hasAudio/HID/Storage: false/false/false
05-19 10:39:02.395 627 780 D UsbHostManager: Added device UsbDevice[mName=/dev/bus/usb/003/014,mVendorId=8457,mProductId=34839,mClass=17,mSubclass=0,mProtocol=0,mManufacturerName=VIA Labs, Inc. ,mProductName=USB Billboard Device ,mVersion=0.01,mSerialNumberReader=com.android.server.usb.UsbSerialReader@9d76848, mHasAudioPlayback=false, mHasAudioCapture=false, mHasMidi=false, mHasVideoCapture=false, mHasVideoPlayback=false, mConfigurations=[
05-19 10:39:02.395 627 780 D UsbHostManager: UsbConfiguration[mId=1,mName=0000000000000001,mAttributes=160,mMaxPower=50,mInterfaces=[
05-19 10:39:02.395 627 780 D UsbHostManager: UsbInterface[mId=0,mAlternateSetting=0,mName=0000000000000001,mClass=17,mSubclass=0,mProtocol=0,mEndpoints=[]]]
05-19 10:39:02.726 627 627 W Looper : Slow dispatch took 337ms main h=android.app.ActivityThread$H c=android.app.LoadedApk$ReceiverDispatcher$Args$$ExternalSyntheticLambda0@c1ec0f4 m=0
05-19 10:39:02.727 627 627 W Looper : Slow delivery took 331ms main h=android.app.ActivityThread$H c=android.app.LoadedApk$ReceiverDispatcher$Args$$ExternalSyntheticLambda0@89ab01d m=0
05-19 10:39:02.727 627 627 W Looper : Drained
05-19 10:39:02.727 627 627 I battery_saving_stats: [0,0,0,45522,0,0,170229659,0,-18]
05-19 10:39:02.728 975 975 D DCT-C-0 : screen on
05-19 10:39:02.728 975 975 D DCT-C-0 : stopNetStatPoll
05-19 10:39:02.731 627 627 I power_screen_broadcast_done: [1,414,1]
05-19 10:39:03.002 1272 1272 W ContextImpl: Calling a method in the system process without a qualified user: android.app.ContextImpl.sendBroadcast:1181 android.content.ContextWrapper.sendBroadcast:479 cn.eben.newweather.DateWeatherService.a:19 cn.eben.newweather.DateWeatherService.a:0 cn.eben.newweather.DateWeatherService$1.handleMessage:7
05-19 10:39:03.236 627 668 I sysui_latency: [5,941]
05-19 10:39:03.236 627 668 W PowerManagerService: Screen on took 942 ms
05-19 10:39:03.236 627 627 I sysui_multi_action: [757,198,758,1,759,3,1359,942,1694,14]
05-19 10:39:03.237 627 627 I power_screen_state: [1,0,0,0,942]
05-19 10:39:03.240 627 710 I input_focus: [Focus entering 334f74b com.android.launcher3/com.android.launcher3.uioverrides.QuickstepLauncher (server),reason=Window became focusable. Previous reason: NO_WINDOW]
05-19 10:39:03.418 19442 19442 W ContextImpl: Calling a method in the system process without a qualified user: android.app.ContextImpl.startService:1824 android.content.ContextWrapper.startService:774 com.ebensz.appmanager.service.UploadMyAppsInfoService$1.handleMessage:63 android.os.Handler.dispatchMessage:106 android.os.Looper.loopOnce:201
05-19 10:39:04.000 1272 1272 W ContextImpl: Calling a method in the system process without a qualified user: android.app.ContextImpl.sendBroadcast:1181 android.content.ContextWrapper.sendBroadcast:479 cn.eben.newweather.DateWeatherService.a:19 cn.eben.newweather.DateWeatherService.a:0 cn.eben.newweather.DateWeatherService$1.handleMessage:7
05-19 10:39:04.224 463 491 I RIL : ---> enter mainloop wait at port
05-19 10:39:04.225 463 491 D RIL-DEV : Get modem info
05-19 10:39:04.225 463 491 D RIL-DEV : [05-19_10:39:04:226] idVendor = 0bda
05-19 10:39:04.225 463 491 D RIL-DEV :
05-19 10:39:04.226 463 491 D RIL-DEV : [05-19_10:39:04:226] idVendor = 05e3
05-19 10:39:04.226 463 491 D RIL-DEV :
05-19 10:39:04.226 463 491 D RIL-DEV : [05-19_10:39:04:226] idVendor = 1d6b
05-19 10:39:04.226 463 491 D RIL-DEV :
