05-21 09:03:26.788 1 1 I init : processing action (sys.usb.config=adb && sys.usb.configfs=1 && sys.usb.ffs.ready=1) from (/system/etc/init/hw/init.usb.configfs.rc:20)
05-21 09:03:26.789 1 1 I init : Command 'symlink /config/usb_gadget/g1/functions/ffs.adb /config/usb_gadget/g1/configs/b.1/f1' action=sys.usb.config=adb && sys.usb.configfs=1 && sys.usb.ffs.ready=1 (/system/etc/init/hw/init.usb.configfs.rc:22) took 0ms and failed: symlink() failed: File exists
05-21 09:03:26.789 1 1 I init : Command 'write /config/usb_gadget/g1/UDC ${sys.usb.controller}' action=sys.usb.config=adb && sys.usb.configfs=1 && sys.usb.ffs.ready=1 (/system/etc/init/hw/init.usb.configfs.rc:23) took 0ms and failed: Unable to write to file '/config/usb_gadget/g1/UDC': Unable to write file contents: Device or resource busy
05-19 10:51:22.003 1272 1272 W ContextImpl: Calling a method in the system process without a qualified user: android.app.ContextImpl.sendBroadcast:1181 android.content.ContextWrapper.sendBroadcast:479 cn.eben.newweather.DateWeatherService.a:19 cn.eben.newweather.DateWeatherService.a:0 cn.eben.newweather.DateWeatherService$1.handleMessage:7
05-19 10:51:22.565 463 491 I RIL : ---> enter mainloop wait at port
05-19 10:51:22.566 463 491 D RIL-DEV : Get modem info
05-19 10:51:22.566 463 491 D RIL-DEV : [05-19_10:51:22:567] idVendor = 0bda
05-19 10:51:22.566 463 491 D RIL-DEV :
05-19 10:51:22.567 463 491 D RIL-DEV : [05-19_10:51:22:567] idVendor = 05e3
05-19 10:51:22.567 463 491 D RIL-DEV :
05-19 10:51:22.567 463 491 D RIL-DEV : [05-19_10:51:22:567] idVendor = 1d6b
05-19 10:51:22.567 463 491 D RIL-DEV :
05-19 10:51:22.567 463 491 D RIL-DEV : [05-19_10:51:22:568] idVendor = 1d6b
05-19 10:51:22.567 463 491 D RIL-DEV :
05-19 10:51:22.567 463 491 D RIL-DEV : [05-19_10:51:22:568] idVendor = 0bda
05-19 10:51:22.567 463 491 D RIL-DEV :
05-19 10:51:22.568 463 491 D RIL-DEV : [05-19_10:51:22:568] idVendor = 1d6b
05-19 10:51:22.568 463 491 D RIL-DEV :
05-19 10:51:22.568 463 491 D RIL-DEV : [05-19_10:51:22:569] idVendor = 2109
05-19 10:51:22.568 463 491 D RIL-DEV :
05-19 10:51:22.569 463 491 D RIL-DEV : [05-19_10:51:22:569] idVendor = 2109
05-19 10:51:22.569 463 491 D RIL-DEV :
05-19 10:51:22.569 463 491 D RIL-DEV : [05-19_10:51:22:569] idVendor = 1d6b
05-19 10:51:22.569 463 491 D RIL-DEV :
05-19 10:51:22.569 463 491 D RIL-DEV : [05-19_10:51:22:570] idVendor = 0bda
05-19 10:51:22.569 463 491 D RIL-DEV :
05-19 10:51:22.569 463 491 D RIL-DEV : [05-19_10:51:22:570] idVendor = 2109
05-19 10:51:22.569 463 491 D RIL-DEV :
05-19 10:51:22.570 463 491 E RIL-DEV : Cannot find Meig devices
05-19 10:51:22.570 463 491 I RIL : ---> can't find meig usb devices
05-19 10:51:22.754 627 668 I PowerManagerService: Powering off display group due to timeout (groupId= 0, uid= 1000)...
05-19 10:51:22.754 627 668 I PowerManagerService: Going to sleep due to timeout (uid 1000)...
05-19 10:51:22.756 627 668 I power_sleep_requested: 0
05-19 10:51:22.835 627 668 V DisplayPowerController[0]: Brightness [0.5472441] reason changing to: 'manual', previous reason: 'manual [ dim ]'.
05-19 10:51:22.835 627 668 I sysui_multi_action: [757,1696,758,6,759,0]
05-21 09:03:27.838 542 542 I : read descriptors
05-21 09:03:27.839 542 542 I : read strings
05-21 09:03:27.840 1 1 I init : processing action (sys.usb.config=adb && sys.usb.configfs=1 && sys.usb.ffs.ready=1) from (/system/etc/init/hw/init.usb.configfs.rc:20)
05-21 09:03:27.843 1 1 I init : Command 'symlink /config/usb_gadget/g1/functions/ffs.adb /config/usb_gadget/g1/configs/b.1/f1' action=sys.usb.config=adb && sys.usb.configfs=1 && sys.usb.ffs.ready=1 (/system/etc/init/hw/init.usb.configfs.rc:22) took 0ms and failed: symlink() failed: File exists
05-21 09:03:27.846 1 1 I init : Command 'write /config/usb_gadget/g1/UDC ${sys.usb.controller}' action=sys.usb.config=adb && sys.usb.configfs=1 && sys.usb.ffs.ready=1 (/system/etc/init/hw/init.usb.configfs.rc:23) took 2ms and failed: Unable to write to file '/config/usb_gadget/g1/UDC': Unable to write file contents: Device or resource busy
05-19 10:51:23.003 1272 1272 W ContextImpl: Calling a method in the system process without a qualified user: android.app.ContextImpl.sendBroadcast:1181 android.content.ContextWrapper.sendBroadcast:479 cn.eben.newweather.DateWeatherService.a:19 cn.eben.newweather.DateWeatherService.a:0 cn.eben.newweather.DateWeatherService$1.handleMessage:7
05-19 10:51:23.259 627 668 I DisplayPowerController[0]: Blocking screen off
05-19 10:51:23.259 627 668 I DisplayPowerController[0]: Unblocked screen off after 0 ms
05-19 10:51:23.279 627 668 D ActivityTaskManager: Top Process State changed to PROCESS_STATE_TOP_SLEEPING
05-19 10:51:23.281 627 668 I wm_pause_activity: [0,255712177,com.android.gallery3d/.filtershow.FilterShowActivity,userLeaving=false,sleep]
05-19 10:51:23.283 18892 18892 I wm_on_top_resumed_lost_called: [255712177,com.android.gallery3d.filtershow.FilterShowActivity,topStateChangedWhenResumed]
05-21 09:03:28.254 445 445 I gsensor_mxc6655 5-0015: set sensor poll time to 200ms
05-19 10:51:23.293 18892 18892 I wm_on_paused_called: [255712177,com.android.gallery3d.filtershow.FilterShowActivity,performPause]
05-19 10:51:23.295 627 16029 I wm_add_to_stopping: [0,255712177,com.android.gallery3d/.filtershow.FilterShowActivity,completePauseLocked]
05-19 10:51:23.298 627 668 V DisplayPowerController[0]: Brightness [0.003937008] reason changing to: 'screen_off', previous reason: 'manual'.
05-19 10:51:23.302 627 647 I wm_stop_activity: [0,255712177,com.android.gallery3d/.filtershow.FilterShowActivity]
05-19 10:51:23.304 627 647 I DisplayDeviceRepository: Display device changed state: "内置屏幕", OFF
05-19 10:51:23.305 627 647 I sysui_multi_action: [757,803,799,window_time_0,802,20]
05-19 10:51:23.328 18892 18892 I wm_on_stop_called: [255712177,com.android.gallery3d.filtershow.FilterShowActivity,STOP_ACTIVITY_ITEM]
05-21 09:03:28.608 352 352 I rockchip-vop2 fdd90000.vop: [drm:vop2_crtc_atomic_disable] Crtc atomic disable vp2
05-19 10:51:23.656 627 668 I PowerManagerService: Sleeping display group (groupId=0, uid=1000)...
05-19 10:51:23.656 627 668 I PowerManagerService: Sleeping (uid 1000)...
05-19 10:51:23.656 627 710 I input_focus: [Focus leaving 5fc070f com.android.gallery3d/com.android.gallery3d.filtershow.FilterShowActivity (server),reason=NO_WINDOW]
05-21 09:03:28.619 352 352 E rockchip-vop2 fdd90000.vop: [drm:vop2_crtc_atomic_disable] *ERROR* unexpected power on pd7
05-19 10:51:23.658 627 627 I sysui_multi_action: [757,198,758,2,759,3,1359,903,1695,2]
05-19 10:51:23.658 627 627 I power_screen_state: [0,3,0,0,903]
05-19 10:51:23.658 627 627 I screen_toggled: 0
05-19 10:51:23.658 627 627 I sysui_multi_action: [757,804,799,screen_timeout,801,15,802,1]
05-19 10:51:23.659 627 627 I sysui_multi_action: [757,1594,758,4,759,-2147483648,1359,80325]
05-19 10:51:23.659 627 627 I power_screen_broadcast_send: 1
05-19 10:51:23.708 627 627 I battery_saving_stats: [0,1,0,80879,0,0,59542808,0,-6]
05-19 10:51:23.716 975 975 D DCT-C-0 : screen off
05-19 10:51:23.717 975 975 D DCT-C-0 : stopNetStatPoll
05-19 10:51:23.743 627 627 I power_screen_broadcast_done: [0,84,1]
05-19 10:51:23.750 627 685 W ActivityManager: Ignoring request to force stop protected package u0
05-21 09:03:28.813 2551 2551 I PM : suspend entry (deep)
05-21 09:03:28.841 2551 2551 I Filesystems sync: 0.027 seconds
05-19 10:51:49.956 1272 1272 W ContextImpl: Calling a method in the system process without a qualified user: android.app.ContextImpl.sendBroadcast:1181 android.content.ContextWrapper.sendBroadcast:479 cn.eben.newweather.DateWeatherService.a:19 cn.eben.newweather.DateWeatherService.a:0 cn.eben.newweather.DateWeatherService$1.handleMessage:7
05-19 10:51:49.958 627 2096 W ContentProviderHelper: Permission Denial: opening provider com.android.providers.contacts.ContactsProvider2 from ProcessRecord{552b742 1631:cn.eben.sync/u0a63} (pid=1631, uid=10063) requires android.permission.READ_CONTACTS or android.permission.WRITE_CONTACTS
05-21 09:03:28.841 2551 2551 I : Freezing user space processes ... (elapsed 0.007 seconds) done.
05-21 09:03:28.849 2551 2551 I : OOM killer disabled.
05-21 09:03:28.849 2551 2551 I : Freezing remaining freezable tasks ... (elapsed 0.034 seconds) done.
05-21 09:03:28.883 2551 2551 I printk : Suspending console(s) (use no_console_suspend to debug)
05-21 09:03:28.967 2551 2551 E regulator-dummy: Underflow of regulator enable count
05-21 09:03:28.967 2551 2551 E wacom_i2c 4-0009: disable regulator failed -22
05-21 09:03:29.203 2551 2551 I : Disabling non-boot CPUs ...
05-21 09:03:29.204 2551 2551 I psci : CPU1 killed (polled 0 ms)
05-21 09:03:29.206 2551 2551 I psci : CPU2 killed (polled 0 ms)
05-21 09:03:29.208 2551 2551 I psci : CPU3 killed (polled 0 ms)
05-21 09:03:29.211 2551 2551 I psci : CPU4 killed (polled 4 ms)
05-21 09:03:29.214 2551 2551 I psci : CPU5 killed (polled 4 ms)
05-21 09:03:29.217 2551 2551 I psci : CPU6 killed (polled 0 ms)
05-21 09:03:29.220 2551 2551 I psci : CPU7 killed (polled 0 ms)
05-21 09:03:53.254 0 0 W [ C0] PM: pm_system_irq_wakeup: 106 triggered rk806
05-21 09:03:53.254 2551 2551 I : Enabling non-boot CPUs ...
05-21 09:03:53.255 0 0 I : Detected VIPT I-cache on CPU1
05-21 09:03:53.255 0 0 I GICv3 : CPU1: found redistributor 100 region 0:0x00000000fe6a0000
05-21 09:03:53.255 0 0 I CPU1 : Booted secondary processor 0x0000000100 [0x412fd050]
05-21 09:03:53.256 2551 2551 I : CPU1 is up
05-21 09:03:53.257 0 0 I : Detected VIPT I-cache on CPU2
05-19 10:51:49.959 463 491 I RIL : ---> enter mainloop wait at port
05-21 09:03:53.257 0 0 I GICv3 : CPU2: found redistributor 200 region 0:0x00000000fe6c0000
05-19 10:51:49.959 463 491 D RIL-DEV : Get modem info
05-21 09:03:53.257 0 0 I CPU2 : Booted secondary processor 0x0000000200 [0x412fd050]
05-21 09:03:53.257 2551 2551 I : CPU2 is up
05-21 09:03:53.258 0 0 I : Detected VIPT I-cache on CPU3
05-21 09:03:53.258 0 0 I GICv3 : CPU3: found redistributor 300 region 0:0x00000000fe6e0000
05-21 09:03:53.258 0 0 I CPU3 : Booted secondary processor 0x0000000300 [0x412fd050]
05-21 09:03:53.259 2551 2551 I : CPU3 is up
05-21 09:03:53.260 0 0 I : Detected PIPT I-cache on CPU4
05-21 09:03:53.260 0 0 I GICv3 : CPU4: found redistributor 400 region 0:0x00000000fe700000
05-21 09:03:53.260 0 0 I CPU4 : Booted secondary processor 0x0000000400 [0x414fd0b0]
05-21 09:03:53.261 2551 2551 I : CPU4 is up
05-21 09:03:53.262 0 0 I : Detected PIPT I-cache on CPU5
05-21 09:03:53.262 0 0 I GICv3 : CPU5: found redistributor 500 region 0:0x00000000fe720000
05-19 10:51:49.959 463 491 D RIL-DEV : [05-19_10:51:49:960] idVendor = 0bda
05-19 10:51:49.959 463 491 D RIL-DEV :
05-21 09:03:53.262 0 0 I CPU5 : Booted secondary processor 0x0000000500 [0x414fd0b0]
05-19 10:51:49.959 463 491 D RIL-DEV : [05-19_10:51:49:960] idVendor = 05e3
05-19 10:51:49.959 463 491 D RIL-DEV :
05-21 09:03:53.263 2551 2551 I : CPU5 is up
05-19 10:51:49.960 463 491 D RIL-DEV : [05-19_10:51:49:960] idVendor = 1d6b
05-19 10:51:49.960 463 491 D RIL-DEV :
05-19 10:51:49.960 463 491 D RIL-DEV : [05-19_10:51:49:960] idVendor = 1d6b
05-19 10:51:49.960 463 491 D RIL-DEV :
05-21 09:03:53.264 0 0 I : Detected PIPT I-cache on CPU6
05-21 09:03:53.264 0 0 I GICv3 : CPU6: found redistributor 600 region 0:0x00000000fe740000
05-21 09:03:53.264 0 0 I CPU6 : Booted secondary processor 0x0000000600 [0x414fd0b0]
05-21 09:03:53.265 2551 2551 I : CPU6 is up
05-21 09:03:53.266 0 0 I : Detected PIPT I-cache on CPU7
05-21 09:03:53.266 0 0 I GICv3 : CPU7: found redistributor 700 region 0:0x00000000fe760000
05-21 09:03:53.266 0 0 I CPU7 : Booted secondary processor 0x0000000700 [0x414fd0b0]
05-21 09:03:53.267 2551 2551 I : CPU7 is up
05-21 09:03:53.274 2551 2551 I rk_gmac-dwmac fe1c0000.ethernet: init for RGMII
05-19 10:51:49.960 463 491 D RIL-DEV : [05-19_10:51:49:960] idVendor = 0bda
05-19 10:51:49.960 463 491 D RIL-DEV :
05-21 09:03:53.274 20108 20108 I usb1 : root hub lost power or was reset
05-19 10:51:49.960 463 491 D RIL-DEV : [05-19_10:51:49:960] idVendor = 1d6b
05-19 10:51:49.960 463 491 D RIL-DEV :
05-19 10:51:49.960 463 491 D RIL-DEV : [05-19_10:51:49:960] idVendor = 2109
05-19 10:51:49.960 463 491 D RIL-DEV :
05-19 10:51:49.960 463 491 D RIL-DEV : [05-19_10:51:49:960] idVendor = 1d6b
05-19 10:51:49.960 463 491 D RIL-DEV :
05-21 09:03:53.282 20152 20152 I usb3 : root hub lost power or was reset
05-19 10:51:49.960 463 491 D RIL-DEV : [05-19_10:51:49:961] idVendor = 0bda
05-19 10:51:49.960 463 491 D RIL-DEV :
05-19 10:51:49.960 463 491 D RIL-DEV : [05-19_10:51:49:961] idVendor = 2109
05-19 10:51:49.960 463 491 D RIL-DEV :
05-21 09:03:53.282 20152 20152 I usb4 : root hub lost power or was reset
05-19 10:51:49.960 463 491 E RIL-DEV : Cannot find Meig devices
05-19 10:51:49.960 463 491 I RIL : ---> can't find meig usb devices
05-21 09:03:53.283 2551 2551 E PM : dpm_run_callback(): wacom_i2c_resume+0x0/0xdc returns -6
05-21 09:03:53.283 2551 2551 E PM : Device 4-0009 failed to resume: error -6
05-21 09:03:53.347 2551 2551 I usb2 : root hub lost power or was reset
05-21 09:03:53.530 20089 20089 I usb 4-1 : reset SuperSpeed Gen 1 USB device number 2 using xhci-hcd
05-21 09:03:53.670 20086 20086 I usb 3-1 : reset high-speed USB device number 2 using xhci-hcd
05-21 09:03:54.180 17830 17830 I usb 4-1.4: reset SuperSpeed Gen 1 USB device number 4 using xhci-hcd
05-21 09:03:54.221 10174 10174 I r8152 4-1.4: 1.0: skip request firmware
05-21 09:03:54.270 20107 20107 I usb 4-1.3: reset SuperSpeed Gen 1 USB device number 3 using xhci-hcd
05-21 09:03:54.367 20115 20115 I usb 4-1.1: reset SuperSpeed Gen 1 USB device number 5 using xhci-hcd
05-21 09:03:54.593 10279 10279 I usb 3-1.3: reset high-speed USB device number 3 using xhci-hcd
05-21 09:03:54.813 20094 20094 I usb 3-1.5: reset high-speed USB device number 25 using xhci-hcd
05-21 09:03:54.905 20094 20094 E PM : dpm_run_callback(): usb_dev_resume+0x0/0x28 returns -5
05-21 09:03:54.905 20094 20094 E PM : Device 3-1.5 failed to resume async: error -5
05-21 09:03:54.909 2551 2551 I : OOM killer enabled.
05-21 09:03:54.909 2551 2551 I : Restarting tasks ...
05-21 09:03:54.913 9442 9442 I usb 3-1.5: USB disconnect, device number 25
05-19 10:51:49.963 627 711 I sysui_multi_action: [757,804,799,power_consecutive_short_tap_count,801,1,802,1]
05-19 10:51:49.963 627 711 I sysui_multi_action: [757,804,799,power_double_tap_interval,801,166669,802,1]
05-19 10:51:49.963 627 711 I intercept_power: [ACTION_DOWN,0,0]
05-21 09:03:54.932 10174 10174 I : mmc_host mmc0: Bus speed (slot 0) = 400000Hz (slot req 400000Hz, actual 400000HZ div = 0)
05-21 09:03:54.942 2551 2551 W : done.
05-21 09:03:54.944 2551 2551 I : Resume caused by IRQ 106, rk806
05-19 10:51:49.979 627 711 I PowerManagerService: Powering on display group fromAsleep (groupId=0, uid=1000, reason=WAKE_REASON_POWER_BUTTON, details=android.policy:POWER)...
05-21 09:03:54.944 2551 2551 I PM : suspend exit
05-19 10:51:49.979 627 711 I PowerManagerService: Waking up from Asleep (uid=1000, reason=WAKE_REASON_POWER_BUTTON, details=android.policy:POWER)...
05-19 10:51:49.983 627 711 I intercept_power: [ACTION_UP,0,0]
05-19 10:51:49.983 627 668 I DisplayPowerController[0]: Blocking screen on until initial contents have been drawn.
05-19 10:51:49.984 627 668 D ActivityTaskManager: Top Process State changed to PROCESS_STATE_TOP
05-19 10:51:49.987 627 668 I wm_set_resumed_activity: [0,com.android.gallery3d/.filtershow.FilterShowActivity,resumeTopActivity]
05-19 10:51:49.987 627 627 I screen_toggled: 1
05-19 10:51:49.990 627 668 I wm_resume_activity: [0,255712177,122,com.android.gallery3d/.filtershow.FilterShowActivity]
05-19 10:51:49.992 627 668 V DisplayPowerController[0]: Brightness [0.5472441] reason changing to: 'manual', previous reason: 'screen_off'.
05-19 10:51:49.992 627 668 I sysui_multi_action: [757,1696,758,6,759,3]
05-19 10:51:50.000 627 652 I am_pss : [2146,1000,com.ebensz.softkeyboard,57518080,52297728,0,184713216,0,4,12]
05-19 10:51:50.004 627 627 I power_screen_broadcast_send: 1
05-19 10:51:50.004 627 647 I DisplayDeviceRepository: Display device changed state: "内置屏幕", ON
05-19 10:51:50.007 627 627 I WindowManager: Suppressed redundant power key press while already in the process of turning the screen on.
05-19 10:51:50.008 18892 18892 I wm_on_restart_called: [255712177,com.android.gallery3d.filtershow.FilterShowActivity,performRestartActivity]
05-19 10:51:50.009 18892 18892 I wm_on_start_called: [255712177,com.android.gallery3d.filtershow.FilterShowActivity,handleStartActivity]
05-19 10:51:50.009 18892 18892 I wm_on_resume_called: [255712177,com.android.gallery3d.filtershow.FilterShowActivity,RESUME_ACTIVITY]
05-19 10:51:50.009 18892 18892 I wm_on_top_resumed_gained_called: [255712177,com.android.gallery3d.filtershow.FilterShowActivity,topWhenResuming]
05-19 10:51:50.021 627 668 I DisplayPowerController[0]: Unblocked screen on after 37 ms
05-21 09:03:54.987 445 445 I gsensor_mxc6655 5-0015: set sensor poll time to 66ms
05-21 09:03:54.988 445 445 I gsensor_mxc6655 5-0015: sensor on: starting poll sensor data 62ms
05-21 09:03:54.990 9442 9442 I usb 3-1.5: new high-speed USB device number 26 using xhci-hcd
05-19 10:51:50.026 627 16029 W BroadcastQueue: Background execution not allowed: receiving Intent { act=android.intent.action.USER_PRESENT flg=0x24200010 } to com.zhangyue.read.iReader/com.taobao.accs.EventReceiver
05-19 10:51:50.026 1272 1272 W ContextImpl: Calling a method in the system process without a qualified user: android.app.ContextImpl.sendBroadcast:1181 android.content.ContextWrapper.sendBroadcast:479 cn.eben.newweather.DateWeatherService.a:19 cn.eben.newweather.DateWeatherService.a:0 cn.eben.newweather.DateWeatherService$1.handleMessage:7
05-19 10:51:50.039 627 780 D UsbHostManager: Removed device at /dev/bus/usb/003/025: USB Billboard Device
05-19 10:51:50.039 627 780 I UsbAlsaManager: USB Audio Device Removed: null
05-19 10:51:50.041 627 648 I input_focus: [Focus request 5fc070f com.android.gallery3d/com.android.gallery3d.filtershow.FilterShowActivity,reason=UpdateInputWindows]
05-21 09:03:54.990 10174 10174 I : mmc_host mmc0: Bus speed (slot 0) = 300000Hz (slot req 300000Hz, actual 300000HZ div = 0)
05-21 09:03:54.997 352 352 W : <<-GTP-ERROR->> I2C Read: 0x8047, 1 bytes failed, errcode: -6! Process reset.
05-21 09:03:55.000 542 542 I : read descriptors
05-21 09:03:55.000 542 542 I : read strings
05-21 09:03:55.001 1 1 I init : processing action (sys.usb.config=adb && sys.usb.configfs=1 && sys.usb.ffs.ready=1) from (/system/etc/init/hw/init.usb.configfs.rc:20)
05-21 09:03:55.002 1 1 I init : Command 'symlink /config/usb_gadget/g1/functions/ffs.adb /config/usb_gadget/g1/configs/b.1/f1' action=sys.usb.config=adb && sys.usb.configfs=1 && sys.usb.ffs.ready=1 (/system/etc/init/hw/init.usb.configfs.rc:22) took 0ms and failed: symlink() failed: File exists
05-21 09:03:55.002 1 1 I init : Command 'write /config/usb_gadget/g1/UDC ${sys.usb.controller}' action=sys.usb.config=adb && sys.usb.configfs=1 && sys.usb.ffs.ready=1 (/system/etc/init/hw/init.usb.configfs.rc:23) took 0ms and failed: Unable to write to file '/config/usb_gadget/g1/UDC': Unable to write file contents: Device or resource busy
05-21 09:03:55.028 10174 10174 I : mmc_host mmc0: Bus speed (slot 0) = 200000Hz (slot req 200000Hz, actual 200000HZ div = 0)
05-19 10:51:50.064 627 730 I netstats_mobile_sample: [0,0,0,0,0,0,0,0,0,0,0,0,1747623110065]
05-19 10:51:50.064 627 730 I netstats_wifi_sample: [0,0,0,0,0,0,0,0,0,0,0,0,1747623110065]
05-19 10:51:50.068 975 975 D TelephonyNetworkFactory[0]: onNeedNetworkFor NetworkRequest [ REQUEST id=1, [ Capabilities: INTERNET&NOT_RESTRICTED&TRUSTED&NOT_VPN&NOT_VCN_MANAGED RequestorUid: 1000 RequestorPkg: android] ] shouldApply false
05-19 10:51:50.070 975 975 D TelephonyNetworkFactory[0]: onNeedNetworkFor NetworkRequest [ REQUEST id=7, [ Capabilities: INTERNET&NOT_RESTRICTED&TRUSTED&NOT_VCN_MANAGED Uid: 1000 RequestorUid: 1000 RequestorPkg: android] ] shouldApply false
05-19 10:51:50.070 975 975 D TelephonyNetworkFactory[0]: onNeedNetworkFor NetworkRequest [ REQUEST id=15, [ Capabilities: INTERNET&NOT_RESTRICTED&TRUSTED&NOT_VCN_MANAGED Uid: 1000 RequestorUid: 1000 RequestorPkg: android] ] shouldApply false
05-19 10:51:50.071 975 975 D TelephonyNetworkFactory[0]: onNeedNetworkFor NetworkRequest [ REQUEST id=18, [ Capabilities: INTERNET&NOT_RESTRICTED&TRUSTED&NOT_VCN_MANAGED Uid: 10088 RequestorUid: 10088 RequestorPkg: com.android.systemui] ] shouldApply false
05-19 10:51:50.071 975 975 D TelephonyNetworkFactory[0]: onNeedNetworkFor NetworkRequest [ REQUEST id=20, [ Capabilities: INTERNET&NOT_RESTRICTED&TRUSTED&NOT_VCN_MANAGED Uid: 10088 RequestorUid: 10088 RequestorPkg: com.android.systemui] ] shouldApply false
05-19 10:51:50.071 975 975 D TelephonyNetworkFactory[0]: onNeedNetworkFor NetworkRequest [ REQUEST id=23, [ Capabilities: INTERNET&NOT_RESTRICTED&TRUSTED&NOT_VCN_MANAGED Uid: 1000 RequestorUid: 1000 RequestorPkg: com.android.networkstack.inprocess] ] shouldApply false
05-19 10:51:50.071 975 975 D TelephonyNetworkFactory[0]: onNeedNetworkFor NetworkRequest [ REQUEST id=28, [ Capabilities: INTERNET&NOT_RESTRICTED&TRUSTED&NOT_VCN_MANAGED Uid: 1001 RequestorUid: 1001 RequestorPkg: com.android.phone] ] shouldApply false
05-19 10:51:50.071 975 975 D TelephonyNetworkFactory[0]: onNeedNetworkFor NetworkRequest [ REQUEST id=32, [ Capabilities: INTERNET&NOT_RESTRICTED&TRUSTED&NOT_VCN_MANAGED Uid: 1000 RequestorUid: 1000 RequestorPkg: android] ] shouldApply false
05-19 10:51:50.072 627 730 W ContextImpl: Calling a method in the system process without a qualified user: android.app.ContextImpl.sendStickyBroadcast:1567 com.android.server.ConnectivityService.sendStickyBroadcast:2811 com.android.server.ConnectivityService.sendLegacyNetworkBroadcast:8732 com.android.server.ConnectivityService$LegacyTypeTracker.remove:1007 com.android.server.ConnectivityService$LegacyTypeTracker.remove:1024
05-19 10:51:50.072 975 975 D TelephonyNetworkFactory[0]: onNeedNetworkFor NetworkRequest [ REQUEST id=36, [ Capabilities: INTERNET&NOT_RESTRICTED&TRUSTED&NOT_VCN_MANAGED Uid: 10086 RequestorUid: 1000 RequestorPkg: android] ] shouldApply false
05-19 10:51:50.072 975 975 D TelephonyNetworkFactory[0]: onNeedNetworkFor NetworkRequest [ REQUEST id=38, [ Capabilities: INTERNET&NOT_RESTRICTED&TRUSTED&NOT_VCN_MANAGED Uid: 10023 RequestorUid: 1000 RequestorPkg: android] ] shouldApply false
05-19 10:51:50.074 627 653 W BroadcastQueue: Target SDK mismatch: receiver ActivityInfo{2cff354 com.xiaomi.push.service.receivers.NetworkStatusReceiver} targets 26 but delivery restricted to [0, 23] broadcasting Intent { act=android.net.conn.CONNECTIVITY_CHANGE flg=0x4200010 (has extras) } from android (pid=627, uid=1000) to com.zhangyue.read.iReader/com.xiaomi.push.service.receivers.NetworkStatusReceiver
05-19 10:51:50.076 627 653 W BroadcastQueue: Target SDK mismatch: receiver ActivityInfo{5a662fd cn.eben.help.LoadAllReceiver} targets 28 but delivery restricted to [0, 23] broadcasting Intent { act=android.net.conn.CONNECTIVITY_CHANGE flg=0x4200010 (has extras) } from android (pid=627, uid=1000) to cn.eben.help/.LoadAllReceiver
05-19 10:51:50.076 627 653 W BroadcastQueue: Target SDK mismatch: receiver ActivityInfo{6af6bf2 cn.eben.android.receiver.AppSyncReceiver} targets 27 but delivery restricted to [0, 23] broadcasting Intent { act=android.net.conn.CONNECTIVITY_CHANGE flg=0x4200010 (has extras) } from android (pid=627, uid=1000) to cn.eben.sync/cn.eben.android.receiver.AppSyncReceiver
05-19 10:51:50.079 19442 19442 W ContextImpl: Calling a method in the system process without a qualified user: android.app.ContextImpl.startService:1824 android.content.ContextWrapper.startService:774 android.content.ContextWrapper.startService:774 com.ebensz.appmanager.service.UploadMyAppsInfoService.startUploadMyAppsInfoService:78 com.ebensz.appmanager.receiver.UploadMyAppsInfoReceiver.onReceive:33
05-19 10:51:50.084 627 1072 W BroadcastQueue: Target SDK mismatch: receiver ActivityInfo{97b31f9 com.ebensz.ota.ActionReceiver} targets 29 but delivery restricted to [0, 23] broadcasting Intent { act=android.net.conn.CONNECTIVITY_CHANGE flg=0x4200010 (has extras) } from android (pid=627, uid=1000) to com.ebensz.ota/.ActionReceiver
05-19 10:51:50.084 627 653 W BroadcastQueue: Target SDK mismatch: receiver ActivityInfo{244553e com.taobao.accs.EventReceiver} targets 26 but delivery restricted to [0, 23] broadcasting Intent { act=android.net.conn.CONNECTIVITY_CHANGE flg=0x4200010 (has extras) } from android (pid=627, uid=1000) to com.zhangyue.read.iReader/com.taobao.accs.EventReceiver
05-21 09:03:55.066 10174 10174 W dwmmc_rockchip fe2c0000.mmc: failed to set rate 100000Hz
05-21 09:03:55.067 10174 10174 I : mmc_host mmc0: Bus speed (slot 0) = 200000Hz (slot req 100000Hz, actual 100000HZ div = 1)
05-21 09:03:55.077 10174 10174 W dwmmc_rockchip fe2c0000.mmc: failed to set rate 100000Hz
05-21 09:03:55.081 10174 10174 W dwmmc_rockchip fe2c0000.mmc: failed to set rate 100000Hz
05-21 09:03:55.084 9442 9442 I usb 3-1.5: New USB device found, idVendor=2109, idProduct=8817, bcdDevice= 0.01
05-21 09:03:55.084 9442 9442 I usb 3-1.5: New USB device strings: Mfr=1, Product=2, SerialNumber=3
05-21 09:03:55.084 9442 9442 I usb 3-1.5: Product: USB Billboard Device
05-21 09:03:55.084 9442 9442 I usb 3-1.5: Manufacturer: VIA Labs, Inc.
05-21 09:03:55.084 9442 9442 I usb 3-1.5: SerialNumber: 0000000000000001
05-19 10:51:50.122 627 780 D UsbHostManager: USB device attached: vidpid 2109:8817 mfg/product/ver/serial VIA Labs, Inc. /USB Billboard Device /0.01/0000000000000001 hasAudio/HID/Storage: false/false/false
05-21 09:03:55.094 352 352 W : <<-GTP-ERROR->> GTP i2c test failed time 1.
05-19 10:51:50.126 627 780 D UsbHostManager: Added device UsbDevice[mName=/dev/bus/usb/003/026,mVendorId=8457,mProductId=34839,mClass=17,mSubclass=0,mProtocol=0,mManufacturerName=VIA Labs, Inc. ,mProductName=USB Billboard Device ,mVersion=0.01,mSerialNumberReader=com.android.server.usb.UsbSerialReader@5055f9f, mHasAudioPlayback=false, mHasAudioCapture=false, mHasMidi=false, mHasVideoCapture=false, mHasVideoPlayback=false, mConfigurations=[
05-19 10:51:50.126 627 780 D UsbHostManager: UsbConfiguration[mId=1,mName=0000000000000001,mAttributes=160,mMaxPower=50,mInterfaces=[
05-19 10:51:50.126 627 780 D UsbHostManager: UsbInterface[mId=0,mAlternateSetting=0,mName=0000000000000001,mClass=17,mSubclass=0,mProtocol=0,mEndpoints=[]]]
05-21 09:03:55.463 352 352 I rockchip-vop2 fdd90000.vop: [drm:vop2_crtc_atomic_enable] Update mode to 1536x2048p55, type: 16(if:60) for vp2 dclk: 192000000
05-21 09:03:55.464 352 352 I rockchip-vop2 fdd90000.vop: [drm:vop2_crtc_atomic_enable] dclk_out2 div: 2 dclk_core2 div: 1
05-21 09:03:55.464 352 352 I rockchip-vop2 fdd90000.vop: [drm:vop2_crtc_atomic_enable] set dclk_vop2 to 96000000, get 96000000
05-19 10:51:50.505 627 627 W Looper : Slow dispatch took 430ms main h=android.app.ActivityThread$H c=android.app.LoadedApk$ReceiverDispatcher$Args$$ExternalSyntheticLambda0@5ea56bb m=0
05-19 10:51:50.506 627 627 W Looper : Slow delivery took 423ms main h=com.android.server.job.controllers.ConnectivityController$CcHandler c=null m=0
05-19 10:51:50.507 627 627 W Looper : Drained
05-19 10:51:50.507 627 627 I battery_saving_stats: [0,0,0,26799,0,0,170636616,0,-18]
05-19 10:51:50.508 975 975 D DCT-C-0 : screen on
05-19 10:51:50.508 975 975 D DCT-C-0 : stopNetStatPoll
05-19 10:51:50.511 627 627 I power_screen_broadcast_done: [1,508,1]
05-19 10:51:50.650 627 711 I sysui_multi_action: [757,804,799,power_consecutive_short_tap_count,801,1,802,1]
05-19 10:51:50.651 627 711 I sysui_multi_action: [757,804,799,power_double_tap_interval,801,2345,802,1]
05-19 10:51:50.651 627 711 I intercept_power: [ACTION_DOWN,0,0]
05-19 10:51:50.965 627 711 I intercept_power: [ACTION_UP,0,0]
05-19 10:51:50.966 627 627 D WindowManager: powerPress: eventTime=73367979 interactive=true count=0 beganFromNonInteractive=false mShortPressOnPowerBehavior=1
05-19 10:51:50.966 627 627 I PowerManagerService: Powering off display group due to power_button (groupId= 0, uid= 1000)...
05-19 10:51:50.966 627 627 I PowerManagerService: Going to sleep due to power_button (uid 1000)...
05-19 10:51:50.967 627 627 I power_sleep_requested: 0
05-19 10:51:50.972 627 627 I sysui_multi_action: [757,198,758,1,759,1,1359,2663,1694,4]
05-19 10:51:50.973 627 627 I power_screen_state: [1,0,0,0,2663]
05-19 10:51:50.997 627 652 I am_pss : [19470,1000,com.ebensz.appmanager:remote,13803520,6488064,0,113283072,0,10,15]
05-19 10:51:51.003 1272 1272 W ContextImpl: Calling a method in the system process without a qualified user: android.app.ContextImpl.sendBroadcast:1181 android.content.ContextWrapper.sendBroadcast:479 cn.eben.newweather.DateWeatherService.a:19 cn.eben.newweather.DateWeatherService.a:0 cn.eben.newweather.DateWeatherService$1.handleMessage:7
05-21 09:03:55.970 352 352 I dw-mipi-dsi2 fde20000.dsi: [drm:dw_mipi_dsi2_encoder_enable] final DSI-Link bandwidth: 639999 x 8 Kbps
05-19 10:51:51.013 627 710 I input_focus: [Focus entering 5fc070f com.android.gallery3d/com.android.gallery3d.filtershow.FilterShowActivity (server),reason=Window became focusable. Previous reason: NO_WINDOW]
05-19 10:51:51.015 627 652 I am_pss : [19442,1000,com.ebensz.appmanager,29555712,21651456,0,137453568,0,10,14]
05-19 10:51:51.062 627 668 I sysui_multi_action: [757,1696,758,6,759,0]
05-21 09:03:56.073 542 542 I : read descriptors
05-21 09:03:56.073 542 542 I : read strings
05-21 09:03:56.074 1 1 I init : processing action (sys.usb.config=adb && sys.usb.configfs=1 && sys.usb.ffs.ready=1) from (/system/etc/init/hw/init.usb.configfs.rc:20)
05-21 09:03:56.075 1 1 I init : Command 'symlink /config/usb_gadget/g1/functions/ffs.adb /config/usb_gadget/g1/configs/b.1/f1' action=sys.usb.config=adb && sys.usb.configfs=1 && sys.usb.ffs.ready=1 (/system/etc/init/hw/init.usb.configfs.rc:22) took 0ms and failed: symlink() failed: File exists
05-21 09:03:56.075 1 1 I init : Command 'write /config/usb_gadget/g1/UDC ${sys.usb.controller}' action=sys.usb.config=adb && sys.usb.configfs=1 && sys.usb.ffs.ready=1 (/system/etc/init/hw/init.usb.configfs.rc:23) took 0ms and failed: Unable to write to file '/config/usb_gadget/g1/UDC': Unable to write file contents: Device or resource busy
05-19 10:51:51.119 19442 19442 W ContextImpl: Calling a method in the system process without a qualified user: android.app.ContextImpl.startService:1824 android.content.ContextWrapper.startService:774 com.ebensz.appmanager.service.UploadMyAppsInfoService$1.handleMessage:63 android.os.Handler.dispatchMessage:106 android.os.Looper.loopOnce:201
05-19 10:51:51.489 627 668 D ActivityTaskManager: Top Process State changed to PROCESS_STATE_TOP_SLEEPING
05-19 10:51:51.490 627 668 I wm_pause_activity: [0,255712177,com.android.gallery3d/.filtershow.FilterShowActivity,userLeaving=false,sleep]
05-19 10:51:51.493 18892 18892 I wm_on_top_resumed_lost_called: [255712177,com.android.gallery3d.filtershow.FilterShowActivity,topStateChangedWhenResumed]
05-21 09:03:56.466 468 468 I gsensor_mxc6655 5-0015: set sensor poll time to 200ms
05-19 10:51:51.507 18892 18892 I wm_on_paused_called: [255712177,com.android.gallery3d.filtershow.FilterShowActivity,performPause]
05-19 10:51:51.508 627 685 I wm_add_to_stopping: [0,255712177,com.android.gallery3d/.filtershow.FilterShowActivity,completePauseLocked]
05-19 10:51:51.515 627 668 V DisplayPowerController[0]: Brightness [0.003937008] reason changing to: 'screen_off', previous reason: 'manual'.
05-19 10:51:51.517 627 647 I wm_stop_activity: [0,255712177,com.android.gallery3d/.filtershow.FilterShowActivity]
05-19 10:51:51.519 627 647 I sysui_multi_action: [757,803,799,window_time_0,802,28]
05-19 10:51:51.520 627 647 I DisplayDeviceRepository: Display device changed state: "内置屏幕", OFF
05-19 10:51:51.547 18892 18892 I wm_on_stop_called: [255712177,com.android.gallery3d.filtershow.FilterShowActivity,STOP_ACTIVITY_ITEM]
05-19 10:51:51.613 627 711 I sysui_multi_action: [757,804,799,power_consecutive_short_tap_count,801,1,802,1]
05-19 10:51:51.613 627 711 I sysui_multi_action: [757,804,799,power_double_tap_interval,801,961,802,1]
05-19 10:51:51.614 627 711 I intercept_power: [ACTION_DOWN,0,0]
05-19 10:51:51.616 627 711 I PowerManagerService: Powering on display group fromDozing (groupId=0, uid=1000, reason=WAKE_REASON_POWER_BUTTON, details=android.policy:POWER)...
05-19 10:51:51.616 627 711 I PowerManagerService: Waking up from Dozing (uid=1000, reason=WAKE_REASON_POWER_BUTTON, details=android.policy:POWER)...
05-19 10:51:51.624 627 668 I DisplayPowerController[0]: Blocking screen on until initial contents have been drawn.
05-19 10:51:51.625 627 668 D ActivityTaskManager: Top Process State changed to PROCESS_STATE_TOP
05-19 10:51:51.625 627 627 I sysui_multi_action: [757,198,758,2,759,2,1359,969,1695,1]
05-19 10:51:51.626 627 627 I power_screen_state: [0,2,0,0,969]
05-19 10:51:51.626 627 627 I screen_toggled: 0
05-19 10:51:51.626 627 627 I sysui_multi_action: [757,804,799,screen_timeout,801,15,802,1]
05-19 10:51:51.630 627 668 I wm_set_resumed_activity: [0,com.android.gallery3d/.filtershow.FilterShowActivity,resumeTopActivity]
05-19 10:51:51.632 627 668 I wm_resume_activity: [0,255712177,122,com.android.gallery3d/.filtershow.FilterShowActivity]
05-19 10:51:51.638 627 668 V DisplayPowerController[0]: Brightness [0.5472441] reason changing to: 'manual', previous reason: 'screen_off'.
05-19 10:51:51.638 627 668 I sysui_multi_action: [757,1696,758,6,759,3]
05-19 10:51:51.644 627 668 I DisplayPowerController[0]: Unblocked screen on after 19 ms
05-19 10:51:51.644 627 627 I sysui_multi_action: [757,1594,758,4,759,-2147483648,1359,667]
05-19 10:51:51.650 627 627 I power_screen_broadcast_send: 1
05-19 10:51:51.653 627 627 I screen_toggled: 1
05-21 09:03:56.624 468 468 I gsensor_mxc6655 5-0015: set sensor poll time to 66ms
05-19 10:51:51.667 627 653 W BroadcastQueue: Background execution not allowed: receiving Intent { act=android.intent.action.USER_PRESENT flg=0x24200010 } to com.zhangyue.read.iReader/com.taobao.accs.EventReceiver
05-19 10:51:51.670 18892 18892 I wm_on_restart_called: [255712177,com.android.gallery3d.filtershow.FilterShowActivity,performRestartActivity]
05-19 10:51:51.671 18892 18892 I wm_on_start_called: [255712177,com.android.gallery3d.filtershow.FilterShowActivity,handleStartActivity]
05-19 10:51:51.672 18892 18892 I wm_on_resume_called: [255712177,com.android.gallery3d.filtershow.FilterShowActivity,RESUME_ACTIVITY]
05-19 10:51:51.672 18892 18892 I wm_on_top_resumed_gained_called: [255712177,com.android.gallery3d.filtershow.FilterShowActivity,topWhenResuming]
05-19 10:51:51.693 627 648 I input_focus: [Focus request 5fc070f com.android.gallery3d/com.android.gallery3d.filtershow.FilterShowActivity,reason=UpdateInputWindows]
05-21 09:03:56.701 445 445 I gsensor_mxc6655 5-0015: set sensor poll time to 66ms
05-19 10:51:51.751 975 975 D DCT-C-0 : screen off
05-19 10:51:51.751 975 975 D DCT-C-0 : stopNetStatPoll
05-19 10:51:51.758 627 685 W ActivityManager: Ignoring request to force stop protected package u0
05-19 10:51:51.763 627 627 I power_screen_broadcast_done: [0,113,1]
05-19 10:51:51.763 627 627 I power_screen_broadcast_send: 1
05-19 10:51:51.791 975 975 D DCT-C-0 : screen on
05-19 10:51:51.791 975 975 D DCT-C-0 : stopNetStatPoll
05-19 10:51:51.798 627 627 I power_screen_broadcast_done: [1,35,1]
05-19 10:51:51.888 627 711 I intercept_power: [ACTION_UP,0,0]
05-19 10:51:51.890 627 627 D WindowManager: powerPress: eventTime=73368940 interactive=false count=0 beganFromNonInteractive=true mShortPressOnPowerBehavior=1
05-21 09:03:56.856 352 352 I rockchip-vop2 fdd90000.vop: [drm:vop2_crtc_atomic_disable] Crtc atomic disable vp2
05-21 09:03:56.867 352 352 E rockchip-vop2 fdd90000.vop: [drm:vop2_crtc_atomic_disable] *ERROR* unexpected power on pd7
05-19 10:51:51.909 627 647 I DisplayDeviceRepository: Display device changed state: "内置屏幕", ON
05-19 10:51:51.961 463 491 I RIL : ---> enter mainloop wait at port
05-19 10:51:51.961 463 491 D RIL-DEV : Get modem info
05-19 10:51:51.962 463 491 D RIL-DEV : [05-19_10:51:51:962] idVendor = 0bda
05-19 10:51:51.962 463 491 D RIL-DEV :
05-19 10:51:51.962 463 491 D RIL-DEV : [05-19_10:51:51:963] idVendor = 05e3
05-19 10:51:51.962 463 491 D RIL-DEV :
05-19 10:51:51.963 463 491 D RIL-DEV : [05-19_10:51:51:963] idVendor = 1d6b
05-19 10:51:51.963 463 491 D RIL-DEV :
05-19 10:51:51.963 463 491 D RIL-DEV : [05-19_10:51:51:963] idVendor = 1d6b
05-19 10:51:51.963 463 491 D RIL-DEV :
05-19 10:51:51.963 463 491 D RIL-DEV : [05-19_10:51:51:964] idVendor = 0bda
05-19 10:51:51.963 463 491 D RIL-DEV :
05-19 10:51:51.963 463 491 D RIL-DEV : [05-19_10:51:51:964] idVendor = 1d6b
05-19 10:51:51.963 463 491 D RIL-DEV :
05-19 10:51:51.964 463 491 D RIL-DEV : [05-19_10:51:51:964] idVendor = 2109
05-19 10:51:51.964 463 491 D RIL-DEV :
05-19 10:51:51.965 463 491 D RIL-DEV : [05-19_10:51:51:966] idVendor = 2109
05-19 10:51:51.965 463 491 D RIL-DEV :
05-19 10:51:51.966 463 491 D RIL-DEV : [05-19_10:51:51:966] idVendor = 1d6b
05-19 10:51:51.966 463 491 D RIL-DEV :
05-19 10:51:51.966 463 491 D RIL-DEV : [05-19_10:51:51:966] idVendor = 0bda
05-19 10:51:51.966 463 491 D RIL-DEV :
05-19 10:51:51.966 463 491 D RIL-DEV : [05-19_10:51:51:967] idVendor = 2109
05-19 10:51:51.966 463 491 D RIL-DEV :
05-19 10:51:51.967 463 491 E RIL-DEV : Cannot find Meig devices
05-19 10:51:51.967 463 491 I RIL : ---> can't find meig usb devices
05-21 09:03:56.952 352 352 I rockchip-vop2 fdd90000.vop: [drm:vop2_crtc_atomic_enable] Update mode to 1536x2048p55, type: 16(if:60) for vp2 dclk: 192000000
05-21 09:03:56.953 352 352 I rockchip-vop2 fdd90000.vop: [drm:vop2_crtc_atomic_enable] dclk_out2 div: 2 dclk_core2 div: 1
05-21 09:03:56.953 352 352 I rockchip-vop2 fdd90000.vop: [drm:vop2_crtc_atomic_enable] set dclk_vop2 to 96000000, get 96000000
05-19 10:51:52.001 1272 1272 W ContextImpl: Calling a method in the system process without a qualified user: android.app.ContextImpl.sendBroadcast:1181 android.content.ContextWrapper.sendBroadcast:479 cn.eben.newweather.DateWeatherService.a:19 cn.eben.newweather.DateWeatherService.a:0 cn.eben.newweather.DateWeatherService$1.handleMessage:7
05-21 09:03:57.144 542 542 I : read descriptors
05-21 09:03:57.144 542 542 I : read strings
05-21 09:03:57.145 1 1 I init : processing action (sys.usb.config=adb && sys.usb.configfs=1 && sys.usb.ffs.ready=1) from (/system/etc/init/hw/init.usb.configfs.rc:20)
05-21 09:03:57.147 1 1 I init : Command 'symlink /config/usb_gadget/g1/functions/ffs.adb /config/usb_gadget/g1/configs/b.1/f1' action=sys.usb.config=adb && sys.usb.configfs=1 && sys.usb.ffs.ready=1 (/system/etc/init/hw/init.usb.configfs.rc:22) took 0ms and failed: symlink() failed: File exists
05-21 09:03:57.148 1 1 I init : Command 'write /config/usb_gadget/g1/UDC ${sys.usb.controller}' action=sys.usb.config=adb && sys.usb.configfs=1 && sys.usb.ffs.ready=1 (/system/etc/init/hw/init.usb.configfs.rc:23) took 0ms and failed: Unable to write to file '/config/usb_gadget/g1/UDC': Unable to write file contents: Device or resource busy
05-21 09:03:57.460 352 352 I dw-mipi-dsi2 fde20000.dsi: [drm:dw_mipi_dsi2_encoder_enable] final DSI-Link bandwidth: 639999 x 8 Kbps
05-21 09:03:57.538 362 362 E rockchip-vop2 fdd90000.vop: [drm:vop2_wait_power_domain_off] *ERROR* wait pd7 off timeout power_ctrl: 0x7f
05-19 10:51:52.574 627 668 I sysui_latency: [5,2595]
05-19 10:51:52.574 627 668 W PowerManagerService: Screen on took 964 ms
05-19 10:51:52.574 627 627 I sysui_multi_action: [757,198,758,1,759,1,1359,964,1694,1]
05-19 10:51:52.574 627 627 I power_screen_state: [1,0,0,0,964]
05-19 10:51:53.002 1272 1272 W ContextImpl: Calling a method in the system process without a qualified user: android.app.ContextImpl.sendBroadcast:1181 android.content.ContextWrapper.sendBroadcast:479 cn.eben.newweather.DateWeatherService.a:19 cn.eben.newweather.DateWeatherService.a:0 cn.eben.newweather.DateWeatherService$1.handleMessage:7
05-21 09:03:58.138 17254 17254 I r8152 4-1.4: 1.0 eth1: carrier on
05-21 09:03:58.186 542 542 I : read descriptors
05-21 09:03:58.187 542 542 I : read strings
05-21 09:03:58.187 1 1 I init : processing action (sys.usb.config=adb && sys.usb.configfs=1 && sys.usb.ffs.ready=1) from (/system/etc/init/hw/init.usb.configfs.rc:20)
05-21 09:03:58.188 1 1 I init : Command 'symlink /config/usb_gadget/g1/functions/ffs.adb /config/usb_gadget/g1/configs/b.1/f1' action=sys.usb.config=adb && sys.usb.configfs=1 && sys.usb.ffs.ready=1 (/system/etc/init/hw/init.usb.configfs.rc:22) took 0ms and failed: symlink() failed: File exists
05-21 09:03:58.189 1 1 I init : Command 'write /config/usb_gadget/g1/UDC ${sys.usb.controller}' action=sys.usb.config=adb && sys.usb.configfs=1 && sys.usb.ffs.ready=1 (/system/etc/init/hw/init.usb.configfs.rc:23) took 0ms and failed: Unable to write to file '/config/usb_gadget/g1/UDC': Unable to write file contents: Device or resource busy
05-19 10:51:53.967 463 491 I RIL : ---> enter mainloop wait at port
05-19 10:51:53.967 463 491 D RIL-DEV : Get modem info
05-19 10:51:53.968 463 491 D RIL-DEV : [05-19_10:51:53:968] idVendor = 0bda
05-19 10:51:53.968 463 491 D RIL-DEV :
05-19 10:51:53.968 463 491 D RIL-DEV : [05-19_10:51:53:969] idVendor = 05e3
05-19 10:51:53.968 463 491 D RIL-DEV :
05-19 10:51:53.968 463 491 D RIL-DEV : [05-19_10:51:53:969] idVendor = 1d6b
05-19 10:51:53.968 463 491 D RIL-DEV :
05-19 10:51:53.969 463 491 D RIL-DEV : [05-19_10:51:53:969] idVendor = 1d6b
05-19 10:51:53.969 463 491 D RIL-DEV :
05-19 10:51:53.969 463 491 D RIL-DEV : [05-19_10:51:53:970] idVendor = 0bda
05-19 10:51:53.969 463 491 D RIL-DEV :
05-19 10:51:53.970 463 491 D RIL-DEV : [05-19_10:51:53:970] idVendor = 1d6b
05-19 10:51:53.970 463 491 D RIL-DEV :
05-19 10:51:53.970 463 491 D RIL-DEV : [05-19_10:51:53:970] idVendor = 2109
05-19 10:51:53.970 463 491 D RIL-DEV :
05-19 10:51:53.970 463 491 D RIL-DEV : [05-19_10:51:53:971] idVendor = 2109
05-19 10:51:53.970 463 491 D RIL-DEV :
05-19 10:51:53.970 463 491 D RIL-DEV : [05-19_10:51:53:971] idVendor = 1d6b
05-19 10:51:53.970 463 491 D RIL-DEV :
05-19 10:51:53.971 463 491 D RIL-DEV : [05-19_10:51:53:971] idVendor = 0bda
05-19 10:51:53.971 463 491 D RIL-DEV :
05-19 10:51:53.971 463 491 D RIL-DEV : [05-19_10:51:53:972] idVendor = 2109
05-19 10:51:53.971 463 491 D RIL-DEV :
05-19 10:51:53.971 463 491 E RIL-DEV : Cannot find Meig devices
05-19 10:51:53.971 463 491 I RIL : ---> can't find meig usb devices
05-19 10:51:54.002 1272 1272 W ContextImpl: Calling a method in the system process without a qualified user: android.app.ContextImpl.sendBroadcast:1181 android.content.ContextWrapper.sendBroadcast:479 cn.eben.newweather.DateWeatherService.a:19 cn.eben.newweather.DateWeatherService.a:0 cn.eben.newweather.DateWeatherService$1.handleMessage:7
05-21 09:03:59.237 542 542 I : read descriptors
05-21 09:03:59.237 542 542 I : read strings
05-21 09:03:59.239 1 1 I init : processing action (sys.usb.config=adb && sys.usb.configfs=1 && sys.usb.ffs.ready=1) from (/system/etc/init/hw/init.usb.configfs.rc:20)
05-19 10:51:54.962 627 2096 W ContentProviderHelper: Permission Denial: opening provider com.android.providers.contacts.ContactsProvider2 from ProcessRecord{552b742 1631:cn.eben.sync/u0a63} (pid=1631, uid=10063) requires android.permission.READ_CONTACTS or android.permission.WRITE_CONTACTS
05-19 10:51:55.002 1272 1272 W ContextImpl: Calling a method in the system process without a qualified user: android.app.ContextImpl.sendBroadcast:1181 android.content.ContextWrapper.sendBroadcast:479 cn.eben.newweather.DateWeatherService.a:19 cn.eben.newweather.DateWeatherService.a:0 cn.eben.newweather.DateWeatherService$1.handleMessage:7
05-21 09:04:00.297 542 542 I : read descriptors
05-21 09:04:00.297 542 542 I : read strings
05-19 10:51:55.350 627 653 W ActivityManager: Failed to clear dns cache for: com.ebensz.office.entry
05-21 09:04:00.317 653 653 I binder : 627:653 transaction failed 29201/-28, size 80-0 line 2921
05-21 09:04:00.326 653 653 I binder : 627:653 transaction failed 29201/-28, size 80-0 line 2921
05-19 10:51:55.359 627 653 W ActivityManager: Failed to clear dns cache for: com.ebensz.office.entry
05-19 10:51:55.388 627 730 I netstats_mobile_sample: [0,0,0,0,0,0,0,0,0,0,0,0,1747623115389]
05-19 10:51:55.388 627 730 I netstats_wifi_sample: [0,0,0,0,0,0,0,0,0,0,0,0,1747623115389]
05-19 10:51:55.412 627 730 I netstats_mobile_sample: [0,0,0,0,0,0,0,0,0,0,0,0,1747623115413]
05-19 10:51:55.412 627 730 I netstats_wifi_sample: [0,0,0,0,0,0,0,0,0,0,0,0,1747623115413]
05-19 10:51:55.416 627 730 W ContextImpl: Calling a method in the system process without a qualified user: android.app.ContextImpl.sendStickyBroadcast:1567 com.android.server.ConnectivityService.sendStickyBroadcast:2811 com.android.server.ConnectivityService.sendGeneralBroadcast:2786 com.android.server.ConnectivityService.sendConnectedBroadcast:2759 com.android.server.ConnectivityService.sendLegacyNetworkBroadcast:8704
05-19 10:51:55.417 627 653 W BroadcastQueue: Target SDK mismatch: receiver ActivityInfo{293ce99 com.xiaomi.push.service.receivers.NetworkStatusReceiver} targets 26 but delivery restricted to [0, 23] broadcasting Intent { act=android.net.conn.CONNECTIVITY_CHANGE flg=0x4200010 (has extras) } from android (pid=627, uid=1000) to com.zhangyue.read.iReader/com.xiaomi.push.service.receivers.NetworkStatusReceiver
05-19 10:51:55.418 627 653 W BroadcastQueue: Target SDK mismatch: receiver ActivityInfo{537c55e cn.eben.help.LoadAllReceiver} targets 28 but delivery restricted to [0, 23] broadcasting Intent { act=android.net.conn.CONNECTIVITY_CHANGE flg=0x4200010 (has extras) } from android (pid=627, uid=1000) to cn.eben.help/.LoadAllReceiver
05-19 10:51:55.418 627 653 W BroadcastQueue: Target SDK mismatch: receiver ActivityInfo{5f2960c cn.eben.android.receiver.AppSyncReceiver} targets 27 but delivery restricted to [0, 23] broadcasting Intent { act=android.net.conn.CONNECTIVITY_CHANGE flg=0x4200010 (has extras) } from android (pid=627, uid=1000) to cn.eben.sync/cn.eben.android.receiver.AppSyncReceiver
05-19 10:51:55.420 19442 19442 W ContextImpl: Calling a method in the system process without a qualified user: android.app.ContextImpl.startService:1824 android.content.ContextWrapper.startService:774 android.content.ContextWrapper.startService:774 com.ebensz.appmanager.service.UploadMyAppsInfoService.startUploadMyAppsInfoService:78 com.ebensz.appmanager.receiver.UploadMyAppsInfoReceiver.onReceive:33
05-19 10:51:55.427 19470 19470 W ContextImpl: Calling a method in the system process without a qualified user: android.app.ContextImpl.startService:1824 android.content.ContextWrapper.startService:774 android.content.ContextWrapper.startService:774 com.ebensz.appmanager.mydownloadmanager.DownloadReceiver.startService:245 com.ebensz.appmanager.mydownloadmanager.DownloadReceiver.onReceive:74
05-19 10:51:55.428 627 1072 W BroadcastQueue: Target SDK mismatch: receiver ActivityInfo{e739aa4 com.ebensz.ota.ActionReceiver} targets 29 but delivery restricted to [0, 23] broadcasting Intent { act=android.net.conn.CONNECTIVITY_CHANGE flg=0x4200010 (has extras) } from android (pid=627, uid=1000) to com.ebensz.ota/.ActionReceiver
05-19 10:51:55.428 627 653 W BroadcastQueue: Target SDK mismatch: receiver ActivityInfo{f2f000d com.taobao.accs.EventReceiver} targets 26 but delivery restricted to [0, 23] broadcasting Intent { act=android.net.conn.CONNECTIVITY_CHANGE flg=0x4200010 (has extras) } from android (pid=627, uid=1000) to com.zhangyue.read.iReader/com.taobao.accs.EventReceiver
05-19 10:51:55.428 627 627 I notification_cancel_all: [1000,19470,com.ebensz.appmanager,0,0,64,9,NULL]
05-19 10:51:55.665 975 975 D TelephonyNetworkFactory[0]: onReleaseNetworkFor NetworkRequest [ REQUEST id=15, [ Capabilities: INTERNET&NOT_RESTRICTED&TRUSTED&NOT_VCN_MANAGED Uid: 1000 RequestorUid: 1000 RequestorPkg: android] ] applied false
05-19 10:51:55.665 975 975 D TelephonyNetworkFactory[0]: onReleaseNetworkFor NetworkRequest [ REQUEST id=28, [ Capabilities: INTERNET&NOT_RESTRICTED&TRUSTED&NOT_VCN_MANAGED Uid: 1001 RequestorUid: 1001 RequestorPkg: com.android.phone] ] applied false
05-19 10:51:55.665 975 975 D TelephonyNetworkFactory[0]: onReleaseNetworkFor NetworkRequest [ REQUEST id=32, [ Capabilities: INTERNET&NOT_RESTRICTED&TRUSTED&NOT_VCN_MANAGED Uid: 1000 RequestorUid: 1000 RequestorPkg: android] ] applied false
05-19 10:51:55.665 975 975 D TelephonyNetworkFactory[0]: onReleaseNetworkFor NetworkRequest [ REQUEST id=23, [ Capabilities: INTERNET&NOT_RESTRICTED&TRUSTED&NOT_VCN_MANAGED Uid: 1000 RequestorUid: 1000 RequestorPkg: com.android.networkstack.inprocess] ] applied false
05-19 10:51:55.665 975 975 D TelephonyNetworkFactory[0]: onReleaseNetworkFor NetworkRequest [ REQUEST id=38, [ Capabilities: INTERNET&NOT_RESTRICTED&TRUSTED&NOT_VCN_MANAGED Uid: 10023 RequestorUid: 1000 RequestorPkg: android] ] applied false
05-19 10:51:55.665 975 975 D TelephonyNetworkFactory[0]: onReleaseNetworkFor NetworkRequest [ REQUEST id=1, [ Capabilities: INTERNET&NOT_RESTRICTED&TRUSTED&NOT_VPN&NOT_VCN_MANAGED RequestorUid: 1000 RequestorPkg: android] ] applied false
05-19 10:51:55.665 975 975 D TelephonyNetworkFactory[0]: onReleaseNetworkFor NetworkRequest [ REQUEST id=36, [ Capabilities: INTERNET&NOT_RESTRICTED&TRUSTED&NOT_VCN_MANAGED Uid: 10086 RequestorUid: 1000 RequestorPkg: android] ] applied false
05-19 10:51:55.665 975 975 D TelephonyNetworkFactory[0]: onReleaseNetworkFor NetworkRequest [ REQUEST id=18, [ Capabilities: INTERNET&NOT_RESTRICTED&TRUSTED&NOT_VCN_MANAGED Uid: 10088 RequestorUid: 10088 RequestorPkg: com.android.systemui] ] applied false
05-19 10:51:55.665 975 975 D TelephonyNetworkFactory[0]: onReleaseNetworkFor NetworkRequest [ REQUEST id=20, [ Capabilities: INTERNET&NOT_RESTRICTED&TRUSTED&NOT_VCN_MANAGED Uid: 10088 RequestorUid: 10088 RequestorPkg: com.android.systemui] ] applied false
