05-19 15:11:10.552 627 627 I notification_enqueue: [10040,2197,com.ebensz.filemanager,1001,NULL,0,Notification(channel=MtpSyncService shortcut=null contentView=com.ebensz.filemanager/0x10900aa vibrate=null sound=null defaults=0x0 flags=0x40 color=0x00000000 vis=PRIVATE),0]
05-19 15:11:10.561 627 710 I input_focus: [Focus entering b1105fd com.ebensz.filemanager/com.ebensz.filemanager.activity.SaveFileUdiskActivity (server),reason=Window became focusable. Previous reason: NOT_VISIBLE]
05-19 15:11:10.662 627 710 I input_interaction: Interaction with: b1105fd com.ebensz.filemanager/com.ebensz.filemanager.activity.SaveFileUdiskActivity (server), PointerEventDispatcher0 (server),
05-19 15:11:10.754 627 627 I sysui_multi_action: [757,1501,758,1,793,204,794,0,795,204,796,1001,806,com.ebensz.filemanager,857,MtpSyncService,858,2,947,0,1500,0,1688,1]
05-19 15:11:10.755 627 627 I sysui_multi_action: [757,804,799,note_interruptive,801,0,802,1]
05-19 15:11:10.758 627 627 W NotificationHistory: Attempted to add notif for locked/gone/disabled user 0
05-19 15:11:11.002 1272 1272 W ContextImpl: Calling a method in the system process without a qualified user: android.app.ContextImpl.sendBroadcast:1181 android.content.ContextWrapper.sendBroadcast:479 cn.eben.newweather.DateWeatherService.a:19 cn.eben.newweather.DateWeatherService.a:0 cn.eben.newweather.DateWeatherService$1.handleMessage:7
05-21 15:36:41.010 29262 29262 I : read descriptors
05-21 15:36:41.010 29262 29262 I : read strings
05-19 15:11:12.002 1272 1272 W ContextImpl: Calling a method in the system process without a qualified user: android.app.ContextImpl.sendBroadcast:1181 android.content.ContextWrapper.sendBroadcast:479 cn.eben.newweather.DateWeatherService.a:19 cn.eben.newweather.DateWeatherService.a:0 cn.eben.newweather.DateWeatherService$1.handleMessage:7
05-19 15:11:12.382 627 648 I input_focus: [Focus request 8dfa19e PopupWindow:a019d91,reason=UpdateInputWindows]
05-19 15:11:12.401 627 710 I input_focus: [Focus leaving b1105fd com.ebensz.filemanager/com.ebensz.filemanager.activity.SaveFileUdiskActivity (server),reason=Waiting for window because NO_WINDOW]
05-19 15:11:12.420 627 710 I input_focus: [Focus entering 8dfa19e PopupWindow:a019d91 (server),reason=Window became focusable. Previous reason: NOT_VISIBLE]
05-21 15:36:42.067 29262 29262 I : read descriptors
05-21 15:36:42.067 29262 29262 I : read strings
05-21 15:36:42.069 1 1 I init : processing action (sys.usb.config=adb && sys.usb.configfs=1 && sys.usb.ffs.ready=1) from (/system/etc/init/hw/init.usb.configfs.rc:20)
05-21 15:36:42.071 1 1 I init : Command 'symlink /config/usb_gadget/g1/functions/ffs.adb /config/usb_gadget/g1/configs/b.1/f1' action=sys.usb.config=adb && sys.usb.configfs=1 && sys.usb.ffs.ready=1 (/system/etc/init/hw/init.usb.configfs.rc:22) took 0ms and failed: symlink() failed: File exists
05-21 15:36:42.072 1 1 I init : Command 'write /config/usb_gadget/g1/UDC ${sys.usb.controller}' action=sys.usb.config=adb && sys.usb.configfs=1 && sys.usb.ffs.ready=1 (/system/etc/init/hw/init.usb.configfs.rc:23) took 0ms and failed: Unable to write to file '/config/usb_gadget/g1/UDC': Unable to write file contents: Device or resource busy
05-19 15:11:13.001 1272 1272 W ContextImpl: Calling a method in the system process without a qualified user: android.app.ContextImpl.sendBroadcast:1181 android.content.ContextWrapper.sendBroadcast:479 cn.eben.newweather.DateWeatherService.a:19 cn.eben.newweather.DateWeatherService.a:0 cn.eben.newweather.DateWeatherService$1.handleMessage:7
05-19 15:11:13.223 627 710 I input_interaction: Interaction with: 8dfa19e PopupWindow:a019d91 (server), PointerEventDispatcher0 (server),
05-19 15:11:13.360 627 647 V WindowManager: Unknown focus tokens, dropping reportFocusChanged
05-19 15:11:13.362 627 648 I input_focus: [Focus request b1105fd com.ebensz.filemanager/com.ebensz.filemanager.activity.SaveFileUdiskActivity,reason=UpdateInputWindows]
05-19 15:11:13.384 627 710 I input_focus: [Focus entering b1105fd com.ebensz.filemanager/com.ebensz.filemanager.activity.SaveFileUdiskActivity (server),reason=setFocusedWindow]
05-19 15:11:13.449 627 1248 E TaskPersister: File error accessing recents directory (directory doesn't exist?).
05-21 15:36:43.124 29262 29262 I : read descriptors
05-21 15:36:43.124 29262 29262 I : read strings
05-21 15:36:43.125 1 1 I init : processing action (sys.usb.config=adb && sys.usb.configfs=1 && sys.usb.ffs.ready=1) from (/system/etc/init/hw/init.usb.configfs.rc:20)
05-21 15:36:43.128 1 1 I init : Command 'symlink /config/usb_gadget/g1/functions/ffs.adb /config/usb_gadget/g1/configs/b.1/f1' action=sys.usb.config=adb && sys.usb.configfs=1 && sys.usb.ffs.ready=1 (/system/etc/init/hw/init.usb.configfs.rc:22) took 0ms and failed: symlink() failed: File exists
05-21 15:36:43.129 1 1 I init : Command 'write /config/usb_gadget/g1/UDC ${sys.usb.controller}' action=sys.usb.config=adb && sys.usb.configfs=1 && sys.usb.ffs.ready=1 (/system/etc/init/hw/init.usb.configfs.rc:23) took 0ms and failed: Unable to write to file '/config/usb_gadget/g1/UDC': Unable to write file contents: Device or resource busy
05-19 15:11:14.002 1272 1272 W ContextImpl: Calling a method in the system process without a qualified user: android.app.ContextImpl.sendBroadcast:1181 android.content.ContextWrapper.sendBroadcast:479 cn.eben.newweather.DateWeatherService.a:19 cn.eben.newweather.DateWeatherService.a:0 cn.eben.newweather.DateWeatherService$1.handleMessage:7
05-19 15:11:14.464 627 710 I input_interaction: Interaction with: b1105fd com.ebensz.filemanager/com.ebensz.filemanager.activity.SaveFileUdiskActivity (server), PointerEventDispatcher0 (server),
05-19 15:11:14.589 627 2096 I wm_finish_activity: [0,96915784,167,com.ebensz.filemanager/.activity.SaveFileUdiskActivity,app-request]
05-19 15:11:14.609 627 2096 I wm_pause_activity: [0,96915784,com.ebensz.filemanager/.activity.SaveFileUdiskActivity,userLeaving=false,finish]
05-19 15:11:14.614 2197 2197 I wm_on_top_resumed_lost_called: [96915784,com.ebensz.filemanager.activity.SaveFileUdiskActivity,topStateChangedWhenResumed]
05-19 15:11:14.615 2197 2197 I wm_on_paused_called: [96915784,com.ebensz.filemanager.activity.SaveFileUdiskActivity,performPause]
05-19 15:11:14.621 627 1068 I wm_set_resumed_activity: [0,com.ebensz.enote.notepad/.BrowserActivity,resumeTopActivity]
05-19 15:11:14.624 627 1068 I wm_resume_activity: [0,96125390,167,com.ebensz.enote.notepad/.BrowserActivity]
05-19 15:11:14.638 627 648 I input_focus: [Focus request 3aa9fe8 com.ebensz.enote.notepad/com.ebensz.enote.notepad.BrowserActivity,reason=UpdateInputWindows]
05-19 15:11:14.639 627 647 I sysui_multi_action: [757,803,799,window_time_0,802,5]
05-19 15:11:14.643 627 710 I input_focus: [Focus leaving b1105fd com.ebensz.filemanager/com.ebensz.filemanager.activity.SaveFileUdiskActivity (server),reason=NO_WINDOW]
05-21 15:36:44.204 29262 29262 I : read descriptors
05-21 15:36:44.204 29262 29262 I : read strings
05-21 15:36:44.205 1 1 I init : processing action (sys.usb.config=adb && sys.usb.configfs=1 && sys.usb.ffs.ready=1) from (/system/etc/init/hw/init.usb.configfs.rc:20)
05-19 15:11:14.653 3656 3656 I wm_on_activity_result_called: [96125390,com.ebensz.enote.notepad.BrowserActivity,ACTIVITY_RESULT]
05-19 15:11:14.654 3656 3656 I wm_on_resume_called: [96125390,com.ebensz.enote.notepad.BrowserActivity,RESUME_ACTIVITY]
05-19 15:11:14.655 3656 3656 I wm_on_top_resumed_gained_called: [96125390,com.ebensz.enote.notepad.BrowserActivity,topWhenResuming]
05-21 15:36:44.207 1 1 I init : Command 'symlink /config/usb_gadget/g1/functions/ffs.adb /config/usb_gadget/g1/configs/b.1/f1' action=sys.usb.config=adb && sys.usb.configfs=1 && sys.usb.ffs.ready=1 (/system/etc/init/hw/init.usb.configfs.rc:22) took 0ms and failed: symlink() failed: File exists
05-21 15:36:44.207 1 1 I init : Command 'write /config/usb_gadget/g1/UDC ${sys.usb.controller}' action=sys.usb.config=adb && sys.usb.configfs=1 && sys.usb.ffs.ready=1 (/system/etc/init/hw/init.usb.configfs.rc:23) took 0ms and failed: Unable to write to file '/config/usb_gadget/g1/UDC': Unable to write file contents: Device or resource busy
05-19 15:11:14.662 627 710 I input_focus: [Focus entering 3aa9fe8 com.ebensz.enote.notepad/com.ebensz.enote.notepad.BrowserActivity (server),reason=setFocusedWindow]
05-19 15:11:14.677 627 648 I input_focus: [Focus request 44a00ac 导出,reason=UpdateInputWindows]
05-19 15:11:14.696 627 710 I input_focus: [Focus leaving 3aa9fe8 com.ebensz.enote.notepad/com.ebensz.enote.notepad.BrowserActivity (server),reason=Waiting for window because NO_WINDOW]
05-19 15:11:14.724 627 18939 I wm_destroy_activity: [0,96915784,167,com.ebensz.filemanager/.activity.SaveFileUdiskActivity,finish-idle]
05-19 15:11:14.734 627 710 I input_focus: [Focus entering 44a00ac 导出 (server),reason=Window became focusable. Previous reason: NOT_VISIBLE]
05-19 15:11:14.737 2197 2197 I wm_on_stop_called: [96915784,com.ebensz.filemanager.activity.SaveFileUdiskActivity,LIFECYCLER_STOP_ACTIVITY]
05-19 15:11:14.742 2197 2197 I wm_on_destroy_called: [96915784,com.ebensz.filemanager.activity.SaveFileUdiskActivity,performDestroy]
05-19 15:11:14.744 2146 2146 W ContextImpl: Calling a method in the system process without a qualified user: android.app.ContextImpl.sendBroadcast:1181 android.content.ContextWrapper.sendBroadcast:479 com.ebensz.softkeyboard.n.d:116 com.ebensz.softkeyboard.n.a:226 com.ebensz.softkeyboard.n.c:70
05-19 15:11:14.745 627 653 I am_wtf : [0,627,system_server,-1,ActivityManager,Sending non-protected broadcast com.ebensz.softkeyboard.inputModeChange from system 2146:com.ebensz.softkeyboard/1000 pkg com.ebensz.softkeyboard]
05-19 15:11:14.745 627 653 I DropBoxManagerService: add tag=system_server_wtf isTagEnabled=true flags=0x2
05-19 15:11:14.746 627 653 W BroadcastQueue: Background execution not allowed: receiving Intent { act=com.ebensz.softkeyboard.inputModeChange flg=0x10 } to com.ebensz.softkeyboard/.util.InputModeChangeReceiver
05-19 15:11:14.796 627 648 I dvm_lock_sample: [system_server,1,android.anim,38,InputMonitor.java,156,void com.android.server.wm.InputMonitor$UpdateInputWindows.run(),WindowManagerService.java,2253,void com.android.server.wm.WindowManagerService.setInsetsWindow(com.android.server.wm.Session, android.view.IWindow, int, android.graphics.Rect, android.graphics.Rect, android.graphics.Region),7]
05-19 15:11:14.797 627 627 I sysui_multi_action: [757,128,758,5,759,8,793,4247,794,0,795,4247,796,1001,806,com.ebensz.filemanager,857,MtpSyncService,858,2,947,0,1500,4043,1688,1]
05-19 15:11:14.797 627 627 I notification_canceled: [0|com.ebensz.filemanager|1001|null|10040,8,4247,4247,0,-1,-1,NULL]
05-19 15:11:14.807 627 685 W ActivityManager: Unbind failed: could not find connection for android.os.BinderProxy@f1908d3
05-19 15:11:14.839 627 685 W WindowManager: App com.ebensz.softkeyboard has a system alert window (type = 2038) with FLAG_NOT_TOUCHABLE and LayoutParams.alpha = 1.00 > 0.80, setting alpha to 0.80 to let touches pass through (if this is isn't desirable, remove flag FLAG_NOT_TOUCHABLE).
05-19 15:11:14.875 627 685 W WindowManager: App com.ebensz.softkeyboard has a system alert window (type = 2038) with FLAG_NOT_TOUCHABLE and LayoutParams.alpha = 1.00 > 0.80, setting alpha to 0.80 to let touches pass through (if this is isn't desirable, remove flag FLAG_NOT_TOUCHABLE).
05-19 15:11:15.001 1272 1272 W ContextImpl: Calling a method in the system process without a qualified user: android.app.ContextImpl.sendBroadcast:1181 android.content.ContextWrapper.sendBroadcast:479 cn.eben.newweather.DateWeatherService.a:19 cn.eben.newweather.DateWeatherService.a:0 cn.eben.newweather.DateWeatherService$1.handleMessage:7
05-19 15:11:15.418 627 685 W ContentProviderHelper: Permission Denial: opening provider com.android.providers.contacts.ContactsProvider2 from ProcessRecord{552b742 1631:cn.eben.sync/u0a63} (pid=1631, uid=10063) requires android.permission.READ_CONTACTS or android.permission.WRITE_CONTACTS
05-21 15:36:45.260 29262 29262 I : read descriptors
05-21 15:36:45.261 29262 29262 I : read strings
05-21 15:36:45.262 1 1 I init : processing action (sys.usb.config=adb && sys.usb.configfs=1 && sys.usb.ffs.ready=1) from (/system/etc/init/hw/init.usb.configfs.rc:20)
05-19 15:11:15.956 627 710 I input_interaction: Interaction with: 44a00ac 导出 (server), PointerEventDispatcher0 (server),
05-19 15:11:16.002 1272 1272 W ContextImpl: Calling a method in the system process without a qualified user: android.app.ContextImpl.sendBroadcast:1181 android.content.ContextWrapper.sendBroadcast:479 cn.eben.newweather.DateWeatherService.a:19 cn.eben.newweather.DateWeatherService.a:0 cn.eben.newweather.DateWeatherService$1.handleMessage:7
05-19 15:11:16.150 627 648 I input_focus: [Focus request 36e721f PopupWindow:168b4ed,reason=UpdateInputWindows]
05-19 15:11:16.173 627 710 I input_focus: [Focus leaving 44a00ac 导出 (server),reason=Waiting for window because NO_WINDOW]
05-19 15:11:16.195 627 710 I input_focus: [Focus entering 36e721f PopupWindow:168b4ed (server),reason=Window became focusable. Previous reason: NOT_VISIBLE]
05-21 15:36:46.314 29262 29262 I : read descriptors
05-21 15:36:46.314 29262 29262 I : read strings
05-19 15:11:16.915 627 710 I input_interaction: Interaction with: 36e721f PopupWindow:168b4ed (server), PointerEventDispatcher0 (server),
05-19 15:11:17.003 1272 1272 W ContextImpl: Calling a method in the system process without a qualified user: android.app.ContextImpl.sendBroadcast:1181 android.content.ContextWrapper.sendBroadcast:479 cn.eben.newweather.DateWeatherService.a:19 cn.eben.newweather.DateWeatherService.a:0 cn.eben.newweather.DateWeatherService$1.handleMessage:7
05-19 15:11:17.069 627 647 V WindowManager: Unknown focus tokens, dropping reportFocusChanged
05-19 15:11:17.073 627 648 I input_focus: [Focus request 44a00ac 导出,reason=UpdateInputWindows]
05-19 15:11:17.085 627 710 I input_focus: [Focus entering 44a00ac 导出 (server),reason=setFocusedWindow]
05-19 15:11:17.809 627 1248 E TaskPersister: File error accessing recents directory (directory doesn't exist?).
05-21 15:36:47.366 29262 29262 I : read descriptors
05-21 15:36:47.366 29262 29262 I : read strings
05-21 15:36:47.367 1 1 I init : processing action (sys.usb.config=adb && sys.usb.configfs=1 && sys.usb.ffs.ready=1) from (/system/etc/init/hw/init.usb.configfs.rc:20)
05-21 15:36:47.368 1 1 I init : Command 'symlink /config/usb_gadget/g1/functions/ffs.adb /config/usb_gadget/g1/configs/b.1/f1' action=sys.usb.config=adb && sys.usb.configfs=1 && sys.usb.ffs.ready=1 (/system/etc/init/hw/init.usb.configfs.rc:22) took 0ms and failed: symlink() failed: File exists
05-21 15:36:47.368 1 1 I init : Command 'write /config/usb_gadget/g1/UDC ${sys.usb.controller}' action=sys.usb.config=adb && sys.usb.configfs=1 && sys.usb.ffs.ready=1 (/system/etc/init/hw/init.usb.configfs.rc:23) took 0ms and failed: Unable to write to file '/config/usb_gadget/g1/UDC': Unable to write file contents: Device or resource busy
05-19 15:11:17.872 627 710 I input_interaction: Interaction with: 44a00ac 导出 (server), PointerEventDispatcher0 (server),
05-19 15:11:18.002 1272 1272 W ContextImpl: Calling a method in the system process without a qualified user: android.app.ContextImpl.sendBroadcast:1181 android.content.ContextWrapper.sendBroadcast:479 cn.eben.newweather.DateWeatherService.a:19 cn.eben.newweather.DateWeatherService.a:0 cn.eben.newweather.DateWeatherService$1.handleMessage:7
05-19 15:11:18.037 627 648 I input_focus: [Focus request 3aa9fe8 com.ebensz.enote.notepad/com.ebensz.enote.notepad.BrowserActivity,reason=UpdateInputWindows]
05-19 15:11:18.039 627 647 V WindowManager: Unknown focus tokens, dropping reportFocusChanged
05-19 15:11:18.067 627 710 I input_focus: [Focus entering 3aa9fe8 com.ebensz.enote.notepad/com.ebensz.enote.notepad.BrowserActivity (server),reason=setFocusedWindow]
05-19 15:11:18.133 627 648 I input_focus: [Focus request e941182 导出,reason=UpdateInputWindows]
05-19 15:11:18.158 627 710 I input_focus: [Focus leaving 3aa9fe8 com.ebensz.enote.notepad/com.ebensz.enote.notepad.BrowserActivity (server),reason=Waiting for window because NOT_VISIBLE]
05-19 15:11:18.176 627 710 I input_focus: [Focus entering e941182 导出 (server),reason=Window became focusable. Previous reason: NOT_VISIBLE]
05-21 15:36:48.414 29262 29262 I : read descriptors
05-21 15:36:48.414 29262 29262 I : read strings
05-21 15:36:48.416 1 1 I init : processing action (sys.usb.config=adb && sys.usb.configfs=1 && sys.usb.ffs.ready=1) from (/system/etc/init/hw/init.usb.configfs.rc:20)
05-21 15:36:48.418 1 1 I init : Command 'symlink /config/usb_gadget/g1/functions/ffs.adb /config/usb_gadget/g1/configs/b.1/f1' action=sys.usb.config=adb && sys.usb.configfs=1 && sys.usb.ffs.ready=1 (/system/etc/init/hw/init.usb.configfs.rc:22) took 0ms and failed: symlink() failed: File exists
05-21 15:36:48.419 1 1 I init : Command 'write /config/usb_gadget/g1/UDC ${sys.usb.controller}' action=sys.usb.config=adb && sys.usb.configfs=1 && sys.usb.ffs.ready=1 (/system/etc/init/hw/init.usb.configfs.rc:23) took 0ms and failed: Unable to write to file '/config/usb_gadget/g1/UDC': Unable to write file contents: Device or resource busy
05-19 15:11:19.001 1272 1272 W ContextImpl: Calling a method in the system process without a qualified user: android.app.ContextImpl.sendBroadcast:1181 android.content.ContextWrapper.sendBroadcast:479 cn.eben.newweather.DateWeatherService.a:19 cn.eben.newweather.DateWeatherService.a:0 cn.eben.newweather.DateWeatherService$1.handleMessage:7
05-21 15:36:49.454 29262 29262 I : read descriptors
05-21 15:36:49.454 29262 29262 I : read strings
05-21 15:36:49.456 1 1 I init : processing action (sys.usb.config=adb && sys.usb.configfs=1 && sys.usb.ffs.ready=1) from (/system/etc/init/hw/init.usb.configfs.rc:20)
05-21 15:36:49.459 1 1 I init : Command 'symlink /config/usb_gadget/g1/functions/ffs.adb /config/usb_gadget/g1/configs/b.1/f1' action=sys.usb.config=adb && sys.usb.configfs=1 && sys.usb.ffs.ready=1 (/system/etc/init/hw/init.usb.configfs.rc:22) took 0ms and failed: symlink() failed: File exists
05-21 15:36:49.460 1 1 I init : Command 'write /config/usb_gadget/g1/UDC ${sys.usb.controller}' action=sys.usb.config=adb && sys.usb.configfs=1 && sys.usb.ffs.ready=1 (/system/etc/init/hw/init.usb.configfs.rc:23) took 1ms and failed: Unable to write to file '/config/usb_gadget/g1/UDC': Unable to write file contents: Device or resource busy
05-19 15:11:20.002 1272 1272 W ContextImpl: Calling a method in the system process without a qualified user: android.app.ContextImpl.sendBroadcast:1181 android.content.ContextWrapper.sendBroadcast:479 cn.eben.newweather.DateWeatherService.a:19 cn.eben.newweather.DateWeatherService.a:0 cn.eben.newweather.DateWeatherService$1.handleMessage:7
05-19 15:11:20.422 627 2096 W ContentProviderHelper: Permission Denial: opening provider com.android.providers.contacts.ContactsProvider2 from ProcessRecord{552b742 1631:cn.eben.sync/u0a63} (pid=1631, uid=10063) requires android.permission.READ_CONTACTS or android.permission.WRITE_CONTACTS
05-21 15:36:50.527 29262 29262 I : read descriptors
05-21 15:36:50.527 29262 29262 I : read strings
05-21 15:36:50.529 1 1 I init : processing action (sys.usb.config=adb && sys.usb.configfs=1 && sys.usb.ffs.ready=1) from (/system/etc/init/hw/init.usb.configfs.rc:20)
05-19 15:11:21.002 1272 1272 W ContextImpl: Calling a method in the system process without a qualified user: android.app.ContextImpl.sendBroadcast:1181 android.content.ContextWrapper.sendBroadcast:479 cn.eben.newweather.DateWeatherService.a:19 cn.eben.newweather.DateWeatherService.a:0 cn.eben.newweather.DateWeatherService$1.handleMessage:7
05-19 15:11:22.000 1272 1272 W ContextImpl: Calling a method in the system process without a qualified user: android.app.ContextImpl.sendBroadcast:1181 android.content.ContextWrapper.sendBroadcast:479 cn.eben.newweather.DateWeatherService.a:19 cn.eben.newweather.DateWeatherService.a:0 cn.eben.newweather.DateWeatherService$1.handleMessage:7
05-21 15:36:51.574 29262 29262 I : read descriptors
05-21 15:36:51.574 29262 29262 I : read strings
05-19 15:11:23.002 1272 1272 W ContextImpl: Calling a method in the system process without a qualified user: android.app.ContextImpl.sendBroadcast:1181 android.content.ContextWrapper.sendBroadcast:479 cn.eben.newweather.DateWeatherService.a:19 cn.eben.newweather.DateWeatherService.a:0 cn.eben.newweather.DateWeatherService$1.handleMessage:7
05-21 15:36:52.617 29262 29262 I : read descriptors
05-21 15:36:52.617 29262 29262 I : read strings
05-21 15:36:52.620 1 1 I init : processing action (sys.usb.config=adb && sys.usb.configfs=1 && sys.usb.ffs.ready=1) from (/system/etc/init/hw/init.usb.configfs.rc:20)
05-21 15:36:52.622 1 1 I init : Command 'symlink /config/usb_gadget/g1/functions/ffs.adb /config/usb_gadget/g1/configs/b.1/f1' action=sys.usb.config=adb && sys.usb.configfs=1 && sys.usb.ffs.ready=1 (/system/etc/init/hw/init.usb.configfs.rc:22) took 0ms and failed: symlink() failed: File exists
05-21 15:36:52.623 1 1 I init : Command 'write /config/usb_gadget/g1/UDC ${sys.usb.controller}' action=sys.usb.config=adb && sys.usb.configfs=1 && sys.usb.ffs.ready=1 (/system/etc/init/hw/init.usb.configfs.rc:23) took 0ms and failed: Unable to write to file '/config/usb_gadget/g1/UDC': Unable to write file contents: Device or resource busy
05-19 15:11:23.455 627 710 I input_interaction: Interaction with: e941182 导出 (server), PointerEventDispatcher0 (server),
05-19 15:11:23.623 627 648 I input_focus: [Focus request 3aa9fe8 com.ebensz.enote.notepad/com.ebensz.enote.notepad.BrowserActivity,reason=UpdateInputWindows]
05-19 15:11:23.626 627 647 I dvm_lock_sample: [system_server,1,android.display,19,WindowManagerService.java,5192,void com.android.server.wm.WindowManagerService.reportFocusChanged(android.os.IBinder, android.os.IBinder),TaskSnapshotCache.java,68,android.window.TaskSnapshot com.android.server.wm.TaskSnapshotCache.getSnapshot(int, int, boolean, boolean),3]
05-19 15:11:23.626 627 647 V WindowManager: Unknown focus tokens, dropping reportFocusChanged
05-19 15:11:23.643 627 710 I input_focus: [Focus entering 3aa9fe8 com.ebensz.enote.notepad/com.ebensz.enote.notepad.BrowserActivity (server),reason=setFocusedWindow]
05-19 15:11:23.707 627 648 I input_focus: [Focus request ac40eeb 导出,reason=UpdateInputWindows]
05-19 15:11:23.732 627 710 I input_focus: [Focus leaving 3aa9fe8 com.ebensz.enote.notepad/com.ebensz.enote.notepad.BrowserActivity (server),reason=Waiting for window because NO_WINDOW]
05-19 15:11:23.750 627 710 I input_focus: [Focus entering ac40eeb 导出 (server),reason=Window became focusable. Previous reason: NOT_VISIBLE]
05-21 15:36:53.402 1305 1305 I binder : 1275:1305 transaction failed 29201/-28, size 104-0 line 2921
05-19 15:11:24.001 1272 1272 W ContextImpl: Calling a method in the system process without a qualified user: android.app.ContextImpl.sendBroadcast:1181 android.content.ContextWrapper.sendBroadcast:479 cn.eben.newweather.DateWeatherService.a:19 cn.eben.newweather.DateWeatherService.a:0 cn.eben.newweather.DateWeatherService$1.handleMessage:7
05-21 15:36:53.597 1305 1305 I binder : 1275:1305 transaction failed 29201/-28, size 104-0 line 2921
05-21 15:36:53.660 29262 29262 I : read descriptors
05-21 15:36:53.660 29262 29262 I : read strings
05-21 15:36:53.660 1 1 I init : processing action (sys.usb.config=adb && sys.usb.configfs=1 && sys.usb.ffs.ready=1) from (/system/etc/init/hw/init.usb.configfs.rc:20)
05-21 15:36:53.661 1 1 I init : Command 'symlink /config/usb_gadget/g1/functions/ffs.adb /config/usb_gadget/g1/configs/b.1/f1' action=sys.usb.config=adb && sys.usb.configfs=1 && sys.usb.ffs.ready=1 (/system/etc/init/hw/init.usb.configfs.rc:22) took 0ms and failed: symlink() failed: File exists
05-21 15:36:53.661 1 1 I init : Command 'write /config/usb_gadget/g1/UDC ${sys.usb.controller}' action=sys.usb.config=adb && sys.usb.configfs=1 && sys.usb.ffs.ready=1 (/system/etc/init/hw/init.usb.configfs.rc:23) took 0ms and failed: Unable to write to file '/config/usb_gadget/g1/UDC': Unable to write file contents: Device or resource busy
05-21 15:36:53.860 1305 1305 I binder : 1275:1305 transaction failed 29201/-28, size 104-0 line 2921
05-21 15:36:54.093 1305 1305 I binder : 1275:1305 transaction failed 29201/-28, size 104-0 line 2921
05-21 15:36:54.494 1305 1305 I binder : 1275:1305 transaction failed 29201/-28, size 104-0 line 2921
05-19 15:11:25.001 1272 1272 W ContextImpl: Calling a method in the system process without a qualified user: android.app.ContextImpl.sendBroadcast:1181 android.content.ContextWrapper.sendBroadcast:479 cn.eben.newweather.DateWeatherService.a:19 cn.eben.newweather.DateWeatherService.a:0 cn.eben.newweather.DateWeatherService$1.handleMessage:7
05-21 15:36:54.705 1305 1305 I binder : 1275:1305 transaction failed 29201/-28, size 104-0 line 2921
05-21 15:36:54.710 29262 29262 I : read descriptors
05-21 15:36:54.710 29262 29262 I : read strings
05-21 15:36:54.711 1 1 I init : processing action (sys.usb.config=adb && sys.usb.configfs=1 && sys.usb.ffs.ready=1) from (/system/etc/init/hw/init.usb.configfs.rc:20)
05-21 15:36:54.712 1 1 I init : Command 'symlink /config/usb_gadget/g1/functions/ffs.adb /config/usb_gadget/g1/configs/b.1/f1' action=sys.usb.config=adb && sys.usb.configfs=1 && sys.usb.ffs.ready=1 (/system/etc/init/hw/init.usb.configfs.rc:22) took 0ms and failed: symlink() failed: File exists
05-21 15:36:54.712 1 1 I init : Command 'write /config/usb_gadget/g1/UDC ${sys.usb.controller}' action=sys.usb.config=adb && sys.usb.configfs=1 && sys.usb.ffs.ready=1 (/system/etc/init/hw/init.usb.configfs.rc:23) took 0ms and failed: Unable to write to file '/config/usb_gadget/g1/UDC': Unable to write file contents: Device or resource busy
05-19 15:11:25.425 627 4128 W ContentProviderHelper: Permission Denial: opening provider com.android.providers.contacts.ContactsProvider2 from ProcessRecord{552b742 1631:cn.eben.sync/u0a63} (pid=1631, uid=10063) requires android.permission.READ_CONTACTS or android.permission.WRITE_CONTACTS
05-21 15:36:55.064 1305 1305 I binder : 1275:1305 transaction failed 29201/-28, size 104-0 line 2921
05-21 15:36:55.073 27894 27894 I binder : 1275:27894 transaction failed 29201/-28, size 104-0 line 2921
05-21 15:36:55.095 1305 1305 I binder : 1275:1305 transaction failed 29201/-28, size 104-0 line 2921
05-21 15:36:55.104 1305 1305 I binder : 1275:1305 transaction failed 29201/-28, size 104-0 line 2921
05-19 15:11:25.630 627 647 V WindowManager: Unknown focus tokens, dropping reportFocusChanged
05-19 15:11:25.638 627 648 I input_focus: [Focus request 8921e89 导出,reason=UpdateInputWindows]
05-19 15:11:25.700 627 710 I input_focus: [Focus entering 8921e89 导出 (server),reason=Window became focusable. Previous reason: NOT_VISIBLE]
05-19 15:11:26.002 1272 1272 W ContextImpl: Calling a method in the system process without a qualified user: android.app.ContextImpl.sendBroadcast:1181 android.content.ContextWrapper.sendBroadcast:479 cn.eben.newweather.DateWeatherService.a:19 cn.eben.newweather.DateWeatherService.a:0 cn.eben.newweather.DateWeatherService$1.handleMessage:7
05-21 15:36:55.767 29262 29262 I : read descriptors
05-21 15:36:55.767 29262 29262 I : read strings
05-21 15:36:55.769 1 1 I init : processing action (sys.usb.config=adb && sys.usb.configfs=1 && sys.usb.ffs.ready=1) from (/system/etc/init/hw/init.usb.configfs.rc:20)
05-19 15:11:27.002 1272 1272 W ContextImpl: Calling a method in the system process without a qualified user: android.app.ContextImpl.sendBroadcast:1181 android.content.ContextWrapper.sendBroadcast:479 cn.eben.newweather.DateWeatherService.a:19 cn.eben.newweather.DateWeatherService.a:0 cn.eben.newweather.DateWeatherService$1.handleMessage:7
05-19 15:11:27.006 627 710 I input_interaction: Interaction with: 8921e89 导出 (server), PointerEventDispatcher0 (server),
05-19 15:11:27.139 627 4128 I ActivityTaskManager: START u0 {act=com.ebensz.filemanager.action.NAV_FMC_ENTRY flg=0x10000000 cmp=com.ebensz.filemanager/.activity.HomeActivity (has extras)} from uid 10038
05-19 15:11:27.140 627 4128 I wm_task_moved: [126,1,15]
05-19 15:11:27.140 627 4128 I wm_task_to_front: [0,126]
05-19 15:11:27.141 627 4128 I wm_focused_root_task: [0,0,126,167,bringingFoundTaskToFront]
05-19 15:11:27.142 627 4128 I wm_set_resumed_activity: [0,com.ebensz.filemanager/.activity.HomeActivity,bringingFoundTaskToFront]
05-19 15:11:27.143 627 4128 I wm_new_intent: [0,45803994,126,com.ebensz.filemanager/.activity.HomeActivity,android.intent.action.MAIN,NULL,NULL,270532608]
05-19 15:11:27.143 627 4128 I wm_pause_activity: [0,96125390,com.ebensz.enote.notepad/.BrowserActivity,userLeaving=true,pauseBackTasks]
05-19 15:11:27.147 627 647 V WindowManager: Unknown focus tokens, dropping reportFocusChanged
05-19 15:11:27.149 3656 3656 I wm_on_top_resumed_lost_called: [96125390,com.ebensz.enote.notepad.BrowserActivity,topStateChangedWhenResumed]
05-19 15:11:27.151 3656 3656 I wm_on_paused_called: [96125390,com.ebensz.enote.notepad.BrowserActivity,performPause]
05-19 15:11:27.153 627 4128 I wm_set_resumed_activity: [0,com.ebensz.filemanager/.activity.HomeActivity,resumeTopActivity]
05-19 15:11:27.154 627 4128 I wm_add_to_stopping: [0,96125390,com.ebensz.enote.notepad/.BrowserActivity,makeInvisible]
05-19 15:11:27.155 627 4128 I wm_resume_activity: [0,45803994,126,com.ebensz.filemanager/.activity.HomeActivity]
05-19 15:11:27.164 627 647 I sysui_multi_action: [757,803,799,window_time_0,802,12]
05-19 15:11:27.179 2197 2197 I wm_on_restart_called: [45803994,com.ebensz.filemanager.activity.HomeActivity,performRestartActivity]
05-19 15:11:27.205 2197 2197 I wm_on_start_called: [45803994,com.ebensz.filemanager.activity.HomeActivity,handleStartActivity]
05-19 15:11:27.215 2197 2197 I wm_on_resume_called: [45803994,com.ebensz.filemanager.activity.HomeActivity,RESUME_ACTIVITY]
05-19 15:11:27.215 2197 2197 I wm_on_top_resumed_gained_called: [45803994,com.ebensz.filemanager.activity.HomeActivity,topWhenResuming]
05-19 15:11:27.221 627 648 I input_focus: [Focus request adc83cf com.ebensz.filemanager/com.ebensz.filemanager.activity.HomeActivity,reason=UpdateInputWindows]
05-19 15:11:27.261 627 644 I sysui_multi_action: [319,121,322,111,325,80963,757,761,758,9,759,2,806,com.ebensz.filemanager,871,com.ebensz.filemanager.activity.HomeActivity,904,com.android.launcher3,905,0,1320,4,1321,2]
05-19 15:11:27.267 627 710 I input_focus: [Focus entering adc83cf com.ebensz.filemanager/com.ebensz.filemanager.activity.HomeActivity (server),reason=Window became focusable. Previous reason: NOT_VISIBLE]
05-21 15:36:56.820 29262 29262 I : read descriptors
05-21 15:36:56.820 29262 29262 I : read strings
05-19 15:11:27.275 627 647 I dvm_lock_sample: [system_server,1,android.display,5,AnrController.java,142,void com.android.server.wm.AnrController.onFocusChanged(com.android.server.wm.WindowState),WindowManagerService.java,8411,void com.android.server.wm.WindowManagerService.onAnimationFinished(),1]
05-19 15:11:27.276 627 685 I dvm_lock_sample: [system_server,1,Binder:627_4,24,ActivityTaskManagerService.java,3596,int com.android.server.wm.ActivityTaskManagerService.getLastResumedActivityUserId(),,0,null,4]
05-19 15:11:27.508 627 647 I wm_stop_activity: [0,96125390,com.ebensz.enote.notepad/.BrowserActivity]
05-19 15:11:27.553 3656 3656 I wm_on_stop_called: [96125390,com.ebensz.enote.notepad.BrowserActivity,STOP_ACTIVITY_ITEM]
05-19 15:11:28.002 1272 1272 W ContextImpl: Calling a method in the system process without a qualified user: android.app.ContextImpl.sendBroadcast:1181 android.content.ContextWrapper.sendBroadcast:479 cn.eben.newweather.DateWeatherService.a:19 cn.eben.newweather.DateWeatherService.a:0 cn.eben.newweather.DateWeatherService$1.handleMessage:7
05-21 15:36:57.874 29262 29262 I : read descriptors
05-21 15:36:57.874 29262 29262 I : read strings
05-21 15:36:57.875 1 1 I init : processing action (sys.usb.config=adb && sys.usb.configfs=1 && sys.usb.ffs.ready=1) from (/system/etc/init/hw/init.usb.configfs.rc:20)
05-21 15:36:57.879 1 1 I init : Command 'symlink /config/usb_gadget/g1/functions/ffs.adb /config/usb_gadget/g1/configs/b.1/f1' action=sys.usb.config=adb && sys.usb.configfs=1 && sys.usb.ffs.ready=1 (/system/etc/init/hw/init.usb.configfs.rc:22) took 0ms and failed: symlink() failed: File exists
05-21 15:36:57.879 1 1 I init : Command 'write /config/usb_gadget/g1/UDC ${sys.usb.controller}' action=sys.usb.config=adb && sys.usb.configfs=1 && sys.usb.ffs.ready=1 (/system/etc/init/hw/init.usb.configfs.rc:23) took 0ms and failed: Unable to write to file '/config/usb_gadget/g1/UDC': Unable to write file contents: Device or resource busy
05-19 15:11:29.002 1272 1272 W ContextImpl: Calling a method in the system process without a qualified user: android.app.ContextImpl.sendBroadcast:1181 android.content.ContextWrapper.sendBroadcast:479 cn.eben.newweather.DateWeatherService.a:19 cn.eben.newweather.DateWeatherService.a:0 cn.eben.newweather.DateWeatherService$1.handleMessage:7
05-21 15:36:58.954 29262 29262 I : read descriptors
05-21 15:36:58.954 29262 29262 I : read strings
05-21 15:36:58.957 1 1 I init : processing action (sys.usb.config=adb && sys.usb.configfs=1 && sys.usb.ffs.ready=1) from (/system/etc/init/hw/init.usb.configfs.rc:20)
05-21 15:36:58.958 1 1 I init : Command 'symlink /config/usb_gadget/g1/functions/ffs.adb /config/usb_gadget/g1/configs/b.1/f1' action=sys.usb.config=adb && sys.usb.configfs=1 && sys.usb.ffs.ready=1 (/system/etc/init/hw/init.usb.configfs.rc:22) took 0ms and failed: symlink() failed: File exists
05-21 15:36:58.959 1 1 I init : Command 'write /config/usb_gadget/g1/UDC ${sys.usb.controller}' action=sys.usb.config=adb && sys.usb.configfs=1 && sys.usb.ffs.ready=1 (/system/etc/init/hw/init.usb.configfs.rc:23) took 0ms and failed: Unable to write to file '/config/usb_gadget/g1/UDC': Unable to write file contents: Device or resource busy
05-19 15:11:30.002 1272 1272 W ContextImpl: Calling a method in the system process without a qualified user: android.app.ContextImpl.sendBroadcast:1181 android.content.ContextWrapper.sendBroadcast:479 cn.eben.newweather.DateWeatherService.a:19 cn.eben.newweather.DateWeatherService.a:0 cn.eben.newweather.DateWeatherService$1.handleMessage:7
05-19 15:11:30.162 627 1248 E TaskPersister: File error accessing recents directory (directory doesn't exist?).
05-19 15:11:30.425 627 710 I input_interaction: Interaction with: adc83cf com.ebensz.filemanager/com.ebensz.filemanager.activity.HomeActivity (server), PointerEventDispatcher0 (server),
05-19 15:11:30.429 627 18939 W ContentProviderHelper: Permission Denial: opening provider com.android.providers.contacts.ContactsProvider2 from ProcessRecord{552b742 1631:cn.eben.sync/u0a63} (pid=1631, uid=10063) requires android.permission.READ_CONTACTS or android.permission.WRITE_CONTACTS
05-21 15:37:00.000 29262 29262 I : read descriptors
05-21 15:37:00.001 29262 29262 I : read strings
05-21 15:37:00.002 1 1 I init : processing action (sys.usb.config=adb && sys.usb.configfs=1 && sys.usb.ffs.ready=1) from (/system/etc/init/hw/init.usb.configfs.rc:20)
05-21 15:37:00.005 1 1 I init : Command 'symlink /config/usb_gadget/g1/functions/ffs.adb /config/usb_gadget/g1/configs/b.1/f1' action=sys.usb.config=adb && sys.usb.configfs=1 && sys.usb.ffs.ready=1 (/system/etc/init/hw/init.usb.configfs.rc:22) took 0ms and failed: symlink() failed: File exists
05-21 15:37:00.007 1 1 I init : Command 'write /config/usb_gadget/g1/UDC ${sys.usb.controller}' action=sys.usb.config=adb && sys.usb.configfs=1 && sys.usb.ffs.ready=1 (/system/etc/init/hw/init.usb.configfs.rc:23) took 0ms and failed: Unable to write to file '/config/usb_gadget/g1/UDC': Unable to write file contents: Device or resource busy
05-19 15:11:30.567 627 18939 I ActivityTaskManager: START u0 {cmp=com.ebensz.filemanager/.activity.ImageBrowseActivity (has extras)} from uid 10040
05-19 15:11:30.572 627 18939 I wm_task_moved: [126,1,15]
05-19 15:11:30.572 627 18939 I wm_set_resumed_activity: [0,com.ebensz.filemanager/.activity.HomeActivity,positionChildAt]
05-19 15:11:30.573 627 18939 I wm_create_activity: [0,242372235,126,com.ebensz.filemanager/.activity.ImageBrowseActivity,NULL,NULL,NULL,0]
05-19 15:11:30.574 627 18939 I wm_pause_activity: [0,45803994,com.ebensz.filemanager/.activity.HomeActivity,userLeaving=true,resumeTopActivity]
05-19 15:11:30.582 2197 2197 I wm_on_top_resumed_lost_called: [45803994,com.ebensz.filemanager.activity.HomeActivity,topStateChangedWhenResumed]
05-19 15:11:30.584 2197 2197 I wm_on_paused_called: [45803994,com.ebensz.filemanager.activity.HomeActivity,performPause]
05-19 15:11:30.584 627 685 W ActivityTaskManager: Tried to set launchTime (0) < mLastActivityLaunchTime (80947234)
05-19 15:11:30.585 627 685 I wm_add_to_stopping: [0,45803994,com.ebensz.filemanager/.activity.HomeActivity,makeInvisible]
05-19 15:11:30.585 627 685 I wm_restart_activity: [0,242372235,126,com.ebensz.filemanager/.activity.ImageBrowseActivity]
05-19 15:11:30.586 627 685 I wm_set_resumed_activity: [0,com.ebensz.filemanager/.activity.ImageBrowseActivity,minimalResumeActivityLocked]
05-19 15:11:30.588 627 647 I sysui_multi_action: [757,803,799,window_time_0,802,3]
05-19 15:11:30.601 2197 2197 I wm_on_create_called: [242372235,com.ebensz.filemanager.activity.ImageBrowseActivity,performCreate]
05-19 15:11:30.602 2197 2197 I wm_on_start_called: [242372235,com.ebensz.filemanager.activity.ImageBrowseActivity,handleStartActivity]
05-19 15:11:30.602 2197 2197 I wm_on_resume_called: [242372235,com.ebensz.filemanager.activity.ImageBrowseActivity,RESUME_ACTIVITY]
05-19 15:11:30.606 627 685 W WindowManager: Failed looking up window session=Session{d64ab52 2197:u0a10040} callers=com.android.server.wm.WindowManagerService.windowForClientLocked:5887 com.android.server.wm.Session.updateRequestedVisibilities:640 android.view.IWindowSession$Stub.onTransact:1175
05-19 15:11:30.609 2197 2197 I wm_on_top_resumed_gained_called: [242372235,com.ebensz.filemanager.activity.ImageBrowseActivity,topStateChangedWhenResumed]
05-19 15:11:30.615 627 648 I input_focus: [Focus request 962c426 com.ebensz.filemanager/com.ebensz.filemanager.activity.ImageBrowseActivity,reason=UpdateInputWindows]
05-19 15:11:30.619 627 710 I input_focus: [Focus leaving adc83cf com.ebensz.filemanager/com.ebensz.filemanager.activity.HomeActivity (server),reason=NO_WINDOW]
05-19 15:11:30.629 627 644 I wm_activity_launch_time: [0,242372235,com.ebensz.filemanager/.activity.ImageBrowseActivity,63]
05-19 15:11:30.638 627 710 I input_focus: [Focus entering 962c426 com.ebensz.filemanager/com.ebensz.filemanager.activity.ImageBrowseActivity (server),reason=setFocusedWindow]
05-19 15:11:30.824 627 647 I wm_stop_activity: [0,45803994,com.ebensz.filemanager/.activity.HomeActivity]
05-19 15:11:30.847 2197 2197 I wm_on_stop_called: [45803994,com.ebensz.filemanager.activity.HomeActivity,STOP_ACTIVITY_ITEM]
05-19 15:11:31.002 1272 1272 W ContextImpl: Calling a method in the system process without a qualified user: android.app.ContextImpl.sendBroadcast:1181 android.content.ContextWrapper.sendBroadcast:479 cn.eben.newweather.DateWeatherService.a:19 cn.eben.newweather.DateWeatherService.a:0 cn.eben.newweather.DateWeatherService$1.handleMessage:7
05-19 15:11:31.474 627 710 I input_interaction: Interaction with: 962c426 com.ebensz.filemanager/com.ebensz.filemanager.activity.ImageBrowseActivity (server), PointerEventDispatcher0 (server),
05-21 15:37:01.054 29262 29262 I : read descriptors
05-21 15:37:01.054 29262 29262 I : read strings
05-21 15:37:01.055 1 1 I init : processing action (sys.usb.config=adb && sys.usb.configfs=1 && sys.usb.ffs.ready=1) from (/system/etc/init/hw/init.usb.configfs.rc:20)
05-19 15:11:32.002 1272 1272 W ContextImpl: Calling a method in the system process without a qualified user: android.app.ContextImpl.sendBroadcast:1181 android.content.ContextWrapper.sendBroadcast:479 cn.eben.newweather.DateWeatherService.a:19 cn.eben.newweather.DateWeatherService.a:0 cn.eben.newweather.DateWeatherService$1.handleMessage:7
05-21 15:37:02.120 29262 29262 I : read descriptors
05-21 15:37:02.120 29262 29262 I : read strings
05-19 15:11:33.001 1272 1272 W ContextImpl: Calling a method in the system process without a qualified user: android.app.ContextImpl.sendBroadcast:1181 android.content.ContextWrapper.sendBroadcast:479 cn.eben.newweather.DateWeatherService.a:19 cn.eben.newweather.DateWeatherService.a:0 cn.eben.newweather.DateWeatherService$1.handleMessage:7
05-19 15:11:33.580 627 1248 E TaskPersister: File error accessing recents directory (directory doesn't exist?).
05-21 15:37:03.192 29262 29262 I : read descriptors
05-21 15:37:03.192 29262 29262 I : read strings
05-21 15:37:03.194 1 1 I init : processing action (sys.usb.config=adb && sys.usb.configfs=1 && sys.usb.ffs.ready=1) from (/system/etc/init/hw/init.usb.configfs.rc:20)
05-21 15:37:03.197 1 1 I init : Command 'symlink /config/usb_gadget/g1/functions/ffs.adb /config/usb_gadget/g1/configs/b.1/f1' action=sys.usb.config=adb && sys.usb.configfs=1 && sys.usb.ffs.ready=1 (/system/etc/init/hw/init.usb.configfs.rc:22) took 0ms and failed: symlink() failed: File exists
05-21 15:37:03.199 1 1 I init : Command 'write /config/usb_gadget/g1/UDC ${sys.usb.controller}' action=sys.usb.config=adb && sys.usb.configfs=1 && sys.usb.ffs.ready=1 (/system/etc/init/hw/init.usb.configfs.rc:23) took 1ms and failed: Unable to write to file '/config/usb_gadget/g1/UDC': Unable to write file contents: Device or resource busy
05-19 15:11:34.001 1272 1272 W ContextImpl: Calling a method in the system process without a qualified user: android.app.ContextImpl.sendBroadcast:1181 android.content.ContextWrapper.sendBroadcast:479 cn.eben.newweather.DateWeatherService.a:19 cn.eben.newweather.DateWeatherService.a:0 cn.eben.newweather.DateWeatherService$1.handleMessage:7
05-21 15:37:04.254 29262 29262 I : read descriptors
05-21 15:37:04.254 29262 29262 I : read strings
05-21 15:37:04.256 1 1 I init : processing action (sys.usb.config=adb && sys.usb.configfs=1 && sys.usb.ffs.ready=1) from (/system/etc/init/hw/init.usb.configfs.rc:20)
05-21 15:37:04.259 1 1 I init : Command 'symlink /config/usb_gadget/g1/functions/ffs.adb /config/usb_gadget/g1/configs/b.1/f1' action=sys.usb.config=adb && sys.usb.configfs=1 && sys.usb.ffs.ready=1 (/system/etc/init/hw/init.usb.configfs.rc:22) took 0ms and failed: symlink() failed: File exists
05-21 15:37:04.259 1 1 I init : Command 'write /config/usb_gadget/g1/UDC ${sys.usb.controller}' action=sys.usb.config=adb && sys.usb.configfs=1 && sys.usb.ffs.ready=1 (/system/etc/init/hw/init.usb.configfs.rc:23) took 0ms and failed: Unable to write to file '/config/usb_gadget/g1/UDC': Unable to write file contents: Device or resource busy
05-19 15:11:35.002 1272 1272 W ContextImpl: Calling a method in the system process without a qualified user: android.app.ContextImpl.sendBroadcast:1181 android.content.ContextWrapper.sendBroadcast:479 cn.eben.newweather.DateWeatherService.a:19 cn.eben.newweather.DateWeatherService.a:0 cn.eben.newweather.DateWeatherService$1.handleMessage:7
05-19 15:11:35.434 627 685 W ContentProviderHelper: Permission Denial: opening provider com.android.providers.contacts.ContactsProvider2 from ProcessRecord{552b742 1631:cn.eben.sync/u0a63} (pid=1631, uid=10063) requires android.permission.READ_CONTACTS or android.permission.WRITE_CONTACTS
05-21 15:37:05.304 29262 29262 I : read descriptors
05-21 15:37:05.304 29262 29262 I : read strings
05-21 15:37:05.305 1 1 I init : processing action (sys.usb.config=adb && sys.usb.configfs=1 && sys.usb.ffs.ready=1) from (/system/etc/init/hw/init.usb.configfs.rc:20)
05-21 15:37:05.307 1 1 I init : Command 'symlink /config/usb_gadget/g1/functions/ffs.adb /config/usb_gadget/g1/configs/b.1/f1' action=sys.usb.config=adb && sys.usb.configfs=1 && sys.usb.ffs.ready=1 (/system/etc/init/hw/init.usb.configfs.rc:22) took 0ms and failed: symlink() failed: File exists
05-21 15:37:05.308 1 1 I init : Command 'write /config/usb_gadget/g1/UDC ${sys.usb.controller}' action=sys.usb.config=adb && sys.usb.configfs=1 && sys.usb.ffs.ready=1 (/system/etc/init/hw/init.usb.configfs.rc:23) took 0ms and failed: Unable to write to file '/config/usb_gadget/g1/UDC': Unable to write file contents: Device or resource busy
05-19 15:11:36.000 1272 1272 W ContextImpl: Calling a method in the system process without a qualified user: android.app.ContextImpl.sendBroadcast:1181 android.content.ContextWrapper.sendBroadcast:479 cn.eben.newweather.DateWeatherService.a:19 cn.eben.newweather.DateWeatherService.a:0 cn.eben.newweather.DateWeatherService$1.handleMessage:7
05-19 15:11:36.609 627 710 I input_interaction: Interaction with: d7a6ca1 NavigationBar0 (server), PointerEventDispatcher0 (server),
05-19 15:11:36.613 781 781 I sysui_multi_action: [757,931,758,4,759,4,932,0,933,0]
05-19 15:11:36.618 627 710 I input_interaction: Interaction with: 962c426 com.ebensz.filemanager/com.ebensz.filemanager.activity.ImageBrowseActivity (server), PointerEventDispatcher0 (server),
05-19 15:11:36.623 627 710 I input_interaction: Interaction with: d7a6ca1 NavigationBar0 (server), PointerEventDispatcher0 (server),
05-19 15:11:36.655 781 781 I sysui_multi_action: [757,931,758,4,759,4,932,0,933,1]
05-19 15:11:36.657 627 685 I sysui_multi_action: [757,803,799,key_back_press,802,1]
05-19 15:11:36.658 627 645 D AutofillManagerService: onBackKeyPressed()
05-19 15:11:36.661 627 685 I wm_finish_activity: [0,242372235,126,com.ebensz.filemanager/.activity.ImageBrowseActivity,app-request]
05-19 15:11:36.677 627 685 I wm_pause_activity: [0,242372235,com.ebensz.filemanager/.activity.ImageBrowseActivity,userLeaving=false,finish]
05-19 15:11:36.679 2197 2197 I wm_on_top_resumed_lost_called: [242372235,com.ebensz.filemanager.activity.ImageBrowseActivity,topStateChangedWhenResumed]
05-19 15:11:36.680 2197 2197 I wm_on_paused_called: [242372235,com.ebensz.filemanager.activity.ImageBrowseActivity,performPause]
05-19 15:11:36.681 627 685 I wm_add_to_stopping: [0,242372235,com.ebensz.filemanager/.activity.ImageBrowseActivity,completeFinishing]
05-19 15:11:36.682 627 685 I wm_set_resumed_activity: [0,com.ebensz.filemanager/.activity.HomeActivity,resumeTopActivity]
05-19 15:11:36.684 627 685 I wm_resume_activity: [0,45803994,126,com.ebensz.filemanager/.activity.HomeActivity]
05-19 15:11:36.690 627 647 I sysui_multi_action: [757,803,799,window_time_0,802,7]
05-19 15:11:36.690 2197 2197 I wm_on_restart_called: [45803994,com.ebensz.filemanager.activity.HomeActivity,performRestartActivity]
05-19 15:11:36.701 627 648 I dvm_lock_sample: [system_server,1,android.anim,12,InputMonitor.java,156,void com.android.server.wm.InputMonitor$UpdateInputWindows.run(),TaskChangeNotificationController.java,201,void com.android.server.wm.TaskChangeNotificationController$MainHandler.handleMessage(android.os.Message),2]
05-19 15:11:36.703 627 710 I input_focus: [Focus leaving 962c426 com.ebensz.filemanager/com.ebensz.filemanager.activity.ImageBrowseActivity (server),reason=NO_WINDOW]
05-19 15:11:36.733 2197 2197 I wm_on_start_called: [45803994,com.ebensz.filemanager.activity.HomeActivity,handleStartActivity]
05-19 15:11:36.744 2197 2197 I wm_on_resume_called: [45803994,com.ebensz.filemanager.activity.HomeActivity,RESUME_ACTIVITY]
05-19 15:11:36.744 2197 2197 I wm_on_top_resumed_gained_called: [45803994,com.ebensz.filemanager.activity.HomeActivity,topWhenResuming]
05-19 15:11:36.750 781 781 I sysui_multi_action: [757,931,758,4,759,4,932,0,933,0]
05-19 15:11:36.758 627 648 I input_focus: [Focus request adc83cf com.ebensz.filemanager/com.ebensz.filemanager.activity.HomeActivity,reason=UpdateInputWindows]
05-19 15:11:36.794 627 710 I input_focus: [Focus entering adc83cf com.ebensz.filemanager/com.ebensz.filemanager.activity.HomeActivity (server),reason=Window became focusable. Previous reason: NOT_VISIBLE]
05-19 15:11:36.795 627 710 I input_interaction: Interaction with: adc83cf com.ebensz.filemanager/com.ebensz.filemanager.activity.HomeActivity (server), PointerEventDispatcher0 (server),
05-19 15:11:36.795 627 710 I input_interaction: Interaction with: d7a6ca1 NavigationBar0 (server), PointerEventDispatcher0 (server),
05-21 15:37:06.363 29262 29262 I : read descriptors
05-21 15:37:06.363 29262 29262 I : read strings
05-21 15:37:06.364 1 1 I init : processing action (sys.usb.config=adb && sys.usb.configfs=1 && sys.usb.ffs.ready=1) from (/system/etc/init/hw/init.usb.configfs.rc:20)
05-19 15:11:36.858 781 781 I sysui_multi_action: [757,931,758,4,759,4,932,0,933,1]
05-19 15:11:36.859 627 4128 I sysui_multi_action: [757,803,799,key_back_press,802,1]
05-19 15:11:36.860 627 645 D AutofillManagerService: onBackKeyPressed()
05-19 15:11:36.985 627 647 I wm_destroy_activity: [0,242372235,126,com.ebensz.filemanager/.activity.ImageBrowseActivity,finish-imm:idle]
05-19 15:11:37.001 1272 1272 W ContextImpl: Calling a method in the system process without a qualified user: android.app.ContextImpl.sendBroadcast:1181 android.content.ContextWrapper.sendBroadcast:479 cn.eben.newweather.DateWeatherService.a:19 cn.eben.newweather.DateWeatherService.a:0 cn.eben.newweather.DateWeatherService$1.handleMessage:7
05-19 15:11:37.002 2197 2197 I wm_on_stop_called: [242372235,com.ebensz.filemanager.activity.ImageBrowseActivity,LIFECYCLER_STOP_ACTIVITY]
05-19 15:11:37.006 2197 2197 I wm_on_destroy_called: [242372235,com.ebensz.filemanager.activity.ImageBrowseActivity,performDestroy]
05-21 15:37:07.414 29262 29262 I : read descriptors
05-21 15:37:07.414 29262 29262 I : read strings
05-19 15:11:38.002 1272 1272 W ContextImpl: Calling a method in the system process without a qualified user: android.app.ContextImpl.sendBroadcast:1181 android.content.ContextWrapper.sendBroadcast:479 cn.eben.newweather.DateWeatherService.a:19 cn.eben.newweather.DateWeatherService.a:0 cn.eben.newweather.DateWeatherService$1.handleMessage:7
05-21 15:37:08.470 29262 29262 I : read descriptors
