05-19 15:02:32.152 3656 3656 I wm_on_paused_called: [142869888,com.ebensz.enote.notepad.ui.dialog.MovingPageDialog,performPause]
05-19 15:02:32.155 627 8957 I wm_set_resumed_activity: [0,com.ebensz.enote.notepad/.BrowserActivity,resumeTopActivity]
05-19 15:02:32.156 627 8957 I wm_resume_activity: [0,50107534,167,com.ebensz.enote.notepad/.BrowserActivity]
05-19 15:02:32.165 627 648 I input_focus: [Focus request 44fdca8 com.ebensz.enote.notepad/com.ebensz.enote.notepad.BrowserActivity,reason=UpdateInputWindows]
05-19 15:02:32.165 627 647 I sysui_multi_action: [757,803,799,window_time_0,802,0]
05-19 15:02:32.176 627 710 I input_focus: [Focus entering 44fdca8 com.ebensz.enote.notepad/com.ebensz.enote.notepad.BrowserActivity (server),reason=setFocusedWindow]
05-19 15:02:32.218 3656 3656 I wm_on_resume_called: [50107534,com.ebensz.enote.notepad.BrowserActivity,RESUME_ACTIVITY]
05-19 15:02:32.218 3656 3656 I wm_on_top_resumed_gained_called: [50107534,com.ebensz.enote.notepad.BrowserActivity,topWhenResuming]
05-19 15:02:32.262 627 627 I sysui_multi_action: [757,1501,758,1,793,218,794,0,795,218,796,2,806,com.ebensz.enote.notepad,857,monitor_channel_01,858,2,947,0,1500,0,1688,4,1689,2,1690,1]
05-19 15:02:32.262 627 627 I sysui_multi_action: [757,804,799,note_interruptive,801,0,802,1]
05-19 15:02:32.283 627 10431 I wm_destroy_activity: [0,263194455,167,com.ebensz.enote.notepad/com.ebensz.enote.entry.encryption.EnoteEncrypt,finish-imm:idle]
05-19 15:02:32.284 627 10431 I wm_destroy_activity: [0,142869888,167,com.ebensz.enote.notepad/.ui.dialog.MovingPageDialog,finish-idle]
05-19 15:02:32.318 3656 3656 I wm_on_stop_called: [263194455,com.ebensz.enote.entry.encryption.EnoteEncrypt,LIFECYCLER_STOP_ACTIVITY]
05-19 15:02:32.319 3656 3656 I wm_on_destroy_called: [263194455,com.ebensz.enote.entry.encryption.EnoteEncrypt,performDestroy]
05-19 15:02:32.332 3656 3656 I wm_on_stop_called: [142869888,com.ebensz.enote.notepad.ui.dialog.MovingPageDialog,LIFECYCLER_STOP_ACTIVITY]
05-19 15:02:32.333 3656 3656 I wm_on_destroy_called: [142869888,com.ebensz.enote.notepad.ui.dialog.MovingPageDialog,performDestroy]
05-19 15:02:32.387 627 627 I sysui_multi_action: [757,128,758,5,759,8,793,343,794,0,795,343,796,2,806,com.ebensz.enote.notepad,857,monitor_channel_01,858,2,947,0,1500,125,1688,4,1689,2,1690,1]
05-19 15:02:32.387 627 627 I notification_canceled: [0|com.ebensz.enote.notepad|2|null|10038,8,343,343,0,-1,-1,NULL]
05-21 15:25:09.262 29262 29262 I : read descriptors
05-21 15:25:09.262 29262 29262 I : read strings
05-21 15:25:09.263 1 1 I init : processing action (sys.usb.config=adb && sys.usb.configfs=1 && sys.usb.ffs.ready=1) from (/system/etc/init/hw/init.usb.configfs.rc:20)
05-21 15:25:10.350 29262 29262 I : read descriptors
05-21 15:25:10.350 29262 29262 I : read strings
05-19 15:02:34.521 627 710 I input_interaction: Interaction with: 44fdca8 com.ebensz.enote.notepad/com.ebensz.enote.notepad.BrowserActivity (server), PointerEventDispatcher0 (server),
05-21 15:25:11.393 29262 29262 I : read descriptors
05-21 15:25:11.393 29262 29262 I : read strings
05-21 15:25:11.395 1 1 I init : processing action (sys.usb.config=adb && sys.usb.configfs=1 && sys.usb.ffs.ready=1) from (/system/etc/init/hw/init.usb.configfs.rc:20)
05-21 15:25:11.397 1 1 I init : Command 'symlink /config/usb_gadget/g1/functions/ffs.adb /config/usb_gadget/g1/configs/b.1/f1' action=sys.usb.config=adb && sys.usb.configfs=1 && sys.usb.ffs.ready=1 (/system/etc/init/hw/init.usb.configfs.rc:22) took 0ms and failed: symlink() failed: File exists
05-21 15:25:11.399 1 1 I init : Command 'write /config/usb_gadget/g1/UDC ${sys.usb.controller}' action=sys.usb.config=adb && sys.usb.configfs=1 && sys.usb.ffs.ready=1 (/system/etc/init/hw/init.usb.configfs.rc:23) took 0ms and failed: Unable to write to file '/config/usb_gadget/g1/UDC': Unable to write file contents: Device or resource busy
05-21 15:25:12.443 29262 29262 I : read descriptors
05-21 15:25:12.443 29262 29262 I : read strings
05-21 15:25:12.446 1 1 I init : processing action (sys.usb.config=adb && sys.usb.configfs=1 && sys.usb.ffs.ready=1) from (/system/etc/init/hw/init.usb.configfs.rc:20)
05-21 15:25:12.447 1 1 I init : Command 'symlink /config/usb_gadget/g1/functions/ffs.adb /config/usb_gadget/g1/configs/b.1/f1' action=sys.usb.config=adb && sys.usb.configfs=1 && sys.usb.ffs.ready=1 (/system/etc/init/hw/init.usb.configfs.rc:22) took 0ms and failed: symlink() failed: File exists
05-21 15:25:12.448 1 1 I init : Command 'write /config/usb_gadget/g1/UDC ${sys.usb.controller}' action=sys.usb.config=adb && sys.usb.configfs=1 && sys.usb.ffs.ready=1 (/system/etc/init/hw/init.usb.configfs.rc:23) took 0ms and failed: Unable to write to file '/config/usb_gadget/g1/UDC': Unable to write file contents: Device or resource busy
05-21 15:25:13.479 29262 29262 I : read descriptors
05-21 15:25:13.479 29262 29262 I : read strings
05-21 15:25:13.483 1 1 I init : processing action (sys.usb.config=adb && sys.usb.configfs=1 && sys.usb.ffs.ready=1) from (/system/etc/init/hw/init.usb.configfs.rc:20)
05-21 15:25:13.484 1 1 I init : Command 'symlink /config/usb_gadget/g1/functions/ffs.adb /config/usb_gadget/g1/configs/b.1/f1' action=sys.usb.config=adb && sys.usb.configfs=1 && sys.usb.ffs.ready=1 (/system/etc/init/hw/init.usb.configfs.rc:22) took 0ms and failed: symlink() failed: File exists
05-21 15:25:13.484 1 1 I init : Command 'write /config/usb_gadget/g1/UDC ${sys.usb.controller}' action=sys.usb.config=adb && sys.usb.configfs=1 && sys.usb.ffs.ready=1 (/system/etc/init/hw/init.usb.configfs.rc:23) took 0ms and failed: Unable to write to file '/config/usb_gadget/g1/UDC': Unable to write file contents: Device or resource busy
05-21 15:25:14.519 29262 29262 I : read descriptors
05-21 15:25:14.520 29262 29262 I : read strings
05-21 15:25:14.521 1 1 I init : processing action (sys.usb.config=adb && sys.usb.configfs=1 && sys.usb.ffs.ready=1) from (/system/etc/init/hw/init.usb.configfs.rc:20)
05-21 15:25:15.556 29262 29262 I : read descriptors
05-21 15:25:15.556 29262 29262 I : read strings
05-21 15:25:16.613 29262 29262 I : read descriptors
05-21 15:25:16.613 29262 29262 I : read strings
05-21 15:25:16.615 1 1 I init : processing action (sys.usb.config=adb && sys.usb.configfs=1 && sys.usb.ffs.ready=1) from (/system/etc/init/hw/init.usb.configfs.rc:20)
05-21 15:25:16.617 1 1 I init : Command 'symlink /config/usb_gadget/g1/functions/ffs.adb /config/usb_gadget/g1/configs/b.1/f1' action=sys.usb.config=adb && sys.usb.configfs=1 && sys.usb.ffs.ready=1 (/system/etc/init/hw/init.usb.configfs.rc:22) took 0ms and failed: symlink() failed: File exists
05-21 15:25:16.620 1 1 I init : Command 'write /config/usb_gadget/g1/UDC ${sys.usb.controller}' action=sys.usb.config=adb && sys.usb.configfs=1 && sys.usb.ffs.ready=1 (/system/etc/init/hw/init.usb.configfs.rc:23) took 0ms and failed: Unable to write to file '/config/usb_gadget/g1/UDC': Unable to write file contents: Device or resource busy
05-21 15:25:17.656 29262 29262 I : read descriptors
05-21 15:25:17.656 29262 29262 I : read strings
05-21 15:25:17.658 1 1 I init : processing action (sys.usb.config=adb && sys.usb.configfs=1 && sys.usb.ffs.ready=1) from (/system/etc/init/hw/init.usb.configfs.rc:20)
05-21 15:25:17.661 1 1 I init : Command 'symlink /config/usb_gadget/g1/functions/ffs.adb /config/usb_gadget/g1/configs/b.1/f1' action=sys.usb.config=adb && sys.usb.configfs=1 && sys.usb.ffs.ready=1 (/system/etc/init/hw/init.usb.configfs.rc:22) took 0ms and failed: symlink() failed: File exists
05-21 15:25:17.664 1 1 I init : Command 'write /config/usb_gadget/g1/UDC ${sys.usb.controller}' action=sys.usb.config=adb && sys.usb.configfs=1 && sys.usb.ffs.ready=1 (/system/etc/init/hw/init.usb.configfs.rc:23) took 2ms and failed: Unable to write to file '/config/usb_gadget/g1/UDC': Unable to write file contents: Device or resource busy
05-21 15:25:18.706 29262 29262 I : read descriptors
05-21 15:25:18.706 29262 29262 I : read strings
05-21 15:25:18.708 1 1 I init : processing action (sys.usb.config=adb && sys.usb.configfs=1 && sys.usb.ffs.ready=1) from (/system/etc/init/hw/init.usb.configfs.rc:20)
05-21 15:25:18.711 1 1 I init : Command 'symlink /config/usb_gadget/g1/functions/ffs.adb /config/usb_gadget/g1/configs/b.1/f1' action=sys.usb.config=adb && sys.usb.configfs=1 && sys.usb.ffs.ready=1 (/system/etc/init/hw/init.usb.configfs.rc:22) took 0ms and failed: symlink() failed: File exists
05-21 15:25:18.712 1 1 I init : Command 'write /config/usb_gadget/g1/UDC ${sys.usb.controller}' action=sys.usb.config=adb && sys.usb.configfs=1 && sys.usb.ffs.ready=1 (/system/etc/init/hw/init.usb.configfs.rc:23) took 0ms and failed: Unable to write to file '/config/usb_gadget/g1/UDC': Unable to write file contents: Device or resource busy
05-21 15:25:19.749 29262 29262 I : read descriptors
05-21 15:25:19.750 29262 29262 I : read strings
05-21 15:25:19.751 1 1 I init : processing action (sys.usb.config=adb && sys.usb.configfs=1 && sys.usb.ffs.ready=1) from (/system/etc/init/hw/init.usb.configfs.rc:20)
05-21 15:25:20.284 440 440 W healthd : battery l=100 v=8696 t=27.5 h=1 st=3 c=0 fc=9700000 cc=0 chg=u
05-21 15:25:20.793 29262 29262 I : read descriptors
05-21 15:25:20.793 29262 29262 I : read strings
05-21 15:25:21.833 29262 29262 I : read descriptors
05-21 15:25:21.833 29262 29262 I : read strings
05-21 15:25:21.835 1 1 I init : processing action (sys.usb.config=adb && sys.usb.configfs=1 && sys.usb.ffs.ready=1) from (/system/etc/init/hw/init.usb.configfs.rc:20)
05-21 15:25:21.838 1 1 I init : Command 'symlink /config/usb_gadget/g1/functions/ffs.adb /config/usb_gadget/g1/configs/b.1/f1' action=sys.usb.config=adb && sys.usb.configfs=1 && sys.usb.ffs.ready=1 (/system/etc/init/hw/init.usb.configfs.rc:22) took 0ms and failed: symlink() failed: File exists
05-21 15:25:21.839 1 1 I init : Command 'write /config/usb_gadget/g1/UDC ${sys.usb.controller}' action=sys.usb.config=adb && sys.usb.configfs=1 && sys.usb.ffs.ready=1 (/system/etc/init/hw/init.usb.configfs.rc:23) took 0ms and failed: Unable to write to file '/config/usb_gadget/g1/UDC': Unable to write file contents: Device or resource busy
05-19 15:02:46.523 627 668 I sysui_multi_action: [757,1696,758,6,759,2]
05-21 15:25:22.903 29262 29262 I : read descriptors
05-21 15:25:22.903 29262 29262 I : read strings
05-21 15:25:22.905 1 1 I init : processing action (sys.usb.config=adb && sys.usb.configfs=1 && sys.usb.ffs.ready=1) from (/system/etc/init/hw/init.usb.configfs.rc:20)
05-21 15:25:22.910 1 1 I init : Command 'symlink /config/usb_gadget/g1/functions/ffs.adb /config/usb_gadget/g1/configs/b.1/f1' action=sys.usb.config=adb && sys.usb.configfs=1 && sys.usb.ffs.ready=1 (/system/etc/init/hw/init.usb.configfs.rc:22) took 0ms and failed: symlink() failed: File exists
05-21 15:25:22.910 1 1 I init : Command 'write /config/usb_gadget/g1/UDC ${sys.usb.controller}' action=sys.usb.config=adb && sys.usb.configfs=1 && sys.usb.ffs.ready=1 (/system/etc/init/hw/init.usb.configfs.rc:23) took 0ms and failed: Unable to write to file '/config/usb_gadget/g1/UDC': Unable to write file contents: Device or resource busy
05-21 15:25:23.976 29262 29262 I : read descriptors
05-21 15:25:23.976 29262 29262 I : read strings
05-21 15:25:23.977 1 1 I init : processing action (sys.usb.config=adb && sys.usb.configfs=1 && sys.usb.ffs.ready=1) from (/system/etc/init/hw/init.usb.configfs.rc:20)
05-21 15:25:23.981 1 1 I init : Command 'symlink /config/usb_gadget/g1/functions/ffs.adb /config/usb_gadget/g1/configs/b.1/f1' action=sys.usb.config=adb && sys.usb.configfs=1 && sys.usb.ffs.ready=1 (/system/etc/init/hw/init.usb.configfs.rc:22) took 1ms and failed: symlink() failed: File exists
05-21 15:25:23.982 1 1 I init : Command 'write /config/usb_gadget/g1/UDC ${sys.usb.controller}' action=sys.usb.config=adb && sys.usb.configfs=1 && sys.usb.ffs.ready=1 (/system/etc/init/hw/init.usb.configfs.rc:23) took 0ms and failed: Unable to write to file '/config/usb_gadget/g1/UDC': Unable to write file contents: Device or resource busy
05-21 15:25:25.049 29262 29262 I : read descriptors
05-21 15:25:25.050 29262 29262 I : read strings
05-21 15:25:25.052 1 1 I init : processing action (sys.usb.config=adb && sys.usb.configfs=1 && sys.usb.ffs.ready=1) from (/system/etc/init/hw/init.usb.configfs.rc:20)
05-19 15:02:49.524 627 668 I power_sleep_requested: 0
05-19 15:02:49.561 627 652 I am_pss : [6488,99002,com.android.webview:sandboxed_process0:org.chromium.content.app.SandboxedProcessService0:0,37997568,12152832,0,138436608,0,4,17]
05-19 15:02:49.588 627 668 I sysui_multi_action: [757,1696,758,6,759,0]
05-21 15:25:26.120 29262 29262 I : read descriptors
05-21 15:25:26.120 29262 29262 I : read strings
05-19 15:02:50.050 627 668 I wm_pause_activity: [0,50107534,com.ebensz.enote.notepad/.BrowserActivity,userLeaving=false,sleep]
05-19 15:02:50.051 3656 3656 I wm_on_top_resumed_lost_called: [50107534,com.ebensz.enote.notepad.BrowserActivity,topStateChangedWhenResumed]
05-21 15:25:26.231 468 468 I gsensor_mxc6655 5-0015: set sensor poll time to 200ms
05-19 15:02:50.059 3656 3656 I wm_on_paused_called: [50107534,com.ebensz.enote.notepad.BrowserActivity,performPause]
05-19 15:02:50.060 627 4128 I wm_add_to_stopping: [0,50107534,com.ebensz.enote.notepad/.BrowserActivity,completePauseLocked]
05-19 15:02:50.074 627 647 I wm_stop_activity: [0,50107534,com.ebensz.enote.notepad/.BrowserActivity]
05-19 15:02:50.085 627 647 I sysui_multi_action: [757,803,799,window_time_0,802,18]
05-19 15:02:50.125 3656 3656 I wm_on_stop_called: [50107534,com.ebensz.enote.notepad.BrowserActivity,STOP_ACTIVITY_ITEM]
05-21 15:25:26.596 352 352 I rockchip-vop2 fdd90000.vop: [drm:vop2_crtc_atomic_disable] Crtc atomic disable vp2
05-21 15:25:26.607 352 352 E rockchip-vop2 fdd90000.vop: [drm:vop2_crtc_atomic_disable] *ERROR* unexpected power on pd7
05-19 15:02:50.438 627 710 I input_focus: [Focus leaving 44fdca8 com.ebensz.enote.notepad/com.ebensz.enote.notepad.BrowserActivity (server),reason=NO_WINDOW]
05-19 15:02:50.440 627 627 I sysui_multi_action: [757,198,758,2,759,3,1359,910,1695,2]
05-19 15:02:50.440 627 627 I power_screen_state: [0,3,0,0,910]
05-19 15:02:50.441 627 627 I screen_toggled: 0
05-19 15:02:50.441 627 627 I sysui_multi_action: [757,804,799,screen_timeout,801,15,802,1]
05-19 15:02:50.442 627 627 I sysui_multi_action: [757,1594,758,4,759,-2147483648,1359,46869]
05-19 15:02:50.442 627 627 I power_screen_broadcast_send: 1
05-19 15:02:50.483 627 627 I battery_saving_stats: [0,1,0,47416,0,0,63645698,0,-6]
05-19 15:02:50.553 627 627 I power_screen_broadcast_done: [0,111,1]
05-21 15:25:26.833 2551 2551 I PM : suspend entry (deep)
05-21 15:25:26.882 2551 2551 I Filesystems sync: 0.048 seconds
05-21 15:25:26.882 2551 2551 I : Freezing user space processes ... (elapsed 0.008 seconds) done.
05-21 15:25:26.890 2551 2551 I : OOM killer disabled.
05-21 15:25:26.890 2551 2551 I : Freezing remaining freezable tasks ... (elapsed 0.200 seconds) done.
05-21 15:25:27.091 2551 2551 I printk : Suspending console(s) (use no_console_suspend to debug)
05-21 15:25:27.172 2551 2551 E regulator-dummy: Underflow of regulator enable count
05-21 15:25:27.172 2551 2551 E wacom_i2c 4-0009: disable regulator failed -22
05-21 15:25:27.415 2551 2551 I : Disabling non-boot CPUs ...
05-21 15:25:27.416 2551 2551 I psci : CPU1 killed (polled 0 ms)
05-21 15:25:27.418 2551 2551 I psci : CPU2 killed (polled 0 ms)
05-21 15:25:27.420 2551 2551 I psci : CPU3 killed (polled 0 ms)
05-21 15:25:27.422 2551 2551 I psci : CPU4 killed (polled 0 ms)
05-21 15:25:27.425 2551 2551 I psci : CPU5 killed (polled 4 ms)
05-21 15:25:27.428 2551 2551 I psci : CPU6 killed (polled 0 ms)
05-21 15:25:27.431 2551 2551 I psci : CPU7 killed (polled 0 ms)
05-21 15:25:33.384 0 0 W [ C0] PM: pm_system_irq_wakeup: 105 triggered sf-irq
05-21 15:25:33.384 2551 2551 I : Enabling non-boot CPUs ...
05-21 15:25:33.385 0 0 I : Detected VIPT I-cache on CPU1
05-21 15:25:33.385 0 0 I GICv3 : CPU1: found redistributor 100 region 0:0x00000000fe6a0000
05-21 15:25:33.385 0 0 I CPU1 : Booted secondary processor 0x0000000100 [0x412fd050]
05-21 15:25:33.386 2551 2551 I : CPU1 is up
05-21 15:25:33.387 0 0 I : Detected VIPT I-cache on CPU2
05-21 15:25:33.387 0 0 I GICv3 : CPU2: found redistributor 200 region 0:0x00000000fe6c0000
05-21 15:25:33.387 0 0 I CPU2 : Booted secondary processor 0x0000000200 [0x412fd050]
05-21 15:25:33.387 2551 2551 I : CPU2 is up
05-21 15:25:33.388 0 0 I : Detected VIPT I-cache on CPU3
05-21 15:25:33.388 0 0 I GICv3 : CPU3: found redistributor 300 region 0:0x00000000fe6e0000
05-21 15:25:33.388 0 0 I CPU3 : Booted secondary processor 0x0000000300 [0x412fd050]
05-21 15:25:33.389 2551 2551 I : CPU3 is up
05-21 15:25:33.390 0 0 I : Detected PIPT I-cache on CPU4
05-21 15:25:33.390 0 0 I GICv3 : CPU4: found redistributor 400 region 0:0x00000000fe700000
05-21 15:25:33.390 0 0 I CPU4 : Booted secondary processor 0x0000000400 [0x414fd0b0]
05-21 15:25:33.391 2551 2551 I : CPU4 is up
05-21 15:25:33.392 0 0 I : Detected PIPT I-cache on CPU5
05-21 15:25:33.392 0 0 I GICv3 : CPU5: found redistributor 500 region 0:0x00000000fe720000
05-21 15:25:33.392 0 0 I CPU5 : Booted secondary processor 0x0000000500 [0x414fd0b0]
05-21 15:25:33.393 2551 2551 I : CPU5 is up
05-21 15:25:33.394 0 0 I : Detected PIPT I-cache on CPU6
05-21 15:25:33.394 0 0 I GICv3 : CPU6: found redistributor 600 region 0:0x00000000fe740000
05-21 15:25:33.394 0 0 I CPU6 : Booted secondary processor 0x0000000600 [0x414fd0b0]
05-21 15:25:33.395 2551 2551 I : CPU6 is up
05-21 15:25:33.396 0 0 I : Detected PIPT I-cache on CPU7
05-21 15:25:33.396 0 0 I GICv3 : CPU7: found redistributor 700 region 0:0x00000000fe760000
05-21 15:25:33.396 0 0 I CPU7 : Booted secondary processor 0x0000000700 [0x414fd0b0]
05-21 15:25:33.397 2551 2551 I : CPU7 is up
05-21 15:25:33.404 2551 2551 I rk_gmac-dwmac fe1c0000.ethernet: init for RGMII
05-21 15:25:33.404 32471 32471 I usb1 : root hub lost power or was reset
05-21 15:25:33.411 5299 5299 I usb3 : root hub lost power or was reset
05-21 15:25:33.411 5299 5299 I usb4 : root hub lost power or was reset
05-21 15:25:33.413 2551 2551 E PM : dpm_run_callback(): wacom_i2c_resume+0x0/0xdc returns -6
05-21 15:25:33.413 2551 2551 E PM : Device 4-0009 failed to resume: error -6
05-21 15:25:33.474 2551 2551 I usb2 : root hub lost power or was reset
05-21 15:25:33.660 5303 5303 I usb 4-1 : reset SuperSpeed Gen 1 USB device number 2 using xhci-hcd
05-21 15:25:33.800 32477 32477 I usb 3-1 : reset high-speed USB device number 2 using xhci-hcd
05-21 15:25:34.310 5282 5282 I usb 4-1.4: reset SuperSpeed Gen 1 USB device number 4 using xhci-hcd
05-21 15:25:34.346 4712 4712 I r8152 4-1.4: 1.0: skip request firmware
05-21 15:25:34.400 5268 5268 I usb 4-1.1: reset SuperSpeed Gen 1 USB device number 5 using xhci-hcd
05-21 15:25:34.491 5305 5305 I usb 4-1.3: reset SuperSpeed Gen 1 USB device number 3 using xhci-hcd
05-21 15:25:34.673 5300 5300 I usb 3-1.5: reset high-speed USB device number 18 using xhci-hcd
05-21 15:25:34.815 5300 5300 E PM : dpm_run_callback(): usb_dev_resume+0x0/0x28 returns -5
05-21 15:25:34.815 5300 5300 E PM : Device 3-1.5 failed to resume async: error -5
05-21 15:25:34.887 5277 5277 I usb 3-1.3: reset high-speed USB device number 3 using xhci-hcd
05-21 15:25:35.186 2551 2551 I : OOM killer enabled.
05-21 15:25:35.186 2551 2551 I : Restarting tasks ...
05-21 15:25:35.189 29252 29252 I usb 3-1.5: USB disconnect, device number 18
05-21 15:25:35.208 2551 2551 W : done.
05-21 15:25:35.208 4712 4712 I : mmc_host mmc0: Bus speed (slot 0) = 400000Hz (slot req 400000Hz, actual 400000HZ div = 0)
05-21 15:25:35.210 2551 2551 I : Resume caused by IRQ 105, sf-irq
05-21 15:25:35.210 2551 2551 I PM : suspend exit
05-19 15:02:59.052 627 627 I notification_enqueue: [10072,7156,com.ebensz.email,1111,NULL,0,Notification(channel=100 shortcut=null contentView=null vibrate=null sound=null defaults=0x0 flags=0x40 color=0x00000000 vis=PRIVATE),1]
05-21 15:25:35.245 4712 4712 I : mmc_host mmc0: Bus speed (slot 0) = 300000Hz (slot req 300000Hz, actual 300000HZ div = 0)
05-21 15:25:35.263 29252 29252 I usb 3-1.5: new high-speed USB device number 19 using xhci-hcd
05-19 15:02:59.099 627 627 I screen_toggled: 1
05-19 15:02:59.099 627 627 I power_screen_broadcast_send: 1
05-21 15:25:35.283 4712 4712 I : mmc_host mmc0: Bus speed (slot 0) = 200000Hz (slot req 200000Hz, actual 200000HZ div = 0)
05-19 15:02:59.111 627 668 I wm_set_resumed_activity: [0,com.ebensz.enote.notepad/.BrowserActivity,resumeTopActivity]
05-19 15:02:59.115 627 668 I wm_resume_activity: [0,50107534,167,com.ebensz.enote.notepad/.BrowserActivity]
05-19 15:02:59.121 627 668 I sysui_multi_action: [757,1696,758,6,759,3]
05-19 15:02:59.127 627 652 I am_pss : [6481,10079,com.android.webview:webview_service,8724480,3612672,0,85512192,0,19,5]
05-19 15:02:59.128 627 645 I wm_task_moved: [1,1,15]
05-19 15:02:59.128 3656 3656 I wm_on_restart_called: [50107534,com.ebensz.enote.notepad.BrowserActivity,performRestartActivity]
05-19 15:02:59.128 627 645 I wm_task_moved: [29,1,2147483647]
05-19 15:02:59.128 627 645 I wm_task_to_front: [0,29]
05-19 15:02:59.130 627 645 I wm_focused_root_task: [0,0,1,167,bringingFoundTaskToFront]
05-19 15:02:59.130 627 645 I wm_set_resumed_activity: [0,com.android.launcher3/.uioverrides.QuickstepLauncher,bringingFoundTaskToFront]
05-19 15:02:59.130 627 645 I wm_new_intent: [0,214771548,29,com.android.launcher3/.uioverrides.QuickstepLauncher,android.intent.action.MAIN,NULL,NULL,268435712]
05-19 15:02:59.131 627 645 I wm_pause_activity: [0,50107534,com.ebensz.enote.notepad/.BrowserActivity,userLeaving=true,pauseBackTasks]
05-19 15:02:59.131 627 645 I wm_add_to_stopping: [0,50107534,com.ebensz.enote.notepad/.BrowserActivity,makeInvisible]
05-19 15:02:59.132 627 645 I wm_set_resumed_activity: [0,com.android.launcher3/.uioverrides.QuickstepLauncher,resumeTopActivity]
05-19 15:02:59.133 627 645 I wm_resume_activity: [0,214771548,29,com.android.launcher3/.uioverrides.QuickstepLauncher]
05-19 15:02:59.142 627 647 I wm_stop_activity: [0,50107534,com.ebensz.enote.notepad/.BrowserActivity]
05-19 15:02:59.142 627 647 I sysui_multi_action: [757,803,799,window_time_0,802,9]
05-21 15:25:35.330 4712 4712 W dwmmc_rockchip fe2c0000.mmc: failed to set rate 100000Hz
05-21 15:25:35.330 4712 4712 I : mmc_host mmc0: Bus speed (slot 0) = 200000Hz (slot req 100000Hz, actual 100000HZ div = 1)
05-19 15:02:59.152 627 730 I netstats_mobile_sample: [0,0,0,0,0,0,0,0,0,0,0,0,1747638179153]
05-19 15:02:59.153 627 730 I netstats_wifi_sample: [0,0,0,0,0,0,0,0,0,0,0,0,1747638179153]
05-19 15:02:59.157 3656 3656 I wm_on_start_called: [50107534,com.ebensz.enote.notepad.BrowserActivity,handleStartActivity]
05-21 15:25:35.337 352 352 W : <<-GTP-ERROR->> I2C Read: 0x8047, 1 bytes failed, errcode: -6! Process reset.
05-19 15:02:59.160 3656 3656 I wm_on_resume_called: [50107534,com.ebensz.enote.notepad.BrowserActivity,RESUME_ACTIVITY]
05-19 15:02:59.160 3656 3656 I wm_on_top_resumed_gained_called: [50107534,com.ebensz.enote.notepad.BrowserActivity,topWhenResuming]
05-19 15:02:59.161 627 720 I service_manager_stats: [100,57,134130]
05-21 15:25:35.343 4712 4712 W dwmmc_rockchip fe2c0000.mmc: failed to set rate 100000Hz
05-21 15:25:35.343 445 445 I gsensor_mxc6655 5-0015: set sensor poll time to 66ms
05-21 15:25:35.344 445 445 I gsensor_mxc6655 5-0015: sensor on: starting poll sensor data 62ms
05-21 15:25:35.347 4712 4712 W dwmmc_rockchip fe2c0000.mmc: failed to set rate 100000Hz
05-21 15:25:35.354 29252 29252 I usb 3-1.5: New USB device found, idVendor=2109, idProduct=8817, bcdDevice= 0.01
05-21 15:25:35.354 29252 29252 I usb 3-1.5: New USB device strings: Mfr=1, Product=2, SerialNumber=3
05-21 15:25:35.354 29252 29252 I usb 3-1.5: Product: USB Billboard Device
05-21 15:25:35.354 29252 29252 I usb 3-1.5: Manufacturer: VIA Labs, Inc.
05-21 15:25:35.354 29252 29252 I usb 3-1.5: SerialNumber: 0000000000000001
05-19 15:02:59.185 1030 1030 I wm_on_restart_called: [214771548,com.android.launcher3.uioverrides.QuickstepLauncher,performRestartActivity]
05-19 15:02:59.186 1030 1030 I wm_on_start_called: [214771548,com.android.launcher3.uioverrides.QuickstepLauncher,handleStartActivity]
05-19 15:02:59.187 3656 3656 I wm_on_top_resumed_lost_called: [50107534,com.ebensz.enote.notepad.BrowserActivity,topStateChangedWhenResumed]
05-19 15:02:59.188 1030 1030 I wm_on_resume_called: [214771548,com.android.launcher3.uioverrides.QuickstepLauncher,RESUME_ACTIVITY]
05-19 15:02:59.188 3656 3656 I wm_on_paused_called: [50107534,com.ebensz.enote.notepad.BrowserActivity,performPause]
05-19 15:02:59.194 3656 3656 I wm_on_stop_called: [50107534,com.ebensz.enote.notepad.BrowserActivity,STOP_ACTIVITY_ITEM]
05-19 15:02:59.194 627 1072 I am_uid_active: 10022
05-19 15:02:59.197 627 627 I notification_enqueue: [10098,25952,com.baidu.appsearch,2131755453,NULL,0,Notification(channel=手机管理、安全检测相关通知 shortcut=null contentView=null vibrate=null sound=null defaults=0x0 flags=0x62 color=0x00000000 vis=PRIVATE),1]
05-19 15:02:59.202 627 648 I input_focus: [Focus request 334f74b com.android.launcher3/com.android.launcher3.uioverrides.QuickstepLauncher,reason=UpdateInputWindows]
05-19 15:02:59.221 1030 1030 I wm_on_top_resumed_gained_called: [214771548,com.android.launcher3.uioverrides.QuickstepLauncher,topStateChangedWhenResumed]
05-21 15:25:35.440 352 352 W : <<-GTP-ERROR->> GTP i2c test failed time 1.
05-21 15:25:35.491 29262 29262 I : read descriptors
05-21 15:25:35.491 29262 29262 I : read strings
05-19 15:02:59.693 627 646 I commit_sys_config_file: [notification-policy,80611841]
05-21 15:25:35.879 1 1 I init : processing action (sys.usb.config=adb && sys.usb.configfs=1 && sys.usb.ffs.ready=1) from (/system/etc/init/hw/init.usb.configfs.rc:20)
05-21 15:25:35.879 352 352 I rockchip-vop2 fdd90000.vop: [drm:vop2_crtc_atomic_enable] Update mode to 1536x2048p55, type: 16(if:60) for vp2 dclk: 192000000
05-21 15:25:35.879 352 352 I rockchip-vop2 fdd90000.vop: [drm:vop2_crtc_atomic_enable] dclk_out2 div: 2 dclk_core2 div: 1
05-21 15:25:35.879 352 352 I rockchip-vop2 fdd90000.vop: [drm:vop2_crtc_atomic_enable] set dclk_vop2 to 96000000, get 96000000
05-21 15:25:35.880 1 1 I init : Command 'symlink /config/usb_gadget/g1/functions/ffs.adb /config/usb_gadget/g1/configs/b.1/f1' action=sys.usb.config=adb && sys.usb.configfs=1 && sys.usb.ffs.ready=1 (/system/etc/init/hw/init.usb.configfs.rc:22) took 0ms and failed: symlink() failed: File exists
05-21 15:25:35.881 1 1 I init : Command 'write /config/usb_gadget/g1/UDC ${sys.usb.controller}' action=sys.usb.config=adb && sys.usb.configfs=1 && sys.usb.ffs.ready=1 (/system/etc/init/hw/init.usb.configfs.rc:23) took 0ms and failed: Unable to write to file '/config/usb_gadget/g1/UDC': Unable to write file contents: Device or resource busy
05-19 15:02:59.706 627 627 I battery_saving_stats: [0,0,0,9223,0,0,173892923,0,-18]
05-19 15:02:59.732 627 627 I power_screen_broadcast_done: [1,633,1]
05-21 15:25:36.386 352 352 I dw-mipi-dsi2 fde20000.dsi: [drm:dw_mipi_dsi2_encoder_enable] final DSI-Link bandwidth: 639999 x 8 Kbps
05-19 15:03:00.211 627 668 I sysui_latency: [5,1119]
05-19 15:03:00.214 627 627 I sysui_multi_action: [757,198,758,1,759,3,1359,1119,1694,14]
05-19 15:03:00.214 627 627 I power_screen_state: [1,0,0,0,1119]
05-19 15:03:00.215 627 710 I input_focus: [Focus entering 334f74b com.android.launcher3/com.android.launcher3.uioverrides.QuickstepLauncher (server),reason=setFocusedWindow]
05-21 15:25:36.914 29262 29262 I : read descriptors
05-21 15:25:36.914 29262 29262 I : read strings
05-21 15:25:36.915 1 1 I init : processing action (sys.usb.config=adb && sys.usb.configfs=1 && sys.usb.ffs.ready=1) from (/system/etc/init/hw/init.usb.configfs.rc:20)
05-21 15:25:36.918 1 1 I init : Command 'symlink /config/usb_gadget/g1/functions/ffs.adb /config/usb_gadget/g1/configs/b.1/f1' action=sys.usb.config=adb && sys.usb.configfs=1 && sys.usb.ffs.ready=1 (/system/etc/init/hw/init.usb.configfs.rc:22) took 0ms and failed: symlink() failed: File exists
05-21 15:25:36.919 1 1 I init : Command 'write /config/usb_gadget/g1/UDC ${sys.usb.controller}' action=sys.usb.config=adb && sys.usb.configfs=1 && sys.usb.ffs.ready=1 (/system/etc/init/hw/init.usb.configfs.rc:23) took 0ms and failed: Unable to write to file '/config/usb_gadget/g1/UDC': Unable to write file contents: Device or resource busy
05-21 15:25:37.964 29262 29262 I : read descriptors
05-21 15:25:37.964 29262 29262 I : read strings
05-21 15:25:37.966 1 1 I init : processing action (sys.usb.config=adb && sys.usb.configfs=1 && sys.usb.ffs.ready=1) from (/system/etc/init/hw/init.usb.configfs.rc:20)
05-21 15:25:37.968 1 1 I init : Command 'symlink /config/usb_gadget/g1/functions/ffs.adb /config/usb_gadget/g1/configs/b.1/f1' action=sys.usb.config=adb && sys.usb.configfs=1 && sys.usb.ffs.ready=1 (/system/etc/init/hw/init.usb.configfs.rc:22) took 0ms and failed: symlink() failed: File exists
05-21 15:25:37.968 1 1 I init : Command 'write /config/usb_gadget/g1/UDC ${sys.usb.controller}' action=sys.usb.config=adb && sys.usb.configfs=1 && sys.usb.ffs.ready=1 (/system/etc/init/hw/init.usb.configfs.rc:23) took 0ms and failed: Unable to write to file '/config/usb_gadget/g1/UDC': Unable to write file contents: Device or resource busy
05-21 15:25:38.058 4712 4712 I r8152 4-1.4: 1.0 eth1: carrier on
05-21 15:25:39.004 29262 29262 I : read descriptors
05-21 15:25:39.004 29262 29262 I : read strings
05-21 15:25:39.006 1 1 I init : processing action (sys.usb.config=adb && sys.usb.configfs=1 && sys.usb.ffs.ready=1) from (/system/etc/init/hw/init.usb.configfs.rc:20)
05-21 15:25:40.047 29262 29262 I : read descriptors
05-21 15:25:40.047 29262 29262 I : read strings
05-21 15:25:40.128 653 653 W binder_transaction: 5 callbacks suppressed
05-21 15:25:40.128 653 653 I binder : 627:653 transaction failed 29201/-28, size 80-0 line 2921
05-21 15:25:40.135 653 653 I binder : 627:653 transaction failed 29201/-28, size 80-0 line 2921
05-19 15:03:03.984 627 730 I netstats_mobile_sample: [0,0,0,0,0,0,0,0,0,0,0,0,1747638183985]
05-19 15:03:03.984 627 730 I netstats_wifi_sample: [0,0,0,0,0,0,0,0,0,0,0,0,1747638183985]
05-19 15:03:04.031 627 730 I netstats_mobile_sample: [0,0,0,0,0,0,0,0,0,0,0,0,1747638184032]
05-19 15:03:04.031 627 730 I netstats_wifi_sample: [0,0,0,0,0,0,0,0,0,0,0,0,1747638184032]
05-19 15:03:04.064 627 627 I notification_cancel_all: [1000,19470,com.ebensz.appmanager,0,0,64,9,NULL]
05-19 15:03:04.193 627 627 I notification_enqueue: [10098,25952,com.baidu.appsearch,2131755453,NULL,0,Notification(channel=手机管理、安全检测相关通知 shortcut=null contentView=null vibrate=null sound=null defaults=0x0 flags=0x62 color=0x00000000 vis=PRIVATE),1]
05-19 15:03:04.196 627 627 I notification_enqueue: [10098,25952,com.baidu.appsearch,2131755453,NULL,0,Notification(channel=手机管理、安全检测相关通知 shortcut=null contentView=null vibrate=null sound=null defaults=0x0 flags=0x62 color=0x00000000 vis=PRIVATE),1]
05-21 15:25:40.529 653 653 I binder : 627:653 transaction failed 29201/-28, size 80-0 line 2921
05-21 15:25:41.117 29262 29262 I : read descriptors
05-21 15:25:41.117 29262 29262 I : read strings
05-21 15:25:41.120 1 1 I init : processing action (sys.usb.config=adb && sys.usb.configfs=1 && sys.usb.ffs.ready=1) from (/system/etc/init/hw/init.usb.configfs.rc:20)
05-21 15:25:41.123 1 1 I init : Command 'symlink /config/usb_gadget/g1/functions/ffs.adb /config/usb_gadget/g1/configs/b.1/f1' action=sys.usb.config=adb && sys.usb.configfs=1 && sys.usb.ffs.ready=1 (/system/etc/init/hw/init.usb.configfs.rc:22) took 0ms and failed: symlink() failed: File exists
05-21 15:25:41.124 1 1 I init : Command 'write /config/usb_gadget/g1/UDC ${sys.usb.controller}' action=sys.usb.config=adb && sys.usb.configfs=1 && sys.usb.ffs.ready=1 (/system/etc/init/hw/init.usb.configfs.rc:23) took 1ms and failed: Unable to write to file '/config/usb_gadget/g1/UDC': Unable to write file contents: Device or resource busy
05-21 15:25:42.164 29262 29262 I : read descriptors
05-21 15:25:42.164 29262 29262 I : read strings
05-21 15:25:42.166 1 1 I init : processing action (sys.usb.config=adb && sys.usb.configfs=1 && sys.usb.ffs.ready=1) from (/system/etc/init/hw/init.usb.configfs.rc:20)
05-21 15:25:42.168 1 1 I init : Command 'symlink /config/usb_gadget/g1/functions/ffs.adb /config/usb_gadget/g1/configs/b.1/f1' action=sys.usb.config=adb && sys.usb.configfs=1 && sys.usb.ffs.ready=1 (/system/etc/init/hw/init.usb.configfs.rc:22) took 0ms and failed: symlink() failed: File exists
05-21 15:25:42.170 1 1 I init : Command 'write /config/usb_gadget/g1/UDC ${sys.usb.controller}' action=sys.usb.config=adb && sys.usb.configfs=1 && sys.usb.ffs.ready=1 (/system/etc/init/hw/init.usb.configfs.rc:23) took 0ms and failed: Unable to write to file '/config/usb_gadget/g1/UDC': Unable to write file contents: Device or resource busy
05-21 15:25:43.224 29262 29262 I : read descriptors
05-21 15:25:43.224 29262 29262 I : read strings
05-21 15:25:43.225 1 1 I init : processing action (sys.usb.config=adb && sys.usb.configfs=1 && sys.usb.ffs.ready=1) from (/system/etc/init/hw/init.usb.configfs.rc:20)
05-21 15:25:43.228 1 1 I init : Command 'symlink /config/usb_gadget/g1/functions/ffs.adb /config/usb_gadget/g1/configs/b.1/f1' action=sys.usb.config=adb && sys.usb.configfs=1 && sys.usb.ffs.ready=1 (/system/etc/init/hw/init.usb.configfs.rc:22) took 0ms and failed: symlink() failed: File exists
05-21 15:25:43.230 1 1 I init : Command 'write /config/usb_gadget/g1/UDC ${sys.usb.controller}' action=sys.usb.config=adb && sys.usb.configfs=1 && sys.usb.ffs.ready=1 (/system/etc/init/hw/init.usb.configfs.rc:23) took 0ms and failed: Unable to write to file '/config/usb_gadget/g1/UDC': Unable to write file contents: Device or resource busy
05-21 15:25:44.280 29262 29262 I : read descriptors
05-21 15:25:44.280 29262 29262 I : read strings
05-21 15:25:44.282 1 1 I init : processing action (sys.usb.config=adb && sys.usb.configfs=1 && sys.usb.ffs.ready=1) from (/system/etc/init/hw/init.usb.configfs.rc:20)
05-21 15:25:45.331 29262 29262 I : read descriptors
05-21 15:25:45.331 29262 29262 I : read strings
05-19 15:03:09.200 627 627 I notification_enqueue: [10098,25952,com.baidu.appsearch,2131755453,NULL,0,Notification(channel=手机管理、安全检测相关通知 shortcut=null contentView=null vibrate=null sound=null defaults=0x0 flags=0x62 color=0x00000000 vis=PRIVATE),1]
05-21 15:25:46.387 29262 29262 I : read descriptors
05-21 15:25:46.387 29262 29262 I : read strings
05-21 15:25:46.389 1 1 I init : processing action (sys.usb.config=adb && sys.usb.configfs=1 && sys.usb.ffs.ready=1) from (/system/etc/init/hw/init.usb.configfs.rc:20)
05-21 15:25:46.391 1 1 I init : Command 'symlink /config/usb_gadget/g1/functions/ffs.adb /config/usb_gadget/g1/configs/b.1/f1' action=sys.usb.config=adb && sys.usb.configfs=1 && sys.usb.ffs.ready=1 (/system/etc/init/hw/init.usb.configfs.rc:22) took 0ms and failed: symlink() failed: File exists
05-21 15:25:46.391 1 1 I init : Command 'write /config/usb_gadget/g1/UDC ${sys.usb.controller}' action=sys.usb.config=adb && sys.usb.configfs=1 && sys.usb.ffs.ready=1 (/system/etc/init/hw/init.usb.configfs.rc:23) took 0ms and failed: Unable to write to file '/config/usb_gadget/g1/UDC': Unable to write file contents: Device or resource busy
05-19 15:03:11.130 627 668 I sysui_multi_action: [757,1696,758,6,759,2]
05-21 15:25:47.474 29262 29262 I : read descriptors
05-21 15:25:47.474 29262 29262 I : read strings
05-21 15:25:47.475 1 1 I init : processing action (sys.usb.config=adb && sys.usb.configfs=1 && sys.usb.ffs.ready=1) from (/system/etc/init/hw/init.usb.configfs.rc:20)
05-21 15:25:47.478 1 1 I init : Command 'symlink /config/usb_gadget/g1/functions/ffs.adb /config/usb_gadget/g1/configs/b.1/f1' action=sys.usb.config=adb && sys.usb.configfs=1 && sys.usb.ffs.ready=1 (/system/etc/init/hw/init.usb.configfs.rc:22) took 0ms and failed: symlink() failed: File exists
05-21 15:25:47.479 1 1 I init : Command 'write /config/usb_gadget/g1/UDC ${sys.usb.controller}' action=sys.usb.config=adb && sys.usb.configfs=1 && sys.usb.ffs.ready=1 (/system/etc/init/hw/init.usb.configfs.rc:23) took 0ms and failed: Unable to write to file '/config/usb_gadget/g1/UDC': Unable to write file contents: Device or resource busy
05-21 15:25:48.520 29262 29262 I : read descriptors
05-21 15:25:48.520 29262 29262 I : read strings
05-21 15:25:48.523 1 1 I init : processing action (sys.usb.config=adb && sys.usb.configfs=1 && sys.usb.ffs.ready=1) from (/system/etc/init/hw/init.usb.configfs.rc:20)
05-21 15:25:48.525 1 1 I init : Command 'symlink /config/usb_gadget/g1/functions/ffs.adb /config/usb_gadget/g1/configs/b.1/f1' action=sys.usb.config=adb && sys.usb.configfs=1 && sys.usb.ffs.ready=1 (/system/etc/init/hw/init.usb.configfs.rc:22) took 0ms and failed: symlink() failed: File exists
05-21 15:25:48.525 1 1 I init : Command 'write /config/usb_gadget/g1/UDC ${sys.usb.controller}' action=sys.usb.config=adb && sys.usb.configfs=1 && sys.usb.ffs.ready=1 (/system/etc/init/hw/init.usb.configfs.rc:23) took 0ms and failed: Unable to write to file '/config/usb_gadget/g1/UDC': Unable to write file contents: Device or resource busy
05-21 15:25:49.564 29262 29262 I : read descriptors
05-21 15:25:49.564 29262 29262 I : read strings
05-21 15:25:49.566 1 1 I init : processing action (sys.usb.config=adb && sys.usb.configfs=1 && sys.usb.ffs.ready=1) from (/system/etc/init/hw/init.usb.configfs.rc:20)
05-19 15:03:13.715 627 653 I am_uid_idle: 10079
05-19 15:03:13.715 627 653 I am_uid_idle: 10062
05-19 15:03:14.130 627 668 I power_sleep_requested: 0
05-19 15:03:14.232 627 668 I sysui_multi_action: [757,1696,758,6,759,0]
05-21 15:25:50.627 29262 29262 I : read descriptors
05-21 15:25:50.628 29262 29262 I : read strings
05-19 15:03:14.656 627 668 I wm_pause_activity: [0,214771548,com.android.launcher3/.uioverrides.QuickstepLauncher,userLeaving=false,sleep]
05-19 15:03:14.656 1030 1030 I wm_on_top_resumed_lost_called: [214771548,com.android.launcher3.uioverrides.QuickstepLauncher,topStateChangedWhenResumed]
05-21 15:25:50.839 445 445 I gsensor_mxc6655 5-0015: set sensor poll time to 200ms
05-19 15:03:14.662 1030 1030 I wm_on_paused_called: [214771548,com.android.launcher3.uioverrides.QuickstepLauncher,performPause]
05-19 15:03:14.666 627 16029 I wm_add_to_stopping: [0,214771548,com.android.launcher3/.uioverrides.QuickstepLauncher,completePauseLocked]
05-19 15:03:14.681 627 647 I wm_stop_activity: [0,214771548,com.android.launcher3/.uioverrides.QuickstepLauncher]
05-19 15:03:14.686 627 647 I sysui_multi_action: [757,1144,758,9,806,com.android.launcher3,871,com.android.launcher3.uioverrides.QuickstepLauncher]
05-19 15:03:14.688 627 647 I sysui_multi_action: [757,803,799,window_time_0,802,16]
05-19 15:03:14.729 1030 1030 I wm_on_stop_called: [214771548,com.android.launcher3.uioverrides.QuickstepLauncher,STOP_ACTIVITY_ITEM]
05-21 15:25:51.153 352 352 I rockchip-vop2 fdd90000.vop: [drm:vop2_crtc_atomic_disable] Crtc atomic disable vp2
05-21 15:25:51.164 352 352 E rockchip-vop2 fdd90000.vop: [drm:vop2_crtc_atomic_disable] *ERROR* unexpected power on pd7
05-19 15:03:14.994 627 627 I sysui_multi_action: [757,198,758,2,759,3,1359,863,1695,2]
05-19 15:03:14.995 627 627 I power_screen_state: [0,3,0,0,863]
05-19 15:03:14.995 627 627 I screen_toggled: 0
05-19 15:03:14.995 627 627 I sysui_multi_action: [757,804,799,screen_timeout,801,15,802,1]
05-19 15:03:14.996 627 710 I input_focus: [Focus leaving 334f74b com.android.launcher3/com.android.launcher3.uioverrides.QuickstepLauncher (server),reason=NO_WINDOW]
05-19 15:03:14.997 627 627 I sysui_multi_action: [757,1594,758,4,759,-2147483648,1359,14781]
05-19 15:03:14.997 627 627 I power_screen_broadcast_send: 1
05-19 15:03:15.033 627 627 I battery_saving_stats: [0,1,0,15326,0,0,63661024,0,-6]
05-19 15:03:15.086 627 627 I power_screen_broadcast_done: [0,88,1]
05-21 15:25:51.367 2551 2551 I PM : suspend entry (deep)
05-19 15:03:15.196 627 653 I am_uid_idle: 10025
05-21 15:25:51.387 2551 2551 I Filesystems sync: 0.019 seconds
05-21 15:25:51.387 2551 2551 I : Freezing user space processes ... (elapsed 0.015 seconds) done.
05-21 15:25:51.402 2551 2551 I : OOM killer disabled.
05-21 15:25:51.403 2551 2551 I : Freezing remaining freezable tasks ... (elapsed 0.142 seconds) done.
05-21 15:25:51.545 2551 2551 I printk : Suspending console(s) (use no_console_suspend to debug)
05-21 15:25:51.625 2551 2551 E regulator-dummy: Underflow of regulator enable count
05-21 15:25:51.625 2551 2551 E wacom_i2c 4-0009: disable regulator failed -22
05-21 15:25:51.872 2551 2551 I : Disabling non-boot CPUs ...
05-21 15:25:51.873 2551 2551 I psci : CPU1 killed (polled 0 ms)
05-21 15:25:51.876 2551 2551 I psci : CPU2 killed (polled 0 ms)
05-21 15:25:51.877 2551 2551 I psci : CPU3 killed (polled 0 ms)
05-21 15:25:51.880 2551 2551 I psci : CPU4 killed (polled 4 ms)
05-21 15:25:51.883 2551 2551 I psci : CPU5 killed (polled 0 ms)
05-21 15:25:51.885 2551 2551 I psci : CPU6 killed (polled 0 ms)
05-21 15:25:51.889 2551 2551 I psci : CPU7 killed (polled 0 ms)
05-21 15:25:58.731 0 0 W [ C0] PM: pm_system_irq_wakeup: 105 triggered sf-irq
05-21 15:25:58.731 2551 2551 I : Enabling non-boot CPUs ...
05-21 15:25:58.732 0 0 I : Detected VIPT I-cache on CPU1
05-21 15:25:58.732 0 0 I GICv3 : CPU1: found redistributor 100 region 0:0x00000000fe6a0000
05-21 15:25:58.732 0 0 I CPU1 : Booted secondary processor 0x0000000100 [0x412fd050]
05-21 15:25:58.733 2551 2551 I : CPU1 is up
05-21 15:25:58.734 0 0 I : Detected VIPT I-cache on CPU2
05-21 15:25:58.734 0 0 I GICv3 : CPU2: found redistributor 200 region 0:0x00000000fe6c0000
05-21 15:25:58.734 0 0 I CPU2 : Booted secondary processor 0x0000000200 [0x412fd050]
05-21 15:25:58.735 2551 2551 I : CPU2 is up
05-21 15:25:58.736 0 0 I : Detected VIPT I-cache on CPU3
05-21 15:25:58.736 0 0 I GICv3 : CPU3: found redistributor 300 region 0:0x00000000fe6e0000
05-21 15:25:58.736 0 0 I CPU3 : Booted secondary processor 0x0000000300 [0x412fd050]
05-21 15:25:58.736 2551 2551 I : CPU3 is up
05-21 15:25:58.737 0 0 I : Detected PIPT I-cache on CPU4
05-21 15:25:58.737 0 0 I GICv3 : CPU4: found redistributor 400 region 0:0x00000000fe700000
05-21 15:25:58.737 0 0 I CPU4 : Booted secondary processor 0x0000000400 [0x414fd0b0]
05-21 15:25:58.738 2551 2551 I : CPU4 is up
05-21 15:25:58.739 0 0 I : Detected PIPT I-cache on CPU5
05-21 15:25:58.739 0 0 I GICv3 : CPU5: found redistributor 500 region 0:0x00000000fe720000
05-21 15:25:58.739 0 0 I CPU5 : Booted secondary processor 0x0000000500 [0x414fd0b0]
05-21 15:25:58.740 2551 2551 I : CPU5 is up
05-21 15:25:58.741 0 0 I : Detected PIPT I-cache on CPU6
05-21 15:25:58.741 0 0 I GICv3 : CPU6: found redistributor 600 region 0:0x00000000fe740000
05-21 15:25:58.741 0 0 I CPU6 : Booted secondary processor 0x0000000600 [0x414fd0b0]
05-21 15:25:58.742 2551 2551 I : CPU6 is up
05-21 15:25:58.743 0 0 I : Detected PIPT I-cache on CPU7
05-21 15:25:58.743 0 0 I GICv3 : CPU7: found redistributor 700 region 0:0x00000000fe760000
05-21 15:25:58.743 0 0 I CPU7 : Booted secondary processor 0x0000000700 [0x414fd0b0]
05-21 15:25:58.744 2551 2551 I : CPU7 is up
05-21 15:25:58.752 2551 2551 I rk_gmac-dwmac fe1c0000.ethernet: init for RGMII
05-21 15:25:58.752 4563 4563 I usb1 : root hub lost power or was reset
05-21 15:25:58.760 5275 5275 I usb3 : root hub lost power or was reset
05-21 15:25:58.760 5275 5275 I usb4 : root hub lost power or was reset
05-21 15:25:58.761 2551 2551 E PM : dpm_run_callback(): wacom_i2c_resume+0x0/0xdc returns -6
05-21 15:25:58.761 2551 2551 E PM : Device 4-0009 failed to resume: error -6
05-21 15:25:58.825 2551 2551 I usb2 : root hub lost power or was reset
05-21 15:25:59.008 5297 5297 I usb 4-1 : reset SuperSpeed Gen 1 USB device number 2 using xhci-hcd
05-21 15:25:59.147 5288 5288 I usb 3-1 : reset high-speed USB device number 2 using xhci-hcd
05-21 15:25:59.658 5282 5282 I usb 4-1.3: reset SuperSpeed Gen 1 USB device number 3 using xhci-hcd
05-21 15:25:59.754 5269 5269 I usb 4-1.4: reset SuperSpeed Gen 1 USB device number 4 using xhci-hcd
05-21 15:25:59.790 4712 4712 I r8152 4-1.4: 1.0: skip request firmware
05-21 15:25:59.845 5267 5267 I usb 4-1.1: reset SuperSpeed Gen 1 USB device number 5 using xhci-hcd
05-21 15:26:00.021 5304 5304 I usb 3-1.5: reset high-speed USB device number 19 using xhci-hcd
05-21 15:26:00.163 5304 5304 E PM : dpm_run_callback(): usb_dev_resume+0x0/0x28 returns -5
05-21 15:26:00.163 5304 5304 E PM : Device 3-1.5 failed to resume async: error -5
05-21 15:26:00.234 6002 6002 I usb 3-1.3: reset high-speed USB device number 3 using xhci-hcd
05-21 15:26:00.540 2551 2551 I : OOM killer enabled.
05-21 15:26:00.540 2551 2551 I : Restarting tasks ...
05-21 15:26:00.544 29252 29252 I usb 3-1.5: USB disconnect, device number 19
05-21 15:26:00.552 2551 2551 W : done.
05-21 15:26:00.555 4712 4712 I : mmc_host mmc0: Bus speed (slot 0) = 400000Hz (slot req 400000Hz, actual 400000HZ div = 0)
05-21 15:26:00.555 2551 2551 I : Resume caused by IRQ 105, sf-irq
05-21 15:26:00.555 2551 2551 I PM : suspend exit
05-21 15:26:00.590 4712 4712 I : mmc_host mmc0: Bus speed (slot 0) = 300000Hz (slot req 300000Hz, actual 300000HZ div = 0)
05-19 15:03:24.425 627 668 I wm_set_resumed_activity: [0,com.android.launcher3/.uioverrides.QuickstepLauncher,resumeTopActivity]
05-19 15:03:24.427 627 627 I screen_toggled: 1
05-19 15:03:24.433 627 668 I wm_resume_activity: [0,214771548,29,com.android.launcher3/.uioverrides.QuickstepLauncher]
05-19 15:03:24.441 627 668 I sysui_multi_action: [757,1696,758,6,759,3]
05-19 15:03:24.444 627 627 I power_screen_broadcast_send: 1
05-19 15:03:24.445 1030 1030 I wm_on_restart_called: [214771548,com.android.launcher3.uioverrides.QuickstepLauncher,performRestartActivity]
05-19 15:03:24.446 1030 1030 I wm_on_start_called: [214771548,com.android.launcher3.uioverrides.QuickstepLauncher,handleStartActivity]
05-19 15:03:24.447 1030 1030 I wm_on_resume_called: [214771548,com.android.launcher3.uioverrides.QuickstepLauncher,RESUME_ACTIVITY]
05-19 15:03:24.447 1030 1030 I wm_on_top_resumed_gained_called: [214771548,com.android.launcher3.uioverrides.QuickstepLauncher,topWhenResuming]
05-21 15:26:00.624 29252 29252 I usb 3-1.5: new high-speed USB device number 20 using xhci-hcd
05-21 15:26:00.627 445 445 I gsensor_mxc6655 5-0015: set sensor poll time to 66ms
05-21 15:26:00.628 4712 4712 I : mmc_host mmc0: Bus speed (slot 0) = 200000Hz (slot req 200000Hz, actual 200000HZ div = 0)
05-21 15:26:00.628 445 445 I gsensor_mxc6655 5-0015: sensor on: starting poll sensor data 62ms
05-21 15:26:00.658 352 352 W : <<-GTP-ERROR->> I2C Read: 0x8047, 1 bytes failed, errcode: -6! Process reset.
05-19 15:03:24.486 627 648 I input_focus: [Focus request 334f74b com.android.launcher3/com.android.launcher3.uioverrides.QuickstepLauncher,reason=UpdateInputWindows]
05-21 15:26:00.668 4712 4712 W dwmmc_rockchip fe2c0000.mmc: failed to set rate 100000Hz
05-21 15:26:00.669 4712 4712 I : mmc_host mmc0: Bus speed (slot 0) = 200000Hz (slot req 100000Hz, actual 100000HZ div = 1)
05-21 15:26:00.681 4712 4712 W dwmmc_rockchip fe2c0000.mmc: failed to set rate 100000Hz
05-21 15:26:00.686 4712 4712 W dwmmc_rockchip fe2c0000.mmc: failed to set rate 100000Hz
05-19 15:03:24.507 627 730 I netstats_mobile_sample: [0,0,0,0,0,0,0,0,0,0,0,0,1747638204508]
05-19 15:03:24.507 627 730 I netstats_wifi_sample: [0,0,0,0,0,0,0,0,0,0,0,0,1747638204508]
05-21 15:26:00.722 29252 29252 I usb 3-1.5: New USB device found, idVendor=2109, idProduct=8817, bcdDevice= 0.01
05-21 15:26:00.722 29252 29252 I usb 3-1.5: New USB device strings: Mfr=1, Product=2, SerialNumber=3
05-21 15:26:00.722 29252 29252 I usb 3-1.5: Product: USB Billboard Device
05-21 15:26:00.722 29252 29252 I usb 3-1.5: Manufacturer: VIA Labs, Inc.
05-21 15:26:00.722 29252 29252 I usb 3-1.5: SerialNumber: 0000000000000001
05-21 15:26:00.761 352 352 W : <<-GTP-ERROR->> GTP i2c test failed time 1.
05-21 15:26:00.834 29262 29262 I : read descriptors
05-21 15:26:00.835 29262 29262 I : read strings
05-21 15:26:01.332 352 352 I rockchip-vop2 fdd90000.vop: [drm:vop2_crtc_atomic_enable] Update mode to 1536x2048p55, type: 16(if:60) for vp2 dclk: 192000000
05-21 15:26:01.334 352 352 I rockchip-vop2 fdd90000.vop: [drm:vop2_crtc_atomic_enable] dclk_out2 div: 2 dclk_core2 div: 1
05-21 15:26:01.334 352 352 I rockchip-vop2 fdd90000.vop: [drm:vop2_crtc_atomic_enable] set dclk_vop2 to 96000000, get 96000000
05-21 15:26:01.338 1 1 I init : processing action (sys.usb.config=adb && sys.usb.configfs=1 && sys.usb.ffs.ready=1) from (/system/etc/init/hw/init.usb.configfs.rc:20)
05-21 15:26:01.339 1 1 I init : Command 'symlink /config/usb_gadget/g1/functions/ffs.adb /config/usb_gadget/g1/configs/b.1/f1' action=sys.usb.config=adb && sys.usb.configfs=1 && sys.usb.ffs.ready=1 (/system/etc/init/hw/init.usb.configfs.rc:22) took 0ms and failed: symlink() failed: File exists
05-21 15:26:01.339 1 1 I init : Command 'write /config/usb_gadget/g1/UDC ${sys.usb.controller}' action=sys.usb.config=adb && sys.usb.configfs=1 && sys.usb.ffs.ready=1 (/system/etc/init/hw/init.usb.configfs.rc:23) took 0ms and failed: Unable to write to file '/config/usb_gadget/g1/UDC': Unable to write file contents: Device or resource busy
05-19 15:03:25.164 627 627 I notification_enqueue: [10098,25952,com.baidu.appsearch,2131755453,NULL,0,Notification(channel=手机管理、安全检测相关通知 shortcut=null contentView=null vibrate=null sound=null defaults=0x0 flags=0x62 color=0x00000000 vis=PRIVATE),1]
05-19 15:03:25.173 627 627 I battery_saving_stats: [0,0,0,10140,0,0,173903063,0,-18]
05-19 15:03:25.206 627 627 I power_screen_broadcast_done: [1,762,1]
05-21 15:26:01.844 352 352 I dw-mipi-dsi2 fde20000.dsi: [drm:dw_mipi_dsi2_encoder_enable] final DSI-Link bandwidth: 639999 x 8 Kbps
05-19 15:03:25.685 627 668 I sysui_latency: [5,1275]
05-19 15:03:25.685 627 627 I sysui_multi_action: [757,198,758,1,759,3,1359,1276,1694,14]
05-19 15:03:25.685 627 627 I power_screen_state: [1,0,0,0,1276]
