05-19 15:21:02.634 19442 19442 W ContextImpl: Calling a method in the system process without a qualified user: android.app.ContextImpl.startService:1824 android.content.ContextWrapper.startService:774 android.content.ContextWrapper.startService:774 com.ebensz.appmanager.service.UploadMyAppsInfoService.startUploadMyAppsInfoService:78 com.ebensz.appmanager.receiver.UploadMyAppsInfoReceiver.onReceive:33
05-19 15:21:02.643 627 9940 W BroadcastQueue: Target SDK mismatch: receiver ActivityInfo{49a060f com.ebensz.ota.ActionReceiver} targets 29 but delivery restricted to [0, 23] broadcasting Intent { act=android.net.conn.CONNECTIVITY_CHANGE flg=0x4200010 (has extras) } from android (pid=627, uid=1000) to com.ebensz.ota/.ActionReceiver
05-19 15:21:02.644 627 653 W BroadcastQueue: Target SDK mismatch: receiver ActivityInfo{207569c com.taobao.accs.EventReceiver} targets 26 but delivery restricted to [0, 23] broadcasting Intent { act=android.net.conn.CONNECTIVITY_CHANGE flg=0x4200010 (has extras) } from android (pid=627, uid=1000) to com.zhangyue.read.iReader/com.taobao.accs.EventReceiver
05-21 15:50:58.972 8029 8029 I usb 3-1.5: New USB device found, idVendor=2109, idProduct=8817, bcdDevice= 0.01
05-21 15:50:58.972 8029 8029 I usb 3-1.5: New USB device strings: Mfr=1, Product=2, SerialNumber=3
05-21 15:50:58.972 8029 8029 I usb 3-1.5: Product: USB Billboard Device
05-21 15:50:58.972 8029 8029 I usb 3-1.5: Manufacturer: VIA Labs, Inc.
05-21 15:50:58.972 8029 8029 I usb 3-1.5: SerialNumber: 0000000000000001
05-19 15:21:02.665 627 780 D UsbHostManager: USB device attached: vidpid 2109:8817 mfg/product/ver/serial VIA Labs, Inc. /USB Billboard Device /0.01/0000000000000001 hasAudio/HID/Storage: false/false/false
05-19 15:21:02.667 627 780 D UsbHostManager: Added device UsbDevice[mName=/dev/bus/usb/003/037,mVendorId=8457,mProductId=34839,mClass=17,mSubclass=0,mProtocol=0,mManufacturerName=VIA Labs, Inc. ,mProductName=USB Billboard Device ,mVersion=0.01,mSerialNumberReader=com.android.server.usb.UsbSerialReader@22b98a5, mHasAudioPlayback=false, mHasAudioCapture=false, mHasMidi=false, mHasVideoCapture=false, mHasVideoPlayback=false, mConfigurations=[
05-19 15:21:02.667 627 780 D UsbHostManager: UsbConfiguration[mId=1,mName=0000000000000001,mAttributes=160,mMaxPower=50,mInterfaces=[
05-19 15:21:02.667 627 780 D UsbHostManager: UsbInterface[mId=0,mAlternateSetting=0,mName=0000000000000001,mClass=17,mSubclass=0,mProtocol=0,mEndpoints=[]]]
05-21 15:50:58.984 6308 6308 W dwmmc_rockchip fe2c0000.mmc: failed to set rate 100000Hz
05-21 15:50:58.984 6308 6308 I : mmc_host mmc0: Bus speed (slot 0) = 200000Hz (slot req 100000Hz, actual 100000HZ div = 1)
05-21 15:50:58.997 6308 6308 W dwmmc_rockchip fe2c0000.mmc: failed to set rate 100000Hz
05-21 15:50:59.001 6308 6308 W dwmmc_rockchip fe2c0000.mmc: failed to set rate 100000Hz
05-21 15:50:59.031 352 352 W : <<-GTP-ERROR->> GTP i2c test failed time 1.
05-19 15:21:03.001 1272 1272 W ContextImpl: Calling a method in the system process without a qualified user: android.app.ContextImpl.sendBroadcast:1181 android.content.ContextWrapper.sendBroadcast:479 cn.eben.newweather.DateWeatherService.a:19 cn.eben.newweather.DateWeatherService.a:0 cn.eben.newweather.DateWeatherService$1.handleMessage:7
05-21 15:50:59.582 352 352 I rockchip-vop2 fdd90000.vop: [drm:vop2_crtc_atomic_enable] Update mode to 1536x2048p55, type: 16(if:60) for vp2 dclk: 192000000
05-21 15:50:59.583 352 352 I rockchip-vop2 fdd90000.vop: [drm:vop2_crtc_atomic_enable] dclk_out2 div: 2 dclk_core2 div: 1
05-21 15:50:59.583 352 352 I rockchip-vop2 fdd90000.vop: [drm:vop2_crtc_atomic_enable] set dclk_vop2 to 96000000, get 96000000
05-19 15:21:03.266 627 627 W Looper : Slow dispatch took 624ms main h=android.app.ActivityThread$H c=android.app.LoadedApk$ReceiverDispatcher$Args$$ExternalSyntheticLambda0@ae277b6 m=0
05-19 15:21:03.266 627 627 W Looper : Slow delivery took 599ms main h=android.app.ActivityThread$H c=android.app.LoadedApk$ReceiverDispatcher$Args$$ExternalSyntheticLambda0@faa9cb7 m=0
05-19 15:21:03.267 627 627 W Looper : Drained
05-19 15:21:03.268 627 627 I battery_saving_stats: [0,0,0,11186,0,0,174389768,0,-18]
05-19 15:21:03.269 975 975 D DCT-C-0 : screen on
05-19 15:21:03.269 975 975 D DCT-C-0 : stopNetStatPoll
05-19 15:21:03.301 627 627 I power_screen_broadcast_done: [1,727,1]
05-19 15:21:03.367 3656 3656 I wm_on_resume_called: [156521685,com.ebensz.enote.notepad.EditActivity,RESUME_ACTIVITY]
05-19 15:21:03.367 3656 3656 I wm_on_top_resumed_gained_called: [156521685,com.ebensz.enote.notepad.EditActivity,topWhenResuming]
05-19 15:21:03.376 627 648 I input_focus: [Focus request a08a9f1 com.ebensz.enote.notepad/com.ebensz.enote.notepad.EditActivity,reason=UpdateInputWindows]
05-21 15:50:59.792 29262 29262 I : read descriptors
05-21 15:50:59.792 29262 29262 I : read strings
05-21 15:50:59.793 1 1 I init : processing action (sys.usb.config=adb && sys.usb.configfs=1 && sys.usb.ffs.ready=1) from (/system/etc/init/hw/init.usb.configfs.rc:20)
05-21 15:50:59.795 1 1 I init : Command 'symlink /config/usb_gadget/g1/functions/ffs.adb /config/usb_gadget/g1/configs/b.1/f1' action=sys.usb.config=adb && sys.usb.configfs=1 && sys.usb.ffs.ready=1 (/system/etc/init/hw/init.usb.configfs.rc:22) took 0ms and failed: symlink() failed: File exists
05-21 15:50:59.796 1 1 I init : Command 'write /config/usb_gadget/g1/UDC ${sys.usb.controller}' action=sys.usb.config=adb && sys.usb.configfs=1 && sys.usb.ffs.ready=1 (/system/etc/init/hw/init.usb.configfs.rc:23) took 0ms and failed: Unable to write to file '/config/usb_gadget/g1/UDC': Unable to write file contents: Device or resource busy
05-19 15:21:03.645 19442 19442 W ContextImpl: Calling a method in the system process without a qualified user: android.app.ContextImpl.startService:1824 android.content.ContextWrapper.startService:774 com.ebensz.appmanager.service.UploadMyAppsInfoService$1.handleMessage:63 android.os.Handler.dispatchMessage:106 android.os.Looper.loopOnce:201
05-21 15:51:00.088 352 352 I dw-mipi-dsi2 fde20000.dsi: [drm:dw_mipi_dsi2_encoder_enable] final DSI-Link bandwidth: 639999 x 8 Kbps
05-19 15:21:03.776 627 668 I sysui_latency: [5,1242]
05-19 15:21:03.776 627 668 W PowerManagerService: Screen on took 1242 ms
05-19 15:21:03.777 627 627 I sysui_multi_action: [757,198,758,1,759,3,1359,1242,1694,14]
05-19 15:21:03.777 627 627 I power_screen_state: [1,0,0,0,1242]
05-19 15:21:03.783 627 710 I input_focus: [Focus entering a08a9f1 com.ebensz.enote.notepad/com.ebensz.enote.notepad.EditActivity (server),reason=Window became focusable. Previous reason: NO_WINDOW]
05-19 15:21:04.002 1272 1272 W ContextImpl: Calling a method in the system process without a qualified user: android.app.ContextImpl.sendBroadcast:1181 android.content.ContextWrapper.sendBroadcast:479 cn.eben.newweather.DateWeatherService.a:19 cn.eben.newweather.DateWeatherService.a:0 cn.eben.newweather.DateWeatherService$1.handleMessage:7
05-19 15:21:04.475 463 491 I RIL : ---> enter mainloop wait at port
05-19 15:21:04.475 463 491 D RIL-DEV : Get modem info
05-19 15:21:04.475 463 491 D RIL-DEV : [05-19_15:21:04:476] idVendor = 0bda
05-19 15:21:04.475 463 491 D RIL-DEV :
05-19 15:21:04.476 463 491 D RIL-DEV : [05-19_15:21:04:476] idVendor = 05e3
05-19 15:21:04.476 463 491 D RIL-DEV :
05-19 15:21:04.476 463 491 D RIL-DEV : [05-19_15:21:04:477] idVendor = 1d6b
05-19 15:21:04.476 463 491 D RIL-DEV :
05-19 15:21:04.476 463 491 D RIL-DEV : [05-19_15:21:04:477] idVendor = 1d6b
05-19 15:21:04.476 463 491 D RIL-DEV :
05-19 15:21:04.477 463 491 D RIL-DEV : [05-19_15:21:04:477] idVendor = 0bda
05-19 15:21:04.477 463 491 D RIL-DEV :
05-19 15:21:04.477 463 491 D RIL-DEV : [05-19_15:21:04:478] idVendor = 1d6b
05-19 15:21:04.477 463 491 D RIL-DEV :
05-19 15:21:04.477 463 491 D RIL-DEV : [05-19_15:21:04:478] idVendor = 2109
05-19 15:21:04.477 463 491 D RIL-DEV :
05-19 15:21:04.479 463 491 D RIL-DEV : [05-19_15:21:04:480] idVendor = 2109
05-19 15:21:04.479 463 491 D RIL-DEV :
05-19 15:21:04.479 463 491 D RIL-DEV : [05-19_15:21:04:480] idVendor = 1d6b
05-19 15:21:04.479 463 491 D RIL-DEV :
05-19 15:21:04.480 463 491 D RIL-DEV : [05-19_15:21:04:480] idVendor = 0bda
05-19 15:21:04.480 463 491 D RIL-DEV :
05-19 15:21:04.480 463 491 D RIL-DEV : [05-19_15:21:04:480] idVendor = 2109
05-19 15:21:04.480 463 491 D RIL-DEV :
05-19 15:21:04.480 463 491 E RIL-DEV : Cannot find Meig devices
05-19 15:21:04.480 463 491 I RIL : ---> can't find meig usb devices
05-21 15:51:00.835 29262 29262 I : read descriptors
05-21 15:51:00.835 29262 29262 I : read strings
05-21 15:51:00.837 1 1 I init : processing action (sys.usb.config=adb && sys.usb.configfs=1 && sys.usb.ffs.ready=1) from (/system/etc/init/hw/init.usb.configfs.rc:20)
05-21 15:51:00.840 1 1 I init : Command 'symlink /config/usb_gadget/g1/functions/ffs.adb /config/usb_gadget/g1/configs/b.1/f1' action=sys.usb.config=adb && sys.usb.configfs=1 && sys.usb.ffs.ready=1 (/system/etc/init/hw/init.usb.configfs.rc:22) took 0ms and failed: symlink() failed: File exists
05-21 15:51:00.842 1 1 I init : Command 'write /config/usb_gadget/g1/UDC ${sys.usb.controller}' action=sys.usb.config=adb && sys.usb.configfs=1 && sys.usb.ffs.ready=1 (/system/etc/init/hw/init.usb.configfs.rc:23) took 1ms and failed: Unable to write to file '/config/usb_gadget/g1/UDC': Unable to write file contents: Device or resource busy
05-19 15:21:05.002 1272 1272 W ContextImpl: Calling a method in the system process without a qualified user: android.app.ContextImpl.sendBroadcast:1181 android.content.ContextWrapper.sendBroadcast:479 cn.eben.newweather.DateWeatherService.a:19 cn.eben.newweather.DateWeatherService.a:0 cn.eben.newweather.DateWeatherService$1.handleMessage:7
05-21 15:51:01.719 6308 6308 I r8152 4-1.4: 1.0 eth1: carrier on
05-21 15:51:01.885 29262 29262 I : read descriptors
05-21 15:51:01.885 29262 29262 I : read strings
05-21 15:51:01.886 1 1 I init : processing action (sys.usb.config=adb && sys.usb.configfs=1 && sys.usb.ffs.ready=1) from (/system/etc/init/hw/init.usb.configfs.rc:20)
05-21 15:51:01.887 1 1 I init : Command 'symlink /config/usb_gadget/g1/functions/ffs.adb /config/usb_gadget/g1/configs/b.1/f1' action=sys.usb.config=adb && sys.usb.configfs=1 && sys.usb.ffs.ready=1 (/system/etc/init/hw/init.usb.configfs.rc:22) took 0ms and failed: symlink() failed: File exists
05-21 15:51:01.887 1 1 I init : Command 'write /config/usb_gadget/g1/UDC ${sys.usb.controller}' action=sys.usb.config=adb && sys.usb.configfs=1 && sys.usb.ffs.ready=1 (/system/etc/init/hw/init.usb.configfs.rc:23) took 0ms and failed: Unable to write to file '/config/usb_gadget/g1/UDC': Unable to write file contents: Device or resource busy
05-19 15:21:06.003 1272 1272 W ContextImpl: Calling a method in the system process without a qualified user: android.app.ContextImpl.sendBroadcast:1181 android.content.ContextWrapper.sendBroadcast:479 cn.eben.newweather.DateWeatherService.a:19 cn.eben.newweather.DateWeatherService.a:0 cn.eben.newweather.DateWeatherService$1.handleMessage:7
05-19 15:21:06.480 463 491 I RIL : ---> enter mainloop wait at port
05-19 15:21:06.480 463 491 D RIL-DEV : Get modem info
05-19 15:21:06.481 463 491 D RIL-DEV : [05-19_15:21:06:481] idVendor = 0bda
05-19 15:21:06.481 463 491 D RIL-DEV :
05-19 15:21:06.481 463 491 D RIL-DEV : [05-19_15:21:06:482] idVendor = 05e3
05-19 15:21:06.481 463 491 D RIL-DEV :
05-19 15:21:06.482 463 491 D RIL-DEV : [05-19_15:21:06:482] idVendor = 1d6b
05-19 15:21:06.482 463 491 D RIL-DEV :
05-19 15:21:06.482 463 491 D RIL-DEV : [05-19_15:21:06:482] idVendor = 1d6b
05-19 15:21:06.482 463 491 D RIL-DEV :
05-19 15:21:06.482 463 491 D RIL-DEV : [05-19_15:21:06:483] idVendor = 0bda
05-19 15:21:06.482 463 491 D RIL-DEV :
05-19 15:21:06.483 463 491 D RIL-DEV : [05-19_15:21:06:483] idVendor = 1d6b
05-19 15:21:06.483 463 491 D RIL-DEV :
05-19 15:21:06.483 463 491 D RIL-DEV : [05-19_15:21:06:483] idVendor = 2109
05-19 15:21:06.483 463 491 D RIL-DEV :
05-19 15:21:06.483 463 491 D RIL-DEV : [05-19_15:21:06:484] idVendor = 2109
05-19 15:21:06.483 463 491 D RIL-DEV :
05-19 15:21:06.484 463 491 D RIL-DEV : [05-19_15:21:06:484] idVendor = 1d6b
05-19 15:21:06.484 463 491 D RIL-DEV :
05-19 15:21:06.484 463 491 D RIL-DEV : [05-19_15:21:06:484] idVendor = 0bda
05-19 15:21:06.484 463 491 D RIL-DEV :
05-19 15:21:06.484 463 491 D RIL-DEV : [05-19_15:21:06:485] idVendor = 2109
05-19 15:21:06.484 463 491 D RIL-DEV :
05-19 15:21:06.485 463 491 E RIL-DEV : Cannot find Meig devices
05-19 15:21:06.485 463 491 I RIL : ---> can't find meig usb devices
05-21 15:51:02.958 29262 29262 I : read descriptors
05-21 15:51:02.959 29262 29262 I : read strings
05-21 15:51:02.960 1 1 I init : processing action (sys.usb.config=adb && sys.usb.configfs=1 && sys.usb.ffs.ready=1) from (/system/etc/init/hw/init.usb.configfs.rc:20)
05-19 15:21:07.002 1272 1272 W ContextImpl: Calling a method in the system process without a qualified user: android.app.ContextImpl.sendBroadcast:1181 android.content.ContextWrapper.sendBroadcast:479 cn.eben.newweather.DateWeatherService.a:19 cn.eben.newweather.DateWeatherService.a:0 cn.eben.newweather.DateWeatherService$1.handleMessage:7
05-19 15:21:07.427 627 653 W ActivityManager: Failed to clear dns cache for: com.ebensz.office.entry
05-21 15:51:03.746 653 653 I binder : 627:653 transaction failed 29201/-28, size 80-0 line 2921
05-19 15:21:07.442 627 653 W ActivityManager: Failed to clear dns cache for: com.ebensz.office.entry
05-21 15:51:03.762 653 653 I binder : 627:653 transaction failed 29201/-28, size 80-0 line 2921
05-19 15:21:07.470 627 685 W ContentProviderHelper: Permission Denial: opening provider com.android.providers.contacts.ContactsProvider2 from ProcessRecord{552b742 1631:cn.eben.sync/u0a63} (pid=1631, uid=10063) requires android.permission.READ_CONTACTS or android.permission.WRITE_CONTACTS
05-19 15:21:07.473 627 730 I netstats_mobile_sample: [0,0,0,0,0,0,0,0,0,0,0,0,1747639267474]
05-19 15:21:07.473 627 730 I netstats_wifi_sample: [0,0,0,0,0,0,0,0,0,0,0,0,1747639267474]
05-19 15:21:07.482 627 730 I service_manager_stats: [100,59,76798]
05-19 15:21:07.512 627 730 I netstats_mobile_sample: [0,0,0,0,0,0,0,0,0,0,0,0,1747639267513]
05-19 15:21:07.512 627 730 I netstats_wifi_sample: [0,0,0,0,0,0,0,0,0,0,0,0,1747639267513]
05-19 15:21:07.529 627 730 W ContextImpl: Calling a method in the system process without a qualified user: android.app.ContextImpl.sendStickyBroadcast:1567 com.android.server.ConnectivityService.sendStickyBroadcast:2811 com.android.server.ConnectivityService.sendGeneralBroadcast:2786 com.android.server.ConnectivityService.sendConnectedBroadcast:2759 com.android.server.ConnectivityService.sendLegacyNetworkBroadcast:8704
05-19 15:21:07.532 627 653 W BroadcastQueue: Target SDK mismatch: receiver ActivityInfo{9bf1ce4 com.xiaomi.push.service.receivers.NetworkStatusReceiver} targets 26 but delivery restricted to [0, 23] broadcasting Intent { act=android.net.conn.CONNECTIVITY_CHANGE flg=0x4200010 (has extras) } from android (pid=627, uid=1000) to com.zhangyue.read.iReader/com.xiaomi.push.service.receivers.NetworkStatusReceiver
05-19 15:21:07.532 627 653 W BroadcastQueue: Target SDK mismatch: receiver ActivityInfo{d84f54d cn.eben.help.LoadAllReceiver} targets 28 but delivery restricted to [0, 23] broadcasting Intent { act=android.net.conn.CONNECTIVITY_CHANGE flg=0x4200010 (has extras) } from android (pid=627, uid=1000) to cn.eben.help/.LoadAllReceiver
05-19 15:21:07.532 627 653 W BroadcastQueue: Target SDK mismatch: receiver ActivityInfo{ae81802 cn.eben.android.receiver.AppSyncReceiver} targets 27 but delivery restricted to [0, 23] broadcasting Intent { act=android.net.conn.CONNECTIVITY_CHANGE flg=0x4200010 (has extras) } from android (pid=627, uid=1000) to cn.eben.sync/cn.eben.android.receiver.AppSyncReceiver
05-19 15:21:07.535 19442 19442 W ContextImpl: Calling a method in the system process without a qualified user: android.app.ContextImpl.startService:1824 android.content.ContextWrapper.startService:774 android.content.ContextWrapper.startService:774 com.ebensz.appmanager.service.UploadMyAppsInfoService.startUploadMyAppsInfoService:78 com.ebensz.appmanager.receiver.UploadMyAppsInfoReceiver.onReceive:33
05-19 15:21:07.540 19470 19470 W ContextImpl: Calling a method in the system process without a qualified user: android.app.ContextImpl.startService:1824 android.content.ContextWrapper.startService:774 android.content.ContextWrapper.startService:774 com.ebensz.appmanager.mydownloadmanager.DownloadReceiver.startService:245 com.ebensz.appmanager.mydownloadmanager.DownloadReceiver.onReceive:74
05-19 15:21:07.541 627 9940 W BroadcastQueue: Target SDK mismatch: receiver ActivityInfo{9aca55a com.ebensz.ota.ActionReceiver} targets 29 but delivery restricted to [0, 23] broadcasting Intent { act=android.net.conn.CONNECTIVITY_CHANGE flg=0x4200010 (has extras) } from android (pid=627, uid=1000) to com.ebensz.ota/.ActionReceiver
05-19 15:21:07.542 627 653 W BroadcastQueue: Target SDK mismatch: receiver ActivityInfo{680038b com.taobao.accs.EventReceiver} targets 26 but delivery restricted to [0, 23] broadcasting Intent { act=android.net.conn.CONNECTIVITY_CHANGE flg=0x4200010 (has extras) } from android (pid=627, uid=1000) to com.zhangyue.read.iReader/com.taobao.accs.EventReceiver
05-19 15:21:07.542 627 627 I notification_cancel_all: [1000,19470,com.ebensz.appmanager,0,0,64,9,NULL]
05-19 15:21:07.621 627 627 I notification_enqueue: [10098,25952,com.baidu.appsearch,2131755453,NULL,0,Notification(channel=手机管理、安全检测相关通知 shortcut=null contentView=null vibrate=null sound=null defaults=0x0 flags=0x62 color=0x00000000 vis=PRIVATE),1]
05-19 15:21:07.628 627 627 I notification_enqueue: [10098,25952,com.baidu.appsearch,2131755453,NULL,0,Notification(channel=手机管理、安全检测相关通知 shortcut=null contentView=null vibrate=null sound=null defaults=0x0 flags=0x62 color=0x00000000 vis=PRIVATE),1]
05-21 15:51:04.020 29262 29262 I : read descriptors
05-21 15:51:04.020 29262 29262 I : read strings
05-19 15:21:07.820 975 975 D TelephonyNetworkFactory[0]: onReleaseNetworkFor NetworkRequest [ REQUEST id=15, [ Capabilities: INTERNET&NOT_RESTRICTED&TRUSTED&NOT_VCN_MANAGED Uid: 1000 RequestorUid: 1000 RequestorPkg: android] ] applied false
05-19 15:21:07.821 975 975 D TelephonyNetworkFactory[0]: onReleaseNetworkFor NetworkRequest [ REQUEST id=132, [ Capabilities: INTERNET&NOT_RESTRICTED&TRUSTED&NOT_VCN_MANAGED Uid: 10098 RequestorUid: 10098 RequestorPkg: com.baidu.appsearch] ] applied false
05-19 15:21:07.821 975 975 D TelephonyNetworkFactory[0]: onReleaseNetworkFor NetworkRequest [ REQUEST id=28, [ Capabilities: INTERNET&NOT_RESTRICTED&TRUSTED&NOT_VCN_MANAGED Uid: 1001 RequestorUid: 1001 RequestorPkg: com.android.phone] ] applied false
05-19 15:21:07.821 975 975 D TelephonyNetworkFactory[0]: onReleaseNetworkFor NetworkRequest [ REQUEST id=32, [ Capabilities: INTERNET&NOT_RESTRICTED&TRUSTED&NOT_VCN_MANAGED Uid: 1000 RequestorUid: 1000 RequestorPkg: android] ] applied false
05-19 15:21:07.821 975 975 D TelephonyNetworkFactory[0]: onReleaseNetworkFor NetworkRequest [ REQUEST id=117, [ Capabilities: INTERNET&NOT_RESTRICTED&TRUSTED&NOT_VCN_MANAGED Uid: 10072 RequestorUid: 1000 RequestorPkg: android] ] applied false
05-19 15:21:07.821 975 975 D TelephonyNetworkFactory[0]: onReleaseNetworkFor NetworkRequest [ REQUEST id=23, [ Capabilities: INTERNET&NOT_RESTRICTED&TRUSTED&NOT_VCN_MANAGED Uid: 1000 RequestorUid: 1000 RequestorPkg: com.android.networkstack.inprocess] ] applied false
05-19 15:21:07.822 975 975 D TelephonyNetworkFactory[0]: onReleaseNetworkFor NetworkRequest [ REQUEST id=136, [ Capabilities: INTERNET&NOT_RESTRICTED&TRUSTED&NOT_VCN_MANAGED Uid: 10072 RequestorUid: 10072 RequestorPkg: com.ebensz.email] ] applied false
05-19 15:21:07.822 975 975 D TelephonyNetworkFactory[0]: onReleaseNetworkFor NetworkRequest [ REQUEST id=38, [ Capabilities: INTERNET&NOT_RESTRICTED&TRUSTED&NOT_VCN_MANAGED Uid: 10023 RequestorUid: 1000 RequestorPkg: android] ] applied false
05-19 15:21:07.822 975 975 D TelephonyNetworkFactory[0]: onReleaseNetworkFor NetworkRequest [ REQUEST id=127, [ Capabilities: INTERNET&NOT_RESTRICTED&TRUSTED&NOT_VCN_MANAGED Uid: 10079 RequestorUid: 1000 RequestorPkg: android] ] applied false
05-19 15:21:07.822 975 975 D TelephonyNetworkFactory[0]: onReleaseNetworkFor NetworkRequest [ REQUEST id=1, [ Capabilities: INTERNET&NOT_RESTRICTED&TRUSTED&NOT_VPN&NOT_VCN_MANAGED RequestorUid: 1000 RequestorPkg: android] ] applied false
05-19 15:21:07.823 975 975 D TelephonyNetworkFactory[0]: onReleaseNetworkFor NetworkRequest [ REQUEST id=36, [ Capabilities: INTERNET&NOT_RESTRICTED&TRUSTED&NOT_VCN_MANAGED Uid: 10086 RequestorUid: 1000 RequestorPkg: android] ] applied false
05-19 15:21:07.823 975 975 D TelephonyNetworkFactory[0]: onReleaseNetworkFor NetworkRequest [ REQUEST id=18, [ Capabilities: INTERNET&NOT_RESTRICTED&TRUSTED&NOT_VCN_MANAGED Uid: 10088 RequestorUid: 10088 RequestorPkg: com.android.systemui] ] applied false
05-19 15:21:07.823 975 975 D TelephonyNetworkFactory[0]: onReleaseNetworkFor NetworkRequest [ REQUEST id=20, [ Capabilities: INTERNET&NOT_RESTRICTED&TRUSTED&NOT_VCN_MANAGED Uid: 10088 RequestorUid: 10088 RequestorPkg: com.android.systemui] ] applied false
05-19 15:21:07.824 975 975 D TelephonyNetworkFactory[0]: onReleaseNetworkFor NetworkRequest [ REQUEST id=7, [ Capabilities: INTERNET&NOT_RESTRICTED&TRUSTED&NOT_VCN_MANAGED Uid: 1000 RequestorUid: 1000 RequestorPkg: android] ] applied false
05-19 15:21:07.824 975 975 D TelephonyNetworkFactory[0]: onReleaseNetworkFor NetworkRequest [ REQUEST id=134, [ Capabilities: INTERNET&NOT_RESTRICTED&TRUSTED&NOT_VCN_MANAGED Uid: 10098 RequestorUid: 1000 RequestorPkg: android] ] applied false
05-19 15:21:07.837 627 730 W ContextImpl: Calling a method in the system process without a qualified user: android.app.ContextImpl.sendStickyBroadcast:1567 com.android.server.ConnectivityService.sendStickyBroadcast:2811 com.android.server.ConnectivityService.sendGeneralBroadcast:2786 com.android.server.ConnectivityService.sendInetConditionBroadcast:2763 com.android.server.ConnectivityService.updateInetCondition:8451
05-19 15:21:07.838 627 653 W ActivityManager: Failed to clear dns cache for: com.ebensz.office.entry
05-21 15:51:04.158 653 653 I binder : 627:653 transaction failed 29201/-28, size 80-0 line 2921
05-19 15:21:08.003 1272 1272 W ContextImpl: Calling a method in the system process without a qualified user: android.app.ContextImpl.sendBroadcast:1181 android.content.ContextWrapper.sendBroadcast:479 cn.eben.newweather.DateWeatherService.a:19 cn.eben.newweather.DateWeatherService.a:0 cn.eben.newweather.DateWeatherService$1.handleMessage:7
05-19 15:21:08.485 463 491 I RIL : ---> enter mainloop wait at port
05-19 15:21:08.485 463 491 D RIL-DEV : Get modem info
05-19 15:21:08.486 463 491 D RIL-DEV : [05-19_15:21:08:486] idVendor = 0bda
05-19 15:21:08.486 463 491 D RIL-DEV :
05-19 15:21:08.486 463 491 D RIL-DEV : [05-19_15:21:08:487] idVendor = 05e3
05-19 15:21:08.486 463 491 D RIL-DEV :
05-19 15:21:08.486 463 491 D RIL-DEV : [05-19_15:21:08:487] idVendor = 1d6b
05-19 15:21:08.486 463 491 D RIL-DEV :
05-19 15:21:08.487 463 491 D RIL-DEV : [05-19_15:21:08:487] idVendor = 1d6b
05-19 15:21:08.487 463 491 D RIL-DEV :
05-19 15:21:08.487 463 491 D RIL-DEV : [05-19_15:21:08:487] idVendor = 0bda
05-19 15:21:08.487 463 491 D RIL-DEV :
05-19 15:21:08.487 463 491 D RIL-DEV : [05-19_15:21:08:488] idVendor = 1d6b
05-19 15:21:08.487 463 491 D RIL-DEV :
05-19 15:21:08.488 463 491 D RIL-DEV : [05-19_15:21:08:488] idVendor = 2109
05-19 15:21:08.488 463 491 D RIL-DEV :
05-19 15:21:08.488 463 491 D RIL-DEV : [05-19_15:21:08:489] idVendor = 2109
05-19 15:21:08.488 463 491 D RIL-DEV :
05-19 15:21:08.488 463 491 D RIL-DEV : [05-19_15:21:08:489] idVendor = 1d6b
05-19 15:21:08.488 463 491 D RIL-DEV :
05-19 15:21:08.489 463 491 D RIL-DEV : [05-19_15:21:08:489] idVendor = 0bda
05-19 15:21:08.489 463 491 D RIL-DEV :
05-19 15:21:08.489 463 491 D RIL-DEV : [05-19_15:21:08:490] idVendor = 2109
05-19 15:21:08.489 463 491 D RIL-DEV :
05-19 15:21:08.489 463 491 E RIL-DEV : Cannot find Meig devices
05-19 15:21:08.489 463 491 I RIL : ---> can't find meig usb devices
05-19 15:21:08.575 19442 19442 W ContextImpl: Calling a method in the system process without a qualified user: android.app.ContextImpl.startService:1824 android.content.ContextWrapper.startService:774 com.ebensz.appmanager.service.UploadMyAppsInfoService$1.handleMessage:63 android.os.Handler.dispatchMessage:106 android.os.Looper.loopOnce:201
05-21 15:51:05.082 29262 29262 I : read descriptors
05-21 15:51:05.082 29262 29262 I : read strings
05-21 15:51:05.085 1 1 I init : processing action (sys.usb.config=adb && sys.usb.configfs=1 && sys.usb.ffs.ready=1) from (/system/etc/init/hw/init.usb.configfs.rc:20)
05-21 15:51:05.086 1 1 I init : Command 'symlink /config/usb_gadget/g1/functions/ffs.adb /config/usb_gadget/g1/configs/b.1/f1' action=sys.usb.config=adb && sys.usb.configfs=1 && sys.usb.ffs.ready=1 (/system/etc/init/hw/init.usb.configfs.rc:22) took 0ms and failed: symlink() failed: File exists
05-21 15:51:05.087 1 1 I init : Command 'write /config/usb_gadget/g1/UDC ${sys.usb.controller}' action=sys.usb.config=adb && sys.usb.configfs=1 && sys.usb.ffs.ready=1 (/system/etc/init/hw/init.usb.configfs.rc:23) took 0ms and failed: Unable to write to file '/config/usb_gadget/g1/UDC': Unable to write file contents: Device or resource busy
05-19 15:21:09.003 1272 1272 W ContextImpl: Calling a method in the system process without a qualified user: android.app.ContextImpl.sendBroadcast:1181 android.content.ContextWrapper.sendBroadcast:479 cn.eben.newweather.DateWeatherService.a:19 cn.eben.newweather.DateWeatherService.a:0 cn.eben.newweather.DateWeatherService$1.handleMessage:7
05-21 15:51:06.155 29262 29262 I : read descriptors
05-21 15:51:06.155 29262 29262 I : read strings
05-21 15:51:06.157 1 1 I init : processing action (sys.usb.config=adb && sys.usb.configfs=1 && sys.usb.ffs.ready=1) from (/system/etc/init/hw/init.usb.configfs.rc:20)
05-21 15:51:06.160 1 1 I init : Command 'symlink /config/usb_gadget/g1/functions/ffs.adb /config/usb_gadget/g1/configs/b.1/f1' action=sys.usb.config=adb && sys.usb.configfs=1 && sys.usb.ffs.ready=1 (/system/etc/init/hw/init.usb.configfs.rc:22) took 0ms and failed: symlink() failed: File exists
05-21 15:51:06.163 1 1 I init : Command 'write /config/usb_gadget/g1/UDC ${sys.usb.controller}' action=sys.usb.config=adb && sys.usb.configfs=1 && sys.usb.ffs.ready=1 (/system/etc/init/hw/init.usb.configfs.rc:23) took 0ms and failed: Unable to write to file '/config/usb_gadget/g1/UDC': Unable to write file contents: Device or resource busy
05-19 15:21:10.002 1272 1272 W ContextImpl: Calling a method in the system process without a qualified user: android.app.ContextImpl.sendBroadcast:1181 android.content.ContextWrapper.sendBroadcast:479 cn.eben.newweather.DateWeatherService.a:19 cn.eben.newweather.DateWeatherService.a:0 cn.eben.newweather.DateWeatherService$1.handleMessage:7
05-19 15:21:10.490 463 491 I RIL : ---> enter mainloop wait at port
05-19 15:21:10.490 463 491 D RIL-DEV : Get modem info
05-19 15:21:10.491 463 491 D RIL-DEV : [05-19_15:21:10:491] idVendor = 0bda
05-19 15:21:10.491 463 491 D RIL-DEV :
05-19 15:21:10.491 463 491 D RIL-DEV : [05-19_15:21:10:491] idVendor = 05e3
05-19 15:21:10.491 463 491 D RIL-DEV :
05-19 15:21:10.492 463 491 D RIL-DEV : [05-19_15:21:10:492] idVendor = 1d6b
05-19 15:21:10.492 463 491 D RIL-DEV :
05-19 15:21:10.492 463 491 D RIL-DEV : [05-19_15:21:10:492] idVendor = 1d6b
05-19 15:21:10.492 463 491 D RIL-DEV :
05-19 15:21:10.492 463 491 D RIL-DEV : [05-19_15:21:10:493] idVendor = 0bda
05-19 15:21:10.492 463 491 D RIL-DEV :
05-19 15:21:10.492 463 491 D RIL-DEV : [05-19_15:21:10:493] idVendor = 1d6b
05-19 15:21:10.492 463 491 D RIL-DEV :
05-19 15:21:10.493 463 491 D RIL-DEV : [05-19_15:21:10:493] idVendor = 2109
05-19 15:21:10.493 463 491 D RIL-DEV :
05-19 15:21:10.493 463 491 D RIL-DEV : [05-19_15:21:10:494] idVendor = 2109
05-19 15:21:10.493 463 491 D RIL-DEV :
05-19 15:21:10.493 463 491 D RIL-DEV : [05-19_15:21:10:494] idVendor = 1d6b
05-19 15:21:10.493 463 491 D RIL-DEV :
05-19 15:21:10.494 463 491 D RIL-DEV : [05-19_15:21:10:494] idVendor = 0bda
05-19 15:21:10.494 463 491 D RIL-DEV :
05-19 15:21:10.494 463 491 D RIL-DEV : [05-19_15:21:10:494] idVendor = 2109
05-19 15:21:10.494 463 491 D RIL-DEV :
05-19 15:21:10.494 463 491 E RIL-DEV : Cannot find Meig devices
05-19 15:21:10.494 463 491 I RIL : ---> can't find meig usb devices
05-21 15:51:07.208 29262 29262 I : read descriptors
05-21 15:51:07.208 29262 29262 I : read strings
05-21 15:51:07.210 1 1 I init : processing action (sys.usb.config=adb && sys.usb.configfs=1 && sys.usb.ffs.ready=1) from (/system/etc/init/hw/init.usb.configfs.rc:20)
05-21 15:51:07.213 1 1 I init : Command 'symlink /config/usb_gadget/g1/functions/ffs.adb /config/usb_gadget/g1/configs/b.1/f1' action=sys.usb.config=adb && sys.usb.configfs=1 && sys.usb.ffs.ready=1 (/system/etc/init/hw/init.usb.configfs.rc:22) took 0ms and failed: symlink() failed: File exists
05-21 15:51:07.214 1 1 I init : Command 'write /config/usb_gadget/g1/UDC ${sys.usb.controller}' action=sys.usb.config=adb && sys.usb.configfs=1 && sys.usb.ffs.ready=1 (/system/etc/init/hw/init.usb.configfs.rc:23) took 0ms and failed: Unable to write to file '/config/usb_gadget/g1/UDC': Unable to write file contents: Device or resource busy
05-19 15:21:11.002 1272 1272 W ContextImpl: Calling a method in the system process without a qualified user: android.app.ContextImpl.sendBroadcast:1181 android.content.ContextWrapper.sendBroadcast:479 cn.eben.newweather.DateWeatherService.a:19 cn.eben.newweather.DateWeatherService.a:0 cn.eben.newweather.DateWeatherService$1.handleMessage:7
05-21 15:51:08.265 29262 29262 I : read descriptors
05-21 15:51:08.265 29262 29262 I : read strings
05-21 15:51:08.268 1 1 I init : processing action (sys.usb.config=adb && sys.usb.configfs=1 && sys.usb.ffs.ready=1) from (/system/etc/init/hw/init.usb.configfs.rc:20)
05-19 15:21:12.002 1272 1272 W ContextImpl: Calling a method in the system process without a qualified user: android.app.ContextImpl.sendBroadcast:1181 android.content.ContextWrapper.sendBroadcast:479 cn.eben.newweather.DateWeatherService.a:19 cn.eben.newweather.DateWeatherService.a:0 cn.eben.newweather.DateWeatherService$1.handleMessage:7
05-19 15:21:12.473 627 9940 W ContentProviderHelper: Permission Denial: opening provider com.android.providers.contacts.ContactsProvider2 from ProcessRecord{552b742 1631:cn.eben.sync/u0a63} (pid=1631, uid=10063) requires android.permission.READ_CONTACTS or android.permission.WRITE_CONTACTS
05-19 15:21:12.495 463 491 I RIL : ---> enter mainloop wait at port
05-19 15:21:12.495 463 491 D RIL-DEV : Get modem info
05-19 15:21:12.496 463 491 D RIL-DEV : [05-19_15:21:12:496] idVendor = 0bda
05-19 15:21:12.496 463 491 D RIL-DEV :
05-19 15:21:12.496 463 491 D RIL-DEV : [05-19_15:21:12:496] idVendor = 05e3
05-19 15:21:12.496 463 491 D RIL-DEV :
05-19 15:21:12.496 463 491 D RIL-DEV : [05-19_15:21:12:497] idVendor = 1d6b
05-19 15:21:12.496 463 491 D RIL-DEV :
05-19 15:21:12.497 463 491 D RIL-DEV : [05-19_15:21:12:497] idVendor = 1d6b
05-19 15:21:12.497 463 491 D RIL-DEV :
05-19 15:21:12.497 463 491 D RIL-DEV : [05-19_15:21:12:497] idVendor = 0bda
05-19 15:21:12.497 463 491 D RIL-DEV :
05-19 15:21:12.497 463 491 D RIL-DEV : [05-19_15:21:12:498] idVendor = 1d6b
05-19 15:21:12.497 463 491 D RIL-DEV :
05-19 15:21:12.498 463 491 D RIL-DEV : [05-19_15:21:12:498] idVendor = 2109
05-19 15:21:12.498 463 491 D RIL-DEV :
05-19 15:21:12.498 463 491 D RIL-DEV : [05-19_15:21:12:499] idVendor = 2109
05-19 15:21:12.498 463 491 D RIL-DEV :
05-19 15:21:12.498 463 491 D RIL-DEV : [05-19_15:21:12:499] idVendor = 1d6b
05-19 15:21:12.498 463 491 D RIL-DEV :
05-19 15:21:12.499 463 491 D RIL-DEV : [05-19_15:21:12:499] idVendor = 0bda
05-19 15:21:12.499 463 491 D RIL-DEV :
05-19 15:21:12.499 463 491 D RIL-DEV : [05-19_15:21:12:499] idVendor = 2109
05-19 15:21:12.499 463 491 D RIL-DEV :
05-19 15:21:12.499 463 491 E RIL-DEV : Cannot find Meig devices
05-19 15:21:12.499 463 491 I RIL : ---> can't find meig usb devices
05-19 15:21:12.631 627 627 I notification_enqueue: [10098,25952,com.baidu.appsearch,2131755453,NULL,0,Notification(channel=手机管理、安全检测相关通知 shortcut=null contentView=null vibrate=null sound=null defaults=0x0 flags=0x62 color=0x00000000 vis=PRIVATE),1]
05-19 15:21:13.002 1272 1272 W ContextImpl: Calling a method in the system process without a qualified user: android.app.ContextImpl.sendBroadcast:1181 android.content.ContextWrapper.sendBroadcast:479 cn.eben.newweather.DateWeatherService.a:19 cn.eben.newweather.DateWeatherService.a:0 cn.eben.newweather.DateWeatherService$1.handleMessage:7
05-21 15:51:09.325 29262 29262 I : read descriptors
05-21 15:51:09.325 29262 29262 I : read strings
05-19 15:21:14.002 1272 1272 W ContextImpl: Calling a method in the system process without a qualified user: android.app.ContextImpl.sendBroadcast:1181 android.content.ContextWrapper.sendBroadcast:479 cn.eben.newweather.DateWeatherService.a:19 cn.eben.newweather.DateWeatherService.a:0 cn.eben.newweather.DateWeatherService$1.handleMessage:7
05-21 15:51:10.395 29262 29262 I : read descriptors
05-21 15:51:10.395 29262 29262 I : read strings
05-21 15:51:10.398 1 1 I init : processing action (sys.usb.config=adb && sys.usb.configfs=1 && sys.usb.ffs.ready=1) from (/system/etc/init/hw/init.usb.configfs.rc:20)
05-21 15:51:10.400 1 1 I init : Command 'symlink /config/usb_gadget/g1/functions/ffs.adb /config/usb_gadget/g1/configs/b.1/f1' action=sys.usb.config=adb && sys.usb.configfs=1 && sys.usb.ffs.ready=1 (/system/etc/init/hw/init.usb.configfs.rc:22) took 0ms and failed: symlink() failed: File exists
05-21 15:51:10.403 1 1 I init : Command 'write /config/usb_gadget/g1/UDC ${sys.usb.controller}' action=sys.usb.config=adb && sys.usb.configfs=1 && sys.usb.ffs.ready=1 (/system/etc/init/hw/init.usb.configfs.rc:23) took 2ms and failed: Unable to write to file '/config/usb_gadget/g1/UDC': Unable to write file contents: Device or resource busy
05-19 15:21:14.500 463 491 I RIL : ---> enter mainloop wait at port
05-19 15:21:14.500 463 491 D RIL-DEV : Get modem info
05-19 15:21:14.501 463 491 D RIL-DEV : [05-19_15:21:14:501] idVendor = 0bda
05-19 15:21:14.501 463 491 D RIL-DEV :
05-19 15:21:14.501 463 491 D RIL-DEV : [05-19_15:21:14:501] idVendor = 05e3
05-19 15:21:14.501 463 491 D RIL-DEV :
05-19 15:21:14.501 463 491 D RIL-DEV : [05-19_15:21:14:502] idVendor = 1d6b
05-19 15:21:14.501 463 491 D RIL-DEV :
05-19 15:21:14.502 463 491 D RIL-DEV : [05-19_15:21:14:502] idVendor = 1d6b
05-19 15:21:14.502 463 491 D RIL-DEV :
05-19 15:21:14.502 463 491 D RIL-DEV : [05-19_15:21:14:502] idVendor = 0bda
05-19 15:21:14.502 463 491 D RIL-DEV :
05-19 15:21:14.502 463 491 D RIL-DEV : [05-19_15:21:14:503] idVendor = 1d6b
05-19 15:21:14.502 463 491 D RIL-DEV :
05-19 15:21:14.503 463 491 D RIL-DEV : [05-19_15:21:14:503] idVendor = 2109
05-19 15:21:14.503 463 491 D RIL-DEV :
05-19 15:21:14.503 463 491 D RIL-DEV : [05-19_15:21:14:503] idVendor = 2109
05-19 15:21:14.503 463 491 D RIL-DEV :
05-19 15:21:14.503 463 491 D RIL-DEV : [05-19_15:21:14:504] idVendor = 1d6b
05-19 15:21:14.503 463 491 D RIL-DEV :
05-19 15:21:14.504 463 491 D RIL-DEV : [05-19_15:21:14:504] idVendor = 0bda
05-19 15:21:14.504 463 491 D RIL-DEV :
05-19 15:21:14.504 463 491 D RIL-DEV : [05-19_15:21:14:504] idVendor = 2109
05-19 15:21:14.504 463 491 D RIL-DEV :
05-19 15:21:14.504 463 491 E RIL-DEV : Cannot find Meig devices
05-19 15:21:14.504 463 491 I RIL : ---> can't find meig usb devices
05-19 15:21:14.542 627 668 V DisplayPowerController[0]: Brightness [0.05] reason changing to: 'manual [ dim ]', previous reason: 'manual'.
05-19 15:21:14.542 627 668 I sysui_multi_action: [757,1696,758,6,759,2]
05-19 15:21:15.002 1272 1272 W ContextImpl: Calling a method in the system process without a qualified user: android.app.ContextImpl.sendBroadcast:1181 android.content.ContextWrapper.sendBroadcast:479 cn.eben.newweather.DateWeatherService.a:19 cn.eben.newweather.DateWeatherService.a:0 cn.eben.newweather.DateWeatherService$1.handleMessage:7
05-21 15:51:11.452 29262 29262 I : read descriptors
05-21 15:51:11.452 29262 29262 I : read strings
05-21 15:51:11.454 1 1 I init : processing action (sys.usb.config=adb && sys.usb.configfs=1 && sys.usb.ffs.ready=1) from (/system/etc/init/hw/init.usb.configfs.rc:20)
05-21 15:51:11.456 1 1 I init : Command 'symlink /config/usb_gadget/g1/functions/ffs.adb /config/usb_gadget/g1/configs/b.1/f1' action=sys.usb.config=adb && sys.usb.configfs=1 && sys.usb.ffs.ready=1 (/system/etc/init/hw/init.usb.configfs.rc:22) took 0ms and failed: symlink() failed: File exists
05-21 15:51:11.457 1 1 I init : Command 'write /config/usb_gadget/g1/UDC ${sys.usb.controller}' action=sys.usb.config=adb && sys.usb.configfs=1 && sys.usb.ffs.ready=1 (/system/etc/init/hw/init.usb.configfs.rc:23) took 0ms and failed: Unable to write to file '/config/usb_gadget/g1/UDC': Unable to write file contents: Device or resource busy
05-19 15:21:16.002 1272 1272 W ContextImpl: Calling a method in the system process without a qualified user: android.app.ContextImpl.sendBroadcast:1181 android.content.ContextWrapper.sendBroadcast:479 cn.eben.newweather.DateWeatherService.a:19 cn.eben.newweather.DateWeatherService.a:0 cn.eben.newweather.DateWeatherService$1.handleMessage:7
05-21 15:51:12.495 29262 29262 I : read descriptors
05-21 15:51:12.495 29262 29262 I : read strings
05-21 15:51:12.497 1 1 I init : processing action (sys.usb.config=adb && sys.usb.configfs=1 && sys.usb.ffs.ready=1) from (/system/etc/init/hw/init.usb.configfs.rc:20)
05-21 15:51:12.500 1 1 I init : Command 'symlink /config/usb_gadget/g1/functions/ffs.adb /config/usb_gadget/g1/configs/b.1/f1' action=sys.usb.config=adb && sys.usb.configfs=1 && sys.usb.ffs.ready=1 (/system/etc/init/hw/init.usb.configfs.rc:22) took 0ms and failed: symlink() failed: File exists
05-21 15:51:12.501 1 1 I init : Command 'write /config/usb_gadget/g1/UDC ${sys.usb.controller}' action=sys.usb.config=adb && sys.usb.configfs=1 && sys.usb.ffs.ready=1 (/system/etc/init/hw/init.usb.configfs.rc:23) took 0ms and failed: Unable to write to file '/config/usb_gadget/g1/UDC': Unable to write file contents: Device or resource busy
05-19 15:21:16.505 463 491 I RIL : ---> enter mainloop wait at port
05-19 15:21:16.505 463 491 D RIL-DEV : Get modem info
05-19 15:21:16.505 463 491 D RIL-DEV : [05-19_15:21:16:506] idVendor = 0bda
05-19 15:21:16.505 463 491 D RIL-DEV :
05-19 15:21:16.506 463 491 D RIL-DEV : [05-19_15:21:16:506] idVendor = 05e3
05-19 15:21:16.506 463 491 D RIL-DEV :
05-19 15:21:16.506 463 491 D RIL-DEV : [05-19_15:21:16:507] idVendor = 1d6b
05-19 15:21:16.506 463 491 D RIL-DEV :
05-19 15:21:16.506 463 491 D RIL-DEV : [05-19_15:21:16:507] idVendor = 1d6b
05-19 15:21:16.506 463 491 D RIL-DEV :
05-19 15:21:16.507 463 491 D RIL-DEV : [05-19_15:21:16:507] idVendor = 0bda
05-19 15:21:16.507 463 491 D RIL-DEV :
05-19 15:21:16.507 463 491 D RIL-DEV : [05-19_15:21:16:508] idVendor = 1d6b
05-19 15:21:16.507 463 491 D RIL-DEV :
05-19 15:21:16.507 463 491 D RIL-DEV : [05-19_15:21:16:508] idVendor = 2109
05-19 15:21:16.507 463 491 D RIL-DEV :
05-19 15:21:16.508 463 491 D RIL-DEV : [05-19_15:21:16:508] idVendor = 2109
05-19 15:21:16.508 463 491 D RIL-DEV :
05-19 15:21:16.508 463 491 D RIL-DEV : [05-19_15:21:16:509] idVendor = 1d6b
05-19 15:21:16.508 463 491 D RIL-DEV :
05-19 15:21:16.509 463 491 D RIL-DEV : [05-19_15:21:16:509] idVendor = 0bda
05-19 15:21:16.509 463 491 D RIL-DEV :
05-19 15:21:16.509 463 491 D RIL-DEV : [05-19_15:21:16:510] idVendor = 2109
05-19 15:21:16.509 463 491 D RIL-DEV :
05-19 15:21:16.509 463 491 E RIL-DEV : Cannot find Meig devices
05-19 15:21:16.510 463 491 I RIL : ---> can't find meig usb devices
05-19 15:21:17.002 1272 1272 W ContextImpl: Calling a method in the system process without a qualified user: android.app.ContextImpl.sendBroadcast:1181 android.content.ContextWrapper.sendBroadcast:479 cn.eben.newweather.DateWeatherService.a:19 cn.eben.newweather.DateWeatherService.a:0 cn.eben.newweather.DateWeatherService$1.handleMessage:7
05-21 15:51:13.552 29262 29262 I : read descriptors
05-21 15:51:13.552 29262 29262 I : read strings
05-21 15:51:13.554 1 1 I init : processing action (sys.usb.config=adb && sys.usb.configfs=1 && sys.usb.ffs.ready=1) from (/system/etc/init/hw/init.usb.configfs.rc:20)
05-19 15:21:17.478 627 18939 W ContentProviderHelper: Permission Denial: opening provider com.android.providers.contacts.ContactsProvider2 from ProcessRecord{552b742 1631:cn.eben.sync/u0a63} (pid=1631, uid=10063) requires android.permission.READ_CONTACTS or android.permission.WRITE_CONTACTS
05-19 15:21:17.535 627 668 I PowerManagerService: Powering off display group due to timeout (groupId= 0, uid= 1000)...
05-19 15:21:17.535 627 668 I PowerManagerService: Going to sleep due to timeout (uid 1000)...
05-19 15:21:17.537 627 668 I power_sleep_requested: 0
05-19 15:21:17.595 627 668 V DisplayPowerController[0]: Brightness [0.5472441] reason changing to: 'manual', previous reason: 'manual [ dim ]'.
05-19 15:21:17.596 627 668 I sysui_multi_action: [757,1696,758,6,759,0]
05-19 15:21:18.001 1272 1272 W ContextImpl: Calling a method in the system process without a qualified user: android.app.ContextImpl.sendBroadcast:1181 android.content.ContextWrapper.sendBroadcast:479 cn.eben.newweather.DateWeatherService.a:19 cn.eben.newweather.DateWeatherService.a:0 cn.eben.newweather.DateWeatherService$1.handleMessage:7
05-19 15:21:18.027 627 668 I DisplayPowerController[0]: Blocking screen off
05-19 15:21:18.028 627 668 I DisplayPowerController[0]: Unblocked screen off after 1 ms
05-19 15:21:18.064 627 668 D ActivityTaskManager: Top Process State changed to PROCESS_STATE_TOP_SLEEPING
05-19 15:21:18.065 627 668 I wm_pause_activity: [0,156521685,com.ebensz.enote.notepad/.EditActivity,userLeaving=false,sleep]
05-19 15:21:18.066 3656 3656 I wm_on_top_resumed_lost_called: [156521685,com.ebensz.enote.notepad.EditActivity,topStateChangedWhenResumed]
05-19 15:21:18.068 627 668 I wm_add_to_stopping: [0,214771548,com.android.launcher3/.uioverrides.QuickstepLauncher,makeInvisible]
05-19 15:21:18.073 627 647 I wm_add_to_stopping: [0,156521685,com.ebensz.enote.notepad/.EditActivity,makeInvisible]
05-19 15:21:18.073 627 647 I wm_stop_activity: [0,214771548,com.android.launcher3/.uioverrides.QuickstepLauncher]
05-21 15:51:14.394 445 445 I gsensor_mxc6655 5-0015: set sensor poll time to 200ms
05-19 15:21:18.090 627 668 V DisplayPowerController[0]: Brightness [0.003937008] reason changing to: 'screen_off', previous reason: 'manual'.
05-19 15:21:18.092 627 710 I input_focus: [Focus leaving a08a9f1 com.ebensz.enote.notepad/com.ebensz.enote.notepad.EditActivity (server),reason=NOT_VISIBLE]
05-19 15:21:18.095 627 647 I DisplayDeviceRepository: Display device changed state: "内置屏幕", OFF
05-19 15:21:18.116 1030 1030 I wm_on_stop_called: [214771548,com.android.launcher3.uioverrides.QuickstepLauncher,STOP_ACTIVITY_ITEM]
05-19 15:21:18.120 627 652 W UsageStatsService: Unexpected activity event reported! (com.android.launcher3/com.android.launcher3.uioverrides.QuickstepLauncher event : 23 instanceId : 101032399)
05-19 15:21:18.124 3656 3656 I wm_on_paused_called: [156521685,com.ebensz.enote.notepad.EditActivity,performPause]
05-19 15:21:18.130 627 647 I wm_stop_activity: [0,156521685,com.ebensz.enote.notepad/.EditActivity]
05-19 15:21:18.131 627 647 I sysui_multi_action: [757,803,799,window_time_0,802,26]
05-19 15:21:18.169 3656 3656 I wm_on_stop_called: [156521685,com.ebensz.enote.notepad.EditActivity,STOP_ACTIVITY_ITEM]
05-21 15:51:14.602 29262 29262 I : read descriptors
05-21 15:51:14.602 29262 29262 I : read strings
05-21 15:51:14.745 352 352 I rockchip-vop2 fdd90000.vop: [drm:vop2_crtc_atomic_disable] Crtc atomic disable vp2
05-19 15:21:18.443 627 668 I PowerManagerService: Sleeping display group (groupId=0, uid=1000)...
05-19 15:21:18.443 627 668 I PowerManagerService: Sleeping (uid 1000)...
05-21 15:51:14.758 352 352 E rockchip-vop2 fdd90000.vop: [drm:vop2_crtc_atomic_disable] *ERROR* unexpected power on pd7
05-19 15:21:18.448 627 627 I sysui_multi_action: [757,198,758,2,759,3,1359,910,1695,2]
05-19 15:21:18.449 627 627 I power_screen_state: [0,3,0,0,910]
05-19 15:21:18.449 627 627 I screen_toggled: 0
05-19 15:21:18.449 627 627 I sysui_multi_action: [757,804,799,screen_timeout,801,15,802,1]
05-19 15:21:18.450 627 627 I sysui_multi_action: [757,1594,758,4,759,-2147483648,1359,14673]
05-19 15:21:18.450 627 627 I power_screen_broadcast_send: 1
05-19 15:21:18.486 627 627 I battery_saving_stats: [0,1,0,15219,0,0,64247633,0,-6]
05-19 15:21:18.490 975 975 D DCT-C-0 : screen off
05-19 15:21:18.490 975 975 D DCT-C-0 : stopNetStatPoll
05-19 15:21:18.503 627 642 W ActivityManager: Ignoring request to force stop protected package u0
05-19 15:21:18.511 463 491 I RIL : ---> enter mainloop wait at port
05-19 15:21:18.511 463 491 D RIL-DEV : Get modem info
05-19 15:21:18.512 463 491 D RIL-DEV : [05-19_15:21:18:512] idVendor = 0bda
05-19 15:21:18.512 463 491 D RIL-DEV :
05-19 15:21:18.512 463 491 D RIL-DEV : [05-19_15:21:18:513] idVendor = 05e3
05-19 15:21:18.512 463 491 D RIL-DEV :
05-19 15:21:18.513 463 491 D RIL-DEV : [05-19_15:21:18:513] idVendor = 1d6b
05-19 15:21:18.513 463 491 D RIL-DEV :
05-19 15:21:18.513 463 491 D RIL-DEV : [05-19_15:21:18:514] idVendor = 1d6b
05-19 15:21:18.513 463 491 D RIL-DEV :
05-19 15:21:18.514 463 491 D RIL-DEV : [05-19_15:21:18:514] idVendor = 0bda
05-19 15:21:18.514 463 491 D RIL-DEV :
05-19 15:21:18.514 463 491 D RIL-DEV : [05-19_15:21:18:514] idVendor = 1d6b
05-19 15:21:18.514 463 491 D RIL-DEV :
05-19 15:21:18.514 463 491 D RIL-DEV : [05-19_15:21:18:515] idVendor = 2109
05-19 15:21:18.514 463 491 D RIL-DEV :
05-19 15:21:18.514 463 491 D RIL-DEV : [05-19_15:21:18:515] idVendor = 2109
05-19 15:21:18.514 463 491 D RIL-DEV :
05-19 15:21:18.514 463 491 D RIL-DEV : [05-19_15:21:18:515] idVendor = 1d6b
05-19 15:21:18.514 463 491 D RIL-DEV :
05-19 15:21:18.515 463 491 D RIL-DEV : [05-19_15:21:18:515] idVendor = 0bda
05-19 15:21:18.515 463 491 D RIL-DEV :
05-19 15:21:18.515 463 491 D RIL-DEV : [05-19_15:21:18:515] idVendor = 2109
05-19 15:21:18.515 463 491 D RIL-DEV :
05-19 15:21:18.516 463 491 E RIL-DEV : Cannot find Meig devices
05-19 15:21:18.516 463 491 I RIL : ---> can't find meig usb devices
05-19 15:21:18.518 627 627 I power_screen_broadcast_done: [0,68,1]
05-21 15:51:14.939 2551 2551 I PM : suspend entry (deep)
05-21 15:51:14.967 2551 2551 I Filesystems sync: 0.027 seconds
05-21 15:51:14.967 2551 2551 I : Freezing user space processes ... (elapsed 0.012 seconds) done.
05-21 15:51:14.980 2551 2551 I : OOM killer disabled.
05-21 15:51:14.980 2551 2551 I : Freezing remaining freezable tasks ... (elapsed 0.138 seconds) done.
05-21 15:51:15.118 2551 2551 I printk : Suspending console(s) (use no_console_suspend to debug)
05-21 15:51:15.197 2551 2551 E regulator-dummy: Underflow of regulator enable count
05-21 15:51:15.197 2551 2551 E wacom_i2c 4-0009: disable regulator failed -22
05-21 15:51:15.430 2551 2551 I : Disabling non-boot CPUs ...
05-21 15:51:15.431 2551 2551 I psci : CPU1 killed (polled 0 ms)
05-21 15:51:15.433 2551 2551 I psci : CPU2 killed (polled 0 ms)
05-21 15:51:15.435 2551 2551 I psci : CPU3 killed (polled 0 ms)
05-21 15:51:15.438 2551 2551 I psci : CPU4 killed (polled 4 ms)
05-21 15:51:15.441 2551 2551 I psci : CPU5 killed (polled 0 ms)
05-21 15:51:15.444 2551 2551 I psci : CPU6 killed (polled 0 ms)
05-21 15:51:15.447 2551 2551 I psci : CPU7 killed (polled 0 ms)
05-21 15:51:46.717 0 0 W [ C0] PM: pm_system_irq_wakeup: 106 triggered rk806
05-21 15:51:46.717 2551 2551 I : Enabling non-boot CPUs ...
05-21 15:51:46.718 0 0 I : Detected VIPT I-cache on CPU1
05-21 15:51:46.718 0 0 I GICv3 : CPU1: found redistributor 100 region 0:0x00000000fe6a0000
05-21 15:51:46.718 0 0 I CPU1 : Booted secondary processor 0x0000000100 [0x412fd050]
05-21 15:51:46.719 2551 2551 I : CPU1 is up
05-21 15:51:46.720 0 0 I : Detected VIPT I-cache on CPU2
05-21 15:51:46.720 0 0 I GICv3 : CPU2: found redistributor 200 region 0:0x00000000fe6c0000
05-21 15:51:46.720 0 0 I CPU2 : Booted secondary processor 0x0000000200 [0x412fd050]
05-21 15:51:46.721 2551 2551 I : CPU2 is up
05-21 15:51:46.721 0 0 I : Detected VIPT I-cache on CPU3
05-21 15:51:46.721 0 0 I GICv3 : CPU3: found redistributor 300 region 0:0x00000000fe6e0000
05-21 15:51:46.722 0 0 I CPU3 : Booted secondary processor 0x0000000300 [0x412fd050]
05-21 15:51:46.722 2551 2551 I : CPU3 is up
05-21 15:51:46.723 0 0 I : Detected PIPT I-cache on CPU4
05-21 15:51:46.723 0 0 I GICv3 : CPU4: found redistributor 400 region 0:0x00000000fe700000
05-21 15:51:46.723 0 0 I CPU4 : Booted secondary processor 0x0000000400 [0x414fd0b0]
05-21 15:51:46.724 2551 2551 I : CPU4 is up
05-21 15:51:46.725 0 0 I : Detected PIPT I-cache on CPU5
05-21 15:51:46.725 0 0 I GICv3 : CPU5: found redistributor 500 region 0:0x00000000fe720000
05-21 15:51:46.725 0 0 I CPU5 : Booted secondary processor 0x0000000500 [0x414fd0b0]
05-21 15:51:46.726 2551 2551 I : CPU5 is up
05-21 15:51:46.727 0 0 I : Detected PIPT I-cache on CPU6
05-21 15:51:46.727 0 0 I GICv3 : CPU6: found redistributor 600 region 0:0x00000000fe740000
05-21 15:51:46.727 0 0 I CPU6 : Booted secondary processor 0x0000000600 [0x414fd0b0]
05-21 15:51:46.728 2551 2551 I : CPU6 is up
05-21 15:51:46.729 0 0 I : Detected PIPT I-cache on CPU7
05-21 15:51:46.729 0 0 I GICv3 : CPU7: found redistributor 700 region 0:0x00000000fe760000
05-21 15:51:46.729 0 0 I CPU7 : Booted secondary processor 0x0000000700 [0x414fd0b0]
05-21 15:51:46.730 2551 2551 I : CPU7 is up
05-21 15:51:46.737 2551 2551 I rk_gmac-dwmac fe1c0000.ethernet: init for RGMII
05-21 15:51:46.737 5292 5292 I usb1 : root hub lost power or was reset
05-21 15:51:46.745 32471 32471 I usb3 : root hub lost power or was reset
