05-19 15:02:05.182 627 710 I input_interaction: Interaction with: 334f74b com.android.launcher3/com.android.launcher3.uioverrides.QuickstepLauncher (server), f6e4224 com.android.systemui.ImageWallpaper (server), d7a6ca1 NavigationBar0 (server), PointerEventDispatcher0 (server),
05-19 15:02:05.213 627 710 I input_interaction: Interaction with: 334f74b com.android.launcher3/com.android.launcher3.uioverrides.QuickstepLauncher (server), f6e4224 com.android.systemui.ImageWallpaper (server), PointerEventDispatcher0 (server),
05-19 15:02:05.278 627 710 I input_interaction: Interaction with: 334f74b com.android.launcher3/com.android.launcher3.uioverrides.QuickstepLauncher (server), f6e4224 com.android.systemui.ImageWallpaper (server), d7a6ca1 NavigationBar0 (server), PointerEventDispatcher0 (server),
05-19 15:02:05.293 627 710 I input_interaction: Interaction with: 334f74b com.android.launcher3/com.android.launcher3.uioverrides.QuickstepLauncher (server), f6e4224 com.android.systemui.ImageWallpaper (server), PointerEventDispatcher0 (server),
05-19 15:02:05.507 627 710 I input_interaction: Interaction with: 334f74b com.android.launcher3/com.android.launcher3.uioverrides.QuickstepLauncher (server), f6e4224 com.android.systemui.ImageWallpaper (server), d7a6ca1 NavigationBar0 (server), PointerEventDispatcher0 (server),
05-19 15:02:05.539 627 710 I input_interaction: Interaction with: 334f74b com.android.launcher3/com.android.launcher3.uioverrides.QuickstepLauncher (server), f6e4224 com.android.systemui.ImageWallpaper (server), PointerEventDispatcher0 (server),
05-21 15:24:41.853 29262 29262 I : read descriptors
05-21 15:24:41.853 29262 29262 I : read strings
05-21 15:24:41.855 1 1 I init : processing action (sys.usb.config=adb && sys.usb.configfs=1 && sys.usb.ffs.ready=1) from (/system/etc/init/hw/init.usb.configfs.rc:20)
05-21 15:24:41.856 1 1 I init : Command 'symlink /config/usb_gadget/g1/functions/ffs.adb /config/usb_gadget/g1/configs/b.1/f1' action=sys.usb.config=adb && sys.usb.configfs=1 && sys.usb.ffs.ready=1 (/system/etc/init/hw/init.usb.configfs.rc:22) took 0ms and failed: symlink() failed: File exists
05-21 15:24:41.857 1 1 I init : Command 'write /config/usb_gadget/g1/UDC ${sys.usb.controller}' action=sys.usb.config=adb && sys.usb.configfs=1 && sys.usb.ffs.ready=1 (/system/etc/init/hw/init.usb.configfs.rc:23) took 0ms and failed: Unable to write to file '/config/usb_gadget/g1/UDC': Unable to write file contents: Device or resource busy
05-21 15:24:41.889 4712 4712 I r8152 4-1.4: 1.0 eth1: carrier on
05-19 15:02:05.755 627 710 I input_interaction: Interaction with: 334f74b com.android.launcher3/com.android.launcher3.uioverrides.QuickstepLauncher (server), f6e4224 com.android.systemui.ImageWallpaper (server), d7a6ca1 NavigationBar0 (server), PointerEventDispatcher0 (server),
05-19 15:02:05.769 627 710 I input_interaction: Interaction with: 334f74b com.android.launcher3/com.android.launcher3.uioverrides.QuickstepLauncher (server), f6e4224 com.android.systemui.ImageWallpaper (server), PointerEventDispatcher0 (server),
05-19 15:02:06.552 627 710 I input_interaction: Interaction with: 334f74b com.android.launcher3/com.android.launcher3.uioverrides.QuickstepLauncher (server), f6e4224 com.android.systemui.ImageWallpaper (server), d7a6ca1 NavigationBar0 (server), PointerEventDispatcher0 (server),
05-19 15:02:06.580 627 710 I input_interaction: Interaction with: 334f74b com.android.launcher3/com.android.launcher3.uioverrides.QuickstepLauncher (server), f6e4224 com.android.systemui.ImageWallpaper (server), PointerEventDispatcher0 (server),
05-19 15:02:06.714 627 710 I input_interaction: Interaction with: 334f74b com.android.launcher3/com.android.launcher3.uioverrides.QuickstepLauncher (server), f6e4224 com.android.systemui.ImageWallpaper (server), d7a6ca1 NavigationBar0 (server), PointerEventDispatcher0 (server),
05-21 15:24:42.919 29262 29262 I : read descriptors
05-21 15:24:42.919 29262 29262 I : read strings
05-21 15:24:42.921 1 1 I init : processing action (sys.usb.config=adb && sys.usb.configfs=1 && sys.usb.ffs.ready=1) from (/system/etc/init/hw/init.usb.configfs.rc:20)
05-19 15:02:06.748 627 710 I input_interaction: Interaction with: 334f74b com.android.launcher3/com.android.launcher3.uioverrides.QuickstepLauncher (server), f6e4224 com.android.systemui.ImageWallpaper (server), PointerEventDispatcher0 (server),
05-19 15:02:06.877 627 710 I input_interaction: Interaction with: 334f74b com.android.launcher3/com.android.launcher3.uioverrides.QuickstepLauncher (server), f6e4224 com.android.systemui.ImageWallpaper (server), d7a6ca1 NavigationBar0 (server), PointerEventDispatcher0 (server),
05-19 15:02:07.543 627 627 I notification_enqueue: [10098,25952,com.baidu.appsearch,2131755453,NULL,0,Notification(channel=手机管理、安全检测相关通知 shortcut=null contentView=null vibrate=null sound=null defaults=0x0 flags=0x62 color=0x00000000 vis=PRIVATE),1]
05-19 15:02:07.556 627 627 I notification_enqueue: [10098,25952,com.baidu.appsearch,2131755453,NULL,0,Notification(channel=手机管理、安全检测相关通知 shortcut=null contentView=null vibrate=null sound=null defaults=0x0 flags=0x62 color=0x00000000 vis=PRIVATE),1]
05-19 15:02:07.643 627 710 I input_interaction: Interaction with: 334f74b com.android.launcher3/com.android.launcher3.uioverrides.QuickstepLauncher (server), f6e4224 com.android.systemui.ImageWallpaper (server), PointerEventDispatcher0 (server),
05-19 15:02:07.645 627 710 I input_interaction: Interaction with: 334f74b com.android.launcher3/com.android.launcher3.uioverrides.QuickstepLauncher (server), f6e4224 com.android.systemui.ImageWallpaper (server), d7a6ca1 NavigationBar0 (server), PointerEventDispatcher0 (server),
05-19 15:02:07.696 627 9760 I wm_task_created: [168,-1]
05-19 15:02:07.708 627 9760 I wm_task_moved: [168,1,16]
05-19 15:02:07.708 627 9760 I wm_task_to_front: [0,168]
05-19 15:02:07.709 627 9760 I wm_create_task: [0,168]
05-19 15:02:07.710 627 9760 I wm_create_activity: [0,50058062,168,com.ebensz.email/.activity.Welcome,android.intent.action.MAIN,NULL,NULL,270532608]
05-19 15:02:07.710 627 9760 I wm_task_moved: [168,1,16]
05-19 15:02:07.713 627 9760 I wm_pause_activity: [0,214771548,com.android.launcher3/.uioverrides.QuickstepLauncher,userLeaving=true,pauseBackTasks]
05-19 15:02:07.720 1030 1030 I wm_on_top_resumed_lost_called: [214771548,com.android.launcher3.uioverrides.QuickstepLauncher,topStateChangedWhenResumed]
05-19 15:02:07.720 1030 1030 I wm_on_paused_called: [214771548,com.android.launcher3.uioverrides.QuickstepLauncher,performPause]
05-19 15:02:07.721 627 9760 I wm_add_to_stopping: [0,214771548,com.android.launcher3/.uioverrides.QuickstepLauncher,makeInvisible]
05-19 15:02:07.723 627 9760 I wm_restart_activity: [0,50058062,168,com.ebensz.email/.activity.Welcome]
05-19 15:02:07.724 627 9760 I wm_set_resumed_activity: [0,com.ebensz.email/.activity.Welcome,minimalResumeActivityLocked]
05-19 15:02:07.736 627 647 I sysui_multi_action: [757,803,799,window_time_0,802,32]
05-19 15:02:07.743 627 4128 I am_uid_active: 10062
05-19 15:02:07.746 627 710 I input_focus: [Focus leaving 334f74b com.android.launcher3/com.android.launcher3.uioverrides.QuickstepLauncher (server),reason=NO_WINDOW]
05-19 15:02:07.751 627 1072 I wm_task_moved: [168,1,16]
05-19 15:02:07.751 627 1072 I wm_set_resumed_activity: [0,com.ebensz.email/.activity.Welcome,positionChildAt]
05-19 15:02:07.752 627 1072 I wm_create_activity: [0,104953800,168,com.ebensz.email/.activity.EmailActivity,android.intent.action.MAIN,NULL,NULL,33554432]
05-19 15:02:07.752 627 1072 I wm_pause_activity: [0,50058062,com.ebensz.email/.activity.Welcome,userLeaving=true,resumeTopActivity]
05-19 15:02:07.753 627 1072 I wm_finish_activity: [0,50058062,168,com.ebensz.email/.activity.Welcome,app-request]
05-19 15:02:07.754 7156 7156 I wm_on_create_called: [50058062,com.ebensz.email.activity.Welcome,performCreate]
05-19 15:02:07.756 627 1072 I wm_add_to_stopping: [0,50058062,com.ebensz.email/.activity.Welcome,completeFinishing]
05-19 15:02:07.757 627 1072 I wm_restart_activity: [0,104953800,168,com.ebensz.email/.activity.EmailActivity]
05-19 15:02:07.757 627 1072 I wm_set_resumed_activity: [0,com.ebensz.email/.activity.EmailActivity,minimalResumeActivityLocked]
05-19 15:02:07.770 627 647 I sysui_multi_action: [757,803,799,window_time_0,802,0]
05-19 15:02:07.804 7156 7156 I wm_on_create_called: [104953800,com.ebensz.email.activity.EmailActivity,performCreate]
05-21 15:24:43.985 29262 29262 I : read descriptors
05-21 15:24:43.986 29262 29262 I : read strings
05-21 15:24:44.011 653 653 I binder : 627:653 transaction failed 29201/-28, size 80-0 line 2921
05-19 15:02:07.829 7156 7156 I wm_on_start_called: [104953800,com.ebensz.email.activity.EmailActivity,handleStartActivity]
05-19 15:02:07.830 7156 7156 I wm_on_resume_called: [104953800,com.ebensz.email.activity.EmailActivity,RESUME_ACTIVITY]
05-21 15:24:44.013 653 653 I binder : 627:653 transaction failed 29201/-28, size 80-0 line 2921
05-19 15:02:07.839 7156 7156 I wm_on_top_resumed_gained_called: [104953800,com.ebensz.email.activity.EmailActivity,topStateChangedWhenResumed]
05-19 15:02:07.845 627 648 I input_focus: [Focus request c8c9621 com.ebensz.email/com.ebensz.email.activity.EmailActivity,reason=UpdateInputWindows]
05-19 15:02:07.861 627 644 I sysui_multi_action: [319,83,321,75,322,175,325,80577,757,761,758,8,759,1,806,com.ebensz.email,871,com.ebensz.email.activity.EmailActivity,904,com.ebensz.email,905,0,1320,4,1321,1]
05-19 15:02:07.861 627 644 I wm_activity_launch_time: [0,104953800,com.ebensz.email/.activity.EmailActivity,175]
05-19 15:02:07.864 627 730 I netstats_mobile_sample: [0,0,0,0,0,0,0,0,0,0,0,0,1747638127866]
05-19 15:02:07.865 627 730 I netstats_wifi_sample: [0,0,0,0,0,0,0,0,0,0,0,0,1747638127866]
05-19 15:02:07.874 627 710 I input_focus: [Focus entering c8c9621 com.ebensz.email/com.ebensz.email.activity.EmailActivity (server),reason=setFocusedWindow]
05-19 15:02:07.905 627 730 I netstats_mobile_sample: [0,0,0,0,0,0,0,0,0,0,0,0,1747638127906]
05-19 15:02:07.905 627 730 I netstats_wifi_sample: [0,0,0,0,0,0,0,0,0,0,0,0,1747638127906]
05-19 15:02:07.922 627 627 I notification_cancel_all: [1000,19470,com.ebensz.appmanager,0,0,64,9,NULL]
05-19 15:02:07.980 627 653 I am_uid_idle: 10022
05-21 15:24:44.496 653 653 I binder : 627:653 transaction failed 29201/-28, size 80-0 line 2921
05-19 15:02:08.320 627 647 I wm_destroy_activity: [0,50058062,168,com.ebensz.email/.activity.Welcome,finish-imm:transit]
05-19 15:02:08.320 627 647 I wm_stop_activity: [0,214771548,com.android.launcher3/.uioverrides.QuickstepLauncher]
05-19 15:02:08.334 1030 1030 I wm_on_stop_called: [214771548,com.android.launcher3.uioverrides.QuickstepLauncher,STOP_ACTIVITY_ITEM]
05-19 15:02:08.337 7156 7156 I wm_on_destroy_called: [50058062,com.ebensz.email.activity.Welcome,performDestroy]
05-19 15:02:08.418 627 710 I input_interaction: Interaction with: c8c9621 com.ebensz.email/com.ebensz.email.activity.EmailActivity (server), PointerEventDispatcher0 (server),
05-19 15:02:08.419 627 710 I input_interaction: Interaction with: c8c9621 com.ebensz.email/com.ebensz.email.activity.EmailActivity (server), d7a6ca1 NavigationBar0 (server), PointerEventDispatcher0 (server),
05-19 15:02:08.566 627 710 I input_interaction: Interaction with: c8c9621 com.ebensz.email/com.ebensz.email.activity.EmailActivity (server), PointerEventDispatcher0 (server),
05-19 15:02:08.803 627 1072 I am_uid_running: 10079
05-19 15:02:08.812 627 1072 I am_uid_running: 99002
05-19 15:02:08.815 627 654 I am_proc_start: [0,6481,10079,com.android.webview:webview_service,service,{com.android.webview/org.chromium.android_webview.services.VariationsSeedServer}]
05-19 15:02:08.822 627 654 I am_proc_start: [0,6488,99002,com.android.webview:sandboxed_process0:org.chromium.content.app.SandboxedProcessService0:0,,{com.ebensz.email/org.chromium.content.app.SandboxedProcessService0:0}]
05-19 15:02:08.838 627 1072 I am_proc_bound: [0,6481,com.android.webview:webview_service]
05-19 15:02:08.839 627 1072 I am_uid_active: 10079
05-19 15:02:08.841 627 12484 I am_proc_bound: [0,6488,com.android.webview:sandboxed_process0:org.chromium.content.app.SandboxedProcessService0:0]
05-19 15:02:08.841 627 12484 I am_uid_active: 99002
05-21 15:24:45.042 29262 29262 I : read descriptors
05-21 15:24:45.042 29262 29262 I : read strings
05-21 15:24:45.043 1 1 I init : processing action (sys.usb.config=adb && sys.usb.configfs=1 && sys.usb.ffs.ready=1) from (/system/etc/init/hw/init.usb.configfs.rc:20)
05-21 15:24:45.043 1 1 I init : Command 'symlink /config/usb_gadget/g1/functions/ffs.adb /config/usb_gadget/g1/configs/b.1/f1' action=sys.usb.config=adb && sys.usb.configfs=1 && sys.usb.ffs.ready=1 (/system/etc/init/hw/init.usb.configfs.rc:22) took 0ms and failed: symlink() failed: File exists
05-21 15:24:45.043 1 1 I init : Command 'write /config/usb_gadget/g1/UDC ${sys.usb.controller}' action=sys.usb.config=adb && sys.usb.configfs=1 && sys.usb.ffs.ready=1 (/system/etc/init/hw/init.usb.configfs.rc:23) took 0ms and failed: Unable to write to file '/config/usb_gadget/g1/UDC': Unable to write file contents: Device or resource busy
05-19 15:02:08.885 627 710 I input_interaction: Interaction with: c8c9621 com.ebensz.email/com.ebensz.email.activity.EmailActivity (server), d7a6ca1 NavigationBar0 (server), PointerEventDispatcher0 (server),
05-19 15:02:08.919 627 1072 I am_uid_active: 10025
05-19 15:02:08.920 627 702 I am_unfreeze: [32296,android.process.acore]
05-19 15:02:09.281 627 710 I input_interaction: Interaction with: c8c9621 com.ebensz.email/com.ebensz.email.activity.EmailActivity (server), PointerEventDispatcher0 (server),
05-19 15:02:09.416 627 710 I input_interaction: Interaction with: c8c9621 com.ebensz.email/com.ebensz.email.activity.EmailActivity (server), d7a6ca1 NavigationBar0 (server), PointerEventDispatcher0 (server),
05-19 15:02:09.627 627 710 I input_interaction: Interaction with: c8c9621 com.ebensz.email/com.ebensz.email.activity.EmailActivity (server), PointerEventDispatcher0 (server),
05-21 15:24:46.089 29262 29262 I : read descriptors
05-21 15:24:46.089 29262 29262 I : read strings
05-21 15:24:46.090 1 1 I init : processing action (sys.usb.config=adb && sys.usb.configfs=1 && sys.usb.ffs.ready=1) from (/system/etc/init/hw/init.usb.configfs.rc:20)
05-21 15:24:46.091 1 1 I init : Command 'symlink /config/usb_gadget/g1/functions/ffs.adb /config/usb_gadget/g1/configs/b.1/f1' action=sys.usb.config=adb && sys.usb.configfs=1 && sys.usb.ffs.ready=1 (/system/etc/init/hw/init.usb.configfs.rc:22) took 0ms and failed: symlink() failed: File exists
05-21 15:24:46.091 1 1 I init : Command 'write /config/usb_gadget/g1/UDC ${sys.usb.controller}' action=sys.usb.config=adb && sys.usb.configfs=1 && sys.usb.ffs.ready=1 (/system/etc/init/hw/init.usb.configfs.rc:23) took 0ms and failed: Unable to write to file '/config/usb_gadget/g1/UDC': Unable to write file contents: Device or resource busy
05-21 15:24:47.126 29262 29262 I : read descriptors
05-21 15:24:47.126 29262 29262 I : read strings
05-21 15:24:47.127 1 1 I init : processing action (sys.usb.config=adb && sys.usb.configfs=1 && sys.usb.ffs.ready=1) from (/system/etc/init/hw/init.usb.configfs.rc:20)
05-21 15:24:47.128 1 1 I init : Command 'symlink /config/usb_gadget/g1/functions/ffs.adb /config/usb_gadget/g1/configs/b.1/f1' action=sys.usb.config=adb && sys.usb.configfs=1 && sys.usb.ffs.ready=1 (/system/etc/init/hw/init.usb.configfs.rc:22) took 0ms and failed: symlink() failed: File exists
05-21 15:24:47.129 1 1 I init : Command 'write /config/usb_gadget/g1/UDC ${sys.usb.controller}' action=sys.usb.config=adb && sys.usb.configfs=1 && sys.usb.ffs.ready=1 (/system/etc/init/hw/init.usb.configfs.rc:23) took 0ms and failed: Unable to write to file '/config/usb_gadget/g1/UDC': Unable to write file contents: Device or resource busy
05-19 15:02:11.505 627 710 I input_interaction: Interaction with: d7a6ca1 NavigationBar0 (server), PointerEventDispatcher0 (server),
05-19 15:02:11.508 781 781 I sysui_multi_action: [757,931,758,4,759,4,932,0,933,0]
05-19 15:02:11.514 627 710 I input_interaction: Interaction with: c8c9621 com.ebensz.email/com.ebensz.email.activity.EmailActivity (server), PointerEventDispatcher0 (server),
05-19 15:02:11.520 627 710 I input_interaction: Interaction with: d7a6ca1 NavigationBar0 (server), PointerEventDispatcher0 (server),
05-19 15:02:11.582 781 781 I sysui_multi_action: [757,931,758,4,759,4,932,0,933,1]
05-19 15:02:11.583 627 9760 I sysui_multi_action: [757,803,799,key_back_press,802,1]
05-21 15:24:48.189 29262 29262 I : read descriptors
05-21 15:24:48.189 29262 29262 I : read strings
05-21 15:24:48.191 1 1 I init : processing action (sys.usb.config=adb && sys.usb.configfs=1 && sys.usb.ffs.ready=1) from (/system/etc/init/hw/init.usb.configfs.rc:20)
05-19 15:02:12.564 627 627 I notification_enqueue: [10098,25952,com.baidu.appsearch,2131755453,NULL,0,Notification(channel=手机管理、安全检测相关通知 shortcut=null contentView=null vibrate=null sound=null defaults=0x0 flags=0x62 color=0x00000000 vis=PRIVATE),1]
05-19 15:02:12.581 781 781 I sysui_multi_action: [757,931,758,4,759,4,932,0,933,0]
05-19 15:02:12.587 627 710 I input_interaction: Interaction with: c8c9621 com.ebensz.email/com.ebensz.email.activity.EmailActivity (server), PointerEventDispatcher0 (server),
05-19 15:02:12.594 627 710 I input_interaction: Interaction with: d7a6ca1 NavigationBar0 (server), PointerEventDispatcher0 (server),
05-19 15:02:12.658 781 781 I sysui_multi_action: [757,931,758,4,759,4,932,0,933,1]
05-19 15:02:12.660 627 9760 I sysui_multi_action: [757,803,799,key_back_press,802,1]
05-19 15:02:12.665 627 9760 I wm_finish_activity: [0,104953800,168,com.ebensz.email/.activity.EmailActivity,app-request]
05-19 15:02:12.665 627 9760 I wm_task_moved: [1,1,16]
05-19 15:02:12.666 627 9760 I wm_task_moved: [29,1,2147483647]
05-19 15:02:12.666 627 9760 I wm_task_to_front: [0,29]
05-19 15:02:12.666 627 9760 I wm_focused_root_task: [0,0,1,168,finish-top adjustFocusToNextFocusableTask]
05-19 15:02:12.666 627 9760 I wm_set_resumed_activity: [0,com.android.launcher3/.uioverrides.QuickstepLauncher,finish-top adjustFocusToNextFocusableTask]
05-19 15:02:12.677 627 9760 I wm_pause_activity: [0,104953800,com.ebensz.email/.activity.EmailActivity,userLeaving=false,finish]
05-19 15:02:12.682 7156 7156 I wm_on_top_resumed_lost_called: [104953800,com.ebensz.email.activity.EmailActivity,topStateChangedWhenResumed]
05-19 15:02:12.688 7156 7156 I wm_on_paused_called: [104953800,com.ebensz.email.activity.EmailActivity,performPause]
05-19 15:02:12.688 627 9760 I wm_add_to_stopping: [0,104953800,com.ebensz.email/.activity.EmailActivity,completeFinishing]
05-19 15:02:12.689 627 9760 I wm_set_resumed_activity: [0,com.android.launcher3/.uioverrides.QuickstepLauncher,resumeTopActivity]
05-19 15:02:12.693 627 9760 I wm_resume_activity: [0,214771548,29,com.android.launcher3/.uioverrides.QuickstepLauncher]
05-19 15:02:12.696 627 647 I sysui_multi_action: [757,803,799,window_time_0,802,5]
05-19 15:02:12.701 627 710 I input_focus: [Focus leaving c8c9621 com.ebensz.email/com.ebensz.email.activity.EmailActivity (server),reason=NO_WINDOW]
05-19 15:02:12.707 1030 1030 I wm_on_restart_called: [214771548,com.android.launcher3.uioverrides.QuickstepLauncher,performRestartActivity]
05-19 15:02:12.709 1030 1030 I wm_on_start_called: [214771548,com.android.launcher3.uioverrides.QuickstepLauncher,handleStartActivity]
05-19 15:02:12.710 1030 1030 I wm_on_resume_called: [214771548,com.android.launcher3.uioverrides.QuickstepLauncher,RESUME_ACTIVITY]
05-19 15:02:12.710 1030 1030 I wm_on_top_resumed_gained_called: [214771548,com.android.launcher3.uioverrides.QuickstepLauncher,topWhenResuming]
05-19 15:02:12.728 627 648 I input_focus: [Focus request 334f74b com.android.launcher3/com.android.launcher3.uioverrides.QuickstepLauncher,reason=UpdateInputWindows]
05-19 15:02:12.774 627 710 I input_focus: [Focus entering 334f74b com.android.launcher3/com.android.launcher3.uioverrides.QuickstepLauncher (server),reason=Window became focusable. Previous reason: NOT_VISIBLE]
05-21 15:24:49.235 29262 29262 I : read descriptors
05-21 15:24:49.235 29262 29262 I : read strings
05-19 15:02:13.343 627 647 I wm_destroy_activity: [0,104953800,168,com.ebensz.email/.activity.EmailActivity,finish-imm:idle]
05-19 15:02:13.363 7156 7156 I wm_on_stop_called: [104953800,com.ebensz.email.activity.EmailActivity,LIFECYCLER_STOP_ACTIVITY]
05-19 15:02:13.368 7156 7156 I wm_on_destroy_called: [104953800,com.ebensz.email.activity.EmailActivity,performDestroy]
05-19 15:02:13.372 627 9760 I wm_task_removed: [168,removeChild:removeChild last r=ActivityRecord{64177c8 u0 com.ebensz.email/.activity.EmailActivity t-1 f}} in t=Task{28d77e0 #168 type=standard A=10072:com.ebensz.email U=0 visible=false visibleRequested=false mode=fullscreen translucent=true sz=0}]
05-19 15:02:13.372 627 9760 I wm_task_removed: [168,removeChild]
05-19 15:02:13.939 627 710 I input_interaction: Interaction with: 334f74b com.android.launcher3/com.android.launcher3.uioverrides.QuickstepLauncher (server), f6e4224 com.android.systemui.ImageWallpaper (server), PointerEventDispatcher0 (server),
05-19 15:02:14.006 627 10431 I wm_task_moved: [167,1,15]
05-19 15:02:14.006 627 10431 I wm_task_to_front: [0,167]
05-19 15:02:14.007 627 10431 I wm_focused_root_task: [0,0,167,1,bringingFoundTaskToFront]
05-19 15:02:14.008 627 10431 I wm_set_resumed_activity: [0,com.ebensz.enote.notepad/.EditActivity,bringingFoundTaskToFront]
05-19 15:02:14.008 627 10431 I wm_new_intent: [0,265671827,167,com.ebensz.enote.notepad/.EditActivity,eben.note.intent.action.PAGE_EDITE,application/note,content://com.ebensz.enote.entry.fileprovider/root/storage/emulated/0/mydoc/记事本/会议记录,268435456]
05-19 15:02:14.010 627 10431 I wm_pause_activity: [0,214771548,com.android.launcher3/.uioverrides.QuickstepLauncher,userLeaving=true,pauseBackTasks]
05-19 15:02:14.015 1030 1030 I wm_on_top_resumed_lost_called: [214771548,com.android.launcher3.uioverrides.QuickstepLauncher,topStateChangedWhenResumed]
05-19 15:02:14.016 1030 1030 I wm_on_paused_called: [214771548,com.android.launcher3.uioverrides.QuickstepLauncher,performPause]
05-19 15:02:14.017 627 9760 I wm_set_resumed_activity: [0,com.ebensz.enote.notepad/.EditActivity,resumeTopActivity]
05-19 15:02:14.018 627 9760 I wm_resume_activity: [0,265671827,167,com.ebensz.enote.notepad/.EditActivity]
05-19 15:02:14.024 627 647 I sysui_multi_action: [757,803,799,window_time_0,802,1]
05-19 15:02:14.027 3656 3656 I wm_on_restart_called: [265671827,com.ebensz.enote.notepad.EditActivity,performRestartActivity]
05-19 15:02:14.030 3656 3656 I wm_on_start_called: [265671827,com.ebensz.enote.notepad.EditActivity,handleStartActivity]
05-21 15:24:50.302 29262 29262 I : read descriptors
05-21 15:24:50.302 29262 29262 I : read strings
05-21 15:24:50.303 1 1 I init : processing action (sys.usb.config=adb && sys.usb.configfs=1 && sys.usb.ffs.ready=1) from (/system/etc/init/hw/init.usb.configfs.rc:20)
05-21 15:24:50.303 1 1 I init : Command 'symlink /config/usb_gadget/g1/functions/ffs.adb /config/usb_gadget/g1/configs/b.1/f1' action=sys.usb.config=adb && sys.usb.configfs=1 && sys.usb.ffs.ready=1 (/system/etc/init/hw/init.usb.configfs.rc:22) took 0ms and failed: symlink() failed: File exists
05-21 15:24:50.303 1 1 I init : Command 'write /config/usb_gadget/g1/UDC ${sys.usb.controller}' action=sys.usb.config=adb && sys.usb.configfs=1 && sys.usb.ffs.ready=1 (/system/etc/init/hw/init.usb.configfs.rc:23) took 0ms and failed: Unable to write to file '/config/usb_gadget/g1/UDC': Unable to write file contents: Device or resource busy
05-19 15:02:14.337 3656 3656 I wm_on_resume_called: [265671827,com.ebensz.enote.notepad.EditActivity,RESUME_ACTIVITY]
05-19 15:02:14.337 3656 3656 I wm_on_top_resumed_gained_called: [265671827,com.ebensz.enote.notepad.EditActivity,topWhenResuming]
05-19 15:02:14.360 627 648 I input_focus: [Focus request 3cd5c8f com.ebensz.enote.notepad/com.ebensz.enote.notepad.EditActivity,reason=UpdateInputWindows]
05-19 15:02:14.395 627 710 I input_focus: [Focus leaving 334f74b com.android.launcher3/com.android.launcher3.uioverrides.QuickstepLauncher (server),reason=Waiting for window because NO_WINDOW]
05-19 15:02:14.468 627 710 I input_focus: [Focus entering 3cd5c8f com.ebensz.enote.notepad/com.ebensz.enote.notepad.EditActivity (server),reason=Window became focusable. Previous reason: NOT_VISIBLE]
05-19 15:02:14.469 627 644 I sysui_multi_action: [319,461,322,460,325,80584,757,761,758,9,759,2,806,com.ebensz.enote.notepad,871,com.ebensz.enote.notepad.EditActivity,904,com.ebensz.enote.entry,905,0,1320,4,1321,1]
05-19 15:02:15.014 627 646 I commit_sys_config_file: [notification-policy,80573114]
05-21 15:24:51.363 29262 29262 I : read descriptors
05-21 15:24:51.363 29262 29262 I : read strings
05-21 15:24:51.364 1 1 I init : processing action (sys.usb.config=adb && sys.usb.configfs=1 && sys.usb.ffs.ready=1) from (/system/etc/init/hw/init.usb.configfs.rc:20)
05-21 15:24:51.367 1 1 I init : Command 'symlink /config/usb_gadget/g1/functions/ffs.adb /config/usb_gadget/g1/configs/b.1/f1' action=sys.usb.config=adb && sys.usb.configfs=1 && sys.usb.ffs.ready=1 (/system/etc/init/hw/init.usb.configfs.rc:22) took 0ms and failed: symlink() failed: File exists
05-21 15:24:51.367 1 1 I init : Command 'write /config/usb_gadget/g1/UDC ${sys.usb.controller}' action=sys.usb.config=adb && sys.usb.configfs=1 && sys.usb.ffs.ready=1 (/system/etc/init/hw/init.usb.configfs.rc:23) took 0ms and failed: Unable to write to file '/config/usb_gadget/g1/UDC': Unable to write file contents: Device or resource busy
05-19 15:02:16.183 627 710 I input_interaction: Interaction with: 3cd5c8f com.ebensz.enote.notepad/com.ebensz.enote.notepad.EditActivity (server), PointerEventDispatcher0 (server),
05-21 15:24:52.416 29262 29262 I : read descriptors
05-21 15:24:52.416 29262 29262 I : read strings
05-21 15:24:52.417 1 1 I init : processing action (sys.usb.config=adb && sys.usb.configfs=1 && sys.usb.ffs.ready=1) from (/system/etc/init/hw/init.usb.configfs.rc:20)
05-21 15:24:52.418 1 1 I init : Command 'symlink /config/usb_gadget/g1/functions/ffs.adb /config/usb_gadget/g1/configs/b.1/f1' action=sys.usb.config=adb && sys.usb.configfs=1 && sys.usb.ffs.ready=1 (/system/etc/init/hw/init.usb.configfs.rc:22) took 0ms and failed: symlink() failed: File exists
05-21 15:24:52.419 1 1 I init : Command 'write /config/usb_gadget/g1/UDC ${sys.usb.controller}' action=sys.usb.config=adb && sys.usb.configfs=1 && sys.usb.ffs.ready=1 (/system/etc/init/hw/init.usb.configfs.rc:23) took 0ms and failed: Unable to write to file '/config/usb_gadget/g1/UDC': Unable to write file contents: Device or resource busy
05-19 15:02:16.248 627 10431 I wm_task_moved: [167,1,15]
05-19 15:02:16.249 627 10431 I wm_set_resumed_activity: [0,com.ebensz.enote.notepad/.EditActivity,positionChildAt]
05-19 15:02:16.249 627 10431 I wm_create_activity: [0,50107534,167,com.ebensz.enote.notepad/.BrowserActivity,com.ebensz.enote.action.BROWSER_PAGE,NULL,NULL,268435456]
05-19 15:02:16.249 627 10431 I wm_pause_activity: [0,265671827,com.ebensz.enote.notepad/.EditActivity,userLeaving=true,resumeTopActivity]
05-19 15:02:16.259 3656 3656 I wm_on_top_resumed_lost_called: [265671827,com.ebensz.enote.notepad.EditActivity,topStateChangedWhenResumed]
05-19 15:02:16.267 3656 3656 I wm_on_paused_called: [265671827,com.ebensz.enote.notepad.EditActivity,performPause]
05-19 15:02:16.268 627 10431 I wm_add_to_stopping: [0,265671827,com.ebensz.enote.notepad/.EditActivity,makeInvisible]
05-19 15:02:16.268 627 10431 I wm_add_to_stopping: [0,214771548,com.android.launcher3/.uioverrides.QuickstepLauncher,makeInvisible]
05-19 15:02:16.269 627 10431 I wm_restart_activity: [0,50107534,167,com.ebensz.enote.notepad/.BrowserActivity]
05-19 15:02:16.270 627 10431 I wm_set_resumed_activity: [0,com.ebensz.enote.notepad/.BrowserActivity,minimalResumeActivityLocked]
05-19 15:02:16.274 627 647 I sysui_multi_action: [757,803,799,window_time_0,802,2]
05-19 15:02:16.290 627 710 I input_focus: [Focus leaving 3cd5c8f com.ebensz.enote.notepad/com.ebensz.enote.notepad.EditActivity (server),reason=NO_WINDOW]
05-19 15:02:16.344 3656 3656 I wm_on_create_called: [50107534,com.ebensz.enote.notepad.BrowserActivity,performCreate]
05-19 15:02:16.346 3656 3656 I wm_on_start_called: [50107534,com.ebensz.enote.notepad.BrowserActivity,handleStartActivity]
05-19 15:02:16.346 3656 3656 I wm_on_resume_called: [50107534,com.ebensz.enote.notepad.BrowserActivity,RESUME_ACTIVITY]
05-19 15:02:16.352 3656 3656 I wm_on_top_resumed_gained_called: [50107534,com.ebensz.enote.notepad.BrowserActivity,topStateChangedWhenResumed]
05-19 15:02:16.371 627 648 I input_focus: [Focus request 44fdca8 com.ebensz.enote.notepad/com.ebensz.enote.notepad.BrowserActivity,reason=UpdateInputWindows]
05-19 15:02:16.387 627 644 I wm_activity_launch_time: [0,50107534,com.ebensz.enote.notepad/.BrowserActivity,140]
05-19 15:02:16.390 627 647 I wm_stop_activity: [0,214771548,com.android.launcher3/.uioverrides.QuickstepLauncher]
05-19 15:02:16.390 627 647 I wm_stop_activity: [0,265671827,com.ebensz.enote.notepad/.EditActivity]
05-19 15:02:16.399 627 710 I input_focus: [Focus entering 44fdca8 com.ebensz.enote.notepad/com.ebensz.enote.notepad.BrowserActivity (server),reason=setFocusedWindow]
05-19 15:02:16.405 1030 1030 I wm_on_stop_called: [214771548,com.android.launcher3.uioverrides.QuickstepLauncher,STOP_ACTIVITY_ITEM]
05-19 15:02:16.406 3656 3656 I wm_on_stop_called: [265671827,com.ebensz.enote.notepad.EditActivity,STOP_ACTIVITY_ITEM]
05-21 15:24:53.466 29262 29262 I : read descriptors
05-21 15:24:53.466 29262 29262 I : read strings
05-21 15:24:53.468 1 1 I init : processing action (sys.usb.config=adb && sys.usb.configfs=1 && sys.usb.ffs.ready=1) from (/system/etc/init/hw/init.usb.configfs.rc:20)
05-21 15:24:54.506 29262 29262 I : read descriptors
05-21 15:24:54.506 29262 29262 I : read strings
05-21 15:24:55.553 29262 29262 I : read descriptors
05-21 15:24:55.553 29262 29262 I : read strings
05-21 15:24:55.555 1 1 I init : processing action (sys.usb.config=adb && sys.usb.configfs=1 && sys.usb.ffs.ready=1) from (/system/etc/init/hw/init.usb.configfs.rc:20)
05-21 15:24:55.557 1 1 I init : Command 'symlink /config/usb_gadget/g1/functions/ffs.adb /config/usb_gadget/g1/configs/b.1/f1' action=sys.usb.config=adb && sys.usb.configfs=1 && sys.usb.ffs.ready=1 (/system/etc/init/hw/init.usb.configfs.rc:22) took 0ms and failed: symlink() failed: File exists
05-21 15:24:55.557 1 1 I init : Command 'write /config/usb_gadget/g1/UDC ${sys.usb.controller}' action=sys.usb.config=adb && sys.usb.configfs=1 && sys.usb.ffs.ready=1 (/system/etc/init/hw/init.usb.configfs.rc:23) took 0ms and failed: Unable to write to file '/config/usb_gadget/g1/UDC': Unable to write file contents: Device or resource busy
05-19 15:02:19.628 627 710 I input_interaction: Interaction with: 44fdca8 com.ebensz.enote.notepad/com.ebensz.enote.notepad.BrowserActivity (server), PointerEventDispatcher0 (server),
05-21 15:24:56.599 29262 29262 I : read descriptors
05-21 15:24:56.599 29262 29262 I : read strings
05-21 15:24:56.600 1 1 I init : processing action (sys.usb.config=adb && sys.usb.configfs=1 && sys.usb.ffs.ready=1) from (/system/etc/init/hw/init.usb.configfs.rc:20)
05-21 15:24:56.601 1 1 I init : Command 'symlink /config/usb_gadget/g1/functions/ffs.adb /config/usb_gadget/g1/configs/b.1/f1' action=sys.usb.config=adb && sys.usb.configfs=1 && sys.usb.ffs.ready=1 (/system/etc/init/hw/init.usb.configfs.rc:22) took 0ms and failed: symlink() failed: File exists
05-21 15:24:56.602 1 1 I init : Command 'write /config/usb_gadget/g1/UDC ${sys.usb.controller}' action=sys.usb.config=adb && sys.usb.configfs=1 && sys.usb.ffs.ready=1 (/system/etc/init/hw/init.usb.configfs.rc:23) took 0ms and failed: Unable to write to file '/config/usb_gadget/g1/UDC': Unable to write file contents: Device or resource busy
05-21 15:24:57.646 29262 29262 I : read descriptors
05-21 15:24:57.646 29262 29262 I : read strings
05-21 15:24:57.646 1 1 I init : processing action (sys.usb.config=adb && sys.usb.configfs=1 && sys.usb.ffs.ready=1) from (/system/etc/init/hw/init.usb.configfs.rc:20)
05-21 15:24:57.647 1 1 I init : Command 'symlink /config/usb_gadget/g1/functions/ffs.adb /config/usb_gadget/g1/configs/b.1/f1' action=sys.usb.config=adb && sys.usb.configfs=1 && sys.usb.ffs.ready=1 (/system/etc/init/hw/init.usb.configfs.rc:22) took 0ms and failed: symlink() failed: File exists
05-21 15:24:57.647 1 1 I init : Command 'write /config/usb_gadget/g1/UDC ${sys.usb.controller}' action=sys.usb.config=adb && sys.usb.configfs=1 && sys.usb.ffs.ready=1 (/system/etc/init/hw/init.usb.configfs.rc:23) took 0ms and failed: Unable to write to file '/config/usb_gadget/g1/UDC': Unable to write file contents: Device or resource busy
05-19 15:02:21.840 627 648 I input_focus: [Focus request dd00d6d com.ebensz.enote.notepad/com.ebensz.enote.notepad.BrowserActivity,reason=UpdateInputWindows]
05-19 15:02:21.866 627 710 I input_focus: [Focus leaving 44fdca8 com.ebensz.enote.notepad/com.ebensz.enote.notepad.BrowserActivity (server),reason=Waiting for window because NOT_VISIBLE]
05-19 15:02:21.886 627 710 I input_focus: [Focus entering dd00d6d com.ebensz.enote.notepad/com.ebensz.enote.notepad.BrowserActivity (server),reason=Window became focusable. Previous reason: NOT_VISIBLE]
05-19 15:02:22.020 627 648 I input_focus: [Focus request 61c2bdd 移动页面,reason=UpdateInputWindows]
05-19 15:02:22.066 627 710 I input_focus: [Focus entering 61c2bdd 移动页面 (server),reason=Window became focusable. Previous reason: NOT_VISIBLE]
05-21 15:24:58.750 29262 29262 I : read descriptors
05-21 15:24:58.750 29262 29262 I : read strings
05-21 15:24:58.751 1 1 I init : processing action (sys.usb.config=adb && sys.usb.configfs=1 && sys.usb.ffs.ready=1) from (/system/etc/init/hw/init.usb.configfs.rc:20)
05-19 15:02:22.883 627 710 I input_interaction: Interaction with: 61c2bdd 移动页面 (server), PointerEventDispatcher0 (server),
05-21 15:24:59.806 29262 29262 I : read descriptors
05-21 15:24:59.806 29262 29262 I : read strings
05-21 15:25:00.856 29262 29262 I : read descriptors
05-21 15:25:00.856 29262 29262 I : read strings
05-21 15:25:00.858 1 1 I init : processing action (sys.usb.config=adb && sys.usb.configfs=1 && sys.usb.ffs.ready=1) from (/system/etc/init/hw/init.usb.configfs.rc:20)
05-21 15:25:00.860 1 1 I init : Command 'symlink /config/usb_gadget/g1/functions/ffs.adb /config/usb_gadget/g1/configs/b.1/f1' action=sys.usb.config=adb && sys.usb.configfs=1 && sys.usb.ffs.ready=1 (/system/etc/init/hw/init.usb.configfs.rc:22) took 0ms and failed: symlink() failed: File exists
05-21 15:25:00.860 1 1 I init : Command 'write /config/usb_gadget/g1/UDC ${sys.usb.controller}' action=sys.usb.config=adb && sys.usb.configfs=1 && sys.usb.ffs.ready=1 (/system/etc/init/hw/init.usb.configfs.rc:23) took 0ms and failed: Unable to write to file '/config/usb_gadget/g1/UDC': Unable to write file contents: Device or resource busy
05-21 15:25:01.943 29262 29262 I : read descriptors
05-21 15:25:01.943 29262 29262 I : read strings
05-21 15:25:01.945 1 1 I init : processing action (sys.usb.config=adb && sys.usb.configfs=1 && sys.usb.ffs.ready=1) from (/system/etc/init/hw/init.usb.configfs.rc:20)
05-21 15:25:01.948 1 1 I init : Command 'symlink /config/usb_gadget/g1/functions/ffs.adb /config/usb_gadget/g1/configs/b.1/f1' action=sys.usb.config=adb && sys.usb.configfs=1 && sys.usb.ffs.ready=1 (/system/etc/init/hw/init.usb.configfs.rc:22) took 0ms and failed: symlink() failed: File exists
05-21 15:25:01.948 1 1 I init : Command 'write /config/usb_gadget/g1/UDC ${sys.usb.controller}' action=sys.usb.config=adb && sys.usb.configfs=1 && sys.usb.ffs.ready=1 (/system/etc/init/hw/init.usb.configfs.rc:23) took 0ms and failed: Unable to write to file '/config/usb_gadget/g1/UDC': Unable to write file contents: Device or resource busy
05-21 15:25:02.979 29262 29262 I : read descriptors
05-21 15:25:02.980 29262 29262 I : read strings
05-21 15:25:02.981 1 1 I init : processing action (sys.usb.config=adb && sys.usb.configfs=1 && sys.usb.ffs.ready=1) from (/system/etc/init/hw/init.usb.configfs.rc:20)
05-21 15:25:02.984 1 1 I init : Command 'symlink /config/usb_gadget/g1/functions/ffs.adb /config/usb_gadget/g1/configs/b.1/f1' action=sys.usb.config=adb && sys.usb.configfs=1 && sys.usb.ffs.ready=1 (/system/etc/init/hw/init.usb.configfs.rc:22) took 0ms and failed: symlink() failed: File exists
05-21 15:25:02.985 1 1 I init : Command 'write /config/usb_gadget/g1/UDC ${sys.usb.controller}' action=sys.usb.config=adb && sys.usb.configfs=1 && sys.usb.ffs.ready=1 (/system/etc/init/hw/init.usb.configfs.rc:23) took 0ms and failed: Unable to write to file '/config/usb_gadget/g1/UDC': Unable to write file contents: Device or resource busy
05-21 15:25:04.030 29262 29262 I : read descriptors
05-21 15:25:04.030 29262 29262 I : read strings
05-21 15:25:04.033 1 1 I init : processing action (sys.usb.config=adb && sys.usb.configfs=1 && sys.usb.ffs.ready=1) from (/system/etc/init/hw/init.usb.configfs.rc:20)
05-19 15:02:28.016 627 1072 I wm_task_moved: [167,1,15]
05-19 15:02:28.016 627 1072 I wm_set_resumed_activity: [0,com.ebensz.enote.notepad/.BrowserActivity,positionChildAt]
05-19 15:02:28.017 627 1072 I wm_create_activity: [0,142869888,167,com.ebensz.enote.notepad/.ui.dialog.MovingPageDialog,eben.intent.action.MOVE_PAGE,NULL,NULL,0]
05-19 15:02:28.018 627 1072 I wm_pause_activity: [0,50107534,com.ebensz.enote.notepad/.BrowserActivity,userLeaving=true,resumeTopActivity]
05-19 15:02:28.035 3656 3656 I wm_on_top_resumed_lost_called: [50107534,com.ebensz.enote.notepad.BrowserActivity,topStateChangedWhenResumed]
05-19 15:02:28.035 627 648 I input_focus: [Focus request 44fdca8 com.ebensz.enote.notepad/com.ebensz.enote.notepad.BrowserActivity,reason=UpdateInputWindows]
05-19 15:02:28.037 3656 3656 I wm_on_paused_called: [50107534,com.ebensz.enote.notepad.BrowserActivity,performPause]
05-19 15:02:28.038 627 1072 I wm_restart_activity: [0,142869888,167,com.ebensz.enote.notepad/.ui.dialog.MovingPageDialog]
05-19 15:02:28.039 627 1072 I wm_set_resumed_activity: [0,com.ebensz.enote.notepad/.ui.dialog.MovingPageDialog,minimalResumeActivityLocked]
05-19 15:02:28.042 627 647 I sysui_multi_action: [757,803,799,window_time_0,802,12]
05-19 15:02:28.060 627 710 I input_focus: [Focus entering 44fdca8 com.ebensz.enote.notepad/com.ebensz.enote.notepad.BrowserActivity (server),reason=setFocusedWindow]
05-19 15:02:28.083 3656 3656 I wm_on_create_called: [142869888,com.ebensz.enote.notepad.ui.dialog.MovingPageDialog,performCreate]
05-19 15:02:28.086 3656 3656 I wm_on_start_called: [142869888,com.ebensz.enote.notepad.ui.dialog.MovingPageDialog,handleStartActivity]
05-19 15:02:28.092 627 1072 I wm_task_moved: [167,1,15]
05-19 15:02:28.092 627 1072 I wm_set_resumed_activity: [0,com.ebensz.enote.notepad/.ui.dialog.MovingPageDialog,positionChildAt]
05-19 15:02:28.092 627 1072 I wm_create_activity: [0,263194455,167,com.ebensz.enote.notepad/com.ebensz.enote.entry.encryption.EnoteEncrypt,com.ebensz.enotepad.action.VALIDATE,NULL,NULL,67108864]
05-19 15:02:28.093 627 1072 I wm_pause_activity: [0,142869888,com.ebensz.enote.notepad/.ui.dialog.MovingPageDialog,userLeaving=true,resumeTopActivity]
05-19 15:02:28.097 3656 3656 I wm_on_resume_called: [142869888,com.ebensz.enote.notepad.ui.dialog.MovingPageDialog,RESUME_ACTIVITY]
05-19 15:02:28.104 3656 3656 I wm_on_top_resumed_gained_called: [142869888,com.ebensz.enote.notepad.ui.dialog.MovingPageDialog,topStateChangedWhenResumed]
05-19 15:02:28.105 3656 3656 I wm_on_top_resumed_lost_called: [142869888,com.ebensz.enote.notepad.ui.dialog.MovingPageDialog,topStateChangedWhenResumed]
05-19 15:02:28.106 3656 3656 I wm_on_paused_called: [142869888,com.ebensz.enote.notepad.ui.dialog.MovingPageDialog,performPause]
05-19 15:02:28.107 627 9760 I wm_restart_activity: [0,263194455,167,com.ebensz.enote.notepad/com.ebensz.enote.entry.encryption.EnoteEncrypt]
05-19 15:02:28.108 627 9760 I wm_set_resumed_activity: [0,com.ebensz.enote.notepad/com.ebensz.enote.entry.encryption.EnoteEncrypt,minimalResumeActivityLocked]
05-19 15:02:28.110 627 647 I sysui_multi_action: [757,803,799,window_time_0,802,0]
05-19 15:02:28.208 3656 3656 I wm_on_create_called: [263194455,com.ebensz.enote.entry.encryption.EnoteEncrypt,performCreate]
05-19 15:02:28.210 3656 3656 I wm_on_start_called: [263194455,com.ebensz.enote.entry.encryption.EnoteEncrypt,handleStartActivity]
05-19 15:02:28.247 3656 3656 I wm_on_resume_called: [263194455,com.ebensz.enote.entry.encryption.EnoteEncrypt,RESUME_ACTIVITY]
05-19 15:02:28.250 3656 3656 I wm_on_top_resumed_gained_called: [263194455,com.ebensz.enote.entry.encryption.EnoteEncrypt,topStateChangedWhenResumed]
05-19 15:02:28.261 627 648 I input_focus: [Focus request 687c61 com.ebensz.enote.notepad/com.ebensz.enote.entry.encryption.EnoteEncrypt,reason=UpdateInputWindows]
05-19 15:02:28.295 627 710 I input_focus: [Focus leaving 44fdca8 com.ebensz.enote.notepad/com.ebensz.enote.notepad.BrowserActivity (server),reason=NOT_FOCUSABLE]
05-19 15:02:28.306 627 644 I wm_activity_launch_time: [0,263194455,com.ebensz.enote.notepad/com.ebensz.enote.entry.encryption.EnoteEncrypt,293]
05-19 15:02:28.311 627 8957 I wm_add_to_stopping: [0,142869888,com.ebensz.enote.notepad/.ui.dialog.MovingPageDialog,makeInvisible]
05-19 15:02:28.312 627 8957 I wm_add_to_stopping: [0,50107534,com.ebensz.enote.notepad/.BrowserActivity,makeInvisible]
05-19 15:02:28.313 627 8957 I wm_stop_activity: [0,50107534,com.ebensz.enote.notepad/.BrowserActivity]
05-19 15:02:28.314 627 710 I input_focus: [Focus entering 687c61 com.ebensz.enote.notepad/com.ebensz.enote.entry.encryption.EnoteEncrypt (server),reason=Window became focusable. Previous reason: NOT_VISIBLE]
05-19 15:02:28.319 627 652 I am_pss : [6488,99002,com.android.webview:sandboxed_process0:org.chromium.content.app.SandboxedProcessService0:0,37997568,12152832,0,138436608,0,4,2]
05-19 15:02:28.352 3656 3656 I wm_on_stop_called: [50107534,com.ebensz.enote.notepad.BrowserActivity,STOP_ACTIVITY_ITEM]
05-19 15:02:28.432 627 647 I wm_stop_activity: [0,142869888,com.ebensz.enote.notepad/.ui.dialog.MovingPageDialog]
05-19 15:02:28.453 3656 3656 I wm_on_stop_called: [142869888,com.ebensz.enote.notepad.ui.dialog.MovingPageDialog,STOP_ACTIVITY_ITEM]
05-21 15:25:05.076 29262 29262 I : read descriptors
05-21 15:25:05.076 29262 29262 I : read strings
05-21 15:25:06.119 29262 29262 I : read descriptors
05-21 15:25:06.119 29262 29262 I : read strings
05-21 15:25:06.122 1 1 I init : processing action (sys.usb.config=adb && sys.usb.configfs=1 && sys.usb.ffs.ready=1) from (/system/etc/init/hw/init.usb.configfs.rc:20)
05-21 15:25:06.124 1 1 I init : Command 'symlink /config/usb_gadget/g1/functions/ffs.adb /config/usb_gadget/g1/configs/b.1/f1' action=sys.usb.config=adb && sys.usb.configfs=1 && sys.usb.ffs.ready=1 (/system/etc/init/hw/init.usb.configfs.rc:22) took 0ms and failed: symlink() failed: File exists
05-21 15:25:06.124 1 1 I init : Command 'write /config/usb_gadget/g1/UDC ${sys.usb.controller}' action=sys.usb.config=adb && sys.usb.configfs=1 && sys.usb.ffs.ready=1 (/system/etc/init/hw/init.usb.configfs.rc:23) took 0ms and failed: Unable to write to file '/config/usb_gadget/g1/UDC': Unable to write file contents: Device or resource busy
05-19 15:02:29.954 627 710 I input_interaction: Interaction with: 687c61 com.ebensz.enote.notepad/com.ebensz.enote.entry.encryption.EnoteEncrypt (server), f6e4224 com.android.systemui.ImageWallpaper (server), PointerEventDispatcher0 (server),
05-21 15:25:07.176 29262 29262 I : read descriptors
05-21 15:25:07.176 29262 29262 I : read strings
05-21 15:25:07.178 1 1 I init : processing action (sys.usb.config=adb && sys.usb.configfs=1 && sys.usb.ffs.ready=1) from (/system/etc/init/hw/init.usb.configfs.rc:20)
05-21 15:25:07.179 1 1 I init : Command 'symlink /config/usb_gadget/g1/functions/ffs.adb /config/usb_gadget/g1/configs/b.1/f1' action=sys.usb.config=adb && sys.usb.configfs=1 && sys.usb.ffs.ready=1 (/system/etc/init/hw/init.usb.configfs.rc:22) took 0ms and failed: symlink() failed: File exists
05-21 15:25:07.180 1 1 I init : Command 'write /config/usb_gadget/g1/UDC ${sys.usb.controller}' action=sys.usb.config=adb && sys.usb.configfs=1 && sys.usb.ffs.ready=1 (/system/etc/init/hw/init.usb.configfs.rc:23) took 0ms and failed: Unable to write to file '/config/usb_gadget/g1/UDC': Unable to write file contents: Device or resource busy
05-19 15:02:31.811 627 8957 I wm_finish_activity: [0,263194455,167,com.ebensz.enote.notepad/com.ebensz.enote.entry.encryption.EnoteEncrypt,app-request]
05-19 15:02:31.827 627 8957 I wm_pause_activity: [0,263194455,com.ebensz.enote.notepad/com.ebensz.enote.entry.encryption.EnoteEncrypt,userLeaving=false,finish]
05-19 15:02:31.836 3656 3656 I wm_on_top_resumed_lost_called: [263194455,com.ebensz.enote.entry.encryption.EnoteEncrypt,topStateChangedWhenResumed]
05-19 15:02:31.842 3656 3656 I wm_on_paused_called: [263194455,com.ebensz.enote.entry.encryption.EnoteEncrypt,performPause]
05-19 15:02:31.843 627 8957 I wm_add_to_stopping: [0,263194455,com.ebensz.enote.notepad/com.ebensz.enote.entry.encryption.EnoteEncrypt,completeFinishing]
05-19 15:02:31.847 627 8957 I wm_set_resumed_activity: [0,com.ebensz.enote.notepad/.ui.dialog.MovingPageDialog,resumeTopActivity]
05-19 15:02:31.849 627 8957 I wm_resume_activity: [0,142869888,167,com.ebensz.enote.notepad/.ui.dialog.MovingPageDialog]
05-19 15:02:31.853 627 647 I sysui_multi_action: [757,803,799,window_time_0,802,4]
05-19 15:02:31.854 3656 3656 I wm_on_restart_called: [50107534,com.ebensz.enote.notepad.BrowserActivity,performRestartActivity]
05-19 15:02:31.858 3656 3656 I wm_on_start_called: [50107534,com.ebensz.enote.notepad.BrowserActivity,handleStartActivity]
05-19 15:02:31.860 3656 3656 I wm_on_activity_result_called: [142869888,com.ebensz.enote.notepad.ui.dialog.MovingPageDialog,ACTIVITY_RESULT]
05-19 15:02:31.860 3656 3656 I wm_on_restart_called: [142869888,com.ebensz.enote.notepad.ui.dialog.MovingPageDialog,performRestartActivity]
05-19 15:02:31.860 3656 3656 I wm_on_start_called: [142869888,com.ebensz.enote.notepad.ui.dialog.MovingPageDialog,handleStartActivity]
05-19 15:02:31.867 627 710 I input_focus: [Focus leaving 687c61 com.ebensz.enote.notepad/com.ebensz.enote.entry.encryption.EnoteEncrypt (server),reason=NO_WINDOW]
05-19 15:02:31.870 3656 3656 I wm_on_resume_called: [142869888,com.ebensz.enote.notepad.ui.dialog.MovingPageDialog,RESUME_ACTIVITY]
05-19 15:02:31.870 3656 3656 I wm_on_top_resumed_gained_called: [142869888,com.ebensz.enote.notepad.ui.dialog.MovingPageDialog,topWhenResuming]
05-21 15:25:08.058 1305 1305 I binder : 1275:1305 transaction failed 29201/-28, size 104-0 line 2921
05-19 15:02:31.885 627 648 I input_focus: [Focus request 2c3c1f3 com.ebensz.enote.notepad/com.ebensz.enote.notepad.ui.dialog.MovingPageDialog,reason=UpdateInputWindows]
05-21 15:25:08.089 1305 1305 I binder : 1275:1305 transaction failed 29201/-28, size 104-0 line 2921
05-21 15:25:08.096 1305 1305 I binder : 1275:1305 transaction failed 29201/-28, size 104-0 line 2921
05-21 15:25:08.102 1305 1305 I binder : 1275:1305 transaction failed 29201/-28, size 104-0 line 2921
05-21 15:25:08.119 1305 1305 I binder : 1275:1305 transaction failed 29201/-28, size 104-0 line 2921
05-21 15:25:08.134 1305 1305 I binder : 1275:1305 transaction failed 29201/-28, size 104-0 line 2921
05-19 15:02:31.967 627 652 I am_pss : [6481,10079,com.android.webview:webview_service,8798208,3686400,0,85585920,0,19,2]
05-21 15:25:08.146 1305 1305 I binder : 1275:1305 transaction failed 29201/-28, size 104-0 line 2921
05-19 15:02:31.976 627 710 I input_focus: [Focus entering 2c3c1f3 com.ebensz.enote.notepad/com.ebensz.enote.notepad.ui.dialog.MovingPageDialog (server),reason=Window became focusable. Previous reason: NOT_VISIBLE]
05-21 15:25:08.176 1305 1305 I binder : 1275:1305 transaction failed 29201/-28, size 104-0 line 2921
05-21 15:25:08.207 1305 1305 I binder : 1275:1305 transaction failed 29201/-28, size 104-0 line 2921
05-19 15:02:32.040 627 9760 I wm_finish_activity: [0,142869888,167,com.ebensz.enote.notepad/.ui.dialog.MovingPageDialog,app-request]
05-19 15:02:32.040 627 9760 I wm_pause_activity: [0,142869888,com.ebensz.enote.notepad/.ui.dialog.MovingPageDialog,userLeaving=false,finish]
05-21 15:25:08.226 29262 29262 I : read descriptors
05-21 15:25:08.226 29262 29262 I : read strings
05-21 15:25:08.228 1 1 I init : processing action (sys.usb.config=adb && sys.usb.configfs=1 && sys.usb.ffs.ready=1) from (/system/etc/init/hw/init.usb.configfs.rc:20)
05-21 15:25:08.229 1 1 I init : Command 'symlink /config/usb_gadget/g1/functions/ffs.adb /config/usb_gadget/g1/configs/b.1/f1' action=sys.usb.config=adb && sys.usb.configfs=1 && sys.usb.ffs.ready=1 (/system/etc/init/hw/init.usb.configfs.rc:22) took 0ms and failed: symlink() failed: File exists
05-21 15:25:08.229 1 1 I init : Command 'write /config/usb_gadget/g1/UDC ${sys.usb.controller}' action=sys.usb.config=adb && sys.usb.configfs=1 && sys.usb.ffs.ready=1 (/system/etc/init/hw/init.usb.configfs.rc:23) took 0ms and failed: Unable to write to file '/config/usb_gadget/g1/UDC': Unable to write file contents: Device or resource busy
05-19 15:02:32.057 627 627 I notification_enqueue: [10038,26859,com.ebensz.enote.notepad,2,NULL,0,Notification(channel=monitor_channel_01 shortcut=null contentView=null vibrate=null sound=null defaults=0x0 flags=0x40 color=0x00000000 vis=PRIVATE),0]
05-21 15:25:08.244 1305 1305 I binder : 1275:1305 transaction failed 29201/-28, size 104-0 line 2921
05-19 15:02:32.066 627 710 I input_focus: [Focus leaving 2c3c1f3 com.ebensz.enote.notepad/com.ebensz.enote.notepad.ui.dialog.MovingPageDialog (server),reason=NO_WINDOW]
05-19 15:02:32.148 3656 3656 I wm_on_top_resumed_lost_called: [142869888,com.ebensz.enote.notepad.ui.dialog.MovingPageDialog,topStateChangedWhenResumed]
