05-19 14:40:50.209 25952 25952 I auditd : type=1400 audit(0.0:2329): avc: denied { read } for comm="BackgroundThrea" name="route" dev="proc" ino=4026532241 scontext=u:r:untrusted_app:s0:c98,c256,c512,c768 tcontext=u:object_r:proc_net:s0 tclass=file permissive=1 app=com.baidu.appsearch
05-19 14:40:50.209 25952 25952 I auditd : type=1400 audit(0.0:2330): avc: denied { open } for comm="BackgroundThrea" path="/proc/25952/net/route" dev="proc" ino=4026532241 scontext=u:r:untrusted_app:s0:c98,c256,c512,c768 tcontext=u:object_r:proc_net:s0 tclass=file permissive=1 app=com.baidu.appsearch
05-19 14:40:50.212 25952 25952 I auditd : type=1400 audit(0.0:2331): avc: denied { search } for comm="BackgroundThrea" name="asound" dev="proc" ino=4026532206 scontext=u:r:untrusted_app:s0:c98,c256,c512,c768 tcontext=u:object_r:proc_asound:s0 tclass=dir permissive=1 app=com.baidu.appsearch
05-19 14:40:50.212 25952 25952 I auditd : type=1400 audit(0.0:2332): avc: denied { read } for comm="BackgroundThrea" name="id" dev="proc" ino=4026532952 scontext=u:r:untrusted_app:s0:c98,c256,c512,c768 tcontext=u:object_r:proc_asound:s0 tclass=file permissive=1 app=com.baidu.appsearch
05-19 14:40:50.212 25952 25952 I auditd : type=1400 audit(0.0:2333): avc: denied { open } for comm="BackgroundThrea" path="/proc/asound/card0/id" dev="proc" ino=4026532952 scontext=u:r:untrusted_app:s0:c98,c256,c512,c768 tcontext=u:object_r:proc_asound:s0 tclass=file permissive=1 app=com.baidu.appsearch
05-19 14:40:50.212 25952 25952 I auditd : type=1400 audit(0.0:2334): avc: denied { getattr } for comm="BackgroundThrea" path="/proc/asound/card0/id" dev="proc" ino=4026532952 scontext=u:r:untrusted_app:s0:c98,c256,c512,c768 tcontext=u:object_r:proc_asound:s0 tclass=file permissive=1 app=com.baidu.appsearch
05-19 14:40:50.212 25952 25952 I auditd : type=1400 audit(0.0:2335): avc: denied { search } for comm="BackgroundThrea" name="net" dev="sysfs" ino=20887 scontext=u:r:untrusted_app:s0:c98,c256,c512,c768 tcontext=u:object_r:sysfs_net:s0 tclass=dir permissive=1 app=com.baidu.appsearch
05-19 14:40:50.215 25952 25952 I auditd : type=1400 audit(0.0:2336): avc: denied { read } for comm="BackgroundThrea" name="address" dev="sysfs" ino=33299 scontext=u:r:untrusted_app:s0:c98,c256,c512,c768 tcontext=u:object_r:sysfs_net:s0 tclass=file permissive=1 app=com.baidu.appsearch
05-19 14:40:50.215 25952 25952 I auditd : type=1400 audit(0.0:2337): avc: denied { open } for comm="BackgroundThrea" path="/sys/devices/virtual/net/dummy0/address" dev="sysfs" ino=33299 scontext=u:r:untrusted_app:s0:c98,c256,c512,c768 tcontext=u:object_r:sysfs_net:s0 tclass=file permissive=1 app=com.baidu.appsearch
05-19 14:40:53.909 627 702 I am_freeze: [18892,com.android.gallery3d]
05-19 14:41:12.359 627 668 I sysui_multi_action: [757,1696,758,6,759,2]
05-19 14:41:13.692 627 668 I sysui_multi_action: [757,1696,758,6,759,3]
05-19 14:41:17.868 627 710 I input_interaction: Interaction with: 8efd817 PopupWindow:191eadb (server), PointerEventDispatcher0 (server),
05-19 14:41:17.939 627 5232 I wm_task_created: [154,-1]
05-19 14:41:17.944 627 5232 I wm_task_moved: [154,1,17]
05-19 14:41:17.944 627 5232 I wm_task_to_front: [0,154]
05-19 14:41:17.946 627 5232 I wm_create_task: [0,154]
05-19 14:41:17.946 627 5232 I wm_create_activity: [0,20956538,154,com.ebensz.enote.entry/.activity.EbenSearchActivity,com.ebensz.enote.action.SEARCH_NOTE,NULL,NULL,268435456]
05-19 14:41:17.946 627 5232 I wm_task_moved: [154,1,17]
05-19 14:41:17.951 627 5232 I wm_pause_activity: [0,260989843,com.ebensz.enote.notepad/.EditActivity,userLeaving=true,pauseBackTasks]
05-19 14:41:17.967 31530 31530 I wm_on_top_resumed_lost_called: [260989843,com.ebensz.enote.notepad.EditActivity,topStateChangedWhenResumed]
05-19 14:41:17.984 31530 31530 I wm_on_paused_called: [260989843,com.ebensz.enote.notepad.EditActivity,performPause]
05-19 14:41:17.986 627 1877 I wm_restart_activity: [0,20956538,154,com.ebensz.enote.entry/.activity.EbenSearchActivity]
05-19 14:41:17.990 627 1877 I wm_set_resumed_activity: [0,com.ebensz.enote.entry/.activity.EbenSearchActivity,minimalResumeActivityLocked]
05-19 14:41:17.996 627 647 I sysui_multi_action: [757,803,799,window_time_0,802,58]
05-19 14:41:18.104 2331 2331 I wm_on_create_called: [20956538,com.ebensz.enote.entry.activity.EbenSearchActivity,performCreate]
05-19 14:41:18.104 2331 2331 I wm_on_start_called: [20956538,com.ebensz.enote.entry.activity.EbenSearchActivity,handleStartActivity]
05-19 14:41:18.104 2331 2331 I wm_on_resume_called: [20956538,com.ebensz.enote.entry.activity.EbenSearchActivity,RESUME_ACTIVITY]
05-19 14:41:18.108 2331 2331 I wm_on_top_resumed_gained_called: [20956538,com.ebensz.enote.entry.activity.EbenSearchActivity,topStateChangedWhenResumed]
05-19 14:41:18.116 627 648 I input_focus: [Focus request 5d5f1a0 com.ebensz.enote.entry/com.ebensz.enote.entry.activity.EbenSearchActivity,reason=UpdateInputWindows]
05-19 14:41:18.147 627 710 I input_focus: [Focus leaving c5e7c52 com.ebensz.enote.notepad/com.ebensz.enote.notepad.EditActivity (server),reason=Waiting for window because NO_WINDOW]
05-19 14:41:18.158 627 644 I sysui_multi_action: [319,219,322,218,325,79381,757,761,758,8,759,2,806,com.ebensz.enote.entry,871,com.ebensz.enote.entry.activity.EbenSearchActivity,904,com.ebensz.enote.notepad,905,0,1320,4,1321,1]
05-19 14:41:18.159 627 644 I wm_activity_launch_time: [0,20956538,com.ebensz.enote.entry/.activity.EbenSearchActivity,218]
05-19 14:41:18.163 627 652 I am_pss : [334,1000,android:ui,11575296,4743168,0,95068160,0,19,4]
05-19 14:41:18.165 627 710 I input_focus: [Focus entering 5d5f1a0 com.ebensz.enote.entry/com.ebensz.enote.entry.activity.EbenSearchActivity (server),reason=Window became focusable. Previous reason: NOT_VISIBLE]
05-19 14:41:19.841 627 710 I input_interaction: Interaction with: 5d5f1a0 com.ebensz.enote.entry/com.ebensz.enote.entry.activity.EbenSearchActivity (server), PointerEventDispatcher0 (server),
05-19 14:41:22.392 2331 2331 I view_enqueue_input_event: [Motion - Cancel,com.ebensz.enote.entry/com.ebensz.enote.entry.activity.EbenSearchActivity]
05-19 14:41:48.831 627 668 I sysui_multi_action: [757,1696,758,6,759,2]
05-19 14:41:51.819 627 668 I power_sleep_requested: 0
05-19 14:41:51.833 627 652 I am_pss : [334,1000,android:ui,11575296,4743168,0,95068160,0,19,4]
05-19 14:41:51.872 627 668 I sysui_multi_action: [757,1696,758,6,759,0]
05-19 14:41:52.355 627 668 I wm_pause_activity: [0,20956538,com.ebensz.enote.entry/.activity.EbenSearchActivity,userLeaving=false,sleep]
05-19 14:41:52.356 2331 2331 I wm_on_top_resumed_lost_called: [20956538,com.ebensz.enote.entry.activity.EbenSearchActivity,topStateChangedWhenResumed]
05-19 14:41:52.358 627 668 I wm_add_to_stopping: [0,260989843,com.ebensz.enote.notepad/.EditActivity,makeInvisible]
05-19 14:41:52.360 627 668 I wm_add_to_stopping: [0,221501667,com.ebensz.email/.activity.EmailActivity,makeInvisible]
05-19 14:41:52.363 627 647 I wm_add_to_stopping: [0,20956538,com.ebensz.enote.entry/.activity.EbenSearchActivity,makeInvisible]
05-19 14:41:52.364 627 647 I wm_stop_activity: [0,221501667,com.ebensz.email/.activity.EmailActivity]
05-19 14:41:52.364 627 647 I wm_stop_activity: [0,260989843,com.ebensz.enote.notepad/.EditActivity]
05-19 14:41:52.365 2331 2331 I wm_on_paused_called: [20956538,com.ebensz.enote.entry.activity.EbenSearchActivity,performPause]
05-19 14:41:52.378 627 710 I input_focus: [Focus leaving 5d5f1a0 com.ebensz.enote.entry/com.ebensz.enote.entry.activity.EbenSearchActivity (server),reason=NOT_VISIBLE]
05-19 14:41:52.381 627 647 I wm_stop_activity: [0,20956538,com.ebensz.enote.entry/.activity.EbenSearchActivity]
05-19 14:41:52.381 627 647 I sysui_multi_action: [757,803,799,window_time_0,802,34]
05-19 14:41:52.382 2331 2331 I wm_on_stop_called: [20956538,com.ebensz.enote.entry.activity.EbenSearchActivity,STOP_ACTIVITY_ITEM]
05-19 14:41:52.395 7156 7156 I wm_on_stop_called: [221501667,com.ebensz.email.activity.EmailActivity,STOP_ACTIVITY_ITEM]
05-19 14:41:52.414 31530 31530 I wm_on_stop_called: [260989843,com.ebensz.enote.notepad.EditActivity,STOP_ACTIVITY_ITEM]
05-19 14:41:52.752 627 627 I sysui_multi_action: [757,198,758,2,759,3,1359,935,1695,2]
05-19 14:41:52.752 627 627 I power_screen_state: [0,3,0,0,935]
05-19 14:41:52.752 627 627 I screen_toggled: 0
05-19 14:41:52.753 627 627 I sysui_multi_action: [757,804,799,screen_timeout,801,15,802,1]
05-19 14:41:52.753 627 627 I sysui_multi_action: [757,1594,758,4,759,-2147483648,1359,102267]
05-19 14:41:52.753 627 627 I power_screen_broadcast_send: 1
05-19 14:41:52.794 627 627 I battery_saving_stats: [0,1,0,102784,0,0,62470459,0,-6]
05-19 14:41:52.818 627 627 I power_screen_broadcast_done: [0,65,1]
05-19 14:42:00.595 627 711 I sysui_multi_action: [757,804,799,power_consecutive_short_tap_count,801,1,802,1]
05-19 14:42:00.597 627 711 I sysui_multi_action: [757,804,799,power_double_tap_interval,801,103847,802,1]
05-19 14:42:00.597 627 711 I intercept_power: [ACTION_DOWN,0,0]
05-19 14:42:00.605 627 711 I intercept_power: [ACTION_UP,0,0]
05-19 14:42:00.609 627 668 I wm_set_resumed_activity: [0,com.ebensz.enote.entry/.activity.EbenSearchActivity,resumeTopActivity]
05-19 14:42:00.617 627 627 I screen_toggled: 1
05-19 14:42:00.623 627 668 I wm_resume_activity: [0,20956538,154,com.ebensz.enote.entry/.activity.EbenSearchActivity]
05-19 14:42:00.626 627 668 I sysui_multi_action: [757,1696,758,6,759,3]
05-19 14:42:00.638 627 627 I power_screen_broadcast_send: 1
05-19 14:42:00.647 2331 2331 I wm_on_restart_called: [20956538,com.ebensz.enote.entry.activity.EbenSearchActivity,performRestartActivity]
05-19 14:42:00.647 2331 2331 I wm_on_start_called: [20956538,com.ebensz.enote.entry.activity.EbenSearchActivity,handleStartActivity]
05-19 14:42:00.650 2331 2331 I wm_on_resume_called: [20956538,com.ebensz.enote.entry.activity.EbenSearchActivity,RESUME_ACTIVITY]
05-19 14:42:00.650 2331 2331 I wm_on_top_resumed_gained_called: [20956538,com.ebensz.enote.entry.activity.EbenSearchActivity,topWhenResuming]
05-19 14:42:00.651 31530 31530 I wm_on_restart_called: [260989843,com.ebensz.enote.notepad.EditActivity,performRestartActivity]
05-19 14:42:00.652 7156 7156 I wm_on_restart_called: [221501667,com.ebensz.email.activity.EmailActivity,performRestartActivity]
05-19 14:42:00.652 7156 7156 I wm_on_start_called: [221501667,com.ebensz.email.activity.EmailActivity,handleStartActivity]
05-19 14:42:00.655 31530 31530 I wm_on_start_called: [260989843,com.ebensz.enote.notepad.EditActivity,handleStartActivity]
05-19 14:42:00.676 627 648 I input_focus: [Focus request 5d5f1a0 com.ebensz.enote.entry/com.ebensz.enote.entry.activity.EbenSearchActivity,reason=UpdateInputWindows]
05-19 14:42:00.718 627 627 I notification_enqueue: [10098,25952,com.baidu.appsearch,2131755453,NULL,0,Notification(channel=手机管理、安全检测相关通知 shortcut=null contentView=null vibrate=null sound=null defaults=0x0 flags=0x62 color=0x00000000 vis=PRIVATE),1]
05-19 14:42:00.756 627 730 I netstats_mobile_sample: [0,0,0,0,0,0,0,0,0,0,0,0,1747636920757]
05-19 14:42:00.756 627 730 I netstats_wifi_sample: [0,0,0,0,0,0,0,0,0,0,0,0,1747636920757]
05-19 14:42:01.198 627 627 I battery_saving_stats: [0,0,0,8404,0,0,173809653,0,-18]
05-19 14:42:01.234 627 627 I power_screen_broadcast_done: [1,597,1]
05-19 14:42:01.700 627 668 I sysui_latency: [5,1097]
05-19 14:42:01.700 627 627 I sysui_multi_action: [757,198,758,1,759,1,1359,2758,1694,1]
05-19 14:42:01.701 627 627 I power_screen_state: [1,0,0,0,2758]
05-19 14:42:01.708 627 710 I input_focus: [Focus entering 5d5f1a0 com.ebensz.enote.entry/com.ebensz.enote.entry.activity.EbenSearchActivity (server),reason=Window became focusable. Previous reason: NO_WINDOW]
05-19 14:42:05.698 627 730 I netstats_mobile_sample: [0,0,0,0,0,0,0,0,0,0,0,0,1747636925699]
05-19 14:42:05.698 627 730 I netstats_wifi_sample: [0,0,0,0,0,0,0,0,0,0,0,0,1747636925699]
05-19 14:42:05.709 627 627 I notification_enqueue: [10098,25952,com.baidu.appsearch,2131755453,NULL,0,Notification(channel=手机管理、安全检测相关通知 shortcut=null contentView=null vibrate=null sound=null defaults=0x0 flags=0x62 color=0x00000000 vis=PRIVATE),1]
05-19 14:42:05.711 627 627 I notification_enqueue: [10098,25952,com.baidu.appsearch,2131755453,NULL,0,Notification(channel=手机管理、安全检测相关通知 shortcut=null contentView=null vibrate=null sound=null defaults=0x0 flags=0x62 color=0x00000000 vis=PRIVATE),1]
05-19 14:42:05.737 627 730 I netstats_mobile_sample: [0,0,0,0,0,0,0,0,0,0,0,0,1747636925738]
05-19 14:42:05.737 627 730 I netstats_wifi_sample: [0,0,0,0,0,0,0,0,0,0,0,0,1747636925738]
05-19 14:42:05.773 627 627 I notification_cancel_all: [1000,19470,com.ebensz.appmanager,0,0,64,9,NULL]
05-19 14:42:10.718 627 627 I notification_enqueue: [10098,25952,com.baidu.appsearch,2131755453,NULL,0,Notification(channel=手机管理、安全检测相关通知 shortcut=null contentView=null vibrate=null sound=null defaults=0x0 flags=0x62 color=0x00000000 vis=PRIVATE),1]
05-19 14:42:13.353 627 702 I am_freeze: [1860,com.android.permissioncontroller]
05-19 14:42:15.576 627 668 I sysui_multi_action: [757,1696,758,6,759,2]
05-19 14:42:18.568 627 668 I power_sleep_requested: 0
05-19 14:42:18.616 627 668 I sysui_multi_action: [757,1696,758,6,759,0]
05-19 14:42:19.134 627 668 I wm_pause_activity: [0,20956538,com.ebensz.enote.entry/.activity.EbenSearchActivity,userLeaving=false,sleep]
05-19 14:42:19.134 2331 2331 I wm_on_top_resumed_lost_called: [20956538,com.ebensz.enote.entry.activity.EbenSearchActivity,topStateChangedWhenResumed]
05-19 14:42:19.138 627 668 I wm_add_to_stopping: [0,260989843,com.ebensz.enote.notepad/.EditActivity,makeInvisible]
05-19 14:42:19.142 627 668 I wm_add_to_stopping: [0,221501667,com.ebensz.email/.activity.EmailActivity,makeInvisible]
05-19 14:42:19.148 2331 2331 I wm_on_paused_called: [20956538,com.ebensz.enote.entry.activity.EbenSearchActivity,performPause]
05-19 14:42:19.149 627 16764 I wm_add_to_stopping: [0,20956538,com.ebensz.enote.entry/.activity.EbenSearchActivity,completePauseLocked]
05-19 14:42:19.154 627 647 I wm_stop_activity: [0,20956538,com.ebensz.enote.entry/.activity.EbenSearchActivity]
05-19 14:42:19.154 627 647 I wm_stop_activity: [0,221501667,com.ebensz.email/.activity.EmailActivity]
05-19 14:42:19.154 627 647 I wm_stop_activity: [0,260989843,com.ebensz.enote.notepad/.EditActivity]
05-19 14:42:19.159 627 647 I sysui_multi_action: [757,803,799,window_time_0,802,27]
05-19 14:42:19.174 2331 2331 I wm_on_stop_called: [20956538,com.ebensz.enote.entry.activity.EbenSearchActivity,STOP_ACTIVITY_ITEM]
05-19 14:42:19.175 7156 7156 I wm_on_stop_called: [221501667,com.ebensz.email.activity.EmailActivity,STOP_ACTIVITY_ITEM]
05-19 14:42:19.197 31530 31530 I wm_on_stop_called: [260989843,com.ebensz.enote.notepad.EditActivity,STOP_ACTIVITY_ITEM]
05-19 14:42:19.450 627 710 I input_focus: [Focus leaving 5d5f1a0 com.ebensz.enote.entry/com.ebensz.enote.entry.activity.EbenSearchActivity (server),reason=NO_WINDOW]
05-19 14:42:19.452 627 627 I sysui_multi_action: [757,198,758,2,759,3,1359,885,1695,2]
05-19 14:42:19.452 627 627 I power_screen_state: [0,3,0,0,885]
05-19 14:42:19.452 627 627 I screen_toggled: 0
05-19 14:42:19.452 627 627 I sysui_multi_action: [757,804,799,screen_timeout,801,15,802,1]
05-19 14:42:19.452 627 627 I sysui_multi_action: [757,1594,758,4,759,-2147483648,1359,17751]
05-19 14:42:19.452 627 627 I power_screen_broadcast_send: 1
05-19 14:42:19.466 627 627 I battery_saving_stats: [0,1,0,18268,0,0,62488727,0,-6]
05-19 14:42:19.492 627 627 I power_screen_broadcast_done: [0,39,1]
05-19 14:42:21.951 627 711 I sysui_multi_action: [757,804,799,power_consecutive_short_tap_count,801,1,802,1]
05-19 14:42:21.951 627 711 I sysui_multi_action: [757,804,799,power_double_tap_interval,801,21205,802,1]
05-19 14:42:21.951 627 711 I intercept_power: [ACTION_DOWN,0,0]
05-19 14:42:21.956 627 711 I intercept_power: [ACTION_UP,0,0]
05-19 14:42:21.966 627 668 I wm_set_resumed_activity: [0,com.ebensz.enote.entry/.activity.EbenSearchActivity,resumeTopActivity]
05-19 14:42:21.975 627 627 I screen_toggled: 1
05-19 14:42:21.980 627 668 I wm_resume_activity: [0,20956538,154,com.ebensz.enote.entry/.activity.EbenSearchActivity]
05-19 14:42:21.985 627 627 I power_screen_broadcast_send: 1
05-19 14:42:21.992 627 668 I sysui_multi_action: [757,1696,758,6,759,3]
05-19 14:42:22.033 2331 2331 I wm_on_restart_called: [20956538,com.ebensz.enote.entry.activity.EbenSearchActivity,performRestartActivity]
05-19 14:42:22.033 2331 2331 I wm_on_start_called: [20956538,com.ebensz.enote.entry.activity.EbenSearchActivity,handleStartActivity]
05-19 14:42:22.034 2331 2331 I wm_on_resume_called: [20956538,com.ebensz.enote.entry.activity.EbenSearchActivity,RESUME_ACTIVITY]
05-19 14:42:22.035 2331 2331 I wm_on_top_resumed_gained_called: [20956538,com.ebensz.enote.entry.activity.EbenSearchActivity,topWhenResuming]
05-19 14:42:22.038 7156 7156 I wm_on_restart_called: [221501667,com.ebensz.email.activity.EmailActivity,performRestartActivity]
05-19 14:42:22.038 7156 7156 I wm_on_start_called: [221501667,com.ebensz.email.activity.EmailActivity,handleStartActivity]
05-19 14:42:22.045 31530 31530 I wm_on_restart_called: [260989843,com.ebensz.enote.notepad.EditActivity,performRestartActivity]
05-19 14:42:22.047 31530 31530 I wm_on_start_called: [260989843,com.ebensz.enote.notepad.EditActivity,handleStartActivity]
05-19 14:42:22.050 627 648 I input_focus: [Focus request 5d5f1a0 com.ebensz.enote.entry/com.ebensz.enote.entry.activity.EbenSearchActivity,reason=UpdateInputWindows]
05-19 14:42:22.074 627 627 I notification_enqueue: [10098,25952,com.baidu.appsearch,2131755453,NULL,0,Notification(channel=手机管理、安全检测相关通知 shortcut=null contentView=null vibrate=null sound=null defaults=0x0 flags=0x62 color=0x00000000 vis=PRIVATE),1]
05-19 14:42:22.080 627 730 I netstats_mobile_sample: [0,0,0,0,0,0,0,0,0,0,0,0,1747636942082]
05-19 14:42:22.081 627 730 I netstats_wifi_sample: [0,0,0,0,0,0,0,0,0,0,0,0,1747636942082]
05-19 14:42:22.093 627 627 I battery_saving_stats: [0,0,0,2627,0,0,173812280,0,-18]
05-19 14:42:22.110 627 627 I power_screen_broadcast_done: [1,125,1]
05-19 14:42:22.572 627 668 I sysui_latency: [5,618]
05-19 14:42:22.572 627 627 I sysui_multi_action: [757,198,758,1,759,1,1359,2426,1694,1]
05-19 14:42:22.572 627 627 I power_screen_state: [1,0,0,0,2426]
05-19 14:42:22.578 627 710 I input_focus: [Focus entering 5d5f1a0 com.ebensz.enote.entry/com.ebensz.enote.entry.activity.EbenSearchActivity (server),reason=Window became focusable. Previous reason: NO_WINDOW]
05-19 14:42:27.018 627 627 I notification_enqueue: [10098,25952,com.baidu.appsearch,2131755453,NULL,0,Notification(channel=手机管理、安全检测相关通知 shortcut=null contentView=null vibrate=null sound=null defaults=0x0 flags=0x62 color=0x00000000 vis=PRIVATE),1]
05-19 14:42:27.029 627 627 I notification_enqueue: [10098,25952,com.baidu.appsearch,2131755453,NULL,0,Notification(channel=手机管理、安全检测相关通知 shortcut=null contentView=null vibrate=null sound=null defaults=0x0 flags=0x62 color=0x00000000 vis=PRIVATE),1]
05-19 14:42:27.058 627 730 I netstats_mobile_sample: [0,0,0,0,0,0,0,0,0,0,0,0,1747636947059]
05-19 14:42:27.058 627 730 I netstats_wifi_sample: [0,0,0,0,0,0,0,0,0,0,0,0,1747636947059]
05-19 14:42:27.061 627 938 I service_manager_stats: [100,36,129294]
05-19 14:42:27.090 627 730 I netstats_mobile_sample: [0,0,0,0,0,0,0,0,0,0,0,0,1747636947091]
05-19 14:42:27.090 627 730 I netstats_wifi_sample: [0,0,0,0,0,0,0,0,0,0,0,0,1747636947091]
05-19 14:42:27.111 627 627 I notification_cancel_all: [1000,19470,com.ebensz.appmanager,0,0,64,9,NULL]
05-19 14:42:32.028 627 627 I notification_enqueue: [10098,25952,com.baidu.appsearch,2131755453,NULL,0,Notification(channel=手机管理、安全检测相关通知 shortcut=null contentView=null vibrate=null sound=null defaults=0x0 flags=0x62 color=0x00000000 vis=PRIVATE),1]
05-19 14:42:40.022 627 710 I input_interaction: Interaction with: d7a6ca1 NavigationBar0 (server), PointerEventDispatcher0 (server),
05-19 14:42:40.025 781 781 I sysui_multi_action: [757,931,758,4,759,4,932,0,933,0]
05-19 14:42:40.030 627 710 I input_interaction: Interaction with: 5d5f1a0 com.ebensz.enote.entry/com.ebensz.enote.entry.activity.EbenSearchActivity (server), PointerEventDispatcher0 (server),
05-19 14:42:40.037 627 710 I input_interaction: Interaction with: d7a6ca1 NavigationBar0 (server), PointerEventDispatcher0 (server),
05-19 14:42:40.149 781 781 I sysui_multi_action: [757,931,758,4,759,4,932,0,933,1]
05-19 14:42:40.152 627 10431 I sysui_multi_action: [757,803,799,key_back_press,802,1]
05-19 14:42:40.160 627 10431 I wm_finish_activity: [0,20956538,154,com.ebensz.enote.entry/.activity.EbenSearchActivity,app-request]
05-19 14:42:40.160 627 10431 I wm_task_moved: [151,1,17]
05-19 14:42:40.160 627 10431 I wm_task_to_front: [0,151]
05-19 14:42:40.162 627 10431 I wm_focused_root_task: [0,0,151,154,finish-top adjustFocusToNextFocusableTask]
05-19 14:42:40.176 627 10431 I wm_pause_activity: [0,20956538,com.ebensz.enote.entry/.activity.EbenSearchActivity,userLeaving=false,finish]
05-19 14:42:40.181 2331 2331 I wm_on_top_resumed_lost_called: [20956538,com.ebensz.enote.entry.activity.EbenSearchActivity,topStateChangedWhenResumed]
05-19 14:42:40.181 627 648 I input_focus: [Focus request c5e7c52 com.ebensz.enote.notepad/com.ebensz.enote.notepad.EditActivity,reason=UpdateInputWindows]
05-19 14:42:40.183 2331 2331 I wm_on_paused_called: [20956538,com.ebensz.enote.entry.activity.EbenSearchActivity,performPause]
05-19 14:42:40.183 627 1877 I wm_set_resumed_activity: [0,com.ebensz.enote.notepad/.EditActivity,resumeTopActivity]
05-19 14:42:40.185 627 1877 I wm_resume_activity: [0,260989843,151,com.ebensz.enote.notepad/.EditActivity]
05-19 14:42:40.192 627 710 I input_focus: [Focus leaving 5d5f1a0 com.ebensz.enote.entry/com.ebensz.enote.entry.activity.EbenSearchActivity (server),reason=NO_WINDOW]
05-19 14:42:40.192 627 647 I sysui_multi_action: [757,803,799,window_time_0,802,21]
05-19 14:42:40.192 627 647 I wm_destroy_activity: [0,20956538,154,com.ebensz.enote.entry/.activity.EbenSearchActivity,finish-transit]
05-19 14:42:40.198 627 710 I input_focus: [Focus entering c5e7c52 com.ebensz.enote.notepad/com.ebensz.enote.notepad.EditActivity (server),reason=setFocusedWindow]
05-19 14:42:40.240 2331 2331 I wm_on_stop_called: [20956538,com.ebensz.enote.entry.activity.EbenSearchActivity,LIFECYCLER_STOP_ACTIVITY]
05-19 14:42:40.241 2331 2331 I wm_on_destroy_called: [20956538,com.ebensz.enote.entry.activity.EbenSearchActivity,performDestroy]
05-19 14:42:40.256 627 648 I dvm_lock_sample: [system_server,1,android.anim,5,WindowSurfacePlacer.java,56,void com.android.server.wm.WindowSurfacePlacer$Traverser.run(),WindowManagerService.java,2111,void com.android.server.wm.WindowManagerService.removeWindow(com.android.server.wm.Session, android.view.IWindow),1]
05-19 14:42:40.261 627 1072 I wm_task_removed: [154,removeChild:removeChild last r=ActivityRecord{13fc57a u0 com.ebensz.enote.entry/.activity.EbenSearchActivity t-1 f}} in t=Task{cae712b #154 type=standard A=10046:com.ebensz.enote.entry U=0 visible=false visibleRequested=false mode=fullscreen translucent=true sz=0}]
05-19 14:42:40.261 627 1072 I wm_task_removed: [154,removeChild]
05-19 14:42:40.524 31530 31530 I wm_on_resume_called: [260989843,com.ebensz.enote.notepad.EditActivity,RESUME_ACTIVITY]
05-19 14:42:40.525 31530 31530 I wm_on_top_resumed_gained_called: [260989843,com.ebensz.enote.notepad.EditActivity,topWhenResuming]
05-19 14:42:50.557 781 781 I sysui_multi_action: [757,931,758,4,759,4,932,0,933,0]
05-19 14:42:50.562 627 710 I input_interaction: Interaction with: c5e7c52 com.ebensz.enote.notepad/com.ebensz.enote.notepad.EditActivity (server), PointerEventDispatcher0 (server),
05-19 14:42:50.569 627 710 I input_interaction: Interaction with: d7a6ca1 NavigationBar0 (server), PointerEventDispatcher0 (server),
05-19 14:42:50.655 781 781 I sysui_multi_action: [757,931,758,4,759,4,932,0,933,1]
05-19 14:42:50.657 627 1877 I sysui_multi_action: [757,803,799,key_back_press,802,1]
05-19 14:42:50.667 627 1877 I wm_finish_activity: [0,260989843,151,com.ebensz.enote.notepad/.EditActivity,app-request]
05-19 14:42:50.667 627 1877 I wm_task_moved: [128,1,16]
05-19 14:42:50.667 627 1877 I wm_task_to_front: [0,128]
05-19 14:42:50.670 627 1877 I wm_focused_root_task: [0,0,128,151,finish-top adjustFocusToNextFocusableTask]
05-19 14:42:50.679 627 1877 I wm_pause_activity: [0,260989843,com.ebensz.enote.notepad/.EditActivity,userLeaving=false,finish]
05-19 14:42:50.684 31530 31530 I wm_on_top_resumed_lost_called: [260989843,com.ebensz.enote.notepad.EditActivity,topStateChangedWhenResumed]
05-19 14:42:50.684 627 648 I input_focus: [Focus request 312e13c com.ebensz.email/com.ebensz.email.activity.EmailActivity,reason=UpdateInputWindows]
05-19 14:42:50.699 31530 31530 I wm_on_paused_called: [260989843,com.ebensz.enote.notepad.EditActivity,performPause]
05-19 14:42:50.700 627 1877 I wm_set_resumed_activity: [0,com.ebensz.email/.activity.EmailActivity,resumeTopActivity]
05-19 14:42:50.701 627 1877 I wm_resume_activity: [0,221501667,128,com.ebensz.email/.activity.EmailActivity]
05-19 14:42:50.702 7156 7156 I wm_on_resume_called: [221501667,com.ebensz.email.activity.EmailActivity,RESUME_ACTIVITY]
05-19 14:42:50.703 7156 7156 I wm_on_top_resumed_gained_called: [221501667,com.ebensz.email.activity.EmailActivity,topWhenResuming]
05-19 14:42:50.706 627 647 I sysui_multi_action: [757,803,799,window_time_0,802,11]
05-19 14:42:50.718 627 710 I input_focus: [Focus leaving c5e7c52 com.ebensz.enote.notepad/com.ebensz.enote.notepad.EditActivity (server),reason=setFocusedWindow]
05-19 14:42:50.718 627 710 I input_focus: [Focus entering 312e13c com.ebensz.email/com.ebensz.email.activity.EmailActivity (server),reason=setFocusedWindow]
05-19 14:42:50.727 627 10431 I wm_destroy_activity: [0,260989843,151,com.ebensz.enote.notepad/.EditActivity,finish-idle]
05-19 14:42:50.750 31530 31530 I wm_on_stop_called: [260989843,com.ebensz.enote.notepad.EditActivity,LIFECYCLER_STOP_ACTIVITY]
05-19 14:42:50.785 31530 31530 I wm_on_destroy_called: [260989843,com.ebensz.enote.notepad.EditActivity,performDestroy]
05-19 14:42:50.811 627 627 I sysui_multi_action: [757,128,758,5,759,8,793,750559,794,0,795,750559,796,1,806,com.ebensz.enote.notepad,857,recording_channel_01,858,2,947,0,1500,750357,1688,4,1689,2,1690,1]
05-19 14:42:50.811 627 627 I notification_canceled: [0|com.ebensz.enote.notepad|1|null|10038,8,750559,750559,0,-1,-1,NULL]
05-19 14:42:50.815 627 627 I notification_cancel_all: [1000,627,com.ebensz.enote.notepad,0,0,0,20,NULL]
05-19 14:42:50.816 627 627 I notification_cancel_all: [1000,627,com.ebensz.enote.notepad,0,0,0,20,NULL]
05-19 14:42:50.863 627 648 I wm_task_removed: [151,removeChild:removeChild last r=ActivityRecord{f8e6393 u0 com.ebensz.enote.notepad/.EditActivity t-1 f}} in t=Task{16fa681 #151 type=standard A=10038:android.task.enote U=0 visible=false visibleRequested=false mode=fullscreen translucent=true sz=0}]
05-19 14:42:50.863 627 648 I wm_task_removed: [151,removeChild]
05-19 14:42:51.031 627 646 I commit_sys_config_file: [notification-policy,79457086]
05-19 14:42:52.567 781 781 I sysui_multi_action: [757,931,758,4,759,4,932,0,933,0]
05-19 14:42:52.572 627 710 I input_interaction: Interaction with: 312e13c com.ebensz.email/com.ebensz.email.activity.EmailActivity (server), PointerEventDispatcher0 (server),
05-19 14:42:52.579 627 710 I input_interaction: Interaction with: d7a6ca1 NavigationBar0 (server), PointerEventDispatcher0 (server),
05-19 14:42:52.644 781 781 I sysui_multi_action: [757,931,758,4,759,4,932,0,933,1]
05-19 14:42:52.645 627 1072 I sysui_multi_action: [757,803,799,key_back_press,802,1]
05-19 14:42:52.654 627 5232 I wm_finish_activity: [0,221501667,128,com.ebensz.email/.activity.EmailActivity,app-request]
05-19 14:42:52.654 627 5232 I wm_task_moved: [1,1,15]
05-19 14:42:52.656 627 5232 I wm_task_moved: [29,1,2147483647]
05-19 14:42:52.656 627 5232 I wm_task_to_front: [0,29]
05-19 14:42:52.658 627 5232 I wm_focused_root_task: [0,0,1,128,finish-top adjustFocusToNextFocusableTask]
05-19 14:42:52.660 627 5232 I wm_set_resumed_activity: [0,com.android.launcher3/.uioverrides.QuickstepLauncher,finish-top adjustFocusToNextFocusableTask]
05-19 14:42:52.675 627 5232 I wm_pause_activity: [0,221501667,com.ebensz.email/.activity.EmailActivity,userLeaving=false,finish]
05-19 14:42:52.679 7156 7156 I wm_on_top_resumed_lost_called: [221501667,com.ebensz.email.activity.EmailActivity,topStateChangedWhenResumed]
05-19 14:42:52.680 7156 7156 I wm_on_paused_called: [221501667,com.ebensz.email.activity.EmailActivity,performPause]
05-19 14:42:52.683 627 1072 I wm_add_to_stopping: [0,221501667,com.ebensz.email/.activity.EmailActivity,completeFinishing]
05-19 14:42:52.684 627 1072 I wm_set_resumed_activity: [0,com.android.launcher3/.uioverrides.QuickstepLauncher,resumeTopActivity]
05-19 14:42:52.687 627 1072 I wm_resume_activity: [0,214771548,29,com.android.launcher3/.uioverrides.QuickstepLauncher]
05-19 14:42:52.694 627 647 I sysui_multi_action: [757,803,799,window_time_0,802,2]
05-19 14:42:52.707 1030 1030 I wm_on_restart_called: [214771548,com.android.launcher3.uioverrides.QuickstepLauncher,performRestartActivity]
05-19 14:42:52.711 627 710 I input_focus: [Focus leaving 312e13c com.ebensz.email/com.ebensz.email.activity.EmailActivity (server),reason=NO_WINDOW]
05-19 14:42:52.716 1030 1030 I wm_on_start_called: [214771548,com.android.launcher3.uioverrides.QuickstepLauncher,handleStartActivity]
05-19 14:42:52.718 1030 1030 I wm_on_resume_called: [214771548,com.android.launcher3.uioverrides.QuickstepLauncher,RESUME_ACTIVITY]
05-19 14:42:52.718 1030 1030 I wm_on_top_resumed_gained_called: [214771548,com.android.launcher3.uioverrides.QuickstepLauncher,topWhenResuming]
05-19 14:42:52.734 627 648 I input_focus: [Focus request 334f74b com.android.launcher3/com.android.launcher3.uioverrides.QuickstepLauncher,reason=UpdateInputWindows]
05-19 14:42:52.791 627 710 I input_focus: [Focus entering 334f74b com.android.launcher3/com.android.launcher3.uioverrides.QuickstepLauncher (server),reason=Window became focusable. Previous reason: NOT_VISIBLE]
05-19 14:42:52.814 627 1877 I wm_destroy_activity: [0,116585715,111,com.ebensz.enote.entry/.activity.EntryActivity,finish-imm:remove-hidden-task]
05-19 14:42:52.816 627 647 I sysui_multi_action: [757,803,799,window_time_0,802,0]
05-19 14:42:52.819 2331 2331 I wm_on_destroy_called: [116585715,com.ebensz.enote.entry.activity.EntryActivity,performDestroy]
05-19 14:42:52.826 627 1877 I wm_task_removed: [111,removeChild:removeChild last r=ActivityRecord{6f2f4f3 u0 com.ebensz.enote.entry/.activity.EntryActivity t-1 f}} in t=Task{8960f6b #111 type=standard A=10046:com.ebensz.enote.entry U=0 visible=false visibleRequested=false mode=fullscreen translucent=true sz=0}]
05-19 14:42:52.826 627 1877 I wm_task_removed: [111,removeChild]
05-19 14:42:53.369 627 647 I wm_destroy_activity: [0,221501667,128,com.ebensz.email/.activity.EmailActivity,finish-imm:idle]
05-19 14:42:53.387 7156 7156 I wm_on_stop_called: [221501667,com.ebensz.email.activity.EmailActivity,LIFECYCLER_STOP_ACTIVITY]
05-19 14:42:53.399 7156 7156 I wm_on_destroy_called: [221501667,com.ebensz.email.activity.EmailActivity,performDestroy]
05-19 14:42:53.411 627 1877 I wm_task_removed: [128,removeChild:removeChild last r=ActivityRecord{d33d8e3 u0 com.ebensz.email/.activity.EmailActivity t-1 f}} in t=Task{d3829f5 #128 type=standard A=10072:com.ebensz.email U=0 visible=false visibleRequested=false mode=fullscreen translucent=true sz=0}]
05-19 14:42:53.411 627 1877 I wm_task_removed: [128,removeChild]
05-19 14:42:55.159 627 710 I input_interaction: Interaction with: 334f74b com.android.launcher3/com.android.launcher3.uioverrides.QuickstepLauncher (server), f6e4224 com.android.systemui.ImageWallpaper (server), PointerEventDispatcher0 (server),
05-19 14:42:55.242 627 5232 I wm_task_created: [155,-1]
05-19 14:42:55.247 627 5232 I wm_task_moved: [155,1,14]
05-19 14:42:55.247 627 5232 I wm_task_to_front: [0,155]
05-19 14:42:55.248 627 5232 I wm_create_task: [0,155]
05-19 14:42:55.248 627 5232 I wm_create_activity: [0,163134244,155,com.ebensz.enote.entry/.activity.EntryActivity,android.intent.action.MAIN,NULL,NULL,270532608]
05-19 14:42:55.249 627 5232 I wm_task_moved: [155,1,14]
05-19 14:42:55.251 627 5232 I wm_pause_activity: [0,214771548,com.android.launcher3/.uioverrides.QuickstepLauncher,userLeaving=true,pauseBackTasks]
05-19 14:42:55.255 1030 1030 I wm_on_top_resumed_lost_called: [214771548,com.android.launcher3.uioverrides.QuickstepLauncher,topStateChangedWhenResumed]
05-19 14:42:55.258 1030 1030 I wm_on_paused_called: [214771548,com.android.launcher3.uioverrides.QuickstepLauncher,performPause]
05-19 14:42:55.259 627 10431 I wm_add_to_stopping: [0,214771548,com.android.launcher3/.uioverrides.QuickstepLauncher,makeInvisible]
05-19 14:42:55.260 627 10431 I wm_restart_activity: [0,163134244,155,com.ebensz.enote.entry/.activity.EntryActivity]
05-19 14:42:55.261 627 10431 I wm_set_resumed_activity: [0,com.ebensz.enote.entry/.activity.EntryActivity,minimalResumeActivityLocked]
05-19 14:42:55.268 627 647 I sysui_multi_action: [757,803,799,window_time_0,802,2]
05-19 14:42:55.272 627 710 I input_focus: [Focus leaving 334f74b com.android.launcher3/com.android.launcher3.uioverrides.QuickstepLauncher (server),reason=NO_WINDOW]
05-19 14:42:55.627 627 627 I notification_enqueue: [10038,26859,com.ebensz.enote.notepad,2,NULL,0,Notification(channel=monitor_channel_01 shortcut=null contentView=null vibrate=null sound=null defaults=0x0 flags=0x40 color=0x00000000 vis=PRIVATE),0]
05-19 14:42:55.750 627 627 I sysui_multi_action: [757,128,758,5,759,8,793,123,794,0,795,123,796,2,806,com.ebensz.enote.notepad,857,monitor_channel_01,858,2,947,0,1500,123,1688,4,1689,2,1690,1]
05-19 14:42:55.750 627 627 I notification_canceled: [0|com.ebensz.enote.notepad|2|null|10038,8,123,123,0,-1,-1,NULL]
05-19 14:42:55.912 2331 2331 I wm_on_create_called: [163134244,com.ebensz.enote.entry.activity.EntryActivity,performCreate]
05-19 14:42:55.912 2331 2331 I wm_on_start_called: [163134244,com.ebensz.enote.entry.activity.EntryActivity,handleStartActivity]
05-19 14:42:55.921 2331 2331 I wm_on_resume_called: [163134244,com.ebensz.enote.entry.activity.EntryActivity,RESUME_ACTIVITY]
05-19 14:42:55.923 627 10431 I sysui_multi_action: [757,856,758,1,806,com.ebensz.enote.notepad,857,channel_record,858,2]
05-19 14:42:55.925 2331 2331 I wm_on_top_resumed_gained_called: [163134244,com.ebensz.enote.entry.activity.EntryActivity,topStateChangedWhenResumed]
05-19 14:42:55.925 627 627 I notification_cancel_all: [1000,627,com.ebensz.enote.notepad,0,0,0,20,NULL]
05-19 14:42:55.925 627 10431 I sysui_multi_action: [757,856,758,2,806,com.ebensz.enote.notepad,857,channel_record,858,2]
05-19 14:42:55.926 627 627 I notification_cancel_all: [1000,627,com.ebensz.enote.notepad,0,0,0,20,NULL]
05-19 14:42:55.929 627 627 I notification_enqueue: [10038,31530,com.ebensz.enote.notepad,1,NULL,0,Notification(channel=recording_channel_01 shortcut=null contentView=null vibrate=null sound=null defaults=0x0 flags=0x40 color=0x00000000 vis=PRIVATE),0]
05-19 14:42:55.933 627 648 I input_focus: [Focus request ee74569 com.ebensz.enote.entry/com.ebensz.enote.entry.activity.EntryActivity,reason=UpdateInputWindows]
05-19 14:42:56.103 627 644 I sysui_multi_action: [319,44,321,40,322,861,325,79473,757,761,758,8,759,1,806,com.ebensz.enote.entry,871,com.ebensz.enote.entry.activity.EntryActivity,904,com.android.launcher3,905,0,1320,4,1321,1]
05-19 14:42:56.103 627 644 I wm_activity_launch_time: [0,163134244,com.ebensz.enote.entry/.activity.EntryActivity,861]
05-19 14:42:56.110 627 710 I input_focus: [Focus entering ee74569 com.ebensz.enote.entry/com.ebensz.enote.entry.activity.EntryActivity (server),reason=Window became focusable. Previous reason: NOT_VISIBLE]
05-19 14:42:56.130 627 627 I sysui_multi_action: [757,1501,758,1,793,201,794,0,795,201,796,1,806,com.ebensz.enote.notepad,857,recording_channel_01,858,2,947,0,1500,0,1688,4,1689,2,1690,1]
05-19 14:42:56.130 627 627 I sysui_multi_action: [757,804,799,note_interruptive,801,0,802,1]
05-19 14:42:56.181 627 646 I commit_sys_config_file: [notification-policy,79462236]
05-19 14:42:56.483 627 647 I wm_stop_activity: [0,214771548,com.android.launcher3/.uioverrides.QuickstepLauncher]
05-19 14:42:56.485 1030 1030 I wm_on_stop_called: [214771548,com.android.launcher3.uioverrides.QuickstepLauncher,STOP_ACTIVITY_ITEM]
05-19 14:42:57.499 627 710 I input_interaction: Interaction with: ee74569 com.ebensz.enote.entry/com.ebensz.enote.entry.activity.EntryActivity (server), PointerEventDispatcher0 (server),
05-19 14:42:57.691 627 5232 I wm_task_created: [156,-1]
05-19 14:42:57.696 627 5232 I wm_task_moved: [156,1,15]
05-19 14:42:57.696 627 5232 I wm_task_to_front: [0,156]
05-19 14:42:57.696 627 5232 I wm_create_task: [0,156]
05-19 14:42:57.696 627 5232 I wm_create_activity: [0,51805835,156,com.ebensz.enote.notepad/.EditActivity,eben.note.intent.action.PAGE_EDITE,application/note,content://com.ebensz.enote.entry.fileprovider/root/storage/emulated/0/mydoc/记事本/会议记录,268435456]
05-19 14:42:57.697 627 5232 I wm_task_moved: [156,1,15]
05-19 14:42:57.698 627 5232 I wm_pause_activity: [0,163134244,com.ebensz.enote.entry/.activity.EntryActivity,userLeaving=true,pauseBackTasks]
05-19 14:42:57.713 2331 2331 I wm_on_top_resumed_lost_called: [163134244,com.ebensz.enote.entry.activity.EntryActivity,topStateChangedWhenResumed]
05-19 14:42:57.718 2331 2331 I wm_on_paused_called: [163134244,com.ebensz.enote.entry.activity.EntryActivity,performPause]
05-19 14:42:57.719 627 627 I notification_cancel_all: [1000,627,com.ebensz.enote.notepad,0,0,0,20,NULL]
05-19 14:42:57.719 627 5232 I wm_restart_activity: [0,51805835,156,com.ebensz.enote.notepad/.EditActivity]
05-19 14:42:57.719 627 627 I notification_cancel_all: [1000,627,com.ebensz.enote.notepad,0,0,0,20,NULL]
05-19 14:42:57.720 627 5232 I wm_set_resumed_activity: [0,com.ebensz.enote.notepad/.EditActivity,minimalResumeActivityLocked]
05-19 14:42:57.723 627 647 I sysui_multi_action: [757,803,799,window_time_0,802,3]
05-19 14:42:57.727 627 627 I sysui_multi_action: [757,128,758,5,759,8,793,1799,794,0,795,1799,796,1,806,com.ebensz.enote.notepad,857,recording_channel_01,858,2,947,0,1500,1598,1688,4,1689,2,1690,1]
05-19 14:42:57.727 627 627 I notification_canceled: [0|com.ebensz.enote.notepad|1|null|10038,8,1799,1799,0,-1,-1,NULL]
05-19 14:42:57.922 31530 31530 I wm_on_create_called: [51805835,com.ebensz.enote.notepad.EditActivity,performCreate]
05-19 14:42:57.924 31530 31530 I wm_on_start_called: [51805835,com.ebensz.enote.notepad.EditActivity,handleStartActivity]
05-19 14:42:58.232 31530 31530 I wm_on_resume_called: [51805835,com.ebensz.enote.notepad.EditActivity,RESUME_ACTIVITY]
05-19 14:42:58.237 31530 31530 I wm_on_top_resumed_gained_called: [51805835,com.ebensz.enote.notepad.EditActivity,topStateChangedWhenResumed]
05-19 14:42:58.375 627 627 I notification_enqueue: [10038,26859,com.ebensz.enote.notepad,2,NULL,0,Notification(channel=monitor_channel_01 shortcut=null contentView=null vibrate=null sound=null defaults=0x0 flags=0x40 color=0x00000000 vis=PRIVATE),0]
05-19 14:42:58.396 627 648 I input_focus: [Focus request fb70207 com.ebensz.enote.notepad/com.ebensz.enote.notepad.EditActivity,reason=UpdateInputWindows]
05-19 14:42:58.404 627 627 I sysui_multi_action: [757,128,758,5,759,8,793,31,794,0,795,31,796,2,806,com.ebensz.enote.notepad,857,monitor_channel_01,858,2,947,0,1500,31,1688,4,1689,2,1690,1]
05-19 14:42:58.405 627 627 I notification_canceled: [0|com.ebensz.enote.notepad|2|null|10038,8,31,31,0,-1,-1,NULL]
05-19 14:42:58.424 627 710 I input_focus: [Focus leaving ee74569 com.ebensz.enote.entry/com.ebensz.enote.entry.activity.EntryActivity (server),reason=Waiting for window because NOT_VISIBLE]
05-19 14:42:58.510 627 5232 I sysui_multi_action: [757,856,758,1,806,com.ebensz.enote.notepad,857,channel_record,858,2]
05-19 14:42:58.512 627 1877 I sysui_multi_action: [757,856,758,2,806,com.ebensz.enote.notepad,857,channel_record,858,2]
05-19 14:42:58.512 627 627 I notification_cancel_all: [1000,627,com.ebensz.enote.notepad,0,0,0,20,NULL]
05-19 14:42:58.512 627 627 I notification_cancel_all: [1000,627,com.ebensz.enote.notepad,0,0,0,20,NULL]
05-19 14:42:58.515 627 627 I notification_enqueue: [10038,31530,com.ebensz.enote.notepad,1,NULL,0,Notification(channel=recording_channel_01 shortcut=null contentView=null vibrate=null sound=null defaults=0x0 flags=0x40 color=0x00000000 vis=PRIVATE),0]
05-19 14:42:58.526 627 644 I sysui_multi_action: [319,830,322,829,325,79475,757,761,758,8,759,2,806,com.ebensz.enote.notepad,871,com.ebensz.enote.notepad.EditActivity,904,com.ebensz.enote.entry,905,0,1320,4,1321,1]
05-19 14:42:58.528 627 644 I wm_activity_launch_time: [0,51805835,com.ebensz.enote.notepad/.EditActivity,829]
05-19 14:42:58.533 627 710 I input_focus: [Focus entering fb70207 com.ebensz.enote.notepad/com.ebensz.enote.notepad.EditActivity (server),reason=Window became focusable. Previous reason: NOT_VISIBLE]
05-19 14:42:58.633 627 646 I commit_sys_config_file: [notification-policy,79464688]
05-19 14:42:58.716 627 627 I sysui_multi_action: [757,1501,758,1,793,202,794,0,795,202,796,1,806,com.ebensz.enote.notepad,857,recording_channel_01,858,2,947,0,1500,0,1688,4,1689,2,1690,1]
05-19 14:42:58.717 627 627 I sysui_multi_action: [757,804,799,note_interruptive,801,0,802,1]
05-19 14:42:59.586 627 710 I input_interaction: Interaction with: fb70207 com.ebensz.enote.notepad/com.ebensz.enote.notepad.EditActivity (server), PointerEventDispatcher0 (server),
05-19 14:43:01.173 627 710 I input_interaction: Interaction with: e781539 PopupWindow:2372127 (server), PointerEventDispatcher0 (server),
05-19 14:43:01.292 627 1072 I wm_task_created: [157,-1]
05-19 14:43:01.297 627 1072 I wm_task_moved: [157,1,16]
05-19 14:43:01.297 627 1072 I wm_task_to_front: [0,157]
05-19 14:43:01.298 627 1072 I wm_create_task: [0,157]
05-19 14:43:01.298 627 1072 I wm_create_activity: [0,127493090,157,com.ebensz.enote.entry/.activity.EbenSearchActivity,com.ebensz.enote.action.SEARCH_NOTE,NULL,NULL,268435456]
05-19 14:43:01.299 627 1072 I wm_task_moved: [157,1,16]
05-19 14:43:01.300 627 1072 I wm_pause_activity: [0,51805835,com.ebensz.enote.notepad/.EditActivity,userLeaving=true,pauseBackTasks]
05-19 14:43:01.313 31530 31530 I wm_on_top_resumed_lost_called: [51805835,com.ebensz.enote.notepad.EditActivity,topStateChangedWhenResumed]
05-19 14:43:01.331 31530 31530 I wm_on_paused_called: [51805835,com.ebensz.enote.notepad.EditActivity,performPause]
05-19 14:43:01.333 627 1072 I wm_restart_activity: [0,127493090,157,com.ebensz.enote.entry/.activity.EbenSearchActivity]
05-19 14:43:01.334 627 1072 I wm_set_resumed_activity: [0,com.ebensz.enote.entry/.activity.EbenSearchActivity,minimalResumeActivityLocked]
05-19 14:43:01.347 627 647 I sysui_multi_action: [757,803,799,window_time_0,802,3]
05-19 14:43:01.347 627 648 I dvm_lock_sample: [system_server,1,android.anim,13,InputMonitor.java,156,void com.android.server.wm.InputMonitor$UpdateInputWindows.run(),ActivityClientController.java,178,void com.android.server.wm.ActivityClientController.activityPaused(android.os.IBinder),2]
05-19 14:43:01.418 2331 2331 I wm_on_create_called: [127493090,com.ebensz.enote.entry.activity.EbenSearchActivity,performCreate]
05-19 14:43:01.418 2331 2331 I wm_on_start_called: [127493090,com.ebensz.enote.entry.activity.EbenSearchActivity,handleStartActivity]
05-19 14:43:01.419 2331 2331 I wm_on_resume_called: [127493090,com.ebensz.enote.entry.activity.EbenSearchActivity,RESUME_ACTIVITY]
05-19 14:43:01.422 2331 2331 I wm_on_top_resumed_gained_called: [127493090,com.ebensz.enote.entry.activity.EbenSearchActivity,topStateChangedWhenResumed]
05-19 14:43:01.437 627 648 I input_focus: [Focus request 3d89c65 com.ebensz.enote.entry/com.ebensz.enote.entry.activity.EbenSearchActivity,reason=UpdateInputWindows]
05-19 14:43:01.466 627 710 I input_focus: [Focus leaving fb70207 com.ebensz.enote.notepad/com.ebensz.enote.notepad.EditActivity (server),reason=Waiting for window because NO_WINDOW]
05-19 14:43:01.485 627 644 I wm_activity_launch_time: [0,127493090,com.ebensz.enote.entry/.activity.EbenSearchActivity,194]
05-19 14:43:01.503 627 710 I input_focus: [Focus entering 3d89c65 com.ebensz.enote.entry/com.ebensz.enote.entry.activity.EbenSearchActivity (server),reason=Window became focusable. Previous reason: NOT_VISIBLE]
05-19 14:43:03.010 627 710 I input_interaction: Interaction with: d7a6ca1 NavigationBar0 (server), PointerEventDispatcher0 (server),
05-19 14:43:03.013 781 781 I sysui_multi_action: [757,931,758,4,759,4,932,0,933,0]
05-19 14:43:03.020 627 710 I input_interaction: Interaction with: 3d89c65 com.ebensz.enote.entry/com.ebensz.enote.entry.activity.EbenSearchActivity (server), PointerEventDispatcher0 (server),
05-19 14:43:03.025 627 710 I input_interaction: Interaction with: d7a6ca1 NavigationBar0 (server), PointerEventDispatcher0 (server),
05-19 14:43:03.088 781 781 I sysui_multi_action: [757,931,758,4,759,4,932,0,933,1]
05-19 14:43:03.094 627 1072 I sysui_multi_action: [757,803,799,key_back_press,802,1]
05-19 14:43:03.101 627 1072 I wm_finish_activity: [0,127493090,157,com.ebensz.enote.entry/.activity.EbenSearchActivity,app-request]
05-19 14:43:03.102 627 1072 I wm_task_moved: [156,1,16]
05-19 14:43:03.102 627 1072 I wm_task_to_front: [0,156]
05-19 14:43:03.105 627 1072 I wm_focused_root_task: [0,0,156,157,finish-top adjustFocusToNextFocusableTask]
05-19 14:43:03.121 627 1072 I wm_pause_activity: [0,127493090,com.ebensz.enote.entry/.activity.EbenSearchActivity,userLeaving=false,finish]
05-19 14:43:03.125 627 648 I input_focus: [Focus request fb70207 com.ebensz.enote.notepad/com.ebensz.enote.notepad.EditActivity,reason=UpdateInputWindows]
05-19 14:43:03.126 2331 2331 I wm_on_top_resumed_lost_called: [127493090,com.ebensz.enote.entry.activity.EbenSearchActivity,topStateChangedWhenResumed]
05-19 14:43:03.130 2331 2331 I wm_on_paused_called: [127493090,com.ebensz.enote.entry.activity.EbenSearchActivity,performPause]
05-19 14:43:03.131 627 1072 I wm_set_resumed_activity: [0,com.ebensz.enote.notepad/.EditActivity,resumeTopActivity]
05-19 14:43:03.134 627 1072 I wm_resume_activity: [0,51805835,156,com.ebensz.enote.notepad/.EditActivity]
05-19 14:43:03.155 627 647 I sysui_multi_action: [757,803,799,window_time_0,802,2]
05-19 14:43:03.155 627 647 I wm_destroy_activity: [0,127493090,157,com.ebensz.enote.entry/.activity.EbenSearchActivity,finish-transit]
05-19 14:43:03.161 627 710 I input_focus: [Focus leaving 3d89c65 com.ebensz.enote.entry/com.ebensz.enote.entry.activity.EbenSearchActivity (server),reason=NO_WINDOW]
05-19 14:43:03.168 627 710 I input_focus: [Focus entering fb70207 com.ebensz.enote.notepad/com.ebensz.enote.notepad.EditActivity (server),reason=setFocusedWindow]
05-19 14:43:03.171 2331 2331 I wm_on_stop_called: [127493090,com.ebensz.enote.entry.activity.EbenSearchActivity,LIFECYCLER_STOP_ACTIVITY]
05-19 14:43:03.171 2331 2331 I wm_on_destroy_called: [127493090,com.ebensz.enote.entry.activity.EbenSearchActivity,performDestroy]
05-19 14:43:03.177 627 5232 I wm_task_removed: [157,removeChild:removeChild last r=ActivityRecord{79963e2 u0 com.ebensz.enote.entry/.activity.EbenSearchActivity t-1 f}} in t=Task{b8a9373 #157 type=standard A=10046:com.ebensz.enote.entry U=0 visible=false visibleRequested=false mode=fullscreen translucent=true sz=0}]
05-19 14:43:03.177 627 5232 I wm_task_removed: [157,removeChild]
05-19 14:43:03.462 31530 31530 I wm_on_resume_called: [51805835,com.ebensz.enote.notepad.EditActivity,RESUME_ACTIVITY]
05-19 14:43:03.462 31530 31530 I wm_on_top_resumed_gained_called: [51805835,com.ebensz.enote.notepad.EditActivity,topWhenResuming]
05-19 14:43:09.160 627 710 I input_interaction: Interaction with: fb70207 com.ebensz.enote.notepad/com.ebensz.enote.notepad.EditActivity (server), PointerEventDispatcher0 (server),
05-19 14:43:10.180 627 710 I input_interaction: Interaction with: 72d4561 PopupWindow:2372127 (server), PointerEventDispatcher0 (server),
05-19 14:43:10.242 627 1877 I wm_task_created: [158,-1]
05-19 14:43:10.249 627 1877 I wm_task_moved: [158,1,16]
05-19 14:43:10.249 627 1877 I wm_task_to_front: [0,158]
05-19 14:43:10.250 627 1877 I wm_create_task: [0,158]
05-19 14:43:10.250 627 1877 I wm_create_activity: [0,188381964,158,com.ebensz.enote.entry/.activity.EbenSearchActivity,com.ebensz.enote.action.SEARCH_NOTE,NULL,NULL,268435456]
05-19 14:43:10.250 627 1877 I wm_task_moved: [158,1,16]
05-19 14:43:10.252 627 1877 I wm_pause_activity: [0,51805835,com.ebensz.enote.notepad/.EditActivity,userLeaving=true,pauseBackTasks]
05-19 14:43:10.266 31530 31530 I wm_on_top_resumed_lost_called: [51805835,com.ebensz.enote.notepad.EditActivity,topStateChangedWhenResumed]
05-19 14:43:10.282 31530 31530 I wm_on_paused_called: [51805835,com.ebensz.enote.notepad.EditActivity,performPause]
05-19 14:43:10.284 627 1877 I wm_restart_activity: [0,188381964,158,com.ebensz.enote.entry/.activity.EbenSearchActivity]
05-19 14:43:10.286 627 1877 I wm_set_resumed_activity: [0,com.ebensz.enote.entry/.activity.EbenSearchActivity,minimalResumeActivityLocked]
05-19 14:43:10.290 627 647 I sysui_multi_action: [757,803,799,window_time_0,802,7]
05-19 14:43:10.368 2331 2331 I wm_on_create_called: [188381964,com.ebensz.enote.entry.activity.EbenSearchActivity,performCreate]
05-19 14:43:10.368 2331 2331 I wm_on_start_called: [188381964,com.ebensz.enote.entry.activity.EbenSearchActivity,handleStartActivity]
05-19 14:43:10.368 2331 2331 I wm_on_resume_called: [188381964,com.ebensz.enote.entry.activity.EbenSearchActivity,RESUME_ACTIVITY]
05-19 14:43:10.372 2331 2331 I wm_on_top_resumed_gained_called: [188381964,com.ebensz.enote.entry.activity.EbenSearchActivity,topStateChangedWhenResumed]
05-19 14:43:10.382 627 648 I input_focus: [Focus request 21df36 com.ebensz.enote.entry/com.ebensz.enote.entry.activity.EbenSearchActivity,reason=UpdateInputWindows]
