05-21 15:20:22.339 0 0 I CPU1 : Booted secondary processor 0x0000000100 [0x412fd050]
05-21 15:20:22.340 2551 2551 I : CPU1 is up
05-21 15:20:22.341 0 0 I : Detected VIPT I-cache on CPU2
05-21 15:20:22.341 0 0 I GICv3 : CPU2: found redistributor 200 region 0:0x00000000fe6c0000
05-21 15:20:22.341 0 0 I CPU2 : Booted secondary processor 0x0000000200 [0x412fd050]
05-21 15:20:22.341 2551 2551 I : CPU2 is up
05-21 15:20:22.342 0 0 I : Detected VIPT I-cache on CPU3
05-21 15:20:22.342 0 0 I GICv3 : CPU3: found redistributor 300 region 0:0x00000000fe6e0000
05-21 15:20:22.342 0 0 I CPU3 : Booted secondary processor 0x0000000300 [0x412fd050]
05-21 15:20:22.343 2551 2551 I : CPU3 is up
05-21 15:20:22.344 0 0 I : Detected PIPT I-cache on CPU4
05-21 15:20:22.344 0 0 I GICv3 : CPU4: found redistributor 400 region 0:0x00000000fe700000
05-21 15:20:22.344 0 0 I CPU4 : Booted secondary processor 0x0000000400 [0x414fd0b0]
05-21 15:20:22.345 2551 2551 I : CPU4 is up
05-21 15:20:22.346 0 0 I : Detected PIPT I-cache on CPU5
05-21 15:20:22.346 0 0 I GICv3 : CPU5: found redistributor 500 region 0:0x00000000fe720000
05-21 15:20:22.346 0 0 I CPU5 : Booted secondary processor 0x0000000500 [0x414fd0b0]
05-21 15:20:22.347 2551 2551 I : CPU5 is up
05-21 15:20:22.348 0 0 I : Detected PIPT I-cache on CPU6
05-21 15:20:22.348 0 0 I GICv3 : CPU6: found redistributor 600 region 0:0x00000000fe740000
05-21 15:20:22.348 0 0 I CPU6 : Booted secondary processor 0x0000000600 [0x414fd0b0]
05-21 15:20:22.349 2551 2551 I : CPU6 is up
05-21 15:20:22.350 0 0 I : Detected PIPT I-cache on CPU7
05-21 15:20:22.350 0 0 I GICv3 : CPU7: found redistributor 700 region 0:0x00000000fe760000
05-21 15:20:22.350 0 0 I CPU7 : Booted secondary processor 0x0000000700 [0x414fd0b0]
05-21 15:20:22.351 2551 2551 I : CPU7 is up
05-21 15:20:22.359 2551 2551 I rk_gmac-dwmac fe1c0000.ethernet: init for RGMII
05-21 15:20:22.359 5271 5271 I usb1 : root hub lost power or was reset
05-21 15:20:22.366 5267 5267 I usb3 : root hub lost power or was reset
05-21 15:20:22.366 5267 5267 I usb4 : root hub lost power or was reset
05-21 15:20:22.367 2551 2551 E PM : dpm_run_callback(): wacom_i2c_resume+0x0/0xdc returns -6
05-21 15:20:22.367 2551 2551 E PM : Device 4-0009 failed to resume: error -6
05-21 15:20:22.431 2551 2551 I usb2 : root hub lost power or was reset
05-21 15:20:22.614 5278 5278 I usb 4-1 : reset SuperSpeed Gen 1 USB device number 2 using xhci-hcd
05-21 15:20:22.754 5281 5281 I usb 3-1 : reset high-speed USB device number 2 using xhci-hcd
05-21 15:20:23.264 5299 5299 I usb 4-1.1: reset SuperSpeed Gen 1 USB device number 5 using xhci-hcd
05-21 15:20:23.357 5297 5297 I usb 4-1.4: reset SuperSpeed Gen 1 USB device number 4 using xhci-hcd
05-21 15:20:23.384 4156 4156 I r8152 4-1.4: 1.0: skip request firmware
05-21 15:20:23.448 5291 5291 I usb 4-1.3: reset SuperSpeed Gen 1 USB device number 3 using xhci-hcd
05-21 15:20:23.620 5305 5305 I usb 3-1.5: reset high-speed USB device number 14 using xhci-hcd
05-21 15:20:23.762 5305 5305 E PM : dpm_run_callback(): usb_dev_resume+0x0/0x28 returns -5
05-21 15:20:23.762 5305 5305 E PM : Device 3-1.5 failed to resume async: error -5
05-21 15:20:23.834 5290 5290 I usb 3-1.3: reset high-speed USB device number 3 using xhci-hcd
05-21 15:20:24.142 2551 2551 I : OOM killer enabled.
05-21 15:20:24.142 2551 2551 I : Restarting tasks ... done.
05-21 15:20:24.151 2551 2551 I : Resume caused by IRQ 106, rk806
05-21 15:20:24.151 2551 2551 I PM : suspend exit
05-21 15:20:24.153 4712 4712 I usb 3-1.5: USB disconnect, device number 14
05-19 14:58:27.579 627 711 I sysui_multi_action: [757,804,799,power_consecutive_short_tap_count,801,1,802,1]
05-19 14:58:27.579 627 711 I sysui_multi_action: [757,804,799,power_double_tap_interval,801,761100,802,1]
05-19 14:58:27.580 627 711 I intercept_power: [ACTION_DOWN,0,0]
05-19 14:58:27.584 627 711 I intercept_power: [ACTION_UP,0,0]
05-19 14:58:27.588 627 627 I screen_toggled: 1
05-19 14:58:27.602 627 668 I wm_set_resumed_activity: [0,com.ebensz.enote.notepad/.EditActivity,resumeTopActivity]
05-19 14:58:27.607 627 668 I wm_resume_activity: [0,206508048,161,com.ebensz.enote.notepad/.EditActivity]
05-19 14:58:27.608 627 627 I power_screen_broadcast_send: 1
05-19 14:58:27.608 627 668 I sysui_multi_action: [757,1696,758,6,759,3]
05-21 15:20:24.187 4111 4111 I : mmc_host mmc0: Bus speed (slot 0) = 400000Hz (slot req 400000Hz, actual 400000HZ div = 0)
05-21 15:20:24.196 445 445 I gsensor_mxc6655 5-0015: set sensor poll time to 66ms
05-21 15:20:24.198 445 445 I gsensor_mxc6655 5-0015: sensor on: starting poll sensor data 62ms
05-19 14:58:27.637 627 702 I am_unfreeze: [19178,android.process.media]
05-19 14:58:27.644 7156 7156 I wm_on_restart_called: [27610987,com.ebensz.email.activity.EmailActivity,performRestartActivity]
05-19 14:58:27.645 7156 7156 I wm_on_start_called: [27610987,com.ebensz.email.activity.EmailActivity,handleStartActivity]
05-21 15:20:24.217 352 352 W : <<-GTP-ERROR->> I2C Read: 0x8047, 1 bytes failed, errcode: -6! Process reset.
05-19 14:58:27.649 3656 3656 I wm_on_restart_called: [206508048,com.ebensz.enote.notepad.EditActivity,performRestartActivity]
05-19 14:58:27.652 3656 3656 I wm_on_start_called: [206508048,com.ebensz.enote.notepad.EditActivity,handleStartActivity]
05-21 15:20:24.224 4111 4111 I : mmc_host mmc0: Bus speed (slot 0) = 300000Hz (slot req 300000Hz, actual 300000HZ div = 0)
05-21 15:20:24.237 4712 4712 I usb 3-1.5: new high-speed USB device number 15 using xhci-hcd
05-19 14:58:27.668 627 627 I notification_enqueue: [10098,25952,com.baidu.appsearch,2131755453,NULL,0,Notification(channel=手机管理、安全检测相关通知 shortcut=null contentView=null vibrate=null sound=null defaults=0x0 flags=0x62 color=0x00000000 vis=PRIVATE),1]
05-21 15:20:24.254 29262 29262 I : read descriptors
05-21 15:20:24.254 29262 29262 I : read strings
05-21 15:20:24.260 4111 4111 I : mmc_host mmc0: Bus speed (slot 0) = 200000Hz (slot req 200000Hz, actual 200000HZ div = 0)
05-19 14:58:27.699 627 730 I netstats_mobile_sample: [0,0,0,0,0,0,0,0,0,0,0,0,1747637907701]
05-19 14:58:27.700 627 730 I netstats_wifi_sample: [0,0,0,0,0,0,0,0,0,0,0,0,1747637907701]
05-21 15:20:24.300 4111 4111 W dwmmc_rockchip fe2c0000.mmc: failed to set rate 100000Hz
05-21 15:20:24.300 4111 4111 I : mmc_host mmc0: Bus speed (slot 0) = 200000Hz (slot req 100000Hz, actual 100000HZ div = 1)
05-21 15:20:24.313 4111 4111 W dwmmc_rockchip fe2c0000.mmc: failed to set rate 100000Hz
05-21 15:20:24.317 4111 4111 W dwmmc_rockchip fe2c0000.mmc: failed to set rate 100000Hz
05-21 15:20:24.317 352 352 W : <<-GTP-ERROR->> GTP i2c test failed time 1.
05-21 15:20:24.331 4712 4712 I usb 3-1.5: New USB device found, idVendor=2109, idProduct=8817, bcdDevice= 0.01
05-21 15:20:24.331 4712 4712 I usb 3-1.5: New USB device strings: Mfr=1, Product=2, SerialNumber=3
05-21 15:20:24.331 4712 4712 I usb 3-1.5: Product: USB Billboard Device
05-21 15:20:24.331 4712 4712 I usb 3-1.5: Manufacturer: VIA Labs, Inc.
05-21 15:20:24.331 4712 4712 I usb 3-1.5: SerialNumber: 0000000000000001
05-21 15:20:24.707 1 1 I init : processing action (sys.usb.config=adb && sys.usb.configfs=1 && sys.usb.ffs.ready=1) from (/system/etc/init/hw/init.usb.configfs.rc:20)
05-21 15:20:24.707 352 352 I rockchip-vop2 fdd90000.vop: [drm:vop2_crtc_atomic_enable] Update mode to 1536x2048p55, type: 16(if:60) for vp2 dclk: 192000000
05-21 15:20:24.707 1 1 I init : Command 'symlink /config/usb_gadget/g1/functions/ffs.adb /config/usb_gadget/g1/configs/b.1/f1' action=sys.usb.config=adb && sys.usb.configfs=1 && sys.usb.ffs.ready=1 (/system/etc/init/hw/init.usb.configfs.rc:22) took 0ms and failed: symlink() failed: File exists
05-21 15:20:24.707 1 1 I init : Command 'write /config/usb_gadget/g1/UDC ${sys.usb.controller}' action=sys.usb.config=adb && sys.usb.configfs=1 && sys.usb.ffs.ready=1 (/system/etc/init/hw/init.usb.configfs.rc:23) took 0ms and failed: Unable to write to file '/config/usb_gadget/g1/UDC': Unable to write file contents: Device or resource busy
05-21 15:20:24.708 352 352 I rockchip-vop2 fdd90000.vop: [drm:vop2_crtc_atomic_enable] dclk_out2 div: 2 dclk_core2 div: 1
05-21 15:20:24.708 352 352 I rockchip-vop2 fdd90000.vop: [drm:vop2_crtc_atomic_enable] set dclk_vop2 to 96000000, get 96000000
05-19 14:58:28.138 627 627 I battery_saving_stats: [0,0,0,3788,0,0,173835839,0,-18]
05-19 14:58:28.151 627 627 I power_screen_broadcast_done: [1,543,1]
05-19 14:58:28.221 3656 3656 I wm_on_resume_called: [206508048,com.ebensz.enote.notepad.EditActivity,RESUME_ACTIVITY]
05-19 14:58:28.221 3656 3656 I wm_on_top_resumed_gained_called: [206508048,com.ebensz.enote.notepad.EditActivity,topWhenResuming]
05-19 14:58:28.231 627 648 I input_focus: [Focus request 4a8d0f4 com.ebensz.enote.notepad/com.ebensz.enote.notepad.EditActivity,reason=UpdateInputWindows]
05-21 15:20:25.217 352 352 I dw-mipi-dsi2 fde20000.dsi: [drm:dw_mipi_dsi2_encoder_enable] final DSI-Link bandwidth: 639999 x 8 Kbps
05-19 14:58:28.647 627 668 I sysui_latency: [5,1065]
05-19 14:58:28.651 627 710 I input_focus: [Focus entering 4a8d0f4 com.ebensz.enote.notepad/com.ebensz.enote.notepad.EditActivity (server),reason=Window became focusable. Previous reason: NO_WINDOW]
05-19 14:58:28.663 627 627 I sysui_multi_action: [757,198,758,1,759,1,1359,2865,1694,1]
05-19 14:58:28.663 627 627 I power_screen_state: [1,0,0,0,2865]
05-21 15:20:25.760 29262 29262 I : read descriptors
05-21 15:20:25.761 29262 29262 I : read strings
05-21 15:20:25.761 1 1 I init : processing action (sys.usb.config=adb && sys.usb.configfs=1 && sys.usb.ffs.ready=1) from (/system/etc/init/hw/init.usb.configfs.rc:20)
05-21 15:20:25.761 1 1 I init : Command 'symlink /config/usb_gadget/g1/functions/ffs.adb /config/usb_gadget/g1/configs/b.1/f1' action=sys.usb.config=adb && sys.usb.configfs=1 && sys.usb.ffs.ready=1 (/system/etc/init/hw/init.usb.configfs.rc:22) took 0ms and failed: symlink() failed: File exists
05-21 15:20:25.761 1 1 I init : Command 'write /config/usb_gadget/g1/UDC ${sys.usb.controller}' action=sys.usb.config=adb && sys.usb.configfs=1 && sys.usb.ffs.ready=1 (/system/etc/init/hw/init.usb.configfs.rc:23) took 0ms and failed: Unable to write to file '/config/usb_gadget/g1/UDC': Unable to write file contents: Device or resource busy
05-21 15:20:26.808 29262 29262 I : read descriptors
05-21 15:20:26.808 29262 29262 I : read strings
05-21 15:20:26.809 1 1 I init : processing action (sys.usb.config=adb && sys.usb.configfs=1 && sys.usb.ffs.ready=1) from (/system/etc/init/hw/init.usb.configfs.rc:20)
05-21 15:20:26.812 1 1 I init : Command 'symlink /config/usb_gadget/g1/functions/ffs.adb /config/usb_gadget/g1/configs/b.1/f1' action=sys.usb.config=adb && sys.usb.configfs=1 && sys.usb.ffs.ready=1 (/system/etc/init/hw/init.usb.configfs.rc:22) took 0ms and failed: symlink() failed: File exists
05-21 15:20:26.812 1 1 I init : Command 'write /config/usb_gadget/g1/UDC ${sys.usb.controller}' action=sys.usb.config=adb && sys.usb.configfs=1 && sys.usb.ffs.ready=1 (/system/etc/init/hw/init.usb.configfs.rc:23) took 0ms and failed: Unable to write to file '/config/usb_gadget/g1/UDC': Unable to write file contents: Device or resource busy
05-19 14:58:30.390 627 710 I input_interaction: Interaction with: 4a8d0f4 com.ebensz.enote.notepad/com.ebensz.enote.notepad.EditActivity (server), PointerEventDispatcher0 (server),
05-19 14:58:30.480 627 5232 I wm_task_moved: [161,1,16]
05-19 14:58:30.481 627 5232 I wm_set_resumed_activity: [0,com.ebensz.enote.notepad/.EditActivity,positionChildAt]
05-19 14:58:30.481 627 5232 I wm_create_activity: [0,155474067,161,com.ebensz.enote.notepad/.BrowserActivity,com.ebensz.enote.action.BROWSER_PAGE,NULL,NULL,268435456]
05-19 14:58:30.482 627 5232 I wm_pause_activity: [0,206508048,com.ebensz.enote.notepad/.EditActivity,userLeaving=true,resumeTopActivity]
05-19 14:58:30.498 3656 3656 I wm_on_top_resumed_lost_called: [206508048,com.ebensz.enote.notepad.EditActivity,topStateChangedWhenResumed]
05-19 14:58:30.512 3656 3656 I wm_on_paused_called: [206508048,com.ebensz.enote.notepad.EditActivity,performPause]
05-19 14:58:30.513 627 5232 I wm_add_to_stopping: [0,206508048,com.ebensz.enote.notepad/.EditActivity,makeInvisible]
05-19 14:58:30.514 627 5232 I wm_add_to_stopping: [0,27610987,com.ebensz.email/.activity.EmailActivity,makeInvisible]
05-19 14:58:30.515 627 5232 I wm_restart_activity: [0,155474067,161,com.ebensz.enote.notepad/.BrowserActivity]
05-19 14:58:30.516 627 5232 I wm_set_resumed_activity: [0,com.ebensz.enote.notepad/.BrowserActivity,minimalResumeActivityLocked]
05-19 14:58:30.522 627 647 I sysui_multi_action: [757,803,799,window_time_0,802,6]
05-19 14:58:30.524 627 710 I input_focus: [Focus leaving 4a8d0f4 com.ebensz.enote.notepad/com.ebensz.enote.notepad.EditActivity (server),reason=NO_WINDOW]
05-19 14:58:30.582 3656 3656 I wm_on_create_called: [155474067,com.ebensz.enote.notepad.BrowserActivity,performCreate]
05-19 14:58:30.584 3656 3656 I wm_on_start_called: [155474067,com.ebensz.enote.notepad.BrowserActivity,handleStartActivity]
05-19 14:58:30.585 3656 3656 I wm_on_resume_called: [155474067,com.ebensz.enote.notepad.BrowserActivity,RESUME_ACTIVITY]
05-19 14:58:30.588 3656 3656 I wm_on_top_resumed_gained_called: [155474067,com.ebensz.enote.notepad.BrowserActivity,topStateChangedWhenResumed]
05-19 14:58:30.604 627 648 I input_focus: [Focus request d29c6da com.ebensz.enote.notepad/com.ebensz.enote.notepad.BrowserActivity,reason=UpdateInputWindows]
05-19 14:58:30.627 627 644 I wm_activity_launch_time: [0,155474067,com.ebensz.enote.notepad/.BrowserActivity,144]
05-19 14:58:30.634 627 647 I wm_stop_activity: [0,27610987,com.ebensz.email/.activity.EmailActivity]
05-19 14:58:30.634 627 647 I wm_stop_activity: [0,206508048,com.ebensz.enote.notepad/.EditActivity]
05-19 14:58:30.638 627 710 I input_focus: [Focus entering d29c6da com.ebensz.enote.notepad/com.ebensz.enote.notepad.BrowserActivity (server),reason=setFocusedWindow]
05-19 14:58:30.651 7156 7156 I wm_on_stop_called: [27610987,com.ebensz.email.activity.EmailActivity,STOP_ACTIVITY_ITEM]
05-19 14:58:30.654 3656 3656 I wm_on_stop_called: [206508048,com.ebensz.enote.notepad.EditActivity,STOP_ACTIVITY_ITEM]
05-21 15:20:27.236 4712 4712 I r8152 4-1.4: 1.0 eth1: carrier on
05-21 15:20:27.844 29262 29262 I : read descriptors
05-21 15:20:27.844 29262 29262 I : read strings
05-21 15:20:27.846 1 1 I init : processing action (sys.usb.config=adb && sys.usb.configfs=1 && sys.usb.ffs.ready=1) from (/system/etc/init/hw/init.usb.configfs.rc:20)
05-21 15:20:28.891 29262 29262 I : read descriptors
05-21 15:20:28.891 29262 29262 I : read strings
05-19 14:58:32.651 627 627 I notification_enqueue: [10098,25952,com.baidu.appsearch,2131755453,NULL,0,Notification(channel=手机管理、安全检测相关通知 shortcut=null contentView=null vibrate=null sound=null defaults=0x0 flags=0x62 color=0x00000000 vis=PRIVATE),1]
05-19 14:58:32.660 627 627 I notification_enqueue: [10098,25952,com.baidu.appsearch,2131755453,NULL,0,Notification(channel=手机管理、安全检测相关通知 shortcut=null contentView=null vibrate=null sound=null defaults=0x0 flags=0x62 color=0x00000000 vis=PRIVATE),1]
05-21 15:20:29.456 653 653 W binder_transaction: 4 callbacks suppressed
05-21 15:20:29.456 653 653 I binder : 627:653 transaction failed 29201/-28, size 80-0 line 2921
05-21 15:20:29.462 653 653 I binder : 627:653 transaction failed 29201/-28, size 80-0 line 2921
05-19 14:58:32.926 627 730 I netstats_mobile_sample: [0,0,0,0,0,0,0,0,0,0,0,0,1747637912928]
05-19 14:58:32.927 627 730 I netstats_wifi_sample: [0,0,0,0,0,0,0,0,0,0,0,0,1747637912928]
05-19 14:58:32.956 627 730 I netstats_mobile_sample: [0,0,0,0,0,0,0,0,0,0,0,0,1747637912957]
05-19 14:58:32.956 627 730 I netstats_wifi_sample: [0,0,0,0,0,0,0,0,0,0,0,0,1747637912957]
05-19 14:58:32.973 627 627 I notification_cancel_all: [1000,19470,com.ebensz.appmanager,0,0,64,9,NULL]
05-21 15:20:29.811 653 653 I binder : 627:653 transaction failed 29201/-28, size 80-0 line 2921
05-21 15:20:29.957 29262 29262 I : read descriptors
05-21 15:20:29.957 29262 29262 I : read strings
05-21 15:20:29.959 1 1 I init : processing action (sys.usb.config=adb && sys.usb.configfs=1 && sys.usb.ffs.ready=1) from (/system/etc/init/hw/init.usb.configfs.rc:20)
05-21 15:20:29.962 1 1 I init : Command 'symlink /config/usb_gadget/g1/functions/ffs.adb /config/usb_gadget/g1/configs/b.1/f1' action=sys.usb.config=adb && sys.usb.configfs=1 && sys.usb.ffs.ready=1 (/system/etc/init/hw/init.usb.configfs.rc:22) took 0ms and failed: symlink() failed: File exists
05-21 15:20:29.963 1 1 I init : Command 'write /config/usb_gadget/g1/UDC ${sys.usb.controller}' action=sys.usb.config=adb && sys.usb.configfs=1 && sys.usb.ffs.ready=1 (/system/etc/init/hw/init.usb.configfs.rc:23) took 0ms and failed: Unable to write to file '/config/usb_gadget/g1/UDC': Unable to write file contents: Device or resource busy
05-21 15:20:31.004 29262 29262 I : read descriptors
05-21 15:20:31.004 29262 29262 I : read strings
05-21 15:20:31.006 1 1 I init : processing action (sys.usb.config=adb && sys.usb.configfs=1 && sys.usb.ffs.ready=1) from (/system/etc/init/hw/init.usb.configfs.rc:20)
05-21 15:20:31.009 1 1 I init : Command 'symlink /config/usb_gadget/g1/functions/ffs.adb /config/usb_gadget/g1/configs/b.1/f1' action=sys.usb.config=adb && sys.usb.configfs=1 && sys.usb.ffs.ready=1 (/system/etc/init/hw/init.usb.configfs.rc:22) took 0ms and failed: symlink() failed: File exists
05-21 15:20:31.009 1 1 I init : Command 'write /config/usb_gadget/g1/UDC ${sys.usb.controller}' action=sys.usb.config=adb && sys.usb.configfs=1 && sys.usb.ffs.ready=1 (/system/etc/init/hw/init.usb.configfs.rc:23) took 0ms and failed: Unable to write to file '/config/usb_gadget/g1/UDC': Unable to write file contents: Device or resource busy
05-21 15:20:32.064 29262 29262 I : read descriptors
05-21 15:20:32.064 29262 29262 I : read strings
05-21 15:20:32.068 1 1 I init : processing action (sys.usb.config=adb && sys.usb.configfs=1 && sys.usb.ffs.ready=1) from (/system/etc/init/hw/init.usb.configfs.rc:20)
05-21 15:20:32.069 1 1 I init : Command 'symlink /config/usb_gadget/g1/functions/ffs.adb /config/usb_gadget/g1/configs/b.1/f1' action=sys.usb.config=adb && sys.usb.configfs=1 && sys.usb.ffs.ready=1 (/system/etc/init/hw/init.usb.configfs.rc:22) took 0ms and failed: symlink() failed: File exists
05-21 15:20:32.069 1 1 I init : Command 'write /config/usb_gadget/g1/UDC ${sys.usb.controller}' action=sys.usb.config=adb && sys.usb.configfs=1 && sys.usb.ffs.ready=1 (/system/etc/init/hw/init.usb.configfs.rc:23) took 0ms and failed: Unable to write to file '/config/usb_gadget/g1/UDC': Unable to write file contents: Device or resource busy
05-21 15:20:33.101 29262 29262 I : read descriptors
05-21 15:20:33.101 29262 29262 I : read strings
05-21 15:20:33.103 1 1 I init : processing action (sys.usb.config=adb && sys.usb.configfs=1 && sys.usb.ffs.ready=1) from (/system/etc/init/hw/init.usb.configfs.rc:20)
05-19 14:58:37.037 627 710 I input_interaction: Interaction with: d29c6da com.ebensz.enote.notepad/com.ebensz.enote.notepad.BrowserActivity (server), PointerEventDispatcher0 (server),
05-21 15:20:34.157 29262 29262 I : read descriptors
05-21 15:20:34.157 29262 29262 I : read strings
05-19 14:58:37.662 627 627 I notification_enqueue: [10098,25952,com.baidu.appsearch,2131755453,NULL,0,Notification(channel=手机管理、安全检测相关通知 shortcut=null contentView=null vibrate=null sound=null defaults=0x0 flags=0x62 color=0x00000000 vis=PRIVATE),1]
05-21 15:20:35.215 29262 29262 I : read descriptors
05-21 15:20:35.215 29262 29262 I : read strings
05-21 15:20:35.216 1 1 I init : processing action (sys.usb.config=adb && sys.usb.configfs=1 && sys.usb.ffs.ready=1) from (/system/etc/init/hw/init.usb.configfs.rc:20)
05-21 15:20:35.220 1 1 I init : Command 'symlink /config/usb_gadget/g1/functions/ffs.adb /config/usb_gadget/g1/configs/b.1/f1' action=sys.usb.config=adb && sys.usb.configfs=1 && sys.usb.ffs.ready=1 (/system/etc/init/hw/init.usb.configfs.rc:22) took 1ms and failed: symlink() failed: File exists
05-21 15:20:35.220 1 1 I init : Command 'write /config/usb_gadget/g1/UDC ${sys.usb.controller}' action=sys.usb.config=adb && sys.usb.configfs=1 && sys.usb.ffs.ready=1 (/system/etc/init/hw/init.usb.configfs.rc:23) took 0ms and failed: Unable to write to file '/config/usb_gadget/g1/UDC': Unable to write file contents: Device or resource busy
05-21 15:20:36.269 29262 29262 I : read descriptors
05-21 15:20:36.269 29262 29262 I : read strings
05-21 15:20:36.270 1 1 I init : processing action (sys.usb.config=adb && sys.usb.configfs=1 && sys.usb.ffs.ready=1) from (/system/etc/init/hw/init.usb.configfs.rc:20)
05-21 15:20:36.273 1 1 I init : Command 'symlink /config/usb_gadget/g1/functions/ffs.adb /config/usb_gadget/g1/configs/b.1/f1' action=sys.usb.config=adb && sys.usb.configfs=1 && sys.usb.ffs.ready=1 (/system/etc/init/hw/init.usb.configfs.rc:22) took 0ms and failed: symlink() failed: File exists
05-21 15:20:36.274 1 1 I init : Command 'write /config/usb_gadget/g1/UDC ${sys.usb.controller}' action=sys.usb.config=adb && sys.usb.configfs=1 && sys.usb.ffs.ready=1 (/system/etc/init/hw/init.usb.configfs.rc:23) took 0ms and failed: Unable to write to file '/config/usb_gadget/g1/UDC': Unable to write file contents: Device or resource busy
05-21 15:20:37.324 29262 29262 I : read descriptors
05-21 15:20:37.324 29262 29262 I : read strings
05-21 15:20:37.326 1 1 I init : processing action (sys.usb.config=adb && sys.usb.configfs=1 && sys.usb.ffs.ready=1) from (/system/etc/init/hw/init.usb.configfs.rc:20)
05-21 15:20:37.328 1 1 I init : Command 'symlink /config/usb_gadget/g1/functions/ffs.adb /config/usb_gadget/g1/configs/b.1/f1' action=sys.usb.config=adb && sys.usb.configfs=1 && sys.usb.ffs.ready=1 (/system/etc/init/hw/init.usb.configfs.rc:22) took 0ms and failed: symlink() failed: File exists
05-21 15:20:37.328 1 1 I init : Command 'write /config/usb_gadget/g1/UDC ${sys.usb.controller}' action=sys.usb.config=adb && sys.usb.configfs=1 && sys.usb.ffs.ready=1 (/system/etc/init/hw/init.usb.configfs.rc:23) took 0ms and failed: Unable to write to file '/config/usb_gadget/g1/UDC': Unable to write file contents: Device or resource busy
05-21 15:20:38.361 29262 29262 I : read descriptors
05-21 15:20:38.361 29262 29262 I : read strings
05-21 15:20:38.363 1 1 I init : processing action (sys.usb.config=adb && sys.usb.configfs=1 && sys.usb.ffs.ready=1) from (/system/etc/init/hw/init.usb.configfs.rc:20)
05-21 15:20:39.411 29262 29262 I : read descriptors
05-21 15:20:39.411 29262 29262 I : read strings
05-21 15:20:40.471 29262 29262 I : read descriptors
05-21 15:20:40.471 29262 29262 I : read strings
05-21 15:20:40.474 1 1 I init : processing action (sys.usb.config=adb && sys.usb.configfs=1 && sys.usb.ffs.ready=1) from (/system/etc/init/hw/init.usb.configfs.rc:20)
05-21 15:20:40.475 1 1 I init : Command 'symlink /config/usb_gadget/g1/functions/ffs.adb /config/usb_gadget/g1/configs/b.1/f1' action=sys.usb.config=adb && sys.usb.configfs=1 && sys.usb.ffs.ready=1 (/system/etc/init/hw/init.usb.configfs.rc:22) took 0ms and failed: symlink() failed: File exists
05-21 15:20:40.476 1 1 I init : Command 'write /config/usb_gadget/g1/UDC ${sys.usb.controller}' action=sys.usb.config=adb && sys.usb.configfs=1 && sys.usb.ffs.ready=1 (/system/etc/init/hw/init.usb.configfs.rc:23) took 0ms and failed: Unable to write to file '/config/usb_gadget/g1/UDC': Unable to write file contents: Device or resource busy
05-21 15:20:41.401 440 440 W healthd : battery l=100 v=8698 t=27.0 h=1 st=3 c=0 fc=9700000 cc=0 chg=u
05-21 15:20:42.245 29262 29262 I : read descriptors
05-21 15:20:42.245 29262 29262 I : read strings
05-21 15:20:42.249 1 1 I init : processing action (sys.usb.config=adb && sys.usb.configfs=1 && sys.usb.ffs.ready=1) from (/system/etc/init/hw/init.usb.configfs.rc:20)
05-21 15:20:42.250 1 1 I init : Command 'symlink /config/usb_gadget/g1/functions/ffs.adb /config/usb_gadget/g1/configs/b.1/f1' action=sys.usb.config=adb && sys.usb.configfs=1 && sys.usb.ffs.ready=1 (/system/etc/init/hw/init.usb.configfs.rc:22) took 0ms and failed: symlink() failed: File exists
05-21 15:20:42.250 1 1 I init : Command 'write /config/usb_gadget/g1/UDC ${sys.usb.controller}' action=sys.usb.config=adb && sys.usb.configfs=1 && sys.usb.ffs.ready=1 (/system/etc/init/hw/init.usb.configfs.rc:23) took 0ms and failed: Unable to write to file '/config/usb_gadget/g1/UDC': Unable to write file contents: Device or resource busy
05-21 15:20:43.285 29262 29262 I : read descriptors
05-21 15:20:43.285 29262 29262 I : read strings
05-21 15:20:43.288 1 1 I init : processing action (sys.usb.config=adb && sys.usb.configfs=1 && sys.usb.ffs.ready=1) from (/system/etc/init/hw/init.usb.configfs.rc:20)
05-21 15:20:43.290 1 1 I init : Command 'symlink /config/usb_gadget/g1/functions/ffs.adb /config/usb_gadget/g1/configs/b.1/f1' action=sys.usb.config=adb && sys.usb.configfs=1 && sys.usb.ffs.ready=1 (/system/etc/init/hw/init.usb.configfs.rc:22) took 0ms and failed: symlink() failed: File exists
05-21 15:20:43.293 1 1 I init : Command 'write /config/usb_gadget/g1/UDC ${sys.usb.controller}' action=sys.usb.config=adb && sys.usb.configfs=1 && sys.usb.ffs.ready=1 (/system/etc/init/hw/init.usb.configfs.rc:23) took 2ms and failed: Unable to write to file '/config/usb_gadget/g1/UDC': Unable to write file contents: Device or resource busy
05-21 15:20:44.349 29262 29262 I : read descriptors
05-21 15:20:44.349 29262 29262 I : read strings
05-21 15:20:44.350 1 1 I init : processing action (sys.usb.config=adb && sys.usb.configfs=1 && sys.usb.ffs.ready=1) from (/system/etc/init/hw/init.usb.configfs.rc:20)
05-21 15:20:45.392 29262 29262 I : read descriptors
05-21 15:20:45.392 29262 29262 I : read strings
05-21 15:20:46.435 29262 29262 I : read descriptors
05-21 15:20:46.435 29262 29262 I : read strings
05-21 15:20:46.437 1 1 I init : processing action (sys.usb.config=adb && sys.usb.configfs=1 && sys.usb.ffs.ready=1) from (/system/etc/init/hw/init.usb.configfs.rc:20)
05-21 15:20:46.439 1 1 I init : Command 'symlink /config/usb_gadget/g1/functions/ffs.adb /config/usb_gadget/g1/configs/b.1/f1' action=sys.usb.config=adb && sys.usb.configfs=1 && sys.usb.ffs.ready=1 (/system/etc/init/hw/init.usb.configfs.rc:22) took 0ms and failed: symlink() failed: File exists
05-21 15:20:46.440 1 1 I init : Command 'write /config/usb_gadget/g1/UDC ${sys.usb.controller}' action=sys.usb.config=adb && sys.usb.configfs=1 && sys.usb.ffs.ready=1 (/system/etc/init/hw/init.usb.configfs.rc:23) took 0ms and failed: Unable to write to file '/config/usb_gadget/g1/UDC': Unable to write file contents: Device or resource busy
05-19 14:58:50.078 627 648 I input_focus: [Focus request 1a6d449 com.ebensz.enote.notepad/com.ebensz.enote.notepad.BrowserActivity,reason=UpdateInputWindows]
05-19 14:58:50.108 627 710 I input_focus: [Focus leaving d29c6da com.ebensz.enote.notepad/com.ebensz.enote.notepad.BrowserActivity (server),reason=Waiting for window because NOT_VISIBLE]
05-19 14:58:50.127 627 710 I input_focus: [Focus entering 1a6d449 com.ebensz.enote.notepad/com.ebensz.enote.notepad.BrowserActivity (server),reason=Window became focusable. Previous reason: NOT_VISIBLE]
05-21 15:20:47.488 29262 29262 I : read descriptors
05-21 15:20:47.488 29262 29262 I : read strings
05-21 15:20:47.489 1 1 I init : processing action (sys.usb.config=adb && sys.usb.configfs=1 && sys.usb.ffs.ready=1) from (/system/etc/init/hw/init.usb.configfs.rc:20)
05-21 15:20:47.490 1 1 I init : Command 'symlink /config/usb_gadget/g1/functions/ffs.adb /config/usb_gadget/g1/configs/b.1/f1' action=sys.usb.config=adb && sys.usb.configfs=1 && sys.usb.ffs.ready=1 (/system/etc/init/hw/init.usb.configfs.rc:22) took 0ms and failed: symlink() failed: File exists
05-21 15:20:47.491 1 1 I init : Command 'write /config/usb_gadget/g1/UDC ${sys.usb.controller}' action=sys.usb.config=adb && sys.usb.configfs=1 && sys.usb.ffs.ready=1 (/system/etc/init/hw/init.usb.configfs.rc:23) took 0ms and failed: Unable to write to file '/config/usb_gadget/g1/UDC': Unable to write file contents: Device or resource busy
05-19 14:58:50.223 627 648 I input_focus: [Focus request 5061b9 移动页面,reason=UpdateInputWindows]
05-19 14:58:50.255 627 710 I input_focus: [Focus entering 5061b9 移动页面 (server),reason=setFocusedWindow]
05-21 15:20:48.542 29262 29262 I : read descriptors
05-21 15:20:48.542 29262 29262 I : read strings
05-21 15:20:48.544 1 1 I init : processing action (sys.usb.config=adb && sys.usb.configfs=1 && sys.usb.ffs.ready=1) from (/system/etc/init/hw/init.usb.configfs.rc:20)
05-21 15:20:48.546 1 1 I init : Command 'symlink /config/usb_gadget/g1/functions/ffs.adb /config/usb_gadget/g1/configs/b.1/f1' action=sys.usb.config=adb && sys.usb.configfs=1 && sys.usb.ffs.ready=1 (/system/etc/init/hw/init.usb.configfs.rc:22) took 0ms and failed: symlink() failed: File exists
05-21 15:20:48.546 1 1 I init : Command 'write /config/usb_gadget/g1/UDC ${sys.usb.controller}' action=sys.usb.config=adb && sys.usb.configfs=1 && sys.usb.ffs.ready=1 (/system/etc/init/hw/init.usb.configfs.rc:23) took 0ms and failed: Unable to write to file '/config/usb_gadget/g1/UDC': Unable to write file contents: Device or resource busy
05-21 15:20:49.605 29262 29262 I : read descriptors
05-21 15:20:49.605 29262 29262 I : read strings
05-21 15:20:49.607 1 1 I init : processing action (sys.usb.config=adb && sys.usb.configfs=1 && sys.usb.ffs.ready=1) from (/system/etc/init/hw/init.usb.configfs.rc:20)
05-21 15:20:50.658 29262 29262 I : read descriptors
05-21 15:20:50.659 29262 29262 I : read strings
05-21 15:20:51.705 29262 29262 I : read descriptors
05-21 15:20:51.705 29262 29262 I : read strings
05-21 15:20:51.707 1 1 I init : processing action (sys.usb.config=adb && sys.usb.configfs=1 && sys.usb.ffs.ready=1) from (/system/etc/init/hw/init.usb.configfs.rc:20)
05-21 15:20:51.709 1 1 I init : Command 'symlink /config/usb_gadget/g1/functions/ffs.adb /config/usb_gadget/g1/configs/b.1/f1' action=sys.usb.config=adb && sys.usb.configfs=1 && sys.usb.ffs.ready=1 (/system/etc/init/hw/init.usb.configfs.rc:22) took 0ms and failed: symlink() failed: File exists
05-21 15:20:51.709 1 1 I init : Command 'write /config/usb_gadget/g1/UDC ${sys.usb.controller}' action=sys.usb.config=adb && sys.usb.configfs=1 && sys.usb.ffs.ready=1 (/system/etc/init/hw/init.usb.configfs.rc:23) took 0ms and failed: Unable to write to file '/config/usb_gadget/g1/UDC': Unable to write file contents: Device or resource busy
05-19 14:58:54.700 627 710 I input_interaction: Interaction with: 5061b9 移动页面 (server), PointerEventDispatcher0 (server),
05-21 15:20:52.752 29262 29262 I : read descriptors
05-21 15:20:52.752 29262 29262 I : read strings
05-21 15:20:52.754 1 1 I init : processing action (sys.usb.config=adb && sys.usb.configfs=1 && sys.usb.ffs.ready=1) from (/system/etc/init/hw/init.usb.configfs.rc:20)
05-21 15:20:52.758 1 1 I init : Command 'symlink /config/usb_gadget/g1/functions/ffs.adb /config/usb_gadget/g1/configs/b.1/f1' action=sys.usb.config=adb && sys.usb.configfs=1 && sys.usb.ffs.ready=1 (/system/etc/init/hw/init.usb.configfs.rc:22) took 1ms and failed: symlink() failed: File exists
05-21 15:20:52.758 1 1 I init : Command 'write /config/usb_gadget/g1/UDC ${sys.usb.controller}' action=sys.usb.config=adb && sys.usb.configfs=1 && sys.usb.ffs.ready=1 (/system/etc/init/hw/init.usb.configfs.rc:23) took 0ms and failed: Unable to write to file '/config/usb_gadget/g1/UDC': Unable to write file contents: Device or resource busy
05-19 14:58:55.936 627 944 I wm_task_moved: [161,1,16]
05-19 14:58:55.937 627 944 I wm_set_resumed_activity: [0,com.ebensz.enote.notepad/.BrowserActivity,positionChildAt]
05-19 14:58:55.937 627 944 I wm_create_activity: [0,239239006,161,com.ebensz.enote.notepad/.ui.dialog.MovingPageDialog,eben.intent.action.MOVE_PAGE,NULL,NULL,0]
05-19 14:58:55.939 627 944 I wm_pause_activity: [0,155474067,com.ebensz.enote.notepad/.BrowserActivity,userLeaving=true,resumeTopActivity]
05-19 14:58:55.967 627 648 I input_focus: [Focus request d29c6da com.ebensz.enote.notepad/com.ebensz.enote.notepad.BrowserActivity,reason=UpdateInputWindows]
05-19 14:58:55.968 3656 3656 I wm_on_top_resumed_lost_called: [155474067,com.ebensz.enote.notepad.BrowserActivity,topStateChangedWhenResumed]
05-19 14:58:55.969 3656 3656 I wm_on_paused_called: [155474067,com.ebensz.enote.notepad.BrowserActivity,performPause]
05-19 14:58:55.971 627 944 I wm_restart_activity: [0,239239006,161,com.ebensz.enote.notepad/.ui.dialog.MovingPageDialog]
05-19 14:58:55.971 627 944 I wm_set_resumed_activity: [0,com.ebensz.enote.notepad/.ui.dialog.MovingPageDialog,minimalResumeActivityLocked]
05-19 14:58:55.977 627 647 I sysui_multi_action: [757,803,799,window_time_0,802,26]
05-19 14:58:55.993 627 710 I input_focus: [Focus entering d29c6da com.ebensz.enote.notepad/com.ebensz.enote.notepad.BrowserActivity (server),reason=setFocusedWindow]
05-19 14:58:56.041 3656 3656 I wm_on_create_called: [239239006,com.ebensz.enote.notepad.ui.dialog.MovingPageDialog,performCreate]
05-19 14:58:56.044 3656 3656 I wm_on_start_called: [239239006,com.ebensz.enote.notepad.ui.dialog.MovingPageDialog,handleStartActivity]
05-19 14:58:56.051 3656 3656 I wm_on_resume_called: [239239006,com.ebensz.enote.notepad.ui.dialog.MovingPageDialog,RESUME_ACTIVITY]
05-19 14:58:56.055 3656 3656 I wm_on_top_resumed_gained_called: [239239006,com.ebensz.enote.notepad.ui.dialog.MovingPageDialog,topStateChangedWhenResumed]
05-21 15:20:53.359 1305 1305 I binder : 1275:1305 transaction failed 29201/-28, size 104-0 line 2921
05-19 14:58:56.076 627 648 I input_focus: [Focus request dee7209 com.ebensz.enote.notepad/com.ebensz.enote.notepad.ui.dialog.MovingPageDialog,reason=UpdateInputWindows]
05-21 15:20:53.377 1305 1305 I binder : 1275:1305 transaction failed 29201/-28, size 104-0 line 2921
05-19 14:58:56.102 627 710 I input_focus: [Focus leaving d29c6da com.ebensz.enote.notepad/com.ebensz.enote.notepad.BrowserActivity (server),reason=NOT_FOCUSABLE]
05-19 14:58:56.125 627 644 I wm_activity_launch_time: [0,239239006,com.ebensz.enote.notepad/.ui.dialog.MovingPageDialog,193]
05-21 15:20:53.425 1305 1305 I binder : 1275:1305 transaction failed 29201/-28, size 104-0 line 2921
05-21 15:20:53.434 1305 1305 I binder : 1275:1305 transaction failed 29201/-28, size 104-0 line 2921
05-21 15:20:53.442 1305 1305 I binder : 1275:1305 transaction failed 29201/-28, size 104-0 line 2921
05-19 14:58:56.156 627 710 I input_focus: [Focus entering dee7209 com.ebensz.enote.notepad/com.ebensz.enote.notepad.ui.dialog.MovingPageDialog (server),reason=Window became focusable. Previous reason: NOT_VISIBLE]
05-19 14:58:56.166 627 944 I wm_finish_activity: [0,239239006,161,com.ebensz.enote.notepad/.ui.dialog.MovingPageDialog,app-request]
05-19 14:58:56.171 627 627 I notification_enqueue: [10038,26859,com.ebensz.enote.notepad,2,NULL,0,Notification(channel=monitor_channel_01 shortcut=null contentView=null vibrate=null sound=null defaults=0x0 flags=0x40 color=0x00000000 vis=PRIVATE),0]
05-19 14:58:56.173 627 944 I wm_pause_activity: [0,239239006,com.ebensz.enote.notepad/.ui.dialog.MovingPageDialog,userLeaving=false,finish]
05-19 14:58:56.193 627 710 I input_focus: [Focus leaving dee7209 com.ebensz.enote.notepad/com.ebensz.enote.notepad.ui.dialog.MovingPageDialog (server),reason=NO_WINDOW]
05-19 14:58:56.238 3656 3656 I wm_on_top_resumed_lost_called: [239239006,com.ebensz.enote.notepad.ui.dialog.MovingPageDialog,topStateChangedWhenResumed]
05-19 14:58:56.245 3656 3656 I wm_on_paused_called: [239239006,com.ebensz.enote.notepad.ui.dialog.MovingPageDialog,performPause]
05-19 14:58:56.246 627 1072 I wm_set_resumed_activity: [0,com.ebensz.enote.notepad/.BrowserActivity,resumeTopActivity]
05-19 14:58:56.247 627 1072 I wm_resume_activity: [0,155474067,161,com.ebensz.enote.notepad/.BrowserActivity]
05-19 14:58:56.257 627 648 I dvm_lock_sample: [system_server,1,android.anim,12,WindowAnimator.java,103,void com.android.server.wm.WindowAnimator.lambda$new$1$WindowAnimator(long),ActivityClientController.java,178,void com.android.server.wm.ActivityClientController.activityPaused(android.os.IBinder),2]
05-19 14:58:56.258 627 647 I sysui_multi_action: [757,803,799,window_time_0,802,0]
05-19 14:58:56.259 627 648 I input_focus: [Focus request d29c6da com.ebensz.enote.notepad/com.ebensz.enote.notepad.BrowserActivity,reason=UpdateInputWindows]
05-21 15:20:53.557 1305 1305 I binder : 1275:1305 transaction failed 29201/-28, size 104-0 line 2921
05-19 14:58:56.283 627 710 I input_focus: [Focus entering d29c6da com.ebensz.enote.notepad/com.ebensz.enote.notepad.BrowserActivity (server),reason=setFocusedWindow]
05-19 14:58:56.288 3656 3656 I wm_on_resume_called: [155474067,com.ebensz.enote.notepad.BrowserActivity,RESUME_ACTIVITY]
05-19 14:58:56.288 3656 3656 I wm_on_top_resumed_gained_called: [155474067,com.ebensz.enote.notepad.BrowserActivity,topWhenResuming]
05-19 14:58:56.311 627 944 I wm_destroy_activity: [0,239239006,161,com.ebensz.enote.notepad/.ui.dialog.MovingPageDialog,finish-idle]
05-19 14:58:56.328 3656 3656 I wm_on_stop_called: [239239006,com.ebensz.enote.notepad.ui.dialog.MovingPageDialog,LIFECYCLER_STOP_ACTIVITY]
05-19 14:58:56.329 3656 3656 I wm_on_destroy_called: [239239006,com.ebensz.enote.notepad.ui.dialog.MovingPageDialog,performDestroy]
05-19 14:58:56.373 627 627 I sysui_multi_action: [757,1501,758,1,793,202,794,0,795,202,796,2,806,com.ebensz.enote.notepad,857,monitor_channel_01,858,2,947,0,1500,0,1688,4,1689,2,1690,1]
05-19 14:58:56.373 627 627 I sysui_multi_action: [757,804,799,note_interruptive,801,0,802,1]
05-19 14:58:56.376 627 627 I sysui_multi_action: [757,128,758,5,759,8,793,206,794,0,795,206,796,2,806,com.ebensz.enote.notepad,857,monitor_channel_01,858,2,947,0,1500,4,1688,4,1689,2,1690,1]
05-19 14:58:56.376 627 627 I notification_canceled: [0|com.ebensz.enote.notepad|2|null|10038,8,206,206,0,-1,-1,NULL]
05-19 14:58:56.423 627 646 I commit_sys_config_file: [notification-policy,80413405]
05-21 15:20:53.801 29262 29262 I : read descriptors
05-21 15:20:53.801 29262 29262 I : read strings
05-21 15:20:53.803 1 1 I init : processing action (sys.usb.config=adb && sys.usb.configfs=1 && sys.usb.ffs.ready=1) from (/system/etc/init/hw/init.usb.configfs.rc:20)
05-21 15:20:53.804 1 1 I init : Command 'symlink /config/usb_gadget/g1/functions/ffs.adb /config/usb_gadget/g1/configs/b.1/f1' action=sys.usb.config=adb && sys.usb.configfs=1 && sys.usb.ffs.ready=1 (/system/etc/init/hw/init.usb.configfs.rc:22) took 0ms and failed: symlink() failed: File exists
05-21 15:20:53.804 1 1 I init : Command 'write /config/usb_gadget/g1/UDC ${sys.usb.controller}' action=sys.usb.config=adb && sys.usb.configfs=1 && sys.usb.ffs.ready=1 (/system/etc/init/hw/init.usb.configfs.rc:23) took 0ms and failed: Unable to write to file '/config/usb_gadget/g1/UDC': Unable to write file contents: Device or resource busy
05-21 15:20:54.861 29262 29262 I : read descriptors
05-21 15:20:54.861 29262 29262 I : read strings
05-21 15:20:54.863 1 1 I init : processing action (sys.usb.config=adb && sys.usb.configfs=1 && sys.usb.ffs.ready=1) from (/system/etc/init/hw/init.usb.configfs.rc:20)
05-21 15:20:55.925 29262 29262 I : read descriptors
05-21 15:20:55.925 29262 29262 I : read strings
05-21 15:20:56.999 29262 29262 I : read descriptors
05-21 15:20:56.999 29262 29262 I : read strings
05-21 15:20:57.000 1 1 I init : processing action (sys.usb.config=adb && sys.usb.configfs=1 && sys.usb.ffs.ready=1) from (/system/etc/init/hw/init.usb.configfs.rc:20)
05-21 15:20:57.003 1 1 I init : Command 'symlink /config/usb_gadget/g1/functions/ffs.adb /config/usb_gadget/g1/configs/b.1/f1' action=sys.usb.config=adb && sys.usb.configfs=1 && sys.usb.ffs.ready=1 (/system/etc/init/hw/init.usb.configfs.rc:22) took 0ms and failed: symlink() failed: File exists
05-21 15:20:57.004 1 1 I init : Command 'write /config/usb_gadget/g1/UDC ${sys.usb.controller}' action=sys.usb.config=adb && sys.usb.configfs=1 && sys.usb.ffs.ready=1 (/system/etc/init/hw/init.usb.configfs.rc:23) took 0ms and failed: Unable to write to file '/config/usb_gadget/g1/UDC': Unable to write file contents: Device or resource busy
05-19 14:59:00.335 627 710 I input_interaction: Interaction with: d29c6da com.ebensz.enote.notepad/com.ebensz.enote.notepad.BrowserActivity (server), PointerEventDispatcher0 (server),
05-21 15:20:58.038 29262 29262 I : read descriptors
05-21 15:20:58.039 29262 29262 I : read strings
05-21 15:20:58.040 1 1 I init : processing action (sys.usb.config=adb && sys.usb.configfs=1 && sys.usb.ffs.ready=1) from (/system/etc/init/hw/init.usb.configfs.rc:20)
05-21 15:20:58.043 1 1 I init : Command 'symlink /config/usb_gadget/g1/functions/ffs.adb /config/usb_gadget/g1/configs/b.1/f1' action=sys.usb.config=adb && sys.usb.configfs=1 && sys.usb.ffs.ready=1 (/system/etc/init/hw/init.usb.configfs.rc:22) took 0ms and failed: symlink() failed: File exists
05-21 15:20:58.044 1 1 I init : Command 'write /config/usb_gadget/g1/UDC ${sys.usb.controller}' action=sys.usb.config=adb && sys.usb.configfs=1 && sys.usb.ffs.ready=1 (/system/etc/init/hw/init.usb.configfs.rc:23) took 0ms and failed: Unable to write to file '/config/usb_gadget/g1/UDC': Unable to write file contents: Device or resource busy
05-21 15:20:59.095 29262 29262 I : read descriptors
05-21 15:20:59.095 29262 29262 I : read strings
05-21 15:20:59.096 1 1 I init : processing action (sys.usb.config=adb && sys.usb.configfs=1 && sys.usb.ffs.ready=1) from (/system/etc/init/hw/init.usb.configfs.rc:20)
05-21 15:20:59.099 1 1 I init : Command 'symlink /config/usb_gadget/g1/functions/ffs.adb /config/usb_gadget/g1/configs/b.1/f1' action=sys.usb.config=adb && sys.usb.configfs=1 && sys.usb.ffs.ready=1 (/system/etc/init/hw/init.usb.configfs.rc:22) took 1ms and failed: symlink() failed: File exists
05-21 15:20:59.100 1 1 I init : Command 'write /config/usb_gadget/g1/UDC ${sys.usb.controller}' action=sys.usb.config=adb && sys.usb.configfs=1 && sys.usb.ffs.ready=1 (/system/etc/init/hw/init.usb.configfs.rc:23) took 0ms and failed: Unable to write to file '/config/usb_gadget/g1/UDC': Unable to write file contents: Device or resource busy
05-21 15:21:00.142 29262 29262 I : read descriptors
05-21 15:21:00.142 29262 29262 I : read strings
05-21 15:21:00.144 1 1 I init : processing action (sys.usb.config=adb && sys.usb.configfs=1 && sys.usb.ffs.ready=1) from (/system/etc/init/hw/init.usb.configfs.rc:20)
05-21 15:21:01.189 29262 29262 I : read descriptors
05-21 15:21:01.189 29262 29262 I : read strings
05-21 15:21:02.239 29262 29262 I : read descriptors
05-21 15:21:02.239 29262 29262 I : read strings
05-21 15:21:02.240 1 1 I init : processing action (sys.usb.config=adb && sys.usb.configfs=1 && sys.usb.ffs.ready=1) from (/system/etc/init/hw/init.usb.configfs.rc:20)
05-21 15:21:02.243 1 1 I init : Command 'symlink /config/usb_gadget/g1/functions/ffs.adb /config/usb_gadget/g1/configs/b.1/f1' action=sys.usb.config=adb && sys.usb.configfs=1 && sys.usb.ffs.ready=1 (/system/etc/init/hw/init.usb.configfs.rc:22) took 0ms and failed: symlink() failed: File exists
05-21 15:21:02.244 1 1 I init : Command 'write /config/usb_gadget/g1/UDC ${sys.usb.controller}' action=sys.usb.config=adb && sys.usb.configfs=1 && sys.usb.ffs.ready=1 (/system/etc/init/hw/init.usb.configfs.rc:23) took 0ms and failed: Unable to write to file '/config/usb_gadget/g1/UDC': Unable to write file contents: Device or resource busy
05-21 15:21:03.295 29262 29262 I : read descriptors
05-21 15:21:03.295 29262 29262 I : read strings
05-21 15:21:03.297 1 1 I init : processing action (sys.usb.config=adb && sys.usb.configfs=1 && sys.usb.ffs.ready=1) from (/system/etc/init/hw/init.usb.configfs.rc:20)
05-21 15:21:03.299 1 1 I init : Command 'symlink /config/usb_gadget/g1/functions/ffs.adb /config/usb_gadget/g1/configs/b.1/f1' action=sys.usb.config=adb && sys.usb.configfs=1 && sys.usb.ffs.ready=1 (/system/etc/init/hw/init.usb.configfs.rc:22) took 0ms and failed: symlink() failed: File exists
05-21 15:21:03.300 1 1 I init : Command 'write /config/usb_gadget/g1/UDC ${sys.usb.controller}' action=sys.usb.config=adb && sys.usb.configfs=1 && sys.usb.ffs.ready=1 (/system/etc/init/hw/init.usb.configfs.rc:23) took 0ms and failed: Unable to write to file '/config/usb_gadget/g1/UDC': Unable to write file contents: Device or resource busy
05-21 15:21:04.359 29262 29262 I : read descriptors
05-21 15:21:04.359 29262 29262 I : read strings
05-21 15:21:04.360 1 1 I init : processing action (sys.usb.config=adb && sys.usb.configfs=1 && sys.usb.ffs.ready=1) from (/system/etc/init/hw/init.usb.configfs.rc:20)
05-21 15:21:04.362 1 1 I init : Command 'symlink /config/usb_gadget/g1/functions/ffs.adb /config/usb_gadget/g1/configs/b.1/f1' action=sys.usb.config=adb && sys.usb.configfs=1 && sys.usb.ffs.ready=1 (/system/etc/init/hw/init.usb.configfs.rc:22) took 0ms and failed: symlink() failed: File exists
05-21 15:21:04.363 1 1 I init : Command 'write /config/usb_gadget/g1/UDC ${sys.usb.controller}' action=sys.usb.config=adb && sys.usb.configfs=1 && sys.usb.ffs.ready=1 (/system/etc/init/hw/init.usb.configfs.rc:23) took 0ms and failed: Unable to write to file '/config/usb_gadget/g1/UDC': Unable to write file contents: Device or resource busy
05-19 14:59:07.240 3656 3656 I menu_item_selected: [0,总览视图]
05-19 14:59:07.261 627 944 I wm_finish_activity: [0,155474067,161,com.ebensz.enote.notepad/.BrowserActivity,clear-task-stack]
05-19 14:59:07.281 627 944 I wm_pause_activity: [0,155474067,com.ebensz.enote.notepad/.BrowserActivity,userLeaving=false,finish]
05-19 14:59:07.285 627 944 I wm_new_intent: [0,206508048,161,com.ebensz.enote.notepad/.EditActivity,eben.note.intent.action.PAGE_EDITE,application/note,content://com.ebensz.enote.entry.fileprovider/root/storage/emulated/0/mydoc/记事本/会议记录,268435456]
05-19 14:59:07.285 627 944 I wm_task_moved: [161,1,16]
05-19 14:59:07.295 3656 3656 I wm_on_top_resumed_lost_called: [155474067,com.ebensz.enote.notepad.BrowserActivity,topStateChangedWhenResumed]
05-19 14:59:07.298 3656 3656 I wm_on_paused_called: [155474067,com.ebensz.enote.notepad.BrowserActivity,performPause]
05-19 14:59:07.298 627 944 I wm_add_to_stopping: [0,155474067,com.ebensz.enote.notepad/.BrowserActivity,completeFinishing]
05-19 14:59:07.299 627 944 I wm_set_resumed_activity: [0,com.ebensz.enote.notepad/.EditActivity,resumeTopActivity]
05-19 14:59:07.301 627 944 I wm_resume_activity: [0,206508048,161,com.ebensz.enote.notepad/.EditActivity]
05-19 14:59:07.305 627 710 I input_focus: [Focus leaving d29c6da com.ebensz.enote.notepad/com.ebensz.enote.notepad.BrowserActivity (server),reason=NO_WINDOW]
05-19 14:59:07.308 627 647 I sysui_multi_action: [757,803,799,window_time_0,802,11]
05-19 14:59:07.311 7156 7156 I wm_on_restart_called: [27610987,com.ebensz.email.activity.EmailActivity,performRestartActivity]
05-19 14:59:07.311 7156 7156 I wm_on_start_called: [27610987,com.ebensz.email.activity.EmailActivity,handleStartActivity]
05-19 14:59:07.313 3656 3656 I wm_on_restart_called: [206508048,com.ebensz.enote.notepad.EditActivity,performRestartActivity]
05-19 14:59:07.314 3656 3656 I wm_on_start_called: [206508048,com.ebensz.enote.notepad.EditActivity,handleStartActivity]
05-19 14:59:07.644 3656 3656 I wm_on_resume_called: [206508048,com.ebensz.enote.notepad.EditActivity,RESUME_ACTIVITY]
05-19 14:59:07.644 3656 3656 I wm_on_top_resumed_gained_called: [206508048,com.ebensz.enote.notepad.EditActivity,topWhenResuming]
05-19 14:59:07.652 627 648 I input_focus: [Focus request 4a8d0f4 com.ebensz.enote.notepad/com.ebensz.enote.notepad.EditActivity,reason=UpdateInputWindows]
05-19 14:59:07.744 627 710 I input_focus: [Focus entering 4a8d0f4 com.ebensz.enote.notepad/com.ebensz.enote.notepad.EditActivity (server),reason=Window became focusable. Previous reason: NOT_VISIBLE]
05-19 14:59:07.750 627 647 I wm_destroy_activity: [0,155474067,161,com.ebensz.enote.notepad/.BrowserActivity,finish-imm:transit]
05-19 14:59:07.756 3656 3656 I wm_on_stop_called: [155474067,com.ebensz.enote.notepad.BrowserActivity,LIFECYCLER_STOP_ACTIVITY]
05-19 14:59:07.758 3656 3656 I wm_on_destroy_called: [155474067,com.ebensz.enote.notepad.BrowserActivity,performDestroy]
05-21 15:21:05.401 29262 29262 I : read descriptors
05-21 15:21:05.401 29262 29262 I : read strings
05-21 15:21:05.404 1 1 I init : processing action (sys.usb.config=adb && sys.usb.configfs=1 && sys.usb.ffs.ready=1) from (/system/etc/init/hw/init.usb.configfs.rc:20)
05-19 14:59:08.314 627 646 I commit_sys_config_file: [notification-policy,80425295]
05-21 15:21:06.442 29262 29262 I : read descriptors
05-21 15:21:06.442 29262 29262 I : read strings
05-19 14:59:09.631 627 710 I input_interaction: Interaction with: 4a8d0f4 com.ebensz.enote.notepad/com.ebensz.enote.notepad.EditActivity (server), PointerEventDispatcher0 (server),
05-19 14:59:09.717 627 944 I wm_finish_activity: [0,206508048,161,com.ebensz.enote.notepad/.EditActivity,app-request]
05-19 14:59:09.717 627 944 I wm_task_moved: [163,1,16]
05-19 14:59:09.718 627 944 I wm_task_to_front: [0,163]
05-19 14:59:09.724 627 944 I wm_focused_root_task: [0,0,163,161,finish-top adjustFocusToNextFocusableTask]
05-19 14:59:09.746 627 944 I wm_pause_activity: [0,206508048,com.ebensz.enote.notepad/.EditActivity,userLeaving=false,finish]
05-19 14:59:09.750 627 648 I input_focus: [Focus request a9518d0 com.ebensz.email/com.ebensz.email.activity.EmailActivity,reason=UpdateInputWindows]
05-19 14:59:09.751 3656 3656 I wm_on_top_resumed_lost_called: [206508048,com.ebensz.enote.notepad.EditActivity,topStateChangedWhenResumed]
05-19 14:59:09.771 3656 3656 I wm_on_paused_called: [206508048,com.ebensz.enote.notepad.EditActivity,performPause]
05-19 14:59:09.774 627 944 I wm_set_resumed_activity: [0,com.ebensz.email/.activity.EmailActivity,resumeTopActivity]
05-19 14:59:09.776 627 944 I wm_resume_activity: [0,27610987,163,com.ebensz.email/.activity.EmailActivity]
05-19 14:59:09.777 7156 7156 I wm_on_resume_called: [27610987,com.ebensz.email.activity.EmailActivity,RESUME_ACTIVITY]
