05-19 15:12:19.002 1272 1272 W ContextImpl: Calling a method in the system process without a qualified user: android.app.ContextImpl.sendBroadcast:1181 android.content.ContextWrapper.sendBroadcast:479 cn.eben.newweather.DateWeatherService.a:19 cn.eben.newweather.DateWeatherService.a:0 cn.eben.newweather.DateWeatherService$1.handleMessage:7
05-21 15:37:48.617 29262 29262 I : read descriptors
05-21 15:37:48.617 29262 29262 I : read strings
05-21 15:37:48.618 1 1 I init : processing action (sys.usb.config=adb && sys.usb.configfs=1 && sys.usb.ffs.ready=1) from (/system/etc/init/hw/init.usb.configfs.rc:20)
05-19 15:12:20.002 1272 1272 W ContextImpl: Calling a method in the system process without a qualified user: android.app.ContextImpl.sendBroadcast:1181 android.content.ContextWrapper.sendBroadcast:479 cn.eben.newweather.DateWeatherService.a:19 cn.eben.newweather.DateWeatherService.a:0 cn.eben.newweather.DateWeatherService$1.handleMessage:7
05-21 15:37:49.664 29262 29262 I : read descriptors
05-21 15:37:49.664 29262 29262 I : read strings
05-19 15:12:20.139 627 668 V DisplayPowerController[0]: Brightness [0.05] reason changing to: 'manual [ dim ]', previous reason: 'manual'.
05-19 15:12:20.139 627 668 I sysui_multi_action: [757,1696,758,6,759,2]
05-19 15:12:20.478 627 18939 W ContentProviderHelper: Permission Denial: opening provider com.android.providers.contacts.ContactsProvider2 from ProcessRecord{552b742 1631:cn.eben.sync/u0a63} (pid=1631, uid=10063) requires android.permission.READ_CONTACTS or android.permission.WRITE_CONTACTS
05-19 15:12:21.002 1272 1272 W ContextImpl: Calling a method in the system process without a qualified user: android.app.ContextImpl.sendBroadcast:1181 android.content.ContextWrapper.sendBroadcast:479 cn.eben.newweather.DateWeatherService.a:19 cn.eben.newweather.DateWeatherService.a:0 cn.eben.newweather.DateWeatherService$1.handleMessage:7
05-21 15:37:50.724 29262 29262 I : read descriptors
05-21 15:37:50.724 29262 29262 I : read strings
05-21 15:37:50.726 1 1 I init : processing action (sys.usb.config=adb && sys.usb.configfs=1 && sys.usb.ffs.ready=1) from (/system/etc/init/hw/init.usb.configfs.rc:20)
05-21 15:37:50.728 1 1 I init : Command 'symlink /config/usb_gadget/g1/functions/ffs.adb /config/usb_gadget/g1/configs/b.1/f1' action=sys.usb.config=adb && sys.usb.configfs=1 && sys.usb.ffs.ready=1 (/system/etc/init/hw/init.usb.configfs.rc:22) took 0ms and failed: symlink() failed: File exists
05-21 15:37:50.728 1 1 I init : Command 'write /config/usb_gadget/g1/UDC ${sys.usb.controller}' action=sys.usb.config=adb && sys.usb.configfs=1 && sys.usb.ffs.ready=1 (/system/etc/init/hw/init.usb.configfs.rc:23) took 0ms and failed: Unable to write to file '/config/usb_gadget/g1/UDC': Unable to write file contents: Device or resource busy
05-19 15:12:22.001 1272 1272 W ContextImpl: Calling a method in the system process without a qualified user: android.app.ContextImpl.sendBroadcast:1181 android.content.ContextWrapper.sendBroadcast:479 cn.eben.newweather.DateWeatherService.a:19 cn.eben.newweather.DateWeatherService.a:0 cn.eben.newweather.DateWeatherService$1.handleMessage:7
05-21 15:37:51.774 29262 29262 I : read descriptors
05-21 15:37:51.774 29262 29262 I : read strings
05-21 15:37:51.775 1 1 I init : processing action (sys.usb.config=adb && sys.usb.configfs=1 && sys.usb.ffs.ready=1) from (/system/etc/init/hw/init.usb.configfs.rc:20)
05-21 15:37:51.778 1 1 I init : Command 'symlink /config/usb_gadget/g1/functions/ffs.adb /config/usb_gadget/g1/configs/b.1/f1' action=sys.usb.config=adb && sys.usb.configfs=1 && sys.usb.ffs.ready=1 (/system/etc/init/hw/init.usb.configfs.rc:22) took 0ms and failed: symlink() failed: File exists
05-21 15:37:51.779 1 1 I init : Command 'write /config/usb_gadget/g1/UDC ${sys.usb.controller}' action=sys.usb.config=adb && sys.usb.configfs=1 && sys.usb.ffs.ready=1 (/system/etc/init/hw/init.usb.configfs.rc:23) took 0ms and failed: Unable to write to file '/config/usb_gadget/g1/UDC': Unable to write file contents: Device or resource busy
05-19 15:12:23.002 1272 1272 W ContextImpl: Calling a method in the system process without a qualified user: android.app.ContextImpl.sendBroadcast:1181 android.content.ContextWrapper.sendBroadcast:479 cn.eben.newweather.DateWeatherService.a:19 cn.eben.newweather.DateWeatherService.a:0 cn.eben.newweather.DateWeatherService$1.handleMessage:7
05-19 15:12:23.132 627 668 I PowerManagerService: Powering off display group due to timeout (groupId= 0, uid= 1000)...
05-19 15:12:23.132 627 668 I PowerManagerService: Going to sleep due to timeout (uid 1000)...
05-19 15:12:23.134 627 668 I power_sleep_requested: 0
05-19 15:12:23.218 627 668 V DisplayPowerController[0]: Brightness [0.5472441] reason changing to: 'manual', previous reason: 'manual [ dim ]'.
05-19 15:12:23.218 627 668 I sysui_multi_action: [757,1696,758,6,759,0]
05-21 15:37:52.833 29262 29262 I : read descriptors
05-21 15:37:52.833 29262 29262 I : read strings
05-21 15:37:52.835 1 1 I init : processing action (sys.usb.config=adb && sys.usb.configfs=1 && sys.usb.ffs.ready=1) from (/system/etc/init/hw/init.usb.configfs.rc:20)
05-21 15:37:52.841 1 1 I init : Command 'symlink /config/usb_gadget/g1/functions/ffs.adb /config/usb_gadget/g1/configs/b.1/f1' action=sys.usb.config=adb && sys.usb.configfs=1 && sys.usb.ffs.ready=1 (/system/etc/init/hw/init.usb.configfs.rc:22) took 3ms and failed: symlink() failed: File exists
05-21 15:37:52.842 1 1 I init : Command 'write /config/usb_gadget/g1/UDC ${sys.usb.controller}' action=sys.usb.config=adb && sys.usb.configfs=1 && sys.usb.ffs.ready=1 (/system/etc/init/hw/init.usb.configfs.rc:23) took 0ms and failed: Unable to write to file '/config/usb_gadget/g1/UDC': Unable to write file contents: Device or resource busy
05-19 15:12:23.641 627 668 I DisplayPowerController[0]: Blocking screen off
05-19 15:12:23.642 627 668 I DisplayPowerController[0]: Unblocked screen off after 1 ms
05-19 15:12:23.656 627 668 D ActivityTaskManager: Top Process State changed to PROCESS_STATE_TOP_SLEEPING
05-19 15:12:23.658 627 668 I wm_pause_activity: [0,45803994,com.ebensz.filemanager/.activity.HomeActivity,userLeaving=false,sleep]
05-19 15:12:23.659 2197 2197 I wm_on_top_resumed_lost_called: [45803994,com.ebensz.filemanager.activity.HomeActivity,topStateChangedWhenResumed]
05-21 15:37:53.214 468 468 I gsensor_mxc6655 5-0015: set sensor poll time to 200ms
05-19 15:12:23.664 627 647 W ProcessStats: Tracking association SourceState{444a5e8 com.ebensz.filemanager/10040 Top #441556} whose proc state 1 is better than process ProcessState{5378401 cn.eben.sync:remote/10063 pkg=cn.eben.sync} proc state 3 (11 skipped)
05-19 15:12:23.666 2197 2197 I wm_on_paused_called: [45803994,com.ebensz.filemanager.activity.HomeActivity,performPause]
05-19 15:12:23.667 627 18939 I wm_add_to_stopping: [0,45803994,com.ebensz.filemanager/.activity.HomeActivity,completePauseLocked]
05-19 15:12:23.674 627 668 V DisplayPowerController[0]: Brightness [0.003937008] reason changing to: 'screen_off', previous reason: 'manual'.
05-19 15:12:23.678 627 647 I wm_stop_activity: [0,45803994,com.ebensz.filemanager/.activity.HomeActivity]
05-19 15:12:23.679 627 647 I sysui_multi_action: [757,803,799,window_time_0,802,16]
05-19 15:12:23.680 627 647 I DisplayDeviceRepository: Display device changed state: "内置屏幕", OFF
05-19 15:12:23.740 2197 2197 I wm_on_stop_called: [45803994,com.ebensz.filemanager.activity.HomeActivity,STOP_ACTIVITY_ITEM]
05-21 15:37:53.516 352 352 I rockchip-vop2 fdd90000.vop: [drm:vop2_crtc_atomic_disable] Crtc atomic disable vp2
05-19 15:12:23.979 627 668 I PowerManagerService: Sleeping display group (groupId=0, uid=1000)...
05-19 15:12:23.979 627 668 I PowerManagerService: Sleeping (uid 1000)...
05-19 15:12:23.979 627 710 I input_focus: [Focus leaving adc83cf com.ebensz.filemanager/com.ebensz.filemanager.activity.HomeActivity (server),reason=NO_WINDOW]
05-19 15:12:23.984 627 627 I sysui_multi_action: [757,198,758,2,759,3,1359,848,1695,2]
05-19 15:12:23.985 627 627 I power_screen_state: [0,3,0,0,848]
05-19 15:12:23.985 627 627 I screen_toggled: 0
05-19 15:12:23.985 627 627 I sysui_multi_action: [757,804,799,screen_timeout,801,15,802,1]
05-19 15:12:23.986 627 627 I sysui_multi_action: [757,1594,758,4,759,-2147483648,1359,83390]
05-19 15:12:23.987 627 627 I power_screen_broadcast_send: 1
05-19 15:12:24.002 1272 1272 W ContextImpl: Calling a method in the system process without a qualified user: android.app.ContextImpl.sendBroadcast:1181 android.content.ContextWrapper.sendBroadcast:479 cn.eben.newweather.DateWeatherService.a:19 cn.eben.newweather.DateWeatherService.a:0 cn.eben.newweather.DateWeatherService$1.handleMessage:7
05-19 15:12:24.013 627 627 I battery_saving_stats: [0,1,0,83904,0,0,64019200,0,-6]
05-19 15:12:24.043 627 2096 W ActivityManager: Ignoring request to force stop protected package u0
05-19 15:12:24.046 627 627 I power_screen_broadcast_done: [0,59,1]
05-21 15:37:53.803 2551 2551 I PM : suspend entry (deep)
05-21 15:37:53.829 2551 2551 I Filesystems sync: 0.026 seconds
05-21 15:37:53.829 2551 2551 I : Freezing user space processes ... (elapsed 0.008 seconds) done.
05-21 15:37:53.838 2551 2551 I : OOM killer disabled.
05-21 15:37:53.838 2551 2551 I : Freezing remaining freezable tasks ... (elapsed 0.213 seconds) done.
05-21 15:37:54.052 2551 2551 I printk : Suspending console(s) (use no_console_suspend to debug)
05-21 15:37:54.378 2551 2551 I : Disabling non-boot CPUs ...
05-21 15:37:54.379 2551 2551 I psci : CPU1 killed (polled 0 ms)
05-21 15:37:54.381 2551 2551 I psci : CPU2 killed (polled 0 ms)
05-21 15:37:54.383 2551 2551 I psci : CPU3 killed (polled 0 ms)
05-21 15:37:54.386 2551 2551 I psci : CPU4 killed (polled 0 ms)
05-21 15:37:54.389 2551 2551 I psci : CPU5 killed (polled 4 ms)
05-21 15:37:54.393 2551 2551 I psci : CPU6 killed (polled 0 ms)
05-21 15:37:54.396 2551 2551 I psci : CPU7 killed (polled 4 ms)
05-21 15:38:00.937 0 0 W [ C0] PM: pm_system_irq_wakeup: 106 triggered rk806
05-21 15:38:00.937 2551 2551 I : Enabling non-boot CPUs ...
05-21 15:38:00.938 0 0 I : Detected VIPT I-cache on CPU1
05-21 15:38:00.938 0 0 I GICv3 : CPU1: found redistributor 100 region 0:0x00000000fe6a0000
05-21 15:38:00.938 0 0 I CPU1 : Booted secondary processor 0x0000000100 [0x412fd050]
05-21 15:38:00.939 2551 2551 I : CPU1 is up
05-21 15:38:00.940 0 0 I : Detected VIPT I-cache on CPU2
05-21 15:38:00.940 0 0 I GICv3 : CPU2: found redistributor 200 region 0:0x00000000fe6c0000
05-21 15:38:00.940 0 0 I CPU2 : Booted secondary processor 0x0000000200 [0x412fd050]
05-21 15:38:00.941 2551 2551 I : CPU2 is up
05-21 15:38:00.942 0 0 I : Detected VIPT I-cache on CPU3
05-21 15:38:00.942 0 0 I GICv3 : CPU3: found redistributor 300 region 0:0x00000000fe6e0000
05-21 15:38:00.942 0 0 I CPU3 : Booted secondary processor 0x0000000300 [0x412fd050]
05-21 15:38:00.942 2551 2551 I : CPU3 is up
05-21 15:38:00.943 0 0 I : Detected PIPT I-cache on CPU4
05-21 15:38:00.943 0 0 I GICv3 : CPU4: found redistributor 400 region 0:0x00000000fe700000
05-21 15:38:00.943 0 0 I CPU4 : Booted secondary processor 0x0000000400 [0x414fd0b0]
05-21 15:38:00.944 2551 2551 I : CPU4 is up
05-21 15:38:00.945 0 0 I : Detected PIPT I-cache on CPU5
05-21 15:38:00.945 0 0 I GICv3 : CPU5: found redistributor 500 region 0:0x00000000fe720000
05-21 15:38:00.945 0 0 I CPU5 : Booted secondary processor 0x0000000500 [0x414fd0b0]
05-21 15:38:00.946 2551 2551 I : CPU5 is up
05-21 15:38:00.947 0 0 I : Detected PIPT I-cache on CPU6
05-21 15:38:00.947 0 0 I GICv3 : CPU6: found redistributor 600 region 0:0x00000000fe740000
05-21 15:38:00.947 0 0 I CPU6 : Booted secondary processor 0x0000000600 [0x414fd0b0]
05-21 15:38:00.948 2551 2551 I : CPU6 is up
05-21 15:38:00.949 0 0 I : Detected PIPT I-cache on CPU7
05-21 15:38:00.949 0 0 I GICv3 : CPU7: found redistributor 700 region 0:0x00000000fe760000
05-21 15:38:00.949 0 0 I CPU7 : Booted secondary processor 0x0000000700 [0x414fd0b0]
05-21 15:38:00.950 2551 2551 I : CPU7 is up
05-21 15:38:00.957 2551 2551 I rk_gmac-dwmac fe1c0000.ethernet: init for RGMII
05-21 15:38:00.957 5304 5304 I usb1 : root hub lost power or was reset
05-21 15:38:00.965 4563 4563 I usb3 : root hub lost power or was reset
05-21 15:38:00.965 4563 4563 I usb4 : root hub lost power or was reset
05-21 15:38:00.966 2551 2551 E PM : dpm_run_callback(): wacom_i2c_resume+0x0/0xdc returns -6
05-21 15:38:00.966 2551 2551 E PM : Device 4-0009 failed to resume: error -6
05-21 15:38:01.030 2551 2551 I usb2 : root hub lost power or was reset
05-21 15:38:01.213 29367 29367 I usb 4-1 : reset SuperSpeed Gen 1 USB device number 2 using xhci-hcd
05-21 15:38:01.353 5269 5269 I usb 3-1 : reset high-speed USB device number 2 using xhci-hcd
05-21 15:38:01.863 29371 29371 I usb 4-1.3: reset SuperSpeed Gen 1 USB device number 3 using xhci-hcd
05-21 15:38:01.960 6001 6001 I usb 4-1.1: reset SuperSpeed Gen 1 USB device number 5 using xhci-hcd
05-21 15:38:02.053 5274 5274 I usb 4-1.4: reset SuperSpeed Gen 1 USB device number 4 using xhci-hcd
05-21 15:38:02.079 7004 7004 I r8152 4-1.4: 1.0: skip request firmware
05-21 15:38:02.226 5305 5305 I usb 3-1.5: reset high-speed USB device number 27 using xhci-hcd
05-21 15:38:02.368 5305 5305 E PM : dpm_run_callback(): usb_dev_resume+0x0/0x28 returns -5
05-21 15:38:02.368 5305 5305 E PM : Device 3-1.5 failed to resume async: error -5
05-21 15:38:02.439 5294 5294 I usb 3-1.3: reset high-speed USB device number 3 using xhci-hcd
05-21 15:38:02.742 2551 2551 I : OOM killer enabled.
05-21 15:38:02.742 2551 2551 I : Restarting tasks ...
05-21 15:38:02.745 6418 6418 I usb 3-1.5: USB disconnect, device number 27
05-21 15:38:02.761 2551 2551 W : done.
05-21 15:38:02.762 2551 2551 I : Resume caused by IRQ 106, rk806
05-21 15:38:02.762 2551 2551 I PM : suspend exit
05-19 15:12:33.197 627 627 W Looper : Slow delivery took 1452ms main h=android.os.Handler c=com.android.internal.os.BinderCallsStats$1@f021a7b m=0
05-19 15:12:33.203 1272 1272 W ContextImpl: Calling a method in the system process without a qualified user: android.app.ContextImpl.sendBroadcast:1181 android.content.ContextWrapper.sendBroadcast:479 cn.eben.newweather.DateWeatherService.a:19 cn.eben.newweather.DateWeatherService.a:0 cn.eben.newweather.DateWeatherService$1.handleMessage:7
05-19 15:12:33.206 627 685 W ContentProviderHelper: Permission Denial: opening provider com.android.providers.contacts.ContactsProvider2 from ProcessRecord{552b742 1631:cn.eben.sync/u0a63} (pid=1631, uid=10063) requires android.permission.READ_CONTACTS or android.permission.WRITE_CONTACTS
05-19 15:12:33.207 627 711 I sysui_multi_action: [757,804,799,power_consecutive_short_tap_count,801,1,802,1]
05-19 15:12:33.207 627 711 I sysui_multi_action: [757,804,799,power_double_tap_interval,801,86586,802,1]
05-19 15:12:33.207 627 711 I intercept_power: [ACTION_DOWN,0,0]
05-19 15:12:33.209 627 711 I PowerManagerService: Powering on display group fromAsleep (groupId=0, uid=1000, reason=WAKE_REASON_POWER_BUTTON, details=android.policy:POWER)...
05-19 15:12:33.209 627 711 I PowerManagerService: Waking up from Asleep (uid=1000, reason=WAKE_REASON_POWER_BUTTON, details=android.policy:POWER)...
05-19 15:12:33.214 627 668 I DisplayPowerController[0]: Blocking screen on until initial contents have been drawn.
05-19 15:12:33.214 627 668 D ActivityTaskManager: Top Process State changed to PROCESS_STATE_TOP
05-19 15:12:33.214 627 627 W Looper : Drained
05-19 15:12:33.218 627 668 I wm_set_resumed_activity: [0,com.ebensz.filemanager/.activity.HomeActivity,resumeTopActivity]
05-19 15:12:33.221 627 668 I wm_resume_activity: [0,45803994,126,com.ebensz.filemanager/.activity.HomeActivity]
05-21 15:38:02.776 7004 7004 I : mmc_host mmc0: Bus speed (slot 0) = 400000Hz (slot req 400000Hz, actual 400000HZ div = 0)
05-19 15:12:33.223 627 668 V DisplayPowerController[0]: Brightness [0.5472441] reason changing to: 'manual', previous reason: 'screen_off'.
05-19 15:12:33.223 627 668 I sysui_multi_action: [757,1696,758,6,759,3]
05-19 15:12:33.224 627 711 I intercept_power: [ACTION_UP,0,0]
05-19 15:12:33.227 627 627 I screen_toggled: 1
05-19 15:12:33.233 627 647 I DisplayDeviceRepository: Display device changed state: "内置屏幕", ON
05-19 15:12:33.236 627 668 I DisplayPowerController[0]: Unblocked screen on after 22 ms
05-21 15:38:02.790 468 468 I gsensor_mxc6655 5-0015: set sensor poll time to 66ms
05-21 15:38:02.791 468 468 I gsensor_mxc6655 5-0015: sensor on: starting poll sensor data 62ms
05-19 15:12:33.237 627 627 I power_screen_broadcast_send: 1
05-19 15:12:33.244 627 653 W BroadcastQueue: Background execution not allowed: receiving Intent { act=android.intent.action.USER_PRESENT flg=0x24200010 } to com.zhangyue.read.iReader/com.taobao.accs.EventReceiver
05-19 15:12:33.244 627 627 D WindowManager: powerPress: eventTime=81021634 interactive=true count=0 beganFromNonInteractive=true mShortPressOnPowerBehavior=1
05-21 15:38:02.812 29262 29262 I : read descriptors
05-21 15:38:02.813 29262 29262 I : read strings
05-21 15:38:02.813 352 352 W : <<-GTP-ERROR->> I2C Read: 0x8047, 1 bytes failed, errcode: -6! Process reset.
05-21 15:38:02.813 1 1 I init : processing action (sys.usb.config=adb && sys.usb.configfs=1 && sys.usb.ffs.ready=1) from (/system/etc/init/hw/init.usb.configfs.rc:20)
05-21 15:38:02.814 1 1 I init : Command 'symlink /config/usb_gadget/g1/functions/ffs.adb /config/usb_gadget/g1/configs/b.1/f1' action=sys.usb.config=adb && sys.usb.configfs=1 && sys.usb.ffs.ready=1 (/system/etc/init/hw/init.usb.configfs.rc:22) took 0ms and failed: symlink() failed: File exists
05-21 15:38:02.815 1 1 I init : Command 'write /config/usb_gadget/g1/UDC ${sys.usb.controller}' action=sys.usb.config=adb && sys.usb.configfs=1 && sys.usb.ffs.ready=1 (/system/etc/init/hw/init.usb.configfs.rc:23) took 0ms and failed: Unable to write to file '/config/usb_gadget/g1/UDC': Unable to write file contents: Device or resource busy
05-19 15:12:33.250 2197 2197 I wm_on_restart_called: [45803994,com.ebensz.filemanager.activity.HomeActivity,performRestartActivity]
05-21 15:38:02.816 7004 7004 I : mmc_host mmc0: Bus speed (slot 0) = 300000Hz (slot req 300000Hz, actual 300000HZ div = 0)
05-21 15:38:02.819 6418 6418 I usb 3-1.5: new high-speed USB device number 28 using xhci-hcd
05-19 15:12:33.272 627 780 D UsbHostManager: Removed device at /dev/bus/usb/003/027: USB Billboard Device
05-19 15:12:33.272 627 780 I UsbAlsaManager: USB Audio Device Removed: null
05-19 15:12:33.297 2197 2197 I wm_on_start_called: [45803994,com.ebensz.filemanager.activity.HomeActivity,handleStartActivity]
05-21 15:38:02.852 7004 7004 I : mmc_host mmc0: Bus speed (slot 0) = 200000Hz (slot req 200000Hz, actual 200000HZ div = 0)
05-19 15:12:33.301 627 627 I notification_enqueue: [10098,25952,com.baidu.appsearch,2131755453,NULL,0,Notification(channel=手机管理、安全检测相关通知 shortcut=null contentView=null vibrate=null sound=null defaults=0x0 flags=0x62 color=0x00000000 vis=PRIVATE),1]
05-19 15:12:33.307 2197 2197 I wm_on_resume_called: [45803994,com.ebensz.filemanager.activity.HomeActivity,RESUME_ACTIVITY]
05-19 15:12:33.307 2197 2197 I wm_on_top_resumed_gained_called: [45803994,com.ebensz.filemanager.activity.HomeActivity,topWhenResuming]
05-19 15:12:33.313 627 648 I input_focus: [Focus request adc83cf com.ebensz.filemanager/com.ebensz.filemanager.activity.HomeActivity,reason=UpdateInputWindows]
05-21 15:38:02.899 7004 7004 W dwmmc_rockchip fe2c0000.mmc: failed to set rate 100000Hz
05-21 15:38:02.899 7004 7004 I : mmc_host mmc0: Bus speed (slot 0) = 200000Hz (slot req 100000Hz, actual 100000HZ div = 1)
05-21 15:38:02.910 7004 7004 W dwmmc_rockchip fe2c0000.mmc: failed to set rate 100000Hz
05-21 15:38:02.912 6418 6418 I usb 3-1.5: New USB device found, idVendor=2109, idProduct=8817, bcdDevice= 0.01
05-21 15:38:02.912 6418 6418 I usb 3-1.5: New USB device strings: Mfr=1, Product=2, SerialNumber=3
05-21 15:38:02.912 6418 6418 I usb 3-1.5: Product: USB Billboard Device
05-21 15:38:02.912 6418 6418 I usb 3-1.5: Manufacturer: VIA Labs, Inc.
05-21 15:38:02.912 6418 6418 I usb 3-1.5: SerialNumber: 0000000000000001
05-21 15:38:02.914 7004 7004 W dwmmc_rockchip fe2c0000.mmc: failed to set rate 100000Hz
05-21 15:38:02.916 352 352 W : <<-GTP-ERROR->> GTP i2c test failed time 1.
05-19 15:12:33.359 627 730 I netstats_mobile_sample: [0,0,0,0,0,0,0,0,0,0,0,0,1747638753360]
05-19 15:12:33.359 627 730 I netstats_wifi_sample: [0,0,0,0,0,0,0,0,0,0,0,0,1747638753360]
05-19 15:12:33.362 627 780 D UsbHostManager: USB device attached: vidpid 2109:8817 mfg/product/ver/serial VIA Labs, Inc. /USB Billboard Device /0.01/0000000000000001 hasAudio/HID/Storage: false/false/false
05-19 15:12:33.364 627 780 D UsbHostManager: Added device UsbDevice[mName=/dev/bus/usb/003/028,mVendorId=8457,mProductId=34839,mClass=17,mSubclass=0,mProtocol=0,mManufacturerName=VIA Labs, Inc. ,mProductName=USB Billboard Device ,mVersion=0.01,mSerialNumberReader=com.android.server.usb.UsbSerialReader@1e045b5, mHasAudioPlayback=false, mHasAudioCapture=false, mHasMidi=false, mHasVideoCapture=false, mHasVideoPlayback=false, mConfigurations=[
05-19 15:12:33.364 627 780 D UsbHostManager: UsbConfiguration[mId=1,mName=0000000000000001,mAttributes=160,mMaxPower=50,mInterfaces=[
05-19 15:12:33.364 627 780 D UsbHostManager: UsbInterface[mId=0,mAlternateSetting=0,mName=0000000000000001,mClass=17,mSubclass=0,mProtocol=0,mEndpoints=[]]]
05-19 15:12:33.364 627 730 W ContextImpl: Calling a method in the system process without a qualified user: android.app.ContextImpl.sendStickyBroadcast:1567 com.android.server.ConnectivityService.sendStickyBroadcast:2811 com.android.server.ConnectivityService.sendLegacyNetworkBroadcast:8732 com.android.server.ConnectivityService$LegacyTypeTracker.remove:1007 com.android.server.ConnectivityService$LegacyTypeTracker.remove:1024
05-19 15:12:33.367 627 653 W BroadcastQueue: Target SDK mismatch: receiver ActivityInfo{9518fbb com.xiaomi.push.service.receivers.NetworkStatusReceiver} targets 26 but delivery restricted to [0, 23] broadcasting Intent { act=android.net.conn.CONNECTIVITY_CHANGE flg=0x4200010 (has extras) } from android (pid=627, uid=1000) to com.zhangyue.read.iReader/com.xiaomi.push.service.receivers.NetworkStatusReceiver
05-19 15:12:33.367 627 653 W BroadcastQueue: Target SDK mismatch: receiver ActivityInfo{7275cd8 cn.eben.help.LoadAllReceiver} targets 28 but delivery restricted to [0, 23] broadcasting Intent { act=android.net.conn.CONNECTIVITY_CHANGE flg=0x4200010 (has extras) } from android (pid=627, uid=1000) to cn.eben.help/.LoadAllReceiver
05-19 15:12:33.367 627 653 W BroadcastQueue: Target SDK mismatch: receiver ActivityInfo{11c8831 cn.eben.android.receiver.AppSyncReceiver} targets 27 but delivery restricted to [0, 23] broadcasting Intent { act=android.net.conn.CONNECTIVITY_CHANGE flg=0x4200010 (has extras) } from android (pid=627, uid=1000) to cn.eben.sync/cn.eben.android.receiver.AppSyncReceiver
05-19 15:12:33.370 19442 19442 W ContextImpl: Calling a method in the system process without a qualified user: android.app.ContextImpl.startService:1824 android.content.ContextWrapper.startService:774 android.content.ContextWrapper.startService:774 com.ebensz.appmanager.service.UploadMyAppsInfoService.startUploadMyAppsInfoService:78 com.ebensz.appmanager.receiver.UploadMyAppsInfoReceiver.onReceive:33
05-19 15:12:33.379 627 18939 W BroadcastQueue: Target SDK mismatch: receiver ActivityInfo{6443b33 com.ebensz.ota.ActionReceiver} targets 29 but delivery restricted to [0, 23] broadcasting Intent { act=android.net.conn.CONNECTIVITY_CHANGE flg=0x4200010 (has extras) } from android (pid=627, uid=1000) to com.ebensz.ota/.ActionReceiver
05-19 15:12:33.379 627 653 W BroadcastQueue: Target SDK mismatch: receiver ActivityInfo{188eef0 com.taobao.accs.EventReceiver} targets 26 but delivery restricted to [0, 23] broadcasting Intent { act=android.net.conn.CONNECTIVITY_CHANGE flg=0x4200010 (has extras) } from android (pid=627, uid=1000) to com.zhangyue.read.iReader/com.taobao.accs.EventReceiver
05-21 15:38:03.409 352 352 I rockchip-vop2 fdd90000.vop: [drm:vop2_crtc_atomic_enable] Update mode to 1536x2048p55, type: 16(if:60) for vp2 dclk: 192000000
05-21 15:38:03.410 352 352 I rockchip-vop2 fdd90000.vop: [drm:vop2_crtc_atomic_enable] dclk_out2 div: 2 dclk_core2 div: 1
05-21 15:38:03.410 352 352 I rockchip-vop2 fdd90000.vop: [drm:vop2_crtc_atomic_enable] set dclk_vop2 to 96000000, get 96000000
05-19 15:12:33.858 627 627 W Looper : Slow dispatch took 553ms main h=android.app.ActivityThread$H c=android.app.LoadedApk$ReceiverDispatcher$Args$$ExternalSyntheticLambda0@dbb0c69 m=0
05-19 15:12:33.858 627 627 W Looper : Slow delivery took 529ms main h=com.android.server.power.Notifier$NotifierHandler c=null m=7
05-19 15:12:33.860 627 627 W Looper : Drained
05-19 15:12:33.861 627 627 I battery_saving_stats: [0,0,0,9848,0,0,174093575,0,-18]
05-19 15:12:33.885 627 627 I power_screen_broadcast_done: [1,649,1]
05-19 15:12:34.002 1272 1272 W ContextImpl: Calling a method in the system process without a qualified user: android.app.ContextImpl.sendBroadcast:1181 android.content.ContextWrapper.sendBroadcast:479 cn.eben.newweather.DateWeatherService.a:19 cn.eben.newweather.DateWeatherService.a:0 cn.eben.newweather.DateWeatherService$1.handleMessage:7
05-21 15:38:03.850 29262 29262 I : read descriptors
05-21 15:38:03.850 29262 29262 I : read strings
05-21 15:38:03.852 1 1 I init : processing action (sys.usb.config=adb && sys.usb.configfs=1 && sys.usb.ffs.ready=1) from (/system/etc/init/hw/init.usb.configfs.rc:20)
05-21 15:38:03.855 1 1 I init : Command 'symlink /config/usb_gadget/g1/functions/ffs.adb /config/usb_gadget/g1/configs/b.1/f1' action=sys.usb.config=adb && sys.usb.configfs=1 && sys.usb.ffs.ready=1 (/system/etc/init/hw/init.usb.configfs.rc:22) took 0ms and failed: symlink() failed: File exists
05-21 15:38:03.858 1 1 I init : Command 'write /config/usb_gadget/g1/UDC ${sys.usb.controller}' action=sys.usb.config=adb && sys.usb.configfs=1 && sys.usb.ffs.ready=1 (/system/etc/init/hw/init.usb.configfs.rc:23) took 2ms and failed: Unable to write to file '/config/usb_gadget/g1/UDC': Unable to write file contents: Device or resource busy
05-21 15:38:03.916 352 352 I dw-mipi-dsi2 fde20000.dsi: [drm:dw_mipi_dsi2_encoder_enable] final DSI-Link bandwidth: 639999 x 8 Kbps
05-19 15:12:34.370 627 710 I input_focus: [Focus entering adc83cf com.ebensz.filemanager/com.ebensz.filemanager.activity.HomeActivity (server),reason=Window became focusable. Previous reason: NO_WINDOW]
05-19 15:12:34.376 627 668 I sysui_latency: [5,1167]
05-19 15:12:34.376 627 668 W PowerManagerService: Screen on took 2977 ms
05-19 15:12:34.377 627 627 I sysui_multi_action: [757,198,758,1,759,1,1359,2977,1694,1]
05-19 15:12:34.377 627 627 I power_screen_state: [1,0,0,0,2977]
05-19 15:12:34.411 19442 19442 W ContextImpl: Calling a method in the system process without a qualified user: android.app.ContextImpl.startService:1824 android.content.ContextWrapper.startService:774 com.ebensz.appmanager.service.UploadMyAppsInfoService$1.handleMessage:63 android.os.Handler.dispatchMessage:106 android.os.Looper.loopOnce:201
05-19 15:12:35.001 1272 1272 W ContextImpl: Calling a method in the system process without a qualified user: android.app.ContextImpl.sendBroadcast:1181 android.content.ContextWrapper.sendBroadcast:479 cn.eben.newweather.DateWeatherService.a:19 cn.eben.newweather.DateWeatherService.a:0 cn.eben.newweather.DateWeatherService$1.handleMessage:7
05-21 15:38:04.920 29262 29262 I : read descriptors
05-21 15:38:04.920 29262 29262 I : read strings
05-21 15:38:04.922 1 1 I init : processing action (sys.usb.config=adb && sys.usb.configfs=1 && sys.usb.ffs.ready=1) from (/system/etc/init/hw/init.usb.configfs.rc:20)
05-21 15:38:04.928 1 1 I init : Command 'symlink /config/usb_gadget/g1/functions/ffs.adb /config/usb_gadget/g1/configs/b.1/f1' action=sys.usb.config=adb && sys.usb.configfs=1 && sys.usb.ffs.ready=1 (/system/etc/init/hw/init.usb.configfs.rc:22) took 0ms and failed: symlink() failed: File exists
05-21 15:38:04.928 1 1 I init : Command 'write /config/usb_gadget/g1/UDC ${sys.usb.controller}' action=sys.usb.config=adb && sys.usb.configfs=1 && sys.usb.ffs.ready=1 (/system/etc/init/hw/init.usb.configfs.rc:23) took 0ms and failed: Unable to write to file '/config/usb_gadget/g1/UDC': Unable to write file contents: Device or resource busy
05-19 15:12:35.736 627 710 I input_interaction: Interaction with: adc83cf com.ebensz.filemanager/com.ebensz.filemanager.activity.HomeActivity (server), PointerEventDispatcher0 (server),
05-19 15:12:36.001 1272 1272 W ContextImpl: Calling a method in the system process without a qualified user: android.app.ContextImpl.sendBroadcast:1181 android.content.ContextWrapper.sendBroadcast:479 cn.eben.newweather.DateWeatherService.a:19 cn.eben.newweather.DateWeatherService.a:0 cn.eben.newweather.DateWeatherService$1.handleMessage:7
05-19 15:12:36.191 627 710 I input_interaction: Interaction with: d7a6ca1 NavigationBar0 (server), PointerEventDispatcher0 (server),
05-19 15:12:36.194 781 781 I sysui_multi_action: [757,931,758,4,759,4,932,0,933,0]
05-19 15:12:36.200 627 710 I input_interaction: Interaction with: adc83cf com.ebensz.filemanager/com.ebensz.filemanager.activity.HomeActivity (server), PointerEventDispatcher0 (server),
05-19 15:12:36.206 627 710 I input_interaction: Interaction with: d7a6ca1 NavigationBar0 (server), PointerEventDispatcher0 (server),
05-19 15:12:36.331 781 781 I sysui_multi_action: [757,931,758,4,759,4,932,0,933,1]
05-19 15:12:36.332 627 9760 I sysui_multi_action: [757,803,799,key_back_press,802,1]
05-19 15:12:36.332 627 645 D AutofillManagerService: onBackKeyPressed()
05-21 15:38:05.930 4712 4712 I r8152 4-1.4: 1.0 eth1: carrier on
05-21 15:38:05.966 29262 29262 I : read descriptors
05-21 15:38:05.966 29262 29262 I : read strings
05-21 15:38:05.967 1 1 I init : processing action (sys.usb.config=adb && sys.usb.configfs=1 && sys.usb.ffs.ready=1) from (/system/etc/init/hw/init.usb.configfs.rc:20)
05-19 15:12:37.002 1272 1272 W ContextImpl: Calling a method in the system process without a qualified user: android.app.ContextImpl.sendBroadcast:1181 android.content.ContextWrapper.sendBroadcast:479 cn.eben.newweather.DateWeatherService.a:19 cn.eben.newweather.DateWeatherService.a:0 cn.eben.newweather.DateWeatherService$1.handleMessage:7
05-19 15:12:37.064 781 781 I sysui_multi_action: [757,931,758,4,759,4,932,0,933,0]
05-19 15:12:37.069 627 710 I input_interaction: Interaction with: adc83cf com.ebensz.filemanager/com.ebensz.filemanager.activity.HomeActivity (server), PointerEventDispatcher0 (server),
05-19 15:12:37.076 627 710 I input_interaction: Interaction with: d7a6ca1 NavigationBar0 (server), PointerEventDispatcher0 (server),
05-19 15:12:37.220 781 781 I sysui_multi_action: [757,931,758,4,759,4,932,0,933,1]
05-19 15:12:37.221 627 16029 I sysui_multi_action: [757,803,799,key_back_press,802,1]
05-19 15:12:37.221 627 645 D AutofillManagerService: onBackKeyPressed()
05-19 15:12:37.225 627 16029 I ActivityTaskManager: moveTaskToBack: Task{b705383 #126 type=standard A=10040:com.ebensz.FMC U=0 visible=true visibleRequested=true mode=fullscreen translucent=false sz=1}
05-19 15:12:37.225 627 16029 I wm_task_moved: [126,0,0]
05-19 15:12:37.227 627 16029 I wm_focused_root_task: [0,0,167,126,moveTaskToBackLocked]
05-19 15:12:37.228 2197 2197 I wm_on_top_resumed_lost_called: [45803994,com.ebensz.filemanager.activity.HomeActivity,topStateChangedWhenResumed]
05-19 15:12:37.228 627 16029 I wm_add_to_stopping: [0,45803994,com.ebensz.filemanager/.activity.HomeActivity,makeInvisible]
05-19 15:12:37.230 627 16029 I wm_pause_activity: [0,45803994,com.ebensz.filemanager/.activity.HomeActivity,userLeaving=false,pauseBackTasks]
05-19 15:12:37.233 2197 2197 I wm_on_paused_called: [45803994,com.ebensz.filemanager.activity.HomeActivity,performPause]
05-19 15:12:37.237 627 16029 I wm_set_resumed_activity: [0,com.ebensz.enote.notepad/.BrowserActivity,resumeTopActivity]
05-19 15:12:37.239 627 16029 I wm_resume_activity: [0,96125390,167,com.ebensz.enote.notepad/.BrowserActivity]
05-19 15:12:37.247 627 710 I input_focus: [Focus leaving adc83cf com.ebensz.filemanager/com.ebensz.filemanager.activity.HomeActivity (server),reason=NO_WINDOW]
05-19 15:12:37.252 627 647 I sysui_multi_action: [757,803,799,window_time_0,802,13]
05-19 15:12:37.257 3656 3656 I wm_on_restart_called: [96125390,com.ebensz.enote.notepad.BrowserActivity,performRestartActivity]
05-19 15:12:37.263 3656 3656 I wm_on_start_called: [96125390,com.ebensz.enote.notepad.BrowserActivity,handleStartActivity]
05-19 15:12:37.265 3656 3656 I wm_on_resume_called: [96125390,com.ebensz.enote.notepad.BrowserActivity,RESUME_ACTIVITY]
05-19 15:12:37.265 3656 3656 I wm_on_top_resumed_gained_called: [96125390,com.ebensz.enote.notepad.BrowserActivity,topWhenResuming]
05-19 15:12:37.298 627 648 I input_focus: [Focus request 3aa9fe8 com.ebensz.enote.notepad/com.ebensz.enote.notepad.BrowserActivity,reason=UpdateInputWindows]
05-19 15:12:37.399 627 710 I input_focus: [Focus entering 3aa9fe8 com.ebensz.enote.notepad/com.ebensz.enote.notepad.BrowserActivity (server),reason=Window became focusable. Previous reason: NOT_VISIBLE]
05-21 15:38:07.019 29262 29262 I : read descriptors
05-21 15:38:07.019 29262 29262 I : read strings
05-19 15:12:37.623 627 647 I wm_stop_activity: [0,45803994,com.ebensz.filemanager/.activity.HomeActivity]
05-19 15:12:37.644 2197 2197 I wm_on_stop_called: [45803994,com.ebensz.filemanager.activity.HomeActivity,STOP_ACTIVITY_ITEM]
05-19 15:12:38.002 1272 1272 W ContextImpl: Calling a method in the system process without a qualified user: android.app.ContextImpl.sendBroadcast:1181 android.content.ContextWrapper.sendBroadcast:479 cn.eben.newweather.DateWeatherService.a:19 cn.eben.newweather.DateWeatherService.a:0 cn.eben.newweather.DateWeatherService$1.handleMessage:7
05-19 15:12:38.214 627 16029 W ContentProviderHelper: Permission Denial: opening provider com.android.providers.contacts.ContactsProvider2 from ProcessRecord{552b742 1631:cn.eben.sync/u0a63} (pid=1631, uid=10063) requires android.permission.READ_CONTACTS or android.permission.WRITE_CONTACTS
05-19 15:12:38.309 627 627 I notification_enqueue: [10098,25952,com.baidu.appsearch,2131755453,NULL,0,Notification(channel=手机管理、安全检测相关通知 shortcut=null contentView=null vibrate=null sound=null defaults=0x0 flags=0x62 color=0x00000000 vis=PRIVATE),1]
05-19 15:12:38.318 627 627 I notification_enqueue: [10098,25952,com.baidu.appsearch,2131755453,NULL,0,Notification(channel=手机管理、安全检测相关通知 shortcut=null contentView=null vibrate=null sound=null defaults=0x0 flags=0x62 color=0x00000000 vis=PRIVATE),1]
05-21 15:38:08.105 653 653 W binder_transaction: 2 callbacks suppressed
05-21 15:38:08.105 653 653 I binder : 627:653 transaction failed 29201/-28, size 80-0 line 2921
05-21 15:38:08.106 29262 29262 I : read descriptors
05-21 15:38:08.106 29262 29262 I : read strings
05-21 15:38:08.107 1 1 I init : processing action (sys.usb.config=adb && sys.usb.configfs=1 && sys.usb.ffs.ready=1) from (/system/etc/init/hw/init.usb.configfs.rc:20)
05-21 15:38:08.108 1 1 I init : Command 'symlink /config/usb_gadget/g1/functions/ffs.adb /config/usb_gadget/g1/configs/b.1/f1' action=sys.usb.config=adb && sys.usb.configfs=1 && sys.usb.ffs.ready=1 (/system/etc/init/hw/init.usb.configfs.rc:22) took 0ms and failed: symlink() failed: File exists
05-21 15:38:08.109 1 1 I init : Command 'write /config/usb_gadget/g1/UDC ${sys.usb.controller}' action=sys.usb.config=adb && sys.usb.configfs=1 && sys.usb.ffs.ready=1 (/system/etc/init/hw/init.usb.configfs.rc:23) took 0ms and failed: Unable to write to file '/config/usb_gadget/g1/UDC': Unable to write file contents: Device or resource busy
05-19 15:12:38.550 627 653 W ActivityManager: Failed to clear dns cache for: com.ebensz.office.entry
05-19 15:12:38.565 627 653 W ActivityManager: Failed to clear dns cache for: com.ebensz.office.entry
05-21 15:38:08.120 653 653 I binder : 627:653 transaction failed 29201/-28, size 80-0 line 2921
05-19 15:12:38.599 627 730 I netstats_mobile_sample: [0,0,0,0,0,0,0,0,0,0,0,0,1747638758600]
05-19 15:12:38.599 627 730 I netstats_wifi_sample: [0,0,0,0,0,0,0,0,0,0,0,0,1747638758600]
05-19 15:12:38.638 627 730 I netstats_mobile_sample: [0,0,0,0,0,0,0,0,0,0,0,0,1747638758639]
05-19 15:12:38.638 627 730 I netstats_wifi_sample: [0,0,0,0,0,0,0,0,0,0,0,0,1747638758639]
05-19 15:12:38.643 627 730 W ContextImpl: Calling a method in the system process without a qualified user: android.app.ContextImpl.sendStickyBroadcast:1567 com.android.server.ConnectivityService.sendStickyBroadcast:2811 com.android.server.ConnectivityService.sendGeneralBroadcast:2786 com.android.server.ConnectivityService.sendConnectedBroadcast:2759 com.android.server.ConnectivityService.sendLegacyNetworkBroadcast:8704
05-19 15:12:38.649 627 653 W BroadcastQueue: Target SDK mismatch: receiver ActivityInfo{2cbc8c2 com.xiaomi.push.service.receivers.NetworkStatusReceiver} targets 26 but delivery restricted to [0, 23] broadcasting Intent { act=android.net.conn.CONNECTIVITY_CHANGE flg=0x4200010 (has extras) } from android (pid=627, uid=1000) to com.zhangyue.read.iReader/com.xiaomi.push.service.receivers.NetworkStatusReceiver
05-19 15:12:38.649 627 653 W BroadcastQueue: Target SDK mismatch: receiver ActivityInfo{ffbc6d3 cn.eben.help.LoadAllReceiver} targets 28 but delivery restricted to [0, 23] broadcasting Intent { act=android.net.conn.CONNECTIVITY_CHANGE flg=0x4200010 (has extras) } from android (pid=627, uid=1000) to cn.eben.help/.LoadAllReceiver
05-19 15:12:38.649 627 653 W BroadcastQueue: Target SDK mismatch: receiver ActivityInfo{efa2210 cn.eben.android.receiver.AppSyncReceiver} targets 27 but delivery restricted to [0, 23] broadcasting Intent { act=android.net.conn.CONNECTIVITY_CHANGE flg=0x4200010 (has extras) } from android (pid=627, uid=1000) to cn.eben.sync/cn.eben.android.receiver.AppSyncReceiver
05-19 15:12:38.650 19442 19442 W ContextImpl: Calling a method in the system process without a qualified user: android.app.ContextImpl.startService:1824 android.content.ContextWrapper.startService:774 android.content.ContextWrapper.startService:774 com.ebensz.appmanager.service.UploadMyAppsInfoService.startUploadMyAppsInfoService:78 com.ebensz.appmanager.receiver.UploadMyAppsInfoReceiver.onReceive:33
05-19 15:12:38.659 19470 19470 W ContextImpl: Calling a method in the system process without a qualified user: android.app.ContextImpl.startService:1824 android.content.ContextWrapper.startService:774 android.content.ContextWrapper.startService:774 com.ebensz.appmanager.mydownloadmanager.DownloadReceiver.startService:245 com.ebensz.appmanager.mydownloadmanager.DownloadReceiver.onReceive:74
05-19 15:12:38.661 627 627 I notification_cancel_all: [1000,19470,com.ebensz.appmanager,0,0,64,9,NULL]
05-19 15:12:38.662 627 684 W BroadcastQueue: Target SDK mismatch: receiver ActivityInfo{72049d4 com.ebensz.ota.ActionReceiver} targets 29 but delivery restricted to [0, 23] broadcasting Intent { act=android.net.conn.CONNECTIVITY_CHANGE flg=0x4200010 (has extras) } from android (pid=627, uid=1000) to com.ebensz.ota/.ActionReceiver
05-19 15:12:38.662 627 653 W BroadcastQueue: Target SDK mismatch: receiver ActivityInfo{3940ac3 com.taobao.accs.EventReceiver} targets 26 but delivery restricted to [0, 23] broadcasting Intent { act=android.net.conn.CONNECTIVITY_CHANGE flg=0x4200010 (has extras) } from android (pid=627, uid=1000) to com.zhangyue.read.iReader/com.taobao.accs.EventReceiver
05-19 15:12:38.797 627 710 I input_interaction: Interaction with: 3aa9fe8 com.ebensz.enote.notepad/com.ebensz.enote.notepad.BrowserActivity (server), PointerEventDispatcher0 (server),
05-19 15:12:38.863 627 653 W ActivityManager: Failed to clear dns cache for: com.ebensz.office.entry
05-21 15:38:08.418 653 653 I binder : 627:653 transaction failed 29201/-28, size 80-0 line 2921
05-19 15:12:38.864 627 730 W ContextImpl: Calling a method in the system process without a qualified user: android.app.ContextImpl.sendStickyBroadcast:1567 com.android.server.ConnectivityService.sendStickyBroadcast:2811 com.android.server.ConnectivityService.sendGeneralBroadcast:2786 com.android.server.ConnectivityService.sendInetConditionBroadcast:2763 com.android.server.ConnectivityService.updateInetCondition:8451
05-19 15:12:39.003 1272 1272 W ContextImpl: Calling a method in the system process without a qualified user: android.app.ContextImpl.sendBroadcast:1181 android.content.ContextWrapper.sendBroadcast:479 cn.eben.newweather.DateWeatherService.a:19 cn.eben.newweather.DateWeatherService.a:0 cn.eben.newweather.DateWeatherService$1.handleMessage:7
05-21 15:38:09.153 29262 29262 I : read descriptors
05-21 15:38:09.153 29262 29262 I : read strings
05-21 15:38:09.155 1 1 I init : processing action (sys.usb.config=adb && sys.usb.configfs=1 && sys.usb.ffs.ready=1) from (/system/etc/init/hw/init.usb.configfs.rc:20)
05-21 15:38:09.158 1 1 I init : Command 'symlink /config/usb_gadget/g1/functions/ffs.adb /config/usb_gadget/g1/configs/b.1/f1' action=sys.usb.config=adb && sys.usb.configfs=1 && sys.usb.ffs.ready=1 (/system/etc/init/hw/init.usb.configfs.rc:22) took 0ms and failed: symlink() failed: File exists
05-21 15:38:09.160 1 1 I init : Command 'write /config/usb_gadget/g1/UDC ${sys.usb.controller}' action=sys.usb.config=adb && sys.usb.configfs=1 && sys.usb.ffs.ready=1 (/system/etc/init/hw/init.usb.configfs.rc:23) took 1ms and failed: Unable to write to file '/config/usb_gadget/g1/UDC': Unable to write file contents: Device or resource busy
05-19 15:12:39.694 19442 19442 W ContextImpl: Calling a method in the system process without a qualified user: android.app.ContextImpl.startService:1824 android.content.ContextWrapper.startService:774 com.ebensz.appmanager.service.UploadMyAppsInfoService$1.handleMessage:63 android.os.Handler.dispatchMessage:106 android.os.Looper.loopOnce:201
05-19 15:12:40.001 1272 1272 W ContextImpl: Calling a method in the system process without a qualified user: android.app.ContextImpl.sendBroadcast:1181 android.content.ContextWrapper.sendBroadcast:479 cn.eben.newweather.DateWeatherService.a:19 cn.eben.newweather.DateWeatherService.a:0 cn.eben.newweather.DateWeatherService$1.handleMessage:7
05-19 15:12:40.247 627 1248 E TaskPersister: File error accessing recents directory (directory doesn't exist?).
05-21 15:38:10.213 29262 29262 I : read descriptors
05-21 15:38:10.213 29262 29262 I : read strings
05-21 15:38:10.215 1 1 I init : processing action (sys.usb.config=adb && sys.usb.configfs=1 && sys.usb.ffs.ready=1) from (/system/etc/init/hw/init.usb.configfs.rc:20)
05-21 15:38:10.218 1 1 I init : Command 'symlink /config/usb_gadget/g1/functions/ffs.adb /config/usb_gadget/g1/configs/b.1/f1' action=sys.usb.config=adb && sys.usb.configfs=1 && sys.usb.ffs.ready=1 (/system/etc/init/hw/init.usb.configfs.rc:22) took 0ms and failed: symlink() failed: File exists
05-21 15:38:10.220 1 1 I init : Command 'write /config/usb_gadget/g1/UDC ${sys.usb.controller}' action=sys.usb.config=adb && sys.usb.configfs=1 && sys.usb.ffs.ready=1 (/system/etc/init/hw/init.usb.configfs.rc:23) took 2ms and failed: Unable to write to file '/config/usb_gadget/g1/UDC': Unable to write file contents: Device or resource busy
05-19 15:12:41.001 1272 1272 W ContextImpl: Calling a method in the system process without a qualified user: android.app.ContextImpl.sendBroadcast:1181 android.content.ContextWrapper.sendBroadcast:479 cn.eben.newweather.DateWeatherService.a:19 cn.eben.newweather.DateWeatherService.a:0 cn.eben.newweather.DateWeatherService$1.handleMessage:7
05-19 15:12:41.017 627 652 I commit_sys_config_file: [procstats,13]
05-21 15:38:11.300 29262 29262 I : read descriptors
05-21 15:38:11.300 29262 29262 I : read strings
05-21 15:38:11.302 1 1 I init : processing action (sys.usb.config=adb && sys.usb.configfs=1 && sys.usb.ffs.ready=1) from (/system/etc/init/hw/init.usb.configfs.rc:20)
05-19 15:12:42.003 1272 1272 W ContextImpl: Calling a method in the system process without a qualified user: android.app.ContextImpl.sendBroadcast:1181 android.content.ContextWrapper.sendBroadcast:479 cn.eben.newweather.DateWeatherService.a:19 cn.eben.newweather.DateWeatherService.a:0 cn.eben.newweather.DateWeatherService$1.handleMessage:7
05-21 15:38:12.359 29262 29262 I : read descriptors
05-21 15:38:12.360 29262 29262 I : read strings
05-19 15:12:43.001 1272 1272 W ContextImpl: Calling a method in the system process without a qualified user: android.app.ContextImpl.sendBroadcast:1181 android.content.ContextWrapper.sendBroadcast:479 cn.eben.newweather.DateWeatherService.a:19 cn.eben.newweather.DateWeatherService.a:0 cn.eben.newweather.DateWeatherService$1.handleMessage:7
05-19 15:12:43.218 627 10431 W ContentProviderHelper: Permission Denial: opening provider com.android.providers.contacts.ContactsProvider2 from ProcessRecord{552b742 1631:cn.eben.sync/u0a63} (pid=1631, uid=10063) requires android.permission.READ_CONTACTS or android.permission.WRITE_CONTACTS
05-19 15:12:43.327 627 627 I notification_enqueue: [10098,25952,com.baidu.appsearch,2131755453,NULL,0,Notification(channel=手机管理、安全检测相关通知 shortcut=null contentView=null vibrate=null sound=null defaults=0x0 flags=0x62 color=0x00000000 vis=PRIVATE),1]
05-21 15:38:13.423 29262 29262 I : read descriptors
05-21 15:38:13.423 29262 29262 I : read strings
05-21 15:38:13.425 1 1 I init : processing action (sys.usb.config=adb && sys.usb.configfs=1 && sys.usb.ffs.ready=1) from (/system/etc/init/hw/init.usb.configfs.rc:20)
05-21 15:38:13.428 1 1 I init : Command 'symlink /config/usb_gadget/g1/functions/ffs.adb /config/usb_gadget/g1/configs/b.1/f1' action=sys.usb.config=adb && sys.usb.configfs=1 && sys.usb.ffs.ready=1 (/system/etc/init/hw/init.usb.configfs.rc:22) took 0ms and failed: symlink() failed: File exists
05-21 15:38:13.431 1 1 I init : Command 'write /config/usb_gadget/g1/UDC ${sys.usb.controller}' action=sys.usb.config=adb && sys.usb.configfs=1 && sys.usb.ffs.ready=1 (/system/etc/init/hw/init.usb.configfs.rc:23) took 2ms and failed: Unable to write to file '/config/usb_gadget/g1/UDC': Unable to write file contents: Device or resource busy
05-19 15:12:44.001 1272 1272 W ContextImpl: Calling a method in the system process without a qualified user: android.app.ContextImpl.sendBroadcast:1181 android.content.ContextWrapper.sendBroadcast:479 cn.eben.newweather.DateWeatherService.a:19 cn.eben.newweather.DateWeatherService.a:0 cn.eben.newweather.DateWeatherService$1.handleMessage:7
05-21 15:38:20.196 440 440 W healthd : battery l=100 v=8698 t=27.5 h=1 st=3 c=0 fc=9700000 cc=0 chg=u
05-21 15:38:21.032 29262 29262 I : read descriptors
05-21 15:38:21.032 29262 29262 I : read strings
05-21 15:38:21.034 1 1 I init : processing action (sys.usb.config=adb && sys.usb.configfs=1 && sys.usb.ffs.ready=1) from (/system/etc/init/hw/init.usb.configfs.rc:20)
05-21 15:38:21.036 1 1 I init : Command 'symlink /config/usb_gadget/g1/functions/ffs.adb /config/usb_gadget/g1/configs/b.1/f1' action=sys.usb.config=adb && sys.usb.configfs=1 && sys.usb.ffs.ready=1 (/system/etc/init/hw/init.usb.configfs.rc:22) took 0ms and failed: symlink() failed: File exists
05-21 15:38:21.037 1 1 I init : Command 'write /config/usb_gadget/g1/UDC ${sys.usb.controller}' action=sys.usb.config=adb && sys.usb.configfs=1 && sys.usb.ffs.ready=1 (/system/etc/init/hw/init.usb.configfs.rc:23) took 0ms and failed: Unable to write to file '/config/usb_gadget/g1/UDC': Unable to write file contents: Device or resource busy
05-19 15:12:45.002 1272 1272 W ContextImpl: Calling a method in the system process without a qualified user: android.app.ContextImpl.sendBroadcast:1181 android.content.ContextWrapper.sendBroadcast:479 cn.eben.newweather.DateWeatherService.a:19 cn.eben.newweather.DateWeatherService.a:0 cn.eben.newweather.DateWeatherService$1.handleMessage:7
05-21 15:38:22.085 29262 29262 I : read descriptors
05-21 15:38:22.085 29262 29262 I : read strings
05-21 15:38:22.086 1 1 I init : processing action (sys.usb.config=adb && sys.usb.configfs=1 && sys.usb.ffs.ready=1) from (/system/etc/init/hw/init.usb.configfs.rc:20)
05-21 15:38:22.087 1 1 I init : Command 'symlink /config/usb_gadget/g1/functions/ffs.adb /config/usb_gadget/g1/configs/b.1/f1' action=sys.usb.config=adb && sys.usb.configfs=1 && sys.usb.ffs.ready=1 (/system/etc/init/hw/init.usb.configfs.rc:22) took 0ms and failed: symlink() failed: File exists
05-21 15:38:22.088 1 1 I init : Command 'write /config/usb_gadget/g1/UDC ${sys.usb.controller}' action=sys.usb.config=adb && sys.usb.configfs=1 && sys.usb.ffs.ready=1 (/system/etc/init/hw/init.usb.configfs.rc:23) took 0ms and failed: Unable to write to file '/config/usb_gadget/g1/UDC': Unable to write file contents: Device or resource busy
05-19 15:12:46.001 1272 1272 W ContextImpl: Calling a method in the system process without a qualified user: android.app.ContextImpl.sendBroadcast:1181 android.content.ContextWrapper.sendBroadcast:479 cn.eben.newweather.DateWeatherService.a:19 cn.eben.newweather.DateWeatherService.a:0 cn.eben.newweather.DateWeatherService$1.handleMessage:7
05-19 15:12:47.002 1272 1272 W ContextImpl: Calling a method in the system process without a qualified user: android.app.ContextImpl.sendBroadcast:1181 android.content.ContextWrapper.sendBroadcast:479 cn.eben.newweather.DateWeatherService.a:19 cn.eben.newweather.DateWeatherService.a:0 cn.eben.newweather.DateWeatherService$1.handleMessage:7
05-21 15:38:23.125 29262 29262 I : read descriptors
05-21 15:38:23.125 29262 29262 I : read strings
05-21 15:38:23.126 1 1 I init : processing action (sys.usb.config=adb && sys.usb.configfs=1 && sys.usb.ffs.ready=1) from (/system/etc/init/hw/init.usb.configfs.rc:20)
