05-19 15:20:08.326 463 491 D RIL-DEV : [05-19_15:20:08:327] idVendor = 0bda
05-19 15:20:08.326 463 491 D RIL-DEV :
05-19 15:20:08.326 463 491 D RIL-DEV : [05-19_15:20:08:327] idVendor = 1d6b
05-19 15:20:08.326 463 491 D RIL-DEV :
05-19 15:20:08.326 463 491 D RIL-DEV : [05-19_15:20:08:327] idVendor = 2109
05-19 15:20:08.326 463 491 D RIL-DEV :
05-19 15:20:08.327 463 491 D RIL-DEV : [05-19_15:20:08:327] idVendor = 2109
05-19 15:20:08.327 463 491 D RIL-DEV :
05-19 15:20:08.327 463 491 D RIL-DEV : [05-19_15:20:08:327] idVendor = 1d6b
05-19 15:20:08.327 463 491 D RIL-DEV :
05-19 15:20:08.327 463 491 D RIL-DEV : [05-19_15:20:08:327] idVendor = 0bda
05-19 15:20:08.327 463 491 D RIL-DEV :
05-19 15:20:08.327 463 491 D RIL-DEV : [05-19_15:20:08:327] idVendor = 2109
05-19 15:20:08.327 463 491 D RIL-DEV :
05-19 15:20:08.327 463 491 E RIL-DEV : Cannot find Meig devices
05-19 15:20:08.327 463 491 I RIL : ---> can't find meig usb devices
05-21 15:49:47.635 29262 29262 I : read descriptors
05-21 15:49:47.635 29262 29262 I : read strings
05-21 15:49:47.638 1 1 I init : processing action (sys.usb.config=adb && sys.usb.configfs=1 && sys.usb.ffs.ready=1) from (/system/etc/init/hw/init.usb.configfs.rc:20)
05-21 15:49:47.641 1 1 I init : Command 'symlink /config/usb_gadget/g1/functions/ffs.adb /config/usb_gadget/g1/configs/b.1/f1' action=sys.usb.config=adb && sys.usb.configfs=1 && sys.usb.ffs.ready=1 (/system/etc/init/hw/init.usb.configfs.rc:22) took 0ms and failed: symlink() failed: File exists
05-21 15:49:47.641 1 1 I init : Command 'write /config/usb_gadget/g1/UDC ${sys.usb.controller}' action=sys.usb.config=adb && sys.usb.configfs=1 && sys.usb.ffs.ready=1 (/system/etc/init/hw/init.usb.configfs.rc:23) took 0ms and failed: Unable to write to file '/config/usb_gadget/g1/UDC': Unable to write file contents: Device or resource busy
05-19 15:20:08.776 19442 19442 W ContextImpl: Calling a method in the system process without a qualified user: android.app.ContextImpl.startService:1824 android.content.ContextWrapper.startService:774 com.ebensz.appmanager.service.UploadMyAppsInfoService$1.handleMessage:63 android.os.Handler.dispatchMessage:106 android.os.Looper.loopOnce:201
05-19 15:20:09.001 1272 1272 W ContextImpl: Calling a method in the system process without a qualified user: android.app.ContextImpl.sendBroadcast:1181 android.content.ContextWrapper.sendBroadcast:479 cn.eben.newweather.DateWeatherService.a:19 cn.eben.newweather.DateWeatherService.a:0 cn.eben.newweather.DateWeatherService$1.handleMessage:7
05-21 15:49:48.682 29262 29262 I : read descriptors
05-21 15:49:48.682 29262 29262 I : read strings
05-21 15:49:48.684 1 1 I init : processing action (sys.usb.config=adb && sys.usb.configfs=1 && sys.usb.ffs.ready=1) from (/system/etc/init/hw/init.usb.configfs.rc:20)
05-21 15:49:48.686 1 1 I init : Command 'symlink /config/usb_gadget/g1/functions/ffs.adb /config/usb_gadget/g1/configs/b.1/f1' action=sys.usb.config=adb && sys.usb.configfs=1 && sys.usb.ffs.ready=1 (/system/etc/init/hw/init.usb.configfs.rc:22) took 0ms and failed: symlink() failed: File exists
05-21 15:49:48.689 1 1 I init : Command 'write /config/usb_gadget/g1/UDC ${sys.usb.controller}' action=sys.usb.config=adb && sys.usb.configfs=1 && sys.usb.ffs.ready=1 (/system/etc/init/hw/init.usb.configfs.rc:23) took 2ms and failed: Unable to write to file '/config/usb_gadget/g1/UDC': Unable to write file contents: Device or resource busy
05-19 15:20:10.001 1272 1272 W ContextImpl: Calling a method in the system process without a qualified user: android.app.ContextImpl.sendBroadcast:1181 android.content.ContextWrapper.sendBroadcast:479 cn.eben.newweather.DateWeatherService.a:19 cn.eben.newweather.DateWeatherService.a:0 cn.eben.newweather.DateWeatherService$1.handleMessage:7
05-19 15:20:10.327 463 491 I RIL : ---> enter mainloop wait at port
05-19 15:20:10.327 463 491 D RIL-DEV : Get modem info
05-19 15:20:10.328 463 491 D RIL-DEV : [05-19_15:20:10:328] idVendor = 0bda
05-19 15:20:10.328 463 491 D RIL-DEV :
05-19 15:20:10.328 463 491 D RIL-DEV : [05-19_15:20:10:329] idVendor = 05e3
05-19 15:20:10.328 463 491 D RIL-DEV :
05-19 15:20:10.329 463 491 D RIL-DEV : [05-19_15:20:10:329] idVendor = 1d6b
05-19 15:20:10.329 463 491 D RIL-DEV :
05-19 15:20:10.329 463 491 D RIL-DEV : [05-19_15:20:10:329] idVendor = 1d6b
05-19 15:20:10.329 463 491 D RIL-DEV :
05-19 15:20:10.329 463 491 D RIL-DEV : [05-19_15:20:10:330] idVendor = 0bda
05-19 15:20:10.329 463 491 D RIL-DEV :
05-19 15:20:10.330 463 491 D RIL-DEV : [05-19_15:20:10:330] idVendor = 1d6b
05-19 15:20:10.330 463 491 D RIL-DEV :
05-19 15:20:10.330 463 491 D RIL-DEV : [05-19_15:20:10:330] idVendor = 2109
05-19 15:20:10.330 463 491 D RIL-DEV :
05-19 15:20:10.330 463 491 D RIL-DEV : [05-19_15:20:10:331] idVendor = 2109
05-19 15:20:10.330 463 491 D RIL-DEV :
05-19 15:20:10.331 463 491 D RIL-DEV : [05-19_15:20:10:331] idVendor = 1d6b
05-19 15:20:10.331 463 491 D RIL-DEV :
05-19 15:20:10.332 463 491 D RIL-DEV : [05-19_15:20:10:332] idVendor = 0bda
05-19 15:20:10.332 463 491 D RIL-DEV :
05-19 15:20:10.333 463 491 D RIL-DEV : [05-19_15:20:10:333] idVendor = 2109
05-19 15:20:10.333 463 491 D RIL-DEV :
05-19 15:20:10.333 463 491 E RIL-DEV : Cannot find Meig devices
05-19 15:20:10.333 463 491 I RIL : ---> can't find meig usb devices
05-21 15:49:49.728 29262 29262 I : read descriptors
05-21 15:49:49.728 29262 29262 I : read strings
05-21 15:49:49.730 1 1 I init : processing action (sys.usb.config=adb && sys.usb.configfs=1 && sys.usb.ffs.ready=1) from (/system/etc/init/hw/init.usb.configfs.rc:20)
05-21 15:49:49.733 1 1 I init : Command 'symlink /config/usb_gadget/g1/functions/ffs.adb /config/usb_gadget/g1/configs/b.1/f1' action=sys.usb.config=adb && sys.usb.configfs=1 && sys.usb.ffs.ready=1 (/system/etc/init/hw/init.usb.configfs.rc:22) took 0ms and failed: symlink() failed: File exists
05-21 15:49:49.734 1 1 I init : Command 'write /config/usb_gadget/g1/UDC ${sys.usb.controller}' action=sys.usb.config=adb && sys.usb.configfs=1 && sys.usb.ffs.ready=1 (/system/etc/init/hw/init.usb.configfs.rc:23) took 0ms and failed: Unable to write to file '/config/usb_gadget/g1/UDC': Unable to write file contents: Device or resource busy
05-19 15:20:11.002 1272 1272 W ContextImpl: Calling a method in the system process without a qualified user: android.app.ContextImpl.sendBroadcast:1181 android.content.ContextWrapper.sendBroadcast:479 cn.eben.newweather.DateWeatherService.a:19 cn.eben.newweather.DateWeatherService.a:0 cn.eben.newweather.DateWeatherService$1.handleMessage:7
05-21 15:49:50.792 29262 29262 I : read descriptors
05-21 15:49:50.792 29262 29262 I : read strings
05-21 15:49:50.795 1 1 I init : processing action (sys.usb.config=adb && sys.usb.configfs=1 && sys.usb.ffs.ready=1) from (/system/etc/init/hw/init.usb.configfs.rc:20)
05-19 15:20:12.001 1272 1272 W ContextImpl: Calling a method in the system process without a qualified user: android.app.ContextImpl.sendBroadcast:1181 android.content.ContextWrapper.sendBroadcast:479 cn.eben.newweather.DateWeatherService.a:19 cn.eben.newweather.DateWeatherService.a:0 cn.eben.newweather.DateWeatherService$1.handleMessage:7
05-19 15:20:12.326 627 642 W ContentProviderHelper: Permission Denial: opening provider com.android.providers.contacts.ContactsProvider2 from ProcessRecord{552b742 1631:cn.eben.sync/u0a63} (pid=1631, uid=10063) requires android.permission.READ_CONTACTS or android.permission.WRITE_CONTACTS
05-19 15:20:12.333 463 491 I RIL : ---> enter mainloop wait at port
05-19 15:20:12.333 463 491 D RIL-DEV : Get modem info
05-19 15:20:12.334 463 491 D RIL-DEV : [05-19_15:20:12:334] idVendor = 0bda
05-19 15:20:12.334 463 491 D RIL-DEV :
05-19 15:20:12.334 463 491 D RIL-DEV : [05-19_15:20:12:335] idVendor = 05e3
05-19 15:20:12.334 463 491 D RIL-DEV :
05-19 15:20:12.335 463 491 D RIL-DEV : [05-19_15:20:12:335] idVendor = 1d6b
05-19 15:20:12.335 463 491 D RIL-DEV :
05-19 15:20:12.335 463 491 D RIL-DEV : [05-19_15:20:12:335] idVendor = 1d6b
05-19 15:20:12.335 463 491 D RIL-DEV :
05-19 15:20:12.335 463 491 D RIL-DEV : [05-19_15:20:12:336] idVendor = 0bda
05-19 15:20:12.335 463 491 D RIL-DEV :
05-19 15:20:12.336 463 491 D RIL-DEV : [05-19_15:20:12:336] idVendor = 1d6b
05-19 15:20:12.336 463 491 D RIL-DEV :
05-19 15:20:12.336 463 491 D RIL-DEV : [05-19_15:20:12:337] idVendor = 2109
05-19 15:20:12.336 463 491 D RIL-DEV :
05-19 15:20:12.337 463 491 D RIL-DEV : [05-19_15:20:12:337] idVendor = 2109
05-19 15:20:12.337 463 491 D RIL-DEV :
05-19 15:20:12.337 463 491 D RIL-DEV : [05-19_15:20:12:338] idVendor = 1d6b
05-19 15:20:12.337 463 491 D RIL-DEV :
05-19 15:20:12.337 463 491 D RIL-DEV : [05-19_15:20:12:338] idVendor = 0bda
05-19 15:20:12.337 463 491 D RIL-DEV :
05-19 15:20:12.338 463 491 D RIL-DEV : [05-19_15:20:12:338] idVendor = 2109
05-19 15:20:12.338 463 491 D RIL-DEV :
05-19 15:20:12.338 463 491 E RIL-DEV : Cannot find Meig devices
05-19 15:20:12.338 463 491 I RIL : ---> can't find meig usb devices
05-19 15:20:12.487 627 627 I notification_enqueue: [10098,25952,com.baidu.appsearch,2131755453,NULL,0,Notification(channel=手机管理、安全检测相关通知 shortcut=null contentView=null vibrate=null sound=null defaults=0x0 flags=0x62 color=0x00000000 vis=PRIVATE),1]
05-21 15:49:51.848 29262 29262 I : read descriptors
05-21 15:49:51.849 29262 29262 I : read strings
05-19 15:20:13.002 1272 1272 W ContextImpl: Calling a method in the system process without a qualified user: android.app.ContextImpl.sendBroadcast:1181 android.content.ContextWrapper.sendBroadcast:479 cn.eben.newweather.DateWeatherService.a:19 cn.eben.newweather.DateWeatherService.a:0 cn.eben.newweather.DateWeatherService$1.handleMessage:7
05-21 15:49:52.902 29262 29262 I : read descriptors
05-21 15:49:52.902 29262 29262 I : read strings
05-21 15:49:52.904 1 1 I init : processing action (sys.usb.config=adb && sys.usb.configfs=1 && sys.usb.ffs.ready=1) from (/system/etc/init/hw/init.usb.configfs.rc:20)
05-21 15:49:52.906 1 1 I init : Command 'symlink /config/usb_gadget/g1/functions/ffs.adb /config/usb_gadget/g1/configs/b.1/f1' action=sys.usb.config=adb && sys.usb.configfs=1 && sys.usb.ffs.ready=1 (/system/etc/init/hw/init.usb.configfs.rc:22) took 0ms and failed: symlink() failed: File exists
05-21 15:49:52.907 1 1 I init : Command 'write /config/usb_gadget/g1/UDC ${sys.usb.controller}' action=sys.usb.config=adb && sys.usb.configfs=1 && sys.usb.ffs.ready=1 (/system/etc/init/hw/init.usb.configfs.rc:23) took 0ms and failed: Unable to write to file '/config/usb_gadget/g1/UDC': Unable to write file contents: Device or resource busy
05-19 15:20:14.002 1272 1272 W ContextImpl: Calling a method in the system process without a qualified user: android.app.ContextImpl.sendBroadcast:1181 android.content.ContextWrapper.sendBroadcast:479 cn.eben.newweather.DateWeatherService.a:19 cn.eben.newweather.DateWeatherService.a:0 cn.eben.newweather.DateWeatherService$1.handleMessage:7
05-19 15:20:14.338 463 491 I RIL : ---> enter mainloop wait at port
05-19 15:20:14.339 463 491 D RIL-DEV : Get modem info
05-19 15:20:14.340 463 491 D RIL-DEV : [05-19_15:20:14:340] idVendor = 0bda
05-19 15:20:14.340 463 491 D RIL-DEV :
05-19 15:20:14.340 463 491 D RIL-DEV : [05-19_15:20:14:341] idVendor = 05e3
05-19 15:20:14.340 463 491 D RIL-DEV :
05-19 15:20:14.340 463 491 D RIL-DEV : [05-19_15:20:14:341] idVendor = 1d6b
05-19 15:20:14.340 463 491 D RIL-DEV :
05-19 15:20:14.341 463 491 D RIL-DEV : [05-19_15:20:14:341] idVendor = 1d6b
05-19 15:20:14.341 463 491 D RIL-DEV :
05-19 15:20:14.341 463 491 D RIL-DEV : [05-19_15:20:14:341] idVendor = 0bda
05-19 15:20:14.341 463 491 D RIL-DEV :
05-19 15:20:14.341 463 491 D RIL-DEV : [05-19_15:20:14:342] idVendor = 1d6b
05-19 15:20:14.341 463 491 D RIL-DEV :
05-19 15:20:14.342 463 491 D RIL-DEV : [05-19_15:20:14:342] idVendor = 2109
05-19 15:20:14.342 463 491 D RIL-DEV :
05-19 15:20:14.342 463 491 D RIL-DEV : [05-19_15:20:14:343] idVendor = 2109
05-19 15:20:14.342 463 491 D RIL-DEV :
05-19 15:20:14.342 463 491 D RIL-DEV : [05-19_15:20:14:343] idVendor = 1d6b
05-19 15:20:14.342 463 491 D RIL-DEV :
05-19 15:20:14.343 463 491 D RIL-DEV : [05-19_15:20:14:343] idVendor = 0bda
05-19 15:20:14.343 463 491 D RIL-DEV :
05-19 15:20:14.343 463 491 D RIL-DEV : [05-19_15:20:14:344] idVendor = 2109
05-19 15:20:14.343 463 491 D RIL-DEV :
05-19 15:20:14.343 463 491 E RIL-DEV : Cannot find Meig devices
05-19 15:20:14.343 463 491 I RIL : ---> can't find meig usb devices
05-19 15:20:14.391 627 668 V DisplayPowerController[0]: Brightness [0.05] reason changing to: 'manual [ dim ]', previous reason: 'manual'.
05-19 15:20:14.391 627 668 I sysui_multi_action: [757,1696,758,6,759,2]
05-21 15:49:53.975 29262 29262 I : read descriptors
05-21 15:49:53.975 29262 29262 I : read strings
05-21 15:49:53.977 1 1 I init : processing action (sys.usb.config=adb && sys.usb.configfs=1 && sys.usb.ffs.ready=1) from (/system/etc/init/hw/init.usb.configfs.rc:20)
05-21 15:49:53.980 1 1 I init : Command 'symlink /config/usb_gadget/g1/functions/ffs.adb /config/usb_gadget/g1/configs/b.1/f1' action=sys.usb.config=adb && sys.usb.configfs=1 && sys.usb.ffs.ready=1 (/system/etc/init/hw/init.usb.configfs.rc:22) took 0ms and failed: symlink() failed: File exists
05-21 15:49:53.980 1 1 I init : Command 'write /config/usb_gadget/g1/UDC ${sys.usb.controller}' action=sys.usb.config=adb && sys.usb.configfs=1 && sys.usb.ffs.ready=1 (/system/etc/init/hw/init.usb.configfs.rc:23) took 0ms and failed: Unable to write to file '/config/usb_gadget/g1/UDC': Unable to write file contents: Device or resource busy
05-19 15:20:15.003 1272 1272 W ContextImpl: Calling a method in the system process without a qualified user: android.app.ContextImpl.sendBroadcast:1181 android.content.ContextWrapper.sendBroadcast:479 cn.eben.newweather.DateWeatherService.a:19 cn.eben.newweather.DateWeatherService.a:0 cn.eben.newweather.DateWeatherService$1.handleMessage:7
05-21 15:49:55.046 29262 29262 I : read descriptors
05-21 15:49:55.046 29262 29262 I : read strings
05-21 15:49:55.047 1 1 I init : processing action (sys.usb.config=adb && sys.usb.configfs=1 && sys.usb.ffs.ready=1) from (/system/etc/init/hw/init.usb.configfs.rc:20)
05-21 15:49:55.050 1 1 I init : Command 'symlink /config/usb_gadget/g1/functions/ffs.adb /config/usb_gadget/g1/configs/b.1/f1' action=sys.usb.config=adb && sys.usb.configfs=1 && sys.usb.ffs.ready=1 (/system/etc/init/hw/init.usb.configfs.rc:22) took 0ms and failed: symlink() failed: File exists
05-21 15:49:55.050 1 1 I init : Command 'write /config/usb_gadget/g1/UDC ${sys.usb.controller}' action=sys.usb.config=adb && sys.usb.configfs=1 && sys.usb.ffs.ready=1 (/system/etc/init/hw/init.usb.configfs.rc:23) took 0ms and failed: Unable to write to file '/config/usb_gadget/g1/UDC': Unable to write file contents: Device or resource busy
05-19 15:20:16.000 1272 1272 W ContextImpl: Calling a method in the system process without a qualified user: android.app.ContextImpl.sendBroadcast:1181 android.content.ContextWrapper.sendBroadcast:479 cn.eben.newweather.DateWeatherService.a:19 cn.eben.newweather.DateWeatherService.a:0 cn.eben.newweather.DateWeatherService$1.handleMessage:7
05-19 15:20:16.344 463 491 I RIL : ---> enter mainloop wait at port
05-19 15:20:16.344 463 491 D RIL-DEV : Get modem info
05-19 15:20:16.345 463 491 D RIL-DEV : [05-19_15:20:16:345] idVendor = 0bda
05-19 15:20:16.345 463 491 D RIL-DEV :
05-19 15:20:16.345 463 491 D RIL-DEV : [05-19_15:20:16:345] idVendor = 05e3
05-19 15:20:16.345 463 491 D RIL-DEV :
05-19 15:20:16.345 463 491 D RIL-DEV : [05-19_15:20:16:346] idVendor = 1d6b
05-19 15:20:16.345 463 491 D RIL-DEV :
05-19 15:20:16.346 463 491 D RIL-DEV : [05-19_15:20:16:346] idVendor = 1d6b
05-19 15:20:16.346 463 491 D RIL-DEV :
05-19 15:20:16.346 463 491 D RIL-DEV : [05-19_15:20:16:347] idVendor = 0bda
05-19 15:20:16.346 463 491 D RIL-DEV :
05-19 15:20:16.347 463 491 D RIL-DEV : [05-19_15:20:16:347] idVendor = 1d6b
05-19 15:20:16.347 463 491 D RIL-DEV :
05-19 15:20:16.347 463 491 D RIL-DEV : [05-19_15:20:16:347] idVendor = 2109
05-19 15:20:16.347 463 491 D RIL-DEV :
05-19 15:20:16.348 463 491 D RIL-DEV : [05-19_15:20:16:348] idVendor = 2109
05-19 15:20:16.348 463 491 D RIL-DEV :
05-19 15:20:16.348 463 491 D RIL-DEV : [05-19_15:20:16:348] idVendor = 1d6b
05-19 15:20:16.348 463 491 D RIL-DEV :
05-19 15:20:16.348 463 491 D RIL-DEV : [05-19_15:20:16:349] idVendor = 0bda
05-19 15:20:16.348 463 491 D RIL-DEV :
05-19 15:20:16.349 463 491 D RIL-DEV : [05-19_15:20:16:349] idVendor = 2109
05-19 15:20:16.349 463 491 D RIL-DEV :
05-19 15:20:16.349 463 491 E RIL-DEV : Cannot find Meig devices
05-19 15:20:16.349 463 491 I RIL : ---> can't find meig usb devices
05-21 15:49:56.115 29262 29262 I : read descriptors
05-21 15:49:56.115 29262 29262 I : read strings
05-21 15:49:56.117 1 1 I init : processing action (sys.usb.config=adb && sys.usb.configfs=1 && sys.usb.ffs.ready=1) from (/system/etc/init/hw/init.usb.configfs.rc:20)
05-19 15:20:17.002 1272 1272 W ContextImpl: Calling a method in the system process without a qualified user: android.app.ContextImpl.sendBroadcast:1181 android.content.ContextWrapper.sendBroadcast:479 cn.eben.newweather.DateWeatherService.a:19 cn.eben.newweather.DateWeatherService.a:0 cn.eben.newweather.DateWeatherService$1.handleMessage:7
05-19 15:20:17.331 627 642 W ContentProviderHelper: Permission Denial: opening provider com.android.providers.contacts.ContactsProvider2 from ProcessRecord{552b742 1631:cn.eben.sync/u0a63} (pid=1631, uid=10063) requires android.permission.READ_CONTACTS or android.permission.WRITE_CONTACTS
05-19 15:20:17.383 627 668 I PowerManagerService: Powering off display group due to timeout (groupId= 0, uid= 1000)...
05-19 15:20:17.384 627 668 I PowerManagerService: Going to sleep due to timeout (uid 1000)...
05-19 15:20:17.385 627 668 I power_sleep_requested: 0
05-19 15:20:17.442 627 668 V DisplayPowerController[0]: Brightness [0.5472441] reason changing to: 'manual', previous reason: 'manual [ dim ]'.
05-19 15:20:17.443 627 668 I sysui_multi_action: [757,1696,758,6,759,0]
05-19 15:20:17.868 627 668 I DisplayPowerController[0]: Blocking screen off
05-19 15:20:17.868 627 668 I DisplayPowerController[0]: Unblocked screen off after 0 ms
05-19 15:20:17.896 627 668 D ActivityTaskManager: Top Process State changed to PROCESS_STATE_TOP_SLEEPING
05-19 15:20:17.897 627 668 I wm_pause_activity: [0,156521685,com.ebensz.enote.notepad/.EditActivity,userLeaving=false,sleep]
05-19 15:20:17.897 3656 3656 I wm_on_top_resumed_lost_called: [156521685,com.ebensz.enote.notepad.EditActivity,topStateChangedWhenResumed]
05-19 15:20:17.900 627 668 I wm_add_to_stopping: [0,214771548,com.android.launcher3/.uioverrides.QuickstepLauncher,makeInvisible]
05-21 15:49:57.150 445 445 I gsensor_mxc6655 5-0015: set sensor poll time to 200ms
05-19 15:20:17.911 627 647 I wm_add_to_stopping: [0,156521685,com.ebensz.enote.notepad/.EditActivity,makeInvisible]
05-19 15:20:17.912 627 668 V DisplayPowerController[0]: Brightness [0.003937008] reason changing to: 'screen_off', previous reason: 'manual'.
05-19 15:20:17.912 627 647 I wm_stop_activity: [0,214771548,com.android.launcher3/.uioverrides.QuickstepLauncher]
05-19 15:20:17.928 627 647 I DisplayDeviceRepository: Display device changed state: "内置屏幕", OFF
05-21 15:49:57.182 29262 29262 I : read descriptors
05-21 15:49:57.182 29262 29262 I : read strings
05-19 15:20:17.963 1030 1030 I wm_on_stop_called: [214771548,com.android.launcher3.uioverrides.QuickstepLauncher,STOP_ACTIVITY_ITEM]
05-19 15:20:17.964 3656 3656 I wm_on_paused_called: [156521685,com.ebensz.enote.notepad.EditActivity,performPause]
05-19 15:20:17.970 627 647 I wm_stop_activity: [0,156521685,com.ebensz.enote.notepad/.EditActivity]
05-19 15:20:17.971 627 647 I sysui_multi_action: [757,803,799,window_time_0,802,60]
05-19 15:20:17.989 627 652 W UsageStatsService: Unexpected activity event reported! (com.android.launcher3/com.android.launcher3.uioverrides.QuickstepLauncher event : 23 instanceId : 101032399)
05-19 15:20:18.001 1272 1272 W ContextImpl: Calling a method in the system process without a qualified user: android.app.ContextImpl.sendBroadcast:1181 android.content.ContextWrapper.sendBroadcast:479 cn.eben.newweather.DateWeatherService.a:19 cn.eben.newweather.DateWeatherService.a:0 cn.eben.newweather.DateWeatherService$1.handleMessage:7
05-19 15:20:18.014 3656 3656 I wm_on_stop_called: [156521685,com.ebensz.enote.notepad.EditActivity,STOP_ACTIVITY_ITEM]
05-21 15:49:57.455 352 352 I rockchip-vop2 fdd90000.vop: [drm:vop2_crtc_atomic_disable] Crtc atomic disable vp2
05-19 15:20:18.226 627 668 I PowerManagerService: Sleeping display group (groupId=0, uid=1000)...
05-19 15:20:18.226 627 710 I input_focus: [Focus leaving a08a9f1 com.ebensz.enote.notepad/com.ebensz.enote.notepad.EditActivity (server),reason=NO_WINDOW]
05-19 15:20:18.226 627 668 I PowerManagerService: Sleeping (uid 1000)...
05-19 15:20:18.229 627 627 I sysui_multi_action: [757,198,758,2,759,3,1359,844,1695,2]
05-19 15:20:18.229 627 627 I power_screen_state: [0,3,0,0,844]
05-19 15:20:18.229 627 627 I screen_toggled: 0
05-19 15:20:18.229 627 627 I sysui_multi_action: [757,804,799,screen_timeout,801,15,802,1]
05-19 15:20:18.230 627 627 I sysui_multi_action: [757,1594,758,4,759,-2147483648,1359,14610]
05-19 15:20:18.230 627 627 I power_screen_broadcast_send: 1
05-19 15:20:18.267 627 627 I battery_saving_stats: [0,1,0,15166,0,0,64218867,0,-6]
05-19 15:20:18.271 975 975 D DCT-C-0 : screen off
05-19 15:20:18.271 975 975 D DCT-C-0 : stopNetStatPoll
05-19 15:20:18.305 627 9940 W ActivityManager: Ignoring request to force stop protected package u0
05-19 15:20:18.325 627 627 I power_screen_broadcast_done: [0,95,1]
05-19 15:20:18.349 463 491 I RIL : ---> enter mainloop wait at port
05-19 15:20:18.349 463 491 D RIL-DEV : Get modem info
05-19 15:20:18.350 463 491 D RIL-DEV : [05-19_15:20:18:350] idVendor = 0bda
05-19 15:20:18.350 463 491 D RIL-DEV :
05-19 15:20:18.350 463 491 D RIL-DEV : [05-19_15:20:18:351] idVendor = 05e3
05-19 15:20:18.350 463 491 D RIL-DEV :
05-19 15:20:18.350 463 491 D RIL-DEV : [05-19_15:20:18:351] idVendor = 1d6b
05-19 15:20:18.350 463 491 D RIL-DEV :
05-19 15:20:18.350 463 491 D RIL-DEV : [05-19_15:20:18:351] idVendor = 1d6b
05-19 15:20:18.350 463 491 D RIL-DEV :
05-19 15:20:18.351 463 491 D RIL-DEV : [05-19_15:20:18:351] idVendor = 0bda
05-19 15:20:18.351 463 491 D RIL-DEV :
05-19 15:20:18.351 463 491 D RIL-DEV : [05-19_15:20:18:351] idVendor = 1d6b
05-19 15:20:18.351 463 491 D RIL-DEV :
05-19 15:20:18.351 463 491 D RIL-DEV : [05-19_15:20:18:352] idVendor = 2109
05-19 15:20:18.351 463 491 D RIL-DEV :
05-19 15:20:18.351 463 491 D RIL-DEV : [05-19_15:20:18:352] idVendor = 2109
05-19 15:20:18.351 463 491 D RIL-DEV :
05-19 15:20:18.351 463 491 D RIL-DEV : [05-19_15:20:18:352] idVendor = 1d6b
05-19 15:20:18.351 463 491 D RIL-DEV :
05-19 15:20:18.352 463 491 D RIL-DEV : [05-19_15:20:18:352] idVendor = 0bda
05-19 15:20:18.352 463 491 D RIL-DEV :
05-19 15:20:18.352 463 491 D RIL-DEV : [05-19_15:20:18:352] idVendor = 2109
05-19 15:20:18.352 463 491 D RIL-DEV :
05-19 15:20:18.352 463 491 E RIL-DEV : Cannot find Meig devices
05-19 15:20:18.352 463 491 I RIL : ---> can't find meig usb devices
05-21 15:49:57.675 2551 2551 I PM : suspend entry (deep)
05-19 15:20:37.868 463 491 I RIL : ---> enter mainloop wait at port
05-19 15:20:37.868 463 491 D RIL-DEV : Get modem info
05-19 15:20:37.871 1272 1272 W ContextImpl: Calling a method in the system process without a qualified user: android.app.ContextImpl.sendBroadcast:1181 android.content.ContextWrapper.sendBroadcast:479 cn.eben.newweather.DateWeatherService.a:19 cn.eben.newweather.DateWeatherService.a:0 cn.eben.newweather.DateWeatherService$1.handleMessage:7
05-19 15:20:37.875 463 491 D RIL-DEV : [05-19_15:20:37:875] idVendor = 0bda
05-19 15:20:37.875 463 491 D RIL-DEV :
05-19 15:20:37.875 463 491 D RIL-DEV : [05-19_15:20:37:875] idVendor = 05e3
05-19 15:20:37.875 463 491 D RIL-DEV :
05-19 15:20:37.875 463 491 D RIL-DEV : [05-19_15:20:37:875] idVendor = 1d6b
05-19 15:20:37.875 463 491 D RIL-DEV :
05-19 15:20:37.875 463 491 D RIL-DEV : [05-19_15:20:37:875] idVendor = 1d6b
05-19 15:20:37.875 463 491 D RIL-DEV :
05-19 15:20:37.875 463 491 D RIL-DEV : [05-19_15:20:37:876] idVendor = 0bda
05-19 15:20:37.875 463 491 D RIL-DEV :
05-19 15:20:37.875 463 491 D RIL-DEV : [05-19_15:20:37:876] idVendor = 1d6b
05-19 15:20:37.875 463 491 D RIL-DEV :
05-19 15:20:37.875 463 491 D RIL-DEV : [05-19_15:20:37:876] idVendor = 2109
05-19 15:20:37.875 463 491 D RIL-DEV :
05-19 15:20:37.875 463 491 D RIL-DEV : [05-19_15:20:37:876] idVendor = 1d6b
05-19 15:20:37.875 463 491 D RIL-DEV :
05-19 15:20:37.876 463 491 D RIL-DEV : [05-19_15:20:37:876] idVendor = 0bda
05-19 15:20:37.876 463 491 D RIL-DEV :
05-19 15:20:37.876 627 711 I sysui_multi_action: [757,804,799,power_consecutive_short_tap_count,801,1,802,1]
05-19 15:20:37.876 463 491 D RIL-DEV : [05-19_15:20:37:876] idVendor = 2109
05-19 15:20:37.876 463 491 D RIL-DEV :
05-19 15:20:37.876 463 491 E RIL-DEV : Cannot find Meig devices
05-19 15:20:37.876 463 491 I RIL : ---> can't find meig usb devices
05-19 15:20:37.876 627 711 I sysui_multi_action: [757,804,799,power_double_tap_interval,801,125069,802,1]
05-19 15:20:37.876 627 711 I intercept_power: [ACTION_DOWN,0,0]
05-19 15:20:37.882 627 711 I PowerManagerService: Powering on display group fromAsleep (groupId=0, uid=1000, reason=WAKE_REASON_POWER_BUTTON, details=android.policy:POWER)...
05-19 15:20:37.882 627 711 I PowerManagerService: Waking up from Asleep (uid=1000, reason=WAKE_REASON_POWER_BUTTON, details=android.policy:POWER)...
05-21 15:49:57.701 2551 2551 I Filesystems sync: 0.025 seconds
05-21 15:49:57.701 2551 2551 I : Freezing user space processes ... (elapsed 0.011 seconds) done.
05-21 15:49:57.713 2551 2551 I : OOM killer disabled.
05-21 15:49:57.713 2551 2551 I : Freezing remaining freezable tasks ... (elapsed 0.190 seconds) done.
05-21 15:49:57.904 2551 2551 I printk : Suspending console(s) (use no_console_suspend to debug)
05-21 15:49:57.984 2551 2551 E regulator-dummy: Underflow of regulator enable count
05-21 15:49:57.984 2551 2551 E wacom_i2c 4-0009: disable regulator failed -22
05-21 15:49:58.217 2551 2551 I : Disabling non-boot CPUs ...
05-21 15:49:58.218 2551 2551 I psci : CPU1 killed (polled 0 ms)
05-21 15:49:58.220 2551 2551 I psci : CPU2 killed (polled 0 ms)
05-21 15:49:58.222 2551 2551 I psci : CPU3 killed (polled 0 ms)
05-21 15:49:58.224 2551 2551 I psci : CPU4 killed (polled 4 ms)
05-21 15:49:58.228 2551 2551 I psci : CPU5 killed (polled 4 ms)
05-21 15:49:58.231 2551 2551 I psci : CPU6 killed (polled 0 ms)
05-21 15:49:58.233 2551 2551 I psci : CPU7 killed (polled 0 ms)
05-21 15:50:15.304 0 0 W [ C0] PM: pm_system_irq_wakeup: 106 triggered rk806
05-21 15:50:15.305 2551 2551 I : Enabling non-boot CPUs ...
05-21 15:50:15.306 0 0 I : Detected VIPT I-cache on CPU1
05-21 15:50:15.306 0 0 I GICv3 : CPU1: found redistributor 100 region 0:0x00000000fe6a0000
05-21 15:50:15.306 0 0 I CPU1 : Booted secondary processor 0x0000000100 [0x412fd050]
05-21 15:50:15.307 2551 2551 I : CPU1 is up
05-21 15:50:15.308 0 0 I : Detected VIPT I-cache on CPU2
05-21 15:50:15.308 0 0 I GICv3 : CPU2: found redistributor 200 region 0:0x00000000fe6c0000
05-21 15:50:15.308 0 0 I CPU2 : Booted secondary processor 0x0000000200 [0x412fd050]
05-21 15:50:15.309 2551 2551 I : CPU2 is up
05-21 15:50:15.309 0 0 I : Detected VIPT I-cache on CPU3
05-21 15:50:15.309 0 0 I GICv3 : CPU3: found redistributor 300 region 0:0x00000000fe6e0000
05-21 15:50:15.310 0 0 I CPU3 : Booted secondary processor 0x0000000300 [0x412fd050]
05-21 15:50:15.310 2551 2551 I : CPU3 is up
05-21 15:50:15.311 0 0 I : Detected PIPT I-cache on CPU4
05-21 15:50:15.311 0 0 I GICv3 : CPU4: found redistributor 400 region 0:0x00000000fe700000
05-21 15:50:15.311 0 0 I CPU4 : Booted secondary processor 0x0000000400 [0x414fd0b0]
05-21 15:50:15.312 2551 2551 I : CPU4 is up
05-21 15:50:15.313 0 0 I : Detected PIPT I-cache on CPU5
05-21 15:50:15.313 0 0 I GICv3 : CPU5: found redistributor 500 region 0:0x00000000fe720000
05-21 15:50:15.313 0 0 I CPU5 : Booted secondary processor 0x0000000500 [0x414fd0b0]
05-21 15:50:15.314 2551 2551 I : CPU5 is up
05-21 15:50:15.315 0 0 I : Detected PIPT I-cache on CPU6
05-21 15:50:15.315 0 0 I GICv3 : CPU6: found redistributor 600 region 0:0x00000000fe740000
05-21 15:50:15.315 0 0 I CPU6 : Booted secondary processor 0x0000000600 [0x414fd0b0]
05-21 15:50:15.316 2551 2551 I : CPU6 is up
05-21 15:50:15.317 0 0 I : Detected PIPT I-cache on CPU7
05-21 15:50:15.317 0 0 I GICv3 : CPU7: found redistributor 700 region 0:0x00000000fe760000
05-21 15:50:15.317 0 0 I CPU7 : Booted secondary processor 0x0000000700 [0x414fd0b0]
05-21 15:50:15.318 2551 2551 I : CPU7 is up
05-21 15:50:15.325 2551 2551 I rk_gmac-dwmac fe1c0000.ethernet: init for RGMII
05-21 15:50:15.325 5306 5306 I usb1 : root hub lost power or was reset
05-21 15:50:15.333 5266 5266 I usb3 : root hub lost power or was reset
05-21 15:50:15.333 5266 5266 I usb4 : root hub lost power or was reset
05-21 15:50:15.334 2551 2551 E PM : dpm_run_callback(): wacom_i2c_resume+0x0/0xdc returns -6
05-21 15:50:15.334 2551 2551 E PM : Device 4-0009 failed to resume: error -6
05-21 15:50:15.395 2551 2551 I usb2 : root hub lost power or was reset
05-21 15:50:15.586 5267 5267 I usb 4-1 : reset SuperSpeed Gen 1 USB device number 2 using xhci-hcd
05-21 15:50:15.725 5304 5304 I usb 3-1 : reset high-speed USB device number 2 using xhci-hcd
05-21 15:50:16.232 6002 6002 I usb 4-1.4: reset SuperSpeed Gen 1 USB device number 4 using xhci-hcd
05-21 15:50:16.271 8029 8029 I r8152 4-1.4: 1.0: skip request firmware
05-21 15:50:16.323 5286 5286 I usb 4-1.3: reset SuperSpeed Gen 1 USB device number 3 using xhci-hcd
05-21 15:50:16.419 5294 5294 I usb 4-1.1: reset SuperSpeed Gen 1 USB device number 5 using xhci-hcd
05-21 15:50:16.598 5281 5281 I usb 3-1.5: reset high-speed USB device number 35 using xhci-hcd
05-21 15:50:16.740 5281 5281 E PM : dpm_run_callback(): usb_dev_resume+0x0/0x28 returns -5
05-21 15:50:16.740 5281 5281 E PM : Device 3-1.5 failed to resume async: error -5
05-21 15:50:16.812 29367 29367 I usb 3-1.3: reset high-speed USB device number 3 using xhci-hcd
05-21 15:50:17.108 2551 2551 I : OOM killer enabled.
05-21 15:50:17.108 2551 2551 I : Restarting tasks ...
05-21 15:50:17.112 6418 6418 I usb 3-1.5: USB disconnect, device number 35
05-21 15:50:17.126 2551 2551 W : done.
05-21 15:50:17.126 7004 7004 I : mmc_host mmc0: Bus speed (slot 0) = 400000Hz (slot req 400000Hz, actual 400000HZ div = 0)
05-19 15:20:37.890 627 711 I intercept_power: [ACTION_UP,0,0]
05-19 15:20:37.890 627 668 I DisplayPowerController[0]: Blocking screen on until initial contents have been drawn.
05-19 15:20:37.890 627 668 D ActivityTaskManager: Top Process State changed to PROCESS_STATE_TOP
05-19 15:20:37.895 627 668 I wm_set_resumed_activity: [0,com.ebensz.enote.notepad/.EditActivity,resumeTopActivity]
05-19 15:20:37.896 627 627 I screen_toggled: 1
05-19 15:20:37.901 627 668 I wm_resume_activity: [0,156521685,172,com.ebensz.enote.notepad/.EditActivity]
05-19 15:20:37.903 627 668 V DisplayPowerController[0]: Brightness [0.5472441] reason changing to: 'manual', previous reason: 'screen_off'.
05-19 15:20:37.903 627 668 I sysui_multi_action: [757,1696,758,6,759,3]
05-19 15:20:37.909 627 668 I DisplayPowerController[0]: Unblocked screen on after 19 ms
05-19 15:20:37.912 627 647 I DisplayDeviceRepository: Display device changed state: "内置屏幕", ON
05-21 15:50:17.127 2551 2551 I : Resume caused by IRQ 106, rk806
05-21 15:50:17.127 2551 2551 I PM : suspend exit
05-21 15:50:17.156 445 445 I gsensor_mxc6655 5-0015: set sensor poll time to 66ms
05-21 15:50:17.158 445 445 I gsensor_mxc6655 5-0015: sensor on: starting poll sensor data 62ms
05-19 15:20:37.923 627 627 I power_screen_broadcast_send: 1
05-19 15:20:37.924 627 627 D WindowManager: powerPress: eventTime=81246083 interactive=true count=0 beganFromNonInteractive=true mShortPressOnPowerBehavior=1
05-19 15:20:37.936 627 653 W BroadcastQueue: Background execution not allowed: receiving Intent { act=android.intent.action.USER_PRESENT flg=0x24200010 } to com.zhangyue.read.iReader/com.taobao.accs.EventReceiver
05-21 15:50:17.185 6418 6418 I usb 3-1.5: new high-speed USB device number 36 using xhci-hcd
05-21 15:50:17.185 7004 7004 I : mmc_host mmc0: Bus speed (slot 0) = 300000Hz (slot req 300000Hz, actual 300000HZ div = 0)
05-21 15:50:17.186 352 352 W : <<-GTP-ERROR->> I2C Read: 0x8047, 1 bytes failed, errcode: -6! Process reset.
05-19 15:20:37.949 627 780 D UsbHostManager: Removed device at /dev/bus/usb/003/035: USB Billboard Device
05-19 15:20:37.949 627 780 I UsbAlsaManager: USB Audio Device Removed: null
05-19 15:20:37.958 1030 1030 I wm_on_restart_called: [214771548,com.android.launcher3.uioverrides.QuickstepLauncher,performRestartActivity]
05-19 15:20:37.959 1030 1030 I wm_on_start_called: [214771548,com.android.launcher3.uioverrides.QuickstepLauncher,handleStartActivity]
05-19 15:20:37.963 3656 3656 I wm_on_restart_called: [156521685,com.ebensz.enote.notepad.EditActivity,performRestartActivity]
05-19 15:20:37.966 3656 3656 I wm_on_start_called: [156521685,com.ebensz.enote.notepad.EditActivity,handleStartActivity]
05-21 15:50:17.232 7004 7004 I : mmc_host mmc0: Bus speed (slot 0) = 200000Hz (slot req 200000Hz, actual 200000HZ div = 0)
05-19 15:20:37.990 627 627 I notification_enqueue: [10098,25952,com.baidu.appsearch,2131755453,NULL,0,Notification(channel=手机管理、安全检测相关通知 shortcut=null contentView=null vibrate=null sound=null defaults=0x0 flags=0x62 color=0x00000000 vis=PRIVATE),1]
05-19 15:20:38.002 1272 1272 W ContextImpl: Calling a method in the system process without a qualified user: android.app.ContextImpl.sendBroadcast:1181 android.content.ContextWrapper.sendBroadcast:479 cn.eben.newweather.DateWeatherService.a:19 cn.eben.newweather.DateWeatherService.a:0 cn.eben.newweather.DateWeatherService$1.handleMessage:7
05-21 15:50:17.269 7004 7004 W dwmmc_rockchip fe2c0000.mmc: failed to set rate 100000Hz
05-21 15:50:17.269 7004 7004 I : mmc_host mmc0: Bus speed (slot 0) = 200000Hz (slot req 100000Hz, actual 100000HZ div = 1)
05-21 15:50:17.282 7004 7004 W dwmmc_rockchip fe2c0000.mmc: failed to set rate 100000Hz
05-21 15:50:17.283 6418 6418 I usb 3-1.5: New USB device found, idVendor=2109, idProduct=8817, bcdDevice= 0.01
05-21 15:50:17.283 6418 6418 I usb 3-1.5: New USB device strings: Mfr=1, Product=2, SerialNumber=3
05-21 15:50:17.283 6418 6418 I usb 3-1.5: Product: USB Billboard Device
05-21 15:50:17.283 6418 6418 I usb 3-1.5: Manufacturer: VIA Labs, Inc.
05-21 15:50:17.283 6418 6418 I usb 3-1.5: SerialNumber: 0000000000000001
05-21 15:50:17.285 352 352 W : <<-GTP-ERROR->> GTP i2c test failed time 1.
05-21 15:50:17.285 7004 7004 W dwmmc_rockchip fe2c0000.mmc: failed to set rate 100000Hz
05-19 15:20:38.039 627 780 D UsbHostManager: USB device attached: vidpid 2109:8817 mfg/product/ver/serial VIA Labs, Inc. /USB Billboard Device /0.01/0000000000000001 hasAudio/HID/Storage: false/false/false
05-19 15:20:38.042 627 780 D UsbHostManager: Added device UsbDevice[mName=/dev/bus/usb/003/036,mVendorId=8457,mProductId=34839,mClass=17,mSubclass=0,mProtocol=0,mManufacturerName=VIA Labs, Inc. ,mProductName=USB Billboard Device ,mVersion=0.01,mSerialNumberReader=com.android.server.usb.UsbSerialReader@8b4c8b8, mHasAudioPlayback=false, mHasAudioCapture=false, mHasMidi=false, mHasVideoCapture=false, mHasVideoPlayback=false, mConfigurations=[
05-19 15:20:38.042 627 780 D UsbHostManager: UsbConfiguration[mId=1,mName=0000000000000001,mAttributes=160,mMaxPower=50,mInterfaces=[
05-19 15:20:38.042 627 780 D UsbHostManager: UsbInterface[mId=0,mAlternateSetting=0,mName=0000000000000001,mClass=17,mSubclass=0,mProtocol=0,mEndpoints=[]]]
05-19 15:20:38.047 627 730 I netstats_mobile_sample: [0,0,0,0,0,0,0,0,0,0,0,0,1747639238048]
05-19 15:20:38.048 627 730 I netstats_wifi_sample: [0,0,0,0,0,0,0,0,0,0,0,0,1747639238048]
05-19 15:20:38.052 975 975 D TelephonyNetworkFactory[0]: onNeedNetworkFor NetworkRequest [ REQUEST id=1, [ Capabilities: INTERNET&NOT_RESTRICTED&TRUSTED&NOT_VPN&NOT_VCN_MANAGED RequestorUid: 1000 RequestorPkg: android] ] shouldApply false
05-19 15:20:38.054 975 975 D TelephonyNetworkFactory[0]: onNeedNetworkFor NetworkRequest [ REQUEST id=7, [ Capabilities: INTERNET&NOT_RESTRICTED&TRUSTED&NOT_VCN_MANAGED Uid: 1000 RequestorUid: 1000 RequestorPkg: android] ] shouldApply false
05-19 15:20:38.054 975 975 D TelephonyNetworkFactory[0]: onNeedNetworkFor NetworkRequest [ REQUEST id=15, [ Capabilities: INTERNET&NOT_RESTRICTED&TRUSTED&NOT_VCN_MANAGED Uid: 1000 RequestorUid: 1000 RequestorPkg: android] ] shouldApply false
05-19 15:20:38.054 975 975 D TelephonyNetworkFactory[0]: onNeedNetworkFor NetworkRequest [ REQUEST id=18, [ Capabilities: INTERNET&NOT_RESTRICTED&TRUSTED&NOT_VCN_MANAGED Uid: 10088 RequestorUid: 10088 RequestorPkg: com.android.systemui] ] shouldApply false
05-19 15:20:38.055 975 975 D TelephonyNetworkFactory[0]: onNeedNetworkFor NetworkRequest [ REQUEST id=20, [ Capabilities: INTERNET&NOT_RESTRICTED&TRUSTED&NOT_VCN_MANAGED Uid: 10088 RequestorUid: 10088 RequestorPkg: com.android.systemui] ] shouldApply false
05-19 15:20:38.055 975 975 D TelephonyNetworkFactory[0]: onNeedNetworkFor NetworkRequest [ REQUEST id=23, [ Capabilities: INTERNET&NOT_RESTRICTED&TRUSTED&NOT_VCN_MANAGED Uid: 1000 RequestorUid: 1000 RequestorPkg: com.android.networkstack.inprocess] ] shouldApply false
05-19 15:20:38.055 975 975 D TelephonyNetworkFactory[0]: onNeedNetworkFor NetworkRequest [ REQUEST id=28, [ Capabilities: INTERNET&NOT_RESTRICTED&TRUSTED&NOT_VCN_MANAGED Uid: 1001 RequestorUid: 1001 RequestorPkg: com.android.phone] ] shouldApply false
05-19 15:20:38.055 975 975 D TelephonyNetworkFactory[0]: onNeedNetworkFor NetworkRequest [ REQUEST id=32, [ Capabilities: INTERNET&NOT_RESTRICTED&TRUSTED&NOT_VCN_MANAGED Uid: 1000 RequestorUid: 1000 RequestorPkg: android] ] shouldApply false
05-19 15:20:38.056 975 975 D TelephonyNetworkFactory[0]: onNeedNetworkFor NetworkRequest [ REQUEST id=36, [ Capabilities: INTERNET&NOT_RESTRICTED&TRUSTED&NOT_VCN_MANAGED Uid: 10086 RequestorUid: 1000 RequestorPkg: android] ] shouldApply false
05-19 15:20:38.056 975 975 D TelephonyNetworkFactory[0]: onNeedNetworkFor NetworkRequest [ REQUEST id=38, [ Capabilities: INTERNET&NOT_RESTRICTED&TRUSTED&NOT_VCN_MANAGED Uid: 10023 RequestorUid: 1000 RequestorPkg: android] ] shouldApply false
05-19 15:20:38.056 975 975 D TelephonyNetworkFactory[0]: onNeedNetworkFor NetworkRequest [ REQUEST id=117, [ Capabilities: INTERNET&NOT_RESTRICTED&TRUSTED&NOT_VCN_MANAGED Uid: 10072 RequestorUid: 1000 RequestorPkg: android] ] shouldApply false
05-19 15:20:38.056 975 975 D TelephonyNetworkFactory[0]: onNeedNetworkFor NetworkRequest [ REQUEST id=127, [ Capabilities: INTERNET&NOT_RESTRICTED&TRUSTED&NOT_VCN_MANAGED Uid: 10079 RequestorUid: 1000 RequestorPkg: android] ] shouldApply false
05-19 15:20:38.056 975 975 D TelephonyNetworkFactory[0]: onNeedNetworkFor NetworkRequest [ REQUEST id=132, [ Capabilities: INTERNET&NOT_RESTRICTED&TRUSTED&NOT_VCN_MANAGED Uid: 10098 RequestorUid: 10098 RequestorPkg: com.baidu.appsearch] ] shouldApply false
05-19 15:20:38.057 975 975 D TelephonyNetworkFactory[0]: onNeedNetworkFor NetworkRequest [ REQUEST id=134, [ Capabilities: INTERNET&NOT_RESTRICTED&TRUSTED&NOT_VCN_MANAGED Uid: 10098 RequestorUid: 1000 RequestorPkg: android] ] shouldApply false
05-19 15:20:38.057 627 730 W ContextImpl: Calling a method in the system process without a qualified user: android.app.ContextImpl.sendStickyBroadcast:1567 com.android.server.ConnectivityService.sendStickyBroadcast:2811 com.android.server.ConnectivityService.sendLegacyNetworkBroadcast:8732 com.android.server.ConnectivityService$LegacyTypeTracker.remove:1007 com.android.server.ConnectivityService$LegacyTypeTracker.remove:1024
05-19 15:20:38.057 975 975 D TelephonyNetworkFactory[0]: onNeedNetworkFor NetworkRequest [ REQUEST id=136, [ Capabilities: INTERNET&NOT_RESTRICTED&TRUSTED&NOT_VCN_MANAGED Uid: 10072 RequestorUid: 10072 RequestorPkg: com.ebensz.email] ] shouldApply false
05-19 15:20:38.060 627 653 W BroadcastQueue: Target SDK mismatch: receiver ActivityInfo{e49b864 com.xiaomi.push.service.receivers.NetworkStatusReceiver} targets 26 but delivery restricted to [0, 23] broadcasting Intent { act=android.net.conn.CONNECTIVITY_CHANGE flg=0x4200010 (has extras) } from android (pid=627, uid=1000) to com.zhangyue.read.iReader/com.xiaomi.push.service.receivers.NetworkStatusReceiver
05-19 15:20:38.060 627 653 W BroadcastQueue: Target SDK mismatch: receiver ActivityInfo{cea2acd cn.eben.help.LoadAllReceiver} targets 28 but delivery restricted to [0, 23] broadcasting Intent { act=android.net.conn.CONNECTIVITY_CHANGE flg=0x4200010 (has extras) } from android (pid=627, uid=1000) to cn.eben.help/.LoadAllReceiver
05-19 15:20:38.060 627 653 W BroadcastQueue: Target SDK mismatch: receiver ActivityInfo{4cdf82 cn.eben.android.receiver.AppSyncReceiver} targets 27 but delivery restricted to [0, 23] broadcasting Intent { act=android.net.conn.CONNECTIVITY_CHANGE flg=0x4200010 (has extras) } from android (pid=627, uid=1000) to cn.eben.sync/cn.eben.android.receiver.AppSyncReceiver
05-19 15:20:38.064 19442 19442 W ContextImpl: Calling a method in the system process without a qualified user: android.app.ContextImpl.startService:1824 android.content.ContextWrapper.startService:774 android.content.ContextWrapper.startService:774 com.ebensz.appmanager.service.UploadMyAppsInfoService.startUploadMyAppsInfoService:78 com.ebensz.appmanager.receiver.UploadMyAppsInfoReceiver.onReceive:33
05-19 15:20:38.074 627 684 W BroadcastQueue: Target SDK mismatch: receiver ActivityInfo{76d71ce com.ebensz.ota.ActionReceiver} targets 29 but delivery restricted to [0, 23] broadcasting Intent { act=android.net.conn.CONNECTIVITY_CHANGE flg=0x4200010 (has extras) } from android (pid=627, uid=1000) to com.ebensz.ota/.ActionReceiver
05-19 15:20:38.075 627 653 W BroadcastQueue: Target SDK mismatch: receiver ActivityInfo{59a68ef com.taobao.accs.EventReceiver} targets 26 but delivery restricted to [0, 23] broadcasting Intent { act=android.net.conn.CONNECTIVITY_CHANGE flg=0x4200010 (has extras) } from android (pid=627, uid=1000) to com.zhangyue.read.iReader/com.taobao.accs.EventReceiver
05-21 15:50:17.642 29262 29262 I : read descriptors
05-21 15:50:17.642 29262 29262 I : read strings
05-21 15:50:17.773 352 352 I rockchip-vop2 fdd90000.vop: [drm:vop2_crtc_atomic_enable] Update mode to 1536x2048p55, type: 16(if:60) for vp2 dclk: 192000000
05-21 15:50:17.774 352 352 I rockchip-vop2 fdd90000.vop: [drm:vop2_crtc_atomic_enable] dclk_out2 div: 2 dclk_core2 div: 1
05-21 15:50:17.774 352 352 I rockchip-vop2 fdd90000.vop: [drm:vop2_crtc_atomic_enable] set dclk_vop2 to 96000000, get 96000000
05-21 15:50:17.776 1 1 I init : processing action (sys.usb.config=adb && sys.usb.configfs=1 && sys.usb.ffs.ready=1) from (/system/etc/init/hw/init.usb.configfs.rc:20)
05-19 15:20:38.532 627 627 W Looper : Slow dispatch took 535ms main h=android.app.ActivityThread$H c=android.app.LoadedApk$ReceiverDispatcher$Args$$ExternalSyntheticLambda0@2ca774a m=0
05-19 15:20:38.532 627 627 W Looper : Slow delivery took 532ms main h=com.android.server.power.Notifier$NotifierHandler c=null m=7
05-21 15:50:17.780 1 1 I init : Command 'symlink /config/usb_gadget/g1/functions/ffs.adb /config/usb_gadget/g1/configs/b.1/f1' action=sys.usb.config=adb && sys.usb.configfs=1 && sys.usb.ffs.ready=1 (/system/etc/init/hw/init.usb.configfs.rc:22) took 1ms and failed: symlink() failed: File exists
05-21 15:50:17.781 1 1 I init : Command 'write /config/usb_gadget/g1/UDC ${sys.usb.controller}' action=sys.usb.config=adb && sys.usb.configfs=1 && sys.usb.ffs.ready=1 (/system/etc/init/hw/init.usb.configfs.rc:23) took 0ms and failed: Unable to write to file '/config/usb_gadget/g1/UDC': Unable to write file contents: Device or resource busy
05-19 15:20:38.534 627 627 W Looper : Drained
05-19 15:20:38.535 627 627 I battery_saving_stats: [0,0,0,20268,0,0,174378582,0,-18]
05-19 15:20:38.536 975 975 D DCT-C-0 : screen on
05-19 15:20:38.536 975 975 D DCT-C-0 : stopNetStatPoll
05-19 15:20:38.558 627 627 I power_screen_broadcast_done: [1,635,1]
05-19 15:20:38.626 3656 3656 I wm_on_resume_called: [156521685,com.ebensz.enote.notepad.EditActivity,RESUME_ACTIVITY]
05-19 15:20:38.626 3656 3656 I wm_on_top_resumed_gained_called: [156521685,com.ebensz.enote.notepad.EditActivity,topWhenResuming]
05-19 15:20:38.637 627 648 I input_focus: [Focus request a08a9f1 com.ebensz.enote.notepad/com.ebensz.enote.notepad.EditActivity,reason=UpdateInputWindows]
05-19 15:20:39.002 1272 1272 W ContextImpl: Calling a method in the system process without a qualified user: android.app.ContextImpl.sendBroadcast:1181 android.content.ContextWrapper.sendBroadcast:479 cn.eben.newweather.DateWeatherService.a:19 cn.eben.newweather.DateWeatherService.a:0 cn.eben.newweather.DateWeatherService$1.handleMessage:7
05-21 15:50:18.278 352 352 I dw-mipi-dsi2 fde20000.dsi: [drm:dw_mipi_dsi2_encoder_enable] final DSI-Link bandwidth: 639999 x 8 Kbps
05-19 15:20:39.038 627 668 I sysui_latency: [5,1156]
05-19 15:20:39.038 627 668 W PowerManagerService: Screen on took 2964 ms
05-19 15:20:39.038 627 627 I sysui_multi_action: [757,198,758,1,759,1,1359,2965,1694,1]
05-19 15:20:39.039 627 627 I power_screen_state: [1,0,0,0,2965]
05-19 15:20:39.049 627 710 I input_focus: [Focus entering a08a9f1 com.ebensz.enote.notepad/com.ebensz.enote.notepad.EditActivity (server),reason=Window became focusable. Previous reason: NO_WINDOW]
05-19 15:20:39.109 19442 19442 W ContextImpl: Calling a method in the system process without a qualified user: android.app.ContextImpl.startService:1824 android.content.ContextWrapper.startService:774 com.ebensz.appmanager.service.UploadMyAppsInfoService$1.handleMessage:63 android.os.Handler.dispatchMessage:106 android.os.Looper.loopOnce:201
05-19 15:20:39.406 627 642 W ContentProviderHelper: Permission Denial: opening provider com.android.providers.contacts.ContactsProvider2 from ProcessRecord{552b742 1631:cn.eben.sync/u0a63} (pid=1631, uid=10063) requires android.permission.READ_CONTACTS or android.permission.WRITE_CONTACTS
05-21 15:50:18.812 29262 29262 I : read descriptors
05-21 15:50:18.812 29262 29262 I : read strings
05-21 15:50:18.814 1 1 I init : processing action (sys.usb.config=adb && sys.usb.configfs=1 && sys.usb.ffs.ready=1) from (/system/etc/init/hw/init.usb.configfs.rc:20)
05-21 15:50:18.817 1 1 I init : Command 'symlink /config/usb_gadget/g1/functions/ffs.adb /config/usb_gadget/g1/configs/b.1/f1' action=sys.usb.config=adb && sys.usb.configfs=1 && sys.usb.ffs.ready=1 (/system/etc/init/hw/init.usb.configfs.rc:22) took 0ms and failed: symlink() failed: File exists
05-21 15:50:18.818 1 1 I init : Command 'write /config/usb_gadget/g1/UDC ${sys.usb.controller}' action=sys.usb.config=adb && sys.usb.configfs=1 && sys.usb.ffs.ready=1 (/system/etc/init/hw/init.usb.configfs.rc:23) took 0ms and failed: Unable to write to file '/config/usb_gadget/g1/UDC': Unable to write file contents: Device or resource busy
05-19 15:20:39.876 463 491 I RIL : ---> enter mainloop wait at port
05-19 15:20:39.876 463 491 D RIL-DEV : Get modem info
05-19 15:20:39.877 463 491 D RIL-DEV : [05-19_15:20:39:877] idVendor = 0bda
05-19 15:20:39.877 463 491 D RIL-DEV :
05-19 15:20:39.877 463 491 D RIL-DEV : [05-19_15:20:39:878] idVendor = 05e3
05-19 15:20:39.877 463 491 D RIL-DEV :
05-19 15:20:39.878 463 491 D RIL-DEV : [05-19_15:20:39:878] idVendor = 1d6b
05-19 15:20:39.878 463 491 D RIL-DEV :
05-19 15:20:39.878 463 491 D RIL-DEV : [05-19_15:20:39:878] idVendor = 1d6b
05-19 15:20:39.878 463 491 D RIL-DEV :
05-19 15:20:39.878 463 491 D RIL-DEV : [05-19_15:20:39:879] idVendor = 0bda
05-19 15:20:39.878 463 491 D RIL-DEV :
05-19 15:20:39.879 463 491 D RIL-DEV : [05-19_15:20:39:879] idVendor = 1d6b
05-19 15:20:39.879 463 491 D RIL-DEV :
05-19 15:20:39.879 463 491 D RIL-DEV : [05-19_15:20:39:879] idVendor = 2109
05-19 15:20:39.879 463 491 D RIL-DEV :
05-19 15:20:39.880 463 491 D RIL-DEV : [05-19_15:20:39:880] idVendor = 2109
05-19 15:20:39.880 463 491 D RIL-DEV :
05-19 15:20:39.880 463 491 D RIL-DEV : [05-19_15:20:39:880] idVendor = 1d6b
05-19 15:20:39.880 463 491 D RIL-DEV :
05-19 15:20:39.880 463 491 D RIL-DEV : [05-19_15:20:39:881] idVendor = 0bda
05-19 15:20:39.880 463 491 D RIL-DEV :
05-19 15:20:39.880 463 491 D RIL-DEV : [05-19_15:20:39:881] idVendor = 2109
05-19 15:20:39.880 463 491 D RIL-DEV :
05-19 15:20:39.881 463 491 E RIL-DEV : Cannot find Meig devices
05-19 15:20:39.881 463 491 I RIL : ---> can't find meig usb devices
05-19 15:20:40.002 1272 1272 W ContextImpl: Calling a method in the system process without a qualified user: android.app.ContextImpl.sendBroadcast:1181 android.content.ContextWrapper.sendBroadcast:479 cn.eben.newweather.DateWeatherService.a:19 cn.eben.newweather.DateWeatherService.a:0 cn.eben.newweather.DateWeatherService$1.handleMessage:7
05-21 15:50:19.869 29262 29262 I : read descriptors
05-21 15:50:19.869 29262 29262 I : read strings
05-21 15:50:19.871 1 1 I init : processing action (sys.usb.config=adb && sys.usb.configfs=1 && sys.usb.ffs.ready=1) from (/system/etc/init/hw/init.usb.configfs.rc:20)
05-21 15:50:19.873 1 1 I init : Command 'symlink /config/usb_gadget/g1/functions/ffs.adb /config/usb_gadget/g1/configs/b.1/f1' action=sys.usb.config=adb && sys.usb.configfs=1 && sys.usb.ffs.ready=1 (/system/etc/init/hw/init.usb.configfs.rc:22) took 0ms and failed: symlink() failed: File exists
05-21 15:50:19.874 1 1 I init : Command 'write /config/usb_gadget/g1/UDC ${sys.usb.controller}' action=sys.usb.config=adb && sys.usb.configfs=1 && sys.usb.ffs.ready=1 (/system/etc/init/hw/init.usb.configfs.rc:23) took 0ms and failed: Unable to write to file '/config/usb_gadget/g1/UDC': Unable to write file contents: Device or resource busy
05-21 15:50:20.060 6308 6308 I r8152 4-1.4: 1.0 eth1: carrier on
