05-21 15:18:26.098 1 1 I init : Command 'symlink /config/usb_gadget/g1/functions/ffs.adb /config/usb_gadget/g1/configs/b.1/f1' action=sys.usb.config=adb && sys.usb.configfs=1 && sys.usb.ffs.ready=1 (/system/etc/init/hw/init.usb.configfs.rc:22) took 1ms and failed: symlink() failed: File exists
05-21 15:18:26.101 1 1 I init : Command 'write /config/usb_gadget/g1/UDC ${sys.usb.controller}' action=sys.usb.config=adb && sys.usb.configfs=1 && sys.usb.ffs.ready=1 (/system/etc/init/hw/init.usb.configfs.rc:23) took 1ms and failed: Unable to write to file '/config/usb_gadget/g1/UDC': Unable to write file contents: Device or resource busy
05-19 14:56:30.465 627 710 I input_interaction: Interaction with: 56ead20 com.ebenkg.pdf/com.ebenkg.pdf.PageShowActivity (server), PointerEventDispatcher0 (server),
05-21 15:18:27.150 29262 29262 I : read descriptors
05-21 15:18:27.150 29262 29262 I : read strings
05-21 15:18:27.152 1 1 I init : processing action (sys.usb.config=adb && sys.usb.configfs=1 && sys.usb.ffs.ready=1) from (/system/etc/init/hw/init.usb.configfs.rc:20)
05-21 15:18:27.154 1 1 I init : Command 'symlink /config/usb_gadget/g1/functions/ffs.adb /config/usb_gadget/g1/configs/b.1/f1' action=sys.usb.config=adb && sys.usb.configfs=1 && sys.usb.ffs.ready=1 (/system/etc/init/hw/init.usb.configfs.rc:22) took 0ms and failed: symlink() failed: File exists
05-21 15:18:27.157 1 1 I init : Command 'write /config/usb_gadget/g1/UDC ${sys.usb.controller}' action=sys.usb.config=adb && sys.usb.configfs=1 && sys.usb.ffs.ready=1 (/system/etc/init/hw/init.usb.configfs.rc:23) took 1ms and failed: Unable to write to file '/config/usb_gadget/g1/UDC': Unable to write file contents: Device or resource busy
05-21 15:18:28.196 29262 29262 I : read descriptors
05-21 15:18:28.197 29262 29262 I : read strings
05-21 15:18:28.198 1 1 I init : processing action (sys.usb.config=adb && sys.usb.configfs=1 && sys.usb.ffs.ready=1) from (/system/etc/init/hw/init.usb.configfs.rc:20)
05-21 15:18:29.270 29262 29262 I : read descriptors
05-21 15:18:29.270 29262 29262 I : read strings
05-21 15:18:30.323 29262 29262 I : read descriptors
05-21 15:18:30.323 29262 29262 I : read strings
05-21 15:18:30.325 1 1 I init : processing action (sys.usb.config=adb && sys.usb.configfs=1 && sys.usb.ffs.ready=1) from (/system/etc/init/hw/init.usb.configfs.rc:20)
05-21 15:18:30.328 1 1 I init : Command 'symlink /config/usb_gadget/g1/functions/ffs.adb /config/usb_gadget/g1/configs/b.1/f1' action=sys.usb.config=adb && sys.usb.configfs=1 && sys.usb.ffs.ready=1 (/system/etc/init/hw/init.usb.configfs.rc:22) took 0ms and failed: symlink() failed: File exists
05-21 15:18:30.329 1 1 I init : Command 'write /config/usb_gadget/g1/UDC ${sys.usb.controller}' action=sys.usb.config=adb && sys.usb.configfs=1 && sys.usb.ffs.ready=1 (/system/etc/init/hw/init.usb.configfs.rc:23) took 0ms and failed: Unable to write to file '/config/usb_gadget/g1/UDC': Unable to write file contents: Device or resource busy
05-19 14:56:34.206 627 648 I input_focus: [Focus request e1877b0 com.ebenkg.pdf/com.ebenkg.pdf.PageShowActivity,reason=UpdateInputWindows]
05-19 14:56:34.223 627 710 I input_focus: [Focus leaving 56ead20 com.ebenkg.pdf/com.ebenkg.pdf.PageShowActivity (server),reason=Waiting for window because NO_WINDOW]
05-19 14:56:34.243 627 710 I input_focus: [Focus entering e1877b0 com.ebenkg.pdf/com.ebenkg.pdf.PageShowActivity (server),reason=Window became focusable. Previous reason: NOT_VISIBLE]
05-21 15:18:31.367 29262 29262 I : read descriptors
05-21 15:18:31.367 29262 29262 I : read strings
05-21 15:18:31.368 1 1 I init : processing action (sys.usb.config=adb && sys.usb.configfs=1 && sys.usb.ffs.ready=1) from (/system/etc/init/hw/init.usb.configfs.rc:20)
05-21 15:18:31.371 1 1 I init : Command 'symlink /config/usb_gadget/g1/functions/ffs.adb /config/usb_gadget/g1/configs/b.1/f1' action=sys.usb.config=adb && sys.usb.configfs=1 && sys.usb.ffs.ready=1 (/system/etc/init/hw/init.usb.configfs.rc:22) took 0ms and failed: symlink() failed: File exists
05-21 15:18:31.373 1 1 I init : Command 'write /config/usb_gadget/g1/UDC ${sys.usb.controller}' action=sys.usb.config=adb && sys.usb.configfs=1 && sys.usb.ffs.ready=1 (/system/etc/init/hw/init.usb.configfs.rc:23) took 0ms and failed: Unable to write to file '/config/usb_gadget/g1/UDC': Unable to write file contents: Device or resource busy
05-19 14:56:35.294 627 710 I input_interaction: Interaction with: e1877b0 com.ebenkg.pdf/com.ebenkg.pdf.PageShowActivity (server), PointerEventDispatcher0 (server),
05-21 15:18:31.991 27894 27894 I binder : 1275:27894 transaction failed 29201/-28, size 104-0 line 2921
05-19 14:56:35.399 627 648 I input_focus: [Focus request 56ead20 com.ebenkg.pdf/com.ebenkg.pdf.PageShowActivity,reason=UpdateInputWindows]
05-19 14:56:35.445 627 710 I input_focus: [Focus entering 56ead20 com.ebenkg.pdf/com.ebenkg.pdf.PageShowActivity (server),reason=setFocusedWindow]
05-19 14:56:35.557 627 648 I input_focus: [Focus request b5b14d1 com.ebenkg.pdf/com.ebenkg.pdf.PageShowActivity,reason=UpdateInputWindows]
05-19 14:56:35.591 627 710 I input_focus: [Focus leaving 56ead20 com.ebenkg.pdf/com.ebenkg.pdf.PageShowActivity (server),reason=Waiting for window because NO_WINDOW]
05-19 14:56:35.591 627 710 I input_focus: [Focus entering b5b14d1 com.ebenkg.pdf/com.ebenkg.pdf.PageShowActivity (server),reason=Window became focusable. Previous reason: NO_WINDOW]
05-19 14:56:35.732 627 648 I input_focus: [Focus request 56ead20 com.ebenkg.pdf/com.ebenkg.pdf.PageShowActivity,reason=UpdateInputWindows]
05-19 14:56:35.754 627 1070 I wm_finish_activity: [0,246299278,165,com.ebenkg.pdf/.PageShowActivity,app-request]
05-19 14:56:35.754 627 1070 I wm_task_moved: [126,1,17]
05-19 14:56:35.754 627 1070 I wm_task_to_front: [0,126]
05-19 14:56:35.754 627 710 I input_focus: [Focus entering 56ead20 com.ebenkg.pdf/com.ebenkg.pdf.PageShowActivity (server),reason=setFocusedWindow]
05-19 14:56:35.756 627 1070 I wm_focused_root_task: [0,0,126,165,finish-top adjustFocusToNextFocusableTask]
05-19 14:56:35.762 627 1070 I wm_pause_activity: [0,246299278,com.ebenkg.pdf/.PageShowActivity,userLeaving=false,finish]
05-19 14:56:35.764 627 647 I dvm_lock_sample: [system_server,1,android.display,9,RootWindowContainer.java,3761,void com.android.server.wm.RootWindowContainer$RankTaskLayersRunnable.run(),TaskChangeNotificationController.java,342,void com.android.server.wm.TaskChangeNotificationController.forAllLocalListeners(com.android.server.wm.TaskChangeNotificationController$TaskStackConsumer, android.os.Message),1]
05-21 15:18:32.337 27894 27894 I binder : 1275:27894 transaction failed 29201/-28, size 104-0 line 2921
05-19 14:56:35.791 627 710 I input_focus: [Focus leaving 56ead20 com.ebenkg.pdf/com.ebenkg.pdf.PageShowActivity (server),reason=NO_WINDOW]
05-21 15:18:32.443 29262 29262 I : read descriptors
05-21 15:18:32.443 29262 29262 I : read strings
05-21 15:18:32.444 1 1 I init : processing action (sys.usb.config=adb && sys.usb.configfs=1 && sys.usb.ffs.ready=1) from (/system/etc/init/hw/init.usb.configfs.rc:20)
05-21 15:18:32.445 1 1 I init : Command 'symlink /config/usb_gadget/g1/functions/ffs.adb /config/usb_gadget/g1/configs/b.1/f1' action=sys.usb.config=adb && sys.usb.configfs=1 && sys.usb.ffs.ready=1 (/system/etc/init/hw/init.usb.configfs.rc:22) took 0ms and failed: symlink() failed: File exists
05-21 15:18:32.445 1 1 I init : Command 'write /config/usb_gadget/g1/UDC ${sys.usb.controller}' action=sys.usb.config=adb && sys.usb.configfs=1 && sys.usb.ffs.ready=1 (/system/etc/init/hw/init.usb.configfs.rc:23) took 0ms and failed: Unable to write to file '/config/usb_gadget/g1/UDC': Unable to write file contents: Device or resource busy
05-21 15:18:32.454 333 333 I binder_alloc: 4645: binder_alloc_buf, no vma
05-21 15:18:32.454 333 333 I binder : 333:333 transaction failed 29189/-3, size 164-8 line 2921
05-21 15:18:32.458 30503 30503 I binder : undelivered TRANSACTION_COMPLETE
05-21 15:18:32.458 30503 30503 I binder : undelivered transaction 10516352, process died.
05-19 14:56:35.884 627 1072 I am_proc_died: [0,4645,com.ebenkg.PDFShow,0,2]
05-19 14:56:35.886 627 1072 I am_uid_stopped: 10032
05-19 14:56:35.886 627 1072 I wm_set_resumed_activity: [0,com.ebensz.filemanager/.activity.HomeActivity,resumeTopActivity]
05-19 14:56:35.887 627 1072 I wm_resume_activity: [0,45803994,126,com.ebensz.filemanager/.activity.HomeActivity]
05-19 14:56:35.888 627 1072 I am_mem_factor: [1,0]
05-19 14:56:35.898 627 652 I am_pss : [4618,1000,system:ui,15488000,7852032,0,108761088,0,19,4]
05-21 15:18:32.463 1072 1072 I binder : 627:1072 transaction failed 29201/-28, size 84-0 line 2921
05-19 14:56:35.908 2197 2197 I wm_on_restart_called: [45803994,com.ebensz.filemanager.activity.HomeActivity,performRestartActivity]
05-19 14:56:35.909 627 652 I am_pss : [4596,10040,com.ebensz.filemanager:remote,15557632,10616832,0,107814912,0,19,5]
05-19 14:56:35.951 2197 2197 I wm_on_start_called: [45803994,com.ebensz.filemanager.activity.HomeActivity,handleStartActivity]
05-19 14:56:36.017 2197 2197 I wm_on_resume_called: [45803994,com.ebensz.filemanager.activity.HomeActivity,RESUME_ACTIVITY]
05-19 14:56:36.039 627 648 I input_focus: [Focus request adc83cf com.ebensz.filemanager/com.ebensz.filemanager.activity.HomeActivity,reason=UpdateInputWindows]
05-19 14:56:36.101 627 710 I input_focus: [Focus entering adc83cf com.ebensz.filemanager/com.ebensz.filemanager.activity.HomeActivity (server),reason=Window became focusable. Previous reason: NOT_VISIBLE]
05-19 14:56:36.327 2197 2197 I wm_on_top_resumed_gained_called: [45803994,com.ebensz.filemanager.activity.HomeActivity,topStateChangedWhenResumed]
05-19 14:56:36.356 627 648 I wm_task_removed: [165,removeChild:removeChild last r=ActivityRecord{eae3a8e u0 com.ebenkg.pdf/.PageShowActivity t-1 f}} in t=Task{1a66d31 #165 type=standard A=10032:com.ebenkg.pdf U=0 visible=false visibleRequested=false mode=fullscreen translucent=true sz=0}]
05-19 14:56:36.356 627 648 I wm_task_removed: [165,removeChild]
05-21 15:18:33.493 29262 29262 I : read descriptors
05-21 15:18:33.493 29262 29262 I : read strings
05-21 15:18:33.495 1 1 I init : processing action (sys.usb.config=adb && sys.usb.configfs=1 && sys.usb.ffs.ready=1) from (/system/etc/init/hw/init.usb.configfs.rc:20)
05-19 14:56:37.006 627 653 I am_mem_factor: [0,1]
05-19 14:56:37.123 627 652 I am_meminfo: [1679728640,1633218560,4096,434532352,298447872]
05-19 14:56:37.128 627 652 I am_pss : [2197,10040,com.ebensz.filemanager,79777792,68739072,0,223313920,1,2,5]
05-19 14:56:37.131 627 652 I am_pss : [2465,10063,cn.eben.sync:remote,17523712,9715712,0,96976896,1,3,3]
05-19 14:56:37.134 627 652 I am_pss : [2146,1000,com.ebensz.softkeyboard,71385088,66404352,0,200691712,1,4,3]
05-19 14:56:37.139 627 710 I input_interaction: Interaction with: adc83cf com.ebensz.filemanager/com.ebensz.filemanager.activity.HomeActivity (server), PointerEventDispatcher0 (server),
05-19 14:56:37.141 627 652 I am_pss : [2402,10044,com.ebensz.recognizer.vo.service,176994304,156233728,0,372858880,1,4,7]
05-19 14:56:37.150 627 652 I am_pss : [3656,10038,com.ebensz.enote.notepad,220147712,208453632,0,368046080,1,4,8]
05-19 14:56:37.155 627 652 I am_pss : [1030,10090,com.android.launcher3,131714048,124112896,0,288194560,1,5,5]
05-19 14:56:37.160 627 652 I am_pss : [7156,10072,com.ebensz.email,99984384,91000832,0,260145152,1,4,5]
05-19 14:56:37.166 627 652 I am_pss : [2331,10046,com.ebensz.enote.entry,245776384,231903232,0,386650112,1,4,5]
05-19 14:56:37.169 627 652 I am_pss : [5465,1000,com.android.settings,90899456,74604544,0,215986176,1,16,3]
05-19 14:56:37.173 627 652 I am_pss : [18892,10078,com.android.gallery3d,71770112,66060288,0,221204480,1,18,4]
05-19 14:56:37.178 627 652 I am_pss : [25952,10098,com.baidu.appsearch,166291456,144695296,0,350482432,1,4,5]
05-19 14:56:37.182 627 652 I am_pss : [24610,10058,com.eben.browser,120806400,102490112,0,287707136,1,16,4]
05-19 14:56:37.184 627 652 I am_pss : [24655,99001,com.android.webview:sandboxed_process0:org.chromium.content.app.SandboxedProcessService0:0,73885696,64638976,0,157876224,1,17,2]
05-19 14:56:37.187 627 652 I am_pss : [24847,10075,com.android.wallpaperpicker,50748416,45821952,0,192020480,1,18,2]
05-19 14:56:37.190 627 652 I am_pss : [19156,10014,com.android.documentsui,60675072,55648256,0,203915264,1,16,3]
05-19 14:56:37.193 627 652 I am_pss : [22094,10088,com.android.systemui:screenshot,41486336,29470720,0,194727936,1,18,3]
05-19 14:56:37.197 627 652 I am_pss : [19414,10042,com.ebensz.enote.meeting,68435968,59908096,0,213340160,1,18,4]
05-19 14:56:37.199 627 652 I am_pss : [18953,10045,com.android.soundrecorder,30066688,25190400,0,167120896,1,16,2]
05-19 14:56:37.202 627 652 I am_pss : [9998,10043,com.android.calculator2,31971328,27463680,0,165175296,1,16,3]
05-19 14:56:37.204 627 652 I am_pss : [7303,10065,com.ebensz.office.entry,29225984,25989120,0,138027008,1,19,2]
05-19 14:56:37.205 627 652 I am_pss : [4596,10040,com.ebensz.filemanager:remote,15557632,10616832,0,107814912,1,3,1]
05-19 14:56:37.208 627 652 I am_pss : [1275,10096,com.android.providers.media.module,33796096,29941760,0,145338368,1,0,3]
05-19 14:56:37.210 627 652 I am_pss : [26333,10098,com.baidu.appsearch:bdservice_v1,27026432,9969664,0,149139456,1,10,2]
05-19 14:56:37.212 627 652 I am_pss : [1860,10095,com.android.permissioncontroller,24770560,20733952,0,138194944,1,19,2]
05-19 14:56:37.213 627 652 I am_pss : [4618,1000,system:ui,15492096,7856128,0,108761088,1,19,1]
05-19 14:56:37.216 627 652 I am_pss : [1013,10097,android.ext.services,37793792,32485376,0,139853824,1,5,3]
05-19 14:56:37.217 627 652 I am_pss : [1631,10063,cn.eben.sync,21552128,12980224,0,106229760,1,4,1]
05-19 14:56:37.218 627 652 I am_pss : [1696,1000,cn.eben.activation4,12347392,7073792,0,86007808,1,5,1]
05-19 14:56:37.220 627 652 I am_pss : [4427,10062,com.android.exchange:remote,8297472,5844992,0,97013760,1,19,2]
05-19 14:56:37.222 627 652 I am_pss : [4449,10072,com.ebensz.email:remote,9763840,5398528,0,105086976,1,19,2]
05-19 14:56:37.223 627 652 I am_pss : [334,1000,android:ui,11366400,5181440,0,95318016,1,19,1]
05-19 14:56:37.225 627 652 I am_pss : [27417,1000,com.ebensz.enote.widget,18387968,14733312,0,116473856,1,19,2]
05-19 14:56:37.227 627 652 I am_pss : [1425,10022,com.android.providers.calendar,9446400,7073792,0,98926592,1,19,2]
05-19 14:56:37.229 627 652 I am_pss : [26859,10038,com.ebensz.enote.notepad:remote,25538560,18558976,0,130039808,1,19,2]
05-19 14:56:37.231 627 652 I am_pss : [19470,1000,com.ebensz.appmanager:remote,12499968,6832128,0,110145536,1,10,1]
05-19 14:56:37.233 627 652 I am_pss : [19442,1000,com.ebensz.appmanager,29015040,22626304,0,137236480,1,10,1]
05-19 14:56:37.234 627 652 I am_pss : [19178,10019,android.process.media,16464896,13094912,0,128249856,1,19,2]
05-19 14:56:37.236 627 652 I am_pss : [32296,10025,android.process.acore,11613184,8609792,0,113426432,1,19,2]
05-19 14:56:37.238 627 652 I am_pss : [29441,10023,com.android.statementservice,9444352,7000064,0,100319232,1,19,2]
05-19 14:56:37.242 627 652 I am_pss : [19268,10068,com.ebensz.enote.calendar,111827968,105938944,0,261525504,1,4,3]
05-19 14:56:37.243 627 652 I am_pss : [1591,1000,com.rockchip.devicetest,8841216,3964928,0,80842752,1,10,1]
05-19 14:56:37.244 627 652 I am_pss : [1489,1000,com.eben.eguard,11309056,6098944,0,86212608,1,10,1]
05-19 14:56:37.248 627 652 I am_pss : [1272,1000,cn.eben.newweather,147139584,130035712,0,262168576,1,0,4]
05-19 14:56:37.250 627 652 I am_pss : [1253,1000,com.cghs.stresstest,43493376,29609984,0,148942848,1,0,2]
05-19 14:56:37.252 627 652 I am_pss : [1139,10091,com.android.smspush,6282240,4014080,0,91865088,1,6,2]
05-19 14:56:37.254 627 652 I am_pss : [975,1001,com.android.phone,20707328,15757312,0,135266304,1,0,2]
05-19 14:56:37.255 627 652 I am_pss : [973,1068,com.android.se,8868864,6553600,0,96063488,1,0,1]
05-19 14:56:37.257 627 652 I am_pss : [957,10061,cn.eben.secime,8788992,6516736,0,93605888,1,0,2]
05-19 14:56:37.261 627 652 I am_pss : [781,10088,com.android.systemui,133307392,113803264,0,313245696,1,0,4]
05-19 14:56:37.269 627 652 I am_pss : [627,1000,system,223876096,145817600,0,560705536,1,0,7]
05-21 15:18:34.560 29262 29262 I : read descriptors
05-21 15:18:34.560 29262 29262 I : read strings
05-21 15:18:35.603 29262 29262 I : read descriptors
05-21 15:18:35.603 29262 29262 I : read strings
05-21 15:18:35.605 1 1 I init : processing action (sys.usb.config=adb && sys.usb.configfs=1 && sys.usb.ffs.ready=1) from (/system/etc/init/hw/init.usb.configfs.rc:20)
05-21 15:18:35.608 1 1 I init : Command 'symlink /config/usb_gadget/g1/functions/ffs.adb /config/usb_gadget/g1/configs/b.1/f1' action=sys.usb.config=adb && sys.usb.configfs=1 && sys.usb.ffs.ready=1 (/system/etc/init/hw/init.usb.configfs.rc:22) took 0ms and failed: symlink() failed: File exists
05-21 15:18:35.611 1 1 I init : Command 'write /config/usb_gadget/g1/UDC ${sys.usb.controller}' action=sys.usb.config=adb && sys.usb.configfs=1 && sys.usb.ffs.ready=1 (/system/etc/init/hw/init.usb.configfs.rc:23) took 2ms and failed: Unable to write to file '/config/usb_gadget/g1/UDC': Unable to write file contents: Device or resource busy
05-21 15:18:36.653 29262 29262 I : read descriptors
05-21 15:18:36.653 29262 29262 I : read strings
05-21 15:18:36.655 1 1 I init : processing action (sys.usb.config=adb && sys.usb.configfs=1 && sys.usb.ffs.ready=1) from (/system/etc/init/hw/init.usb.configfs.rc:20)
05-21 15:18:36.658 1 1 I init : Command 'symlink /config/usb_gadget/g1/functions/ffs.adb /config/usb_gadget/g1/configs/b.1/f1' action=sys.usb.config=adb && sys.usb.configfs=1 && sys.usb.ffs.ready=1 (/system/etc/init/hw/init.usb.configfs.rc:22) took 0ms and failed: symlink() failed: File exists
05-21 15:18:36.659 1 1 I init : Command 'write /config/usb_gadget/g1/UDC ${sys.usb.controller}' action=sys.usb.config=adb && sys.usb.configfs=1 && sys.usb.ffs.ready=1 (/system/etc/init/hw/init.usb.configfs.rc:23) took 0ms and failed: Unable to write to file '/config/usb_gadget/g1/UDC': Unable to write file contents: Device or resource busy
05-19 14:56:40.760 627 710 I input_interaction: Interaction with: d7a6ca1 NavigationBar0 (server), PointerEventDispatcher0 (server),
05-19 14:56:40.763 781 781 I sysui_multi_action: [757,931,758,4,759,4,932,0,933,0]
05-19 14:56:40.769 627 710 I input_interaction: Interaction with: adc83cf com.ebensz.filemanager/com.ebensz.filemanager.activity.HomeActivity (server), PointerEventDispatcher0 (server),
05-19 14:56:40.774 627 710 I input_interaction: Interaction with: d7a6ca1 NavigationBar0 (server), PointerEventDispatcher0 (server),
05-19 14:56:40.845 781 781 I sysui_multi_action: [757,931,758,4,759,4,932,0,933,1]
05-19 14:56:40.847 627 944 I sysui_multi_action: [757,803,799,key_back_press,802,1]
05-19 14:56:40.857 627 944 I wm_task_moved: [126,0,0]
05-19 14:56:40.862 627 944 I wm_focused_root_task: [0,0,161,126,moveTaskToBackLocked]
05-19 14:56:40.863 2197 2197 I wm_on_top_resumed_lost_called: [45803994,com.ebensz.filemanager.activity.HomeActivity,topStateChangedWhenResumed]
05-19 14:56:40.864 627 944 I wm_add_to_stopping: [0,45803994,com.ebensz.filemanager/.activity.HomeActivity,makeInvisible]
05-19 14:56:40.866 627 944 I wm_pause_activity: [0,45803994,com.ebensz.filemanager/.activity.HomeActivity,userLeaving=false,pauseBackTasks]
05-19 14:56:40.871 2197 2197 I wm_on_paused_called: [45803994,com.ebensz.filemanager.activity.HomeActivity,performPause]
05-19 14:56:40.875 627 1072 I wm_set_resumed_activity: [0,com.ebensz.enote.notepad/.BrowserActivity,resumeTopActivity]
05-19 14:56:40.879 627 1072 I wm_resume_activity: [0,257228524,161,com.ebensz.enote.notepad/.BrowserActivity]
05-19 14:56:40.889 627 647 I sysui_multi_action: [757,803,799,window_time_0,802,50]
05-19 14:56:40.892 627 710 I input_focus: [Focus leaving adc83cf com.ebensz.filemanager/com.ebensz.filemanager.activity.HomeActivity (server),reason=NO_WINDOW]
05-19 14:56:40.897 3656 3656 I wm_on_restart_called: [257228524,com.ebensz.enote.notepad.BrowserActivity,performRestartActivity]
05-19 14:56:40.911 3656 3656 I wm_on_start_called: [257228524,com.ebensz.enote.notepad.BrowserActivity,handleStartActivity]
05-19 14:56:40.914 3656 3656 I wm_on_resume_called: [257228524,com.ebensz.enote.notepad.BrowserActivity,RESUME_ACTIVITY]
05-19 14:56:40.914 3656 3656 I wm_on_top_resumed_gained_called: [257228524,com.ebensz.enote.notepad.BrowserActivity,topWhenResuming]
05-19 14:56:40.931 627 648 I input_focus: [Focus request 53d4416 com.ebensz.enote.notepad/com.ebensz.enote.notepad.BrowserActivity,reason=UpdateInputWindows]
05-19 14:56:41.002 627 710 I input_focus: [Focus entering 53d4416 com.ebensz.enote.notepad/com.ebensz.enote.notepad.BrowserActivity (server),reason=Window became focusable. Previous reason: NOT_VISIBLE]
05-21 15:18:37.723 29262 29262 I : read descriptors
05-21 15:18:37.723 29262 29262 I : read strings
05-21 15:18:37.723 1 1 I init : processing action (sys.usb.config=adb && sys.usb.configfs=1 && sys.usb.ffs.ready=1) from (/system/etc/init/hw/init.usb.configfs.rc:20)
05-21 15:18:37.724 1 1 I init : Command 'symlink /config/usb_gadget/g1/functions/ffs.adb /config/usb_gadget/g1/configs/b.1/f1' action=sys.usb.config=adb && sys.usb.configfs=1 && sys.usb.ffs.ready=1 (/system/etc/init/hw/init.usb.configfs.rc:22) took 0ms and failed: symlink() failed: File exists
05-21 15:18:37.725 1 1 I init : Command 'write /config/usb_gadget/g1/UDC ${sys.usb.controller}' action=sys.usb.config=adb && sys.usb.configfs=1 && sys.usb.ffs.ready=1 (/system/etc/init/hw/init.usb.configfs.rc:23) took 0ms and failed: Unable to write to file '/config/usb_gadget/g1/UDC': Unable to write file contents: Device or resource busy
05-19 14:56:41.222 627 647 I wm_stop_activity: [0,45803994,com.ebensz.filemanager/.activity.HomeActivity]
05-19 14:56:41.246 2197 2197 I wm_on_stop_called: [45803994,com.ebensz.filemanager.activity.HomeActivity,STOP_ACTIVITY_ITEM]
05-21 15:18:38.780 29262 29262 I : read descriptors
05-21 15:18:38.780 29262 29262 I : read strings
05-21 15:18:38.783 1 1 I init : processing action (sys.usb.config=adb && sys.usb.configfs=1 && sys.usb.ffs.ready=1) from (/system/etc/init/hw/init.usb.configfs.rc:20)
05-21 15:18:39.823 29262 29262 I : read descriptors
05-21 15:18:39.823 29262 29262 I : read strings
05-19 14:56:43.464 627 710 I input_interaction: Interaction with: 53d4416 com.ebensz.enote.notepad/com.ebensz.enote.notepad.BrowserActivity (server), PointerEventDispatcher0 (server),
05-21 15:18:40.679 440 440 W healthd : battery l=100 v=8698 t=27.0 h=1 st=3 c=0 fc=9700000 cc=0 chg=u
05-21 15:18:40.870 29262 29262 I : read descriptors
05-21 15:18:40.870 29262 29262 I : read strings
05-21 15:18:40.872 1 1 I init : processing action (sys.usb.config=adb && sys.usb.configfs=1 && sys.usb.ffs.ready=1) from (/system/etc/init/hw/init.usb.configfs.rc:20)
05-21 15:18:40.874 1 1 I init : Command 'symlink /config/usb_gadget/g1/functions/ffs.adb /config/usb_gadget/g1/configs/b.1/f1' action=sys.usb.config=adb && sys.usb.configfs=1 && sys.usb.ffs.ready=1 (/system/etc/init/hw/init.usb.configfs.rc:22) took 0ms and failed: symlink() failed: File exists
05-21 15:18:40.876 1 1 I init : Command 'write /config/usb_gadget/g1/UDC ${sys.usb.controller}' action=sys.usb.config=adb && sys.usb.configfs=1 && sys.usb.ffs.ready=1 (/system/etc/init/hw/init.usb.configfs.rc:23) took 0ms and failed: Unable to write to file '/config/usb_gadget/g1/UDC': Unable to write file contents: Device or resource busy
05-21 15:18:41.926 29262 29262 I : read descriptors
05-21 15:18:41.927 29262 29262 I : read strings
05-21 15:18:41.927 1 1 I init : processing action (sys.usb.config=adb && sys.usb.configfs=1 && sys.usb.ffs.ready=1) from (/system/etc/init/hw/init.usb.configfs.rc:20)
05-21 15:18:41.928 1 1 I init : Command 'symlink /config/usb_gadget/g1/functions/ffs.adb /config/usb_gadget/g1/configs/b.1/f1' action=sys.usb.config=adb && sys.usb.configfs=1 && sys.usb.ffs.ready=1 (/system/etc/init/hw/init.usb.configfs.rc:22) took 0ms and failed: symlink() failed: File exists
05-21 15:18:41.928 1 1 I init : Command 'write /config/usb_gadget/g1/UDC ${sys.usb.controller}' action=sys.usb.config=adb && sys.usb.configfs=1 && sys.usb.ffs.ready=1 (/system/etc/init/hw/init.usb.configfs.rc:23) took 0ms and failed: Unable to write to file '/config/usb_gadget/g1/UDC': Unable to write file contents: Device or resource busy
05-21 15:18:42.973 29262 29262 I : read descriptors
05-21 15:18:42.973 29262 29262 I : read strings
05-21 15:18:42.975 1 1 I init : processing action (sys.usb.config=adb && sys.usb.configfs=1 && sys.usb.ffs.ready=1) from (/system/etc/init/hw/init.usb.configfs.rc:20)
05-21 15:18:42.978 1 1 I init : Command 'symlink /config/usb_gadget/g1/functions/ffs.adb /config/usb_gadget/g1/configs/b.1/f1' action=sys.usb.config=adb && sys.usb.configfs=1 && sys.usb.ffs.ready=1 (/system/etc/init/hw/init.usb.configfs.rc:22) took 0ms and failed: symlink() failed: File exists
05-21 15:18:42.978 1 1 I init : Command 'write /config/usb_gadget/g1/UDC ${sys.usb.controller}' action=sys.usb.config=adb && sys.usb.configfs=1 && sys.usb.ffs.ready=1 (/system/etc/init/hw/init.usb.configfs.rc:23) took 0ms and failed: Unable to write to file '/config/usb_gadget/g1/UDC': Unable to write file contents: Device or resource busy
05-19 14:56:46.669 627 648 I input_focus: [Focus request 637f05c PopupWindow:c674f8e,reason=UpdateInputWindows]
05-19 14:56:46.703 627 710 I input_focus: [Focus leaving 53d4416 com.ebensz.enote.notepad/com.ebensz.enote.notepad.BrowserActivity (server),reason=Waiting for window because NO_WINDOW]
05-19 14:56:46.722 627 710 I input_focus: [Focus entering 637f05c PopupWindow:c674f8e (server),reason=Window became focusable. Previous reason: NOT_VISIBLE]
05-21 15:18:44.013 29262 29262 I : read descriptors
05-21 15:18:44.013 29262 29262 I : read strings
05-21 15:18:44.015 1 1 I init : processing action (sys.usb.config=adb && sys.usb.configfs=1 && sys.usb.ffs.ready=1) from (/system/etc/init/hw/init.usb.configfs.rc:20)
05-19 14:56:47.700 627 710 I input_interaction: Interaction with: 637f05c PopupWindow:c674f8e (server), PointerEventDispatcher0 (server),
05-21 15:18:44.510 1305 1305 I binder : 1275:1305 transaction failed 29201/-28, size 104-0 line 2921
05-19 14:56:47.945 627 648 I input_focus: [Focus request 64a29bf 删除,reason=UpdateInputWindows]
05-19 14:56:47.979 627 710 I input_focus: [Focus entering 64a29bf 删除 (server),reason=setFocusedWindow]
05-21 15:18:44.572 1305 1305 I binder : 1275:1305 transaction failed 29201/-28, size 104-0 line 2921
05-21 15:18:44.612 1305 1305 I binder : 1275:1305 transaction failed 29201/-28, size 104-0 line 2921
05-21 15:18:44.648 1305 1305 I binder : 1275:1305 transaction failed 29201/-28, size 104-0 line 2921
05-21 15:18:44.694 1305 1305 I binder : 1275:1305 transaction failed 29201/-28, size 104-0 line 2921
05-21 15:18:44.745 1305 1305 I binder : 1275:1305 transaction failed 29201/-28, size 104-0 line 2921
05-21 15:18:44.767 1305 1305 I binder : 1275:1305 transaction failed 29201/-28, size 104-0 line 2921
05-21 15:18:44.802 1305 1305 I binder : 1275:1305 transaction failed 29201/-28, size 104-0 line 2921
05-21 15:18:44.842 1305 1305 I binder : 1275:1305 transaction failed 29201/-28, size 104-0 line 2921
05-19 14:56:48.297 627 648 I input_focus: [Focus request 53d4416 com.ebensz.enote.notepad/com.ebensz.enote.notepad.BrowserActivity,reason=UpdateInputWindows]
05-19 14:56:48.325 627 710 I input_focus: [Focus entering 53d4416 com.ebensz.enote.notepad/com.ebensz.enote.notepad.BrowserActivity (server),reason=setFocusedWindow]
05-21 15:18:45.077 29262 29262 I : read descriptors
05-21 15:18:45.077 29262 29262 I : read strings
05-21 15:18:46.123 29262 29262 I : read descriptors
05-21 15:18:46.123 29262 29262 I : read strings
05-21 15:18:46.123 1 1 I init : processing action (sys.usb.config=adb && sys.usb.configfs=1 && sys.usb.ffs.ready=1) from (/system/etc/init/hw/init.usb.configfs.rc:20)
05-21 15:18:46.124 1 1 I init : Command 'symlink /config/usb_gadget/g1/functions/ffs.adb /config/usb_gadget/g1/configs/b.1/f1' action=sys.usb.config=adb && sys.usb.configfs=1 && sys.usb.ffs.ready=1 (/system/etc/init/hw/init.usb.configfs.rc:22) took 0ms and failed: symlink() failed: File exists
05-21 15:18:46.125 1 1 I init : Command 'write /config/usb_gadget/g1/UDC ${sys.usb.controller}' action=sys.usb.config=adb && sys.usb.configfs=1 && sys.usb.ffs.ready=1 (/system/etc/init/hw/init.usb.configfs.rc:23) took 0ms and failed: Unable to write to file '/config/usb_gadget/g1/UDC': Unable to write file contents: Device or resource busy
05-21 15:18:47.160 29262 29262 I : read descriptors
05-21 15:18:47.160 29262 29262 I : read strings
05-21 15:18:47.162 1 1 I init : processing action (sys.usb.config=adb && sys.usb.configfs=1 && sys.usb.ffs.ready=1) from (/system/etc/init/hw/init.usb.configfs.rc:20)
05-21 15:18:47.165 1 1 I init : Command 'symlink /config/usb_gadget/g1/functions/ffs.adb /config/usb_gadget/g1/configs/b.1/f1' action=sys.usb.config=adb && sys.usb.configfs=1 && sys.usb.ffs.ready=1 (/system/etc/init/hw/init.usb.configfs.rc:22) took 0ms and failed: symlink() failed: File exists
05-21 15:18:47.166 1 1 I init : Command 'write /config/usb_gadget/g1/UDC ${sys.usb.controller}' action=sys.usb.config=adb && sys.usb.configfs=1 && sys.usb.ffs.ready=1 (/system/etc/init/hw/init.usb.configfs.rc:23) took 0ms and failed: Unable to write to file '/config/usb_gadget/g1/UDC': Unable to write file contents: Device or resource busy
05-19 14:56:51.125 627 653 I am_uid_idle: 10095
05-21 15:18:48.223 29262 29262 I : read descriptors
05-21 15:18:48.223 29262 29262 I : read strings
05-21 15:18:48.226 1 1 I init : processing action (sys.usb.config=adb && sys.usb.configfs=1 && sys.usb.ffs.ready=1) from (/system/etc/init/hw/init.usb.configfs.rc:20)
05-21 15:18:48.228 1 1 I init : Command 'symlink /config/usb_gadget/g1/functions/ffs.adb /config/usb_gadget/g1/configs/b.1/f1' action=sys.usb.config=adb && sys.usb.configfs=1 && sys.usb.ffs.ready=1 (/system/etc/init/hw/init.usb.configfs.rc:22) took 0ms and failed: symlink() failed: File exists
05-21 15:18:48.228 1 1 I init : Command 'write /config/usb_gadget/g1/UDC ${sys.usb.controller}' action=sys.usb.config=adb && sys.usb.configfs=1 && sys.usb.ffs.ready=1 (/system/etc/init/hw/init.usb.configfs.rc:23) took 0ms and failed: Unable to write to file '/config/usb_gadget/g1/UDC': Unable to write file contents: Device or resource busy
05-21 15:18:49.286 29262 29262 I : read descriptors
05-21 15:18:49.287 29262 29262 I : read strings
05-21 15:18:49.289 1 1 I init : processing action (sys.usb.config=adb && sys.usb.configfs=1 && sys.usb.ffs.ready=1) from (/system/etc/init/hw/init.usb.configfs.rc:20)
05-19 14:56:53.488 627 710 I input_interaction: Interaction with: 53d4416 com.ebensz.enote.notepad/com.ebensz.enote.notepad.BrowserActivity (server), PointerEventDispatcher0 (server),
05-19 14:56:53.640 627 8600 I wm_finish_activity: [0,257228524,161,com.ebensz.enote.notepad/.BrowserActivity,clear-task-stack]
05-19 14:56:53.660 627 8600 I wm_pause_activity: [0,257228524,com.ebensz.enote.notepad/.BrowserActivity,userLeaving=false,finish]
05-19 14:56:53.660 627 8600 I wm_new_intent: [0,206508048,161,com.ebensz.enote.notepad/.EditActivity,eben.note.intent.action.PAGE_EDITE,application/note,content://com.ebensz.enote.entry.fileprovider/root/storage/emulated/0/mydoc/记事本/会议记录,268435456]
05-19 14:56:53.660 627 8600 I wm_task_moved: [161,1,16]
05-19 14:56:53.660 627 8600 I wm_task_to_front: [0,161]
05-19 14:56:53.671 3656 3656 I wm_on_top_resumed_lost_called: [257228524,com.ebensz.enote.notepad.BrowserActivity,topStateChangedWhenResumed]
05-19 14:56:53.674 3656 3656 I wm_on_paused_called: [257228524,com.ebensz.enote.notepad.BrowserActivity,performPause]
05-19 14:56:53.675 627 8600 I wm_add_to_stopping: [0,257228524,com.ebensz.enote.notepad/.BrowserActivity,completeFinishing]
05-19 14:56:53.676 627 8600 I wm_set_resumed_activity: [0,com.ebensz.enote.notepad/.EditActivity,resumeTopActivity]
05-19 14:56:53.680 627 8600 I wm_resume_activity: [0,206508048,161,com.ebensz.enote.notepad/.EditActivity]
05-19 14:56:53.684 627 647 I sysui_multi_action: [757,803,799,window_time_0,802,13]
05-19 14:56:53.685 3656 3656 I wm_on_restart_called: [206508048,com.ebensz.enote.notepad.EditActivity,performRestartActivity]
05-19 14:56:53.686 3656 3656 I wm_on_start_called: [206508048,com.ebensz.enote.notepad.EditActivity,handleStartActivity]
05-19 14:56:53.698 627 710 I input_focus: [Focus leaving 53d4416 com.ebensz.enote.notepad/com.ebensz.enote.notepad.BrowserActivity (server),reason=NO_WINDOW]
05-19 14:56:53.704 7156 7156 I wm_on_restart_called: [27610987,com.ebensz.email.activity.EmailActivity,performRestartActivity]
05-19 14:56:53.704 7156 7156 I wm_on_start_called: [27610987,com.ebensz.email.activity.EmailActivity,handleStartActivity]
05-21 15:18:50.333 29262 29262 I : read descriptors
05-21 15:18:50.333 29262 29262 I : read strings
05-19 14:56:54.019 3656 3656 I wm_on_resume_called: [206508048,com.ebensz.enote.notepad.EditActivity,RESUME_ACTIVITY]
05-19 14:56:54.019 3656 3656 I wm_on_top_resumed_gained_called: [206508048,com.ebensz.enote.notepad.EditActivity,topWhenResuming]
05-19 14:56:54.026 627 648 I input_focus: [Focus request 4a8d0f4 com.ebensz.enote.notepad/com.ebensz.enote.notepad.EditActivity,reason=UpdateInputWindows]
05-19 14:56:54.246 627 710 I input_focus: [Focus entering 4a8d0f4 com.ebensz.enote.notepad/com.ebensz.enote.notepad.EditActivity (server),reason=Window became focusable. Previous reason: NOT_VISIBLE]
05-19 14:56:54.248 627 647 I wm_destroy_activity: [0,257228524,161,com.ebensz.enote.notepad/.BrowserActivity,finish-imm:transit]
05-19 14:56:54.448 627 8600 I dvm_lock_sample: [system_server,1,Binder:627_14,16,ManagedServices.java,200,java.util.List com.android.server.notification.ManagedServices.getServices(),NotificationManagerService.java,8120,void com.android.server.notification.NotificationManagerService.handleRankingSort(),3]
05-19 14:56:54.476 3656 3656 I wm_on_stop_called: [257228524,com.ebensz.enote.notepad.BrowserActivity,LIFECYCLER_STOP_ACTIVITY]
05-19 14:56:54.477 3656 3656 I wm_on_destroy_called: [257228524,com.ebensz.enote.notepad.BrowserActivity,performDestroy]
05-21 15:18:51.078 1305 1305 I binder : 1275:1305 transaction failed 29201/-28, size 104-0 line 2921
05-21 15:18:51.122 1305 1305 I binder : 1275:1305 transaction failed 29201/-28, size 104-0 line 2921
05-21 15:18:51.160 1305 1305 I binder : 1275:1305 transaction failed 29201/-28, size 104-0 line 2921
05-21 15:18:51.204 1305 1305 I binder : 1275:1305 transaction failed 29201/-28, size 104-0 line 2921
05-21 15:18:51.266 1305 1305 I binder : 1275:1305 transaction failed 29201/-28, size 104-0 line 2921
05-19 14:56:54.702 627 646 I commit_sys_config_file: [notification-policy,80292408]
05-21 15:18:51.312 1305 1305 I binder : 1275:1305 transaction failed 29201/-28, size 104-0 line 2921
05-21 15:18:51.355 1305 1305 I binder : 1275:1305 transaction failed 29201/-28, size 104-0 line 2921
05-21 15:18:51.396 29262 29262 I : read descriptors
05-21 15:18:51.396 29262 29262 I : read strings
05-21 15:18:51.397 1305 1305 I binder : 1275:1305 transaction failed 29201/-28, size 104-0 line 2921
05-21 15:18:51.398 1 1 I init : processing action (sys.usb.config=adb && sys.usb.configfs=1 && sys.usb.ffs.ready=1) from (/system/etc/init/hw/init.usb.configfs.rc:20)
05-21 15:18:51.399 1 1 I init : Command 'symlink /config/usb_gadget/g1/functions/ffs.adb /config/usb_gadget/g1/configs/b.1/f1' action=sys.usb.config=adb && sys.usb.configfs=1 && sys.usb.ffs.ready=1 (/system/etc/init/hw/init.usb.configfs.rc:22) took 0ms and failed: symlink() failed: File exists
05-21 15:18:51.400 1 1 I init : Command 'write /config/usb_gadget/g1/UDC ${sys.usb.controller}' action=sys.usb.config=adb && sys.usb.configfs=1 && sys.usb.ffs.ready=1 (/system/etc/init/hw/init.usb.configfs.rc:23) took 0ms and failed: Unable to write to file '/config/usb_gadget/g1/UDC': Unable to write file contents: Device or resource busy
05-21 15:18:51.609 1305 1305 I binder : 1275:1305 transaction failed 29201/-28, size 104-0 line 2921
05-21 15:18:51.613 1305 1305 I binder : 1275:1305 transaction failed 29201/-28, size 104-0 line 2921
05-21 15:18:52.443 29262 29262 I : read descriptors
05-21 15:18:52.443 29262 29262 I : read strings
05-21 15:18:52.443 1 1 I init : processing action (sys.usb.config=adb && sys.usb.configfs=1 && sys.usb.ffs.ready=1) from (/system/etc/init/hw/init.usb.configfs.rc:20)
05-21 15:18:52.444 1 1 I init : Command 'symlink /config/usb_gadget/g1/functions/ffs.adb /config/usb_gadget/g1/configs/b.1/f1' action=sys.usb.config=adb && sys.usb.configfs=1 && sys.usb.ffs.ready=1 (/system/etc/init/hw/init.usb.configfs.rc:22) took 0ms and failed: symlink() failed: File exists
05-21 15:18:52.445 1 1 I init : Command 'write /config/usb_gadget/g1/UDC ${sys.usb.controller}' action=sys.usb.config=adb && sys.usb.configfs=1 && sys.usb.ffs.ready=1 (/system/etc/init/hw/init.usb.configfs.rc:23) took 0ms and failed: Unable to write to file '/config/usb_gadget/g1/UDC': Unable to write file contents: Device or resource busy
05-19 14:56:56.629 627 710 I input_interaction: Interaction with: 4a8d0f4 com.ebensz.enote.notepad/com.ebensz.enote.notepad.EditActivity (server), PointerEventDispatcher0 (server),
05-19 14:56:56.733 3656 3656 I view_enqueue_input_event: [Motion - Cancel,com.ebensz.enote.notepad/com.ebensz.enote.notepad.EditActivity]
05-21 15:18:53.476 29262 29262 I : read descriptors
05-21 15:18:53.476 29262 29262 I : read strings
05-21 15:18:53.477 1 1 I init : processing action (sys.usb.config=adb && sys.usb.configfs=1 && sys.usb.ffs.ready=1) from (/system/etc/init/hw/init.usb.configfs.rc:20)
05-21 15:18:53.478 1 1 I init : Command 'symlink /config/usb_gadget/g1/functions/ffs.adb /config/usb_gadget/g1/configs/b.1/f1' action=sys.usb.config=adb && sys.usb.configfs=1 && sys.usb.ffs.ready=1 (/system/etc/init/hw/init.usb.configfs.rc:22) took 0ms and failed: symlink() failed: File exists
05-21 15:18:53.478 1 1 I init : Command 'write /config/usb_gadget/g1/UDC ${sys.usb.controller}' action=sys.usb.config=adb && sys.usb.configfs=1 && sys.usb.ffs.ready=1 (/system/etc/init/hw/init.usb.configfs.rc:23) took 0ms and failed: Unable to write to file '/config/usb_gadget/g1/UDC': Unable to write file contents: Device or resource busy
05-21 15:18:54.537 29262 29262 I : read descriptors
05-21 15:18:54.537 29262 29262 I : read strings
05-21 15:18:54.537 1 1 I init : processing action (sys.usb.config=adb && sys.usb.configfs=1 && sys.usb.ffs.ready=1) from (/system/etc/init/hw/init.usb.configfs.rc:20)
05-21 15:18:55.596 29262 29262 I : read descriptors
05-21 15:18:55.596 29262 29262 I : read strings
05-21 15:18:56.646 29262 29262 I : read descriptors
05-21 15:18:56.646 29262 29262 I : read strings
05-21 15:18:56.647 1 1 I init : processing action (sys.usb.config=adb && sys.usb.configfs=1 && sys.usb.ffs.ready=1) from (/system/etc/init/hw/init.usb.configfs.rc:20)
05-21 15:18:56.648 1 1 I init : Command 'symlink /config/usb_gadget/g1/functions/ffs.adb /config/usb_gadget/g1/configs/b.1/f1' action=sys.usb.config=adb && sys.usb.configfs=1 && sys.usb.ffs.ready=1 (/system/etc/init/hw/init.usb.configfs.rc:22) took 0ms and failed: symlink() failed: File exists
05-21 15:18:56.649 1 1 I init : Command 'write /config/usb_gadget/g1/UDC ${sys.usb.controller}' action=sys.usb.config=adb && sys.usb.configfs=1 && sys.usb.ffs.ready=1 (/system/etc/init/hw/init.usb.configfs.rc:23) took 0ms and failed: Unable to write to file '/config/usb_gadget/g1/UDC': Unable to write file contents: Device or resource busy
05-21 15:18:57.699 29262 29262 I : read descriptors
05-21 15:18:57.699 29262 29262 I : read strings
05-21 15:18:57.700 1 1 I init : processing action (sys.usb.config=adb && sys.usb.configfs=1 && sys.usb.ffs.ready=1) from (/system/etc/init/hw/init.usb.configfs.rc:20)
05-21 15:18:57.701 1 1 I init : Command 'symlink /config/usb_gadget/g1/functions/ffs.adb /config/usb_gadget/g1/configs/b.1/f1' action=sys.usb.config=adb && sys.usb.configfs=1 && sys.usb.ffs.ready=1 (/system/etc/init/hw/init.usb.configfs.rc:22) took 0ms and failed: symlink() failed: File exists
05-21 15:18:57.702 1 1 I init : Command 'write /config/usb_gadget/g1/UDC ${sys.usb.controller}' action=sys.usb.config=adb && sys.usb.configfs=1 && sys.usb.ffs.ready=1 (/system/etc/init/hw/init.usb.configfs.rc:23) took 0ms and failed: Unable to write to file '/config/usb_gadget/g1/UDC': Unable to write file contents: Device or resource busy
05-21 15:18:58.759 29262 29262 I : read descriptors
05-21 15:18:58.759 29262 29262 I : read strings
05-21 15:18:58.759 1 1 I init : processing action (sys.usb.config=adb && sys.usb.configfs=1 && sys.usb.ffs.ready=1) from (/system/etc/init/hw/init.usb.configfs.rc:20)
05-21 15:18:58.760 1 1 I init : Command 'symlink /config/usb_gadget/g1/functions/ffs.adb /config/usb_gadget/g1/configs/b.1/f1' action=sys.usb.config=adb && sys.usb.configfs=1 && sys.usb.ffs.ready=1 (/system/etc/init/hw/init.usb.configfs.rc:22) took 0ms and failed: symlink() failed: File exists
05-21 15:18:58.761 1 1 I init : Command 'write /config/usb_gadget/g1/UDC ${sys.usb.controller}' action=sys.usb.config=adb && sys.usb.configfs=1 && sys.usb.ffs.ready=1 (/system/etc/init/hw/init.usb.configfs.rc:23) took 0ms and failed: Unable to write to file '/config/usb_gadget/g1/UDC': Unable to write file contents: Device or resource busy
05-21 15:18:59.823 29262 29262 I : read descriptors
05-21 15:18:59.823 29262 29262 I : read strings
05-21 15:18:59.825 1 1 I init : processing action (sys.usb.config=adb && sys.usb.configfs=1 && sys.usb.ffs.ready=1) from (/system/etc/init/hw/init.usb.configfs.rc:20)
05-19 14:57:04.300 3656 3656 I view_enqueue_input_event: [Motion - Cancel,com.ebensz.enote.notepad/com.ebensz.enote.notepad.EditActivity]
05-21 15:19:00.880 29262 29262 I : read descriptors
05-21 15:19:00.880 29262 29262 I : read strings
05-19 14:57:04.842 3656 3656 I view_enqueue_input_event: [Motion - Cancel,com.ebensz.enote.notepad/com.ebensz.enote.notepad.EditActivity]
05-19 14:57:05.020 3656 3656 I view_enqueue_input_event: [Motion - Cancel,com.ebensz.enote.notepad/com.ebensz.enote.notepad.EditActivity]
05-19 14:57:05.193 3656 3656 I view_enqueue_input_event: [Motion - Cancel,com.ebensz.enote.notepad/com.ebensz.enote.notepad.EditActivity]
05-21 15:19:01.943 29262 29262 I : read descriptors
05-21 15:19:01.943 29262 29262 I : read strings
05-21 15:19:01.945 1 1 I init : processing action (sys.usb.config=adb && sys.usb.configfs=1 && sys.usb.ffs.ready=1) from (/system/etc/init/hw/init.usb.configfs.rc:20)
05-21 15:19:01.947 1 1 I init : Command 'symlink /config/usb_gadget/g1/functions/ffs.adb /config/usb_gadget/g1/configs/b.1/f1' action=sys.usb.config=adb && sys.usb.configfs=1 && sys.usb.ffs.ready=1 (/system/etc/init/hw/init.usb.configfs.rc:22) took 0ms and failed: symlink() failed: File exists
05-21 15:19:01.948 1 1 I init : Command 'write /config/usb_gadget/g1/UDC ${sys.usb.controller}' action=sys.usb.config=adb && sys.usb.configfs=1 && sys.usb.ffs.ready=1 (/system/etc/init/hw/init.usb.configfs.rc:23) took 0ms and failed: Unable to write to file '/config/usb_gadget/g1/UDC': Unable to write file contents: Device or resource busy
05-19 14:57:05.384 3656 3656 I view_enqueue_input_event: [Motion - Cancel,com.ebensz.enote.notepad/com.ebensz.enote.notepad.EditActivity]
05-19 14:57:05.782 3656 3656 I view_enqueue_input_event: [Motion - Cancel,com.ebensz.enote.notepad/com.ebensz.enote.notepad.EditActivity]
05-19 14:57:05.784 3656 3656 I view_enqueue_input_event: [Motion - Cancel,com.ebensz.enote.notepad/com.ebensz.enote.notepad.EditActivity]
05-19 14:57:05.807 3656 3656 I view_enqueue_input_event: [Motion - Cancel,com.ebensz.enote.notepad/com.ebensz.enote.notepad.EditActivity]
05-19 14:57:06.222 3656 3656 I view_enqueue_input_event: [Motion - Cancel,com.ebensz.enote.notepad/com.ebensz.enote.notepad.EditActivity]
05-21 15:19:02.997 29262 29262 I : read descriptors
05-21 15:19:02.997 29262 29262 I : read strings
05-21 15:19:03.000 1 1 I init : processing action (sys.usb.config=adb && sys.usb.configfs=1 && sys.usb.ffs.ready=1) from (/system/etc/init/hw/init.usb.configfs.rc:20)
05-21 15:19:03.003 1 1 I init : Command 'symlink /config/usb_gadget/g1/functions/ffs.adb /config/usb_gadget/g1/configs/b.1/f1' action=sys.usb.config=adb && sys.usb.configfs=1 && sys.usb.ffs.ready=1 (/system/etc/init/hw/init.usb.configfs.rc:22) took 0ms and failed: symlink() failed: File exists
05-21 15:19:03.003 1 1 I init : Command 'write /config/usb_gadget/g1/UDC ${sys.usb.controller}' action=sys.usb.config=adb && sys.usb.configfs=1 && sys.usb.ffs.ready=1 (/system/etc/init/hw/init.usb.configfs.rc:23) took 0ms and failed: Unable to write to file '/config/usb_gadget/g1/UDC': Unable to write file contents: Device or resource busy
05-19 14:57:06.740 3656 3656 I view_enqueue_input_event: [Motion - Cancel,com.ebensz.enote.notepad/com.ebensz.enote.notepad.EditActivity]
05-19 14:57:06.742 3656 3656 I view_enqueue_input_event: [Motion - Cancel,com.ebensz.enote.notepad/com.ebensz.enote.notepad.EditActivity]
05-21 15:19:04.050 29262 29262 I : read descriptors
05-21 15:19:04.050 29262 29262 I : read strings
05-21 15:19:04.052 1 1 I init : processing action (sys.usb.config=adb && sys.usb.configfs=1 && sys.usb.ffs.ready=1) from (/system/etc/init/hw/init.usb.configfs.rc:20)
05-21 15:19:04.055 1 1 I init : Command 'symlink /config/usb_gadget/g1/functions/ffs.adb /config/usb_gadget/g1/configs/b.1/f1' action=sys.usb.config=adb && sys.usb.configfs=1 && sys.usb.ffs.ready=1 (/system/etc/init/hw/init.usb.configfs.rc:22) took 0ms and failed: symlink() failed: File exists
05-21 15:19:04.056 1 1 I init : Command 'write /config/usb_gadget/g1/UDC ${sys.usb.controller}' action=sys.usb.config=adb && sys.usb.configfs=1 && sys.usb.ffs.ready=1 (/system/etc/init/hw/init.usb.configfs.rc:23) took 0ms and failed: Unable to write to file '/config/usb_gadget/g1/UDC': Unable to write file contents: Device or resource busy
05-21 15:19:05.116 29262 29262 I : read descriptors
05-21 15:19:05.116 29262 29262 I : read strings
05-21 15:19:05.118 1 1 I init : processing action (sys.usb.config=adb && sys.usb.configfs=1 && sys.usb.ffs.ready=1) from (/system/etc/init/hw/init.usb.configfs.rc:20)
05-19 14:57:09.157 3656 3656 I view_enqueue_input_event: [Motion - Cancel,com.ebensz.enote.notepad/com.ebensz.enote.notepad.EditActivity]
05-19 14:57:09.159 3656 3656 I view_enqueue_input_event: [Motion - Cancel,com.ebensz.enote.notepad/com.ebensz.enote.notepad.EditActivity]
05-21 15:19:06.167 29262 29262 I : read descriptors
05-21 15:19:06.167 29262 29262 I : read strings
05-21 15:19:07.203 29262 29262 I : read descriptors
05-21 15:19:07.203 29262 29262 I : read strings
05-21 15:19:07.205 1 1 I init : processing action (sys.usb.config=adb && sys.usb.configfs=1 && sys.usb.ffs.ready=1) from (/system/etc/init/hw/init.usb.configfs.rc:20)
05-21 15:19:07.207 1 1 I init : Command 'symlink /config/usb_gadget/g1/functions/ffs.adb /config/usb_gadget/g1/configs/b.1/f1' action=sys.usb.config=adb && sys.usb.configfs=1 && sys.usb.ffs.ready=1 (/system/etc/init/hw/init.usb.configfs.rc:22) took 0ms and failed: symlink() failed: File exists
05-21 15:19:07.207 1 1 I init : Command 'write /config/usb_gadget/g1/UDC ${sys.usb.controller}' action=sys.usb.config=adb && sys.usb.configfs=1 && sys.usb.ffs.ready=1 (/system/etc/init/hw/init.usb.configfs.rc:23) took 0ms and failed: Unable to write to file '/config/usb_gadget/g1/UDC': Unable to write file contents: Device or resource busy
05-21 15:19:08.256 29262 29262 I : read descriptors
05-21 15:19:08.256 29262 29262 I : read strings
05-21 15:19:08.258 1 1 I init : processing action (sys.usb.config=adb && sys.usb.configfs=1 && sys.usb.ffs.ready=1) from (/system/etc/init/hw/init.usb.configfs.rc:20)
05-21 15:19:08.259 1 1 I init : Command 'symlink /config/usb_gadget/g1/functions/ffs.adb /config/usb_gadget/g1/configs/b.1/f1' action=sys.usb.config=adb && sys.usb.configfs=1 && sys.usb.ffs.ready=1 (/system/etc/init/hw/init.usb.configfs.rc:22) took 0ms and failed: symlink() failed: File exists
05-21 15:19:08.260 1 1 I init : Command 'write /config/usb_gadget/g1/UDC ${sys.usb.controller}' action=sys.usb.config=adb && sys.usb.configfs=1 && sys.usb.ffs.ready=1 (/system/etc/init/hw/init.usb.configfs.rc:23) took 0ms and failed: Unable to write to file '/config/usb_gadget/g1/UDC': Unable to write file contents: Device or resource busy
05-21 15:19:09.303 29262 29262 I : read descriptors
05-21 15:19:09.303 29262 29262 I : read strings
05-21 15:19:09.305 1 1 I init : processing action (sys.usb.config=adb && sys.usb.configfs=1 && sys.usb.ffs.ready=1) from (/system/etc/init/hw/init.usb.configfs.rc:20)
05-21 15:19:09.308 1 1 I init : Command 'symlink /config/usb_gadget/g1/functions/ffs.adb /config/usb_gadget/g1/configs/b.1/f1' action=sys.usb.config=adb && sys.usb.configfs=1 && sys.usb.ffs.ready=1 (/system/etc/init/hw/init.usb.configfs.rc:22) took 0ms and failed: symlink() failed: File exists
05-21 15:19:09.310 1 1 I init : Command 'write /config/usb_gadget/g1/UDC ${sys.usb.controller}' action=sys.usb.config=adb && sys.usb.configfs=1 && sys.usb.ffs.ready=1 (/system/etc/init/hw/init.usb.configfs.rc:23) took 1ms and failed: Unable to write to file '/config/usb_gadget/g1/UDC': Unable to write file contents: Device or resource busy
05-21 15:19:10.360 29262 29262 I : read descriptors
05-21 15:19:10.360 29262 29262 I : read strings
05-21 15:19:10.361 1 1 I init : processing action (sys.usb.config=adb && sys.usb.configfs=1 && sys.usb.ffs.ready=1) from (/system/etc/init/hw/init.usb.configfs.rc:20)
05-21 15:19:11.400 29262 29262 I : read descriptors
05-21 15:19:11.400 29262 29262 I : read strings
05-21 15:19:12.440 29262 29262 I : read descriptors
05-21 15:19:12.440 29262 29262 I : read strings
