05-19 14:46:15.431 627 710 I input_focus: [Focus entering ad1976f com.ebensz.enote.notepad/com.ebensz.enote.notepad.EditActivity (server),reason=Window became focusable. Previous reason: NOT_VISIBLE]
05-19 14:46:15.432 627 647 I wm_destroy_activity: [0,118503995,159,com.ebensz.enote.notepad/.BrowserActivity,finish-imm:transit]
05-19 14:46:15.450 31530 31530 I wm_on_stop_called: [118503995,com.ebensz.enote.notepad.BrowserActivity,LIFECYCLER_STOP_ACTIVITY]
05-19 14:46:15.454 31530 31530 I wm_on_destroy_called: [118503995,com.ebensz.enote.notepad.BrowserActivity,performDestroy]
05-19 14:46:15.748 627 627 I notification_enqueue: [10038,26859,com.ebensz.enote.notepad,2,NULL,0,Notification(channel=monitor_channel_01 shortcut=null contentView=null vibrate=null sound=null defaults=0x0 flags=0x40 color=0x00000000 vis=PRIVATE),0]
05-19 14:46:15.846 627 627 I sysui_multi_action: [757,128,758,5,759,8,793,98,794,0,795,98,796,2,806,com.ebensz.enote.notepad,857,monitor_channel_01,858,2,947,0,1500,98,1688,4,1689,2,1690,1]
05-19 14:46:15.846 627 627 I notification_canceled: [0|com.ebensz.enote.notepad|2|null|10038,8,98,98,0,-1,-1,NULL]
05-19 14:46:17.275 627 710 I input_interaction: Interaction with: d7a6ca1 NavigationBar0 (server), PointerEventDispatcher0 (server),
05-19 14:46:17.276 781 781 I sysui_multi_action: [757,931,758,4,759,4,932,0,933,0]
05-19 14:46:17.279 627 710 I input_interaction: Interaction with: ad1976f com.ebensz.enote.notepad/com.ebensz.enote.notepad.EditActivity (server), PointerEventDispatcher0 (server),
05-19 14:46:17.290 627 710 I input_interaction: Interaction with: d7a6ca1 NavigationBar0 (server), PointerEventDispatcher0 (server),
05-19 14:46:17.355 781 781 I sysui_multi_action: [757,931,758,4,759,4,932,0,933,1]
05-19 14:46:17.357 627 1072 I sysui_multi_action: [757,803,799,key_back_press,802,1]
05-19 14:46:17.365 627 1072 I wm_finish_activity: [0,149415984,159,com.ebensz.enote.notepad/.EditActivity,app-request]
05-19 14:46:17.366 627 1072 I wm_task_moved: [155,1,15]
05-19 14:46:17.366 627 1072 I wm_task_to_front: [0,155]
05-19 14:46:17.369 627 1072 I wm_focused_root_task: [0,0,155,159,finish-top adjustFocusToNextFocusableTask]
05-19 14:46:17.383 627 1072 I wm_pause_activity: [0,149415984,com.ebensz.enote.notepad/.EditActivity,userLeaving=false,finish]
05-19 14:46:17.388 627 648 I input_focus: [Focus request ee74569 com.ebensz.enote.entry/com.ebensz.enote.entry.activity.EntryActivity,reason=UpdateInputWindows]
05-19 14:46:17.388 31530 31530 I wm_on_top_resumed_lost_called: [149415984,com.ebensz.enote.notepad.EditActivity,topStateChangedWhenResumed]
05-19 14:46:17.404 31530 31530 I wm_on_paused_called: [149415984,com.ebensz.enote.notepad.EditActivity,performPause]
05-19 14:46:17.405 627 1072 I wm_set_resumed_activity: [0,com.ebensz.enote.entry/.activity.EntryActivity,resumeTopActivity]
05-19 14:46:17.405 627 1072 I wm_resume_activity: [0,163134244,155,com.ebensz.enote.entry/.activity.EntryActivity]
05-19 14:46:17.412 627 647 I sysui_multi_action: [757,803,799,window_time_0,802,2]
05-19 14:46:17.412 627 647 I wm_destroy_activity: [0,149415984,159,com.ebensz.enote.notepad/.EditActivity,finish-transit]
05-19 14:46:17.416 2331 2331 I wm_on_resume_called: [163134244,com.ebensz.enote.entry.activity.EntryActivity,RESUME_ACTIVITY]
05-19 14:46:17.416 2331 2331 I wm_on_top_resumed_gained_called: [163134244,com.ebensz.enote.entry.activity.EntryActivity,topWhenResuming]
05-19 14:46:17.418 627 710 I input_focus: [Focus leaving ad1976f com.ebensz.enote.notepad/com.ebensz.enote.notepad.EditActivity (server),reason=NO_WINDOW]
05-19 14:46:17.418 627 710 I input_focus: [Focus entering ee74569 com.ebensz.enote.entry/com.ebensz.enote.entry.activity.EntryActivity (server),reason=setFocusedWindow]
05-19 14:46:17.433 31530 31530 I wm_on_stop_called: [149415984,com.ebensz.enote.notepad.EditActivity,LIFECYCLER_STOP_ACTIVITY]
05-19 14:46:17.450 31530 31530 I wm_on_destroy_called: [149415984,com.ebensz.enote.notepad.EditActivity,performDestroy]
05-19 14:46:17.458 627 627 I notification_enqueue: [10038,26859,com.ebensz.enote.notepad,2,NULL,0,Notification(channel=monitor_channel_01 shortcut=null contentView=null vibrate=null sound=null defaults=0x0 flags=0x40 color=0x00000000 vis=PRIVATE),0]
05-19 14:46:17.476 627 8957 I wm_task_removed: [159,removeChild:removeChild last r=ActivityRecord{8e7e830 u0 com.ebensz.enote.notepad/.EditActivity t-1 f}} in t=Task{f2cd762 #159 type=standard A=10038:android.task.enote U=0 visible=false visibleRequested=false mode=fullscreen translucent=true sz=0}]
05-19 14:46:17.476 627 8957 I wm_task_removed: [159,removeChild]
05-19 14:46:17.538 627 627 I sysui_multi_action: [757,128,758,5,759,8,793,82,794,0,795,82,796,2,806,com.ebensz.enote.notepad,857,monitor_channel_01,858,2,947,0,1500,82,1688,4,1689,2,1690,1]
05-19 14:46:17.538 627 627 I notification_canceled: [0|com.ebensz.enote.notepad|2|null|10038,8,82,82,0,-1,-1,NULL]
05-19 14:46:17.710 627 646 I commit_sys_config_file: [notification-policy,79655416]
05-19 14:46:20.008 627 710 I input_interaction: Interaction with: ee74569 com.ebensz.enote.entry/com.ebensz.enote.entry.activity.EntryActivity (server), PointerEventDispatcher0 (server),
05-19 14:46:20.203 627 8957 I wm_task_created: [160,-1]
05-19 14:46:20.205 627 8957 I wm_task_moved: [160,1,15]
05-19 14:46:20.205 627 8957 I wm_task_to_front: [0,160]
05-19 14:46:20.206 627 8957 I wm_create_task: [0,160]
05-19 14:46:20.206 627 8957 I wm_create_activity: [0,75069023,160,com.ebensz.enote.notepad/.EditActivity,eben.note.intent.action.PAGE_EDITE,application/note,content://com.ebensz.enote.entry.fileprovider/root/storage/emulated/0/mydoc/记事本/会议记录,268435456]
05-19 14:46:20.206 627 8957 I wm_task_moved: [160,1,15]
05-19 14:46:20.206 627 8957 I wm_pause_activity: [0,163134244,com.ebensz.enote.entry/.activity.EntryActivity,userLeaving=true,pauseBackTasks]
05-19 14:46:20.219 2331 2331 I wm_on_top_resumed_lost_called: [163134244,com.ebensz.enote.entry.activity.EntryActivity,topStateChangedWhenResumed]
05-19 14:46:20.222 2331 2331 I wm_on_paused_called: [163134244,com.ebensz.enote.entry.activity.EntryActivity,performPause]
05-19 14:46:20.223 627 18032 I wm_restart_activity: [0,75069023,160,com.ebensz.enote.notepad/.EditActivity]
05-19 14:46:20.223 627 18032 I wm_set_resumed_activity: [0,com.ebensz.enote.notepad/.EditActivity,minimalResumeActivityLocked]
05-19 14:46:20.224 627 627 I sysui_multi_action: [757,128,758,5,759,8,793,132020,794,0,795,132020,796,1,806,com.ebensz.enote.notepad,857,recording_channel_01,858,2,947,0,1500,131820,1688,4,1689,2,1690,1]
05-19 14:46:20.224 627 627 I notification_canceled: [0|com.ebensz.enote.notepad|1|null|10038,8,132020,132020,0,-1,-1,NULL]
05-19 14:46:20.227 627 647 I sysui_multi_action: [757,803,799,window_time_0,802,3]
05-19 14:46:20.238 627 627 I notification_cancel_all: [1000,627,com.ebensz.enote.notepad,0,0,0,20,NULL]
05-19 14:46:20.238 627 627 I notification_cancel_all: [1000,627,com.ebensz.enote.notepad,0,0,0,20,NULL]
05-19 14:46:20.372 31530 31530 I wm_on_create_called: [75069023,com.ebensz.enote.notepad.EditActivity,performCreate]
05-19 14:46:20.373 31530 31530 I wm_on_start_called: [75069023,com.ebensz.enote.notepad.EditActivity,handleStartActivity]
05-19 14:46:20.629 31530 31530 I wm_on_resume_called: [75069023,com.ebensz.enote.notepad.EditActivity,RESUME_ACTIVITY]
05-19 14:46:20.635 31530 31530 I wm_on_top_resumed_gained_called: [75069023,com.ebensz.enote.notepad.EditActivity,topStateChangedWhenResumed]
05-19 14:46:20.661 627 648 I input_focus: [Focus request 5498f2a com.ebensz.enote.notepad/com.ebensz.enote.notepad.EditActivity,reason=UpdateInputWindows]
05-19 14:46:20.694 627 710 I input_focus: [Focus leaving ee74569 com.ebensz.enote.entry/com.ebensz.enote.entry.activity.EntryActivity (server),reason=Waiting for window because NO_WINDOW]
05-19 14:46:20.872 627 627 I notification_enqueue: [10038,26859,com.ebensz.enote.notepad,2,NULL,0,Notification(channel=monitor_channel_01 shortcut=null contentView=null vibrate=null sound=null defaults=0x0 flags=0x40 color=0x00000000 vis=PRIVATE),0]
05-19 14:46:20.908 627 18032 I sysui_multi_action: [757,856,758,1,806,com.ebensz.enote.notepad,857,channel_record,858,2]
05-19 14:46:20.909 627 18032 I sysui_multi_action: [757,856,758,2,806,com.ebensz.enote.notepad,857,channel_record,858,2]
05-19 14:46:20.910 627 627 I notification_cancel_all: [1000,627,com.ebensz.enote.notepad,0,0,0,20,NULL]
05-19 14:46:20.910 627 627 I notification_cancel_all: [1000,627,com.ebensz.enote.notepad,0,0,0,20,NULL]
05-19 14:46:20.913 627 627 I notification_enqueue: [10038,31530,com.ebensz.enote.notepad,1,NULL,0,Notification(channel=recording_channel_01 shortcut=null contentView=null vibrate=null sound=null defaults=0x0 flags=0x40 color=0x00000000 vis=PRIVATE),0]
05-19 14:46:20.914 627 627 I sysui_multi_action: [757,128,758,5,759,8,793,43,794,0,795,43,796,2,806,com.ebensz.enote.notepad,857,monitor_channel_01,858,2,947,0,1500,43,1688,4,1689,2,1690,1]
05-19 14:46:20.914 627 627 I notification_canceled: [0|com.ebensz.enote.notepad|2|null|10038,8,43,43,0,-1,-1,NULL]
05-19 14:46:20.915 627 644 I sysui_multi_action: [319,710,322,710,325,79669,757,761,758,8,759,2,806,com.ebensz.enote.notepad,871,com.ebensz.enote.notepad.EditActivity,904,com.ebensz.enote.entry,905,0,1320,4,1321,1]
05-19 14:46:20.916 627 644 I wm_activity_launch_time: [0,75069023,com.ebensz.enote.notepad/.EditActivity,710]
05-19 14:46:20.931 627 710 I input_focus: [Focus entering 5498f2a com.ebensz.enote.notepad/com.ebensz.enote.notepad.EditActivity (server),reason=Window became focusable. Previous reason: NOT_VISIBLE]
05-19 14:46:21.114 627 627 I sysui_multi_action: [757,1501,758,1,793,202,794,0,795,202,796,1,806,com.ebensz.enote.notepad,857,recording_channel_01,858,2,947,0,1500,0,1688,4,1689,2,1690,1]
05-19 14:46:21.114 627 627 I sysui_multi_action: [757,804,799,note_interruptive,801,0,802,1]
05-19 14:46:21.135 627 646 I commit_sys_config_file: [notification-policy,79658841]
05-19 14:46:21.530 627 710 I input_interaction: Interaction with: 5498f2a com.ebensz.enote.notepad/com.ebensz.enote.notepad.EditActivity (server), PointerEventDispatcher0 (server),
05-19 14:46:21.618 627 18032 I wm_task_moved: [160,1,15]
05-19 14:46:21.619 627 18032 I wm_set_resumed_activity: [0,com.ebensz.enote.notepad/.EditActivity,positionChildAt]
05-19 14:46:21.619 627 18032 I wm_create_activity: [0,57812310,160,com.ebensz.enote.notepad/.BrowserActivity,com.ebensz.enote.action.BROWSER_PAGE,NULL,NULL,268435456]
05-19 14:46:21.620 627 18032 I wm_pause_activity: [0,75069023,com.ebensz.enote.notepad/.EditActivity,userLeaving=true,resumeTopActivity]
05-19 14:46:21.629 31530 31530 I wm_on_top_resumed_lost_called: [75069023,com.ebensz.enote.notepad.EditActivity,topStateChangedWhenResumed]
05-19 14:46:21.640 31530 31530 I wm_on_paused_called: [75069023,com.ebensz.enote.notepad.EditActivity,performPause]
05-19 14:46:21.641 627 1072 I wm_add_to_stopping: [0,75069023,com.ebensz.enote.notepad/.EditActivity,makeInvisible]
05-19 14:46:21.641 627 1072 I wm_add_to_stopping: [0,163134244,com.ebensz.enote.entry/.activity.EntryActivity,makeInvisible]
05-19 14:46:21.642 627 1072 I wm_restart_activity: [0,57812310,160,com.ebensz.enote.notepad/.BrowserActivity]
05-19 14:46:21.643 627 1072 I wm_set_resumed_activity: [0,com.ebensz.enote.notepad/.BrowserActivity,minimalResumeActivityLocked]
05-19 14:46:21.647 627 647 I sysui_multi_action: [757,803,799,window_time_0,802,2]
05-19 14:46:21.678 627 710 I input_focus: [Focus leaving 5498f2a com.ebensz.enote.notepad/com.ebensz.enote.notepad.EditActivity (server),reason=NO_WINDOW]
05-19 14:46:21.710 31530 31530 I wm_on_create_called: [57812310,com.ebensz.enote.notepad.BrowserActivity,performCreate]
05-19 14:46:21.714 31530 31530 I wm_on_start_called: [57812310,com.ebensz.enote.notepad.BrowserActivity,handleStartActivity]
05-19 14:46:21.714 31530 31530 I wm_on_resume_called: [57812310,com.ebensz.enote.notepad.BrowserActivity,RESUME_ACTIVITY]
05-19 14:46:21.720 31530 31530 I wm_on_top_resumed_gained_called: [57812310,com.ebensz.enote.notepad.BrowserActivity,topStateChangedWhenResumed]
05-19 14:46:21.742 627 648 I input_focus: [Focus request ebda730 com.ebensz.enote.notepad/com.ebensz.enote.notepad.BrowserActivity,reason=UpdateInputWindows]
05-19 14:46:21.763 627 644 I wm_activity_launch_time: [0,57812310,com.ebensz.enote.notepad/.BrowserActivity,140]
05-19 14:46:21.767 627 647 I wm_stop_activity: [0,163134244,com.ebensz.enote.entry/.activity.EntryActivity]
05-19 14:46:21.767 627 647 I wm_stop_activity: [0,75069023,com.ebensz.enote.notepad/.EditActivity]
05-19 14:46:21.770 627 710 I input_focus: [Focus entering ebda730 com.ebensz.enote.notepad/com.ebensz.enote.notepad.BrowserActivity (server),reason=setFocusedWindow]
05-19 14:46:21.771 2331 2331 I wm_on_stop_called: [163134244,com.ebensz.enote.entry.activity.EntryActivity,STOP_ACTIVITY_ITEM]
05-19 14:46:21.783 31530 31530 I wm_on_stop_called: [75069023,com.ebensz.enote.notepad.EditActivity,STOP_ACTIVITY_ITEM]
05-19 14:46:24.530 627 710 I input_interaction: Interaction with: ebda730 com.ebensz.enote.notepad/com.ebensz.enote.notepad.BrowserActivity (server), PointerEventDispatcher0 (server),
05-19 14:46:35.270 627 1072 I wm_finish_activity: [0,57812310,160,com.ebensz.enote.notepad/.BrowserActivity,clear-task-stack]
05-19 14:46:35.288 627 1072 I wm_pause_activity: [0,57812310,com.ebensz.enote.notepad/.BrowserActivity,userLeaving=false,finish]
05-19 14:46:35.290 627 1072 I wm_new_intent: [0,75069023,160,com.ebensz.enote.notepad/.EditActivity,eben.note.intent.action.PAGE_EDITE,application/note,content://com.ebensz.enote.entry.fileprovider/root/storage/emulated/0/mydoc/记事本/会议记录,268435456]
05-19 14:46:35.291 627 1072 I wm_task_moved: [160,1,15]
05-19 14:46:35.295 627 648 I dvm_lock_sample: [system_server,1,android.anim,25,InputMonitor.java,156,void com.android.server.wm.InputMonitor$UpdateInputWindows.run(),TaskChangeNotificationController.java,342,void com.android.server.wm.TaskChangeNotificationController.forAllLocalListeners(com.android.server.wm.TaskChangeNotificationController$TaskStackConsumer, android.os.Message),5]
05-19 14:46:35.300 31530 31530 I wm_on_top_resumed_lost_called: [57812310,com.ebensz.enote.notepad.BrowserActivity,topStateChangedWhenResumed]
05-19 14:46:35.302 31530 31530 I wm_on_paused_called: [57812310,com.ebensz.enote.notepad.BrowserActivity,performPause]
05-19 14:46:35.302 627 1072 I wm_add_to_stopping: [0,57812310,com.ebensz.enote.notepad/.BrowserActivity,completeFinishing]
05-19 14:46:35.303 627 1072 I wm_set_resumed_activity: [0,com.ebensz.enote.notepad/.EditActivity,resumeTopActivity]
05-19 14:46:35.306 627 1072 I wm_resume_activity: [0,75069023,160,com.ebensz.enote.notepad/.EditActivity]
05-19 14:46:35.312 627 647 I sysui_multi_action: [757,803,799,window_time_0,802,13]
05-19 14:46:35.313 31530 31530 I wm_on_restart_called: [75069023,com.ebensz.enote.notepad.EditActivity,performRestartActivity]
05-19 14:46:35.315 31530 31530 I wm_on_start_called: [75069023,com.ebensz.enote.notepad.EditActivity,handleStartActivity]
05-19 14:46:35.323 627 710 I input_focus: [Focus leaving ebda730 com.ebensz.enote.notepad/com.ebensz.enote.notepad.BrowserActivity (server),reason=NO_WINDOW]
05-19 14:46:35.328 2331 2331 I wm_on_restart_called: [163134244,com.ebensz.enote.entry.activity.EntryActivity,performRestartActivity]
05-19 14:46:35.328 2331 2331 I wm_on_start_called: [163134244,com.ebensz.enote.entry.activity.EntryActivity,handleStartActivity]
05-19 14:46:35.646 31530 31530 I wm_on_resume_called: [75069023,com.ebensz.enote.notepad.EditActivity,RESUME_ACTIVITY]
05-19 14:46:35.646 31530 31530 I wm_on_top_resumed_gained_called: [75069023,com.ebensz.enote.notepad.EditActivity,topWhenResuming]
05-19 14:46:35.654 627 648 I input_focus: [Focus request 5498f2a com.ebensz.enote.notepad/com.ebensz.enote.notepad.EditActivity,reason=UpdateInputWindows]
05-19 14:46:35.747 627 647 I wm_destroy_activity: [0,57812310,160,com.ebensz.enote.notepad/.BrowserActivity,finish-imm:transit]
05-19 14:46:35.761 627 710 I input_focus: [Focus entering 5498f2a com.ebensz.enote.notepad/com.ebensz.enote.notepad.EditActivity (server),reason=Window became focusable. Previous reason: NOT_VISIBLE]
05-19 14:46:35.762 31530 31530 I wm_on_stop_called: [57812310,com.ebensz.enote.notepad.BrowserActivity,LIFECYCLER_STOP_ACTIVITY]
05-19 14:46:35.765 31530 31530 I wm_on_destroy_called: [57812310,com.ebensz.enote.notepad.BrowserActivity,performDestroy]
05-19 14:46:36.038 627 627 I notification_enqueue: [10038,26859,com.ebensz.enote.notepad,2,NULL,0,Notification(channel=monitor_channel_01 shortcut=null contentView=null vibrate=null sound=null defaults=0x0 flags=0x40 color=0x00000000 vis=PRIVATE),0]
05-19 14:46:36.117 627 627 I sysui_multi_action: [757,128,758,5,759,8,793,80,794,0,795,80,796,2,806,com.ebensz.enote.notepad,857,monitor_channel_01,858,2,947,0,1500,80,1688,4,1689,2,1690,1]
05-19 14:46:36.117 627 627 I notification_canceled: [0|com.ebensz.enote.notepad|2|null|10038,8,80,80,0,-1,-1,NULL]
05-19 14:46:36.296 627 646 I commit_sys_config_file: [notification-policy,79674002]
05-19 14:46:37.567 627 710 I input_interaction: Interaction with: 5498f2a com.ebensz.enote.notepad/com.ebensz.enote.notepad.EditActivity (server), PointerEventDispatcher0 (server),
05-19 14:46:40.911 627 710 I input_interaction: Interaction with: 2d9a650 StatusBar (server), PointerEventDispatcher0 (server),
05-19 14:46:40.919 781 781 I sysui_multi_action: [757,803,799,panel_open,802,1]
05-19 14:46:40.922 781 781 I sysui_multi_action: [757,1328,758,4,1326,98,1327,0,1329,0]
05-19 14:46:53.363 627 668 I sysui_multi_action: [757,1696,758,6,759,2]
05-19 14:46:54.541 627 710 I input_interaction: Interaction with: 5498f2a com.ebensz.enote.notepad/com.ebensz.enote.notepad.EditActivity (server), PointerEventDispatcher0 (server),
05-19 14:46:54.545 627 668 I sysui_multi_action: [757,1696,758,6,759,3]
05-19 14:46:54.647 627 1072 I wm_task_moved: [160,1,15]
05-19 14:46:54.648 627 1072 I wm_set_resumed_activity: [0,com.ebensz.enote.notepad/.EditActivity,positionChildAt]
05-19 14:46:54.648 627 1072 I wm_create_activity: [0,155367184,160,com.ebensz.enote.notepad/.BrowserActivity,com.ebensz.enote.action.BROWSER_PAGE,NULL,NULL,268435456]
05-19 14:46:54.652 627 1072 I wm_pause_activity: [0,75069023,com.ebensz.enote.notepad/.EditActivity,userLeaving=true,resumeTopActivity]
05-19 14:46:54.659 31530 31530 I wm_on_top_resumed_lost_called: [75069023,com.ebensz.enote.notepad.EditActivity,topStateChangedWhenResumed]
05-19 14:46:54.667 31530 31530 I wm_on_paused_called: [75069023,com.ebensz.enote.notepad.EditActivity,performPause]
05-19 14:46:54.668 627 943 I wm_add_to_stopping: [0,75069023,com.ebensz.enote.notepad/.EditActivity,makeInvisible]
05-19 14:46:54.668 627 943 I wm_add_to_stopping: [0,163134244,com.ebensz.enote.entry/.activity.EntryActivity,makeInvisible]
05-19 14:46:54.669 627 943 I wm_restart_activity: [0,155367184,160,com.ebensz.enote.notepad/.BrowserActivity]
05-19 14:46:54.670 627 943 I wm_set_resumed_activity: [0,com.ebensz.enote.notepad/.BrowserActivity,minimalResumeActivityLocked]
05-19 14:46:54.676 627 647 I sysui_multi_action: [757,803,799,window_time_0,802,20]
05-19 14:46:54.707 627 710 I input_focus: [Focus leaving 5498f2a com.ebensz.enote.notepad/com.ebensz.enote.notepad.EditActivity (server),reason=NO_WINDOW]
05-19 14:46:54.745 31530 31530 I wm_on_create_called: [155367184,com.ebensz.enote.notepad.BrowserActivity,performCreate]
05-19 14:46:54.749 31530 31530 I wm_on_start_called: [155367184,com.ebensz.enote.notepad.BrowserActivity,handleStartActivity]
05-19 14:46:54.750 31530 31530 I wm_on_resume_called: [155367184,com.ebensz.enote.notepad.BrowserActivity,RESUME_ACTIVITY]
05-19 14:46:54.755 31530 31530 I wm_on_top_resumed_gained_called: [155367184,com.ebensz.enote.notepad.BrowserActivity,topStateChangedWhenResumed]
05-19 14:46:54.773 627 648 I input_focus: [Focus request 4a5264b com.ebensz.enote.notepad/com.ebensz.enote.notepad.BrowserActivity,reason=UpdateInputWindows]
05-19 14:46:54.799 627 644 I wm_activity_launch_time: [0,155367184,com.ebensz.enote.notepad/.BrowserActivity,149]
05-19 14:46:54.803 627 647 I wm_stop_activity: [0,163134244,com.ebensz.enote.entry/.activity.EntryActivity]
05-19 14:46:54.803 627 647 I wm_stop_activity: [0,75069023,com.ebensz.enote.notepad/.EditActivity]
05-19 14:46:54.804 2331 2331 I wm_on_stop_called: [163134244,com.ebensz.enote.entry.activity.EntryActivity,STOP_ACTIVITY_ITEM]
05-19 14:46:54.812 31530 31530 I wm_on_stop_called: [75069023,com.ebensz.enote.notepad.EditActivity,STOP_ACTIVITY_ITEM]
05-19 14:46:54.817 627 710 I input_focus: [Focus entering 4a5264b com.ebensz.enote.notepad/com.ebensz.enote.notepad.BrowserActivity (server),reason=Window became focusable. Previous reason: NOT_VISIBLE]
05-19 14:46:56.220 627 710 I input_interaction: Interaction with: 4a5264b com.ebensz.enote.notepad/com.ebensz.enote.notepad.BrowserActivity (server), PointerEventDispatcher0 (server),
05-19 14:47:06.598 627 648 I input_focus: [Focus request 7a5715 调整页面,reason=UpdateInputWindows]
05-19 14:47:06.621 627 710 I input_focus: [Focus leaving 4a5264b com.ebensz.enote.notepad/com.ebensz.enote.notepad.BrowserActivity (server),reason=Waiting for window because NOT_VISIBLE]
05-19 14:47:06.640 627 710 I input_focus: [Focus entering 7a5715 调整页面 (server),reason=Window became focusable. Previous reason: NOT_VISIBLE]
05-19 14:47:06.649 627 648 I input_focus: [Focus request 4a5264b com.ebensz.enote.notepad/com.ebensz.enote.notepad.BrowserActivity,reason=UpdateInputWindows]
05-19 14:47:06.676 627 710 I input_focus: [Focus entering 4a5264b com.ebensz.enote.notepad/com.ebensz.enote.notepad.BrowserActivity (server),reason=setFocusedWindow]
05-19 14:47:07.562 627 627 I notification_enqueue: [10072,7156,com.ebensz.email,1111,NULL,0,Notification(channel=100 shortcut=null contentView=null vibrate=null sound=null defaults=0x0 flags=0x40 color=0x00000000 vis=PRIVATE),1]
05-19 14:47:07.787 627 719 I netstats_mobile_sample: [0,0,0,0,0,0,0,0,0,0,0,0,1747637227788]
05-19 14:47:07.787 627 719 I netstats_wifi_sample: [0,0,0,0,0,0,0,0,0,0,0,0,1747637227788]
05-19 14:47:07.817 627 646 I commit_sys_config_file: [notification-policy,79705522]
05-19 14:47:45.706 627 627 I notification_enqueue: [10098,25952,com.baidu.appsearch,2131755453,NULL,0,Notification(channel=手机管理、安全检测相关通知 shortcut=null contentView=null vibrate=null sound=null defaults=0x0 flags=0x62 color=0x00000000 vis=PRIVATE),1]
05-19 14:47:51.545 627 702 I am_freeze: [32296,android.process.acore]
05-19 14:47:58.612 627 648 I input_focus: [Focus request da3c041 调整页面,reason=UpdateInputWindows]
05-19 14:47:58.633 627 710 I input_focus: [Focus leaving 4a5264b com.ebensz.enote.notepad/com.ebensz.enote.notepad.BrowserActivity (server),reason=Waiting for window because NO_WINDOW]
05-19 14:47:58.652 627 710 I input_focus: [Focus entering da3c041 调整页面 (server),reason=Window became focusable. Previous reason: NOT_VISIBLE]
05-19 14:47:58.853 627 648 I input_focus: [Focus request 4a5264b com.ebensz.enote.notepad/com.ebensz.enote.notepad.BrowserActivity,reason=UpdateInputWindows]
05-19 14:47:58.887 627 710 I input_focus: [Focus entering 4a5264b com.ebensz.enote.notepad/com.ebensz.enote.notepad.BrowserActivity (server),reason=setFocusedWindow]
05-19 14:48:08.464 627 648 I input_focus: [Focus request ecb09f6 com.ebensz.enote.notepad/com.ebensz.enote.notepad.BrowserActivity,reason=UpdateInputWindows]
05-19 14:48:08.488 627 710 I input_focus: [Focus leaving 4a5264b com.ebensz.enote.notepad/com.ebensz.enote.notepad.BrowserActivity (server),reason=Waiting for window because NO_WINDOW]
05-19 14:48:08.510 627 710 I input_focus: [Focus entering ecb09f6 com.ebensz.enote.notepad/com.ebensz.enote.notepad.BrowserActivity (server),reason=Window became focusable. Previous reason: NOT_VISIBLE]
05-19 14:48:08.603 627 648 I input_focus: [Focus request 12d50b 移动页面,reason=UpdateInputWindows]
05-19 14:48:08.634 627 710 I input_focus: [Focus entering 12d50b 移动页面 (server),reason=setFocusedWindow]
05-19 14:48:11.461 627 710 I input_interaction: Interaction with: 12d50b 移动页面 (server), PointerEventDispatcher0 (server),
05-19 14:48:12.586 627 648 I input_focus: [Focus request 4a5264b com.ebensz.enote.notepad/com.ebensz.enote.notepad.BrowserActivity,reason=UpdateInputWindows]
05-19 14:48:12.606 627 710 I input_focus: [Focus entering 4a5264b com.ebensz.enote.notepad/com.ebensz.enote.notepad.BrowserActivity (server),reason=setFocusedWindow]
05-19 14:48:16.279 627 710 I input_interaction: Interaction with: d7a6ca1 NavigationBar0 (server), PointerEventDispatcher0 (server),
05-19 14:48:16.281 781 781 I sysui_multi_action: [757,931,758,4,759,4,932,0,933,0]
05-19 14:48:16.285 627 710 I input_interaction: Interaction with: 4a5264b com.ebensz.enote.notepad/com.ebensz.enote.notepad.BrowserActivity (server), PointerEventDispatcher0 (server),
05-19 14:48:16.295 627 710 I input_interaction: Interaction with: d7a6ca1 NavigationBar0 (server), PointerEventDispatcher0 (server),
05-19 14:48:16.342 781 781 I sysui_multi_action: [757,931,758,4,759,4,932,0,933,1]
05-19 14:48:16.343 627 8957 I sysui_multi_action: [757,803,799,key_back_press,802,1]
05-19 14:48:18.808 627 710 I input_interaction: Interaction with: 4a5264b com.ebensz.enote.notepad/com.ebensz.enote.notepad.BrowserActivity (server), PointerEventDispatcher0 (server),
05-19 14:48:21.142 627 710 I input_interaction: Interaction with: d7a6ca1 NavigationBar0 (server), PointerEventDispatcher0 (server),
05-19 14:48:21.146 781 781 I sysui_multi_action: [757,931,758,4,759,4,932,0,933,0]
05-19 14:48:21.151 627 710 I input_interaction: Interaction with: 4a5264b com.ebensz.enote.notepad/com.ebensz.enote.notepad.BrowserActivity (server), PointerEventDispatcher0 (server),
05-19 14:48:21.157 627 710 I input_interaction: Interaction with: d7a6ca1 NavigationBar0 (server), PointerEventDispatcher0 (server),
05-19 14:48:21.222 781 781 I sysui_multi_action: [757,931,758,4,759,4,932,0,933,1]
05-19 14:48:21.223 627 8957 I sysui_multi_action: [757,803,799,key_back_press,802,1]
05-19 14:48:22.073 627 710 I input_interaction: Interaction with: 4a5264b com.ebensz.enote.notepad/com.ebensz.enote.notepad.BrowserActivity (server), PointerEventDispatcher0 (server),
05-19 14:48:24.043 627 710 I input_interaction: Interaction with: d7a6ca1 NavigationBar0 (server), PointerEventDispatcher0 (server),
05-19 14:48:24.045 781 781 I sysui_multi_action: [757,931,758,4,759,4,932,0,933,0]
05-19 14:48:24.051 627 710 I input_interaction: Interaction with: 4a5264b com.ebensz.enote.notepad/com.ebensz.enote.notepad.BrowserActivity (server), PointerEventDispatcher0 (server),
05-19 14:48:24.057 627 710 I input_interaction: Interaction with: d7a6ca1 NavigationBar0 (server), PointerEventDispatcher0 (server),
05-19 14:48:24.153 781 781 I sysui_multi_action: [757,931,758,4,759,4,932,0,933,1]
05-19 14:48:24.154 627 8957 I sysui_multi_action: [757,803,799,key_back_press,802,1]
05-19 14:48:25.334 627 710 I input_interaction: Interaction with: 4a5264b com.ebensz.enote.notepad/com.ebensz.enote.notepad.BrowserActivity (server), PointerEventDispatcher0 (server),
05-19 14:48:27.867 627 710 I input_interaction: Interaction with: d7a6ca1 NavigationBar0 (server), PointerEventDispatcher0 (server),
05-19 14:48:27.871 781 781 I sysui_multi_action: [757,931,758,4,759,4,932,0,933,0]
05-19 14:48:27.878 627 710 I input_interaction: Interaction with: 4a5264b com.ebensz.enote.notepad/com.ebensz.enote.notepad.BrowserActivity (server), PointerEventDispatcher0 (server),
05-19 14:48:27.882 627 710 I input_interaction: Interaction with: d7a6ca1 NavigationBar0 (server), PointerEventDispatcher0 (server),
05-19 14:48:27.945 781 781 I sysui_multi_action: [757,931,758,4,759,4,932,0,933,1]
05-19 14:48:27.946 627 943 I sysui_multi_action: [757,803,799,key_back_press,802,1]
05-19 14:48:29.425 627 710 I input_interaction: Interaction with: 4a5264b com.ebensz.enote.notepad/com.ebensz.enote.notepad.BrowserActivity (server), PointerEventDispatcher0 (server),
05-19 14:49:16.509 627 648 I input_focus: [Focus request 692ef76 com.ebensz.enote.notepad/com.ebensz.enote.notepad.BrowserActivity,reason=UpdateInputWindows]
05-19 14:49:16.530 627 710 I input_focus: [Focus leaving 4a5264b com.ebensz.enote.notepad/com.ebensz.enote.notepad.BrowserActivity (server),reason=Waiting for window because NO_WINDOW]
05-19 14:49:16.550 627 710 I input_focus: [Focus entering 692ef76 com.ebensz.enote.notepad/com.ebensz.enote.notepad.BrowserActivity (server),reason=Window became focusable. Previous reason: NOT_VISIBLE]
05-19 14:49:16.695 627 648 I input_focus: [Focus request 9742226 移动页面,reason=UpdateInputWindows]
05-19 14:49:16.731 627 710 I input_focus: [Focus entering 9742226 移动页面 (server),reason=Window became focusable. Previous reason: NOT_VISIBLE]
05-19 14:49:18.313 627 710 I input_interaction: Interaction with: 9742226 移动页面 (server), PointerEventDispatcher0 (server),
05-19 14:49:18.410 627 648 I input_focus: [Focus request 4a5264b com.ebensz.enote.notepad/com.ebensz.enote.notepad.BrowserActivity,reason=UpdateInputWindows]
05-19 14:49:18.426 627 710 I input_focus: [Focus entering 4a5264b com.ebensz.enote.notepad/com.ebensz.enote.notepad.BrowserActivity (server),reason=setFocusedWindow]
05-19 14:49:19.176 627 710 I input_interaction: Interaction with: 4a5264b com.ebensz.enote.notepad/com.ebensz.enote.notepad.BrowserActivity (server), PointerEventDispatcher0 (server),
05-19 14:49:23.390 627 710 I input_interaction: Interaction with: d7a6ca1 NavigationBar0 (server), PointerEventDispatcher0 (server),
05-19 14:49:23.393 781 781 I sysui_multi_action: [757,931,758,4,759,4,932,0,933,0]
05-19 14:49:23.399 627 710 I input_interaction: Interaction with: 4a5264b com.ebensz.enote.notepad/com.ebensz.enote.notepad.BrowserActivity (server), PointerEventDispatcher0 (server),
05-19 14:49:23.405 627 710 I input_interaction: Interaction with: d7a6ca1 NavigationBar0 (server), PointerEventDispatcher0 (server),
05-19 14:49:23.533 781 781 I sysui_multi_action: [757,931,758,4,759,4,932,0,933,1]
05-19 14:49:23.537 627 943 I sysui_multi_action: [757,803,799,key_back_press,802,1]
05-19 14:49:24.323 627 710 I input_interaction: Interaction with: 4a5264b com.ebensz.enote.notepad/com.ebensz.enote.notepad.BrowserActivity (server), PointerEventDispatcher0 (server),
05-19 14:49:26.375 627 710 I input_interaction: Interaction with: d7a6ca1 NavigationBar0 (server), PointerEventDispatcher0 (server),
05-19 14:49:26.376 781 781 I sysui_multi_action: [757,931,758,4,759,4,932,0,933,0]
05-19 14:49:26.379 627 710 I input_interaction: Interaction with: 4a5264b com.ebensz.enote.notepad/com.ebensz.enote.notepad.BrowserActivity (server), PointerEventDispatcher0 (server),
05-19 14:49:26.389 627 710 I input_interaction: Interaction with: d7a6ca1 NavigationBar0 (server), PointerEventDispatcher0 (server),
05-19 14:49:26.549 781 781 I sysui_multi_action: [757,931,758,4,759,4,932,0,933,1]
05-19 14:49:26.549 627 943 I sysui_multi_action: [757,803,799,key_back_press,802,1]
05-19 14:49:27.338 627 710 I input_interaction: Interaction with: 4a5264b com.ebensz.enote.notepad/com.ebensz.enote.notepad.BrowserActivity (server), PointerEventDispatcher0 (server),
05-19 14:49:32.325 627 710 I input_interaction: Interaction with: d7a6ca1 NavigationBar0 (server), PointerEventDispatcher0 (server),
05-19 14:49:32.327 781 781 I sysui_multi_action: [757,931,758,4,759,4,932,0,933,0]
05-19 14:49:32.330 627 710 I input_interaction: Interaction with: 4a5264b com.ebensz.enote.notepad/com.ebensz.enote.notepad.BrowserActivity (server), PointerEventDispatcher0 (server),
05-19 14:49:32.340 627 710 I input_interaction: Interaction with: d7a6ca1 NavigationBar0 (server), PointerEventDispatcher0 (server),
05-19 14:49:32.501 781 781 I sysui_multi_action: [757,931,758,4,759,4,932,0,933,1]
05-19 14:49:32.503 627 943 I sysui_multi_action: [757,803,799,key_back_press,802,1]
05-19 14:49:33.426 627 710 I input_interaction: Interaction with: 4a5264b com.ebensz.enote.notepad/com.ebensz.enote.notepad.BrowserActivity (server), PointerEventDispatcher0 (server),
05-19 14:49:35.108 627 710 I input_interaction: Interaction with: d7a6ca1 NavigationBar0 (server), PointerEventDispatcher0 (server),
05-19 14:49:35.111 781 781 I sysui_multi_action: [757,931,758,4,759,4,932,0,933,0]
05-19 14:49:35.116 627 710 I input_interaction: Interaction with: 4a5264b com.ebensz.enote.notepad/com.ebensz.enote.notepad.BrowserActivity (server), PointerEventDispatcher0 (server),
05-19 14:49:35.123 627 710 I input_interaction: Interaction with: d7a6ca1 NavigationBar0 (server), PointerEventDispatcher0 (server),
05-19 14:49:35.265 781 781 I sysui_multi_action: [757,931,758,4,759,4,932,0,933,1]
05-19 14:49:35.265 627 1072 I sysui_multi_action: [757,803,799,key_back_press,802,1]
05-19 14:49:37.155 627 710 I input_interaction: Interaction with: 4a5264b com.ebensz.enote.notepad/com.ebensz.enote.notepad.BrowserActivity (server), PointerEventDispatcher0 (server),
05-19 14:49:38.972 627 1072 I wm_finish_activity: [0,155367184,160,com.ebensz.enote.notepad/.BrowserActivity,clear-task-stack]
05-19 14:49:38.992 627 1072 I wm_pause_activity: [0,155367184,com.ebensz.enote.notepad/.BrowserActivity,userLeaving=false,finish]
05-19 14:49:38.993 627 1072 I wm_new_intent: [0,75069023,160,com.ebensz.enote.notepad/.EditActivity,eben.note.intent.action.PAGE_EDITE,application/note,content://com.ebensz.enote.entry.fileprovider/root/storage/emulated/0/mydoc/记事本/会议记录,268435456]
05-19 14:49:38.993 627 1072 I wm_task_moved: [160,1,15]
05-19 14:49:39.005 31530 31530 I wm_on_top_resumed_lost_called: [155367184,com.ebensz.enote.notepad.BrowserActivity,topStateChangedWhenResumed]
05-19 14:49:39.013 31530 31530 I wm_on_paused_called: [155367184,com.ebensz.enote.notepad.BrowserActivity,performPause]
05-19 14:49:39.014 627 943 I wm_add_to_stopping: [0,155367184,com.ebensz.enote.notepad/.BrowserActivity,completeFinishing]
05-19 14:49:39.016 627 943 I wm_set_resumed_activity: [0,com.ebensz.enote.notepad/.EditActivity,resumeTopActivity]
05-19 14:49:39.021 627 943 I wm_resume_activity: [0,75069023,160,com.ebensz.enote.notepad/.EditActivity]
05-19 14:49:39.029 627 710 I input_focus: [Focus leaving 4a5264b com.ebensz.enote.notepad/com.ebensz.enote.notepad.BrowserActivity (server),reason=NO_WINDOW]
05-19 14:49:39.033 627 647 I sysui_multi_action: [757,803,799,window_time_0,802,164]
05-19 14:49:39.037 2331 2331 I wm_on_restart_called: [163134244,com.ebensz.enote.entry.activity.EntryActivity,performRestartActivity]
05-19 14:49:39.037 2331 2331 I wm_on_start_called: [163134244,com.ebensz.enote.entry.activity.EntryActivity,handleStartActivity]
05-19 14:49:39.039 31530 31530 I view_enqueue_input_event: [Motion - Cancel,com.ebensz.enote.notepad/com.ebensz.enote.notepad.BrowserActivity]
05-19 14:49:39.042 31530 31530 I wm_on_restart_called: [75069023,com.ebensz.enote.notepad.EditActivity,performRestartActivity]
05-19 14:49:39.044 31530 31530 I wm_on_start_called: [75069023,com.ebensz.enote.notepad.EditActivity,handleStartActivity]
05-19 14:49:39.375 31530 31530 I wm_on_resume_called: [75069023,com.ebensz.enote.notepad.EditActivity,RESUME_ACTIVITY]
05-19 14:49:39.375 31530 31530 I wm_on_top_resumed_gained_called: [75069023,com.ebensz.enote.notepad.EditActivity,topWhenResuming]
05-19 14:49:39.384 627 648 I input_focus: [Focus request 5498f2a com.ebensz.enote.notepad/com.ebensz.enote.notepad.EditActivity,reason=UpdateInputWindows]
05-19 14:49:39.457 627 647 I wm_destroy_activity: [0,155367184,160,com.ebensz.enote.notepad/.BrowserActivity,finish-imm:transit]
05-19 14:49:39.468 627 710 I input_focus: [Focus entering 5498f2a com.ebensz.enote.notepad/com.ebensz.enote.notepad.EditActivity (server),reason=Window became focusable. Previous reason: NOT_VISIBLE]
05-19 14:49:39.473 31530 31530 I wm_on_stop_called: [155367184,com.ebensz.enote.notepad.BrowserActivity,LIFECYCLER_STOP_ACTIVITY]
05-19 14:49:39.475 31530 31530 I wm_on_destroy_called: [155367184,com.ebensz.enote.notepad.BrowserActivity,performDestroy]
05-19 14:49:39.839 31530 31530 E AndroidRuntime: FATAL EXCEPTION: main
05-19 14:49:39.839 31530 31530 E AndroidRuntime: Process: com.ebensz.enote.notepad, PID: 31530
05-19 14:49:39.839 31530 31530 E AndroidRuntime: java.lang.NullPointerException: Attempt to invoke virtual method 'void android.view.ActionMode.setCustomView(android.view.View)' on a null object reference
05-19 14:49:39.839 31530 31530 E AndroidRuntime: at com.ebensz.enote.notepad.ui.a.c(:7)
05-19 14:49:39.839 31530 31530 E AndroidRuntime: at com.ebensz.enote.notepad.b.j.e(:7)
05-19 14:49:39.839 31530 31530 E AndroidRuntime: at com.ebensz.enote.notepad.b.i.onItemLongClick(:12)
05-19 14:49:39.839 31530 31530 E AndroidRuntime: at android.widget.AbsListView.performLongPress(AbsListView.java:3302)
05-19 14:49:39.839 31530 31530 E AndroidRuntime: at android.widget.AbsListView$CheckForLongPress.run(AbsListView.java:3217)
05-19 14:49:39.839 31530 31530 E AndroidRuntime: at android.os.Handler.handleCallback(Handler.java:938)
05-19 14:49:39.839 31530 31530 E AndroidRuntime: at android.os.Handler.dispatchMessage(Handler.java:99)
05-19 14:49:39.839 31530 31530 E AndroidRuntime: at android.os.Looper.loopOnce(Looper.java:201)
05-19 14:49:39.839 31530 31530 E AndroidRuntime: at android.os.Looper.loop(Looper.java:288)
05-19 14:49:39.839 31530 31530 E AndroidRuntime: at android.app.ActivityThread.main(ActivityThread.java:7870)
05-19 14:49:39.839 31530 31530 E AndroidRuntime: at java.lang.reflect.Method.invoke(Native Method)
05-19 14:49:39.839 31530 31530 E AndroidRuntime: at com.android.internal.os.RuntimeInit$MethodAndArgsCaller.run(RuntimeInit.java:548)
05-19 14:49:39.839 31530 31530 E AndroidRuntime: at com.android.internal.os.ZygoteInit.main(ZygoteInit.java:1003)
05-19 14:49:39.863 627 943 I am_crash: [31530,0,com.ebensz.enote.notepad,819510855,java.lang.NullPointerException,Attempt to invoke virtual method 'void android.view.ActionMode.setCustomView(android.view.View)' on a null object reference,,7]
05-19 14:49:39.865 627 943 I wm_finish_activity: [0,75069023,160,com.ebensz.enote.notepad/.EditActivity,force-crash]
05-19 14:49:39.865 627 943 I wm_task_moved: [155,1,15]
05-19 14:49:39.865 627 943 I wm_task_to_front: [0,155]
05-19 14:49:39.867 627 943 I wm_focused_root_task: [0,0,155,160,finish-top adjustFocusToNextFocusableTask]
05-19 14:49:39.876 627 943 I wm_pause_activity: [0,75069023,com.ebensz.enote.notepad/.EditActivity,userLeaving=false,finish]
05-19 14:49:39.879 627 648 I input_focus: [Focus request ee74569 com.ebensz.enote.entry/com.ebensz.enote.entry.activity.EntryActivity,reason=UpdateInputWindows]
05-19 14:49:39.882 627 943 I sysui_multi_action: [757,316,758,4,759,-1]
05-19 14:49:39.903 627 710 I input_focus: [Focus leaving 5498f2a com.ebensz.enote.notepad/com.ebensz.enote.notepad.EditActivity (server),reason=setFocusedWindow]
05-19 14:49:39.903 627 710 I input_focus: [Focus entering ee74569 com.ebensz.enote.entry/com.ebensz.enote.entry.activity.EntryActivity (server),reason=setFocusedWindow]
05-19 14:49:39.997 627 943 I am_proc_died: [0,31530,com.ebensz.enote.notepad,0,2]
05-19 14:49:39.998 627 943 I am_schedule_service_restart: [0,com.ebensz.enote.notepad/.service.RecordAudioService,1000]
05-19 14:49:39.999 627 627 I sysui_multi_action: [757,128,758,5,759,8,793,199087,794,0,795,199087,796,1,806,com.ebensz.enote.notepad,857,recording_channel_01,858,2,947,0,1500,198885,1688,4,1689,2,1690,1]
05-19 14:49:39.999 627 627 I notification_canceled: [0|com.ebensz.enote.notepad|1|null|10038,8,199087,199087,0,-1,-1,NULL]
05-19 14:49:40.000 627 943 I wm_set_resumed_activity: [0,com.ebensz.enote.entry/.activity.EntryActivity,resumeTopActivity]
05-19 14:49:40.001 627 943 I wm_resume_activity: [0,163134244,155,com.ebensz.enote.entry/.activity.EntryActivity]
05-19 14:49:40.012 627 648 I wm_task_removed: [160,removeChild:removeChild last r=ActivityRecord{479765f u0 com.ebensz.enote.notepad/.EditActivity t-1 f}} in t=Task{1a4833d #160 type=standard A=10038:android.task.enote U=0 visible=false visibleRequested=false mode=fullscreen translucent=true sz=0}]
05-19 14:49:40.012 627 648 I wm_task_removed: [160,removeChild]
05-19 14:49:40.026 2331 2331 I wm_on_resume_called: [163134244,com.ebensz.enote.entry.activity.EntryActivity,RESUME_ACTIVITY]
05-19 14:49:40.040 627 646 I commit_sys_config_file: [notification-policy,79857746]
05-19 14:49:40.044 627 654 I am_proc_start: [0,3656,10038,com.ebensz.enote.notepad,service,{com.ebensz.enote.notepad/com.ebensz.enote.notepad.service.RecordAudioService}]
05-19 14:49:40.092 627 8600 I am_proc_bound: [0,3656,com.ebensz.enote.notepad]
05-19 14:49:40.095 627 627 I notification_enqueue: [10038,3656,com.ebensz.enote.notepad,1,NULL,0,Notification(channel=recording_channel_01 shortcut=null contentView=null vibrate=null sound=null defaults=0x0 flags=0x62 color=0x00000000 vis=PRIVATE),0]
05-19 14:49:40.239 627 14241 I sysui_multi_action: [757,856,758,1,806,com.ebensz.enote.notepad,857,channel_record,858,2]
05-19 14:49:40.242 627 627 I notification_cancel_all: [1000,627,com.ebensz.enote.notepad,0,0,0,20,NULL]
05-19 14:49:40.242 627 14241 I sysui_multi_action: [757,856,758,2,806,com.ebensz.enote.notepad,857,channel_record,858,2]
05-19 14:49:40.244 627 627 I notification_cancel_all: [1000,627,com.ebensz.enote.notepad,0,0,0,20,NULL]
05-19 14:49:40.244 627 627 I notification_enqueue: [10038,3656,com.ebensz.enote.notepad,1,NULL,0,Notification(channel=recording_channel_01 shortcut=null contentView=null vibrate=null sound=null defaults=0x0 flags=0x40 color=0x00000000 vis=PRIVATE),0]
05-19 14:49:40.296 627 627 I sysui_multi_action: [757,1501,758,1,793,201,794,0,795,201,796,1,806,com.ebensz.enote.notepad,857,recording_channel_01,858,2,947,0,1500,0,1688,1]
05-19 14:49:40.296 627 627 I sysui_multi_action: [757,804,799,note_interruptive,801,0,802,1]
05-19 14:49:40.383 2331 2331 I wm_on_top_resumed_gained_called: [163134244,com.ebensz.enote.entry.activity.EntryActivity,topStateChangedWhenResumed]
05-19 14:49:40.495 627 710 I input_interaction: Interaction with: d7a6ca1 NavigationBar0 (server), PointerEventDispatcher0 (server),
05-19 14:49:40.498 781 781 I sysui_multi_action: [757,931,758,4,759,4,932,0,933,0]
05-19 14:49:40.499 627 646 I commit_sys_config_file: [notification-policy,79858205]
05-19 14:49:40.502 627 710 I input_interaction: Interaction with: ee74569 com.ebensz.enote.entry/com.ebensz.enote.entry.activity.EntryActivity (server), PointerEventDispatcher0 (server),
05-19 14:49:40.511 627 710 I input_interaction: Interaction with: d7a6ca1 NavigationBar0 (server), PointerEventDispatcher0 (server),
05-19 14:49:40.653 781 781 I sysui_multi_action: [757,931,758,4,759,4,932,0,933,1]
05-19 14:49:40.655 627 14241 I sysui_multi_action: [757,803,799,key_back_press,802,1]
05-19 14:49:40.715 627 14241 I wm_task_moved: [155,0,0]
05-19 14:49:40.716 627 14241 I wm_focused_root_task: [0,0,1,155,moveTaskToBackLocked]
05-19 14:49:40.717 627 14241 I wm_add_to_stopping: [0,163134244,com.ebensz.enote.entry/.activity.EntryActivity,makeInvisible]
05-19 14:49:40.717 2331 2331 I wm_on_top_resumed_lost_called: [163134244,com.ebensz.enote.entry.activity.EntryActivity,topStateChangedWhenResumed]
05-19 14:49:40.717 627 14241 I wm_pause_activity: [0,163134244,com.ebensz.enote.entry/.activity.EntryActivity,userLeaving=false,pauseBackTasks]
05-19 14:49:40.717 627 14241 I wm_set_resumed_activity: [0,com.android.launcher3/.uioverrides.QuickstepLauncher,resumeTopActivity]
05-19 14:49:40.718 627 14241 I wm_resume_activity: [0,214771548,29,com.android.launcher3/.uioverrides.QuickstepLauncher]
05-19 14:49:40.722 627 710 I input_focus: [Focus leaving ee74569 com.ebensz.enote.entry/com.ebensz.enote.entry.activity.EntryActivity (server),reason=NO_WINDOW]
05-19 14:49:40.723 627 647 I sysui_multi_action: [757,803,799,window_time_0,802,2]
05-19 14:49:40.724 2331 2331 I wm_on_paused_called: [163134244,com.ebensz.enote.entry.activity.EntryActivity,performPause]
05-19 14:49:40.726 627 627 I sysui_multi_action: [757,128,758,5,759,8,793,482,794,0,795,482,796,1,806,com.ebensz.enote.notepad,857,recording_channel_01,858,2,947,0,1500,482,1688,4,1689,2,1690,1]
05-19 14:49:40.726 627 627 I notification_canceled: [0|com.ebensz.enote.notepad|1|null|10038,8,482,482,0,-1,-1,NULL]
05-19 14:49:40.730 1030 1030 I wm_on_restart_called: [214771548,com.android.launcher3.uioverrides.QuickstepLauncher,performRestartActivity]
05-19 14:49:40.731 1030 1030 I wm_on_start_called: [214771548,com.android.launcher3.uioverrides.QuickstepLauncher,handleStartActivity]
05-19 14:49:40.731 1030 1030 I wm_on_resume_called: [214771548,com.android.launcher3.uioverrides.QuickstepLauncher,RESUME_ACTIVITY]
05-19 14:49:40.731 1030 1030 I wm_on_top_resumed_gained_called: [214771548,com.android.launcher3.uioverrides.QuickstepLauncher,topStateChangedWhenResumed]
05-19 14:49:40.731 627 627 I notification_cancel_all: [1000,627,com.ebensz.enote.notepad,0,0,0,20,NULL]
05-19 14:49:40.732 627 627 I notification_cancel_all: [1000,627,com.ebensz.enote.notepad,0,0,0,20,NULL]
05-19 14:49:40.740 627 14241 I am_uid_active: 10022
05-19 14:49:40.753 627 648 I input_focus: [Focus request 334f74b com.android.launcher3/com.android.launcher3.uioverrides.QuickstepLauncher,reason=UpdateInputWindows]
05-19 14:49:40.795 627 710 I input_focus: [Focus entering 334f74b com.android.launcher3/com.android.launcher3.uioverrides.QuickstepLauncher (server),reason=Window became focusable. Previous reason: NOT_VISIBLE]
05-19 14:49:41.386 627 647 I wm_stop_activity: [0,163134244,com.ebensz.enote.entry/.activity.EntryActivity]
05-19 14:49:41.406 2331 2331 I wm_on_stop_called: [163134244,com.ebensz.enote.entry.activity.EntryActivity,STOP_ACTIVITY_ITEM]
05-19 14:49:41.851 627 710 I input_interaction: Interaction with: 334f74b com.android.launcher3/com.android.launcher3.uioverrides.QuickstepLauncher (server), f6e4224 com.android.systemui.ImageWallpaper (server), PointerEventDispatcher0 (server),
05-19 14:49:41.937 627 8600 I wm_task_moved: [155,1,14]
05-19 14:49:41.937 627 8600 I wm_task_to_front: [0,155]
05-19 14:49:41.938 627 8600 I wm_focused_root_task: [0,0,155,1,bringingFoundTaskToFront]
05-19 14:49:41.939 627 8600 I wm_set_resumed_activity: [0,com.ebensz.enote.entry/.activity.EntryActivity,bringingFoundTaskToFront]
05-19 14:49:41.939 627 8600 I wm_new_intent: [0,163134244,155,com.ebensz.enote.entry/.activity.EntryActivity,android.intent.action.MAIN,NULL,NULL,270532608]
05-19 14:49:41.943 627 8600 I wm_pause_activity: [0,214771548,com.android.launcher3/.uioverrides.QuickstepLauncher,userLeaving=true,pauseBackTasks]
05-19 14:49:41.953 1030 1030 I wm_on_top_resumed_lost_called: [214771548,com.android.launcher3.uioverrides.QuickstepLauncher,topStateChangedWhenResumed]
05-19 14:49:41.955 1030 1030 I wm_on_paused_called: [214771548,com.android.launcher3.uioverrides.QuickstepLauncher,performPause]
05-19 14:49:41.956 627 8600 I wm_set_resumed_activity: [0,com.ebensz.enote.entry/.activity.EntryActivity,resumeTopActivity]
05-19 14:49:41.956 627 8600 I wm_add_to_stopping: [0,214771548,com.android.launcher3/.uioverrides.QuickstepLauncher,makeInvisible]
05-19 14:49:41.957 627 8600 I wm_resume_activity: [0,163134244,155,com.ebensz.enote.entry/.activity.EntryActivity]
05-19 14:49:41.967 627 647 I sysui_multi_action: [757,803,799,window_time_0,802,1]
05-19 14:49:41.968 2331 2331 I wm_on_restart_called: [163134244,com.ebensz.enote.entry.activity.EntryActivity,performRestartActivity]
05-19 14:49:41.969 2331 2331 I wm_on_start_called: [163134244,com.ebensz.enote.entry.activity.EntryActivity,handleStartActivity]
05-19 14:49:41.981 627 710 I input_focus: [Focus leaving 334f74b com.android.launcher3/com.android.launcher3.uioverrides.QuickstepLauncher (server),reason=NO_WINDOW]
05-19 14:49:42.262 2331 2331 I wm_on_resume_called: [163134244,com.ebensz.enote.entry.activity.EntryActivity,RESUME_ACTIVITY]
05-19 14:49:42.262 2331 2331 I wm_on_top_resumed_gained_called: [163134244,com.ebensz.enote.entry.activity.EntryActivity,topWhenResuming]
05-19 14:49:42.264 627 648 I input_focus: [Focus request ee74569 com.ebensz.enote.entry/com.ebensz.enote.entry.activity.EntryActivity,reason=UpdateInputWindows]
05-19 14:49:42.266 627 943 I sysui_multi_action: [757,856,758,1,806,com.ebensz.enote.notepad,857,channel_record,858,2]
05-19 14:49:42.268 627 627 I notification_cancel_all: [1000,627,com.ebensz.enote.notepad,0,0,0,20,NULL]
05-19 14:49:42.268 627 8600 I sysui_multi_action: [757,856,758,2,806,com.ebensz.enote.notepad,857,channel_record,858,2]
05-19 14:49:42.269 627 627 I notification_cancel_all: [1000,627,com.ebensz.enote.notepad,0,0,0,20,NULL]
05-19 14:49:42.271 627 627 I notification_enqueue: [10038,3656,com.ebensz.enote.notepad,1,NULL,0,Notification(channel=recording_channel_01 shortcut=null contentView=null vibrate=null sound=null defaults=0x0 flags=0x40 color=0x00000000 vis=PRIVATE),0]
05-19 14:49:42.355 627 644 I sysui_multi_action: [319,28,321,26,322,417,325,79871,757,761,758,9,759,4,806,com.ebensz.enote.entry,871,com.ebensz.enote.entry.activity.EntryActivity,904,com.android.launcher3,905,0,1320,4,1321,1]
05-19 14:49:42.363 627 710 I input_focus: [Focus entering ee74569 com.ebensz.enote.entry/com.ebensz.enote.entry.activity.EntryActivity (server),reason=Window became focusable. Previous reason: NOT_VISIBLE]
05-19 14:49:42.472 627 627 I sysui_multi_action: [757,1501,758,1,793,202,794,0,795,202,796,1,806,com.ebensz.enote.notepad,857,recording_channel_01,858,2,947,0,1500,0,1688,4,1689,2,1690,1]
05-19 14:49:42.472 627 627 I sysui_multi_action: [757,804,799,note_interruptive,801,0,802,1]
05-19 14:49:42.511 627 647 I wm_stop_activity: [0,214771548,com.android.launcher3/.uioverrides.QuickstepLauncher]
05-19 14:49:42.520 627 646 I commit_sys_config_file: [notification-policy,79860226]
05-19 14:49:42.542 1030 1030 I wm_on_stop_called: [214771548,com.android.launcher3.uioverrides.QuickstepLauncher,STOP_ACTIVITY_ITEM]
