05-21 15:19:12.442 1 1 I init : processing action (sys.usb.config=adb && sys.usb.configfs=1 && sys.usb.ffs.ready=1) from (/system/etc/init/hw/init.usb.configfs.rc:20)
05-21 15:19:12.444 1 1 I init : Command 'symlink /config/usb_gadget/g1/functions/ffs.adb /config/usb_gadget/g1/configs/b.1/f1' action=sys.usb.config=adb && sys.usb.configfs=1 && sys.usb.ffs.ready=1 (/system/etc/init/hw/init.usb.configfs.rc:22) took 0ms and failed: symlink() failed: File exists
05-21 15:19:12.446 1 1 I init : Command 'write /config/usb_gadget/g1/UDC ${sys.usb.controller}' action=sys.usb.config=adb && sys.usb.configfs=1 && sys.usb.ffs.ready=1 (/system/etc/init/hw/init.usb.configfs.rc:23) took 0ms and failed: Unable to write to file '/config/usb_gadget/g1/UDC': Unable to write file contents: Device or resource busy
05-21 15:19:13.506 29262 29262 I : read descriptors
05-21 15:19:13.506 29262 29262 I : read strings
05-21 15:19:13.507 1 1 I init : processing action (sys.usb.config=adb && sys.usb.configfs=1 && sys.usb.ffs.ready=1) from (/system/etc/init/hw/init.usb.configfs.rc:20)
05-21 15:19:13.510 1 1 I init : Command 'symlink /config/usb_gadget/g1/functions/ffs.adb /config/usb_gadget/g1/configs/b.1/f1' action=sys.usb.config=adb && sys.usb.configfs=1 && sys.usb.ffs.ready=1 (/system/etc/init/hw/init.usb.configfs.rc:22) took 1ms and failed: symlink() failed: File exists
05-21 15:19:13.510 1 1 I init : Command 'write /config/usb_gadget/g1/UDC ${sys.usb.controller}' action=sys.usb.config=adb && sys.usb.configfs=1 && sys.usb.ffs.ready=1 (/system/etc/init/hw/init.usb.configfs.rc:23) took 0ms and failed: Unable to write to file '/config/usb_gadget/g1/UDC': Unable to write file contents: Device or resource busy
05-21 15:19:14.559 29262 29262 I : read descriptors
05-21 15:19:14.559 29262 29262 I : read strings
05-21 15:19:14.562 1 1 I init : processing action (sys.usb.config=adb && sys.usb.configfs=1 && sys.usb.ffs.ready=1) from (/system/etc/init/hw/init.usb.configfs.rc:20)
05-21 15:19:14.564 1 1 I init : Command 'symlink /config/usb_gadget/g1/functions/ffs.adb /config/usb_gadget/g1/configs/b.1/f1' action=sys.usb.config=adb && sys.usb.configfs=1 && sys.usb.ffs.ready=1 (/system/etc/init/hw/init.usb.configfs.rc:22) took 0ms and failed: symlink() failed: File exists
05-21 15:19:14.565 1 1 I init : Command 'write /config/usb_gadget/g1/UDC ${sys.usb.controller}' action=sys.usb.config=adb && sys.usb.configfs=1 && sys.usb.ffs.ready=1 (/system/etc/init/hw/init.usb.configfs.rc:23) took 0ms and failed: Unable to write to file '/config/usb_gadget/g1/UDC': Unable to write file contents: Device or resource busy
05-21 15:19:15.616 29262 29262 I : read descriptors
05-21 15:19:15.616 29262 29262 I : read strings
05-21 15:19:15.618 1 1 I init : processing action (sys.usb.config=adb && sys.usb.configfs=1 && sys.usb.ffs.ready=1) from (/system/etc/init/hw/init.usb.configfs.rc:20)
05-21 15:19:16.676 29262 29262 I : read descriptors
05-21 15:19:16.676 29262 29262 I : read strings
05-21 15:19:17.730 29262 29262 I : read descriptors
05-21 15:19:17.730 29262 29262 I : read strings
05-21 15:19:17.733 1 1 I init : processing action (sys.usb.config=adb && sys.usb.configfs=1 && sys.usb.ffs.ready=1) from (/system/etc/init/hw/init.usb.configfs.rc:20)
05-21 15:19:17.735 1 1 I init : Command 'symlink /config/usb_gadget/g1/functions/ffs.adb /config/usb_gadget/g1/configs/b.1/f1' action=sys.usb.config=adb && sys.usb.configfs=1 && sys.usb.ffs.ready=1 (/system/etc/init/hw/init.usb.configfs.rc:22) took 0ms and failed: symlink() failed: File exists
05-21 15:19:17.735 1 1 I init : Command 'write /config/usb_gadget/g1/UDC ${sys.usb.controller}' action=sys.usb.config=adb && sys.usb.configfs=1 && sys.usb.ffs.ready=1 (/system/etc/init/hw/init.usb.configfs.rc:23) took 0ms and failed: Unable to write to file '/config/usb_gadget/g1/UDC': Unable to write file contents: Device or resource busy
05-21 15:19:18.780 29262 29262 I : read descriptors
05-21 15:19:18.780 29262 29262 I : read strings
05-21 15:19:18.782 1 1 I init : processing action (sys.usb.config=adb && sys.usb.configfs=1 && sys.usb.ffs.ready=1) from (/system/etc/init/hw/init.usb.configfs.rc:20)
05-21 15:19:18.788 1 1 I init : Command 'symlink /config/usb_gadget/g1/functions/ffs.adb /config/usb_gadget/g1/configs/b.1/f1' action=sys.usb.config=adb && sys.usb.configfs=1 && sys.usb.ffs.ready=1 (/system/etc/init/hw/init.usb.configfs.rc:22) took 0ms and failed: symlink() failed: File exists
05-21 15:19:18.788 1 1 I init : Command 'write /config/usb_gadget/g1/UDC ${sys.usb.controller}' action=sys.usb.config=adb && sys.usb.configfs=1 && sys.usb.ffs.ready=1 (/system/etc/init/hw/init.usb.configfs.rc:23) took 0ms and failed: Unable to write to file '/config/usb_gadget/g1/UDC': Unable to write file contents: Device or resource busy
05-21 15:19:19.866 29262 29262 I : read descriptors
05-21 15:19:19.866 29262 29262 I : read strings
05-21 15:19:19.867 1 1 I init : processing action (sys.usb.config=adb && sys.usb.configfs=1 && sys.usb.ffs.ready=1) from (/system/etc/init/hw/init.usb.configfs.rc:20)
05-21 15:19:19.868 1 1 I init : Command 'symlink /config/usb_gadget/g1/functions/ffs.adb /config/usb_gadget/g1/configs/b.1/f1' action=sys.usb.config=adb && sys.usb.configfs=1 && sys.usb.ffs.ready=1 (/system/etc/init/hw/init.usb.configfs.rc:22) took 0ms and failed: symlink() failed: File exists
05-21 15:19:19.869 1 1 I init : Command 'write /config/usb_gadget/g1/UDC ${sys.usb.controller}' action=sys.usb.config=adb && sys.usb.configfs=1 && sys.usb.ffs.ready=1 (/system/etc/init/hw/init.usb.configfs.rc:23) took 0ms and failed: Unable to write to file '/config/usb_gadget/g1/UDC': Unable to write file contents: Device or resource busy
05-19 14:57:23.309 627 627 I notification_enqueue: [10038,26859,com.ebensz.enote.notepad,2,NULL,0,Notification(channel=monitor_channel_01 shortcut=null contentView=null vibrate=null sound=null defaults=0x0 flags=0x40 color=0x00000000 vis=PRIVATE),0]
05-21 15:19:19.891 1305 1305 W binder_transaction: 9 callbacks suppressed
05-21 15:19:19.891 1305 1305 I binder : 1275:1305 transaction failed 29201/-28, size 104-0 line 2921
05-21 15:19:19.897 1305 1305 I binder : 1275:1305 transaction failed 29201/-28, size 104-0 line 2921
05-21 15:19:19.901 1305 1305 I binder : 1275:1305 transaction failed 29201/-28, size 104-0 line 2921
05-21 15:19:19.923 1305 1305 I binder : 1275:1305 transaction failed 29201/-28, size 104-0 line 2921
05-19 14:57:23.375 627 627 I sysui_multi_action: [757,128,758,5,759,8,793,67,794,0,795,67,796,2,806,com.ebensz.enote.notepad,857,monitor_channel_01,858,2,947,0,1500,67,1688,4,1689,2,1690,1]
05-19 14:57:23.375 627 627 I notification_canceled: [0|com.ebensz.enote.notepad|2|null|10038,8,67,67,0,-1,-1,NULL]
05-21 15:19:20.000 1305 1305 I binder : 1275:1305 transaction failed 29201/-28, size 104-0 line 2921
05-21 15:19:20.040 1305 1305 I binder : 1275:1305 transaction failed 29201/-28, size 104-0 line 2921
05-21 15:19:20.052 1305 1305 I binder : 1275:1305 transaction failed 29201/-28, size 104-0 line 2921
05-21 15:19:20.066 1305 1305 I binder : 1275:1305 transaction failed 29201/-28, size 104-0 line 2921
05-21 15:19:20.107 1305 1305 I binder : 1275:1305 transaction failed 29201/-28, size 104-0 line 2921
05-21 15:19:20.118 1305 1305 I binder : 1275:1305 transaction failed 29201/-28, size 104-0 line 2921
05-21 15:19:20.920 29262 29262 I : read descriptors
05-21 15:19:20.920 29262 29262 I : read strings
05-21 15:19:20.922 1 1 I init : processing action (sys.usb.config=adb && sys.usb.configfs=1 && sys.usb.ffs.ready=1) from (/system/etc/init/hw/init.usb.configfs.rc:20)
05-21 15:19:21.997 29262 29262 I : read descriptors
05-21 15:19:21.997 29262 29262 I : read strings
05-21 15:19:23.060 29262 29262 I : read descriptors
05-21 15:19:23.060 29262 29262 I : read strings
05-21 15:19:23.063 1 1 I init : processing action (sys.usb.config=adb && sys.usb.configfs=1 && sys.usb.ffs.ready=1) from (/system/etc/init/hw/init.usb.configfs.rc:20)
05-21 15:19:23.073 1 1 I init : Command 'symlink /config/usb_gadget/g1/functions/ffs.adb /config/usb_gadget/g1/configs/b.1/f1' action=sys.usb.config=adb && sys.usb.configfs=1 && sys.usb.ffs.ready=1 (/system/etc/init/hw/init.usb.configfs.rc:22) took 0ms and failed: symlink() failed: File exists
05-21 15:19:23.075 1 1 I init : Command 'write /config/usb_gadget/g1/UDC ${sys.usb.controller}' action=sys.usb.config=adb && sys.usb.configfs=1 && sys.usb.ffs.ready=1 (/system/etc/init/hw/init.usb.configfs.rc:23) took 1ms and failed: Unable to write to file '/config/usb_gadget/g1/UDC': Unable to write file contents: Device or resource busy
05-21 15:19:24.136 29262 29262 I : read descriptors
05-21 15:19:24.136 29262 29262 I : read strings
05-21 15:19:24.138 1 1 I init : processing action (sys.usb.config=adb && sys.usb.configfs=1 && sys.usb.ffs.ready=1) from (/system/etc/init/hw/init.usb.configfs.rc:20)
05-21 15:19:24.149 1 1 I init : Command 'symlink /config/usb_gadget/g1/functions/ffs.adb /config/usb_gadget/g1/configs/b.1/f1' action=sys.usb.config=adb && sys.usb.configfs=1 && sys.usb.ffs.ready=1 (/system/etc/init/hw/init.usb.configfs.rc:22) took 0ms and failed: symlink() failed: File exists
05-21 15:19:24.150 1 1 I init : Command 'write /config/usb_gadget/g1/UDC ${sys.usb.controller}' action=sys.usb.config=adb && sys.usb.configfs=1 && sys.usb.ffs.ready=1 (/system/etc/init/hw/init.usb.configfs.rc:23) took 0ms and failed: Unable to write to file '/config/usb_gadget/g1/UDC': Unable to write file contents: Device or resource busy
05-21 15:19:25.190 29262 29262 I : read descriptors
05-21 15:19:25.190 29262 29262 I : read strings
05-21 15:19:25.192 1 1 I init : processing action (sys.usb.config=adb && sys.usb.configfs=1 && sys.usb.ffs.ready=1) from (/system/etc/init/hw/init.usb.configfs.rc:20)
05-21 15:19:25.195 1 1 I init : Command 'symlink /config/usb_gadget/g1/functions/ffs.adb /config/usb_gadget/g1/configs/b.1/f1' action=sys.usb.config=adb && sys.usb.configfs=1 && sys.usb.ffs.ready=1 (/system/etc/init/hw/init.usb.configfs.rc:22) took 0ms and failed: symlink() failed: File exists
05-21 15:19:25.196 1 1 I init : Command 'write /config/usb_gadget/g1/UDC ${sys.usb.controller}' action=sys.usb.config=adb && sys.usb.configfs=1 && sys.usb.ffs.ready=1 (/system/etc/init/hw/init.usb.configfs.rc:23) took 0ms and failed: Unable to write to file '/config/usb_gadget/g1/UDC': Unable to write file contents: Device or resource busy
05-21 15:19:26.226 29262 29262 I : read descriptors
05-21 15:19:26.227 29262 29262 I : read strings
05-21 15:19:26.229 1 1 I init : processing action (sys.usb.config=adb && sys.usb.configfs=1 && sys.usb.ffs.ready=1) from (/system/etc/init/hw/init.usb.configfs.rc:20)
05-21 15:19:27.312 29262 29262 I : read descriptors
05-21 15:19:27.313 29262 29262 I : read strings
05-21 15:19:28.391 29262 29262 I : read descriptors
05-21 15:19:28.391 29262 29262 I : read strings
05-21 15:19:28.392 1 1 I init : processing action (sys.usb.config=adb && sys.usb.configfs=1 && sys.usb.ffs.ready=1) from (/system/etc/init/hw/init.usb.configfs.rc:20)
05-21 15:19:28.394 1 1 I init : Command 'symlink /config/usb_gadget/g1/functions/ffs.adb /config/usb_gadget/g1/configs/b.1/f1' action=sys.usb.config=adb && sys.usb.configfs=1 && sys.usb.ffs.ready=1 (/system/etc/init/hw/init.usb.configfs.rc:22) took 0ms and failed: symlink() failed: File exists
05-21 15:19:28.395 1 1 I init : Command 'write /config/usb_gadget/g1/UDC ${sys.usb.controller}' action=sys.usb.config=adb && sys.usb.configfs=1 && sys.usb.ffs.ready=1 (/system/etc/init/hw/init.usb.configfs.rc:23) took 0ms and failed: Unable to write to file '/config/usb_gadget/g1/UDC': Unable to write file contents: Device or resource busy
05-21 15:19:29.450 29262 29262 I : read descriptors
05-21 15:19:29.450 29262 29262 I : read strings
05-21 15:19:29.453 1 1 I init : processing action (sys.usb.config=adb && sys.usb.configfs=1 && sys.usb.ffs.ready=1) from (/system/etc/init/hw/init.usb.configfs.rc:20)
05-21 15:19:29.454 1 1 I init : Command 'symlink /config/usb_gadget/g1/functions/ffs.adb /config/usb_gadget/g1/configs/b.1/f1' action=sys.usb.config=adb && sys.usb.configfs=1 && sys.usb.ffs.ready=1 (/system/etc/init/hw/init.usb.configfs.rc:22) took 0ms and failed: symlink() failed: File exists
05-21 15:19:29.455 1 1 I init : Command 'write /config/usb_gadget/g1/UDC ${sys.usb.controller}' action=sys.usb.config=adb && sys.usb.configfs=1 && sys.usb.ffs.ready=1 (/system/etc/init/hw/init.usb.configfs.rc:23) took 0ms and failed: Unable to write to file '/config/usb_gadget/g1/UDC': Unable to write file contents: Device or resource busy
05-21 15:19:30.510 29262 29262 I : read descriptors
05-21 15:19:30.510 29262 29262 I : read strings
05-21 15:19:30.512 1 1 I init : processing action (sys.usb.config=adb && sys.usb.configfs=1 && sys.usb.ffs.ready=1) from (/system/etc/init/hw/init.usb.configfs.rc:20)
05-21 15:19:30.515 1 1 I init : Command 'symlink /config/usb_gadget/g1/functions/ffs.adb /config/usb_gadget/g1/configs/b.1/f1' action=sys.usb.config=adb && sys.usb.configfs=1 && sys.usb.ffs.ready=1 (/system/etc/init/hw/init.usb.configfs.rc:22) took 0ms and failed: symlink() failed: File exists
05-21 15:19:30.515 1 1 I init : Command 'write /config/usb_gadget/g1/UDC ${sys.usb.controller}' action=sys.usb.config=adb && sys.usb.configfs=1 && sys.usb.ffs.ready=1 (/system/etc/init/hw/init.usb.configfs.rc:23) took 0ms and failed: Unable to write to file '/config/usb_gadget/g1/UDC': Unable to write file contents: Device or resource busy
05-21 15:19:31.570 29262 29262 I : read descriptors
05-21 15:19:31.570 29262 29262 I : read strings
05-21 15:19:31.572 1 1 I init : processing action (sys.usb.config=adb && sys.usb.configfs=1 && sys.usb.ffs.ready=1) from (/system/etc/init/hw/init.usb.configfs.rc:20)
05-19 14:57:35.367 3656 3656 I view_enqueue_input_event: [Motion - Cancel,com.ebensz.enote.notepad/com.ebensz.enote.notepad.EditActivity]
05-19 14:57:35.919 627 811 I commit_sys_config_file: [appops,80323568]
05-21 15:19:32.633 29262 29262 I : read descriptors
05-21 15:19:32.633 29262 29262 I : read strings
05-21 15:19:33.693 29262 29262 I : read descriptors
05-21 15:19:33.694 29262 29262 I : read strings
05-21 15:19:33.697 1 1 I init : processing action (sys.usb.config=adb && sys.usb.configfs=1 && sys.usb.ffs.ready=1) from (/system/etc/init/hw/init.usb.configfs.rc:20)
05-21 15:19:33.700 1 1 I init : Command 'symlink /config/usb_gadget/g1/functions/ffs.adb /config/usb_gadget/g1/configs/b.1/f1' action=sys.usb.config=adb && sys.usb.configfs=1 && sys.usb.ffs.ready=1 (/system/etc/init/hw/init.usb.configfs.rc:22) took 0ms and failed: symlink() failed: File exists
05-21 15:19:33.701 1 1 I init : Command 'write /config/usb_gadget/g1/UDC ${sys.usb.controller}' action=sys.usb.config=adb && sys.usb.configfs=1 && sys.usb.ffs.ready=1 (/system/etc/init/hw/init.usb.configfs.rc:23) took 0ms and failed: Unable to write to file '/config/usb_gadget/g1/UDC': Unable to write file contents: Device or resource busy
05-21 15:19:34.740 29262 29262 I : read descriptors
05-21 15:19:34.740 29262 29262 I : read strings
05-21 15:19:34.742 1 1 I init : processing action (sys.usb.config=adb && sys.usb.configfs=1 && sys.usb.ffs.ready=1) from (/system/etc/init/hw/init.usb.configfs.rc:20)
05-21 15:19:34.746 1 1 I init : Command 'symlink /config/usb_gadget/g1/functions/ffs.adb /config/usb_gadget/g1/configs/b.1/f1' action=sys.usb.config=adb && sys.usb.configfs=1 && sys.usb.ffs.ready=1 (/system/etc/init/hw/init.usb.configfs.rc:22) took 1ms and failed: symlink() failed: File exists
05-21 15:19:34.747 1 1 I init : Command 'write /config/usb_gadget/g1/UDC ${sys.usb.controller}' action=sys.usb.config=adb && sys.usb.configfs=1 && sys.usb.ffs.ready=1 (/system/etc/init/hw/init.usb.configfs.rc:23) took 0ms and failed: Unable to write to file '/config/usb_gadget/g1/UDC': Unable to write file contents: Device or resource busy
05-21 15:19:35.788 29262 29262 I : read descriptors
05-21 15:19:35.789 29262 29262 I : read strings
05-21 15:19:35.790 1 1 I init : processing action (sys.usb.config=adb && sys.usb.configfs=1 && sys.usb.ffs.ready=1) from (/system/etc/init/hw/init.usb.configfs.rc:20)
05-21 15:19:35.792 1 1 I init : Command 'symlink /config/usb_gadget/g1/functions/ffs.adb /config/usb_gadget/g1/configs/b.1/f1' action=sys.usb.config=adb && sys.usb.configfs=1 && sys.usb.ffs.ready=1 (/system/etc/init/hw/init.usb.configfs.rc:22) took 0ms and failed: symlink() failed: File exists
05-21 15:19:35.793 1 1 I init : Command 'write /config/usb_gadget/g1/UDC ${sys.usb.controller}' action=sys.usb.config=adb && sys.usb.configfs=1 && sys.usb.ffs.ready=1 (/system/etc/init/hw/init.usb.configfs.rc:23) took 0ms and failed: Unable to write to file '/config/usb_gadget/g1/UDC': Unable to write file contents: Device or resource busy
05-19 14:57:40.007 627 653 I am_kill : [0,29441,com.android.statementservice,955,empty for 1800s]
05-19 14:57:40.047 627 1072 I am_proc_died: [0,29441,com.android.statementservice,955,19]
05-19 14:57:40.047 627 1072 I am_uid_stopped: 10023
05-19 14:57:40.054 627 652 I am_pss : [4596,10040,com.ebensz.filemanager:remote,15591424,10600448,0,107798528,0,19,6]
05-21 15:19:36.856 29262 29262 I : read descriptors
05-21 15:19:36.857 29262 29262 I : read strings
05-21 15:19:36.858 1 1 I init : processing action (sys.usb.config=adb && sys.usb.configfs=1 && sys.usb.ffs.ready=1) from (/system/etc/init/hw/init.usb.configfs.rc:20)
05-19 14:57:41.223 627 653 I am_uid_idle: 10040
05-21 15:19:37.941 29262 29262 I : read descriptors
05-21 15:19:37.941 29262 29262 I : read strings
05-21 15:19:39.020 29262 29262 I : read descriptors
05-21 15:19:39.020 29262 29262 I : read strings
05-21 15:19:39.022 1 1 I init : processing action (sys.usb.config=adb && sys.usb.configfs=1 && sys.usb.ffs.ready=1) from (/system/etc/init/hw/init.usb.configfs.rc:20)
05-21 15:19:39.024 1 1 I init : Command 'symlink /config/usb_gadget/g1/functions/ffs.adb /config/usb_gadget/g1/configs/b.1/f1' action=sys.usb.config=adb && sys.usb.configfs=1 && sys.usb.ffs.ready=1 (/system/etc/init/hw/init.usb.configfs.rc:22) took 0ms and failed: symlink() failed: File exists
05-21 15:19:39.024 1 1 I init : Command 'write /config/usb_gadget/g1/UDC ${sys.usb.controller}' action=sys.usb.config=adb && sys.usb.configfs=1 && sys.usb.ffs.ready=1 (/system/etc/init/hw/init.usb.configfs.rc:23) took 0ms and failed: Unable to write to file '/config/usb_gadget/g1/UDC': Unable to write file contents: Device or resource busy
05-21 15:19:40.087 29262 29262 I : read descriptors
05-21 15:19:40.087 29262 29262 I : read strings
05-21 15:19:40.089 1 1 I init : processing action (sys.usb.config=adb && sys.usb.configfs=1 && sys.usb.ffs.ready=1) from (/system/etc/init/hw/init.usb.configfs.rc:20)
05-21 15:19:40.091 1 1 I init : Command 'symlink /config/usb_gadget/g1/functions/ffs.adb /config/usb_gadget/g1/configs/b.1/f1' action=sys.usb.config=adb && sys.usb.configfs=1 && sys.usb.ffs.ready=1 (/system/etc/init/hw/init.usb.configfs.rc:22) took 0ms and failed: symlink() failed: File exists
05-21 15:19:40.094 1 1 I init : Command 'write /config/usb_gadget/g1/UDC ${sys.usb.controller}' action=sys.usb.config=adb && sys.usb.configfs=1 && sys.usb.ffs.ready=1 (/system/etc/init/hw/init.usb.configfs.rc:23) took 0ms and failed: Unable to write to file '/config/usb_gadget/g1/UDC': Unable to write file contents: Device or resource busy
05-21 15:19:40.677 440 440 W healthd : battery l=100 v=8700 t=27.0 h=1 st=3 c=0 fc=9700000 cc=0 chg=u
05-21 15:19:41.159 29262 29262 I : read descriptors
05-21 15:19:41.160 29262 29262 I : read strings
05-21 15:19:41.161 1 1 I init : processing action (sys.usb.config=adb && sys.usb.configfs=1 && sys.usb.ffs.ready=1) from (/system/etc/init/hw/init.usb.configfs.rc:20)
05-21 15:19:41.166 1 1 I init : Command 'symlink /config/usb_gadget/g1/functions/ffs.adb /config/usb_gadget/g1/configs/b.1/f1' action=sys.usb.config=adb && sys.usb.configfs=1 && sys.usb.ffs.ready=1 (/system/etc/init/hw/init.usb.configfs.rc:22) took 2ms and failed: symlink() failed: File exists
05-21 15:19:41.167 1 1 I init : Command 'write /config/usb_gadget/g1/UDC ${sys.usb.controller}' action=sys.usb.config=adb && sys.usb.configfs=1 && sys.usb.ffs.ready=1 (/system/etc/init/hw/init.usb.configfs.rc:23) took 0ms and failed: Unable to write to file '/config/usb_gadget/g1/UDC': Unable to write file contents: Device or resource busy
05-21 15:19:42.203 29262 29262 I : read descriptors
05-21 15:19:42.203 29262 29262 I : read strings
05-21 15:19:42.205 1 1 I init : processing action (sys.usb.config=adb && sys.usb.configfs=1 && sys.usb.ffs.ready=1) from (/system/etc/init/hw/init.usb.configfs.rc:20)
05-19 14:57:45.726 627 627 I notification_enqueue: [10098,25952,com.baidu.appsearch,2131755453,NULL,0,Notification(channel=手机管理、安全检测相关通知 shortcut=null contentView=null vibrate=null sound=null defaults=0x0 flags=0x62 color=0x00000000 vis=PRIVATE),1]
05-21 15:19:43.273 29262 29262 I : read descriptors
05-21 15:19:43.273 29262 29262 I : read strings
05-21 15:19:44.330 29262 29262 I : read descriptors
05-21 15:19:44.330 29262 29262 I : read strings
05-21 15:19:44.332 1 1 I init : processing action (sys.usb.config=adb && sys.usb.configfs=1 && sys.usb.ffs.ready=1) from (/system/etc/init/hw/init.usb.configfs.rc:20)
05-21 15:19:44.334 1 1 I init : Command 'symlink /config/usb_gadget/g1/functions/ffs.adb /config/usb_gadget/g1/configs/b.1/f1' action=sys.usb.config=adb && sys.usb.configfs=1 && sys.usb.ffs.ready=1 (/system/etc/init/hw/init.usb.configfs.rc:22) took 0ms and failed: symlink() failed: File exists
05-21 15:19:44.335 1 1 I init : Command 'write /config/usb_gadget/g1/UDC ${sys.usb.controller}' action=sys.usb.config=adb && sys.usb.configfs=1 && sys.usb.ffs.ready=1 (/system/etc/init/hw/init.usb.configfs.rc:23) took 0ms and failed: Unable to write to file '/config/usb_gadget/g1/UDC': Unable to write file contents: Device or resource busy
05-21 15:19:45.383 29262 29262 I : read descriptors
05-21 15:19:45.384 29262 29262 I : read strings
05-21 15:19:45.386 1 1 I init : processing action (sys.usb.config=adb && sys.usb.configfs=1 && sys.usb.ffs.ready=1) from (/system/etc/init/hw/init.usb.configfs.rc:20)
05-21 15:19:45.387 1 1 I init : Command 'symlink /config/usb_gadget/g1/functions/ffs.adb /config/usb_gadget/g1/configs/b.1/f1' action=sys.usb.config=adb && sys.usb.configfs=1 && sys.usb.ffs.ready=1 (/system/etc/init/hw/init.usb.configfs.rc:22) took 0ms and failed: symlink() failed: File exists
05-21 15:19:45.388 1 1 I init : Command 'write /config/usb_gadget/g1/UDC ${sys.usb.controller}' action=sys.usb.config=adb && sys.usb.configfs=1 && sys.usb.ffs.ready=1 (/system/etc/init/hw/init.usb.configfs.rc:23) took 0ms and failed: Unable to write to file '/config/usb_gadget/g1/UDC': Unable to write file contents: Device or resource busy
05-19 14:57:49.701 3656 3656 I view_enqueue_input_event: [Motion - Cancel,com.ebensz.enote.notepad/com.ebensz.enote.notepad.EditActivity]
05-21 15:19:46.460 29262 29262 I : read descriptors
05-21 15:19:46.460 29262 29262 I : read strings
05-21 15:19:46.462 1 1 I init : processing action (sys.usb.config=adb && sys.usb.configfs=1 && sys.usb.ffs.ready=1) from (/system/etc/init/hw/init.usb.configfs.rc:20)
05-21 15:19:46.464 1 1 I init : Command 'symlink /config/usb_gadget/g1/functions/ffs.adb /config/usb_gadget/g1/configs/b.1/f1' action=sys.usb.config=adb && sys.usb.configfs=1 && sys.usb.ffs.ready=1 (/system/etc/init/hw/init.usb.configfs.rc:22) took 0ms and failed: symlink() failed: File exists
05-21 15:19:46.466 1 1 I init : Command 'write /config/usb_gadget/g1/UDC ${sys.usb.controller}' action=sys.usb.config=adb && sys.usb.configfs=1 && sys.usb.ffs.ready=1 (/system/etc/init/hw/init.usb.configfs.rc:23) took 0ms and failed: Unable to write to file '/config/usb_gadget/g1/UDC': Unable to write file contents: Device or resource busy
05-21 15:19:47.516 29262 29262 I : read descriptors
05-21 15:19:47.517 29262 29262 I : read strings
05-21 15:19:47.519 1 1 I init : processing action (sys.usb.config=adb && sys.usb.configfs=1 && sys.usb.ffs.ready=1) from (/system/etc/init/hw/init.usb.configfs.rc:20)
05-19 14:57:51.669 3656 3656 I view_enqueue_input_event: [Motion - Cancel,com.ebensz.enote.notepad/com.ebensz.enote.notepad.EditActivity]
05-21 15:19:48.583 29262 29262 I : read descriptors
05-21 15:19:48.583 29262 29262 I : read strings
05-21 15:19:49.643 29262 29262 I : read descriptors
05-21 15:19:49.643 29262 29262 I : read strings
05-21 15:19:49.645 1 1 I init : processing action (sys.usb.config=adb && sys.usb.configfs=1 && sys.usb.ffs.ready=1) from (/system/etc/init/hw/init.usb.configfs.rc:20)
05-21 15:19:49.647 1 1 I init : Command 'symlink /config/usb_gadget/g1/functions/ffs.adb /config/usb_gadget/g1/configs/b.1/f1' action=sys.usb.config=adb && sys.usb.configfs=1 && sys.usb.ffs.ready=1 (/system/etc/init/hw/init.usb.configfs.rc:22) took 0ms and failed: symlink() failed: File exists
05-21 15:19:49.648 1 1 I init : Command 'write /config/usb_gadget/g1/UDC ${sys.usb.controller}' action=sys.usb.config=adb && sys.usb.configfs=1 && sys.usb.ffs.ready=1 (/system/etc/init/hw/init.usb.configfs.rc:23) took 0ms and failed: Unable to write to file '/config/usb_gadget/g1/UDC': Unable to write file contents: Device or resource busy
05-21 15:19:50.720 29262 29262 I : read descriptors
05-21 15:19:50.720 29262 29262 I : read strings
05-21 15:19:50.722 1 1 I init : processing action (sys.usb.config=adb && sys.usb.configfs=1 && sys.usb.ffs.ready=1) from (/system/etc/init/hw/init.usb.configfs.rc:20)
05-21 15:19:50.724 1 1 I init : Command 'symlink /config/usb_gadget/g1/functions/ffs.adb /config/usb_gadget/g1/configs/b.1/f1' action=sys.usb.config=adb && sys.usb.configfs=1 && sys.usb.ffs.ready=1 (/system/etc/init/hw/init.usb.configfs.rc:22) took 0ms and failed: symlink() failed: File exists
05-21 15:19:50.725 1 1 I init : Command 'write /config/usb_gadget/g1/UDC ${sys.usb.controller}' action=sys.usb.config=adb && sys.usb.configfs=1 && sys.usb.ffs.ready=1 (/system/etc/init/hw/init.usb.configfs.rc:23) took 0ms and failed: Unable to write to file '/config/usb_gadget/g1/UDC': Unable to write file contents: Device or resource busy
05-21 15:19:51.760 29262 29262 I : read descriptors
05-21 15:19:51.760 29262 29262 I : read strings
05-21 15:19:51.761 1 1 I init : processing action (sys.usb.config=adb && sys.usb.configfs=1 && sys.usb.ffs.ready=1) from (/system/etc/init/hw/init.usb.configfs.rc:20)
05-21 15:19:51.764 1 1 I init : Command 'symlink /config/usb_gadget/g1/functions/ffs.adb /config/usb_gadget/g1/configs/b.1/f1' action=sys.usb.config=adb && sys.usb.configfs=1 && sys.usb.ffs.ready=1 (/system/etc/init/hw/init.usb.configfs.rc:22) took 0ms and failed: symlink() failed: File exists
05-21 15:19:51.764 1 1 I init : Command 'write /config/usb_gadget/g1/UDC ${sys.usb.controller}' action=sys.usb.config=adb && sys.usb.configfs=1 && sys.usb.ffs.ready=1 (/system/etc/init/hw/init.usb.configfs.rc:23) took 0ms and failed: Unable to write to file '/config/usb_gadget/g1/UDC': Unable to write file contents: Device or resource busy
05-21 15:19:52.803 29262 29262 I : read descriptors
05-21 15:19:52.803 29262 29262 I : read strings
05-21 15:19:52.804 1 1 I init : processing action (sys.usb.config=adb && sys.usb.configfs=1 && sys.usb.ffs.ready=1) from (/system/etc/init/hw/init.usb.configfs.rc:20)
05-21 15:19:53.857 29262 29262 I : read descriptors
05-21 15:19:53.857 29262 29262 I : read strings
05-21 15:19:54.906 29262 29262 I : read descriptors
05-21 15:19:54.906 29262 29262 I : read strings
05-21 15:19:54.907 1 1 I init : processing action (sys.usb.config=adb && sys.usb.configfs=1 && sys.usb.ffs.ready=1) from (/system/etc/init/hw/init.usb.configfs.rc:20)
05-21 15:19:54.912 1 1 I init : Command 'symlink /config/usb_gadget/g1/functions/ffs.adb /config/usb_gadget/g1/configs/b.1/f1' action=sys.usb.config=adb && sys.usb.configfs=1 && sys.usb.ffs.ready=1 (/system/etc/init/hw/init.usb.configfs.rc:22) took 0ms and failed: symlink() failed: File exists
05-21 15:19:54.913 1 1 I init : Command 'write /config/usb_gadget/g1/UDC ${sys.usb.controller}' action=sys.usb.config=adb && sys.usb.configfs=1 && sys.usb.ffs.ready=1 (/system/etc/init/hw/init.usb.configfs.rc:23) took 0ms and failed: Unable to write to file '/config/usb_gadget/g1/UDC': Unable to write file contents: Device or resource busy
05-21 15:19:55.980 29262 29262 I : read descriptors
05-21 15:19:55.980 29262 29262 I : read strings
05-21 15:19:55.981 1 1 I init : processing action (sys.usb.config=adb && sys.usb.configfs=1 && sys.usb.ffs.ready=1) from (/system/etc/init/hw/init.usb.configfs.rc:20)
05-21 15:19:55.983 1 1 I init : Command 'symlink /config/usb_gadget/g1/functions/ffs.adb /config/usb_gadget/g1/configs/b.1/f1' action=sys.usb.config=adb && sys.usb.configfs=1 && sys.usb.ffs.ready=1 (/system/etc/init/hw/init.usb.configfs.rc:22) took 0ms and failed: symlink() failed: File exists
05-21 15:19:55.984 1 1 I init : Command 'write /config/usb_gadget/g1/UDC ${sys.usb.controller}' action=sys.usb.config=adb && sys.usb.configfs=1 && sys.usb.ffs.ready=1 (/system/etc/init/hw/init.usb.configfs.rc:23) took 0ms and failed: Unable to write to file '/config/usb_gadget/g1/UDC': Unable to write file contents: Device or resource busy
05-21 15:19:57.033 29262 29262 I : read descriptors
05-21 15:19:57.033 29262 29262 I : read strings
05-21 15:19:57.034 1 1 I init : processing action (sys.usb.config=adb && sys.usb.configfs=1 && sys.usb.ffs.ready=1) from (/system/etc/init/hw/init.usb.configfs.rc:20)
05-21 15:19:57.036 1 1 I init : Command 'symlink /config/usb_gadget/g1/functions/ffs.adb /config/usb_gadget/g1/configs/b.1/f1' action=sys.usb.config=adb && sys.usb.configfs=1 && sys.usb.ffs.ready=1 (/system/etc/init/hw/init.usb.configfs.rc:22) took 0ms and failed: symlink() failed: File exists
05-21 15:19:57.037 1 1 I init : Command 'write /config/usb_gadget/g1/UDC ${sys.usb.controller}' action=sys.usb.config=adb && sys.usb.configfs=1 && sys.usb.ffs.ready=1 (/system/etc/init/hw/init.usb.configfs.rc:23) took 0ms and failed: Unable to write to file '/config/usb_gadget/g1/UDC': Unable to write file contents: Device or resource busy
05-21 15:19:58.090 29262 29262 I : read descriptors
05-21 15:19:58.090 29262 29262 I : read strings
05-21 15:19:58.091 1 1 I init : processing action (sys.usb.config=adb && sys.usb.configfs=1 && sys.usb.ffs.ready=1) from (/system/etc/init/hw/init.usb.configfs.rc:20)
05-21 15:19:59.157 29262 29262 I : read descriptors
05-21 15:19:59.157 29262 29262 I : read strings
05-21 15:20:00.200 29262 29262 I : read descriptors
05-21 15:20:00.200 29262 29262 I : read strings
05-21 15:20:00.201 1 1 I init : processing action (sys.usb.config=adb && sys.usb.configfs=1 && sys.usb.ffs.ready=1) from (/system/etc/init/hw/init.usb.configfs.rc:20)
05-21 15:20:00.205 1 1 I init : Command 'symlink /config/usb_gadget/g1/functions/ffs.adb /config/usb_gadget/g1/configs/b.1/f1' action=sys.usb.config=adb && sys.usb.configfs=1 && sys.usb.ffs.ready=1 (/system/etc/init/hw/init.usb.configfs.rc:22) took 0ms and failed: symlink() failed: File exists
05-21 15:20:00.205 1 1 I init : Command 'write /config/usb_gadget/g1/UDC ${sys.usb.controller}' action=sys.usb.config=adb && sys.usb.configfs=1 && sys.usb.ffs.ready=1 (/system/etc/init/hw/init.usb.configfs.rc:23) took 0ms and failed: Unable to write to file '/config/usb_gadget/g1/UDC': Unable to write file contents: Device or resource busy
05-21 15:20:01.237 29262 29262 I : read descriptors
05-21 15:20:01.237 29262 29262 I : read strings
05-21 15:20:01.240 1 1 I init : processing action (sys.usb.config=adb && sys.usb.configfs=1 && sys.usb.ffs.ready=1) from (/system/etc/init/hw/init.usb.configfs.rc:20)
05-21 15:20:01.241 1 1 I init : Command 'symlink /config/usb_gadget/g1/functions/ffs.adb /config/usb_gadget/g1/configs/b.1/f1' action=sys.usb.config=adb && sys.usb.configfs=1 && sys.usb.ffs.ready=1 (/system/etc/init/hw/init.usb.configfs.rc:22) took 0ms and failed: symlink() failed: File exists
05-21 15:20:01.242 1 1 I init : Command 'write /config/usb_gadget/g1/UDC ${sys.usb.controller}' action=sys.usb.config=adb && sys.usb.configfs=1 && sys.usb.ffs.ready=1 (/system/etc/init/hw/init.usb.configfs.rc:23) took 0ms and failed: Unable to write to file '/config/usb_gadget/g1/UDC': Unable to write file contents: Device or resource busy
05-21 15:20:02.273 29262 29262 I : read descriptors
05-21 15:20:02.273 29262 29262 I : read strings
05-21 15:20:02.273 1 1 I init : processing action (sys.usb.config=adb && sys.usb.configfs=1 && sys.usb.ffs.ready=1) from (/system/etc/init/hw/init.usb.configfs.rc:20)
05-21 15:20:02.274 1 1 I init : Command 'symlink /config/usb_gadget/g1/functions/ffs.adb /config/usb_gadget/g1/configs/b.1/f1' action=sys.usb.config=adb && sys.usb.configfs=1 && sys.usb.ffs.ready=1 (/system/etc/init/hw/init.usb.configfs.rc:22) took 0ms and failed: symlink() failed: File exists
05-21 15:20:02.275 1 1 I init : Command 'write /config/usb_gadget/g1/UDC ${sys.usb.controller}' action=sys.usb.config=adb && sys.usb.configfs=1 && sys.usb.ffs.ready=1 (/system/etc/init/hw/init.usb.configfs.rc:23) took 0ms and failed: Unable to write to file '/config/usb_gadget/g1/UDC': Unable to write file contents: Device or resource busy
05-19 14:58:05.815 627 627 I notification_enqueue: [10038,26859,com.ebensz.enote.notepad,2,NULL,0,Notification(channel=monitor_channel_01 shortcut=null contentView=null vibrate=null sound=null defaults=0x0 flags=0x40 color=0x00000000 vis=PRIVATE),0]
05-21 15:20:02.394 1305 1305 W binder_transaction: 4 callbacks suppressed
05-21 15:20:02.394 1305 1305 I binder : 1275:1305 transaction failed 29201/-28, size 104-0 line 2921
05-21 15:20:02.400 1305 1305 I binder : 1275:1305 transaction failed 29201/-28, size 104-0 line 2921
05-21 15:20:02.403 1305 1305 I binder : 1275:1305 transaction failed 29201/-28, size 104-0 line 2921
05-19 14:58:05.845 627 627 I sysui_multi_action: [757,128,758,5,759,8,793,32,794,0,795,32,796,2,806,com.ebensz.enote.notepad,857,monitor_channel_01,858,2,947,0,1500,32,1688,4,1689,2,1690,1]
05-19 14:58:05.845 627 627 I notification_canceled: [0|com.ebensz.enote.notepad|2|null|10038,8,32,32,0,-1,-1,NULL]
05-21 15:20:02.446 1305 1305 I binder : 1275:1305 transaction failed 29201/-28, size 104-0 line 2921
05-21 15:20:02.545 1305 1305 I binder : 1275:1305 transaction failed 29201/-28, size 104-0 line 2921
05-21 15:20:02.609 1305 1305 I binder : 1275:1305 transaction failed 29201/-28, size 104-0 line 2921
05-21 15:20:02.620 1305 1305 I binder : 1275:1305 transaction failed 29201/-28, size 104-0 line 2921
05-19 14:58:06.069 627 646 I commit_sys_config_file: [notification-policy,80363775]
05-21 15:20:02.664 1305 1305 I binder : 1275:1305 transaction failed 29201/-28, size 104-0 line 2921
05-21 15:20:02.748 1305 1305 I binder : 1275:1305 transaction failed 29201/-28, size 104-0 line 2921
05-21 15:20:02.770 1305 1305 I binder : 1275:1305 transaction failed 29201/-28, size 104-0 line 2921
05-21 15:20:03.313 29262 29262 I : read descriptors
05-21 15:20:03.313 29262 29262 I : read strings
05-21 15:20:03.314 1 1 I init : processing action (sys.usb.config=adb && sys.usb.configfs=1 && sys.usb.ffs.ready=1) from (/system/etc/init/hw/init.usb.configfs.rc:20)
05-19 14:58:07.609 627 710 I input_interaction: Interaction with: 2d9a650 StatusBar (server), PointerEventDispatcher0 (server),
05-19 14:58:07.612 781 781 I sysui_multi_action: [757,803,799,panel_open,802,1]
05-19 14:58:07.613 781 781 I sysui_multi_action: [757,1328,758,4,1326,96,1327,1,1329,0]
05-21 15:20:04.359 29262 29262 I : read descriptors
05-21 15:20:04.359 29262 29262 I : read strings
05-19 14:58:08.029 627 1119 I sysui_multi_action: [757,127,758,1]
05-19 14:58:08.029 627 1119 I sysui_multi_action: [757,804,799,note_load,801,8,802,1]
05-19 14:58:08.029 627 1119 I notification_panel_revealed: 8
05-19 14:58:08.041 627 648 I input_focus: [Focus request 12d1777 NotificationShade,reason=UpdateInputWindows]
05-19 14:58:08.062 627 710 I input_focus: [Focus leaving 4a8d0f4 com.ebensz.enote.notepad/com.ebensz.enote.notepad.EditActivity (server),reason=Waiting for window because NO_WINDOW]
05-19 14:58:08.080 627 710 I input_focus: [Focus entering 12d1777 NotificationShade (server),reason=Window became focusable. Previous reason: NOT_VISIBLE]
05-19 14:58:08.502 627 648 I input_focus: [Focus request 4a8d0f4 com.ebensz.enote.notepad/com.ebensz.enote.notepad.EditActivity,reason=UpdateInputWindows]
05-19 14:58:08.537 627 710 I input_focus: [Focus leaving 12d1777 NotificationShade (server),reason=setFocusedWindow]
05-19 14:58:08.538 627 710 I input_focus: [Focus entering 4a8d0f4 com.ebensz.enote.notepad/com.ebensz.enote.notepad.EditActivity (server),reason=setFocusedWindow]
05-19 14:58:08.546 627 1119 I sysui_multi_action: [757,127,758,2]
05-19 14:58:08.547 627 1119 I notification_panel_hidden:
05-21 15:20:05.403 29262 29262 I : read descriptors
05-21 15:20:05.403 29262 29262 I : read strings
05-21 15:20:05.405 1 1 I init : processing action (sys.usb.config=adb && sys.usb.configfs=1 && sys.usb.ffs.ready=1) from (/system/etc/init/hw/init.usb.configfs.rc:20)
05-21 15:20:05.408 1 1 I init : Command 'symlink /config/usb_gadget/g1/functions/ffs.adb /config/usb_gadget/g1/configs/b.1/f1' action=sys.usb.config=adb && sys.usb.configfs=1 && sys.usb.ffs.ready=1 (/system/etc/init/hw/init.usb.configfs.rc:22) took 0ms and failed: symlink() failed: File exists
05-21 15:20:05.409 1 1 I init : Command 'write /config/usb_gadget/g1/UDC ${sys.usb.controller}' action=sys.usb.config=adb && sys.usb.configfs=1 && sys.usb.ffs.ready=1 (/system/etc/init/hw/init.usb.configfs.rc:23) took 0ms and failed: Unable to write to file '/config/usb_gadget/g1/UDC': Unable to write file contents: Device or resource busy
05-21 15:20:06.466 29262 29262 I : read descriptors
05-21 15:20:06.467 29262 29262 I : read strings
05-21 15:20:06.469 1 1 I init : processing action (sys.usb.config=adb && sys.usb.configfs=1 && sys.usb.ffs.ready=1) from (/system/etc/init/hw/init.usb.configfs.rc:20)
05-21 15:20:06.472 1 1 I init : Command 'symlink /config/usb_gadget/g1/functions/ffs.adb /config/usb_gadget/g1/configs/b.1/f1' action=sys.usb.config=adb && sys.usb.configfs=1 && sys.usb.ffs.ready=1 (/system/etc/init/hw/init.usb.configfs.rc:22) took 0ms and failed: symlink() failed: File exists
05-21 15:20:06.474 1 1 I init : Command 'write /config/usb_gadget/g1/UDC ${sys.usb.controller}' action=sys.usb.config=adb && sys.usb.configfs=1 && sys.usb.ffs.ready=1 (/system/etc/init/hw/init.usb.configfs.rc:23) took 2ms and failed: Unable to write to file '/config/usb_gadget/g1/UDC': Unable to write file contents: Device or resource busy
05-21 15:20:07.520 29262 29262 I : read descriptors
05-21 15:20:07.520 29262 29262 I : read strings
05-21 15:20:07.522 1 1 I init : processing action (sys.usb.config=adb && sys.usb.configfs=1 && sys.usb.ffs.ready=1) from (/system/etc/init/hw/init.usb.configfs.rc:20)
05-21 15:20:07.525 1 1 I init : Command 'symlink /config/usb_gadget/g1/functions/ffs.adb /config/usb_gadget/g1/configs/b.1/f1' action=sys.usb.config=adb && sys.usb.configfs=1 && sys.usb.ffs.ready=1 (/system/etc/init/hw/init.usb.configfs.rc:22) took 0ms and failed: symlink() failed: File exists
05-21 15:20:07.527 1 1 I init : Command 'write /config/usb_gadget/g1/UDC ${sys.usb.controller}' action=sys.usb.config=adb && sys.usb.configfs=1 && sys.usb.ffs.ready=1 (/system/etc/init/hw/init.usb.configfs.rc:23) took 0ms and failed: Unable to write to file '/config/usb_gadget/g1/UDC': Unable to write file contents: Device or resource busy
05-21 15:20:08.563 29262 29262 I : read descriptors
05-21 15:20:08.563 29262 29262 I : read strings
05-21 15:20:08.565 1 1 I init : processing action (sys.usb.config=adb && sys.usb.configfs=1 && sys.usb.ffs.ready=1) from (/system/etc/init/hw/init.usb.configfs.rc:20)
05-21 15:20:09.610 29262 29262 I : read descriptors
05-21 15:20:09.610 29262 29262 I : read strings
05-21 15:20:10.660 29262 29262 I : read descriptors
05-21 15:20:10.660 29262 29262 I : read strings
05-21 15:20:10.662 1 1 I init : processing action (sys.usb.config=adb && sys.usb.configfs=1 && sys.usb.ffs.ready=1) from (/system/etc/init/hw/init.usb.configfs.rc:20)
05-21 15:20:10.664 1 1 I init : Command 'symlink /config/usb_gadget/g1/functions/ffs.adb /config/usb_gadget/g1/configs/b.1/f1' action=sys.usb.config=adb && sys.usb.configfs=1 && sys.usb.ffs.ready=1 (/system/etc/init/hw/init.usb.configfs.rc:22) took 0ms and failed: symlink() failed: File exists
05-21 15:20:10.664 1 1 I init : Command 'write /config/usb_gadget/g1/UDC ${sys.usb.controller}' action=sys.usb.config=adb && sys.usb.configfs=1 && sys.usb.ffs.ready=1 (/system/etc/init/hw/init.usb.configfs.rc:23) took 0ms and failed: Unable to write to file '/config/usb_gadget/g1/UDC': Unable to write file contents: Device or resource busy
05-21 15:20:11.720 29262 29262 I : read descriptors
05-21 15:20:11.720 29262 29262 I : read strings
05-21 15:20:11.722 1 1 I init : processing action (sys.usb.config=adb && sys.usb.configfs=1 && sys.usb.ffs.ready=1) from (/system/etc/init/hw/init.usb.configfs.rc:20)
05-21 15:20:11.724 1 1 I init : Command 'symlink /config/usb_gadget/g1/functions/ffs.adb /config/usb_gadget/g1/configs/b.1/f1' action=sys.usb.config=adb && sys.usb.configfs=1 && sys.usb.ffs.ready=1 (/system/etc/init/hw/init.usb.configfs.rc:22) took 0ms and failed: symlink() failed: File exists
05-21 15:20:11.726 1 1 I init : Command 'write /config/usb_gadget/g1/UDC ${sys.usb.controller}' action=sys.usb.config=adb && sys.usb.configfs=1 && sys.usb.ffs.ready=1 (/system/etc/init/hw/init.usb.configfs.rc:23) took 0ms and failed: Unable to write to file '/config/usb_gadget/g1/UDC': Unable to write file contents: Device or resource busy
05-21 15:20:12.766 29262 29262 I : read descriptors
05-21 15:20:12.767 29262 29262 I : read strings
05-21 15:20:12.768 1 1 I init : processing action (sys.usb.config=adb && sys.usb.configfs=1 && sys.usb.ffs.ready=1) from (/system/etc/init/hw/init.usb.configfs.rc:20)
05-21 15:20:12.771 1 1 I init : Command 'symlink /config/usb_gadget/g1/functions/ffs.adb /config/usb_gadget/g1/configs/b.1/f1' action=sys.usb.config=adb && sys.usb.configfs=1 && sys.usb.ffs.ready=1 (/system/etc/init/hw/init.usb.configfs.rc:22) took 0ms and failed: symlink() failed: File exists
05-21 15:20:12.771 1 1 I init : Command 'write /config/usb_gadget/g1/UDC ${sys.usb.controller}' action=sys.usb.config=adb && sys.usb.configfs=1 && sys.usb.ffs.ready=1 (/system/etc/init/hw/init.usb.configfs.rc:23) took 0ms and failed: Unable to write to file '/config/usb_gadget/g1/UDC': Unable to write file contents: Device or resource busy
05-21 15:20:13.843 29262 29262 I : read descriptors
05-21 15:20:13.843 29262 29262 I : read strings
05-21 15:20:13.845 1 1 I init : processing action (sys.usb.config=adb && sys.usb.configfs=1 && sys.usb.ffs.ready=1) from (/system/etc/init/hw/init.usb.configfs.rc:20)
05-21 15:20:14.893 29262 29262 I : read descriptors
05-21 15:20:14.893 29262 29262 I : read strings
05-21 15:20:15.953 29262 29262 I : read descriptors
05-21 15:20:15.953 29262 29262 I : read strings
05-21 15:20:15.956 1 1 I init : processing action (sys.usb.config=adb && sys.usb.configfs=1 && sys.usb.ffs.ready=1) from (/system/etc/init/hw/init.usb.configfs.rc:20)
05-21 15:20:15.960 1 1 I init : Command 'symlink /config/usb_gadget/g1/functions/ffs.adb /config/usb_gadget/g1/configs/b.1/f1' action=sys.usb.config=adb && sys.usb.configfs=1 && sys.usb.ffs.ready=1 (/system/etc/init/hw/init.usb.configfs.rc:22) took 0ms and failed: symlink() failed: File exists
05-21 15:20:15.960 1 1 I init : Command 'write /config/usb_gadget/g1/UDC ${sys.usb.controller}' action=sys.usb.config=adb && sys.usb.configfs=1 && sys.usb.ffs.ready=1 (/system/etc/init/hw/init.usb.configfs.rc:23) took 0ms and failed: Unable to write to file '/config/usb_gadget/g1/UDC': Unable to write file contents: Device or resource busy
05-21 15:20:17.000 29262 29262 I : read descriptors
05-21 15:20:17.000 29262 29262 I : read strings
05-21 15:20:17.005 1 1 I init : processing action (sys.usb.config=adb && sys.usb.configfs=1 && sys.usb.ffs.ready=1) from (/system/etc/init/hw/init.usb.configfs.rc:20)
05-19 14:58:20.431 627 668 I sysui_multi_action: [757,1696,758,6,759,2]
05-21 15:20:17.007 1 1 I init : Command 'symlink /config/usb_gadget/g1/functions/ffs.adb /config/usb_gadget/g1/configs/b.1/f1' action=sys.usb.config=adb && sys.usb.configfs=1 && sys.usb.ffs.ready=1 (/system/etc/init/hw/init.usb.configfs.rc:22) took 0ms and failed: symlink() failed: File exists
05-21 15:20:17.007 1 1 I init : Command 'write /config/usb_gadget/g1/UDC ${sys.usb.controller}' action=sys.usb.config=adb && sys.usb.configfs=1 && sys.usb.ffs.ready=1 (/system/etc/init/hw/init.usb.configfs.rc:23) took 0ms and failed: Unable to write to file '/config/usb_gadget/g1/UDC': Unable to write file contents: Device or resource busy
05-21 15:20:18.056 29262 29262 I : read descriptors
05-21 15:20:18.057 29262 29262 I : read strings
05-21 15:20:18.059 1 1 I init : processing action (sys.usb.config=adb && sys.usb.configfs=1 && sys.usb.ffs.ready=1) from (/system/etc/init/hw/init.usb.configfs.rc:20)
05-21 15:20:18.061 1 1 I init : Command 'symlink /config/usb_gadget/g1/functions/ffs.adb /config/usb_gadget/g1/configs/b.1/f1' action=sys.usb.config=adb && sys.usb.configfs=1 && sys.usb.ffs.ready=1 (/system/etc/init/hw/init.usb.configfs.rc:22) took 0ms and failed: symlink() failed: File exists
05-21 15:20:18.061 1 1 I init : Command 'write /config/usb_gadget/g1/UDC ${sys.usb.controller}' action=sys.usb.config=adb && sys.usb.configfs=1 && sys.usb.ffs.ready=1 (/system/etc/init/hw/init.usb.configfs.rc:23) took 0ms and failed: Unable to write to file '/config/usb_gadget/g1/UDC': Unable to write file contents: Device or resource busy
05-21 15:20:19.093 29262 29262 I : read descriptors
05-21 15:20:19.093 29262 29262 I : read strings
05-21 15:20:19.095 1 1 I init : processing action (sys.usb.config=adb && sys.usb.configfs=1 && sys.usb.ffs.ready=1) from (/system/etc/init/hw/init.usb.configfs.rc:20)
05-19 14:58:23.423 627 668 I power_sleep_requested: 0
05-19 14:58:23.470 627 652 I am_pss : [4596,10040,com.ebensz.filemanager:remote,15625216,10604544,0,107798528,0,19,14]
05-19 14:58:23.489 627 668 I sysui_multi_action: [757,1696,758,6,759,0]
05-21 15:20:20.153 29262 29262 I : read descriptors
05-21 15:20:20.153 29262 29262 I : read strings
05-19 14:58:23.951 627 668 I wm_pause_activity: [0,206508048,com.ebensz.enote.notepad/.EditActivity,userLeaving=false,sleep]
05-19 14:58:23.956 627 668 I wm_add_to_stopping: [0,27610987,com.ebensz.email/.activity.EmailActivity,makeInvisible]
05-19 14:58:23.956 3656 3656 I wm_on_top_resumed_lost_called: [206508048,com.ebensz.enote.notepad.EditActivity,topStateChangedWhenResumed]
05-19 14:58:23.964 627 647 I wm_add_to_stopping: [0,206508048,com.ebensz.enote.notepad/.EditActivity,makeInvisible]
05-19 14:58:23.964 627 647 I wm_stop_activity: [0,27610987,com.ebensz.email/.activity.EmailActivity]
05-21 15:20:20.538 445 445 I gsensor_mxc6655 5-0015: set sensor poll time to 200ms
05-19 14:58:23.970 627 710 I input_focus: [Focus leaving 4a8d0f4 com.ebensz.enote.notepad/com.ebensz.enote.notepad.EditActivity (server),reason=NOT_VISIBLE]
05-19 14:58:23.984 7156 7156 I wm_on_stop_called: [27610987,com.ebensz.email.activity.EmailActivity,STOP_ACTIVITY_ITEM]
05-19 14:58:24.004 3656 3656 I wm_on_paused_called: [206508048,com.ebensz.enote.notepad.EditActivity,performPause]
05-19 14:58:24.005 627 647 I wm_stop_activity: [0,206508048,com.ebensz.enote.notepad/.EditActivity]
05-19 14:58:24.006 627 647 I sysui_multi_action: [757,803,799,window_time_0,802,90]
05-19 14:58:24.053 3656 3656 I wm_on_stop_called: [206508048,com.ebensz.enote.notepad.EditActivity,STOP_ACTIVITY_ITEM]
05-21 15:20:20.873 352 352 I rockchip-vop2 fdd90000.vop: [drm:vop2_crtc_atomic_disable] Crtc atomic disable vp2
05-21 15:20:20.883 352 352 E rockchip-vop2 fdd90000.vop: [drm:vop2_crtc_atomic_disable] *ERROR* unexpected power on pd7
05-19 14:58:24.325 627 627 I sysui_multi_action: [757,198,758,2,759,3,1359,902,1695,2]
05-19 14:58:24.325 627 627 I power_screen_state: [0,3,0,0,902]
05-19 14:58:24.325 627 627 I screen_toggled: 0
05-19 14:58:24.325 627 627 I sysui_multi_action: [757,804,799,screen_timeout,801,15,802,1]
05-19 14:58:24.326 627 627 I sysui_multi_action: [757,1594,758,4,759,-2147483648,1359,757329]
05-19 14:58:24.326 627 627 I power_screen_broadcast_send: 1
05-19 14:58:24.350 627 627 I battery_saving_stats: [0,1,0,758690,0,0,63431214,0,-6]
05-19 14:58:24.384 627 627 I power_screen_broadcast_done: [0,58,1]
05-21 15:20:21.058 2551 2551 I PM : suspend entry (deep)
05-21 15:20:21.102 2551 2551 I Filesystems sync: 0.043 seconds
05-21 15:20:21.102 2551 2551 I : Freezing user space processes ... (elapsed 0.005 seconds) done.
05-21 15:20:21.108 2551 2551 I : OOM killer disabled.
05-21 15:20:21.108 2551 2551 I : Freezing remaining freezable tasks ... (elapsed 0.157 seconds) done.
05-21 15:20:21.265 2551 2551 I printk : Suspending console(s) (use no_console_suspend to debug)
05-21 15:20:21.357 2551 2551 E regulator-dummy: Underflow of regulator enable count
05-21 15:20:21.357 2551 2551 E wacom_i2c 4-0009: disable regulator failed -22
05-21 15:20:21.589 2551 2551 I : Disabling non-boot CPUs ...
05-21 15:20:21.590 2551 2551 I psci : CPU1 killed (polled 0 ms)
05-21 15:20:21.593 2551 2551 I psci : CPU2 killed (polled 0 ms)
05-21 15:20:21.595 2551 2551 I psci : CPU3 killed (polled 0 ms)
05-21 15:20:21.597 2551 2551 I psci : CPU4 killed (polled 0 ms)
05-21 15:20:21.601 2551 2551 I psci : CPU5 killed (polled 0 ms)
05-21 15:20:21.609 2551 2551 I psci : CPU6 killed (polled 4 ms)
05-21 15:20:21.612 2551 2551 I psci : CPU7 killed (polled 0 ms)
05-21 15:20:22.338 0 0 W [ C0] PM: pm_system_irq_wakeup: 106 triggered rk806
05-21 15:20:22.338 2551 2551 I : Enabling non-boot CPUs ...
05-21 15:20:22.339 0 0 I : Detected VIPT I-cache on CPU1
05-21 15:20:22.339 0 0 I GICv3 : CPU1: found redistributor 100 region 0:0x00000000fe6a0000
