--------- beginning of crash
04-23 11:48:41.955 2121 3499 E AndroidRuntime: FATAL EXCEPTION: com.ebensz.enote.notepad.service.RecordAudioService
04-23 11:48:41.955 2121 3499 E AndroidRuntime: Process: com.ebensz.enote.notepad, PID: 2121
04-23 11:48:41.955 2121 3499 E AndroidRuntime: java.lang.SecurityException: Not allowed to delete channel channel_record with a foreground service
04-23 11:48:41.955 2121 3499 E AndroidRuntime: at android.os.Parcel.createExceptionOrNull(Parcel.java:2426)
04-23 11:48:41.955 2121 3499 E AndroidRuntime: at android.os.Parcel.createException(Parcel.java:2410)
04-23 11:48:41.955 2121 3499 E AndroidRuntime: at android.os.Parcel.readException(Parcel.java:2393)
04-23 11:48:41.955 2121 3499 E AndroidRuntime: at android.os.Parcel.readException(Parcel.java:2335)
04-23 11:48:41.955 2121 3499 E AndroidRuntime: at android.app.INotificationManager$Stub$Proxy.deleteNotificationChannel(INotificationManager.java:4359)
04-23 11:48:41.955 2121 3499 E AndroidRuntime: at android.app.NotificationManager.deleteNotificationChannel(NotificationManager.java:1002)
04-23 11:48:41.955 2121 3499 E AndroidRuntime: at com.ebensz.enote.notepad.service.RecordAudioNotification.cancel(:3)
04-23 11:48:41.955 2121 3499 E AndroidRuntime: at com.ebensz.enote.notepad.service.RecordAudioService$ServiceHandler.handleMessage(:53)
04-23 11:48:41.955 2121 3499 E AndroidRuntime: at android.os.Handler.dispatchMessage(Handler.java:106)
04-23 11:48:41.955 2121 3499 E AndroidRuntime: at android.os.Looper.loopOnce(Looper.java:201)
04-23 11:48:41.955 2121 3499 E AndroidRuntime: at android.os.Looper.loop(Looper.java:288)
04-23 11:48:41.955 2121 3499 E AndroidRuntime: at android.os.HandlerThread.run(HandlerThread.java:67)
04-23 11:48:41.955 2121 3499 E AndroidRuntime: Caused by: android.os.RemoteException: Remote stack trace:
04-23 11:48:41.955 2121 3499 E AndroidRuntime: at com.android.server.notification.NotificationManagerService$10.enforceDeletingChannelHasNoFgService(NotificationManagerService.java:3694)
04-23 11:48:41.955 2121 3499 E AndroidRuntime: at com.android.server.notification.NotificationManagerService$10.deleteNotificationChannel(NotificationManagerService.java:3707)
04-23 11:48:41.955 2121 3499 E AndroidRuntime: at android.app.INotificationManager$Stub.onTransact(INotificationManager.java:1821)
04-23 11:48:41.955 2121 3499 E AndroidRuntime: at android.os.Binder.execTransactInternal(Binder.java:1179)
04-23 11:48:41.955 2121 3499 E AndroidRuntime: at android.os.Binder.execTransact(Binder.java:1143)
04-23 11:48:41.955 2121 3499 E AndroidRuntime:
04-23 11:48:42.358 3561 3584 E AndroidRuntime: FATAL EXCEPTION: com.ebensz.enote.notepad.service.RecordAudioService
04-23 11:48:42.358 3561 3584 E AndroidRuntime: Process: com.ebensz.enote.notepad, PID: 3561
04-23 11:48:42.358 3561 3584 E AndroidRuntime: java.lang.SecurityException: Not allowed to delete channel channel_record with a foreground service
04-23 11:48:42.358 3561 3584 E AndroidRuntime: at android.os.Parcel.createExceptionOrNull(Parcel.java:2426)
04-23 11:48:42.358 3561 3584 E AndroidRuntime: at android.os.Parcel.createException(Parcel.java:2410)
04-23 11:48:42.358 3561 3584 E AndroidRuntime: at android.os.Parcel.readException(Parcel.java:2393)
04-23 11:48:42.358 3561 3584 E AndroidRuntime: at android.os.Parcel.readException(Parcel.java:2335)
04-23 11:48:42.358 3561 3584 E AndroidRuntime: at android.app.INotificationManager$Stub$Proxy.deleteNotificationChannel(INotificationManager.java:4359)
04-23 11:48:42.358 3561 3584 E AndroidRuntime: at android.app.NotificationManager.deleteNotificationChannel(NotificationManager.java:1002)
04-23 11:48:42.358 3561 3584 E AndroidRuntime: at com.ebensz.enote.notepad.service.RecordAudioNotification.cancel(:3)
04-23 11:48:42.358 3561 3584 E AndroidRuntime: at com.ebensz.enote.notepad.service.RecordAudioService$ServiceHandler.handleMessage(:45)
04-23 11:48:42.358 3561 3584 E AndroidRuntime: at android.os.Handler.dispatchMessage(Handler.java:106)
04-23 11:48:42.358 3561 3584 E AndroidRuntime: at android.os.Looper.loopOnce(Looper.java:201)
04-23 11:48:42.358 3561 3584 E AndroidRuntime: at android.os.Looper.loop(Looper.java:288)
04-23 11:48:42.358 3561 3584 E AndroidRuntime: at android.os.HandlerThread.run(HandlerThread.java:67)
04-23 12:03:08.397 3591 4792 E AndroidRuntime: FATAL EXCEPTION: com.ebensz.enote.notepad.service.RecordAudioService
04-23 12:03:08.397 3591 4792 E AndroidRuntime: Process: com.ebensz.enote.notepad, PID: 3591
04-23 12:03:08.397 3591 4792 E AndroidRuntime: java.lang.SecurityException: Not allowed to delete channel channel_record with a foreground service
04-23 12:03:08.397 3591 4792 E AndroidRuntime: at android.os.Parcel.createExceptionOrNull(Parcel.java:2426)
04-23 12:03:08.397 3591 4792 E AndroidRuntime: at android.os.Parcel.createException(Parcel.java:2410)
04-23 12:03:08.397 3591 4792 E AndroidRuntime: at android.os.Parcel.readException(Parcel.java:2393)
04-23 12:03:08.397 3591 4792 E AndroidRuntime: at android.os.Parcel.readException(Parcel.java:2335)
04-23 12:03:08.397 3591 4792 E AndroidRuntime: at android.app.INotificationManager$Stub$Proxy.deleteNotificationChannel(INotificationManager.java:4359)
04-23 12:03:08.397 3591 4792 E AndroidRuntime: at android.app.NotificationManager.deleteNotificationChannel(NotificationManager.java:1002)
04-23 12:03:08.397 3591 4792 E AndroidRuntime: at com.ebensz.enote.notepad.service.RecordAudioNotification.cancel(:3)
04-23 12:03:08.397 3591 4792 E AndroidRuntime: at com.ebensz.enote.notepad.service.RecordAudioService$ServiceHandler.handleMessage(:53)
04-23 12:03:08.397 3591 4792 E AndroidRuntime: at android.os.Handler.dispatchMessage(Handler.java:106)
04-23 12:03:08.397 3591 4792 E AndroidRuntime: at android.os.Looper.loopOnce(Looper.java:201)
04-23 12:03:08.397 3591 4792 E AndroidRuntime: at android.os.Looper.loop(Looper.java:288)
04-23 12:03:08.397 3591 4792 E AndroidRuntime: at android.os.HandlerThread.run(HandlerThread.java:67)
04-23 12:03:08.397 3591 4792 E AndroidRuntime: Caused by: android.os.RemoteException: Remote stack trace:
04-23 12:03:08.397 3591 4792 E AndroidRuntime: at com.android.server.notification.NotificationManagerService$10.enforceDeletingChannelHasNoFgService(NotificationManagerService.java:3694)
04-23 12:03:08.397 3591 4792 E AndroidRuntime: at com.android.server.notification.NotificationManagerService$10.deleteNotificationChannel(NotificationManagerService.java:3707)
04-23 12:03:08.397 3591 4792 E AndroidRuntime: at android.app.INotificationManager$Stub.onTransact(INotificationManager.java:1821)
04-23 12:03:08.397 3591 4792 E AndroidRuntime: at android.os.Binder.execTransactInternal(Binder.java:1179)
04-23 12:03:08.397 3591 4792 E AndroidRuntime: at android.os.Binder.execTransact(Binder.java:1143)
04-23 12:03:08.397 3591 4792 E AndroidRuntime:
04-23 12:03:08.816 4878 4902 E AndroidRuntime: FATAL EXCEPTION: com.ebensz.enote.notepad.service.RecordAudioService
04-23 12:03:08.816 4878 4902 E AndroidRuntime: Process: com.ebensz.enote.notepad, PID: 4878
04-23 12:03:08.816 4878 4902 E AndroidRuntime: java.lang.SecurityException: Not allowed to delete channel channel_record with a foreground service
04-23 12:03:08.816 4878 4902 E AndroidRuntime: at android.os.Parcel.createExceptionOrNull(Parcel.java:2426)
04-23 12:03:08.816 4878 4902 E AndroidRuntime: at android.os.Parcel.createException(Parcel.java:2410)
04-23 12:03:08.816 4878 4902 E AndroidRuntime: at android.os.Parcel.readException(Parcel.java:2393)
04-23 12:03:08.816 4878 4902 E AndroidRuntime: at android.os.Parcel.readException(Parcel.java:2335)
04-23 12:03:08.816 4878 4902 E AndroidRuntime: at android.app.INotificationManager$Stub$Proxy.deleteNotificationChannel(INotificationManager.java:4359)
04-23 12:03:08.816 4878 4902 E AndroidRuntime: at android.app.NotificationManager.deleteNotificationChannel(NotificationManager.java:1002)
04-23 12:03:08.816 4878 4902 E AndroidRuntime: at com.ebensz.enote.notepad.service.RecordAudioNotification.cancel(:3)
04-23 12:03:08.816 4878 4902 E AndroidRuntime: at com.ebensz.enote.notepad.service.RecordAudioService$ServiceHandler.handleMessage(:45)
04-23 12:03:08.816 4878 4902 E AndroidRuntime: at android.os.Handler.dispatchMessage(Handler.java:106)
04-23 12:03:08.816 4878 4902 E AndroidRuntime: at android.os.Looper.loopOnce(Looper.java:201)
04-23 12:03:08.816 4878 4902 E AndroidRuntime: at android.os.Looper.loop(Looper.java:288)
04-23 12:03:08.816 4878 4902 E AndroidRuntime: at android.os.HandlerThread.run(HandlerThread.java:67)
04-23 12:03:47.444 4906 5160 E AndroidRuntime: FATAL EXCEPTION: com.ebensz.enote.notepad.service.RecordAudioService
04-23 12:03:47.444 4906 5160 E AndroidRuntime: Process: com.ebensz.enote.notepad, PID: 4906
04-23 12:03:47.444 4906 5160 E AndroidRuntime: java.lang.SecurityException: Not allowed to delete channel channel_record with a foreground service
04-23 12:03:47.444 4906 5160 E AndroidRuntime: at android.os.Parcel.createExceptionOrNull(Parcel.java:2426)
04-23 12:03:47.444 4906 5160 E AndroidRuntime: at android.os.Parcel.createException(Parcel.java:2410)
04-23 12:03:47.444 4906 5160 E AndroidRuntime: at android.os.Parcel.readException(Parcel.java:2393)
04-23 12:03:47.444 4906 5160 E AndroidRuntime: at android.os.Parcel.readException(Parcel.java:2335)
04-23 12:03:47.444 4906 5160 E AndroidRuntime: at android.app.INotificationManager$Stub$Proxy.deleteNotificationChannel(INotificationManager.java:4359)
04-23 12:03:47.444 4906 5160 E AndroidRuntime: at android.app.NotificationManager.deleteNotificationChannel(NotificationManager.java:1002)
04-23 12:03:47.444 4906 5160 E AndroidRuntime: at com.ebensz.enote.notepad.service.RecordAudioNotification.cancel(:3)
04-23 12:03:47.444 4906 5160 E AndroidRuntime: at com.ebensz.enote.notepad.service.RecordAudioService$ServiceHandler.handleMessage(:53)
04-23 12:03:47.444 4906 5160 E AndroidRuntime: at android.os.Handler.dispatchMessage(Handler.java:106)
04-23 12:03:47.444 4906 5160 E AndroidRuntime: at android.os.Looper.loopOnce(Looper.java:201)
04-23 12:03:47.444 4906 5160 E AndroidRuntime: at android.os.Looper.loop(Looper.java:288)
04-23 12:03:47.444 4906 5160 E AndroidRuntime: at android.os.HandlerThread.run(HandlerThread.java:67)
04-23 12:03:47.444 4906 5160 E AndroidRuntime: Caused by: android.os.RemoteException: Remote stack trace:
04-23 12:03:47.444 4906 5160 E AndroidRuntime: at com.android.server.notification.NotificationManagerService$10.enforceDeletingChannelHasNoFgService(NotificationManagerService.java:3694)
04-23 12:03:47.444 4906 5160 E AndroidRuntime: at com.android.server.notification.NotificationManagerService$10.deleteNotificationChannel(NotificationManagerService.java:3707)
04-23 12:03:47.444 4906 5160 E AndroidRuntime: at android.app.INotificationManager$Stub.onTransact(INotificationManager.java:1821)
04-23 12:03:47.444 4906 5160 E AndroidRuntime: at android.os.Binder.execTransactInternal(Binder.java:1179)
04-23 12:03:47.444 4906 5160 E AndroidRuntime: at android.os.Binder.execTransact(Binder.java:1143)
04-23 12:03:47.444 4906 5160 E AndroidRuntime:
04-23 12:03:47.858 5233 5257 E AndroidRuntime: FATAL EXCEPTION: com.ebensz.enote.notepad.service.RecordAudioService
04-23 12:03:47.858 5233 5257 E AndroidRuntime: Process: com.ebensz.enote.notepad, PID: 5233
04-23 12:03:47.858 5233 5257 E AndroidRuntime: java.lang.SecurityException: Not allowed to delete channel channel_record with a foreground service
04-23 12:03:47.858 5233 5257 E AndroidRuntime: at android.os.Parcel.createExceptionOrNull(Parcel.java:2426)
04-23 12:03:47.858 5233 5257 E AndroidRuntime: at android.os.Parcel.createException(Parcel.java:2410)
04-23 12:03:47.858 5233 5257 E AndroidRuntime: at android.os.Parcel.readException(Parcel.java:2393)
04-23 12:03:47.858 5233 5257 E AndroidRuntime: at android.os.Parcel.readException(Parcel.java:2335)
04-23 12:03:47.858 5233 5257 E AndroidRuntime: at android.app.INotificationManager$Stub$Proxy.deleteNotificationChannel(INotificationManager.java:4359)
04-23 12:03:47.858 5233 5257 E AndroidRuntime: at android.app.NotificationManager.deleteNotificationChannel(NotificationManager.java:1002)
04-23 12:03:47.858 5233 5257 E AndroidRuntime: at com.ebensz.enote.notepad.service.RecordAudioNotification.cancel(:3)
04-23 12:03:47.858 5233 5257 E AndroidRuntime: at com.ebensz.enote.notepad.service.RecordAudioService$ServiceHandler.handleMessage(:45)
04-23 12:03:47.858 5233 5257 E AndroidRuntime: at android.os.Handler.dispatchMessage(Handler.java:106)
04-23 12:03:47.858 5233 5257 E AndroidRuntime: at android.os.Looper.loopOnce(Looper.java:201)
04-23 12:03:47.858 5233 5257 E AndroidRuntime: at android.os.Looper.loop(Looper.java:288)
04-23 12:03:47.858 5233 5257 E AndroidRuntime: at android.os.HandlerThread.run(HandlerThread.java:67)
05-19 10:34:56.457 5260 20343 E AndroidRuntime: FATAL EXCEPTION: com.ebensz.enote.notepad.service.RecordAudioService
05-19 10:34:56.457 5260 20343 E AndroidRuntime: Process: com.ebensz.enote.notepad, PID: 5260
05-19 10:34:56.457 5260 20343 E AndroidRuntime: java.lang.SecurityException: Not allowed to delete channel channel_record with a foreground service
05-19 10:34:56.457 5260 20343 E AndroidRuntime: at android.os.Parcel.createExceptionOrNull(Parcel.java:2426)
05-19 10:34:56.457 5260 20343 E AndroidRuntime: at android.os.Parcel.createException(Parcel.java:2410)
05-19 10:34:56.457 5260 20343 E AndroidRuntime: at android.os.Parcel.readException(Parcel.java:2393)
05-19 10:34:56.457 5260 20343 E AndroidRuntime: at android.os.Parcel.readException(Parcel.java:2335)
05-19 10:34:56.457 5260 20343 E AndroidRuntime: at android.app.INotificationManager$Stub$Proxy.deleteNotificationChannel(INotificationManager.java:4359)
05-19 10:34:56.457 5260 20343 E AndroidRuntime: at android.app.NotificationManager.deleteNotificationChannel(NotificationManager.java:1002)
05-19 10:34:56.457 5260 20343 E AndroidRuntime: at com.ebensz.enote.notepad.service.RecordAudioNotification.cancel(:3)
05-19 10:34:56.457 5260 20343 E AndroidRuntime: at com.ebensz.enote.notepad.service.RecordAudioService$ServiceHandler.handleMessage(:53)
05-19 10:34:56.457 5260 20343 E AndroidRuntime: at android.os.Handler.dispatchMessage(Handler.java:106)
05-19 10:34:56.457 5260 20343 E AndroidRuntime: at android.os.Looper.loopOnce(Looper.java:201)
05-19 10:34:56.457 5260 20343 E AndroidRuntime: at android.os.Looper.loop(Looper.java:288)
05-19 10:34:56.457 5260 20343 E AndroidRuntime: at android.os.HandlerThread.run(HandlerThread.java:67)
05-19 10:34:56.457 5260 20343 E AndroidRuntime: Caused by: android.os.RemoteException: Remote stack trace:
05-19 10:34:56.457 5260 20343 E AndroidRuntime: at com.android.server.notification.NotificationManagerService$10.enforceDeletingChannelHasNoFgService(NotificationManagerService.java:3694)
05-19 10:34:56.457 5260 20343 E AndroidRuntime: at com.android.server.notification.NotificationManagerService$10.deleteNotificationChannel(NotificationManagerService.java:3707)
05-19 10:34:56.457 5260 20343 E AndroidRuntime: at android.app.INotificationManager$Stub.onTransact(INotificationManager.java:1821)
05-19 10:34:56.457 5260 20343 E AndroidRuntime: at android.os.Binder.execTransactInternal(Binder.java:1179)
05-19 10:34:56.457 5260 20343 E AndroidRuntime: at android.os.Binder.execTransact(Binder.java:1143)
05-19 10:34:56.457 5260 20343 E AndroidRuntime:
05-19 10:34:56.957 20567 20598 E AndroidRuntime: FATAL EXCEPTION: com.ebensz.enote.notepad.service.RecordAudioService
05-19 10:34:56.957 20567 20598 E AndroidRuntime: Process: com.ebensz.enote.notepad, PID: 20567
05-19 10:34:56.957 20567 20598 E AndroidRuntime: java.lang.SecurityException: Not allowed to delete channel channel_record with a foreground service
05-19 10:34:56.957 20567 20598 E AndroidRuntime: at android.os.Parcel.createExceptionOrNull(Parcel.java:2426)
05-19 10:34:56.957 20567 20598 E AndroidRuntime: at android.os.Parcel.createException(Parcel.java:2410)
05-19 10:34:56.957 20567 20598 E AndroidRuntime: at android.os.Parcel.readException(Parcel.java:2393)
05-19 10:34:56.957 20567 20598 E AndroidRuntime: at android.os.Parcel.readException(Parcel.java:2335)
05-19 10:34:56.957 20567 20598 E AndroidRuntime: at android.app.INotificationManager$Stub$Proxy.deleteNotificationChannel(INotificationManager.java:4359)
05-19 10:34:56.957 20567 20598 E AndroidRuntime: at android.app.NotificationManager.deleteNotificationChannel(NotificationManager.java:1002)
05-19 10:34:56.957 20567 20598 E AndroidRuntime: at com.ebensz.enote.notepad.service.RecordAudioNotification.cancel(:3)
05-19 10:34:56.957 20567 20598 E AndroidRuntime: at com.ebensz.enote.notepad.service.RecordAudioService$ServiceHandler.handleMessage(:45)
05-19 10:34:56.957 20567 20598 E AndroidRuntime: at android.os.Handler.dispatchMessage(Handler.java:106)
05-19 10:34:56.957 20567 20598 E AndroidRuntime: at android.os.Looper.loopOnce(Looper.java:201)
05-19 10:34:56.957 20567 20598 E AndroidRuntime: at android.os.Looper.loop(Looper.java:288)
05-19 10:34:56.957 20567 20598 E AndroidRuntime: at android.os.HandlerThread.run(HandlerThread.java:67)
05-19 14:13:53.071 27842 30505 E AndroidRuntime: FATAL EXCEPTION: com.ebensz.enote.notepad.service.RecordAudioService
05-19 14:13:53.071 27842 30505 E AndroidRuntime: Process: com.ebensz.enote.notepad, PID: 27842
05-19 14:13:53.071 27842 30505 E AndroidRuntime: java.lang.SecurityException: Not allowed to delete channel channel_record with a foreground service
05-19 14:13:53.071 27842 30505 E AndroidRuntime: at android.os.Parcel.createExceptionOrNull(Parcel.java:2426)
05-19 14:13:53.071 27842 30505 E AndroidRuntime: at android.os.Parcel.createException(Parcel.java:2410)
05-19 14:13:53.071 27842 30505 E AndroidRuntime: at android.os.Parcel.readException(Parcel.java:2393)
05-19 14:13:53.071 27842 30505 E AndroidRuntime: at android.os.Parcel.readException(Parcel.java:2335)
05-19 14:13:53.071 27842 30505 E AndroidRuntime: at android.app.INotificationManager$Stub$Proxy.deleteNotificationChannel(INotificationManager.java:4359)
05-19 14:13:53.071 27842 30505 E AndroidRuntime: at android.app.NotificationManager.deleteNotificationChannel(NotificationManager.java:1002)
05-19 14:13:53.071 27842 30505 E AndroidRuntime: at com.ebensz.enote.notepad.service.RecordAudioNotification.cancel(:3)
05-19 14:13:53.071 27842 30505 E AndroidRuntime: at com.ebensz.enote.notepad.service.RecordAudioService$ServiceHandler.handleMessage(:53)
05-19 14:13:53.071 27842 30505 E AndroidRuntime: at android.os.Handler.dispatchMessage(Handler.java:106)
05-19 14:13:53.071 27842 30505 E AndroidRuntime: at android.os.Looper.loopOnce(Looper.java:201)
05-19 14:13:53.071 27842 30505 E AndroidRuntime: at android.os.Looper.loop(Looper.java:288)
05-19 14:13:53.071 27842 30505 E AndroidRuntime: at android.os.HandlerThread.run(HandlerThread.java:67)
05-19 14:13:53.512 30803 30834 E AndroidRuntime: FATAL EXCEPTION: com.ebensz.enote.notepad.service.RecordAudioService
05-19 14:13:53.512 30803 30834 E AndroidRuntime: Process: com.ebensz.enote.notepad, PID: 30803
05-19 14:13:53.512 30803 30834 E AndroidRuntime: java.lang.SecurityException: Not allowed to delete channel channel_record with a foreground service
05-19 14:13:53.512 30803 30834 E AndroidRuntime: at android.os.Parcel.createExceptionOrNull(Parcel.java:2426)
05-19 14:13:53.512 30803 30834 E AndroidRuntime: at android.os.Parcel.createException(Parcel.java:2410)
05-19 14:13:53.512 30803 30834 E AndroidRuntime: at android.os.Parcel.readException(Parcel.java:2393)
05-19 14:13:53.512 30803 30834 E AndroidRuntime: at android.os.Parcel.readException(Parcel.java:2335)
05-19 14:13:53.512 30803 30834 E AndroidRuntime: at android.app.INotificationManager$Stub$Proxy.deleteNotificationChannel(INotificationManager.java:4359)
05-19 14:13:53.512 30803 30834 E AndroidRuntime: at android.app.NotificationManager.deleteNotificationChannel(NotificationManager.java:1002)
05-19 14:13:53.512 30803 30834 E AndroidRuntime: at com.ebensz.enote.notepad.service.RecordAudioNotification.cancel(:3)
05-19 14:13:53.512 30803 30834 E AndroidRuntime: at com.ebensz.enote.notepad.service.RecordAudioService$ServiceHandler.handleMessage(:45)
05-19 14:13:53.512 30803 30834 E AndroidRuntime: at android.os.Handler.dispatchMessage(Handler.java:106)
05-19 14:13:53.512 30803 30834 E AndroidRuntime: at android.os.Looper.loopOnce(Looper.java:201)
05-19 14:13:53.512 30803 30834 E AndroidRuntime: at android.os.Looper.loop(Looper.java:288)
05-19 14:13:53.512 30803 30834 E AndroidRuntime: at android.os.HandlerThread.run(HandlerThread.java:67)
05-19 14:15:19.195 30839 31171 E AndroidRuntime: FATAL EXCEPTION: com.ebensz.enote.notepad.service.RecordAudioService
05-19 14:15:19.195 30839 31171 E AndroidRuntime: Process: com.ebensz.enote.notepad, PID: 30839
05-19 14:15:19.195 30839 31171 E AndroidRuntime: java.lang.SecurityException: Not allowed to delete channel channel_play with a foreground service
05-19 14:15:19.195 30839 31171 E AndroidRuntime: at android.os.Parcel.createExceptionOrNull(Parcel.java:2426)
05-19 14:15:19.195 30839 31171 E AndroidRuntime: at android.os.Parcel.createException(Parcel.java:2410)
05-19 14:15:19.195 30839 31171 E AndroidRuntime: at android.os.Parcel.readException(Parcel.java:2393)
05-19 14:15:19.195 30839 31171 E AndroidRuntime: at android.os.Parcel.readException(Parcel.java:2335)
05-19 14:15:19.195 30839 31171 E AndroidRuntime: at android.app.INotificationManager$Stub$Proxy.deleteNotificationChannel(INotificationManager.java:4359)
05-19 14:15:19.195 30839 31171 E AndroidRuntime: at android.app.NotificationManager.deleteNotificationChannel(NotificationManager.java:1002)
05-19 14:15:19.195 30839 31171 E AndroidRuntime: at com.ebensz.enote.notepad.service.RecordAudioNotification.cancel(:4)
05-19 14:15:19.195 30839 31171 E AndroidRuntime: at com.ebensz.enote.notepad.service.RecordAudioService$ServiceHandler.handleMessage(:53)
05-19 14:15:19.195 30839 31171 E AndroidRuntime: at android.os.Handler.dispatchMessage(Handler.java:106)
05-19 14:15:19.195 30839 31171 E AndroidRuntime: at android.os.Looper.loopOnce(Looper.java:201)
05-19 14:15:19.195 30839 31171 E AndroidRuntime: at android.os.Looper.loop(Looper.java:288)
05-19 14:15:19.195 30839 31171 E AndroidRuntime: at android.os.HandlerThread.run(HandlerThread.java:67)
05-19 14:15:19.195 30839 31171 E AndroidRuntime: Caused by: android.os.RemoteException: Remote stack trace:
05-19 14:15:19.195 30839 31171 E AndroidRuntime: at com.android.server.notification.NotificationManagerService$10.enforceDeletingChannelHasNoFgService(NotificationManagerService.java:3694)
05-19 14:15:19.195 30839 31171 E AndroidRuntime: at com.android.server.notification.NotificationManagerService$10.deleteNotificationChannel(NotificationManagerService.java:3707)
05-19 14:15:19.195 30839 31171 E AndroidRuntime: at android.app.INotificationManager$Stub.onTransact(INotificationManager.java:1821)
05-19 14:15:19.195 30839 31171 E AndroidRuntime: at android.os.Binder.execTransactInternal(Binder.java:1179)
05-19 14:15:19.195 30839 31171 E AndroidRuntime: at android.os.Binder.execTransact(Binder.java:1143)
05-19 14:15:19.195 30839 31171 E AndroidRuntime:
05-19 14:15:51.208 31280 31428 E AndroidRuntime: FATAL EXCEPTION: com.ebensz.enote.notepad.service.RecordAudioService
05-19 14:15:51.208 31280 31428 E AndroidRuntime: Process: com.ebensz.enote.notepad, PID: 31280
05-19 14:15:51.208 31280 31428 E AndroidRuntime: java.lang.SecurityException: Not allowed to delete channel channel_play with a foreground service
05-19 14:15:51.208 31280 31428 E AndroidRuntime: at android.os.Parcel.createExceptionOrNull(Parcel.java:2426)
05-19 14:15:51.208 31280 31428 E AndroidRuntime: at android.os.Parcel.createException(Parcel.java:2410)
05-19 14:15:51.208 31280 31428 E AndroidRuntime: at android.os.Parcel.readException(Parcel.java:2393)
05-19 14:15:51.208 31280 31428 E AndroidRuntime: at android.os.Parcel.readException(Parcel.java:2335)
05-19 14:15:51.208 31280 31428 E AndroidRuntime: at android.app.INotificationManager$Stub$Proxy.deleteNotificationChannel(INotificationManager.java:4359)
05-19 14:15:51.208 31280 31428 E AndroidRuntime: at android.app.NotificationManager.deleteNotificationChannel(NotificationManager.java:1002)
05-19 14:15:51.208 31280 31428 E AndroidRuntime: at com.ebensz.enote.notepad.service.RecordAudioNotification.cancel(:4)
05-19 14:15:51.208 31280 31428 E AndroidRuntime: at com.ebensz.enote.notepad.service.RecordAudioService$ServiceHandler.handleMessage(:53)
05-19 14:15:51.208 31280 31428 E AndroidRuntime: at android.os.Handler.dispatchMessage(Handler.java:106)
05-19 14:15:51.208 31280 31428 E AndroidRuntime: at android.os.Looper.loopOnce(Looper.java:201)
05-19 14:15:51.208 31280 31428 E AndroidRuntime: at android.os.Looper.loop(Looper.java:288)
05-19 14:15:51.208 31280 31428 E AndroidRuntime: at android.os.HandlerThread.run(HandlerThread.java:67) --------- beginning of events
05-19 14:39:58.229 627 627 I notification_enqueue: [10098,25952,com.baidu.appsearch,2131755453,NULL,0,Notification(channel=手机管理、安全检测相关通知 shortcut=null contentView=null vibrate=null sound=null defaults=0x0 flags=0x62 color=0x00000000 vis=PRIVATE),1]
05-19 14:39:58.442 627 668 I sysui_multi_action: [757,1696,758,6,759,2]
05-19 14:40:01.442 627 668 I power_sleep_requested: 0
05-19 14:40:01.511 627 668 I sysui_multi_action: [757,1696,758,6,759,0]
05-19 14:40:01.946 627 668 I wm_pause_activity: [0,221501667,com.ebensz.email/.activity.EmailActivity,userLeaving=false,sleep]
05-19 14:40:01.946 7156 7156 I wm_on_top_resumed_lost_called: [221501667,com.ebensz.email.activity.EmailActivity,topStateChangedWhenResumed]
05-19 14:40:01.947 7156 7156 I wm_on_paused_called: [221501667,com.ebensz.email.activity.EmailActivity,performPause]
05-19 14:40:01.950 627 9760 I wm_add_to_stopping: [0,221501667,com.ebensz.email/.activity.EmailActivity,completePauseLocked]
05-19 14:40:01.956 627 647 I wm_stop_activity: [0,221501667,com.ebensz.email/.activity.EmailActivity]
05-19 14:40:01.958 627 647 I sysui_multi_action: [757,803,799,window_time_0,802,59]
05-19 14:40:01.959 627 710 I input_focus: [Focus leaving 312e13c com.ebensz.email/com.ebensz.email.activity.EmailActivity (server),reason=NOT_VISIBLE]
05-19 14:40:01.970 7156 7156 I wm_on_stop_called: [221501667,com.ebensz.email.activity.EmailActivity,STOP_ACTIVITY_ITEM]
05-19 14:40:02.327 627 627 I sysui_multi_action: [757,198,758,2,759,3,1359,886,1695,2]
05-19 14:40:02.327 627 627 I power_screen_state: [0,3,0,0,886]
05-19 14:40:02.327 627 627 I screen_toggled: 0
05-19 14:40:02.328 627 627 I sysui_multi_action: [757,804,799,screen_timeout,801,15,802,1]
05-19 14:40:02.328 627 627 I sysui_multi_action: [757,1594,758,4,759,-2147483648,1359,13158]
05-19 14:40:02.329 627 627 I power_screen_broadcast_send: 1
05-19 14:40:02.355 627 627 I battery_saving_stats: [0,1,0,14204,0,0,62365807,0,-6]
05-19 14:40:02.394 627 627 I power_screen_broadcast_done: [0,66,1]
05-19 14:40:07.421 627 711 I sysui_multi_action: [757,804,799,power_consecutive_short_tap_count,801,1,802,1]
05-19 14:40:07.422 627 711 I sysui_multi_action: [757,804,799,power_double_tap_interval,801,16483,802,1]
05-19 14:40:07.422 627 711 I intercept_power: [ACTION_DOWN,0,0]
05-19 14:40:07.449 627 711 I intercept_power: [ACTION_UP,0,0]
05-19 14:40:07.458 627 627 I screen_toggled: 1
05-19 14:40:07.458 627 668 I wm_set_resumed_activity: [0,com.ebensz.email/.activity.EmailActivity,resumeTopActivity]
05-19 14:40:07.460 627 668 I wm_resume_activity: [0,221501667,128,com.ebensz.email/.activity.EmailActivity]
05-19 14:40:07.463 627 668 I sysui_multi_action: [757,1696,758,6,759,3]
05-19 14:40:07.479 627 627 I power_screen_broadcast_send: 1
05-19 14:40:07.481 627 647 I dvm_lock_sample: [system_server,1,android.display,8,WindowManagerService.java,7665,void com.android.server.wm.WindowManagerService$LocalService.requestTraversalFromDisplayManager(),DisplayRotation.java,960,void com.android.server.wm.DisplayRotation.updateOrientationListener(),1]
05-19 14:40:07.501 7156 7156 I wm_on_restart_called: [221501667,com.ebensz.email.activity.EmailActivity,performRestartActivity]
05-19 14:40:07.502 7156 7156 I wm_on_start_called: [221501667,com.ebensz.email.activity.EmailActivity,handleStartActivity]
05-19 14:40:07.503 7156 7156 I wm_on_resume_called: [221501667,com.ebensz.email.activity.EmailActivity,RESUME_ACTIVITY]
05-19 14:40:07.503 7156 7156 I wm_on_top_resumed_gained_called: [221501667,com.ebensz.email.activity.EmailActivity,topWhenResuming]
05-19 14:40:07.524 627 648 I input_focus: [Focus request 312e13c com.ebensz.email/com.ebensz.email.activity.EmailActivity,reason=UpdateInputWindows]
05-19 14:40:07.540 627 627 I notification_enqueue: [10098,25952,com.baidu.appsearch,2131755453,NULL,0,Notification(channel=手机管理、安全检测相关通知 shortcut=null contentView=null vibrate=null sound=null defaults=0x0 flags=0x62 color=0x00000000 vis=PRIVATE),1]
05-19 14:40:07.575 627 730 I netstats_mobile_sample: [0,0,0,0,0,0,0,0,0,0,0,0,1747636807576]
05-19 14:40:07.575 627 730 I netstats_wifi_sample: [0,0,0,0,0,0,0,0,0,0,0,0,1747636807576]
05-19 14:40:08.006 627 627 I battery_saving_stats: [0,0,0,5651,0,0,173801114,0,-18]
05-19 14:40:08.046 627 627 I power_screen_broadcast_done: [1,567,1]
05-19 14:40:08.505 627 668 I sysui_latency: [5,1058]
05-19 14:40:08.506 627 627 I sysui_multi_action: [757,198,758,1,759,1,1359,2885,1694,1]
05-19 14:40:08.506 627 627 I power_screen_state: [1,0,0,0,2885]
05-19 14:40:08.523 627 710 I input_focus: [Focus entering 312e13c com.ebensz.email/com.ebensz.email.activity.EmailActivity (server),reason=Window became focusable. Previous reason: NO_WINDOW]
05-19 14:40:08.582 627 711 I sysui_multi_action: [757,804,799,power_consecutive_short_tap_count,801,1,802,1]
05-19 14:40:08.582 627 711 I sysui_multi_action: [757,804,799,power_double_tap_interval,801,2960,802,1]
05-19 14:40:08.582 627 711 I intercept_power: [ACTION_DOWN,0,0]
05-19 14:40:08.914 627 711 I intercept_power: [ACTION_UP,0,0]
05-19 14:40:08.916 627 627 I power_sleep_requested: 0
05-19 14:40:08.959 627 668 I sysui_multi_action: [757,1696,758,6,759,0]
05-19 14:40:09.402 627 668 I wm_pause_activity: [0,221501667,com.ebensz.email/.activity.EmailActivity,userLeaving=false,sleep]
05-19 14:40:09.402 7156 7156 I wm_on_top_resumed_lost_called: [221501667,com.ebensz.email.activity.EmailActivity,topStateChangedWhenResumed]
05-19 14:40:09.403 7156 7156 I wm_on_paused_called: [221501667,com.ebensz.email.activity.EmailActivity,performPause]
05-19 14:40:09.407 627 18032 I wm_add_to_stopping: [0,221501667,com.ebensz.email/.activity.EmailActivity,completePauseLocked]
05-19 14:40:09.417 627 647 I wm_stop_activity: [0,221501667,com.ebensz.email/.activity.EmailActivity]
05-19 14:40:09.417 627 647 I sysui_multi_action: [757,803,799,window_time_0,802,7]
05-19 14:40:09.444 7156 7156 I wm_on_stop_called: [221501667,com.ebensz.email.activity.EmailActivity,STOP_ACTIVITY_ITEM]
05-19 14:40:09.821 627 627 I sysui_multi_action: [757,198,758,2,759,2,1359,1240,1695,4]
05-19 14:40:09.822 627 627 I power_screen_state: [0,2,0,0,1240]
05-19 14:40:09.822 627 627 I screen_toggled: 0
05-19 14:40:09.822 627 627 I sysui_multi_action: [757,804,799,screen_timeout,801,15,802,1]
05-19 14:40:09.822 627 627 I sysui_multi_action: [757,1594,758,4,759,-2147483648,1359,1316]
05-19 14:40:09.822 627 627 I power_screen_broadcast_send: 1
05-19 14:40:09.822 627 710 I input_focus: [Focus leaving 312e13c com.ebensz.email/com.ebensz.email.activity.EmailActivity (server),reason=NO_WINDOW]
05-19 14:40:09.875 627 627 I battery_saving_stats: [0,1,0,1868,0,0,62367675,0,-6]
05-19 14:40:09.882 627 711 I sysui_multi_action: [757,804,799,power_consecutive_short_tap_count,801,1,802,1]
05-19 14:40:09.883 627 711 I sysui_multi_action: [757,804,799,power_double_tap_interval,801,1300,802,1]
05-19 14:40:09.883 627 711 I intercept_power: [ACTION_DOWN,0,0]
05-19 14:40:09.896 627 668 I wm_set_resumed_activity: [0,com.ebensz.email/.activity.EmailActivity,resumeTopActivity]
05-19 14:40:09.900 627 668 I wm_resume_activity: [0,221501667,128,com.ebensz.email/.activity.EmailActivity]
05-19 14:40:09.907 627 668 I sysui_multi_action: [757,1696,758,6,759,3]
05-19 14:40:09.913 627 627 I screen_toggled: 1
05-19 14:40:09.919 7156 7156 I wm_on_restart_called: [221501667,com.ebensz.email.activity.EmailActivity,performRestartActivity]
05-19 14:40:09.920 7156 7156 I wm_on_start_called: [221501667,com.ebensz.email.activity.EmailActivity,handleStartActivity]
05-19 14:40:09.921 7156 7156 I wm_on_resume_called: [221501667,com.ebensz.email.activity.EmailActivity,RESUME_ACTIVITY]
05-19 14:40:09.921 7156 7156 I wm_on_top_resumed_gained_called: [221501667,com.ebensz.email.activity.EmailActivity,topWhenResuming]
05-19 14:40:09.942 627 648 I input_focus: [Focus request 312e13c com.ebensz.email/com.ebensz.email.activity.EmailActivity,reason=UpdateInputWindows]
05-19 14:40:09.991 627 627 I power_screen_broadcast_done: [0,169,1]
05-19 14:40:09.991 627 627 I power_screen_broadcast_send: 1
05-19 14:40:10.010 627 627 I battery_saving_stats: [0,0,0,135,0,0,173801249,0,-18]
05-19 14:40:10.037 627 627 I power_screen_broadcast_done: [1,46,1]
05-19 14:40:10.158 627 711 I intercept_power: [ACTION_UP,0,0]
05-19 14:40:10.486 627 668 I sysui_latency: [5,597]
05-19 14:40:10.486 627 627 I sysui_multi_action: [757,198,758,1,759,1,1359,606,1694,1]
05-19 14:40:10.486 627 627 I power_screen_state: [1,0,0,0,606]
05-19 14:40:10.490 627 710 I input_focus: [Focus entering 312e13c com.ebensz.email/com.ebensz.email.activity.EmailActivity (server),reason=Window became focusable. Previous reason: NO_WINDOW]
05-19 14:40:12.453 627 710 I input_interaction: Interaction with: d7a6ca1 NavigationBar0 (server), PointerEventDispatcher0 (server),
05-19 14:40:12.518 627 627 I notification_enqueue: [10098,25952,com.baidu.appsearch,2131755453,NULL,0,Notification(channel=手机管理、安全检测相关通知 shortcut=null contentView=null vibrate=null sound=null defaults=0x0 flags=0x62 color=0x00000000 vis=PRIVATE),1]
05-19 14:40:12.523 627 627 I notification_enqueue: [10098,25952,com.baidu.appsearch,2131755453,NULL,0,Notification(channel=手机管理、安全检测相关通知 shortcut=null contentView=null vibrate=null sound=null defaults=0x0 flags=0x62 color=0x00000000 vis=PRIVATE),1]
05-19 14:40:12.553 627 2096 I service_manager_stats: [100,63,122414]
05-19 14:40:12.566 627 2096 I wm_task_moved: [1,0,0]
05-19 14:40:12.567 627 2096 I wm_task_moved: [1,0,15]
05-19 14:40:12.576 1030 1030 I wm_on_restart_called: [214771548,com.android.launcher3.uioverrides.QuickstepLauncher,performRestartActivity]
05-19 14:40:12.587 1030 1030 I wm_on_start_called: [214771548,com.android.launcher3.uioverrides.QuickstepLauncher,handleStartActivity]
05-19 14:40:12.595 627 648 I input_focus: [Focus request recents_animation_input_consumer,reason=UpdateInputWindows]
05-19 14:40:12.604 1030 1030 I sysui_latency: [1,-174098989]
05-19 14:40:12.620 627 710 I input_focus: [Focus leaving 312e13c com.ebensz.email/com.ebensz.email.activity.EmailActivity (server),reason=Waiting for window because NOT_VISIBLE]
05-19 14:40:12.622 627 644 I sysui_multi_action: [319,10,322,52,325,79315,757,761,758,9,759,5,806,com.android.launcher3,871,com.android.launcher3.uioverrides.QuickstepLauncher,905,0,1320,4,1321,1]
05-19 14:40:12.626 627 710 I input_focus: [Focus entering recents_animation_input_consumer (server),reason=Window became focusable. Previous reason: NOT_VISIBLE]
05-19 14:40:12.679 627 730 I netstats_mobile_sample: [0,0,0,0,0,0,0,0,0,0,0,0,1747636812680]
05-19 14:40:12.679 627 730 I netstats_wifi_sample: [0,0,0,0,0,0,0,0,0,0,0,0,1747636812680]
05-19 14:40:12.701 627 730 I netstats_mobile_sample: [0,0,0,0,0,0,0,0,0,0,0,0,1747636812702]
05-19 14:40:12.701 627 730 I netstats_wifi_sample: [0,0,0,0,0,0,0,0,0,0,0,0,1747636812702]
05-19 14:40:12.722 627 627 I notification_cancel_all: [1000,19470,com.ebensz.appmanager,0,0,64,9,NULL]
05-19 14:40:12.920 627 652 I sysui_latency: [8,51]
05-19 14:40:13.270 627 710 I input_interaction: Interaction with: recents_animation_input_consumer (server), PointerEventDispatcher0 (server),
05-19 14:40:14.059 627 16764 I wm_task_moved: [1,1,16]
05-19 14:40:14.060 627 16764 I wm_focused_root_task: [0,0,1,128,startActivityFromRecents]
05-19 14:40:14.060 627 16764 I wm_task_moved: [151,1,16]
05-19 14:40:14.060 627 16764 I wm_task_to_front: [0,151]
05-19 14:40:14.060 7156 7156 I wm_on_top_resumed_lost_called: [221501667,com.ebensz.email.activity.EmailActivity,topStateChangedWhenResumed]
05-19 14:40:14.060 627 16764 I wm_focused_root_task: [0,0,151,1,moveTaskToFront findTaskToMoveToFront]
05-19 14:40:14.060 627 16764 I wm_set_resumed_activity: [0,com.ebensz.enote.notepad/.EditActivity,moveTaskToFront findTaskToMoveToFront]
05-19 14:40:14.061 627 16764 I wm_pause_activity: [0,221501667,com.ebensz.email/.activity.EmailActivity,userLeaving=true,pauseBackTasks]
05-19 14:40:14.068 7156 7156 I wm_on_paused_called: [221501667,com.ebensz.email.activity.EmailActivity,performPause]
05-19 14:40:14.069 627 16029 I wm_set_resumed_activity: [0,com.ebensz.enote.notepad/.EditActivity,resumeTopActivity]
05-19 14:40:14.069 627 16029 I wm_add_to_stopping: [0,221501667,com.ebensz.email/.activity.EmailActivity,makeInvisible]
05-19 14:40:14.072 627 16029 I wm_resume_activity: [0,260989843,151,com.ebensz.enote.notepad/.EditActivity]
05-19 14:40:14.089 627 647 I sysui_multi_action: [757,803,799,window_time_0,802,5]
05-19 14:40:14.093 31530 31530 I wm_on_restart_called: [260989843,com.ebensz.enote.notepad.EditActivity,performRestartActivity]
05-19 14:40:14.098 31530 31530 I wm_on_start_called: [260989843,com.ebensz.enote.notepad.EditActivity,handleStartActivity]
05-19 14:40:14.441 627 9760 I wm_task_moved: [1,0,14]
05-19 14:40:14.442 627 9760 I wm_add_to_stopping: [0,214771548,com.android.launcher3/.uioverrides.QuickstepLauncher,makeInvisible]
05-19 14:40:14.448 627 647 I wm_stop_activity: [0,214771548,com.android.launcher3/.uioverrides.QuickstepLauncher]
05-19 14:40:14.462 1030 1030 I wm_on_stop_called: [214771548,com.android.launcher3.uioverrides.QuickstepLauncher,STOP_ACTIVITY_ITEM]
05-19 14:40:14.477 627 710 I input_focus: [Focus leaving recents_animation_input_consumer (server),reason=NOT_VISIBLE]
05-19 14:40:14.482 31530 31530 I wm_on_resume_called: [260989843,com.ebensz.enote.notepad.EditActivity,RESUME_ACTIVITY]
05-19 14:40:14.482 31530 31530 I wm_on_top_resumed_gained_called: [260989843,com.ebensz.enote.notepad.EditActivity,topWhenResuming]
05-19 14:40:14.491 627 648 I input_focus: [Focus request c5e7c52 com.ebensz.enote.notepad/com.ebensz.enote.notepad.EditActivity,reason=UpdateInputWindows]
05-19 14:40:14.604 627 644 I sysui_multi_action: [319,26,321,23,322,541,325,79317,757,761,758,9,759,4,806,com.ebensz.enote.notepad,871,com.ebensz.enote.notepad.EditActivity,904,com.ebensz.enote.entry,905,0,1320,4,1321,1]
05-19 14:40:14.605 627 710 I input_focus: [Focus entering c5e7c52 com.ebensz.enote.notepad/com.ebensz.enote.notepad.EditActivity (server),reason=Window became focusable. Previous reason: NOT_VISIBLE]
05-19 14:40:14.920 627 710 I input_interaction: Interaction with: c5e7c52 com.ebensz.enote.notepad/com.ebensz.enote.notepad.EditActivity (server), PointerEventDispatcher0 (server),
05-19 14:40:17.465 627 710 I input_interaction: Interaction with: 402e0fd PopupWindow:191eadb (server), PointerEventDispatcher0 (server),
05-19 14:40:17.528 627 627 I notification_enqueue: [10098,25952,com.baidu.appsearch,2131755453,NULL,0,Notification(channel=手机管理、安全检测相关通知 shortcut=null contentView=null vibrate=null sound=null defaults=0x0 flags=0x62 color=0x00000000 vis=PRIVATE),1]
05-19 14:40:17.911 627 16764 I wm_task_moved: [151,1,16]
05-19 14:40:17.911 627 16764 I wm_set_resumed_activity: [0,com.ebensz.enote.notepad/.EditActivity,positionChildAt]
05-19 14:40:17.911 627 16764 I wm_create_activity: [0,266989975,151,android/com.android.internal.app.ChooserActivity,android.intent.action.CHOOSER,NULL,NULL,8388608]
05-19 14:40:17.912 627 16764 I wm_pause_activity: [0,260989843,com.ebensz.enote.notepad/.EditActivity,userLeaving=true,resumeTopActivity]
05-19 14:40:17.921 31530 31530 I wm_on_top_resumed_lost_called: [260989843,com.ebensz.enote.notepad.EditActivity,topStateChangedWhenResumed]
05-19 14:40:17.925 627 654 I am_proc_start: [0,334,1000,android:ui,pre-top-activity,{android/com.android.internal.app.ChooserActivity}]
05-19 14:40:17.927 31530 31530 I wm_on_paused_called: [260989843,com.ebensz.enote.notepad.EditActivity,performPause]
05-19 14:40:17.928 627 647 I sysui_multi_action: [757,803,799,window_time_0,802,4]
05-19 14:40:17.947 627 8600 I am_proc_bound: [0,334,android:ui]
05-19 14:40:17.950 627 8600 I wm_restart_activity: [0,266989975,151,android/com.android.internal.app.ChooserActivity]
05-19 14:40:17.951 627 8600 I wm_set_resumed_activity: [0,android/com.android.internal.app.ChooserActivity,minimalResumeActivityLocked]
05-19 14:40:18.005 334 334 I auditd : type=1400 audit(0.0:2328): avc: denied { open } for comm="SharedPreferenc" path="/data/system/shared_prefs/com.android.internal.app.ChooserActivity.xml" dev="dm-7" ino=7250 scontext=u:r:system_app:s0 tcontext=u:object_r:system_data_file:s0 tclass=file permissive=1
05-19 14:40:18.038 334 334 I sysui_multi_action: [757,1652,758,4,759,1]
05-19 14:40:18.060 627 16764 I wm_task_created: [153,-1]
05-19 14:40:18.062 627 16764 I wm_task_moved: [153,1,17]
05-19 14:40:18.062 627 16764 I wm_task_to_front: [0,153]
05-19 14:40:18.063 627 16764 I wm_create_task: [0,153]
05-19 14:40:18.063 627 16764 I wm_create_activity: [0,88760756,153,com.ebensz.email/.activity.MessageCompose,android.intent.action.SEND,image/*,NULL,453509121]
05-19 14:40:18.063 627 16764 I wm_task_moved: [153,1,17]
05-19 14:40:18.064 627 16764 I wm_pause_activity: [0,266989975,android/com.android.internal.app.ChooserActivity,userLeaving=true,pauseBackTasks]
05-19 14:40:18.067 627 16764 I wm_finish_activity: [0,266989975,151,android/com.android.internal.app.ChooserActivity,app-request]
05-19 14:40:18.068 627 647 I dvm_lock_sample: [system_server,1,android.display,8,TaskChangeNotificationController.java,320,void com.android.server.wm.TaskChangeNotificationController.forAllRemoteListeners(com.android.server.wm.TaskChangeNotificationController$TaskStackConsumer, android.os.Message),-,342,void com.android.server.wm.TaskChangeNotificationController.forAllLocalListeners(com.android.server.wm.TaskChangeNotificationController$TaskStackConsumer, android.os.Message),1]
05-19 14:40:18.068 334 334 I sysui_multi_action: [757,214,758,4,759,1,1649,image/*,1653,98]
05-19 14:40:18.073 334 334 I wm_on_create_called: [266989975,com.android.internal.app.ChooserActivity,performCreate]
05-19 14:40:18.075 627 8600 I wm_add_to_stopping: [0,266989975,android/com.android.internal.app.ChooserActivity,completeFinishing]
05-19 14:40:18.076 627 8600 I wm_add_to_stopping: [0,260989843,com.ebensz.enote.notepad/.EditActivity,makeInvisible]
05-19 14:40:18.076 627 8600 I wm_add_to_stopping: [0,221501667,com.ebensz.email/.activity.EmailActivity,makeInvisible]
05-19 14:40:18.077 627 8600 I wm_restart_activity: [0,88760756,153,com.ebensz.email/.activity.MessageCompose]
05-19 14:40:18.077 627 8600 I wm_set_resumed_activity: [0,com.ebensz.email/.activity.MessageCompose,minimalResumeActivityLocked]
05-19 14:40:18.079 627 647 I wm_destroy_activity: [0,266989975,151,android/com.android.internal.app.ChooserActivity,finish-imm:idle]
05-19 14:40:18.080 627 647 I sysui_multi_action: [757,803,799,window_time_0,802,0]
05-19 14:40:18.081 627 647 I am_kill : [0,25789,com.android.packageinstaller,985,empty for 4405s]
05-19 14:40:18.086 334 334 I wm_on_destroy_called: [266989975,com.android.internal.app.ChooserActivity,performDestroy]
05-19 14:40:18.102 627 710 I input_focus: [Focus leaving c5e7c52 com.ebensz.enote.notepad/com.ebensz.enote.notepad.EditActivity (server),reason=NO_WINDOW]
05-19 14:40:18.128 627 8600 I am_proc_died: [0,25789,com.android.packageinstaller,985,19]
05-19 14:40:18.128 627 8600 I am_uid_stopped: 10028
05-19 14:40:18.653 7156 7156 I wm_on_create_called: [88760756,com.ebensz.email.activity.MessageCompose,performCreate]
05-19 14:40:18.653 7156 7156 I wm_on_start_called: [88760756,com.ebensz.email.activity.MessageCompose,handleStartActivity]
05-19 14:40:18.708 7156 7156 I wm_on_resume_called: [88760756,com.ebensz.email.activity.MessageCompose,RESUME_ACTIVITY]
05-19 14:40:18.711 7156 7156 I wm_on_top_resumed_gained_called: [88760756,com.ebensz.email.activity.MessageCompose,topStateChangedWhenResumed]
05-19 14:40:18.729 627 648 I input_focus: [Focus request e21bcb0 com.ebensz.email/com.ebensz.email.activity.MessageCompose,reason=UpdateInputWindows]
05-19 14:40:18.756 627 8600 I wm_stop_activity: [0,221501667,com.ebensz.email/.activity.EmailActivity]
05-19 14:40:18.759 627 644 I sysui_multi_action: [319,205,321,187,322,843,325,79321,757,761,758,7,759,1,806,com.ebensz.email,871,com.ebensz.email.activity.MessageCompose,904,com.ebensz.enote.notepad,905,0,945,40,1320,4,1321,1]
05-19 14:40:18.760 627 710 I input_focus: [Focus entering e21bcb0 com.ebensz.email/com.ebensz.email.activity.MessageCompose (server),reason=Window became focusable. Previous reason: NO_WINDOW]
05-19 14:40:18.761 627 644 I wm_activity_launch_time: [0,88760756,com.ebensz.email/.activity.MessageCompose,843]
05-19 14:40:18.766 627 8600 I wm_stop_activity: [0,260989843,com.ebensz.enote.notepad/.EditActivity]
05-19 14:40:18.767 7156 7156 I wm_on_stop_called: [221501667,com.ebensz.email.activity.EmailActivity,STOP_ACTIVITY_ITEM]
05-19 14:40:18.786 31530 31530 I wm_on_stop_called: [260989843,com.ebensz.enote.notepad.EditActivity,STOP_ACTIVITY_ITEM]
05-19 14:40:20.111 627 710 I input_interaction: Interaction with: d7a6ca1 NavigationBar0 (server), PointerEventDispatcher0 (server),
05-19 14:40:20.114 781 781 I sysui_multi_action: [757,931,758,4,759,4,932,0,933,0]
05-19 14:40:20.122 627 710 I input_interaction: Interaction with: e21bcb0 com.ebensz.email/com.ebensz.email.activity.MessageCompose (server), PointerEventDispatcher0 (server),
05-19 14:40:20.122 627 710 I input_interaction: Interaction with: d7a6ca1 NavigationBar0 (server), PointerEventDispatcher0 (server),
05-19 14:40:20.221 781 781 I sysui_multi_action: [757,931,758,4,759,4,932,0,933,1]
05-19 14:40:20.222 627 1877 I sysui_multi_action: [757,803,799,key_back_press,802,1]
05-19 14:40:20.229 627 5232 I wm_finish_activity: [0,88760756,153,com.ebensz.email/.activity.MessageCompose,app-request]
05-19 14:40:20.229 627 5232 I wm_task_moved: [151,1,17]
05-19 14:40:20.229 627 5232 I wm_task_to_front: [0,151]
05-19 14:40:20.230 627 5232 I wm_focused_root_task: [0,0,151,153,finish-top adjustFocusToNextFocusableTask]
05-19 14:40:20.242 627 5232 I wm_pause_activity: [0,88760756,com.ebensz.email/.activity.MessageCompose,userLeaving=false,finish]
05-19 14:40:20.245 7156 7156 I wm_on_top_resumed_lost_called: [88760756,com.ebensz.email.activity.MessageCompose,topStateChangedWhenResumed]
05-19 14:40:20.254 7156 7156 I wm_on_paused_called: [88760756,com.ebensz.email.activity.MessageCompose,performPause]
05-19 14:40:20.255 627 5232 I wm_add_to_stopping: [0,88760756,com.ebensz.email/.activity.MessageCompose,completeFinishing]
05-19 14:40:20.256 627 5232 I wm_set_resumed_activity: [0,com.ebensz.enote.notepad/.EditActivity,resumeTopActivity]
05-19 14:40:20.258 627 5232 I wm_resume_activity: [0,260989843,151,com.ebensz.enote.notepad/.EditActivity]
05-19 14:40:20.261 7156 7156 I wm_on_restart_called: [221501667,com.ebensz.email.activity.EmailActivity,performRestartActivity]
05-19 14:40:20.262 7156 7156 I wm_on_start_called: [221501667,com.ebensz.email.activity.EmailActivity,handleStartActivity]
05-19 14:40:20.265 31530 31530 I wm_on_restart_called: [260989843,com.ebensz.enote.notepad.EditActivity,performRestartActivity]
05-19 14:40:20.267 627 647 I sysui_multi_action: [757,803,799,window_time_0,802,2]
05-19 14:40:20.270 627 710 I input_focus: [Focus leaving e21bcb0 com.ebensz.email/com.ebensz.email.activity.MessageCompose (server),reason=NO_WINDOW]
05-19 14:40:20.275 31530 31530 I wm_on_start_called: [260989843,com.ebensz.enote.notepad.EditActivity,handleStartActivity]
05-19 14:40:20.412 627 627 I notification_enqueue: [10072,7156,com.ebensz.email,1111,NULL,0,Notification(channel=100 shortcut=null contentView=null vibrate=null sound=null defaults=0x0 flags=0x40 color=0x00000000 vis=PRIVATE),1]
05-19 14:40:20.584 31530 31530 I wm_on_resume_called: [260989843,com.ebensz.enote.notepad.EditActivity,RESUME_ACTIVITY]
05-19 14:40:20.585 31530 31530 I wm_on_top_resumed_gained_called: [260989843,com.ebensz.enote.notepad.EditActivity,topWhenResuming]
05-19 14:40:20.605 627 648 I input_focus: [Focus request c5e7c52 com.ebensz.enote.notepad/com.ebensz.enote.notepad.EditActivity,reason=UpdateInputWindows]
05-19 14:40:20.665 627 646 I commit_sys_config_file: [notification-policy,79311935]
05-19 14:40:20.726 627 710 I input_focus: [Focus entering c5e7c52 com.ebensz.enote.notepad/com.ebensz.enote.notepad.EditActivity (server),reason=Window became focusable. Previous reason: NOT_VISIBLE]
05-19 14:40:20.955 627 647 I wm_destroy_activity: [0,88760756,153,com.ebensz.email/.activity.MessageCompose,finish-imm:idle]
05-19 14:40:20.970 7156 7156 I wm_on_stop_called: [88760756,com.ebensz.email.activity.MessageCompose,LIFECYCLER_STOP_ACTIVITY]
05-19 14:40:20.973 7156 7156 I wm_on_destroy_called: [88760756,com.ebensz.email.activity.MessageCompose,performDestroy]
05-19 14:40:20.987 627 1877 I wm_task_removed: [153,removeChild:removeChild last r=ActivityRecord{54a61b4 u0 com.ebensz.email/.activity.MessageCompose t-1 f}} in t=Task{6173838 #153 type=standard A=10072:com.ebensz.email U=0 visible=false visibleRequested=false mode=fullscreen translucent=true sz=0}]
05-19 14:40:20.987 627 1877 I wm_task_removed: [153,removeChild]
05-19 14:40:21.354 627 710 I input_interaction: Interaction with: c5e7c52 com.ebensz.enote.notepad/com.ebensz.enote.notepad.EditActivity (server), PointerEventDispatcher0 (server),
