05-19 15:18:02.497 627 653 V ActivityManager: Attempted to start a foreground service (com.ebensz.email/.service.MailService) with a broken notification (no icon: Notification(channel=100 shortcut=null contentView=null vibrate=null sound=null defaults=0x0 flags=0x40 color=0x00000000 vis=PRIVATE))
05-19 15:18:02.505 627 627 I notification_enqueue: [10072,7156,com.ebensz.email,1111,NULL,0,Notification(channel=100 shortcut=null contentView=null vibrate=null sound=null defaults=0x0 flags=0x40 color=0x00000000 vis=PRIVATE),1]
05-19 15:18:02.515 627 719 I netstats_mobile_sample: [0,0,0,0,0,0,0,0,0,0,0,0,1747639082516]
05-19 15:18:02.515 627 719 I netstats_wifi_sample: [0,0,0,0,0,0,0,0,0,0,0,0,1747639082516]
05-21 15:46:18.619 6418 6418 I : mmc_host mmc0: Bus speed (slot 0) = 300000Hz (slot req 300000Hz, actual 300000HZ div = 0)
05-19 15:18:02.517 627 719 I service_manager_stats: [100,83,133494]
05-21 15:46:18.649 7004 7004 I usb 3-1.5: new high-speed USB device number 33 using xhci-hcd
05-21 15:46:18.653 6418 6418 I : mmc_host mmc0: Bus speed (slot 0) = 200000Hz (slot req 200000Hz, actual 200000HZ div = 0)
05-19 15:18:02.555 627 780 I PowerManagerService: Powering on display group fromAsleep (groupId=0, uid=1000, reason=WAKE_REASON_USBDEV_REMOVED, details=android.server.usb: device removed)...
05-19 15:18:02.555 627 780 I PowerManagerService: Waking up from Asleep (uid=1000, reason=WAKE_REASON_USBDEV_REMOVED, details=android.server.usb: device removed)...
05-19 15:18:02.557 627 780 D UsbHostManager: Removed device at /dev/bus/usb/003/032: USB Billboard Device
05-19 15:18:02.557 627 780 I UsbAlsaManager: USB Audio Device Removed: null
05-19 15:18:02.557 627 668 I DisplayPowerController[0]: Blocking screen on until initial contents have been drawn.
05-19 15:18:02.558 627 668 D ActivityTaskManager: Top Process State changed to PROCESS_STATE_TOP
05-19 15:18:02.558 627 627 I screen_toggled: 1
05-19 15:18:02.562 627 668 I wm_set_resumed_activity: [0,com.ebensz.enote.notepad/.EditActivity,resumeTopActivity]
05-19 15:18:02.573 627 668 I wm_resume_activity: [0,156521685,172,com.ebensz.enote.notepad/.EditActivity]
05-19 15:18:02.574 627 627 I power_screen_broadcast_send: 1
05-19 15:18:02.575 627 668 V DisplayPowerController[0]: Brightness [0.5472441] reason changing to: 'manual', previous reason: 'screen_off'.
05-19 15:18:02.575 627 668 I sysui_multi_action: [757,1696,758,6,759,3]
05-19 15:18:02.590 627 647 I DisplayDeviceRepository: Display device changed state: "内置屏幕", ON
05-21 15:46:18.697 445 445 I gsensor_mxc6655 5-0015: set sensor poll time to 200ms
05-19 15:18:02.600 627 684 W BroadcastQueue: Background execution not allowed: receiving Intent { act=android.intent.action.USER_PRESENT flg=0x24200010 } to com.zhangyue.read.iReader/com.taobao.accs.EventReceiver
05-21 15:46:18.700 6418 6418 W dwmmc_rockchip fe2c0000.mmc: failed to set rate 100000Hz
05-21 15:46:18.700 445 445 I gsensor_mxc6655 5-0015: sensor on: starting poll sensor data 196ms
05-21 15:46:18.700 6418 6418 I : mmc_host mmc0: Bus speed (slot 0) = 200000Hz (slot req 100000Hz, actual 100000HZ div = 1)
05-21 15:46:18.701 445 445 I gsensor_mxc6655 5-0015: set sensor poll time to 66ms
05-19 15:18:02.601 627 668 I DisplayPowerController[0]: Unblocked screen on after 43 ms
05-19 15:18:02.606 1030 1030 I wm_on_restart_called: [214771548,com.android.launcher3.uioverrides.QuickstepLauncher,performRestartActivity]
05-19 15:18:02.609 1030 1030 I wm_on_start_called: [214771548,com.android.launcher3.uioverrides.QuickstepLauncher,handleStartActivity]
05-21 15:46:18.713 6418 6418 W dwmmc_rockchip fe2c0000.mmc: failed to set rate 100000Hz
05-21 15:46:18.714 352 352 W : <<-GTP-ERROR->> I2C Read: 0x8047, 1 bytes failed, errcode: -6! Process reset.
05-19 15:18:02.611 627 730 I netstats_mobile_sample: [0,0,0,0,0,0,0,0,0,0,0,0,1747639082612]
05-19 15:18:02.611 627 730 I netstats_wifi_sample: [0,0,0,0,0,0,0,0,0,0,0,0,1747639082612]
05-19 15:18:02.614 627 730 W ContextImpl: Calling a method in the system process without a qualified user: android.app.ContextImpl.sendStickyBroadcast:1567 com.android.server.ConnectivityService.sendStickyBroadcast:2811 com.android.server.ConnectivityService.sendLegacyNetworkBroadcast:8732 com.android.server.ConnectivityService$LegacyTypeTracker.remove:1007 com.android.server.ConnectivityService$LegacyTypeTracker.remove:1024
05-19 15:18:02.615 975 975 D TelephonyNetworkFactory[0]: onNeedNetworkFor NetworkRequest [ REQUEST id=1, [ Capabilities: INTERNET&NOT_RESTRICTED&TRUSTED&NOT_VPN&NOT_VCN_MANAGED RequestorUid: 1000 RequestorPkg: android] ] shouldApply false
05-19 15:18:02.615 975 975 D TelephonyNetworkFactory[0]: onNeedNetworkFor NetworkRequest [ REQUEST id=7, [ Capabilities: INTERNET&NOT_RESTRICTED&TRUSTED&NOT_VCN_MANAGED Uid: 1000 RequestorUid: 1000 RequestorPkg: android] ] shouldApply false
05-19 15:18:02.615 975 975 D TelephonyNetworkFactory[0]: onNeedNetworkFor NetworkRequest [ REQUEST id=15, [ Capabilities: INTERNET&NOT_RESTRICTED&TRUSTED&NOT_VCN_MANAGED Uid: 1000 RequestorUid: 1000 RequestorPkg: android] ] shouldApply false
05-19 15:18:02.615 975 975 D TelephonyNetworkFactory[0]: onNeedNetworkFor NetworkRequest [ REQUEST id=18, [ Capabilities: INTERNET&NOT_RESTRICTED&TRUSTED&NOT_VCN_MANAGED Uid: 10088 RequestorUid: 10088 RequestorPkg: com.android.systemui] ] shouldApply false
05-19 15:18:02.615 975 975 D TelephonyNetworkFactory[0]: onNeedNetworkFor NetworkRequest [ REQUEST id=20, [ Capabilities: INTERNET&NOT_RESTRICTED&TRUSTED&NOT_VCN_MANAGED Uid: 10088 RequestorUid: 10088 RequestorPkg: com.android.systemui] ] shouldApply false
05-19 15:18:02.615 975 975 D TelephonyNetworkFactory[0]: onNeedNetworkFor NetworkRequest [ REQUEST id=23, [ Capabilities: INTERNET&NOT_RESTRICTED&TRUSTED&NOT_VCN_MANAGED Uid: 1000 RequestorUid: 1000 RequestorPkg: com.android.networkstack.inprocess] ] shouldApply false
05-19 15:18:02.615 975 975 D TelephonyNetworkFactory[0]: onNeedNetworkFor NetworkRequest [ REQUEST id=28, [ Capabilities: INTERNET&NOT_RESTRICTED&TRUSTED&NOT_VCN_MANAGED Uid: 1001 RequestorUid: 1001 RequestorPkg: com.android.phone] ] shouldApply false
05-19 15:18:02.616 3656 3656 I wm_on_restart_called: [156521685,com.ebensz.enote.notepad.EditActivity,performRestartActivity]
05-19 15:18:02.617 975 975 D TelephonyNetworkFactory[0]: onNeedNetworkFor NetworkRequest [ REQUEST id=32, [ Capabilities: INTERNET&NOT_RESTRICTED&TRUSTED&NOT_VCN_MANAGED Uid: 1000 RequestorUid: 1000 RequestorPkg: android] ] shouldApply false
05-19 15:18:02.617 975 975 D TelephonyNetworkFactory[0]: onNeedNetworkFor NetworkRequest [ REQUEST id=36, [ Capabilities: INTERNET&NOT_RESTRICTED&TRUSTED&NOT_VCN_MANAGED Uid: 10086 RequestorUid: 1000 RequestorPkg: android] ] shouldApply false
05-19 15:18:02.617 975 975 D TelephonyNetworkFactory[0]: onNeedNetworkFor NetworkRequest [ REQUEST id=38, [ Capabilities: INTERNET&NOT_RESTRICTED&TRUSTED&NOT_VCN_MANAGED Uid: 10023 RequestorUid: 1000 RequestorPkg: android] ] shouldApply false
05-19 15:18:02.618 975 975 D TelephonyNetworkFactory[0]: onNeedNetworkFor NetworkRequest [ REQUEST id=117, [ Capabilities: INTERNET&NOT_RESTRICTED&TRUSTED&NOT_VCN_MANAGED Uid: 10072 RequestorUid: 1000 RequestorPkg: android] ] shouldApply false
05-19 15:18:02.618 627 653 W BroadcastQueue: Target SDK mismatch: receiver ActivityInfo{74b48e6 com.xiaomi.push.service.receivers.NetworkStatusReceiver} targets 26 but delivery restricted to [0, 23] broadcasting Intent { act=android.net.conn.CONNECTIVITY_CHANGE flg=0x4200010 (has extras) } from android (pid=627, uid=1000) to com.zhangyue.read.iReader/com.xiaomi.push.service.receivers.NetworkStatusReceiver
05-19 15:18:02.618 627 653 W BroadcastQueue: Target SDK mismatch: receiver ActivityInfo{3284e27 cn.eben.help.LoadAllReceiver} targets 28 but delivery restricted to [0, 23] broadcasting Intent { act=android.net.conn.CONNECTIVITY_CHANGE flg=0x4200010 (has extras) } from android (pid=627, uid=1000) to cn.eben.help/.LoadAllReceiver
05-19 15:18:02.618 627 653 W BroadcastQueue: Target SDK mismatch: receiver ActivityInfo{92358d4 cn.eben.android.receiver.AppSyncReceiver} targets 27 but delivery restricted to [0, 23] broadcasting Intent { act=android.net.conn.CONNECTIVITY_CHANGE flg=0x4200010 (has extras) } from android (pid=627, uid=1000) to cn.eben.sync/cn.eben.android.receiver.AppSyncReceiver
05-21 15:46:18.721 6418 6418 W dwmmc_rockchip fe2c0000.mmc: failed to set rate 100000Hz
05-19 15:18:02.620 3656 3656 I wm_on_start_called: [156521685,com.ebensz.enote.notepad.EditActivity,handleStartActivity]
05-19 15:18:02.621 19442 19442 W ContextImpl: Calling a method in the system process without a qualified user: android.app.ContextImpl.startService:1824 android.content.ContextWrapper.startService:774 android.content.ContextWrapper.startService:774 com.ebensz.appmanager.service.UploadMyAppsInfoService.startUploadMyAppsInfoService:78 com.ebensz.appmanager.receiver.UploadMyAppsInfoReceiver.onReceive:33
05-19 15:18:02.622 975 975 D TelephonyNetworkFactory[0]: onNeedNetworkFor NetworkRequest [ REQUEST id=127, [ Capabilities: INTERNET&NOT_RESTRICTED&TRUSTED&NOT_VCN_MANAGED Uid: 10079 RequestorUid: 1000 RequestorPkg: android] ] shouldApply false
05-19 15:18:02.622 975 975 D TelephonyNetworkFactory[0]: onNeedNetworkFor NetworkRequest [ REQUEST id=132, [ Capabilities: INTERNET&NOT_RESTRICTED&TRUSTED&NOT_VCN_MANAGED Uid: 10098 RequestorUid: 10098 RequestorPkg: com.baidu.appsearch] ] shouldApply false
05-19 15:18:02.622 975 975 D TelephonyNetworkFactory[0]: onNeedNetworkFor NetworkRequest [ REQUEST id=134, [ Capabilities: INTERNET&NOT_RESTRICTED&TRUSTED&NOT_VCN_MANAGED Uid: 10098 RequestorUid: 1000 RequestorPkg: android] ] shouldApply false
05-19 15:18:02.622 975 975 D TelephonyNetworkFactory[0]: onNeedNetworkFor NetworkRequest [ REQUEST id=136, [ Capabilities: INTERNET&NOT_RESTRICTED&TRUSTED&NOT_VCN_MANAGED Uid: 10072 RequestorUid: 10072 RequestorPkg: com.ebensz.email] ] shouldApply false
05-21 15:46:18.741 7004 7004 I usb 3-1.5: New USB device found, idVendor=2109, idProduct=8817, bcdDevice= 0.01
05-21 15:46:18.741 7004 7004 I usb 3-1.5: New USB device strings: Mfr=1, Product=2, SerialNumber=3
05-21 15:46:18.741 7004 7004 I usb 3-1.5: Product: USB Billboard Device
05-21 15:46:18.741 7004 7004 I usb 3-1.5: Manufacturer: VIA Labs, Inc.
05-21 15:46:18.741 7004 7004 I usb 3-1.5: SerialNumber: 0000000000000001
05-19 15:18:02.645 627 780 D UsbHostManager: USB device attached: vidpid 2109:8817 mfg/product/ver/serial VIA Labs, Inc. /USB Billboard Device /0.01/0000000000000001 hasAudio/HID/Storage: false/false/false
05-19 15:18:02.648 627 780 D UsbHostManager: Added device UsbDevice[mName=/dev/bus/usb/003/033,mVendorId=8457,mProductId=34839,mClass=17,mSubclass=0,mProtocol=0,mManufacturerName=VIA Labs, Inc. ,mProductName=USB Billboard Device ,mVersion=0.01,mSerialNumberReader=com.android.server.usb.UsbSerialReader@7c72e40, mHasAudioPlayback=false, mHasAudioCapture=false, mHasMidi=false, mHasVideoCapture=false, mHasVideoPlayback=false, mConfigurations=[
05-19 15:18:02.648 627 780 D UsbHostManager: UsbConfiguration[mId=1,mName=0000000000000001,mAttributes=160,mMaxPower=50,mInterfaces=[
05-19 15:18:02.648 627 780 D UsbHostManager: UsbInterface[mId=0,mAlternateSetting=0,mName=0000000000000001,mClass=17,mSubclass=0,mProtocol=0,mEndpoints=[]]]
05-19 15:18:02.650 627 18939 W BroadcastQueue: Target SDK mismatch: receiver ActivityInfo{20edb1f com.ebensz.ota.ActionReceiver} targets 29 but delivery restricted to [0, 23] broadcasting Intent { act=android.net.conn.CONNECTIVITY_CHANGE flg=0x4200010 (has extras) } from android (pid=627, uid=1000) to com.ebensz.ota/.ActionReceiver
05-19 15:18:02.652 627 653 W BroadcastQueue: Target SDK mismatch: receiver ActivityInfo{10ee6c com.taobao.accs.EventReceiver} targets 26 but delivery restricted to [0, 23] broadcasting Intent { act=android.net.conn.CONNECTIVITY_CHANGE flg=0x4200010 (has extras) } from android (pid=627, uid=1000) to com.zhangyue.read.iReader/com.taobao.accs.EventReceiver
05-19 15:18:02.665 627 18939 W ContentProviderHelper: Permission Denial: opening provider com.android.providers.contacts.ContactsProvider2 from ProcessRecord{552b742 1631:cn.eben.sync/u0a63} (pid=1631, uid=10063) requires android.permission.READ_CONTACTS or android.permission.WRITE_CONTACTS
05-21 15:46:18.810 352 352 W : <<-GTP-ERROR->> GTP i2c test failed time 1.
05-19 15:18:03.001 1272 1272 W ContextImpl: Calling a method in the system process without a qualified user: android.app.ContextImpl.sendBroadcast:1181 android.content.ContextWrapper.sendBroadcast:479 cn.eben.newweather.DateWeatherService.a:19 cn.eben.newweather.DateWeatherService.a:0 cn.eben.newweather.DateWeatherService$1.handleMessage:7
05-19 15:18:03.136 627 646 I commit_sys_config_file: [notification-policy,81181313]
05-21 15:46:19.248 352 352 I rockchip-vop2 fdd90000.vop: [drm:vop2_crtc_atomic_enable] Update mode to 1536x2048p55, type: 16(if:60) for vp2 dclk: 192000000
05-21 15:46:19.249 352 352 I rockchip-vop2 fdd90000.vop: [drm:vop2_crtc_atomic_enable] dclk_out2 div: 2 dclk_core2 div: 1
05-21 15:46:19.249 352 352 I rockchip-vop2 fdd90000.vop: [drm:vop2_crtc_atomic_enable] set dclk_vop2 to 96000000, get 96000000
05-19 15:18:03.152 627 627 W Looper : Slow dispatch took 525ms main h=android.app.ActivityThread$H c=android.app.LoadedApk$ReceiverDispatcher$Args$$ExternalSyntheticLambda0@2a2cfbc m=0
05-19 15:18:03.152 627 627 I notification_enqueue: [10098,25952,com.baidu.appsearch,2131755453,NULL,0,Notification(channel=手机管理、安全检测相关通知 shortcut=null contentView=null vibrate=null sound=null defaults=0x0 flags=0x62 color=0x00000000 vis=PRIVATE),1]
05-19 15:18:03.153 627 627 W Looper : Slow delivery took 524ms main h=com.android.server.notification.NotificationManagerService$WorkerHandler c=com.android.server.notification.NotificationManagerService$EnqueueNotificationRunnable@205eb45 m=0
05-19 15:18:03.153 627 627 W Looper : Drained
05-19 15:18:03.154 627 627 I battery_saving_stats: [0,0,0,62803,0,0,174268843,0,-18]
05-19 15:18:03.155 975 975 D DCT-C-0 : screen on
05-19 15:18:03.155 975 975 D DCT-C-0 : stopNetStatPoll
05-19 15:18:03.175 627 627 I power_screen_broadcast_done: [1,601,1]
05-19 15:18:03.251 3656 3656 I wm_on_resume_called: [156521685,com.ebensz.enote.notepad.EditActivity,RESUME_ACTIVITY]
05-19 15:18:03.251 3656 3656 I wm_on_top_resumed_gained_called: [156521685,com.ebensz.enote.notepad.EditActivity,topWhenResuming]
05-19 15:18:03.262 627 648 I input_focus: [Focus request a08a9f1 com.ebensz.enote.notepad/com.ebensz.enote.notepad.EditActivity,reason=UpdateInputWindows]
05-21 15:46:19.403 29262 29262 I : read descriptors
05-21 15:46:19.404 29262 29262 I : read strings
05-21 15:46:19.404 1 1 I init : processing action (sys.usb.config=adb && sys.usb.configfs=1 && sys.usb.ffs.ready=1) from (/system/etc/init/hw/init.usb.configfs.rc:20)
05-21 15:46:19.405 1 1 I init : Command 'symlink /config/usb_gadget/g1/functions/ffs.adb /config/usb_gadget/g1/configs/b.1/f1' action=sys.usb.config=adb && sys.usb.configfs=1 && sys.usb.ffs.ready=1 (/system/etc/init/hw/init.usb.configfs.rc:22) took 0ms and failed: symlink() failed: File exists
05-21 15:46:19.406 1 1 I init : Command 'write /config/usb_gadget/g1/UDC ${sys.usb.controller}' action=sys.usb.config=adb && sys.usb.configfs=1 && sys.usb.ffs.ready=1 (/system/etc/init/hw/init.usb.configfs.rc:23) took 0ms and failed: Unable to write to file '/config/usb_gadget/g1/UDC': Unable to write file contents: Device or resource busy
05-19 15:18:03.630 19442 19442 W ContextImpl: Calling a method in the system process without a qualified user: android.app.ContextImpl.startService:1824 android.content.ContextWrapper.startService:774 com.ebensz.appmanager.service.UploadMyAppsInfoService$1.handleMessage:63 android.os.Handler.dispatchMessage:106 android.os.Looper.loopOnce:201
05-21 15:46:19.756 352 352 I dw-mipi-dsi2 fde20000.dsi: [drm:dw_mipi_dsi2_encoder_enable] final DSI-Link bandwidth: 639999 x 8 Kbps
05-19 15:18:03.660 627 668 I sysui_latency: [5,1105]
05-19 15:18:03.660 627 668 W PowerManagerService: Screen on took 1105 ms
05-19 15:18:03.670 627 710 I input_focus: [Focus entering a08a9f1 com.ebensz.enote.notepad/com.ebensz.enote.notepad.EditActivity (server),reason=Window became focusable. Previous reason: NO_WINDOW]
05-19 15:18:03.680 627 627 I sysui_multi_action: [757,198,758,1,759,3,1359,1105,1694,14]
05-19 15:18:03.680 627 627 I power_screen_state: [1,0,0,0,1105]
05-19 15:18:04.002 1272 1272 W ContextImpl: Calling a method in the system process without a qualified user: android.app.ContextImpl.sendBroadcast:1181 android.content.ContextWrapper.sendBroadcast:479 cn.eben.newweather.DateWeatherService.a:19 cn.eben.newweather.DateWeatherService.a:0 cn.eben.newweather.DateWeatherService$1.handleMessage:7
05-21 15:46:20.459 29262 29262 I : read descriptors
05-21 15:46:20.459 29262 29262 I : read strings
05-21 15:46:20.461 1 1 I init : processing action (sys.usb.config=adb && sys.usb.configfs=1 && sys.usb.ffs.ready=1) from (/system/etc/init/hw/init.usb.configfs.rc:20)
05-21 15:46:20.464 1 1 I init : Command 'symlink /config/usb_gadget/g1/functions/ffs.adb /config/usb_gadget/g1/configs/b.1/f1' action=sys.usb.config=adb && sys.usb.configfs=1 && sys.usb.ffs.ready=1 (/system/etc/init/hw/init.usb.configfs.rc:22) took 0ms and failed: symlink() failed: File exists
05-21 15:46:20.465 1 1 I init : Command 'write /config/usb_gadget/g1/UDC ${sys.usb.controller}' action=sys.usb.config=adb && sys.usb.configfs=1 && sys.usb.ffs.ready=1 (/system/etc/init/hw/init.usb.configfs.rc:23) took 0ms and failed: Unable to write to file '/config/usb_gadget/g1/UDC': Unable to write file contents: Device or resource busy
05-19 15:18:04.466 463 491 I RIL : ---> enter mainloop wait at port
05-19 15:18:04.466 463 491 D RIL-DEV : Get modem info
05-19 15:18:04.467 463 491 D RIL-DEV : [05-19_15:18:04:467] idVendor = 0bda
05-19 15:18:04.467 463 491 D RIL-DEV :
05-19 15:18:04.467 463 491 D RIL-DEV : [05-19_15:18:04:468] idVendor = 05e3
05-19 15:18:04.467 463 491 D RIL-DEV :
05-19 15:18:04.468 463 491 D RIL-DEV : [05-19_15:18:04:468] idVendor = 1d6b
05-19 15:18:04.468 463 491 D RIL-DEV :
05-19 15:18:04.468 463 491 D RIL-DEV : [05-19_15:18:04:468] idVendor = 1d6b
05-19 15:18:04.468 463 491 D RIL-DEV :
05-19 15:18:04.468 463 491 D RIL-DEV : [05-19_15:18:04:468] idVendor = 0bda
05-19 15:18:04.468 463 491 D RIL-DEV :
05-19 15:18:04.468 463 491 D RIL-DEV : [05-19_15:18:04:469] idVendor = 1d6b
05-19 15:18:04.468 463 491 D RIL-DEV :
05-19 15:18:04.468 463 491 D RIL-DEV : [05-19_15:18:04:469] idVendor = 2109
05-19 15:18:04.468 463 491 D RIL-DEV :
05-19 15:18:04.469 463 491 D RIL-DEV : [05-19_15:18:04:469] idVendor = 2109
05-19 15:18:04.469 463 491 D RIL-DEV :
05-19 15:18:04.469 463 491 D RIL-DEV : [05-19_15:18:04:470] idVendor = 1d6b
05-19 15:18:04.469 463 491 D RIL-DEV :
05-19 15:18:04.469 463 491 D RIL-DEV : [05-19_15:18:04:470] idVendor = 0bda
05-19 15:18:04.469 463 491 D RIL-DEV :
05-19 15:18:04.470 463 491 D RIL-DEV : [05-19_15:18:04:470] idVendor = 2109
05-19 15:18:04.470 463 491 D RIL-DEV :
05-19 15:18:04.470 463 491 E RIL-DEV : Cannot find Meig devices
05-19 15:18:04.470 463 491 I RIL : ---> can't find meig usb devices
05-19 15:18:05.002 1272 1272 W ContextImpl: Calling a method in the system process without a qualified user: android.app.ContextImpl.sendBroadcast:1181 android.content.ContextWrapper.sendBroadcast:479 cn.eben.newweather.DateWeatherService.a:19 cn.eben.newweather.DateWeatherService.a:0 cn.eben.newweather.DateWeatherService$1.handleMessage:7
05-21 15:46:21.435 4712 4712 I r8152 4-1.4: 1.0 eth1: carrier on
05-21 15:46:21.514 29262 29262 I : read descriptors
05-21 15:46:21.514 29262 29262 I : read strings
05-21 15:46:21.515 1 1 I init : processing action (sys.usb.config=adb && sys.usb.configfs=1 && sys.usb.ffs.ready=1) from (/system/etc/init/hw/init.usb.configfs.rc:20)
05-21 15:46:21.517 1 1 I init : Command 'symlink /config/usb_gadget/g1/functions/ffs.adb /config/usb_gadget/g1/configs/b.1/f1' action=sys.usb.config=adb && sys.usb.configfs=1 && sys.usb.ffs.ready=1 (/system/etc/init/hw/init.usb.configfs.rc:22) took 0ms and failed: symlink() failed: File exists
05-21 15:46:21.518 1 1 I init : Command 'write /config/usb_gadget/g1/UDC ${sys.usb.controller}' action=sys.usb.config=adb && sys.usb.configfs=1 && sys.usb.ffs.ready=1 (/system/etc/init/hw/init.usb.configfs.rc:23) took 0ms and failed: Unable to write to file '/config/usb_gadget/g1/UDC': Unable to write file contents: Device or resource busy
05-19 15:18:06.002 1272 1272 W ContextImpl: Calling a method in the system process without a qualified user: android.app.ContextImpl.sendBroadcast:1181 android.content.ContextWrapper.sendBroadcast:479 cn.eben.newweather.DateWeatherService.a:19 cn.eben.newweather.DateWeatherService.a:0 cn.eben.newweather.DateWeatherService$1.handleMessage:7
05-21 15:46:22.564 29262 29262 I : read descriptors
05-21 15:46:22.564 29262 29262 I : read strings
05-21 15:46:22.566 1 1 I init : processing action (sys.usb.config=adb && sys.usb.configfs=1 && sys.usb.ffs.ready=1) from (/system/etc/init/hw/init.usb.configfs.rc:20)
05-19 15:18:06.470 463 491 I RIL : ---> enter mainloop wait at port
05-19 15:18:06.470 463 491 D RIL-DEV : Get modem info
05-19 15:18:06.471 463 491 D RIL-DEV : [05-19_15:18:06:471] idVendor = 0bda
05-19 15:18:06.471 463 491 D RIL-DEV :
05-19 15:18:06.471 463 491 D RIL-DEV : [05-19_15:18:06:471] idVendor = 05e3
05-19 15:18:06.471 463 491 D RIL-DEV :
05-19 15:18:06.471 463 491 D RIL-DEV : [05-19_15:18:06:471] idVendor = 1d6b
05-19 15:18:06.471 463 491 D RIL-DEV :
05-19 15:18:06.471 463 491 D RIL-DEV : [05-19_15:18:06:471] idVendor = 1d6b
05-19 15:18:06.471 463 491 D RIL-DEV :
05-19 15:18:06.471 463 491 D RIL-DEV : [05-19_15:18:06:472] idVendor = 0bda
05-19 15:18:06.471 463 491 D RIL-DEV :
05-19 15:18:06.471 463 491 D RIL-DEV : [05-19_15:18:06:472] idVendor = 1d6b
05-19 15:18:06.471 463 491 D RIL-DEV :
05-19 15:18:06.471 463 491 D RIL-DEV : [05-19_15:18:06:472] idVendor = 2109
05-19 15:18:06.471 463 491 D RIL-DEV :
05-19 15:18:06.472 463 491 D RIL-DEV : [05-19_15:18:06:472] idVendor = 2109
05-19 15:18:06.472 463 491 D RIL-DEV :
05-19 15:18:06.472 463 491 D RIL-DEV : [05-19_15:18:06:472] idVendor = 1d6b
05-19 15:18:06.472 463 491 D RIL-DEV :
05-19 15:18:06.472 463 491 D RIL-DEV : [05-19_15:18:06:472] idVendor = 0bda
05-19 15:18:06.472 463 491 D RIL-DEV :
05-19 15:18:06.472 463 491 D RIL-DEV : [05-19_15:18:06:472] idVendor = 2109
05-19 15:18:06.472 463 491 D RIL-DEV :
05-19 15:18:06.472 463 491 E RIL-DEV : Cannot find Meig devices
05-19 15:18:06.472 463 491 I RIL : ---> can't find meig usb devices
05-19 15:18:07.002 1272 1272 W ContextImpl: Calling a method in the system process without a qualified user: android.app.ContextImpl.sendBroadcast:1181 android.content.ContextWrapper.sendBroadcast:479 cn.eben.newweather.DateWeatherService.a:19 cn.eben.newweather.DateWeatherService.a:0 cn.eben.newweather.DateWeatherService$1.handleMessage:7
05-21 15:46:23.634 29262 29262 I : read descriptors
05-21 15:46:23.634 29262 29262 I : read strings
05-21 15:46:23.644 653 653 I binder : 627:653 transaction failed 29201/-28, size 80-0 line 2921
05-19 15:18:07.543 627 653 W ActivityManager: Failed to clear dns cache for: com.ebensz.office.entry
05-19 15:18:07.556 627 653 W ActivityManager: Failed to clear dns cache for: com.ebensz.office.entry
05-21 15:46:23.657 653 653 I binder : 627:653 transaction failed 29201/-28, size 80-0 line 2921
05-19 15:18:07.599 627 730 I netstats_mobile_sample: [0,0,0,0,0,0,0,0,0,0,0,0,1747639087600]
05-19 15:18:07.599 627 730 I netstats_wifi_sample: [0,0,0,0,0,0,0,0,0,0,0,0,1747639087600]
05-19 15:18:07.631 627 627 I notification_enqueue: [10098,25952,com.baidu.appsearch,2131755453,NULL,0,Notification(channel=手机管理、安全检测相关通知 shortcut=null contentView=null vibrate=null sound=null defaults=0x0 flags=0x62 color=0x00000000 vis=PRIVATE),1]
05-19 15:18:07.636 627 627 I notification_enqueue: [10098,25952,com.baidu.appsearch,2131755453,NULL,0,Notification(channel=手机管理、安全检测相关通知 shortcut=null contentView=null vibrate=null sound=null defaults=0x0 flags=0x62 color=0x00000000 vis=PRIVATE),1]
05-19 15:18:07.659 627 730 I netstats_mobile_sample: [0,0,0,0,0,0,0,0,0,0,0,0,1747639087660]
05-19 15:18:07.659 627 730 I netstats_wifi_sample: [0,0,0,0,0,0,0,0,0,0,0,0,1747639087660]
05-19 15:18:07.667 627 684 W ContentProviderHelper: Permission Denial: opening provider com.android.providers.contacts.ContactsProvider2 from ProcessRecord{552b742 1631:cn.eben.sync/u0a63} (pid=1631, uid=10063) requires android.permission.READ_CONTACTS or android.permission.WRITE_CONTACTS
05-19 15:18:07.669 627 730 W ContextImpl: Calling a method in the system process without a qualified user: android.app.ContextImpl.sendStickyBroadcast:1567 com.android.server.ConnectivityService.sendStickyBroadcast:2811 com.android.server.ConnectivityService.sendGeneralBroadcast:2786 com.android.server.ConnectivityService.sendConnectedBroadcast:2759 com.android.server.ConnectivityService.sendLegacyNetworkBroadcast:8704
05-19 15:18:07.676 627 653 W BroadcastQueue: Target SDK mismatch: receiver ActivityInfo{188aac2 com.xiaomi.push.service.receivers.NetworkStatusReceiver} targets 26 but delivery restricted to [0, 23] broadcasting Intent { act=android.net.conn.CONNECTIVITY_CHANGE flg=0x4200010 (has extras) } from android (pid=627, uid=1000) to com.zhangyue.read.iReader/com.xiaomi.push.service.receivers.NetworkStatusReceiver
05-19 15:18:07.677 627 653 W BroadcastQueue: Target SDK mismatch: receiver ActivityInfo{f4400d3 cn.eben.help.LoadAllReceiver} targets 28 but delivery restricted to [0, 23] broadcasting Intent { act=android.net.conn.CONNECTIVITY_CHANGE flg=0x4200010 (has extras) } from android (pid=627, uid=1000) to cn.eben.help/.LoadAllReceiver
05-19 15:18:07.677 627 653 W BroadcastQueue: Target SDK mismatch: receiver ActivityInfo{e66d410 cn.eben.android.receiver.AppSyncReceiver} targets 27 but delivery restricted to [0, 23] broadcasting Intent { act=android.net.conn.CONNECTIVITY_CHANGE flg=0x4200010 (has extras) } from android (pid=627, uid=1000) to cn.eben.sync/cn.eben.android.receiver.AppSyncReceiver
05-19 15:18:07.680 19442 19442 W ContextImpl: Calling a method in the system process without a qualified user: android.app.ContextImpl.startService:1824 android.content.ContextWrapper.startService:774 android.content.ContextWrapper.startService:774 com.ebensz.appmanager.service.UploadMyAppsInfoService.startUploadMyAppsInfoService:78 com.ebensz.appmanager.receiver.UploadMyAppsInfoReceiver.onReceive:33
05-19 15:18:07.687 19470 19470 W ContextImpl: Calling a method in the system process without a qualified user: android.app.ContextImpl.startService:1824 android.content.ContextWrapper.startService:774 android.content.ContextWrapper.startService:774 com.ebensz.appmanager.mydownloadmanager.DownloadReceiver.startService:245 com.ebensz.appmanager.mydownloadmanager.DownloadReceiver.onReceive:74
05-19 15:18:07.690 627 9940 W BroadcastQueue: Target SDK mismatch: receiver ActivityInfo{ce91528 com.ebensz.ota.ActionReceiver} targets 29 but delivery restricted to [0, 23] broadcasting Intent { act=android.net.conn.CONNECTIVITY_CHANGE flg=0x4200010 (has extras) } from android (pid=627, uid=1000) to com.ebensz.ota/.ActionReceiver
05-19 15:18:07.690 627 627 I notification_cancel_all: [1000,19470,com.ebensz.appmanager,0,0,64,9,NULL]
05-19 15:18:07.691 627 653 W BroadcastQueue: Target SDK mismatch: receiver ActivityInfo{7e17d27 com.taobao.accs.EventReceiver} targets 26 but delivery restricted to [0, 23] broadcasting Intent { act=android.net.conn.CONNECTIVITY_CHANGE flg=0x4200010 (has extras) } from android (pid=627, uid=1000) to com.zhangyue.read.iReader/com.taobao.accs.EventReceiver
05-19 15:18:08.002 1272 1272 W ContextImpl: Calling a method in the system process without a qualified user: android.app.ContextImpl.sendBroadcast:1181 android.content.ContextWrapper.sendBroadcast:479 cn.eben.newweather.DateWeatherService.a:19 cn.eben.newweather.DateWeatherService.a:0 cn.eben.newweather.DateWeatherService$1.handleMessage:7
05-19 15:18:08.472 463 491 I RIL : ---> enter mainloop wait at port
05-19 15:18:08.472 463 491 D RIL-DEV : Get modem info
05-19 15:18:08.473 463 491 D RIL-DEV : [05-19_15:18:08:474] idVendor = 0bda
05-19 15:18:08.473 463 491 D RIL-DEV :
05-19 15:18:08.473 463 491 D RIL-DEV : [05-19_15:18:08:474] idVendor = 05e3
05-19 15:18:08.473 463 491 D RIL-DEV :
05-19 15:18:08.474 463 491 D RIL-DEV : [05-19_15:18:08:474] idVendor = 1d6b
05-19 15:18:08.474 463 491 D RIL-DEV :
05-19 15:18:08.474 463 491 D RIL-DEV : [05-19_15:18:08:474] idVendor = 1d6b
05-19 15:18:08.474 463 491 D RIL-DEV :
05-19 15:18:08.474 463 491 D RIL-DEV : [05-19_15:18:08:475] idVendor = 0bda
05-19 15:18:08.474 463 491 D RIL-DEV :
05-19 15:18:08.475 463 491 D RIL-DEV : [05-19_15:18:08:475] idVendor = 1d6b
05-19 15:18:08.475 463 491 D RIL-DEV :
05-19 15:18:08.475 463 491 D RIL-DEV : [05-19_15:18:08:476] idVendor = 2109
05-19 15:18:08.475 463 491 D RIL-DEV :
05-19 15:18:08.476 463 491 D RIL-DEV : [05-19_15:18:08:476] idVendor = 2109
05-19 15:18:08.476 463 491 D RIL-DEV :
05-19 15:18:08.476 463 491 D RIL-DEV : [05-19_15:18:08:476] idVendor = 1d6b
05-19 15:18:08.476 463 491 D RIL-DEV :
05-19 15:18:08.476 463 491 D RIL-DEV : [05-19_15:18:08:477] idVendor = 0bda
05-19 15:18:08.476 463 491 D RIL-DEV :
05-19 15:18:08.476 463 491 D RIL-DEV : [05-19_15:18:08:477] idVendor = 2109
05-19 15:18:08.476 463 491 D RIL-DEV :
05-19 15:18:08.477 463 491 E RIL-DEV : Cannot find Meig devices
05-19 15:18:08.477 463 491 I RIL : ---> can't find meig usb devices
05-21 15:46:24.697 29262 29262 I : read descriptors
05-21 15:46:24.697 29262 29262 I : read strings
05-21 15:46:24.700 1 1 I init : processing action (sys.usb.config=adb && sys.usb.configfs=1 && sys.usb.ffs.ready=1) from (/system/etc/init/hw/init.usb.configfs.rc:20)
05-21 15:46:24.702 1 1 I init : Command 'symlink /config/usb_gadget/g1/functions/ffs.adb /config/usb_gadget/g1/configs/b.1/f1' action=sys.usb.config=adb && sys.usb.configfs=1 && sys.usb.ffs.ready=1 (/system/etc/init/hw/init.usb.configfs.rc:22) took 0ms and failed: symlink() failed: File exists
05-21 15:46:24.705 1 1 I init : Command 'write /config/usb_gadget/g1/UDC ${sys.usb.controller}' action=sys.usb.config=adb && sys.usb.configfs=1 && sys.usb.ffs.ready=1 (/system/etc/init/hw/init.usb.configfs.rc:23) took 2ms and failed: Unable to write to file '/config/usb_gadget/g1/UDC': Unable to write file contents: Device or resource busy
05-19 15:18:08.722 19442 19442 W ContextImpl: Calling a method in the system process without a qualified user: android.app.ContextImpl.startService:1824 android.content.ContextWrapper.startService:774 com.ebensz.appmanager.service.UploadMyAppsInfoService$1.handleMessage:63 android.os.Handler.dispatchMessage:106 android.os.Looper.loopOnce:201
05-19 15:18:09.002 1272 1272 W ContextImpl: Calling a method in the system process without a qualified user: android.app.ContextImpl.sendBroadcast:1181 android.content.ContextWrapper.sendBroadcast:479 cn.eben.newweather.DateWeatherService.a:19 cn.eben.newweather.DateWeatherService.a:0 cn.eben.newweather.DateWeatherService$1.handleMessage:7
05-21 15:46:25.764 29262 29262 I : read descriptors
05-21 15:46:25.764 29262 29262 I : read strings
05-21 15:46:25.766 1 1 I init : processing action (sys.usb.config=adb && sys.usb.configfs=1 && sys.usb.ffs.ready=1) from (/system/etc/init/hw/init.usb.configfs.rc:20)
05-21 15:46:25.771 1 1 I init : Command 'symlink /config/usb_gadget/g1/functions/ffs.adb /config/usb_gadget/g1/configs/b.1/f1' action=sys.usb.config=adb && sys.usb.configfs=1 && sys.usb.ffs.ready=1 (/system/etc/init/hw/init.usb.configfs.rc:22) took 0ms and failed: symlink() failed: File exists
05-21 15:46:25.772 1 1 I init : Command 'write /config/usb_gadget/g1/UDC ${sys.usb.controller}' action=sys.usb.config=adb && sys.usb.configfs=1 && sys.usb.ffs.ready=1 (/system/etc/init/hw/init.usb.configfs.rc:23) took 0ms and failed: Unable to write to file '/config/usb_gadget/g1/UDC': Unable to write file contents: Device or resource busy
05-19 15:18:10.002 1272 1272 W ContextImpl: Calling a method in the system process without a qualified user: android.app.ContextImpl.sendBroadcast:1181 android.content.ContextWrapper.sendBroadcast:479 cn.eben.newweather.DateWeatherService.a:19 cn.eben.newweather.DateWeatherService.a:0 cn.eben.newweather.DateWeatherService$1.handleMessage:7
05-19 15:18:10.477 463 491 I RIL : ---> enter mainloop wait at port
05-19 15:18:10.477 463 491 D RIL-DEV : Get modem info
05-19 15:18:10.478 463 491 D RIL-DEV : [05-19_15:18:10:479] idVendor = 0bda
05-19 15:18:10.478 463 491 D RIL-DEV :
05-19 15:18:10.478 463 491 D RIL-DEV : [05-19_15:18:10:479] idVendor = 05e3
05-19 15:18:10.478 463 491 D RIL-DEV :
05-19 15:18:10.479 463 491 D RIL-DEV : [05-19_15:18:10:479] idVendor = 1d6b
05-19 15:18:10.479 463 491 D RIL-DEV :
05-19 15:18:10.479 463 491 D RIL-DEV : [05-19_15:18:10:479] idVendor = 1d6b
05-19 15:18:10.479 463 491 D RIL-DEV :
05-19 15:18:10.479 463 491 D RIL-DEV : [05-19_15:18:10:480] idVendor = 0bda
05-19 15:18:10.479 463 491 D RIL-DEV :
05-19 15:18:10.480 463 491 D RIL-DEV : [05-19_15:18:10:480] idVendor = 1d6b
05-19 15:18:10.480 463 491 D RIL-DEV :
05-19 15:18:10.480 463 491 D RIL-DEV : [05-19_15:18:10:480] idVendor = 2109
05-19 15:18:10.480 463 491 D RIL-DEV :
05-19 15:18:10.480 463 491 D RIL-DEV : [05-19_15:18:10:481] idVendor = 2109
05-19 15:18:10.480 463 491 D RIL-DEV :
05-19 15:18:10.481 463 491 D RIL-DEV : [05-19_15:18:10:481] idVendor = 1d6b
05-19 15:18:10.481 463 491 D RIL-DEV :
05-19 15:18:10.482 463 491 D RIL-DEV : [05-19_15:18:10:482] idVendor = 0bda
05-19 15:18:10.482 463 491 D RIL-DEV :
05-19 15:18:10.482 463 491 D RIL-DEV : [05-19_15:18:10:482] idVendor = 2109
05-19 15:18:10.482 463 491 D RIL-DEV :
05-19 15:18:10.482 463 491 E RIL-DEV : Cannot find Meig devices
05-19 15:18:10.482 463 491 I RIL : ---> can't find meig usb devices
05-21 15:46:26.834 29262 29262 I : read descriptors
05-21 15:46:26.834 29262 29262 I : read strings
05-21 15:46:26.836 1 1 I init : processing action (sys.usb.config=adb && sys.usb.configfs=1 && sys.usb.ffs.ready=1) from (/system/etc/init/hw/init.usb.configfs.rc:20)
05-21 15:46:26.839 1 1 I init : Command 'symlink /config/usb_gadget/g1/functions/ffs.adb /config/usb_gadget/g1/configs/b.1/f1' action=sys.usb.config=adb && sys.usb.configfs=1 && sys.usb.ffs.ready=1 (/system/etc/init/hw/init.usb.configfs.rc:22) took 0ms and failed: symlink() failed: File exists
05-21 15:46:26.841 1 1 I init : Command 'write /config/usb_gadget/g1/UDC ${sys.usb.controller}' action=sys.usb.config=adb && sys.usb.configfs=1 && sys.usb.ffs.ready=1 (/system/etc/init/hw/init.usb.configfs.rc:23) took 2ms and failed: Unable to write to file '/config/usb_gadget/g1/UDC': Unable to write file contents: Device or resource busy
05-19 15:18:11.002 1272 1272 W ContextImpl: Calling a method in the system process without a qualified user: android.app.ContextImpl.sendBroadcast:1181 android.content.ContextWrapper.sendBroadcast:479 cn.eben.newweather.DateWeatherService.a:19 cn.eben.newweather.DateWeatherService.a:0 cn.eben.newweather.DateWeatherService$1.handleMessage:7
05-21 15:46:27.897 29262 29262 I : read descriptors
05-21 15:46:27.897 29262 29262 I : read strings
05-21 15:46:27.900 1 1 I init : processing action (sys.usb.config=adb && sys.usb.configfs=1 && sys.usb.ffs.ready=1) from (/system/etc/init/hw/init.usb.configfs.rc:20)
05-19 15:18:12.002 1272 1272 W ContextImpl: Calling a method in the system process without a qualified user: android.app.ContextImpl.sendBroadcast:1181 android.content.ContextWrapper.sendBroadcast:479 cn.eben.newweather.DateWeatherService.a:19 cn.eben.newweather.DateWeatherService.a:0 cn.eben.newweather.DateWeatherService$1.handleMessage:7
05-19 15:18:12.483 463 491 I RIL : ---> enter mainloop wait at port
05-19 15:18:12.483 463 491 D RIL-DEV : Get modem info
05-19 15:18:12.483 463 491 D RIL-DEV : [05-19_15:18:12:484] idVendor = 0bda
05-19 15:18:12.483 463 491 D RIL-DEV :
05-19 15:18:12.484 463 491 D RIL-DEV : [05-19_15:18:12:484] idVendor = 05e3
05-19 15:18:12.484 463 491 D RIL-DEV :
05-19 15:18:12.484 463 491 D RIL-DEV : [05-19_15:18:12:485] idVendor = 1d6b
05-19 15:18:12.484 463 491 D RIL-DEV :
05-19 15:18:12.484 463 491 D RIL-DEV : [05-19_15:18:12:485] idVendor = 1d6b
05-19 15:18:12.484 463 491 D RIL-DEV :
05-19 15:18:12.485 463 491 D RIL-DEV : [05-19_15:18:12:485] idVendor = 0bda
05-19 15:18:12.485 463 491 D RIL-DEV :
05-19 15:18:12.485 463 491 D RIL-DEV : [05-19_15:18:12:486] idVendor = 1d6b
05-19 15:18:12.485 463 491 D RIL-DEV :
05-19 15:18:12.485 463 491 D RIL-DEV : [05-19_15:18:12:486] idVendor = 2109
05-19 15:18:12.485 463 491 D RIL-DEV :
05-19 15:18:12.486 463 491 D RIL-DEV : [05-19_15:18:12:486] idVendor = 2109
05-19 15:18:12.486 463 491 D RIL-DEV :
05-19 15:18:12.486 463 491 D RIL-DEV : [05-19_15:18:12:487] idVendor = 1d6b
05-19 15:18:12.486 463 491 D RIL-DEV :
05-19 15:18:12.486 463 491 D RIL-DEV : [05-19_15:18:12:487] idVendor = 0bda
05-19 15:18:12.486 463 491 D RIL-DEV :
05-19 15:18:12.487 463 491 D RIL-DEV : [05-19_15:18:12:487] idVendor = 2109
05-19 15:18:12.487 463 491 D RIL-DEV :
05-19 15:18:12.487 463 491 E RIL-DEV : Cannot find Meig devices
05-19 15:18:12.487 463 491 I RIL : ---> can't find meig usb devices
05-19 15:18:12.643 627 627 I notification_enqueue: [10098,25952,com.baidu.appsearch,2131755453,NULL,0,Notification(channel=手机管理、安全检测相关通知 shortcut=null contentView=null vibrate=null sound=null defaults=0x0 flags=0x62 color=0x00000000 vis=PRIVATE),1]
05-19 15:18:12.671 627 9940 W ContentProviderHelper: Permission Denial: opening provider com.android.providers.contacts.ContactsProvider2 from ProcessRecord{552b742 1631:cn.eben.sync/u0a63} (pid=1631, uid=10063) requires android.permission.READ_CONTACTS or android.permission.WRITE_CONTACTS
05-21 15:46:28.944 29262 29262 I : read descriptors
05-21 15:46:28.944 29262 29262 I : read strings
05-19 15:18:13.002 1272 1272 W ContextImpl: Calling a method in the system process without a qualified user: android.app.ContextImpl.sendBroadcast:1181 android.content.ContextWrapper.sendBroadcast:479 cn.eben.newweather.DateWeatherService.a:19 cn.eben.newweather.DateWeatherService.a:0 cn.eben.newweather.DateWeatherService$1.handleMessage:7
05-21 15:46:30.020 29262 29262 I : read descriptors
05-21 15:46:30.020 29262 29262 I : read strings
05-21 15:46:30.022 1 1 I init : processing action (sys.usb.config=adb && sys.usb.configfs=1 && sys.usb.ffs.ready=1) from (/system/etc/init/hw/init.usb.configfs.rc:20)
05-21 15:46:30.025 1 1 I init : Command 'symlink /config/usb_gadget/g1/functions/ffs.adb /config/usb_gadget/g1/configs/b.1/f1' action=sys.usb.config=adb && sys.usb.configfs=1 && sys.usb.ffs.ready=1 (/system/etc/init/hw/init.usb.configfs.rc:22) took 0ms and failed: symlink() failed: File exists
05-21 15:46:30.026 1 1 I init : Command 'write /config/usb_gadget/g1/UDC ${sys.usb.controller}' action=sys.usb.config=adb && sys.usb.configfs=1 && sys.usb.ffs.ready=1 (/system/etc/init/hw/init.usb.configfs.rc:23) took 0ms and failed: Unable to write to file '/config/usb_gadget/g1/UDC': Unable to write file contents: Device or resource busy
05-19 15:18:14.002 1272 1272 W ContextImpl: Calling a method in the system process without a qualified user: android.app.ContextImpl.sendBroadcast:1181 android.content.ContextWrapper.sendBroadcast:479 cn.eben.newweather.DateWeatherService.a:19 cn.eben.newweather.DateWeatherService.a:0 cn.eben.newweather.DateWeatherService$1.handleMessage:7
05-19 15:18:14.487 463 491 I RIL : ---> enter mainloop wait at port
05-19 15:18:14.488 463 491 D RIL-DEV : Get modem info
05-19 15:18:14.488 463 491 D RIL-DEV : [05-19_15:18:14:489] idVendor = 0bda
05-19 15:18:14.488 463 491 D RIL-DEV :
05-19 15:18:14.489 463 491 D RIL-DEV : [05-19_15:18:14:489] idVendor = 05e3
05-19 15:18:14.489 463 491 D RIL-DEV :
05-19 15:18:14.489 463 491 D RIL-DEV : [05-19_15:18:14:489] idVendor = 1d6b
05-19 15:18:14.489 463 491 D RIL-DEV :
05-19 15:18:14.489 463 491 D RIL-DEV : [05-19_15:18:14:490] idVendor = 1d6b
05-19 15:18:14.489 463 491 D RIL-DEV :
05-19 15:18:14.489 463 491 D RIL-DEV : [05-19_15:18:14:490] idVendor = 0bda
05-19 15:18:14.489 463 491 D RIL-DEV :
05-19 15:18:14.490 463 491 D RIL-DEV : [05-19_15:18:14:490] idVendor = 1d6b
05-19 15:18:14.490 463 491 D RIL-DEV :
05-19 15:18:14.490 463 491 D RIL-DEV : [05-19_15:18:14:491] idVendor = 2109
05-19 15:18:14.490 463 491 D RIL-DEV :
05-19 15:18:14.491 463 491 D RIL-DEV : [05-19_15:18:14:491] idVendor = 2109
05-19 15:18:14.491 463 491 D RIL-DEV :
05-19 15:18:14.491 463 491 D RIL-DEV : [05-19_15:18:14:491] idVendor = 1d6b
05-19 15:18:14.491 463 491 D RIL-DEV :
05-19 15:18:14.491 463 491 D RIL-DEV : [05-19_15:18:14:492] idVendor = 0bda
05-19 15:18:14.491 463 491 D RIL-DEV :
05-19 15:18:14.492 463 491 D RIL-DEV : [05-19_15:18:14:492] idVendor = 2109
05-19 15:18:14.492 463 491 D RIL-DEV :
05-19 15:18:14.492 463 491 E RIL-DEV : Cannot find Meig devices
05-19 15:18:14.492 463 491 I RIL : ---> can't find meig usb devices
05-19 15:18:14.564 627 668 V DisplayPowerController[0]: Brightness [0.05] reason changing to: 'manual [ dim ]', previous reason: 'manual'.
05-19 15:18:14.565 627 668 I sysui_multi_action: [757,1696,758,6,759,2]
05-21 15:46:31.100 29262 29262 I : read descriptors
05-21 15:46:31.100 29262 29262 I : read strings
05-21 15:46:31.103 1 1 I init : processing action (sys.usb.config=adb && sys.usb.configfs=1 && sys.usb.ffs.ready=1) from (/system/etc/init/hw/init.usb.configfs.rc:20)
05-21 15:46:31.106 1 1 I init : Command 'symlink /config/usb_gadget/g1/functions/ffs.adb /config/usb_gadget/g1/configs/b.1/f1' action=sys.usb.config=adb && sys.usb.configfs=1 && sys.usb.ffs.ready=1 (/system/etc/init/hw/init.usb.configfs.rc:22) took 0ms and failed: symlink() failed: File exists
05-19 15:18:15.005 1272 1272 W ContextImpl: Calling a method in the system process without a qualified user: android.app.ContextImpl.sendBroadcast:1181 android.content.ContextWrapper.sendBroadcast:479 cn.eben.newweather.DateWeatherService.a:19 cn.eben.newweather.DateWeatherService.a:0 cn.eben.newweather.DateWeatherService$1.handleMessage:7
05-21 15:46:31.118 1 1 I init : Command 'write /config/usb_gadget/g1/UDC ${sys.usb.controller}' action=sys.usb.config=adb && sys.usb.configfs=1 && sys.usb.ffs.ready=1 (/system/etc/init/hw/init.usb.configfs.rc:23) took 12ms and failed: Unable to write to file '/config/usb_gadget/g1/UDC': Unable to write file contents: Device or resource busy
05-19 15:18:16.003 1272 1272 W ContextImpl: Calling a method in the system process without a qualified user: android.app.ContextImpl.sendBroadcast:1181 android.content.ContextWrapper.sendBroadcast:479 cn.eben.newweather.DateWeatherService.a:19 cn.eben.newweather.DateWeatherService.a:0 cn.eben.newweather.DateWeatherService$1.handleMessage:7
05-21 15:46:32.147 29262 29262 I : read descriptors
05-21 15:46:32.147 29262 29262 I : read strings
05-21 15:46:32.149 1 1 I init : processing action (sys.usb.config=adb && sys.usb.configfs=1 && sys.usb.ffs.ready=1) from (/system/etc/init/hw/init.usb.configfs.rc:20)
05-21 15:46:32.152 1 1 I init : Command 'symlink /config/usb_gadget/g1/functions/ffs.adb /config/usb_gadget/g1/configs/b.1/f1' action=sys.usb.config=adb && sys.usb.configfs=1 && sys.usb.ffs.ready=1 (/system/etc/init/hw/init.usb.configfs.rc:22) took 0ms and failed: symlink() failed: File exists
05-21 15:46:32.155 1 1 I init : Command 'write /config/usb_gadget/g1/UDC ${sys.usb.controller}' action=sys.usb.config=adb && sys.usb.configfs=1 && sys.usb.ffs.ready=1 (/system/etc/init/hw/init.usb.configfs.rc:23) took 0ms and failed: Unable to write to file '/config/usb_gadget/g1/UDC': Unable to write file contents: Device or resource busy
05-19 15:18:16.492 463 491 I RIL : ---> enter mainloop wait at port
05-19 15:18:16.492 463 491 D RIL-DEV : Get modem info
05-19 15:18:16.493 463 491 D RIL-DEV : [05-19_15:18:16:493] idVendor = 0bda
05-19 15:18:16.493 463 491 D RIL-DEV :
05-19 15:18:16.493 463 491 D RIL-DEV : [05-19_15:18:16:494] idVendor = 05e3
05-19 15:18:16.493 463 491 D RIL-DEV :
05-19 15:18:16.494 463 491 D RIL-DEV : [05-19_15:18:16:494] idVendor = 1d6b
05-19 15:18:16.494 463 491 D RIL-DEV :
05-19 15:18:16.494 463 491 D RIL-DEV : [05-19_15:18:16:495] idVendor = 1d6b
05-19 15:18:16.494 463 491 D RIL-DEV :
05-19 15:18:16.495 463 491 D RIL-DEV : [05-19_15:18:16:495] idVendor = 0bda
05-19 15:18:16.495 463 491 D RIL-DEV :
05-19 15:18:16.495 463 491 D RIL-DEV : [05-19_15:18:16:495] idVendor = 1d6b
05-19 15:18:16.495 463 491 D RIL-DEV :
05-19 15:18:16.495 463 491 D RIL-DEV : [05-19_15:18:16:496] idVendor = 2109
05-19 15:18:16.495 463 491 D RIL-DEV :
05-19 15:18:16.496 463 491 D RIL-DEV : [05-19_15:18:16:496] idVendor = 2109
05-19 15:18:16.496 463 491 D RIL-DEV :
05-19 15:18:16.496 463 491 D RIL-DEV : [05-19_15:18:16:497] idVendor = 1d6b
05-19 15:18:16.496 463 491 D RIL-DEV :
05-19 15:18:16.496 463 491 D RIL-DEV : [05-19_15:18:16:497] idVendor = 0bda
05-19 15:18:16.496 463 491 D RIL-DEV :
05-19 15:18:16.497 463 491 D RIL-DEV : [05-19_15:18:16:497] idVendor = 2109
05-19 15:18:16.497 463 491 D RIL-DEV :
05-19 15:18:16.497 463 491 E RIL-DEV : Cannot find Meig devices
05-19 15:18:16.497 463 491 I RIL : ---> can't find meig usb devices
05-19 15:18:17.002 1272 1272 W ContextImpl: Calling a method in the system process without a qualified user: android.app.ContextImpl.sendBroadcast:1181 android.content.ContextWrapper.sendBroadcast:479 cn.eben.newweather.DateWeatherService.a:19 cn.eben.newweather.DateWeatherService.a:0 cn.eben.newweather.DateWeatherService$1.handleMessage:7
05-21 15:46:33.190 29262 29262 I : read descriptors
05-21 15:46:33.190 29262 29262 I : read strings
05-21 15:46:33.192 1 1 I init : processing action (sys.usb.config=adb && sys.usb.configfs=1 && sys.usb.ffs.ready=1) from (/system/etc/init/hw/init.usb.configfs.rc:20)
05-19 15:18:17.558 627 668 I PowerManagerService: Powering off display group due to timeout (groupId= 0, uid= 1000)...
05-19 15:18:17.558 627 668 I PowerManagerService: Going to sleep due to timeout (uid 1000)...
05-19 15:18:17.559 627 668 I power_sleep_requested: 0
05-19 15:18:17.605 627 668 V DisplayPowerController[0]: Brightness [0.5472441] reason changing to: 'manual', previous reason: 'manual [ dim ]'.
05-19 15:18:17.605 627 668 I sysui_multi_action: [757,1696,758,6,759,0]
05-19 15:18:17.675 627 1072 W ContentProviderHelper: Permission Denial: opening provider com.android.providers.contacts.ContactsProvider2 from ProcessRecord{552b742 1631:cn.eben.sync/u0a63} (pid=1631, uid=10063) requires android.permission.READ_CONTACTS or android.permission.WRITE_CONTACTS
05-19 15:18:18.002 1272 1272 W ContextImpl: Calling a method in the system process without a qualified user: android.app.ContextImpl.sendBroadcast:1181 android.content.ContextWrapper.sendBroadcast:479 cn.eben.newweather.DateWeatherService.a:19 cn.eben.newweather.DateWeatherService.a:0 cn.eben.newweather.DateWeatherService$1.handleMessage:7
05-19 15:18:18.031 627 668 I DisplayPowerController[0]: Blocking screen off
05-19 15:18:18.032 627 668 I DisplayPowerController[0]: Unblocked screen off after 1 ms
05-19 15:18:18.049 627 668 D ActivityTaskManager: Top Process State changed to PROCESS_STATE_TOP_SLEEPING
05-19 15:18:18.051 627 668 I wm_pause_activity: [0,156521685,com.ebensz.enote.notepad/.EditActivity,userLeaving=false,sleep]
05-19 15:18:18.055 3656 3656 I wm_on_top_resumed_lost_called: [156521685,com.ebensz.enote.notepad.EditActivity,topStateChangedWhenResumed]
05-19 15:18:18.056 627 668 I wm_add_to_stopping: [0,214771548,com.android.launcher3/.uioverrides.QuickstepLauncher,makeInvisible]
05-19 15:18:18.061 627 647 I wm_add_to_stopping: [0,156521685,com.ebensz.enote.notepad/.EditActivity,makeInvisible]
05-19 15:18:18.061 627 647 I wm_stop_activity: [0,214771548,com.android.launcher3/.uioverrides.QuickstepLauncher]
05-21 15:46:34.164 468 468 I gsensor_mxc6655 5-0015: set sensor poll time to 200ms
05-19 15:18:18.068 627 668 V DisplayPowerController[0]: Brightness [0.003937008] reason changing to: 'screen_off', previous reason: 'manual'.
05-19 15:18:18.085 627 647 I DisplayDeviceRepository: Display device changed state: "内置屏幕", OFF
05-19 15:18:18.085 1030 1030 I wm_on_stop_called: [214771548,com.android.launcher3.uioverrides.QuickstepLauncher,STOP_ACTIVITY_ITEM]
05-19 15:18:18.097 627 652 W UsageStatsService: Unexpected activity event reported! (com.android.launcher3/com.android.launcher3.uioverrides.QuickstepLauncher event : 23 instanceId : 101032399)
05-19 15:18:18.099 3656 3656 I wm_on_paused_called: [156521685,com.ebensz.enote.notepad.EditActivity,performPause]
05-19 15:18:18.102 627 647 I wm_stop_activity: [0,156521685,com.ebensz.enote.notepad/.EditActivity]
05-19 15:18:18.102 627 647 I sysui_multi_action: [757,803,799,window_time_0,802,78]
05-19 15:18:18.143 3656 3656 I wm_on_stop_called: [156521685,com.ebensz.enote.notepad.EditActivity,STOP_ACTIVITY_ITEM]
05-21 15:46:34.267 29262 29262 I : read descriptors
05-21 15:46:34.267 29262 29262 I : read strings
05-21 15:46:34.467 352 352 I rockchip-vop2 fdd90000.vop: [drm:vop2_crtc_atomic_disable] Crtc atomic disable vp2
05-19 15:18:18.383 627 710 I input_focus: [Focus leaving a08a9f1 com.ebensz.enote.notepad/com.ebensz.enote.notepad.EditActivity (server),reason=NO_WINDOW]
05-19 15:18:18.388 627 668 I PowerManagerService: Sleeping display group (groupId=0, uid=1000)...
05-19 15:18:18.388 627 668 I PowerManagerService: Sleeping (uid 1000)...
05-19 15:18:18.392 627 627 I sysui_multi_action: [757,198,758,2,759,3,1359,831,1695,2]
05-19 15:18:18.392 627 627 I power_screen_state: [0,3,0,0,831]
05-19 15:18:18.392 627 627 I screen_toggled: 0
05-19 15:18:18.392 627 627 I sysui_multi_action: [757,804,799,screen_timeout,801,15,802,1]
05-19 15:18:18.393 627 627 I sysui_multi_action: [757,1594,758,4,759,-2147483648,1359,14713]
05-19 15:18:18.393 627 627 I power_screen_broadcast_send: 1
