05-21 15:51:46.745 32471 32471 I usb4 : root hub lost power or was reset
05-21 15:51:46.746 2551 2551 E PM : dpm_run_callback(): wacom_i2c_resume+0x0/0xdc returns -6
05-21 15:51:46.746 2551 2551 E PM : Device 4-0009 failed to resume: error -6
05-21 15:51:46.810 2551 2551 I usb2 : root hub lost power or was reset
05-21 15:51:46.993 5288 5288 I usb 4-1 : reset SuperSpeed Gen 1 USB device number 2 using xhci-hcd
05-21 15:51:47.133 5277 5277 I usb 3-1 : reset high-speed USB device number 2 using xhci-hcd
05-21 15:51:47.643 5291 5291 I usb 4-1.3: reset SuperSpeed Gen 1 USB device number 3 using xhci-hcd
05-21 15:51:47.740 5300 5300 I usb 4-1.4: reset SuperSpeed Gen 1 USB device number 4 using xhci-hcd
05-21 15:51:47.779 7771 7771 I r8152 4-1.4: 1.0: skip request firmware
05-21 15:51:47.830 6416 6416 I usb 4-1.1: reset SuperSpeed Gen 1 USB device number 5 using xhci-hcd
05-21 15:51:48.056 5287 5287 I usb 3-1.3: reset high-speed USB device number 3 using xhci-hcd
05-21 15:51:48.276 5281 5281 I usb 3-1.5: reset high-speed USB device number 37 using xhci-hcd
05-21 15:51:48.368 5281 5281 E PM : dpm_run_callback(): usb_dev_resume+0x0/0x28 returns -5
05-21 15:51:48.368 5281 5281 E PM : Device 3-1.5 failed to resume async: error -5
05-21 15:51:48.372 2551 2551 I : OOM killer enabled.
05-21 15:51:48.372 2551 2551 I : Restarting tasks ...
05-21 15:51:48.375 4712 4712 I usb 3-1.5: USB disconnect, device number 37
05-19 15:21:52.058 463 491 I RIL : ---> enter mainloop wait at port
05-19 15:21:52.059 463 491 D RIL-DEV : Get modem info
05-19 15:21:52.059 463 491 D RIL-DEV : [05-19_15:21:52:060] idVendor = 0bda
05-19 15:21:52.059 463 491 D RIL-DEV :
05-19 15:21:52.060 463 491 D RIL-DEV : [05-19_15:21:52:061] idVendor = 05e3
05-19 15:21:52.060 463 491 D RIL-DEV :
05-19 15:21:52.060 463 491 D RIL-DEV : [05-19_15:21:52:061] idVendor = 1d6b
05-19 15:21:52.060 463 491 D RIL-DEV :
05-19 15:21:52.060 463 491 D RIL-DEV : [05-19_15:21:52:061] idVendor = 1d6b
05-19 15:21:52.060 463 491 D RIL-DEV :
05-19 15:21:52.060 463 491 D RIL-DEV : [05-19_15:21:52:061] idVendor = 0bda
05-19 15:21:52.060 463 491 D RIL-DEV :
05-19 15:21:52.061 463 491 D RIL-DEV : [05-19_15:21:52:061] idVendor = 1d6b
05-19 15:21:52.061 463 491 D RIL-DEV :
05-19 15:21:52.061 463 491 D RIL-DEV : [05-19_15:21:52:061] idVendor = 2109
05-19 15:21:52.061 463 491 D RIL-DEV :
05-19 15:21:52.061 463 491 D RIL-DEV : [05-19_15:21:52:062] idVendor = 2109
05-19 15:21:52.061 463 491 D RIL-DEV :
05-19 15:21:52.061 463 491 D RIL-DEV : [05-19_15:21:52:062] idVendor = 1d6b
05-19 15:21:52.061 463 491 D RIL-DEV :
05-19 15:21:52.061 463 491 D RIL-DEV : [05-19_15:21:52:062] idVendor = 0bda
05-19 15:21:52.061 463 491 D RIL-DEV :
05-19 15:21:52.062 1272 1272 W ContextImpl: Calling a method in the system process without a qualified user: android.app.ContextImpl.sendBroadcast:1181 android.content.ContextWrapper.sendBroadcast:479 cn.eben.newweather.DateWeatherService.a:19 cn.eben.newweather.DateWeatherService.a:0 cn.eben.newweather.DateWeatherService$1.handleMessage:7
05-21 15:51:48.388 2551 2551 W : done.
05-21 15:51:48.388 8029 8029 I : mmc_host mmc0: Bus speed (slot 0) = 400000Hz (slot req 400000Hz, actual 400000HZ div = 0)
05-21 15:51:48.401 2551 2551 I : Resume caused by IRQ 106, rk806
05-21 15:51:48.401 2551 2551 I PM : suspend exit
05-21 15:52:27.619 440 440 W healthd : battery l=100 v=8706 t=27.5 h=1 st=3 c=0 fc=9700000 cc=0 chg=u
05-19 15:21:52.067 463 491 D RIL-DEV : [05-19_15:21:52:068] idVendor = 2109
05-19 15:21:52.067 463 491 D RIL-DEV :
05-19 15:21:52.068 463 491 E RIL-DEV : Cannot find Meig devices
05-19 15:21:52.068 463 491 I RIL : ---> can't find meig usb devices
05-19 15:21:52.072 627 711 I sysui_multi_action: [757,804,799,power_consecutive_short_tap_count,801,1,802,1]
05-19 15:21:52.073 627 711 I sysui_multi_action: [757,804,799,power_double_tap_interval,801,35124,802,1]
05-19 15:21:52.077 627 711 I intercept_power: [ACTION_DOWN,0,0]
05-19 15:21:52.084 627 711 I PowerManagerService: Powering on display group fromAsleep (groupId=0, uid=1000, reason=WAKE_REASON_POWER_BUTTON, details=android.policy:POWER)...
05-19 15:21:52.084 627 711 I PowerManagerService: Waking up from Asleep (uid=1000, reason=WAKE_REASON_POWER_BUTTON, details=android.policy:POWER)...
05-19 15:21:52.088 627 668 I DisplayPowerController[0]: Blocking screen on until initial contents have been drawn.
05-19 15:21:52.088 627 711 I intercept_power: [ACTION_UP,0,0]
05-19 15:21:52.089 627 668 D ActivityTaskManager: Top Process State changed to PROCESS_STATE_TOP
05-19 15:21:52.094 627 668 I wm_set_resumed_activity: [0,com.ebensz.enote.notepad/.EditActivity,resumeTopActivity]
05-19 15:21:52.104 627 668 I wm_resume_activity: [0,156521685,172,com.ebensz.enote.notepad/.EditActivity]
05-19 15:21:52.110 1030 1030 I wm_on_restart_called: [214771548,com.android.launcher3.uioverrides.QuickstepLauncher,performRestartActivity]
05-19 15:21:52.111 627 627 I screen_toggled: 1
05-19 15:21:52.112 1030 1030 I wm_on_start_called: [214771548,com.android.launcher3.uioverrides.QuickstepLauncher,handleStartActivity]
05-19 15:21:52.113 627 627 I power_screen_broadcast_send: 1
05-19 15:21:52.115 627 668 V DisplayPowerController[0]: Brightness [0.5472441] reason changing to: 'manual', previous reason: 'screen_off'.
05-19 15:21:52.115 627 668 I sysui_multi_action: [757,1696,758,6,759,3]
05-19 15:21:52.117 627 647 I DisplayDeviceRepository: Display device changed state: "内置屏幕", ON
05-19 15:21:52.123 627 653 W BroadcastQueue: Background execution not allowed: receiving Intent { act=android.intent.action.USER_PRESENT flg=0x24200010 } to com.zhangyue.read.iReader/com.taobao.accs.EventReceiver
05-21 15:52:27.660 8029 8029 I : mmc_host mmc0: Bus speed (slot 0) = 300000Hz (slot req 300000Hz, actual 300000HZ div = 0)
05-21 15:52:27.669 445 445 I gsensor_mxc6655 5-0015: set sensor poll time to 66ms
05-19 15:21:52.131 627 627 I WindowManager: Suppressed redundant power key press while already in the process of turning the screen on.
05-19 15:21:52.133 627 668 I DisplayPowerController[0]: Unblocked screen on after 46 ms
05-19 15:21:52.136 3656 3656 I wm_on_restart_called: [156521685,com.ebensz.enote.notepad.EditActivity,performRestartActivity]
05-21 15:52:27.670 445 445 I gsensor_mxc6655 5-0015: sensor on: starting poll sensor data 62ms
05-19 15:21:52.138 3656 3656 I wm_on_start_called: [156521685,com.ebensz.enote.notepad.EditActivity,handleStartActivity]
05-21 15:52:27.683 352 352 W : <<-GTP-ERROR->> I2C Read: 0x8047, 1 bytes failed, errcode: -6! Process reset.
05-19 15:21:52.153 627 780 D UsbHostManager: Removed device at /dev/bus/usb/003/037: USB Billboard Device
05-19 15:21:52.153 627 780 I UsbAlsaManager: USB Audio Device Removed: null
05-21 15:52:27.697 8029 8029 I : mmc_host mmc0: Bus speed (slot 0) = 200000Hz (slot req 200000Hz, actual 200000HZ div = 0)
05-21 15:52:27.703 4712 4712 I usb 3-1.5: new high-speed USB device number 38 using xhci-hcd
05-19 15:21:52.191 627 627 I battery_saving_stats: [0,0,0,33704,0,0,174423472,0,-18]
05-19 15:21:52.191 627 627 I notification_enqueue: [10098,25952,com.baidu.appsearch,2131755453,NULL,0,Notification(channel=手机管理、安全检测相关通知 shortcut=null contentView=null vibrate=null sound=null defaults=0x0 flags=0x62 color=0x00000000 vis=PRIVATE),1]
05-21 15:52:27.742 8029 8029 W dwmmc_rockchip fe2c0000.mmc: failed to set rate 100000Hz
05-21 15:52:27.742 8029 8029 I : mmc_host mmc0: Bus speed (slot 0) = 200000Hz (slot req 100000Hz, actual 100000HZ div = 1)
05-21 15:52:27.755 8029 8029 W dwmmc_rockchip fe2c0000.mmc: failed to set rate 100000Hz
05-21 15:52:27.759 8029 8029 W dwmmc_rockchip fe2c0000.mmc: failed to set rate 100000Hz
05-19 15:21:52.241 627 730 I netstats_mobile_sample: [0,0,0,0,0,0,0,0,0,0,0,0,1747639312242]
05-19 15:21:52.241 627 730 I netstats_wifi_sample: [0,0,0,0,0,0,0,0,0,0,0,0,1747639312242]
05-21 15:52:27.780 352 352 W : <<-GTP-ERROR->> GTP i2c test failed time 1.
05-19 15:21:52.246 975 975 D TelephonyNetworkFactory[0]: onNeedNetworkFor NetworkRequest [ REQUEST id=1, [ Capabilities: INTERNET&NOT_RESTRICTED&TRUSTED&NOT_VPN&NOT_VCN_MANAGED RequestorUid: 1000 RequestorPkg: android] ] shouldApply false
05-19 15:21:52.247 975 975 D TelephonyNetworkFactory[0]: onNeedNetworkFor NetworkRequest [ REQUEST id=7, [ Capabilities: INTERNET&NOT_RESTRICTED&TRUSTED&NOT_VCN_MANAGED Uid: 1000 RequestorUid: 1000 RequestorPkg: android] ] shouldApply false
05-19 15:21:52.247 975 975 D TelephonyNetworkFactory[0]: onNeedNetworkFor NetworkRequest [ REQUEST id=15, [ Capabilities: INTERNET&NOT_RESTRICTED&TRUSTED&NOT_VCN_MANAGED Uid: 1000 RequestorUid: 1000 RequestorPkg: android] ] shouldApply false
05-19 15:21:52.247 975 975 D TelephonyNetworkFactory[0]: onNeedNetworkFor NetworkRequest [ REQUEST id=18, [ Capabilities: INTERNET&NOT_RESTRICTED&TRUSTED&NOT_VCN_MANAGED Uid: 10088 RequestorUid: 10088 RequestorPkg: com.android.systemui] ] shouldApply false
05-19 15:21:52.247 975 975 D TelephonyNetworkFactory[0]: onNeedNetworkFor NetworkRequest [ REQUEST id=20, [ Capabilities: INTERNET&NOT_RESTRICTED&TRUSTED&NOT_VCN_MANAGED Uid: 10088 RequestorUid: 10088 RequestorPkg: com.android.systemui] ] shouldApply false
05-19 15:21:52.247 975 975 D TelephonyNetworkFactory[0]: onNeedNetworkFor NetworkRequest [ REQUEST id=23, [ Capabilities: INTERNET&NOT_RESTRICTED&TRUSTED&NOT_VCN_MANAGED Uid: 1000 RequestorUid: 1000 RequestorPkg: com.android.networkstack.inprocess] ] shouldApply false
05-19 15:21:52.247 975 975 D TelephonyNetworkFactory[0]: onNeedNetworkFor NetworkRequest [ REQUEST id=28, [ Capabilities: INTERNET&NOT_RESTRICTED&TRUSTED&NOT_VCN_MANAGED Uid: 1001 RequestorUid: 1001 RequestorPkg: com.android.phone] ] shouldApply false
05-19 15:21:52.247 975 975 D TelephonyNetworkFactory[0]: onNeedNetworkFor NetworkRequest [ REQUEST id=32, [ Capabilities: INTERNET&NOT_RESTRICTED&TRUSTED&NOT_VCN_MANAGED Uid: 1000 RequestorUid: 1000 RequestorPkg: android] ] shouldApply false
05-19 15:21:52.247 975 975 D TelephonyNetworkFactory[0]: onNeedNetworkFor NetworkRequest [ REQUEST id=36, [ Capabilities: INTERNET&NOT_RESTRICTED&TRUSTED&NOT_VCN_MANAGED Uid: 10086 RequestorUid: 1000 RequestorPkg: android] ] shouldApply false
05-19 15:21:52.247 975 975 D TelephonyNetworkFactory[0]: onNeedNetworkFor NetworkRequest [ REQUEST id=38, [ Capabilities: INTERNET&NOT_RESTRICTED&TRUSTED&NOT_VCN_MANAGED Uid: 10023 RequestorUid: 1000 RequestorPkg: android] ] shouldApply false
05-19 15:21:52.248 627 730 W ContextImpl: Calling a method in the system process without a qualified user: android.app.ContextImpl.sendStickyBroadcast:1567 com.android.server.ConnectivityService.sendStickyBroadcast:2811 com.android.server.ConnectivityService.sendLegacyNetworkBroadcast:8732 com.android.server.ConnectivityService$LegacyTypeTracker.remove:1007 com.android.server.ConnectivityService$LegacyTypeTracker.remove:1024
05-19 15:21:52.248 975 975 D TelephonyNetworkFactory[0]: onNeedNetworkFor NetworkRequest [ REQUEST id=117, [ Capabilities: INTERNET&NOT_RESTRICTED&TRUSTED&NOT_VCN_MANAGED Uid: 10072 RequestorUid: 1000 RequestorPkg: android] ] shouldApply false
05-19 15:21:52.248 975 975 D TelephonyNetworkFactory[0]: onNeedNetworkFor NetworkRequest [ REQUEST id=127, [ Capabilities: INTERNET&NOT_RESTRICTED&TRUSTED&NOT_VCN_MANAGED Uid: 10079 RequestorUid: 1000 RequestorPkg: android] ] shouldApply false
05-19 15:21:52.248 975 975 D TelephonyNetworkFactory[0]: onNeedNetworkFor NetworkRequest [ REQUEST id=132, [ Capabilities: INTERNET&NOT_RESTRICTED&TRUSTED&NOT_VCN_MANAGED Uid: 10098 RequestorUid: 10098 RequestorPkg: com.baidu.appsearch] ] shouldApply false
05-19 15:21:52.248 975 975 D TelephonyNetworkFactory[0]: onNeedNetworkFor NetworkRequest [ REQUEST id=134, [ Capabilities: INTERNET&NOT_RESTRICTED&TRUSTED&NOT_VCN_MANAGED Uid: 10098 RequestorUid: 1000 RequestorPkg: android] ] shouldApply false
05-19 15:21:52.248 975 975 D TelephonyNetworkFactory[0]: onNeedNetworkFor NetworkRequest [ REQUEST id=136, [ Capabilities: INTERNET&NOT_RESTRICTED&TRUSTED&NOT_VCN_MANAGED Uid: 10072 RequestorUid: 10072 RequestorPkg: com.ebensz.email] ] shouldApply false
05-19 15:21:52.249 627 653 W BroadcastQueue: Target SDK mismatch: receiver ActivityInfo{710fd7d com.xiaomi.push.service.receivers.NetworkStatusReceiver} targets 26 but delivery restricted to [0, 23] broadcasting Intent { act=android.net.conn.CONNECTIVITY_CHANGE flg=0x4200010 (has extras) } from android (pid=627, uid=1000) to com.zhangyue.read.iReader/com.xiaomi.push.service.receivers.NetworkStatusReceiver
05-19 15:21:52.249 627 653 W BroadcastQueue: Target SDK mismatch: receiver ActivityInfo{b263472 cn.eben.help.LoadAllReceiver} targets 28 but delivery restricted to [0, 23] broadcasting Intent { act=android.net.conn.CONNECTIVITY_CHANGE flg=0x4200010 (has extras) } from android (pid=627, uid=1000) to cn.eben.help/.LoadAllReceiver
05-19 15:21:52.249 627 653 W BroadcastQueue: Target SDK mismatch: receiver ActivityInfo{56b40c3 cn.eben.android.receiver.AppSyncReceiver} targets 27 but delivery restricted to [0, 23] broadcasting Intent { act=android.net.conn.CONNECTIVITY_CHANGE flg=0x4200010 (has extras) } from android (pid=627, uid=1000) to cn.eben.sync/cn.eben.android.receiver.AppSyncReceiver
05-19 15:21:52.250 19442 19442 W ContextImpl: Calling a method in the system process without a qualified user: android.app.ContextImpl.startService:1824 android.content.ContextWrapper.startService:774 android.content.ContextWrapper.startService:774 com.ebensz.appmanager.service.UploadMyAppsInfoService.startUploadMyAppsInfoService:78 com.ebensz.appmanager.receiver.UploadMyAppsInfoReceiver.onReceive:33
05-19 15:21:52.257 627 18939 W BroadcastQueue: Target SDK mismatch: receiver ActivityInfo{637261f com.ebensz.ota.ActionReceiver} targets 29 but delivery restricted to [0, 23] broadcasting Intent { act=android.net.conn.CONNECTIVITY_CHANGE flg=0x4200010 (has extras) } from android (pid=627, uid=1000) to com.ebensz.ota/.ActionReceiver
05-19 15:21:52.258 627 653 W BroadcastQueue: Target SDK mismatch: receiver ActivityInfo{e12dd6c com.taobao.accs.EventReceiver} targets 26 but delivery restricted to [0, 23] broadcasting Intent { act=android.net.conn.CONNECTIVITY_CHANGE flg=0x4200010 (has extras) } from android (pid=627, uid=1000) to com.zhangyue.read.iReader/com.taobao.accs.EventReceiver
05-21 15:52:27.811 4712 4712 I usb 3-1.5: New USB device found, idVendor=2109, idProduct=8817, bcdDevice= 0.01
05-21 15:52:27.811 4712 4712 I usb 3-1.5: New USB device strings: Mfr=1, Product=2, SerialNumber=3
05-21 15:52:27.811 4712 4712 I usb 3-1.5: Product: USB Billboard Device
05-21 15:52:27.811 4712 4712 I usb 3-1.5: Manufacturer: VIA Labs, Inc.
05-21 15:52:27.811 4712 4712 I usb 3-1.5: SerialNumber: 0000000000000001
05-19 15:21:52.278 627 780 D UsbHostManager: USB device attached: vidpid 2109:8817 mfg/product/ver/serial VIA Labs, Inc. /USB Billboard Device /0.01/0000000000000001 hasAudio/HID/Storage: false/false/false
05-19 15:21:52.281 627 780 D UsbHostManager: Added device UsbDevice[mName=/dev/bus/usb/003/038,mVendorId=8457,mProductId=34839,mClass=17,mSubclass=0,mProtocol=0,mManufacturerName=VIA Labs, Inc. ,mProductName=USB Billboard Device ,mVersion=0.01,mSerialNumberReader=com.android.server.usb.UsbSerialReader@b075f35, mHasAudioPlayback=false, mHasAudioCapture=false, mHasMidi=false, mHasVideoCapture=false, mHasVideoPlayback=false, mConfigurations=[
05-19 15:21:52.281 627 780 D UsbHostManager: UsbConfiguration[mId=1,mName=0000000000000001,mAttributes=160,mMaxPower=50,mInterfaces=[
05-19 15:21:52.281 627 780 D UsbHostManager: UsbInterface[mId=0,mAlternateSetting=0,mName=0000000000000001,mClass=17,mSubclass=0,mProtocol=0,mEndpoints=[]]]
05-21 15:52:28.273 29262 29262 I : read descriptors
05-21 15:52:28.274 29262 29262 I : read strings
05-21 15:52:28.342 352 352 I rockchip-vop2 fdd90000.vop: [drm:vop2_crtc_atomic_enable] Update mode to 1536x2048p55, type: 16(if:60) for vp2 dclk: 192000000
05-21 15:52:28.343 1 1 I init : processing action (sys.usb.config=adb && sys.usb.configfs=1 && sys.usb.ffs.ready=1) from (/system/etc/init/hw/init.usb.configfs.rc:20)
05-21 15:52:28.343 352 352 I rockchip-vop2 fdd90000.vop: [drm:vop2_crtc_atomic_enable] dclk_out2 div: 2 dclk_core2 div: 1
05-21 15:52:28.343 352 352 I rockchip-vop2 fdd90000.vop: [drm:vop2_crtc_atomic_enable] set dclk_vop2 to 96000000, get 96000000
05-21 15:52:28.344 1 1 I init : Command 'symlink /config/usb_gadget/g1/functions/ffs.adb /config/usb_gadget/g1/configs/b.1/f1' action=sys.usb.config=adb && sys.usb.configfs=1 && sys.usb.ffs.ready=1 (/system/etc/init/hw/init.usb.configfs.rc:22) took 0ms and failed: symlink() failed: File exists
05-21 15:52:28.344 1 1 I init : Command 'write /config/usb_gadget/g1/UDC ${sys.usb.controller}' action=sys.usb.config=adb && sys.usb.configfs=1 && sys.usb.ffs.ready=1 (/system/etc/init/hw/init.usb.configfs.rc:23) took 0ms and failed: Unable to write to file '/config/usb_gadget/g1/UDC': Unable to write file contents: Device or resource busy
05-19 15:21:52.812 627 627 W Looper : Slow dispatch took 616ms main h=android.app.ActivityThread$H c=android.app.LoadedApk$ReceiverDispatcher$Args$$ExternalSyntheticLambda0@986e2c7 m=0
05-19 15:21:52.812 627 627 W Looper : Slow delivery took 604ms main h=com.android.server.power.Notifier$NotifierHandler c=null m=7
05-19 15:21:52.814 627 627 W Looper : Drained
05-19 15:21:52.815 975 975 D DCT-C-0 : screen on
05-19 15:21:52.815 975 975 D DCT-C-0 : stopNetStatPoll
05-19 15:21:52.837 627 627 I power_screen_broadcast_done: [1,724,1]
05-19 15:21:52.873 3656 3656 I wm_on_resume_called: [156521685,com.ebensz.enote.notepad.EditActivity,RESUME_ACTIVITY]
05-19 15:21:52.873 3656 3656 I wm_on_top_resumed_gained_called: [156521685,com.ebensz.enote.notepad.EditActivity,topWhenResuming]
05-19 15:21:52.884 627 648 I input_focus: [Focus request a08a9f1 com.ebensz.enote.notepad/com.ebensz.enote.notepad.EditActivity,reason=UpdateInputWindows]
05-19 15:21:53.001 1272 1272 W ContextImpl: Calling a method in the system process without a qualified user: android.app.ContextImpl.sendBroadcast:1181 android.content.ContextWrapper.sendBroadcast:479 cn.eben.newweather.DateWeatherService.a:19 cn.eben.newweather.DateWeatherService.a:0 cn.eben.newweather.DateWeatherService$1.handleMessage:7
05-19 15:21:53.294 19442 19442 W ContextImpl: Calling a method in the system process without a qualified user: android.app.ContextImpl.startService:1824 android.content.ContextWrapper.startService:774 com.ebensz.appmanager.service.UploadMyAppsInfoService$1.handleMessage:63 android.os.Handler.dispatchMessage:106 android.os.Looper.loopOnce:201
05-21 15:52:28.856 352 352 I dw-mipi-dsi2 fde20000.dsi: [drm:dw_mipi_dsi2_encoder_enable] final DSI-Link bandwidth: 639999 x 8 Kbps
05-19 15:21:53.337 627 668 I sysui_latency: [5,1253]
05-19 15:21:53.337 627 668 W PowerManagerService: Screen on took 2923 ms
05-19 15:21:53.338 627 627 I sysui_multi_action: [757,198,758,1,759,1,1359,2923,1694,1]
05-19 15:21:53.338 627 627 I power_screen_state: [1,0,0,0,2923]
05-19 15:21:53.343 627 710 I input_focus: [Focus entering a08a9f1 com.ebensz.enote.notepad/com.ebensz.enote.notepad.EditActivity (server),reason=Window became focusable. Previous reason: NO_WINDOW]
05-19 15:21:53.751 627 684 W ContentProviderHelper: Permission Denial: opening provider com.android.providers.contacts.ContactsProvider2 from ProcessRecord{552b742 1631:cn.eben.sync/u0a63} (pid=1631, uid=10063) requires android.permission.READ_CONTACTS or android.permission.WRITE_CONTACTS
05-21 15:52:29.407 29262 29262 I : read descriptors
05-21 15:52:29.407 29262 29262 I : read strings
05-21 15:52:29.409 1 1 I init : processing action (sys.usb.config=adb && sys.usb.configfs=1 && sys.usb.ffs.ready=1) from (/system/etc/init/hw/init.usb.configfs.rc:20)
05-21 15:52:29.411 1 1 I init : Command 'symlink /config/usb_gadget/g1/functions/ffs.adb /config/usb_gadget/g1/configs/b.1/f1' action=sys.usb.config=adb && sys.usb.configfs=1 && sys.usb.ffs.ready=1 (/system/etc/init/hw/init.usb.configfs.rc:22) took 0ms and failed: symlink() failed: File exists
05-21 15:52:29.412 1 1 I init : Command 'write /config/usb_gadget/g1/UDC ${sys.usb.controller}' action=sys.usb.config=adb && sys.usb.configfs=1 && sys.usb.ffs.ready=1 (/system/etc/init/hw/init.usb.configfs.rc:23) took 0ms and failed: Unable to write to file '/config/usb_gadget/g1/UDC': Unable to write file contents: Device or resource busy
05-19 15:21:54.001 1272 1272 W ContextImpl: Calling a method in the system process without a qualified user: android.app.ContextImpl.sendBroadcast:1181 android.content.ContextWrapper.sendBroadcast:479 cn.eben.newweather.DateWeatherService.a:19 cn.eben.newweather.DateWeatherService.a:0 cn.eben.newweather.DateWeatherService$1.handleMessage:7
05-19 15:21:54.069 463 491 I RIL : ---> enter mainloop wait at port
05-19 15:21:54.069 463 491 D RIL-DEV : Get modem info
05-19 15:21:54.070 463 491 D RIL-DEV : [05-19_15:21:54:070] idVendor = 0bda
05-19 15:21:54.070 463 491 D RIL-DEV :
05-19 15:21:54.070 463 491 D RIL-DEV : [05-19_15:21:54:070] idVendor = 05e3
05-19 15:21:54.070 463 491 D RIL-DEV :
05-19 15:21:54.070 463 491 D RIL-DEV : [05-19_15:21:54:070] idVendor = 1d6b
05-19 15:21:54.070 463 491 D RIL-DEV :
05-19 15:21:54.070 463 491 D RIL-DEV : [05-19_15:21:54:070] idVendor = 1d6b
05-19 15:21:54.070 463 491 D RIL-DEV :
05-19 15:21:54.070 463 491 D RIL-DEV : [05-19_15:21:54:071] idVendor = 0bda
05-19 15:21:54.070 463 491 D RIL-DEV :
05-19 15:21:54.070 463 491 D RIL-DEV : [05-19_15:21:54:071] idVendor = 1d6b
05-19 15:21:54.070 463 491 D RIL-DEV :
05-19 15:21:54.070 463 491 D RIL-DEV : [05-19_15:21:54:071] idVendor = 2109
05-19 15:21:54.070 463 491 D RIL-DEV :
05-19 15:21:54.071 463 491 D RIL-DEV : [05-19_15:21:54:071] idVendor = 2109
05-19 15:21:54.071 463 491 D RIL-DEV :
05-19 15:21:54.071 463 491 D RIL-DEV : [05-19_15:21:54:071] idVendor = 1d6b
05-19 15:21:54.071 463 491 D RIL-DEV :
05-19 15:21:54.071 463 491 D RIL-DEV : [05-19_15:21:54:071] idVendor = 0bda
05-19 15:21:54.071 463 491 D RIL-DEV :
05-19 15:21:54.071 463 491 D RIL-DEV : [05-19_15:21:54:072] idVendor = 2109
05-19 15:21:54.071 463 491 D RIL-DEV :
05-19 15:21:54.071 463 491 E RIL-DEV : Cannot find Meig devices
05-19 15:21:54.071 463 491 I RIL : ---> can't find meig usb devices
05-21 15:52:30.480 29262 29262 I : read descriptors
05-21 15:52:30.480 29262 29262 I : read strings
05-21 15:52:30.482 1 1 I init : processing action (sys.usb.config=adb && sys.usb.configfs=1 && sys.usb.ffs.ready=1) from (/system/etc/init/hw/init.usb.configfs.rc:20)
05-21 15:52:30.485 1 1 I init : Command 'symlink /config/usb_gadget/g1/functions/ffs.adb /config/usb_gadget/g1/configs/b.1/f1' action=sys.usb.config=adb && sys.usb.configfs=1 && sys.usb.ffs.ready=1 (/system/etc/init/hw/init.usb.configfs.rc:22) took 0ms and failed: symlink() failed: File exists
05-21 15:52:30.486 1 1 I init : Command 'write /config/usb_gadget/g1/UDC ${sys.usb.controller}' action=sys.usb.config=adb && sys.usb.configfs=1 && sys.usb.ffs.ready=1 (/system/etc/init/hw/init.usb.configfs.rc:23) took 0ms and failed: Unable to write to file '/config/usb_gadget/g1/UDC': Unable to write file contents: Device or resource busy
05-19 15:21:55.003 1272 1272 W ContextImpl: Calling a method in the system process without a qualified user: android.app.ContextImpl.sendBroadcast:1181 android.content.ContextWrapper.sendBroadcast:479 cn.eben.newweather.DateWeatherService.a:19 cn.eben.newweather.DateWeatherService.a:0 cn.eben.newweather.DateWeatherService$1.handleMessage:7
05-21 15:52:30.722 4712 4712 I r8152 4-1.4: 1.0 eth1: carrier on
05-19 15:21:56.003 1272 1272 W ContextImpl: Calling a method in the system process without a qualified user: android.app.ContextImpl.sendBroadcast:1181 android.content.ContextWrapper.sendBroadcast:479 cn.eben.newweather.DateWeatherService.a:19 cn.eben.newweather.DateWeatherService.a:0 cn.eben.newweather.DateWeatherService$1.handleMessage:7
05-21 15:52:31.547 29262 29262 I : read descriptors
05-21 15:52:31.547 29262 29262 I : read strings
05-21 15:52:31.549 1 1 I init : processing action (sys.usb.config=adb && sys.usb.configfs=1 && sys.usb.ffs.ready=1) from (/system/etc/init/hw/init.usb.configfs.rc:20)
05-19 15:21:56.071 463 491 I RIL : ---> enter mainloop wait at port
05-19 15:21:56.072 463 491 D RIL-DEV : Get modem info
05-19 15:21:56.072 463 491 D RIL-DEV : [05-19_15:21:56:073] idVendor = 0bda
05-19 15:21:56.072 463 491 D RIL-DEV :
05-19 15:21:56.072 463 491 D RIL-DEV : [05-19_15:21:56:073] idVendor = 05e3
05-19 15:21:56.072 463 491 D RIL-DEV :
05-19 15:21:56.073 463 491 D RIL-DEV : [05-19_15:21:56:073] idVendor = 1d6b
05-19 15:21:56.073 463 491 D RIL-DEV :
05-19 15:21:56.073 463 491 D RIL-DEV : [05-19_15:21:56:073] idVendor = 1d6b
05-19 15:21:56.073 463 491 D RIL-DEV :
05-19 15:21:56.073 463 491 D RIL-DEV : [05-19_15:21:56:073] idVendor = 0bda
05-19 15:21:56.073 463 491 D RIL-DEV :
05-19 15:21:56.073 463 491 D RIL-DEV : [05-19_15:21:56:074] idVendor = 1d6b
05-19 15:21:56.073 463 491 D RIL-DEV :
05-19 15:21:56.073 463 491 D RIL-DEV : [05-19_15:21:56:074] idVendor = 2109
05-19 15:21:56.073 463 491 D RIL-DEV :
05-19 15:21:56.074 463 491 D RIL-DEV : [05-19_15:21:56:074] idVendor = 2109
05-19 15:21:56.074 463 491 D RIL-DEV :
05-19 15:21:56.074 463 491 D RIL-DEV : [05-19_15:21:56:074] idVendor = 1d6b
05-19 15:21:56.074 463 491 D RIL-DEV :
05-19 15:21:56.074 463 491 D RIL-DEV : [05-19_15:21:56:075] idVendor = 0bda
05-19 15:21:56.074 463 491 D RIL-DEV :
05-19 15:21:56.074 463 491 D RIL-DEV : [05-19_15:21:56:075] idVendor = 2109
05-19 15:21:56.074 463 491 D RIL-DEV :
05-19 15:21:56.075 463 491 E RIL-DEV : Cannot find Meig devices
05-19 15:21:56.075 463 491 I RIL : ---> can't find meig usb devices
05-19 15:21:57.002 1272 1272 W ContextImpl: Calling a method in the system process without a qualified user: android.app.ContextImpl.sendBroadcast:1181 android.content.ContextWrapper.sendBroadcast:479 cn.eben.newweather.DateWeatherService.a:19 cn.eben.newweather.DateWeatherService.a:0 cn.eben.newweather.DateWeatherService$1.handleMessage:7
05-21 15:52:32.600 29262 29262 I : read descriptors
05-21 15:52:32.600 29262 29262 I : read strings
05-19 15:21:57.158 627 627 I notification_enqueue: [10098,25952,com.baidu.appsearch,2131755453,NULL,0,Notification(channel=手机管理、安全检测相关通知 shortcut=null contentView=null vibrate=null sound=null defaults=0x0 flags=0x62 color=0x00000000 vis=PRIVATE),1]
05-19 15:21:57.167 627 627 I notification_enqueue: [10098,25952,com.baidu.appsearch,2131755453,NULL,0,Notification(channel=手机管理、安全检测相关通知 shortcut=null contentView=null vibrate=null sound=null defaults=0x0 flags=0x62 color=0x00000000 vis=PRIVATE),1]
05-21 15:52:32.882 653 653 I binder : 627:653 transaction failed 29201/-28, size 80-0 line 2921
05-19 15:21:57.346 627 653 W ActivityManager: Failed to clear dns cache for: com.ebensz.office.entry
05-19 15:21:57.357 627 653 W ActivityManager: Failed to clear dns cache for: com.ebensz.office.entry
05-21 15:52:32.894 653 653 I binder : 627:653 transaction failed 29201/-28, size 80-0 line 2921
05-19 15:21:57.390 627 730 I netstats_mobile_sample: [0,0,0,0,0,0,0,0,0,0,0,0,1747639317391]
05-19 15:21:57.391 627 730 I netstats_wifi_sample: [0,0,0,0,0,0,0,0,0,0,0,0,1747639317391]
05-19 15:21:57.430 627 730 I netstats_mobile_sample: [0,0,0,0,0,0,0,0,0,0,0,0,1747639317431]
05-19 15:21:57.430 627 730 I netstats_wifi_sample: [0,0,0,0,0,0,0,0,0,0,0,0,1747639317431]
05-19 15:21:57.450 627 730 W ContextImpl: Calling a method in the system process without a qualified user: android.app.ContextImpl.sendStickyBroadcast:1567 com.android.server.ConnectivityService.sendStickyBroadcast:2811 com.android.server.ConnectivityService.sendGeneralBroadcast:2786 com.android.server.ConnectivityService.sendConnectedBroadcast:2759 com.android.server.ConnectivityService.sendLegacyNetworkBroadcast:8704
05-19 15:21:57.455 627 653 W BroadcastQueue: Target SDK mismatch: receiver ActivityInfo{f6677f com.xiaomi.push.service.receivers.NetworkStatusReceiver} targets 26 but delivery restricted to [0, 23] broadcasting Intent { act=android.net.conn.CONNECTIVITY_CHANGE flg=0x4200010 (has extras) } from android (pid=627, uid=1000) to com.zhangyue.read.iReader/com.xiaomi.push.service.receivers.NetworkStatusReceiver
05-19 15:21:57.455 627 653 W BroadcastQueue: Target SDK mismatch: receiver ActivityInfo{7acf34c cn.eben.help.LoadAllReceiver} targets 28 but delivery restricted to [0, 23] broadcasting Intent { act=android.net.conn.CONNECTIVITY_CHANGE flg=0x4200010 (has extras) } from android (pid=627, uid=1000) to cn.eben.help/.LoadAllReceiver
05-19 15:21:57.455 627 653 W BroadcastQueue: Target SDK mismatch: receiver ActivityInfo{f8cef95 cn.eben.android.receiver.AppSyncReceiver} targets 27 but delivery restricted to [0, 23] broadcasting Intent { act=android.net.conn.CONNECTIVITY_CHANGE flg=0x4200010 (has extras) } from android (pid=627, uid=1000) to cn.eben.sync/cn.eben.android.receiver.AppSyncReceiver
05-19 15:21:57.457 19442 19442 W ContextImpl: Calling a method in the system process without a qualified user: android.app.ContextImpl.startService:1824 android.content.ContextWrapper.startService:774 android.content.ContextWrapper.startService:774 com.ebensz.appmanager.service.UploadMyAppsInfoService.startUploadMyAppsInfoService:78 com.ebensz.appmanager.receiver.UploadMyAppsInfoReceiver.onReceive:33
05-19 15:21:57.461 19470 19470 W ContextImpl: Calling a method in the system process without a qualified user: android.app.ContextImpl.startService:1824 android.content.ContextWrapper.startService:774 android.content.ContextWrapper.startService:774 com.ebensz.appmanager.mydownloadmanager.DownloadReceiver.startService:245 com.ebensz.appmanager.mydownloadmanager.DownloadReceiver.onReceive:74
05-19 15:21:57.463 627 627 I notification_cancel_all: [1000,19470,com.ebensz.appmanager,0,0,64,9,NULL]
05-19 15:21:57.463 627 9940 W BroadcastQueue: Target SDK mismatch: receiver ActivityInfo{9569576 com.ebensz.ota.ActionReceiver} targets 29 but delivery restricted to [0, 23] broadcasting Intent { act=android.net.conn.CONNECTIVITY_CHANGE flg=0x4200010 (has extras) } from android (pid=627, uid=1000) to com.ebensz.ota/.ActionReceiver
05-19 15:21:57.463 627 653 W BroadcastQueue: Target SDK mismatch: receiver ActivityInfo{19c7c4d com.taobao.accs.EventReceiver} targets 26 but delivery restricted to [0, 23] broadcasting Intent { act=android.net.conn.CONNECTIVITY_CHANGE flg=0x4200010 (has extras) } from android (pid=627, uid=1000) to com.zhangyue.read.iReader/com.taobao.accs.EventReceiver
05-19 15:21:57.783 975 975 D TelephonyNetworkFactory[0]: onReleaseNetworkFor NetworkRequest [ REQUEST id=15, [ Capabilities: INTERNET&NOT_RESTRICTED&TRUSTED&NOT_VCN_MANAGED Uid: 1000 RequestorUid: 1000 RequestorPkg: android] ] applied false
05-19 15:21:57.784 975 975 D TelephonyNetworkFactory[0]: onReleaseNetworkFor NetworkRequest [ REQUEST id=132, [ Capabilities: INTERNET&NOT_RESTRICTED&TRUSTED&NOT_VCN_MANAGED Uid: 10098 RequestorUid: 10098 RequestorPkg: com.baidu.appsearch] ] applied false
05-19 15:21:57.784 975 975 D TelephonyNetworkFactory[0]: onReleaseNetworkFor NetworkRequest [ REQUEST id=28, [ Capabilities: INTERNET&NOT_RESTRICTED&TRUSTED&NOT_VCN_MANAGED Uid: 1001 RequestorUid: 1001 RequestorPkg: com.android.phone] ] applied false
05-19 15:21:57.784 975 975 D TelephonyNetworkFactory[0]: onReleaseNetworkFor NetworkRequest [ REQUEST id=32, [ Capabilities: INTERNET&NOT_RESTRICTED&TRUSTED&NOT_VCN_MANAGED Uid: 1000 RequestorUid: 1000 RequestorPkg: android] ] applied false
05-19 15:21:57.785 975 975 D TelephonyNetworkFactory[0]: onReleaseNetworkFor NetworkRequest [ REQUEST id=117, [ Capabilities: INTERNET&NOT_RESTRICTED&TRUSTED&NOT_VCN_MANAGED Uid: 10072 RequestorUid: 1000 RequestorPkg: android] ] applied false
05-19 15:21:57.785 975 975 D TelephonyNetworkFactory[0]: onReleaseNetworkFor NetworkRequest [ REQUEST id=23, [ Capabilities: INTERNET&NOT_RESTRICTED&TRUSTED&NOT_VCN_MANAGED Uid: 1000 RequestorUid: 1000 RequestorPkg: com.android.networkstack.inprocess] ] applied false
05-19 15:21:57.785 975 975 D TelephonyNetworkFactory[0]: onReleaseNetworkFor NetworkRequest [ REQUEST id=136, [ Capabilities: INTERNET&NOT_RESTRICTED&TRUSTED&NOT_VCN_MANAGED Uid: 10072 RequestorUid: 10072 RequestorPkg: com.ebensz.email] ] applied false
05-19 15:21:57.785 975 975 D TelephonyNetworkFactory[0]: onReleaseNetworkFor NetworkRequest [ REQUEST id=38, [ Capabilities: INTERNET&NOT_RESTRICTED&TRUSTED&NOT_VCN_MANAGED Uid: 10023 RequestorUid: 1000 RequestorPkg: android] ] applied false
05-19 15:21:57.786 975 975 D TelephonyNetworkFactory[0]: onReleaseNetworkFor NetworkRequest [ REQUEST id=127, [ Capabilities: INTERNET&NOT_RESTRICTED&TRUSTED&NOT_VCN_MANAGED Uid: 10079 RequestorUid: 1000 RequestorPkg: android] ] applied false
05-19 15:21:57.786 975 975 D TelephonyNetworkFactory[0]: onReleaseNetworkFor NetworkRequest [ REQUEST id=1, [ Capabilities: INTERNET&NOT_RESTRICTED&TRUSTED&NOT_VPN&NOT_VCN_MANAGED RequestorUid: 1000 RequestorPkg: android] ] applied false
05-19 15:21:57.786 975 975 D TelephonyNetworkFactory[0]: onReleaseNetworkFor NetworkRequest [ REQUEST id=36, [ Capabilities: INTERNET&NOT_RESTRICTED&TRUSTED&NOT_VCN_MANAGED Uid: 10086 RequestorUid: 1000 RequestorPkg: android] ] applied false
05-19 15:21:57.786 975 975 D TelephonyNetworkFactory[0]: onReleaseNetworkFor NetworkRequest [ REQUEST id=18, [ Capabilities: INTERNET&NOT_RESTRICTED&TRUSTED&NOT_VCN_MANAGED Uid: 10088 RequestorUid: 10088 RequestorPkg: com.android.systemui] ] applied false
05-19 15:21:57.786 975 975 D TelephonyNetworkFactory[0]: onReleaseNetworkFor NetworkRequest [ REQUEST id=20, [ Capabilities: INTERNET&NOT_RESTRICTED&TRUSTED&NOT_VCN_MANAGED Uid: 10088 RequestorUid: 10088 RequestorPkg: com.android.systemui] ] applied false
05-19 15:21:57.786 975 975 D TelephonyNetworkFactory[0]: onReleaseNetworkFor NetworkRequest [ REQUEST id=7, [ Capabilities: INTERNET&NOT_RESTRICTED&TRUSTED&NOT_VCN_MANAGED Uid: 1000 RequestorUid: 1000 RequestorPkg: android] ] applied false
05-19 15:21:57.786 975 975 D TelephonyNetworkFactory[0]: onReleaseNetworkFor NetworkRequest [ REQUEST id=134, [ Capabilities: INTERNET&NOT_RESTRICTED&TRUSTED&NOT_VCN_MANAGED Uid: 10098 RequestorUid: 1000 RequestorPkg: android] ] applied false
05-19 15:21:57.797 627 730 W ContextImpl: Calling a method in the system process without a qualified user: android.app.ContextImpl.sendStickyBroadcast:1567 com.android.server.ConnectivityService.sendStickyBroadcast:2811 com.android.server.ConnectivityService.sendGeneralBroadcast:2786 com.android.server.ConnectivityService.sendInetConditionBroadcast:2763 com.android.server.ConnectivityService.updateInetCondition:8451
05-19 15:21:57.798 627 653 W ActivityManager: Failed to clear dns cache for: com.ebensz.office.entry
05-21 15:52:33.334 653 653 I binder : 627:653 transaction failed 29201/-28, size 80-0 line 2921
05-19 15:21:58.002 1272 1272 W ContextImpl: Calling a method in the system process without a qualified user: android.app.ContextImpl.sendBroadcast:1181 android.content.ContextWrapper.sendBroadcast:479 cn.eben.newweather.DateWeatherService.a:19 cn.eben.newweather.DateWeatherService.a:0 cn.eben.newweather.DateWeatherService$1.handleMessage:7
05-19 15:21:58.075 463 491 I RIL : ---> enter mainloop wait at port
05-19 15:21:58.075 463 491 D RIL-DEV : Get modem info
05-19 15:21:58.075 463 491 D RIL-DEV : [05-19_15:21:58:076] idVendor = 0bda
05-19 15:21:58.075 463 491 D RIL-DEV :
05-19 15:21:58.075 463 491 D RIL-DEV : [05-19_15:21:58:076] idVendor = 05e3
05-19 15:21:58.075 463 491 D RIL-DEV :
05-19 15:21:58.075 463 491 D RIL-DEV : [05-19_15:21:58:076] idVendor = 1d6b
05-19 15:21:58.075 463 491 D RIL-DEV :
05-19 15:21:58.075 463 491 D RIL-DEV : [05-19_15:21:58:076] idVendor = 1d6b
05-19 15:21:58.075 463 491 D RIL-DEV :
05-19 15:21:58.076 463 491 D RIL-DEV : [05-19_15:21:58:076] idVendor = 0bda
05-19 15:21:58.076 463 491 D RIL-DEV :
05-19 15:21:58.076 463 491 D RIL-DEV : [05-19_15:21:58:076] idVendor = 1d6b
05-19 15:21:58.076 463 491 D RIL-DEV :
05-19 15:21:58.076 463 491 D RIL-DEV : [05-19_15:21:58:076] idVendor = 2109
05-19 15:21:58.076 463 491 D RIL-DEV :
05-19 15:21:58.076 463 491 D RIL-DEV : [05-19_15:21:58:076] idVendor = 2109
05-19 15:21:58.076 463 491 D RIL-DEV :
05-19 15:21:58.076 463 491 D RIL-DEV : [05-19_15:21:58:076] idVendor = 1d6b
05-19 15:21:58.076 463 491 D RIL-DEV :
05-19 15:21:58.076 463 491 D RIL-DEV : [05-19_15:21:58:077] idVendor = 0bda
05-19 15:21:58.076 463 491 D RIL-DEV :
05-19 15:21:58.076 463 491 D RIL-DEV : [05-19_15:21:58:077] idVendor = 2109
05-19 15:21:58.076 463 491 D RIL-DEV :
05-19 15:21:58.076 463 491 E RIL-DEV : Cannot find Meig devices
05-19 15:21:58.076 463 491 I RIL : ---> can't find meig usb devices
05-21 15:52:33.670 29262 29262 I : read descriptors
05-21 15:52:33.670 29262 29262 I : read strings
05-21 15:52:33.672 1 1 I init : processing action (sys.usb.config=adb && sys.usb.configfs=1 && sys.usb.ffs.ready=1) from (/system/etc/init/hw/init.usb.configfs.rc:20)
05-21 15:52:33.675 1 1 I init : Command 'symlink /config/usb_gadget/g1/functions/ffs.adb /config/usb_gadget/g1/configs/b.1/f1' action=sys.usb.config=adb && sys.usb.configfs=1 && sys.usb.ffs.ready=1 (/system/etc/init/hw/init.usb.configfs.rc:22) took 0ms and failed: symlink() failed: File exists
05-21 15:52:33.677 1 1 I init : Command 'write /config/usb_gadget/g1/UDC ${sys.usb.controller}' action=sys.usb.config=adb && sys.usb.configfs=1 && sys.usb.ffs.ready=1 (/system/etc/init/hw/init.usb.configfs.rc:23) took 0ms and failed: Unable to write to file '/config/usb_gadget/g1/UDC': Unable to write file contents: Device or resource busy
05-19 15:21:58.500 19442 19442 W ContextImpl: Calling a method in the system process without a qualified user: android.app.ContextImpl.startService:1824 android.content.ContextWrapper.startService:774 com.ebensz.appmanager.service.UploadMyAppsInfoService$1.handleMessage:63 android.os.Handler.dispatchMessage:106 android.os.Looper.loopOnce:201
05-19 15:21:58.756 627 9940 W ContentProviderHelper: Permission Denial: opening provider com.android.providers.contacts.ContactsProvider2 from ProcessRecord{552b742 1631:cn.eben.sync/u0a63} (pid=1631, uid=10063) requires android.permission.READ_CONTACTS or android.permission.WRITE_CONTACTS
05-19 15:21:59.001 1272 1272 W ContextImpl: Calling a method in the system process without a qualified user: android.app.ContextImpl.sendBroadcast:1181 android.content.ContextWrapper.sendBroadcast:479 cn.eben.newweather.DateWeatherService.a:19 cn.eben.newweather.DateWeatherService.a:0 cn.eben.newweather.DateWeatherService$1.handleMessage:7
05-21 15:52:34.747 29262 29262 I : read descriptors
05-21 15:52:34.747 29262 29262 I : read strings
05-21 15:52:34.749 1 1 I init : processing action (sys.usb.config=adb && sys.usb.configfs=1 && sys.usb.ffs.ready=1) from (/system/etc/init/hw/init.usb.configfs.rc:20)
05-21 15:52:34.751 1 1 I init : Command 'symlink /config/usb_gadget/g1/functions/ffs.adb /config/usb_gadget/g1/configs/b.1/f1' action=sys.usb.config=adb && sys.usb.configfs=1 && sys.usb.ffs.ready=1 (/system/etc/init/hw/init.usb.configfs.rc:22) took 0ms and failed: symlink() failed: File exists
05-21 15:52:34.754 1 1 I init : Command 'write /config/usb_gadget/g1/UDC ${sys.usb.controller}' action=sys.usb.config=adb && sys.usb.configfs=1 && sys.usb.ffs.ready=1 (/system/etc/init/hw/init.usb.configfs.rc:23) took 0ms and failed: Unable to write to file '/config/usb_gadget/g1/UDC': Unable to write file contents: Device or resource busy
05-19 15:21:59.418 627 652 I am_pss : [6488,99002,com.android.webview:sandboxed_process0:org.chromium.content.app.SandboxedProcessService0:0,35378176,9510912,0,135839744,0,4,18]
05-19 15:22:00.004 1272 1272 W ContextImpl: Calling a method in the system process without a qualified user: android.app.ContextImpl.sendBroadcast:1181 android.content.ContextWrapper.sendBroadcast:479 cn.eben.newweather.DateWeatherService.a:19 cn.eben.newweather.DateWeatherService.a:0 cn.eben.newweather.DateWeatherService$1.handleMessage:7
05-19 15:22:00.077 463 491 I RIL : ---> enter mainloop wait at port
05-19 15:22:00.077 463 491 D RIL-DEV : Get modem info
05-19 15:22:00.077 463 491 D RIL-DEV : [05-19_15:22:00:078] idVendor = 0bda
05-19 15:22:00.077 463 491 D RIL-DEV :
05-19 15:22:00.078 463 491 D RIL-DEV : [05-19_15:22:00:078] idVendor = 05e3
05-19 15:22:00.078 463 491 D RIL-DEV :
05-19 15:22:00.078 463 491 D RIL-DEV : [05-19_15:22:00:079] idVendor = 1d6b
05-19 15:22:00.078 463 491 D RIL-DEV :
05-19 15:22:00.078 463 491 D RIL-DEV : [05-19_15:22:00:079] idVendor = 1d6b
05-19 15:22:00.078 463 491 D RIL-DEV :
05-19 15:22:00.079 463 491 D RIL-DEV : [05-19_15:22:00:080] idVendor = 0bda
05-19 15:22:00.079 463 491 D RIL-DEV :
05-19 15:22:00.080 463 491 D RIL-DEV : [05-19_15:22:00:080] idVendor = 1d6b
05-19 15:22:00.080 463 491 D RIL-DEV :
05-19 15:22:00.080 463 491 D RIL-DEV : [05-19_15:22:00:081] idVendor = 2109
05-19 15:22:00.080 463 491 D RIL-DEV :
05-19 15:22:00.081 463 491 D RIL-DEV : [05-19_15:22:00:081] idVendor = 2109
05-19 15:22:00.081 463 491 D RIL-DEV :
05-19 15:22:00.081 463 491 D RIL-DEV : [05-19_15:22:00:081] idVendor = 1d6b
05-19 15:22:00.081 463 491 D RIL-DEV :
05-19 15:22:00.081 463 491 D RIL-DEV : [05-19_15:22:00:082] idVendor = 0bda
05-19 15:22:00.081 463 491 D RIL-DEV :
05-19 15:22:00.081 463 491 D RIL-DEV : [05-19_15:22:00:082] idVendor = 2109
05-19 15:22:00.081 463 491 D RIL-DEV :
05-19 15:22:00.082 463 491 E RIL-DEV : Cannot find Meig devices
05-19 15:22:00.082 463 491 I RIL : ---> can't find meig usb devices
05-21 15:52:35.810 29262 29262 I : read descriptors
05-21 15:52:35.810 29262 29262 I : read strings
05-21 15:52:35.812 1 1 I init : processing action (sys.usb.config=adb && sys.usb.configfs=1 && sys.usb.ffs.ready=1) from (/system/etc/init/hw/init.usb.configfs.rc:20)
05-21 15:52:35.816 1 1 I init : Command 'symlink /config/usb_gadget/g1/functions/ffs.adb /config/usb_gadget/g1/configs/b.1/f1' action=sys.usb.config=adb && sys.usb.configfs=1 && sys.usb.ffs.ready=1 (/system/etc/init/hw/init.usb.configfs.rc:22) took 0ms and failed: symlink() failed: File exists
05-21 15:52:35.817 1 1 I init : Command 'write /config/usb_gadget/g1/UDC ${sys.usb.controller}' action=sys.usb.config=adb && sys.usb.configfs=1 && sys.usb.ffs.ready=1 (/system/etc/init/hw/init.usb.configfs.rc:23) took 0ms and failed: Unable to write to file '/config/usb_gadget/g1/UDC': Unable to write file contents: Device or resource busy
05-19 15:22:01.002 1272 1272 W ContextImpl: Calling a method in the system process without a qualified user: android.app.ContextImpl.sendBroadcast:1181 android.content.ContextWrapper.sendBroadcast:479 cn.eben.newweather.DateWeatherService.a:19 cn.eben.newweather.DateWeatherService.a:0 cn.eben.newweather.DateWeatherService$1.handleMessage:7
05-21 15:52:36.883 29262 29262 I : read descriptors
05-21 15:52:36.884 29262 29262 I : read strings
05-21 15:52:36.885 1 1 I init : processing action (sys.usb.config=adb && sys.usb.configfs=1 && sys.usb.ffs.ready=1) from (/system/etc/init/hw/init.usb.configfs.rc:20)
05-19 15:22:02.003 1272 1272 W ContextImpl: Calling a method in the system process without a qualified user: android.app.ContextImpl.sendBroadcast:1181 android.content.ContextWrapper.sendBroadcast:479 cn.eben.newweather.DateWeatherService.a:19 cn.eben.newweather.DateWeatherService.a:0 cn.eben.newweather.DateWeatherService$1.handleMessage:7
05-19 15:22:02.082 463 491 I RIL : ---> enter mainloop wait at port
05-19 15:22:02.082 463 491 D RIL-DEV : Get modem info
05-19 15:22:02.083 463 491 D RIL-DEV : [05-19_15:22:02:083] idVendor = 0bda
05-19 15:22:02.083 463 491 D RIL-DEV :
05-19 15:22:02.083 463 491 D RIL-DEV : [05-19_15:22:02:084] idVendor = 05e3
05-19 15:22:02.083 463 491 D RIL-DEV :
05-19 15:22:02.084 463 491 D RIL-DEV : [05-19_15:22:02:084] idVendor = 1d6b
05-19 15:22:02.084 463 491 D RIL-DEV :
05-19 15:22:02.084 463 491 D RIL-DEV : [05-19_15:22:02:084] idVendor = 1d6b
05-19 15:22:02.084 463 491 D RIL-DEV :
05-19 15:22:02.084 463 491 D RIL-DEV : [05-19_15:22:02:085] idVendor = 0bda
05-19 15:22:02.084 463 491 D RIL-DEV :
05-19 15:22:02.085 463 491 D RIL-DEV : [05-19_15:22:02:085] idVendor = 1d6b
05-19 15:22:02.085 463 491 D RIL-DEV :
05-19 15:22:02.085 463 491 D RIL-DEV : [05-19_15:22:02:085] idVendor = 2109
05-19 15:22:02.085 463 491 D RIL-DEV :
05-19 15:22:02.085 463 491 D RIL-DEV : [05-19_15:22:02:086] idVendor = 2109
05-19 15:22:02.085 463 491 D RIL-DEV :
05-19 15:22:02.086 463 491 D RIL-DEV : [05-19_15:22:02:086] idVendor = 1d6b
05-19 15:22:02.086 463 491 D RIL-DEV :
05-19 15:22:02.086 463 491 D RIL-DEV : [05-19_15:22:02:087] idVendor = 0bda
05-19 15:22:02.086 463 491 D RIL-DEV :
05-19 15:22:02.086 463 491 D RIL-DEV : [05-19_15:22:02:087] idVendor = 2109
05-19 15:22:02.086 463 491 D RIL-DEV :
05-19 15:22:02.087 463 491 E RIL-DEV : Cannot find Meig devices
05-19 15:22:02.087 463 491 I RIL : ---> can't find meig usb devices
05-19 15:22:02.176 627 627 I notification_enqueue: [10098,25952,com.baidu.appsearch,2131755453,NULL,0,Notification(channel=手机管理、安全检测相关通知 shortcut=null contentView=null vibrate=null sound=null defaults=0x0 flags=0x62 color=0x00000000 vis=PRIVATE),1]
05-21 15:52:37.943 29262 29262 I : read descriptors
05-21 15:52:37.943 29262 29262 I : read strings
05-19 15:22:03.002 1272 1272 W ContextImpl: Calling a method in the system process without a qualified user: android.app.ContextImpl.sendBroadcast:1181 android.content.ContextWrapper.sendBroadcast:479 cn.eben.newweather.DateWeatherService.a:19 cn.eben.newweather.DateWeatherService.a:0 cn.eben.newweather.DateWeatherService$1.handleMessage:7
05-21 15:52:38.997 29262 29262 I : read descriptors
05-21 15:52:38.997 29262 29262 I : read strings
05-21 15:52:38.999 1 1 I init : processing action (sys.usb.config=adb && sys.usb.configfs=1 && sys.usb.ffs.ready=1) from (/system/etc/init/hw/init.usb.configfs.rc:20)
05-21 15:52:39.003 1 1 I init : Command 'symlink /config/usb_gadget/g1/functions/ffs.adb /config/usb_gadget/g1/configs/b.1/f1' action=sys.usb.config=adb && sys.usb.configfs=1 && sys.usb.ffs.ready=1 (/system/etc/init/hw/init.usb.configfs.rc:22) took 2ms and failed: symlink() failed: File exists
05-21 15:52:39.004 1 1 I init : Command 'write /config/usb_gadget/g1/UDC ${sys.usb.controller}' action=sys.usb.config=adb && sys.usb.configfs=1 && sys.usb.ffs.ready=1 (/system/etc/init/hw/init.usb.configfs.rc:23) took 0ms and failed: Unable to write to file '/config/usb_gadget/g1/UDC': Unable to write file contents: Device or resource busy
05-19 15:22:03.760 627 9940 W ContentProviderHelper: Permission Denial: opening provider com.android.providers.contacts.ContactsProvider2 from ProcessRecord{552b742 1631:cn.eben.sync/u0a63} (pid=1631, uid=10063) requires android.permission.READ_CONTACTS or android.permission.WRITE_CONTACTS
05-19 15:22:04.001 1272 1272 W ContextImpl: Calling a method in the system process without a qualified user: android.app.ContextImpl.sendBroadcast:1181 android.content.ContextWrapper.sendBroadcast:479 cn.eben.newweather.DateWeatherService.a:19 cn.eben.newweather.DateWeatherService.a:0 cn.eben.newweather.DateWeatherService$1.handleMessage:7
05-19 15:22:04.087 463 491 I RIL : ---> enter mainloop wait at port
05-19 15:22:04.087 463 491 D RIL-DEV : Get modem info
05-19 15:22:04.087 463 491 D RIL-DEV : [05-19_15:22:04:088] idVendor = 0bda
05-19 15:22:04.087 463 491 D RIL-DEV :
05-19 15:22:04.087 463 491 D RIL-DEV : [05-19_15:22:04:088] idVendor = 05e3
05-19 15:22:04.087 463 491 D RIL-DEV :
05-19 15:22:04.088 463 491 D RIL-DEV : [05-19_15:22:04:088] idVendor = 1d6b
05-19 15:22:04.088 463 491 D RIL-DEV :
05-19 15:22:04.088 463 491 D RIL-DEV : [05-19_15:22:04:088] idVendor = 1d6b
05-19 15:22:04.088 463 491 D RIL-DEV :
05-19 15:22:04.088 463 491 D RIL-DEV : [05-19_15:22:04:088] idVendor = 0bda
05-19 15:22:04.088 463 491 D RIL-DEV :
05-19 15:22:04.088 463 491 D RIL-DEV : [05-19_15:22:04:088] idVendor = 1d6b
05-19 15:22:04.088 463 491 D RIL-DEV :
05-19 15:22:04.088 463 491 D RIL-DEV : [05-19_15:22:04:088] idVendor = 2109
05-19 15:22:04.088 463 491 D RIL-DEV :
05-19 15:22:04.088 463 491 D RIL-DEV : [05-19_15:22:04:088] idVendor = 2109
05-19 15:22:04.088 463 491 D RIL-DEV :
05-19 15:22:04.088 463 491 D RIL-DEV : [05-19_15:22:04:088] idVendor = 1d6b
05-19 15:22:04.088 463 491 D RIL-DEV :
05-19 15:22:04.088 463 491 D RIL-DEV : [05-19_15:22:04:089] idVendor = 0bda
05-19 15:22:04.088 463 491 D RIL-DEV :
05-19 15:22:04.088 463 491 D RIL-DEV : [05-19_15:22:04:089] idVendor = 2109
05-19 15:22:04.088 463 491 D RIL-DEV :
05-19 15:22:04.088 463 491 E RIL-DEV : Cannot find Meig devices
05-19 15:22:04.088 463 491 I RIL : ---> can't find meig usb devices
05-21 15:52:40.053 29262 29262 I : read descriptors
05-21 15:52:40.054 29262 29262 I : read strings
05-21 15:52:40.055 1 1 I init : processing action (sys.usb.config=adb && sys.usb.configfs=1 && sys.usb.ffs.ready=1) from (/system/etc/init/hw/init.usb.configfs.rc:20)
05-21 15:52:40.058 1 1 I init : Command 'symlink /config/usb_gadget/g1/functions/ffs.adb /config/usb_gadget/g1/configs/b.1/f1' action=sys.usb.config=adb && sys.usb.configfs=1 && sys.usb.ffs.ready=1 (/system/etc/init/hw/init.usb.configfs.rc:22) took 0ms and failed: symlink() failed: File exists
05-21 15:52:40.063 1 1 I init : Command 'write /config/usb_gadget/g1/UDC ${sys.usb.controller}' action=sys.usb.config=adb && sys.usb.configfs=1 && sys.usb.ffs.ready=1 (/system/etc/init/hw/init.usb.configfs.rc:23) took 4ms and failed: Unable to write to file '/config/usb_gadget/g1/UDC': Unable to write file contents: Device or resource busy
05-19 15:22:05.001 1272 1272 W ContextImpl: Calling a method in the system process without a qualified user: android.app.ContextImpl.sendBroadcast:1181 android.content.ContextWrapper.sendBroadcast:479 cn.eben.newweather.DateWeatherService.a:19 cn.eben.newweather.DateWeatherService.a:0 cn.eben.newweather.DateWeatherService$1.handleMessage:7
05-21 15:52:41.117 29262 29262 I : read descriptors
05-21 15:52:41.117 29262 29262 I : read strings
