05-19 15:08:32.640 4618 4618 I wm_on_start_called: [175977345,com.android.internal.app.ResolverActivity,handleStartActivity]
05-19 15:08:32.640 4618 4618 I wm_on_resume_called: [175977345,com.android.internal.app.ResolverActivity,RESUME_ACTIVITY]
05-19 15:08:32.643 4618 4618 I wm_on_top_resumed_gained_called: [175977345,com.android.internal.app.ResolverActivity,topStateChangedWhenResumed]
05-19 15:08:32.661 627 648 I input_focus: [Focus request 647698 android/com.android.internal.app.ResolverActivity,reason=UpdateInputWindows]
05-19 15:08:32.684 627 644 I sysui_multi_action: [319,146,322,145,325,80790,757,761,758,8,759,2,806,android,871,com.android.internal.app.ResolverActivity,904,com.ebensz.filemanager,905,0,1320,12,1321,1]
05-19 15:08:32.685 627 644 I wm_activity_launch_time: [0,175977345,android/com.android.internal.app.ResolverActivity,145]
05-19 15:08:32.689 627 710 I input_focus: [Focus leaving adc83cf com.ebensz.filemanager/com.ebensz.filemanager.activity.HomeActivity (server),reason=Waiting for window because NOT_VISIBLE]
05-19 15:08:32.706 627 710 I input_focus: [Focus entering 647698 android/com.android.internal.app.ResolverActivity (server),reason=Window became focusable. Previous reason: NOT_VISIBLE]
05-19 15:08:32.776 627 652 I am_pss : [6488,99002,com.android.webview:sandboxed_process0:org.chromium.content.app.SandboxedProcessService0:0,35299328,9457664,0,135733248,0,4,9]
05-21 15:34:01.015 29262 29262 I : read descriptors
05-21 15:34:01.015 29262 29262 I : read strings
05-21 15:34:01.016 1 1 I init : processing action (sys.usb.config=adb && sys.usb.configfs=1 && sys.usb.ffs.ready=1) from (/system/etc/init/hw/init.usb.configfs.rc:20)
05-21 15:34:01.017 1 1 I init : Command 'symlink /config/usb_gadget/g1/functions/ffs.adb /config/usb_gadget/g1/configs/b.1/f1' action=sys.usb.config=adb && sys.usb.configfs=1 && sys.usb.ffs.ready=1 (/system/etc/init/hw/init.usb.configfs.rc:22) took 0ms and failed: symlink() failed: File exists
05-21 15:34:01.018 1 1 I init : Command 'write /config/usb_gadget/g1/UDC ${sys.usb.controller}' action=sys.usb.config=adb && sys.usb.configfs=1 && sys.usb.ffs.ready=1 (/system/etc/init/hw/init.usb.configfs.rc:23) took 0ms and failed: Unable to write to file '/config/usb_gadget/g1/UDC': Unable to write file contents: Device or resource busy
05-21 15:34:02.055 29262 29262 I : read descriptors
05-21 15:34:02.055 29262 29262 I : read strings
05-21 15:34:02.057 1 1 I init : processing action (sys.usb.config=adb && sys.usb.configfs=1 && sys.usb.ffs.ready=1) from (/system/etc/init/hw/init.usb.configfs.rc:20)
05-21 15:34:03.102 29262 29262 I : read descriptors
05-21 15:34:03.102 29262 29262 I : read strings
05-21 15:34:04.145 29262 29262 I : read descriptors
05-21 15:34:04.145 29262 29262 I : read strings
05-21 15:34:04.147 1 1 I init : processing action (sys.usb.config=adb && sys.usb.configfs=1 && sys.usb.ffs.ready=1) from (/system/etc/init/hw/init.usb.configfs.rc:20)
05-21 15:34:04.150 1 1 I init : Command 'symlink /config/usb_gadget/g1/functions/ffs.adb /config/usb_gadget/g1/configs/b.1/f1' action=sys.usb.config=adb && sys.usb.configfs=1 && sys.usb.ffs.ready=1 (/system/etc/init/hw/init.usb.configfs.rc:22) took 0ms and failed: symlink() failed: File exists
05-21 15:34:04.151 1 1 I init : Command 'write /config/usb_gadget/g1/UDC ${sys.usb.controller}' action=sys.usb.config=adb && sys.usb.configfs=1 && sys.usb.ffs.ready=1 (/system/etc/init/hw/init.usb.configfs.rc:23) took 0ms and failed: Unable to write to file '/config/usb_gadget/g1/UDC': Unable to write file contents: Device or resource busy
05-21 15:34:05.192 29262 29262 I : read descriptors
05-21 15:34:05.192 29262 29262 I : read strings
05-21 15:34:05.194 1 1 I init : processing action (sys.usb.config=adb && sys.usb.configfs=1 && sys.usb.ffs.ready=1) from (/system/etc/init/hw/init.usb.configfs.rc:20)
05-21 15:34:05.196 1 1 I init : Command 'symlink /config/usb_gadget/g1/functions/ffs.adb /config/usb_gadget/g1/configs/b.1/f1' action=sys.usb.config=adb && sys.usb.configfs=1 && sys.usb.ffs.ready=1 (/system/etc/init/hw/init.usb.configfs.rc:22) took 0ms and failed: symlink() failed: File exists
05-21 15:34:05.196 1 1 I init : Command 'write /config/usb_gadget/g1/UDC ${sys.usb.controller}' action=sys.usb.config=adb && sys.usb.configfs=1 && sys.usb.ffs.ready=1 (/system/etc/init/hw/init.usb.configfs.rc:23) took 0ms and failed: Unable to write to file '/config/usb_gadget/g1/UDC': Unable to write file contents: Device or resource busy
05-21 15:34:06.245 29262 29262 I : read descriptors
05-21 15:34:06.245 29262 29262 I : read strings
05-21 15:34:06.247 1 1 I init : processing action (sys.usb.config=adb && sys.usb.configfs=1 && sys.usb.ffs.ready=1) from (/system/etc/init/hw/init.usb.configfs.rc:20)
05-21 15:34:06.250 1 1 I init : Command 'symlink /config/usb_gadget/g1/functions/ffs.adb /config/usb_gadget/g1/configs/b.1/f1' action=sys.usb.config=adb && sys.usb.configfs=1 && sys.usb.ffs.ready=1 (/system/etc/init/hw/init.usb.configfs.rc:22) took 0ms and failed: symlink() failed: File exists
05-21 15:34:06.254 1 1 I init : Command 'write /config/usb_gadget/g1/UDC ${sys.usb.controller}' action=sys.usb.config=adb && sys.usb.configfs=1 && sys.usb.ffs.ready=1 (/system/etc/init/hw/init.usb.configfs.rc:23) took 1ms and failed: Unable to write to file '/config/usb_gadget/g1/UDC': Unable to write file contents: Device or resource busy
05-21 15:34:07.292 29262 29262 I : read descriptors
05-21 15:34:07.292 29262 29262 I : read strings
05-21 15:34:07.295 1 1 I init : processing action (sys.usb.config=adb && sys.usb.configfs=1 && sys.usb.ffs.ready=1) from (/system/etc/init/hw/init.usb.configfs.rc:20)
05-21 15:34:08.342 29262 29262 I : read descriptors
05-21 15:34:08.342 29262 29262 I : read strings
05-21 15:34:09.412 29262 29262 I : read descriptors
05-21 15:34:09.412 29262 29262 I : read strings
05-21 15:34:09.413 1 1 I init : processing action (sys.usb.config=adb && sys.usb.configfs=1 && sys.usb.ffs.ready=1) from (/system/etc/init/hw/init.usb.configfs.rc:20)
05-21 15:34:09.416 1 1 I init : Command 'symlink /config/usb_gadget/g1/functions/ffs.adb /config/usb_gadget/g1/configs/b.1/f1' action=sys.usb.config=adb && sys.usb.configfs=1 && sys.usb.ffs.ready=1 (/system/etc/init/hw/init.usb.configfs.rc:22) took 0ms and failed: symlink() failed: File exists
05-21 15:34:09.416 1 1 I init : Command 'write /config/usb_gadget/g1/UDC ${sys.usb.controller}' action=sys.usb.config=adb && sys.usb.configfs=1 && sys.usb.ffs.ready=1 (/system/etc/init/hw/init.usb.configfs.rc:23) took 0ms and failed: Unable to write to file '/config/usb_gadget/g1/UDC': Unable to write file contents: Device or resource busy
05-21 15:34:10.458 29262 29262 I : read descriptors
05-21 15:34:10.458 29262 29262 I : read strings
05-21 15:34:10.460 1 1 I init : processing action (sys.usb.config=adb && sys.usb.configfs=1 && sys.usb.ffs.ready=1) from (/system/etc/init/hw/init.usb.configfs.rc:20)
05-21 15:34:10.464 1 1 I init : Command 'symlink /config/usb_gadget/g1/functions/ffs.adb /config/usb_gadget/g1/configs/b.1/f1' action=sys.usb.config=adb && sys.usb.configfs=1 && sys.usb.ffs.ready=1 (/system/etc/init/hw/init.usb.configfs.rc:22) took 0ms and failed: symlink() failed: File exists
05-21 15:34:10.466 1 1 I init : Command 'write /config/usb_gadget/g1/UDC ${sys.usb.controller}' action=sys.usb.config=adb && sys.usb.configfs=1 && sys.usb.ffs.ready=1 (/system/etc/init/hw/init.usb.configfs.rc:23) took 1ms and failed: Unable to write to file '/config/usb_gadget/g1/UDC': Unable to write file contents: Device or resource busy
05-19 15:08:43.021 627 652 I am_pss : [4618,1000,system:ui,18569216,11526144,0,112705536,0,2,14]
05-21 15:34:11.518 29262 29262 I : read descriptors
05-21 15:34:11.519 29262 29262 I : read strings
05-21 15:34:11.520 1 1 I init : processing action (sys.usb.config=adb && sys.usb.configfs=1 && sys.usb.ffs.ready=1) from (/system/etc/init/hw/init.usb.configfs.rc:20)
05-21 15:34:11.522 1 1 I init : Command 'symlink /config/usb_gadget/g1/functions/ffs.adb /config/usb_gadget/g1/configs/b.1/f1' action=sys.usb.config=adb && sys.usb.configfs=1 && sys.usb.ffs.ready=1 (/system/etc/init/hw/init.usb.configfs.rc:22) took 0ms and failed: symlink() failed: File exists
05-21 15:34:11.523 1 1 I init : Command 'write /config/usb_gadget/g1/UDC ${sys.usb.controller}' action=sys.usb.config=adb && sys.usb.configfs=1 && sys.usb.ffs.ready=1 (/system/etc/init/hw/init.usb.configfs.rc:23) took 0ms and failed: Unable to write to file '/config/usb_gadget/g1/UDC': Unable to write file contents: Device or resource busy
05-21 15:34:12.334 440 440 W healthd : battery l=100 v=8698 t=27.5 h=1 st=3 c=0 fc=9700000 cc=0 chg=u
05-21 15:34:12.562 29262 29262 I : read descriptors
05-21 15:34:12.562 29262 29262 I : read strings
05-21 15:34:12.563 1 1 I init : processing action (sys.usb.config=adb && sys.usb.configfs=1 && sys.usb.ffs.ready=1) from (/system/etc/init/hw/init.usb.configfs.rc:20)
05-21 15:34:13.602 29262 29262 I : read descriptors
05-21 15:34:13.602 29262 29262 I : read strings
05-21 15:34:14.662 29262 29262 I : read descriptors
05-21 15:34:14.662 29262 29262 I : read strings
05-21 15:34:14.663 1 1 I init : processing action (sys.usb.config=adb && sys.usb.configfs=1 && sys.usb.ffs.ready=1) from (/system/etc/init/hw/init.usb.configfs.rc:20)
05-21 15:34:14.665 1 1 I init : Command 'symlink /config/usb_gadget/g1/functions/ffs.adb /config/usb_gadget/g1/configs/b.1/f1' action=sys.usb.config=adb && sys.usb.configfs=1 && sys.usb.ffs.ready=1 (/system/etc/init/hw/init.usb.configfs.rc:22) took 0ms and failed: symlink() failed: File exists
05-21 15:34:14.666 1 1 I init : Command 'write /config/usb_gadget/g1/UDC ${sys.usb.controller}' action=sys.usb.config=adb && sys.usb.configfs=1 && sys.usb.ffs.ready=1 (/system/etc/init/hw/init.usb.configfs.rc:23) took 0ms and failed: Unable to write to file '/config/usb_gadget/g1/UDC': Unable to write file contents: Device or resource busy
05-21 15:34:15.705 29262 29262 I : read descriptors
05-21 15:34:15.705 29262 29262 I : read strings
05-21 15:34:15.707 1 1 I init : processing action (sys.usb.config=adb && sys.usb.configfs=1 && sys.usb.ffs.ready=1) from (/system/etc/init/hw/init.usb.configfs.rc:20)
05-21 15:34:15.709 1 1 I init : Command 'symlink /config/usb_gadget/g1/functions/ffs.adb /config/usb_gadget/g1/configs/b.1/f1' action=sys.usb.config=adb && sys.usb.configfs=1 && sys.usb.ffs.ready=1 (/system/etc/init/hw/init.usb.configfs.rc:22) took 0ms and failed: symlink() failed: File exists
05-21 15:34:15.709 1 1 I init : Command 'write /config/usb_gadget/g1/UDC ${sys.usb.controller}' action=sys.usb.config=adb && sys.usb.configfs=1 && sys.usb.ffs.ready=1 (/system/etc/init/hw/init.usb.configfs.rc:23) took 0ms and failed: Unable to write to file '/config/usb_gadget/g1/UDC': Unable to write file contents: Device or resource busy
05-21 15:34:16.752 29262 29262 I : read descriptors
05-21 15:34:16.752 29262 29262 I : read strings
05-21 15:34:16.753 1 1 I init : processing action (sys.usb.config=adb && sys.usb.configfs=1 && sys.usb.ffs.ready=1) from (/system/etc/init/hw/init.usb.configfs.rc:20)
05-21 15:34:16.755 1 1 I init : Command 'symlink /config/usb_gadget/g1/functions/ffs.adb /config/usb_gadget/g1/configs/b.1/f1' action=sys.usb.config=adb && sys.usb.configfs=1 && sys.usb.ffs.ready=1 (/system/etc/init/hw/init.usb.configfs.rc:22) took 0ms and failed: symlink() failed: File exists
05-21 15:34:16.756 1 1 I init : Command 'write /config/usb_gadget/g1/UDC ${sys.usb.controller}' action=sys.usb.config=adb && sys.usb.configfs=1 && sys.usb.ffs.ready=1 (/system/etc/init/hw/init.usb.configfs.rc:23) took 0ms and failed: Unable to write to file '/config/usb_gadget/g1/UDC': Unable to write file contents: Device or resource busy
05-21 15:34:17.795 29262 29262 I : read descriptors
05-21 15:34:17.795 29262 29262 I : read strings
05-21 15:34:17.797 1 1 I init : processing action (sys.usb.config=adb && sys.usb.configfs=1 && sys.usb.ffs.ready=1) from (/system/etc/init/hw/init.usb.configfs.rc:20)
05-21 15:34:18.845 29262 29262 I : read descriptors
05-21 15:34:18.845 29262 29262 I : read strings
05-21 15:34:19.892 29262 29262 I : read descriptors
05-21 15:34:19.892 29262 29262 I : read strings
05-21 15:34:19.893 1 1 I init : processing action (sys.usb.config=adb && sys.usb.configfs=1 && sys.usb.ffs.ready=1) from (/system/etc/init/hw/init.usb.configfs.rc:20)
05-21 15:34:19.896 1 1 I init : Command 'symlink /config/usb_gadget/g1/functions/ffs.adb /config/usb_gadget/g1/configs/b.1/f1' action=sys.usb.config=adb && sys.usb.configfs=1 && sys.usb.ffs.ready=1 (/system/etc/init/hw/init.usb.configfs.rc:22) took 0ms and failed: symlink() failed: File exists
05-21 15:34:19.897 1 1 I init : Command 'write /config/usb_gadget/g1/UDC ${sys.usb.controller}' action=sys.usb.config=adb && sys.usb.configfs=1 && sys.usb.ffs.ready=1 (/system/etc/init/hw/init.usb.configfs.rc:23) took 0ms and failed: Unable to write to file '/config/usb_gadget/g1/UDC': Unable to write file contents: Device or resource busy
05-21 15:34:20.935 29262 29262 I : read descriptors
05-21 15:34:20.935 29262 29262 I : read strings
05-21 15:34:20.937 1 1 I init : processing action (sys.usb.config=adb && sys.usb.configfs=1 && sys.usb.ffs.ready=1) from (/system/etc/init/hw/init.usb.configfs.rc:20)
05-21 15:34:20.941 1 1 I init : Command 'symlink /config/usb_gadget/g1/functions/ffs.adb /config/usb_gadget/g1/configs/b.1/f1' action=sys.usb.config=adb && sys.usb.configfs=1 && sys.usb.ffs.ready=1 (/system/etc/init/hw/init.usb.configfs.rc:22) took 2ms and failed: symlink() failed: File exists
05-21 15:34:20.942 1 1 I init : Command 'write /config/usb_gadget/g1/UDC ${sys.usb.controller}' action=sys.usb.config=adb && sys.usb.configfs=1 && sys.usb.ffs.ready=1 (/system/etc/init/hw/init.usb.configfs.rc:23) took 0ms and failed: Unable to write to file '/config/usb_gadget/g1/UDC': Unable to write file contents: Device or resource busy
05-19 15:08:53.049 627 652 I am_pss : [4618,1000,system:ui,18569216,11526144,0,112705536,0,2,14]
05-21 15:34:21.978 29262 29262 I : read descriptors
05-21 15:34:21.978 29262 29262 I : read strings
05-21 15:34:21.980 1 1 I init : processing action (sys.usb.config=adb && sys.usb.configfs=1 && sys.usb.ffs.ready=1) from (/system/etc/init/hw/init.usb.configfs.rc:20)
05-21 15:34:21.983 1 1 I init : Command 'symlink /config/usb_gadget/g1/functions/ffs.adb /config/usb_gadget/g1/configs/b.1/f1' action=sys.usb.config=adb && sys.usb.configfs=1 && sys.usb.ffs.ready=1 (/system/etc/init/hw/init.usb.configfs.rc:22) took 0ms and failed: symlink() failed: File exists
05-21 15:34:21.986 1 1 I init : Command 'write /config/usb_gadget/g1/UDC ${sys.usb.controller}' action=sys.usb.config=adb && sys.usb.configfs=1 && sys.usb.ffs.ready=1 (/system/etc/init/hw/init.usb.configfs.rc:23) took 3ms and failed: Unable to write to file '/config/usb_gadget/g1/UDC': Unable to write file contents: Device or resource busy
05-21 15:34:23.025 29262 29262 I : read descriptors
05-21 15:34:23.025 29262 29262 I : read strings
05-21 15:34:23.027 1 1 I init : processing action (sys.usb.config=adb && sys.usb.configfs=1 && sys.usb.ffs.ready=1) from (/system/etc/init/hw/init.usb.configfs.rc:20)
05-21 15:34:24.075 29262 29262 I : read descriptors
05-21 15:34:24.075 29262 29262 I : read strings
05-21 15:34:25.118 29262 29262 I : read descriptors
05-21 15:34:25.118 29262 29262 I : read strings
05-21 15:34:25.120 1 1 I init : processing action (sys.usb.config=adb && sys.usb.configfs=1 && sys.usb.ffs.ready=1) from (/system/etc/init/hw/init.usb.configfs.rc:20)
05-21 15:34:25.123 1 1 I init : Command 'symlink /config/usb_gadget/g1/functions/ffs.adb /config/usb_gadget/g1/configs/b.1/f1' action=sys.usb.config=adb && sys.usb.configfs=1 && sys.usb.ffs.ready=1 (/system/etc/init/hw/init.usb.configfs.rc:22) took 0ms and failed: symlink() failed: File exists
05-21 15:34:25.126 1 1 I init : Command 'write /config/usb_gadget/g1/UDC ${sys.usb.controller}' action=sys.usb.config=adb && sys.usb.configfs=1 && sys.usb.ffs.ready=1 (/system/etc/init/hw/init.usb.configfs.rc:23) took 3ms and failed: Unable to write to file '/config/usb_gadget/g1/UDC': Unable to write file contents: Device or resource busy
05-21 15:34:26.182 29262 29262 I : read descriptors
05-21 15:34:26.182 29262 29262 I : read strings
05-21 15:34:26.183 1 1 I init : processing action (sys.usb.config=adb && sys.usb.configfs=1 && sys.usb.ffs.ready=1) from (/system/etc/init/hw/init.usb.configfs.rc:20)
05-21 15:34:26.186 1 1 I init : Command 'symlink /config/usb_gadget/g1/functions/ffs.adb /config/usb_gadget/g1/configs/b.1/f1' action=sys.usb.config=adb && sys.usb.configfs=1 && sys.usb.ffs.ready=1 (/system/etc/init/hw/init.usb.configfs.rc:22) took 0ms and failed: symlink() failed: File exists
05-21 15:34:26.186 1 1 I init : Command 'write /config/usb_gadget/g1/UDC ${sys.usb.controller}' action=sys.usb.config=adb && sys.usb.configfs=1 && sys.usb.ffs.ready=1 (/system/etc/init/hw/init.usb.configfs.rc:23) took 0ms and failed: Unable to write to file '/config/usb_gadget/g1/UDC': Unable to write file contents: Device or resource busy
05-21 15:34:27.222 29262 29262 I : read descriptors
05-21 15:34:27.222 29262 29262 I : read strings
05-21 15:34:27.223 1 1 I init : processing action (sys.usb.config=adb && sys.usb.configfs=1 && sys.usb.ffs.ready=1) from (/system/etc/init/hw/init.usb.configfs.rc:20)
05-21 15:34:27.226 1 1 I init : Command 'symlink /config/usb_gadget/g1/functions/ffs.adb /config/usb_gadget/g1/configs/b.1/f1' action=sys.usb.config=adb && sys.usb.configfs=1 && sys.usb.ffs.ready=1 (/system/etc/init/hw/init.usb.configfs.rc:22) took 0ms and failed: symlink() failed: File exists
05-21 15:34:27.226 1 1 I init : Command 'write /config/usb_gadget/g1/UDC ${sys.usb.controller}' action=sys.usb.config=adb && sys.usb.configfs=1 && sys.usb.ffs.ready=1 (/system/etc/init/hw/init.usb.configfs.rc:23) took 0ms and failed: Unable to write to file '/config/usb_gadget/g1/UDC': Unable to write file contents: Device or resource busy
05-21 15:34:28.298 29262 29262 I : read descriptors
05-21 15:34:28.298 29262 29262 I : read strings
05-21 15:34:28.301 1 1 I init : processing action (sys.usb.config=adb && sys.usb.configfs=1 && sys.usb.ffs.ready=1) from (/system/etc/init/hw/init.usb.configfs.rc:20)
05-21 15:34:29.345 29262 29262 I : read descriptors
05-21 15:34:29.345 29262 29262 I : read strings
05-21 15:34:30.395 29262 29262 I : read descriptors
05-21 15:34:30.395 29262 29262 I : read strings
05-21 15:34:30.397 1 1 I init : processing action (sys.usb.config=adb && sys.usb.configfs=1 && sys.usb.ffs.ready=1) from (/system/etc/init/hw/init.usb.configfs.rc:20)
05-21 15:34:30.400 1 1 I init : Command 'symlink /config/usb_gadget/g1/functions/ffs.adb /config/usb_gadget/g1/configs/b.1/f1' action=sys.usb.config=adb && sys.usb.configfs=1 && sys.usb.ffs.ready=1 (/system/etc/init/hw/init.usb.configfs.rc:22) took 0ms and failed: symlink() failed: File exists
05-21 15:34:30.401 1 1 I init : Command 'write /config/usb_gadget/g1/UDC ${sys.usb.controller}' action=sys.usb.config=adb && sys.usb.configfs=1 && sys.usb.ffs.ready=1 (/system/etc/init/hw/init.usb.configfs.rc:23) took 0ms and failed: Unable to write to file '/config/usb_gadget/g1/UDC': Unable to write file contents: Device or resource busy
05-21 15:34:31.458 29262 29262 I : read descriptors
05-21 15:34:31.458 29262 29262 I : read strings
05-21 15:34:31.460 1 1 I init : processing action (sys.usb.config=adb && sys.usb.configfs=1 && sys.usb.ffs.ready=1) from (/system/etc/init/hw/init.usb.configfs.rc:20)
05-21 15:34:31.463 1 1 I init : Command 'symlink /config/usb_gadget/g1/functions/ffs.adb /config/usb_gadget/g1/configs/b.1/f1' action=sys.usb.config=adb && sys.usb.configfs=1 && sys.usb.ffs.ready=1 (/system/etc/init/hw/init.usb.configfs.rc:22) took 0ms and failed: symlink() failed: File exists
05-21 15:34:31.464 1 1 I init : Command 'write /config/usb_gadget/g1/UDC ${sys.usb.controller}' action=sys.usb.config=adb && sys.usb.configfs=1 && sys.usb.ffs.ready=1 (/system/etc/init/hw/init.usb.configfs.rc:23) took 0ms and failed: Unable to write to file '/config/usb_gadget/g1/UDC': Unable to write file contents: Device or resource busy
05-21 15:34:32.502 29262 29262 I : read descriptors
05-21 15:34:32.502 29262 29262 I : read strings
05-21 15:34:32.503 1 1 I init : processing action (sys.usb.config=adb && sys.usb.configfs=1 && sys.usb.ffs.ready=1) from (/system/etc/init/hw/init.usb.configfs.rc:20)
05-21 15:34:32.505 1 1 I init : Command 'symlink /config/usb_gadget/g1/functions/ffs.adb /config/usb_gadget/g1/configs/b.1/f1' action=sys.usb.config=adb && sys.usb.configfs=1 && sys.usb.ffs.ready=1 (/system/etc/init/hw/init.usb.configfs.rc:22) took 0ms and failed: symlink() failed: File exists
05-21 15:34:32.506 1 1 I init : Command 'write /config/usb_gadget/g1/UDC ${sys.usb.controller}' action=sys.usb.config=adb && sys.usb.configfs=1 && sys.usb.ffs.ready=1 (/system/etc/init/hw/init.usb.configfs.rc:23) took 0ms and failed: Unable to write to file '/config/usb_gadget/g1/UDC': Unable to write file contents: Device or resource busy
05-21 15:34:33.538 29262 29262 I : read descriptors
05-21 15:34:33.538 29262 29262 I : read strings
05-21 15:34:33.540 1 1 I init : processing action (sys.usb.config=adb && sys.usb.configfs=1 && sys.usb.ffs.ready=1) from (/system/etc/init/hw/init.usb.configfs.rc:20)
05-21 15:34:34.585 29262 29262 I : read descriptors
05-21 15:34:34.585 29262 29262 I : read strings
05-21 15:34:35.645 29262 29262 I : read descriptors
05-21 15:34:35.645 29262 29262 I : read strings
05-21 15:34:35.647 1 1 I init : processing action (sys.usb.config=adb && sys.usb.configfs=1 && sys.usb.ffs.ready=1) from (/system/etc/init/hw/init.usb.configfs.rc:20)
05-21 15:34:35.649 1 1 I init : Command 'symlink /config/usb_gadget/g1/functions/ffs.adb /config/usb_gadget/g1/configs/b.1/f1' action=sys.usb.config=adb && sys.usb.configfs=1 && sys.usb.ffs.ready=1 (/system/etc/init/hw/init.usb.configfs.rc:22) took 0ms and failed: symlink() failed: File exists
05-21 15:34:35.651 1 1 I init : Command 'write /config/usb_gadget/g1/UDC ${sys.usb.controller}' action=sys.usb.config=adb && sys.usb.configfs=1 && sys.usb.ffs.ready=1 (/system/etc/init/hw/init.usb.configfs.rc:23) took 0ms and failed: Unable to write to file '/config/usb_gadget/g1/UDC': Unable to write file contents: Device or resource busy
05-21 15:34:36.702 29262 29262 I : read descriptors
05-21 15:34:36.702 29262 29262 I : read strings
05-21 15:34:36.704 1 1 I init : processing action (sys.usb.config=adb && sys.usb.configfs=1 && sys.usb.ffs.ready=1) from (/system/etc/init/hw/init.usb.configfs.rc:20)
05-21 15:34:36.706 1 1 I init : Command 'symlink /config/usb_gadget/g1/functions/ffs.adb /config/usb_gadget/g1/configs/b.1/f1' action=sys.usb.config=adb && sys.usb.configfs=1 && sys.usb.ffs.ready=1 (/system/etc/init/hw/init.usb.configfs.rc:22) took 0ms and failed: symlink() failed: File exists
05-21 15:34:36.706 1 1 I init : Command 'write /config/usb_gadget/g1/UDC ${sys.usb.controller}' action=sys.usb.config=adb && sys.usb.configfs=1 && sys.usb.ffs.ready=1 (/system/etc/init/hw/init.usb.configfs.rc:23) took 0ms and failed: Unable to write to file '/config/usb_gadget/g1/UDC': Unable to write file contents: Device or resource busy
05-21 15:34:37.768 29262 29262 I : read descriptors
05-21 15:34:37.768 29262 29262 I : read strings
05-21 15:34:37.770 1 1 I init : processing action (sys.usb.config=adb && sys.usb.configfs=1 && sys.usb.ffs.ready=1) from (/system/etc/init/hw/init.usb.configfs.rc:20)
05-21 15:34:37.774 1 1 I init : Command 'symlink /config/usb_gadget/g1/functions/ffs.adb /config/usb_gadget/g1/configs/b.1/f1' action=sys.usb.config=adb && sys.usb.configfs=1 && sys.usb.ffs.ready=1 (/system/etc/init/hw/init.usb.configfs.rc:22) took 1ms and failed: symlink() failed: File exists
05-21 15:34:37.775 1 1 I init : Command 'write /config/usb_gadget/g1/UDC ${sys.usb.controller}' action=sys.usb.config=adb && sys.usb.configfs=1 && sys.usb.ffs.ready=1 (/system/etc/init/hw/init.usb.configfs.rc:23) took 0ms and failed: Unable to write to file '/config/usb_gadget/g1/UDC': Unable to write file contents: Device or resource busy
05-21 15:34:38.838 29262 29262 I : read descriptors
05-21 15:34:38.838 29262 29262 I : read strings
05-21 15:34:38.841 1 1 I init : processing action (sys.usb.config=adb && sys.usb.configfs=1 && sys.usb.ffs.ready=1) from (/system/etc/init/hw/init.usb.configfs.rc:20)
05-21 15:34:39.892 29262 29262 I : read descriptors
05-21 15:34:39.892 29262 29262 I : read strings
05-21 15:34:40.948 29262 29262 I : read descriptors
05-21 15:34:40.949 29262 29262 I : read strings
05-21 15:34:40.951 1 1 I init : processing action (sys.usb.config=adb && sys.usb.configfs=1 && sys.usb.ffs.ready=1) from (/system/etc/init/hw/init.usb.configfs.rc:20)
05-21 15:34:40.953 1 1 I init : Command 'symlink /config/usb_gadget/g1/functions/ffs.adb /config/usb_gadget/g1/configs/b.1/f1' action=sys.usb.config=adb && sys.usb.configfs=1 && sys.usb.ffs.ready=1 (/system/etc/init/hw/init.usb.configfs.rc:22) took 0ms and failed: symlink() failed: File exists
05-21 15:34:40.953 1 1 I init : Command 'write /config/usb_gadget/g1/UDC ${sys.usb.controller}' action=sys.usb.config=adb && sys.usb.configfs=1 && sys.usb.ffs.ready=1 (/system/etc/init/hw/init.usb.configfs.rc:23) took 0ms and failed: Unable to write to file '/config/usb_gadget/g1/UDC': Unable to write file contents: Device or resource busy
05-21 15:34:42.005 29262 29262 I : read descriptors
05-21 15:34:42.005 29262 29262 I : read strings
05-21 15:34:42.008 1 1 I init : processing action (sys.usb.config=adb && sys.usb.configfs=1 && sys.usb.ffs.ready=1) from (/system/etc/init/hw/init.usb.configfs.rc:20)
05-21 15:34:42.009 1 1 I init : Command 'symlink /config/usb_gadget/g1/functions/ffs.adb /config/usb_gadget/g1/configs/b.1/f1' action=sys.usb.config=adb && sys.usb.configfs=1 && sys.usb.ffs.ready=1 (/system/etc/init/hw/init.usb.configfs.rc:22) took 0ms and failed: symlink() failed: File exists
05-21 15:34:42.010 1 1 I init : Command 'write /config/usb_gadget/g1/UDC ${sys.usb.controller}' action=sys.usb.config=adb && sys.usb.configfs=1 && sys.usb.ffs.ready=1 (/system/etc/init/hw/init.usb.configfs.rc:23) took 0ms and failed: Unable to write to file '/config/usb_gadget/g1/UDC': Unable to write file contents: Device or resource busy
05-19 15:09:13.898 627 710 I input_interaction: Interaction with: 2d9a650 StatusBar (server), PointerEventDispatcher0 (server),
05-19 15:09:13.904 781 781 I sysui_multi_action: [757,803,799,panel_open,802,1]
05-19 15:09:13.907 781 781 I sysui_multi_action: [757,1328,758,4,1326,99,1327,2,1329,0]
05-19 15:09:14.110 627 16029 I sysui_multi_action: [757,127,758,1]
05-19 15:09:14.110 627 16029 I sysui_multi_action: [757,804,799,note_load,801,8,802,1]
05-19 15:09:14.110 627 16029 I notification_panel_revealed: 8
05-19 15:09:14.146 627 648 I input_focus: [Focus request 12d1777 NotificationShade,reason=UpdateInputWindows]
05-19 15:09:14.175 627 710 I input_focus: [Focus leaving 647698 android/com.android.internal.app.ResolverActivity (server),reason=setFocusedWindow]
05-19 15:09:14.176 627 710 I input_focus: [Focus entering 12d1777 NotificationShade (server),reason=setFocusedWindow]
05-21 15:34:43.055 29262 29262 I : read descriptors
05-21 15:34:43.055 29262 29262 I : read strings
05-21 15:34:43.056 1 1 I init : processing action (sys.usb.config=adb && sys.usb.configfs=1 && sys.usb.ffs.ready=1) from (/system/etc/init/hw/init.usb.configfs.rc:20)
05-21 15:34:43.058 1 1 I init : Command 'symlink /config/usb_gadget/g1/functions/ffs.adb /config/usb_gadget/g1/configs/b.1/f1' action=sys.usb.config=adb && sys.usb.configfs=1 && sys.usb.ffs.ready=1 (/system/etc/init/hw/init.usb.configfs.rc:22) took 0ms and failed: symlink() failed: File exists
05-21 15:34:43.059 1 1 I init : Command 'write /config/usb_gadget/g1/UDC ${sys.usb.controller}' action=sys.usb.config=adb && sys.usb.configfs=1 && sys.usb.ffs.ready=1 (/system/etc/init/hw/init.usb.configfs.rc:23) took 0ms and failed: Unable to write to file '/config/usb_gadget/g1/UDC': Unable to write file contents: Device or resource busy
05-19 15:09:15.697 627 648 I input_focus: [Focus request 647698 android/com.android.internal.app.ResolverActivity,reason=UpdateInputWindows]
05-19 15:09:15.719 627 710 I input_focus: [Focus leaving 12d1777 NotificationShade (server),reason=setFocusedWindow]
05-19 15:09:15.719 627 710 I input_focus: [Focus entering 647698 android/com.android.internal.app.ResolverActivity (server),reason=setFocusedWindow]
05-19 15:09:15.749 627 16029 I sysui_multi_action: [757,127,758,2]
05-19 15:09:15.749 627 16029 I notification_panel_hidden:
05-21 15:34:44.101 29262 29262 I : read descriptors
05-21 15:34:44.102 29262 29262 I : read strings
05-21 15:34:44.102 1 1 I init : processing action (sys.usb.config=adb && sys.usb.configfs=1 && sys.usb.ffs.ready=1) from (/system/etc/init/hw/init.usb.configfs.rc:20)
05-19 15:09:15.950 781 781 I sysui_multi_action: [757,803,799,panel_open,802,1]
05-19 15:09:15.952 781 781 I sysui_multi_action: [757,1328,758,4,1326,98,1327,1,1329,0]
05-21 15:34:45.172 29262 29262 I : read descriptors
05-21 15:34:45.172 29262 29262 I : read strings
05-21 15:34:46.211 29262 29262 I : read descriptors
05-21 15:34:46.211 29262 29262 I : read strings
05-21 15:34:46.212 1 1 I init : processing action (sys.usb.config=adb && sys.usb.configfs=1 && sys.usb.ffs.ready=1) from (/system/etc/init/hw/init.usb.configfs.rc:20)
05-21 15:34:46.213 1 1 I init : Command 'symlink /config/usb_gadget/g1/functions/ffs.adb /config/usb_gadget/g1/configs/b.1/f1' action=sys.usb.config=adb && sys.usb.configfs=1 && sys.usb.ffs.ready=1 (/system/etc/init/hw/init.usb.configfs.rc:22) took 0ms and failed: symlink() failed: File exists
05-21 15:34:46.214 1 1 I init : Command 'write /config/usb_gadget/g1/UDC ${sys.usb.controller}' action=sys.usb.config=adb && sys.usb.configfs=1 && sys.usb.ffs.ready=1 (/system/etc/init/hw/init.usb.configfs.rc:23) took 0ms and failed: Unable to write to file '/config/usb_gadget/g1/UDC': Unable to write file contents: Device or resource busy
05-21 15:34:47.258 29262 29262 I : read descriptors
05-21 15:34:47.258 29262 29262 I : read strings
05-21 15:34:47.260 1 1 I init : processing action (sys.usb.config=adb && sys.usb.configfs=1 && sys.usb.ffs.ready=1) from (/system/etc/init/hw/init.usb.configfs.rc:20)
05-21 15:34:47.263 1 1 I init : Command 'symlink /config/usb_gadget/g1/functions/ffs.adb /config/usb_gadget/g1/configs/b.1/f1' action=sys.usb.config=adb && sys.usb.configfs=1 && sys.usb.ffs.ready=1 (/system/etc/init/hw/init.usb.configfs.rc:22) took 0ms and failed: symlink() failed: File exists
05-21 15:34:47.263 1 1 I init : Command 'write /config/usb_gadget/g1/UDC ${sys.usb.controller}' action=sys.usb.config=adb && sys.usb.configfs=1 && sys.usb.ffs.ready=1 (/system/etc/init/hw/init.usb.configfs.rc:23) took 0ms and failed: Unable to write to file '/config/usb_gadget/g1/UDC': Unable to write file contents: Device or resource busy
05-21 15:34:48.322 29262 29262 I : read descriptors
05-21 15:34:48.322 29262 29262 I : read strings
05-21 15:34:48.324 1 1 I init : processing action (sys.usb.config=adb && sys.usb.configfs=1 && sys.usb.ffs.ready=1) from (/system/etc/init/hw/init.usb.configfs.rc:20)
05-21 15:34:48.326 1 1 I init : Command 'symlink /config/usb_gadget/g1/functions/ffs.adb /config/usb_gadget/g1/configs/b.1/f1' action=sys.usb.config=adb && sys.usb.configfs=1 && sys.usb.ffs.ready=1 (/system/etc/init/hw/init.usb.configfs.rc:22) took 0ms and failed: symlink() failed: File exists
05-21 15:34:48.326 1 1 I init : Command 'write /config/usb_gadget/g1/UDC ${sys.usb.controller}' action=sys.usb.config=adb && sys.usb.configfs=1 && sys.usb.ffs.ready=1 (/system/etc/init/hw/init.usb.configfs.rc:23) took 0ms and failed: Unable to write to file '/config/usb_gadget/g1/UDC': Unable to write file contents: Device or resource busy
05-21 15:34:49.358 29262 29262 I : read descriptors
05-21 15:34:49.358 29262 29262 I : read strings
05-21 15:34:49.360 1 1 I init : processing action (sys.usb.config=adb && sys.usb.configfs=1 && sys.usb.ffs.ready=1) from (/system/etc/init/hw/init.usb.configfs.rc:20)
05-21 15:34:50.402 29262 29262 I : read descriptors
05-21 15:34:50.402 29262 29262 I : read strings
05-19 15:09:22.690 627 710 I input_interaction: Interaction with: 647698 android/com.android.internal.app.ResolverActivity (server), PointerEventDispatcher0 (server),
05-19 15:09:22.723 627 8957 I wm_finish_activity: [0,175977345,169,android/com.android.internal.app.ResolverActivity,app-request]
05-19 15:09:22.723 627 8957 I wm_task_moved: [126,1,16]
05-19 15:09:22.723 627 8957 I wm_task_to_front: [0,126]
05-19 15:09:22.727 627 8957 I wm_focused_root_task: [0,0,126,169,finish-top adjustFocusToNextFocusableTask]
05-19 15:09:22.747 627 8957 I wm_pause_activity: [0,175977345,android/com.android.internal.app.ResolverActivity,userLeaving=false,finish]
05-19 15:09:22.752 4618 4618 I wm_on_top_resumed_lost_called: [175977345,com.android.internal.app.ResolverActivity,topStateChangedWhenResumed]
05-19 15:09:22.753 627 648 I input_focus: [Focus request adc83cf com.ebensz.filemanager/com.ebensz.filemanager.activity.HomeActivity,reason=UpdateInputWindows]
05-19 15:09:22.763 4618 4618 I wm_on_paused_called: [175977345,com.android.internal.app.ResolverActivity,performPause]
05-19 15:09:22.766 627 16029 I wm_set_resumed_activity: [0,com.ebensz.filemanager/.activity.HomeActivity,resumeTopActivity]
05-19 15:09:22.767 627 16029 I wm_resume_activity: [0,45803994,126,com.ebensz.filemanager/.activity.HomeActivity]
05-19 15:09:22.779 627 710 I input_focus: [Focus leaving 647698 android/com.android.internal.app.ResolverActivity (server),reason=setFocusedWindow]
05-19 15:09:22.779 627 710 I input_focus: [Focus entering adc83cf com.ebensz.filemanager/com.ebensz.filemanager.activity.HomeActivity (server),reason=setFocusedWindow]
05-19 15:09:22.791 627 647 I dvm_lock_sample: [system_server,1,android.display,25,TaskChangeNotificationController.java,320,void com.android.server.wm.TaskChangeNotificationController.forAllRemoteListeners(com.android.server.wm.TaskChangeNotificationController$TaskStackConsumer, android.os.Message),,0,null,5]
05-19 15:09:22.792 627 647 I sysui_multi_action: [757,803,799,window_time_0,802,51]
05-19 15:09:22.842 2197 2197 I wm_on_resume_called: [45803994,com.ebensz.filemanager.activity.HomeActivity,RESUME_ACTIVITY]
05-19 15:09:22.842 2197 2197 I wm_on_top_resumed_gained_called: [45803994,com.ebensz.filemanager.activity.HomeActivity,topWhenResuming]
05-19 15:09:22.878 627 8957 I wm_destroy_activity: [0,175977345,169,android/com.android.internal.app.ResolverActivity,finish-idle]
05-19 15:09:22.918 627 702 I am_freeze: [1860,com.android.permissioncontroller]
05-19 15:09:22.921 4618 4618 I wm_on_stop_called: [175977345,com.android.internal.app.ResolverActivity,LIFECYCLER_STOP_ACTIVITY]
05-19 15:09:22.922 4618 4618 I wm_on_destroy_called: [175977345,com.android.internal.app.ResolverActivity,performDestroy]
05-19 15:09:22.925 627 18032 I wm_task_removed: [169,removeChild:removeChild last r=ActivityRecord{a7d3381 u0 android/com.android.internal.app.ResolverActivity t-1 f}} in t=Task{ac41e62 #169 type=standard I=android/com.android.internal.app.ResolverActivity U=0 visible=false visibleRequested=false mode=fullscreen translucent=true sz=0}]
05-19 15:09:22.925 627 18032 I wm_task_removed: [169,removeChild]
05-21 15:34:51.455 29262 29262 I : read descriptors
05-21 15:34:51.455 29262 29262 I : read strings
05-21 15:34:51.457 1 1 I init : processing action (sys.usb.config=adb && sys.usb.configfs=1 && sys.usb.ffs.ready=1) from (/system/etc/init/hw/init.usb.configfs.rc:20)
05-21 15:34:51.459 1 1 I init : Command 'symlink /config/usb_gadget/g1/functions/ffs.adb /config/usb_gadget/g1/configs/b.1/f1' action=sys.usb.config=adb && sys.usb.configfs=1 && sys.usb.ffs.ready=1 (/system/etc/init/hw/init.usb.configfs.rc:22) took 0ms and failed: symlink() failed: File exists
05-21 15:34:51.459 1 1 I init : Command 'write /config/usb_gadget/g1/UDC ${sys.usb.controller}' action=sys.usb.config=adb && sys.usb.configfs=1 && sys.usb.ffs.ready=1 (/system/etc/init/hw/init.usb.configfs.rc:23) took 0ms and failed: Unable to write to file '/config/usb_gadget/g1/UDC': Unable to write file contents: Device or resource busy
05-21 15:34:52.495 29262 29262 I : read descriptors
05-21 15:34:52.495 29262 29262 I : read strings
05-21 15:34:52.497 1 1 I init : processing action (sys.usb.config=adb && sys.usb.configfs=1 && sys.usb.ffs.ready=1) from (/system/etc/init/hw/init.usb.configfs.rc:20)
05-21 15:34:52.499 1 1 I init : Command 'symlink /config/usb_gadget/g1/functions/ffs.adb /config/usb_gadget/g1/configs/b.1/f1' action=sys.usb.config=adb && sys.usb.configfs=1 && sys.usb.ffs.ready=1 (/system/etc/init/hw/init.usb.configfs.rc:22) took 0ms and failed: symlink() failed: File exists
05-21 15:34:52.501 1 1 I init : Command 'write /config/usb_gadget/g1/UDC ${sys.usb.controller}' action=sys.usb.config=adb && sys.usb.configfs=1 && sys.usb.ffs.ready=1 (/system/etc/init/hw/init.usb.configfs.rc:23) took 0ms and failed: Unable to write to file '/config/usb_gadget/g1/UDC': Unable to write file contents: Device or resource busy
05-21 15:34:53.545 29262 29262 I : read descriptors
05-21 15:34:53.545 29262 29262 I : read strings
05-21 15:34:53.547 1 1 I init : processing action (sys.usb.config=adb && sys.usb.configfs=1 && sys.usb.ffs.ready=1) from (/system/etc/init/hw/init.usb.configfs.rc:20)
05-21 15:34:53.550 1 1 I init : Command 'symlink /config/usb_gadget/g1/functions/ffs.adb /config/usb_gadget/g1/configs/b.1/f1' action=sys.usb.config=adb && sys.usb.configfs=1 && sys.usb.ffs.ready=1 (/system/etc/init/hw/init.usb.configfs.rc:22) took 0ms and failed: symlink() failed: File exists
05-21 15:34:53.551 1 1 I init : Command 'write /config/usb_gadget/g1/UDC ${sys.usb.controller}' action=sys.usb.config=adb && sys.usb.configfs=1 && sys.usb.ffs.ready=1 (/system/etc/init/hw/init.usb.configfs.rc:23) took 0ms and failed: Unable to write to file '/config/usb_gadget/g1/UDC': Unable to write file contents: Device or resource busy
05-21 15:34:54.588 29262 29262 I : read descriptors
05-21 15:34:54.588 29262 29262 I : read strings
05-21 15:34:54.590 1 1 I init : processing action (sys.usb.config=adb && sys.usb.configfs=1 && sys.usb.ffs.ready=1) from (/system/etc/init/hw/init.usb.configfs.rc:20)
05-21 15:34:55.642 29262 29262 I : read descriptors
05-21 15:34:55.642 29262 29262 I : read strings
05-21 15:34:56.705 29262 29262 I : read descriptors
05-21 15:34:56.705 29262 29262 I : read strings
05-21 15:34:56.707 1 1 I init : processing action (sys.usb.config=adb && sys.usb.configfs=1 && sys.usb.ffs.ready=1) from (/system/etc/init/hw/init.usb.configfs.rc:20)
05-21 15:34:56.709 1 1 I init : Command 'symlink /config/usb_gadget/g1/functions/ffs.adb /config/usb_gadget/g1/configs/b.1/f1' action=sys.usb.config=adb && sys.usb.configfs=1 && sys.usb.ffs.ready=1 (/system/etc/init/hw/init.usb.configfs.rc:22) took 0ms and failed: symlink() failed: File exists
05-21 15:34:56.709 1 1 I init : Command 'write /config/usb_gadget/g1/UDC ${sys.usb.controller}' action=sys.usb.config=adb && sys.usb.configfs=1 && sys.usb.ffs.ready=1 (/system/etc/init/hw/init.usb.configfs.rc:23) took 0ms and failed: Unable to write to file '/config/usb_gadget/g1/UDC': Unable to write file contents: Device or resource busy
05-19 15:09:28.937 627 710 I input_interaction: Interaction with: d7a6ca1 NavigationBar0 (server), PointerEventDispatcher0 (server),
05-19 15:09:28.940 781 781 I sysui_multi_action: [757,931,758,4,759,4,932,0,933,0]
05-19 15:09:28.945 627 710 I input_interaction: Interaction with: adc83cf com.ebensz.filemanager/com.ebensz.filemanager.activity.HomeActivity (server), PointerEventDispatcher0 (server),
05-19 15:09:28.952 627 710 I input_interaction: Interaction with: d7a6ca1 NavigationBar0 (server), PointerEventDispatcher0 (server),
05-19 15:09:29.078 781 781 I sysui_multi_action: [757,931,758,4,759,4,932,0,933,1]
05-19 15:09:29.080 627 16029 I sysui_multi_action: [757,803,799,key_back_press,802,1]
05-19 15:09:29.094 627 18032 I wm_task_moved: [126,0,0]
05-19 15:09:29.099 627 18032 I wm_focused_root_task: [0,0,1,126,moveTaskToBackLocked]
05-19 15:09:29.100 2197 2197 I wm_on_top_resumed_lost_called: [45803994,com.ebensz.filemanager.activity.HomeActivity,topStateChangedWhenResumed]
05-19 15:09:29.101 627 18032 I wm_add_to_stopping: [0,45803994,com.ebensz.filemanager/.activity.HomeActivity,makeInvisible]
05-19 15:09:29.102 627 18032 I wm_pause_activity: [0,45803994,com.ebensz.filemanager/.activity.HomeActivity,userLeaving=false,pauseBackTasks]
05-19 15:09:29.107 627 18032 I wm_set_resumed_activity: [0,com.android.launcher3/.uioverrides.QuickstepLauncher,resumeTopActivity]
05-19 15:09:29.111 627 18032 I wm_resume_activity: [0,214771548,29,com.android.launcher3/.uioverrides.QuickstepLauncher]
05-19 15:09:29.112 627 647 I dvm_lock_sample: [system_server,1,android.display,18,RootWindowContainer.java,3761,void com.android.server.wm.RootWindowContainer$RankTaskLayersRunnable.run(),ActivityClientController.java,298,boolean com.android.server.wm.ActivityClientController.moveActivityTaskToBack(android.os.IBinder, boolean),3]
05-19 15:09:29.114 2197 2197 I wm_on_paused_called: [45803994,com.ebensz.filemanager.activity.HomeActivity,performPause]
05-19 15:09:29.124 627 647 I sysui_multi_action: [757,803,799,window_time_0,802,6]
05-19 15:09:29.141 627 710 I input_focus: [Focus leaving adc83cf com.ebensz.filemanager/com.ebensz.filemanager.activity.HomeActivity (server),reason=NO_WINDOW]
05-19 15:09:29.142 1030 1030 I wm_on_restart_called: [214771548,com.android.launcher3.uioverrides.QuickstepLauncher,performRestartActivity]
05-19 15:09:29.145 1030 1030 I wm_on_start_called: [214771548,com.android.launcher3.uioverrides.QuickstepLauncher,handleStartActivity]
05-19 15:09:29.146 1030 1030 I wm_on_resume_called: [214771548,com.android.launcher3.uioverrides.QuickstepLauncher,RESUME_ACTIVITY]
05-19 15:09:29.146 1030 1030 I wm_on_top_resumed_gained_called: [214771548,com.android.launcher3.uioverrides.QuickstepLauncher,topStateChangedWhenResumed]
05-19 15:09:29.156 627 648 I input_focus: [Focus request 334f74b com.android.launcher3/com.android.launcher3.uioverrides.QuickstepLauncher,reason=UpdateInputWindows]
05-19 15:09:29.250 627 647 I dvm_lock_sample: [system_server,1,android.display,25,WindowManagerService.java,5420,void com.android.server.wm.WindowManagerService$H.handleMessage(android.os.Message),-,3480,float com.android.server.wm.WindowManagerService.getCurrentAnimatorScale(),5]
05-19 15:09:29.255 627 710 I input_focus: [Focus entering 334f74b com.android.launcher3/com.android.launcher3.uioverrides.QuickstepLauncher (server),reason=Window became focusable. Previous reason: NOT_VISIBLE]
05-21 15:34:57.785 29262 29262 I : read descriptors
05-21 15:34:57.785 29262 29262 I : read strings
05-21 15:34:57.786 1 1 I init : processing action (sys.usb.config=adb && sys.usb.configfs=1 && sys.usb.ffs.ready=1) from (/system/etc/init/hw/init.usb.configfs.rc:20)
05-21 15:34:57.787 1 1 I init : Command 'symlink /config/usb_gadget/g1/functions/ffs.adb /config/usb_gadget/g1/configs/b.1/f1' action=sys.usb.config=adb && sys.usb.configfs=1 && sys.usb.ffs.ready=1 (/system/etc/init/hw/init.usb.configfs.rc:22) took 0ms and failed: symlink() failed: File exists
05-21 15:34:57.787 1 1 I init : Command 'write /config/usb_gadget/g1/UDC ${sys.usb.controller}' action=sys.usb.config=adb && sys.usb.configfs=1 && sys.usb.ffs.ready=1 (/system/etc/init/hw/init.usb.configfs.rc:23) took 0ms and failed: Unable to write to file '/config/usb_gadget/g1/UDC': Unable to write file contents: Device or resource busy
05-19 15:09:29.865 627 647 I wm_stop_activity: [0,45803994,com.ebensz.filemanager/.activity.HomeActivity]
05-19 15:09:29.904 2197 2197 I wm_on_stop_called: [45803994,com.ebensz.filemanager.activity.HomeActivity,STOP_ACTIVITY_ITEM]
05-19 15:09:30.498 627 710 I input_interaction: Interaction with: 334f74b com.android.launcher3/com.android.launcher3.uioverrides.QuickstepLauncher (server), f6e4224 com.android.systemui.ImageWallpaper (server), PointerEventDispatcher0 (server),
05-21 15:34:58.835 29262 29262 I : read descriptors
05-21 15:34:58.835 29262 29262 I : read strings
05-21 15:34:58.836 1 1 I init : processing action (sys.usb.config=adb && sys.usb.configfs=1 && sys.usb.ffs.ready=1) from (/system/etc/init/hw/init.usb.configfs.rc:20)
05-21 15:34:58.842 1 1 I init : Command 'symlink /config/usb_gadget/g1/functions/ffs.adb /config/usb_gadget/g1/configs/b.1/f1' action=sys.usb.config=adb && sys.usb.configfs=1 && sys.usb.ffs.ready=1 (/system/etc/init/hw/init.usb.configfs.rc:22) took 4ms and failed: symlink() failed: File exists
05-21 15:34:58.844 1 1 I init : Command 'write /config/usb_gadget/g1/UDC ${sys.usb.controller}' action=sys.usb.config=adb && sys.usb.configfs=1 && sys.usb.ffs.ready=1 (/system/etc/init/hw/init.usb.configfs.rc:23) took 0ms and failed: Unable to write to file '/config/usb_gadget/g1/UDC': Unable to write file contents: Device or resource busy
05-19 15:09:30.615 627 4128 I wm_task_moved: [155,1,15]
05-19 15:09:30.615 627 4128 I wm_task_to_front: [0,155]
05-19 15:09:30.617 627 4128 I wm_focused_root_task: [0,0,155,1,bringingFoundTaskToFront]
05-19 15:09:30.617 627 4128 I wm_set_resumed_activity: [0,com.ebensz.enote.entry/.activity.EntryActivity,bringingFoundTaskToFront]
05-19 15:09:30.618 627 4128 I wm_new_intent: [0,163134244,155,com.ebensz.enote.entry/.activity.EntryActivity,android.intent.action.MAIN,NULL,NULL,270532608]
05-19 15:09:30.618 627 4128 I wm_pause_activity: [0,214771548,com.android.launcher3/.uioverrides.QuickstepLauncher,userLeaving=true,pauseBackTasks]
05-19 15:09:30.623 1030 1030 I wm_on_top_resumed_lost_called: [214771548,com.android.launcher3.uioverrides.QuickstepLauncher,topStateChangedWhenResumed]
05-19 15:09:30.626 1030 1030 I wm_on_paused_called: [214771548,com.android.launcher3.uioverrides.QuickstepLauncher,performPause]
05-19 15:09:30.628 627 4128 I wm_set_resumed_activity: [0,com.ebensz.enote.entry/.activity.EntryActivity,resumeTopActivity]
05-19 15:09:30.629 627 4128 I wm_add_to_stopping: [0,214771548,com.android.launcher3/.uioverrides.QuickstepLauncher,makeInvisible]
05-19 15:09:30.636 627 4128 I wm_resume_activity: [0,163134244,155,com.ebensz.enote.entry/.activity.EntryActivity]
05-19 15:09:30.645 627 647 I sysui_multi_action: [757,803,799,window_time_0,802,2]
05-19 15:09:30.645 2331 2331 I wm_on_restart_called: [163134244,com.ebensz.enote.entry.activity.EntryActivity,performRestartActivity]
05-19 15:09:30.645 2331 2331 I wm_on_start_called: [163134244,com.ebensz.enote.entry.activity.EntryActivity,handleStartActivity]
05-19 15:09:30.660 627 710 I input_focus: [Focus leaving 334f74b com.android.launcher3/com.android.launcher3.uioverrides.QuickstepLauncher (server),reason=NO_WINDOW]
05-19 15:09:30.891 2331 2331 I wm_on_resume_called: [163134244,com.ebensz.enote.entry.activity.EntryActivity,RESUME_ACTIVITY]
05-19 15:09:30.891 2331 2331 I wm_on_top_resumed_gained_called: [163134244,com.ebensz.enote.entry.activity.EntryActivity,topWhenResuming]
05-19 15:09:30.894 627 648 I input_focus: [Focus request ee74569 com.ebensz.enote.entry/com.ebensz.enote.entry.activity.EntryActivity,reason=UpdateInputWindows]
05-19 15:09:30.985 627 644 I sysui_multi_action: [319,30,321,28,322,370,325,80848,757,761,758,9,759,4,806,com.ebensz.enote.entry,871,com.ebensz.enote.entry.activity.EntryActivity,904,com.android.launcher3,905,0,1320,4,1321,1]
05-19 15:09:31.002 627 710 I input_focus: [Focus entering ee74569 com.ebensz.enote.entry/com.ebensz.enote.entry.activity.EntryActivity (server),reason=Window became focusable. Previous reason: NOT_VISIBLE]
05-19 15:09:31.197 627 647 I wm_stop_activity: [0,214771548,com.android.launcher3/.uioverrides.QuickstepLauncher]
05-19 15:09:31.210 1030 1030 I wm_on_stop_called: [214771548,com.android.launcher3.uioverrides.QuickstepLauncher,STOP_ACTIVITY_ITEM]
05-21 15:34:59.898 29262 29262 I : read descriptors
05-21 15:34:59.898 29262 29262 I : read strings
05-21 15:34:59.899 1 1 I init : processing action (sys.usb.config=adb && sys.usb.configfs=1 && sys.usb.ffs.ready=1) from (/system/etc/init/hw/init.usb.configfs.rc:20)
05-21 15:35:00.958 29262 29262 I : read descriptors
05-21 15:35:00.958 29262 29262 I : read strings
05-19 15:09:32.981 627 710 I input_interaction: Interaction with: ee74569 com.ebensz.enote.entry/com.ebensz.enote.entry.activity.EntryActivity (server), PointerEventDispatcher0 (server),
05-19 15:09:33.133 627 648 I input_focus: [Focus request 19dfaa2 记事本分类管理,reason=UpdateInputWindows]
05-19 15:09:33.170 627 710 I input_focus: [Focus leaving ee74569 com.ebensz.enote.entry/com.ebensz.enote.entry.activity.EntryActivity (server),reason=Waiting for window because NO_WINDOW]
05-19 15:09:33.189 627 710 I input_focus: [Focus entering 19dfaa2 记事本分类管理 (server),reason=Window became focusable. Previous reason: NOT_VISIBLE]
05-21 15:35:02.025 29262 29262 I : read descriptors
05-21 15:35:02.025 29262 29262 I : read strings
05-21 15:35:02.028 1 1 I init : processing action (sys.usb.config=adb && sys.usb.configfs=1 && sys.usb.ffs.ready=1) from (/system/etc/init/hw/init.usb.configfs.rc:20)
05-21 15:35:02.029 1 1 I init : Command 'symlink /config/usb_gadget/g1/functions/ffs.adb /config/usb_gadget/g1/configs/b.1/f1' action=sys.usb.config=adb && sys.usb.configfs=1 && sys.usb.ffs.ready=1 (/system/etc/init/hw/init.usb.configfs.rc:22) took 0ms and failed: symlink() failed: File exists
05-21 15:35:02.030 1 1 I init : Command 'write /config/usb_gadget/g1/UDC ${sys.usb.controller}' action=sys.usb.config=adb && sys.usb.configfs=1 && sys.usb.ffs.ready=1 (/system/etc/init/hw/init.usb.configfs.rc:23) took 0ms and failed: Unable to write to file '/config/usb_gadget/g1/UDC': Unable to write file contents: Device or resource busy
