05-21 15:17:37.521 1 1 I init : Command 'write /config/usb_gadget/g1/UDC ${sys.usb.controller}' action=sys.usb.config=adb && sys.usb.configfs=1 && sys.usb.ffs.ready=1 (/system/etc/init/hw/init.usb.configfs.rc:23) took 0ms and failed: Unable to write to file '/config/usb_gadget/g1/UDC': Unable to write file contents: Device or resource busy
05-21 15:17:37.670 4407 4407 I binder : 1275:4407 transaction failed 29201/-28, size 104-0 line 2921
05-19 14:55:41.161 627 648 I input_focus: [Focus request 88f685e 导出,reason=UpdateInputWindows]
05-19 14:55:41.211 627 710 I input_focus: [Focus entering 88f685e 导出 (server),reason=Window became focusable. Previous reason: NOT_VISIBLE]
05-21 15:17:38.590 29262 29262 I : read descriptors
05-21 15:17:38.590 29262 29262 I : read strings
05-21 15:17:38.591 1 1 I init : processing action (sys.usb.config=adb && sys.usb.configfs=1 && sys.usb.ffs.ready=1) from (/system/etc/init/hw/init.usb.configfs.rc:20)
05-21 15:17:38.594 1 1 I init : Command 'symlink /config/usb_gadget/g1/functions/ffs.adb /config/usb_gadget/g1/configs/b.1/f1' action=sys.usb.config=adb && sys.usb.configfs=1 && sys.usb.ffs.ready=1 (/system/etc/init/hw/init.usb.configfs.rc:22) took 0ms and failed: symlink() failed: File exists
05-21 15:17:38.595 1 1 I init : Command 'write /config/usb_gadget/g1/UDC ${sys.usb.controller}' action=sys.usb.config=adb && sys.usb.configfs=1 && sys.usb.ffs.ready=1 (/system/etc/init/hw/init.usb.configfs.rc:23) took 0ms and failed: Unable to write to file '/config/usb_gadget/g1/UDC': Unable to write file contents: Device or resource busy
05-19 14:55:42.778 627 710 I input_interaction: Interaction with: 88f685e 导出 (server), PointerEventDispatcher0 (server),
05-19 14:55:42.874 627 8600 I wm_task_moved: [126,1,16]
05-19 14:55:42.874 627 8600 I wm_task_to_front: [0,126]
05-19 14:55:42.877 627 8600 I wm_focused_root_task: [0,0,126,161,bringingFoundTaskToFront]
05-19 14:55:42.878 627 8600 I wm_set_resumed_activity: [0,com.ebensz.filemanager/.activity.HomeActivity,bringingFoundTaskToFront]
05-19 14:55:42.879 627 8600 I wm_new_intent: [0,45803994,126,com.ebensz.filemanager/.activity.HomeActivity,android.intent.action.MAIN,NULL,NULL,270532608]
05-19 14:55:42.879 627 8600 I wm_pause_activity: [0,257228524,com.ebensz.enote.notepad/.BrowserActivity,userLeaving=true,pauseBackTasks]
05-19 14:55:42.888 3656 3656 I wm_on_top_resumed_lost_called: [257228524,com.ebensz.enote.notepad.BrowserActivity,topStateChangedWhenResumed]
05-19 14:55:42.889 3656 3656 I wm_on_paused_called: [257228524,com.ebensz.enote.notepad.BrowserActivity,performPause]
05-19 14:55:42.891 627 11415 I wm_set_resumed_activity: [0,com.ebensz.filemanager/.activity.HomeActivity,resumeTopActivity]
05-19 14:55:42.900 627 11415 I wm_add_to_stopping: [0,257228524,com.ebensz.enote.notepad/.BrowserActivity,makeInvisible]
05-19 14:55:42.901 627 11415 I wm_resume_activity: [0,45803994,126,com.ebensz.filemanager/.activity.HomeActivity]
05-19 14:55:42.904 627 647 I sysui_multi_action: [757,803,799,window_time_0,802,9]
05-19 14:55:42.910 627 652 I am_pss : [4427,10062,com.android.exchange:remote,8336384,5824512,0,96727040,0,19,5]
05-19 14:55:42.912 2197 2197 I wm_on_restart_called: [45803994,com.ebensz.filemanager.activity.HomeActivity,performRestartActivity]
05-19 14:55:42.916 627 652 I am_pss : [4449,10072,com.ebensz.email:remote,9810944,5390336,0,104882176,0,19,4]
05-19 14:55:42.939 2197 2197 I wm_on_start_called: [45803994,com.ebensz.filemanager.activity.HomeActivity,handleStartActivity]
05-19 14:55:43.035 627 654 I am_proc_start: [0,4596,10040,com.ebensz.filemanager:remote,content provider,{com.ebensz.filemanager/com.ebensz.filemanager.prefercene.SharedPreferenceProvider}]
05-19 14:55:43.074 627 8600 I am_proc_bound: [0,4596,com.ebensz.filemanager:remote]
05-21 15:17:39.653 29262 29262 I : read descriptors
05-21 15:17:39.653 29262 29262 I : read strings
05-21 15:17:39.653 1 1 I init : processing action (sys.usb.config=adb && sys.usb.configfs=1 && sys.usb.ffs.ready=1) from (/system/etc/init/hw/init.usb.configfs.rc:20)
05-21 15:17:39.653 1 1 I init : Command 'symlink /config/usb_gadget/g1/functions/ffs.adb /config/usb_gadget/g1/configs/b.1/f1' action=sys.usb.config=adb && sys.usb.configfs=1 && sys.usb.ffs.ready=1 (/system/etc/init/hw/init.usb.configfs.rc:22) took 0ms and failed: symlink() failed: File exists
05-21 15:17:39.653 1 1 I init : Command 'write /config/usb_gadget/g1/UDC ${sys.usb.controller}' action=sys.usb.config=adb && sys.usb.configfs=1 && sys.usb.ffs.ready=1 (/system/etc/init/hw/init.usb.configfs.rc:23) took 0ms and failed: Unable to write to file '/config/usb_gadget/g1/UDC': Unable to write file contents: Device or resource busy
05-19 14:55:43.118 2197 2197 I wm_on_resume_called: [45803994,com.ebensz.filemanager.activity.HomeActivity,RESUME_ACTIVITY]
05-19 14:55:43.118 2197 2197 I wm_on_top_resumed_gained_called: [45803994,com.ebensz.filemanager.activity.HomeActivity,topWhenResuming]
05-19 14:55:43.132 627 648 I input_focus: [Focus request adc83cf com.ebensz.filemanager/com.ebensz.filemanager.activity.HomeActivity,reason=UpdateInputWindows]
05-19 14:55:43.195 627 644 I sysui_multi_action: [319,325,322,317,325,80232,757,761,758,9,759,2,806,com.ebensz.filemanager,871,com.ebensz.filemanager.activity.HomeActivity,904,com.android.launcher3,905,0,1320,4,1321,2]
05-19 14:55:43.197 627 710 I input_focus: [Focus entering adc83cf com.ebensz.filemanager/com.ebensz.filemanager.activity.HomeActivity (server),reason=Window became focusable. Previous reason: NOT_VISIBLE]
05-19 14:55:43.442 627 647 I wm_stop_activity: [0,257228524,com.ebensz.enote.notepad/.BrowserActivity]
05-19 14:55:43.492 3656 3656 I wm_on_stop_called: [257228524,com.ebensz.enote.notepad.BrowserActivity,STOP_ACTIVITY_ITEM]
05-21 15:17:40.677 440 440 W healthd : battery l=100 v=8700 t=27.0 h=1 st=3 c=0 fc=9700000 cc=0 chg=u
05-21 15:17:40.710 29262 29262 I : read descriptors
05-21 15:17:40.710 29262 29262 I : read strings
05-21 15:17:40.712 1 1 I init : processing action (sys.usb.config=adb && sys.usb.configfs=1 && sys.usb.ffs.ready=1) from (/system/etc/init/hw/init.usb.configfs.rc:20)
05-19 14:55:45.167 627 710 I input_interaction: Interaction with: adc83cf com.ebensz.filemanager/com.ebensz.filemanager.activity.HomeActivity (server), PointerEventDispatcher0 (server),
05-21 15:17:41.756 29262 29262 I : read descriptors
05-21 15:17:41.756 29262 29262 I : read strings
05-19 14:55:45.367 627 8600 I wm_task_created: [164,-1]
05-19 14:55:45.373 627 8600 I wm_task_moved: [164,1,17]
05-19 14:55:45.373 627 8600 I wm_task_to_front: [0,164]
05-19 14:55:45.374 627 8600 I wm_create_task: [0,164]
05-19 14:55:45.374 627 8600 I wm_create_activity: [0,7527571,164,android/com.android.internal.app.ResolverActivity,android.intent.action.VIEW,application/pdf,content://com.ebensz.filemanager.fileprovider/root/storage/emulated/0/mydoc/会议记录.pdf,276824067]
05-19 14:55:45.374 627 8600 I wm_task_moved: [164,1,17]
05-19 14:55:45.376 627 8600 I wm_pause_activity: [0,45803994,com.ebensz.filemanager/.activity.HomeActivity,userLeaving=true,pauseBackTasks]
05-19 14:55:45.382 2197 2197 I wm_on_top_resumed_lost_called: [45803994,com.ebensz.filemanager.activity.HomeActivity,topStateChangedWhenResumed]
05-19 14:55:45.388 2197 2197 I wm_on_paused_called: [45803994,com.ebensz.filemanager.activity.HomeActivity,performPause]
05-19 14:55:45.391 627 647 I sysui_multi_action: [757,803,799,window_time_0,802,2]
05-19 14:55:45.395 627 654 I am_proc_start: [0,4618,1000,system:ui,pre-top-activity,{android/com.android.internal.app.ResolverActivity}]
05-19 14:55:45.415 627 1070 I am_proc_bound: [0,4618,system:ui]
05-19 14:55:45.417 627 1070 I wm_restart_activity: [0,7527571,164,android/com.android.internal.app.ResolverActivity]
05-19 14:55:45.419 627 1070 I wm_set_resumed_activity: [0,android/com.android.internal.app.ResolverActivity,minimalResumeActivityLocked]
05-19 14:55:45.420 627 1070 I service_manager_stats: [100,43,594604]
05-19 14:55:45.514 4618 4618 I sysui_multi_action: [757,453,758,4,806,android.intent.action.VIEW:application/pdf:]
05-19 14:55:45.514 4618 4618 I wm_on_create_called: [7527571,com.android.internal.app.ResolverActivity,performCreate]
05-19 14:55:45.515 4618 4618 I wm_on_start_called: [7527571,com.android.internal.app.ResolverActivity,handleStartActivity]
05-19 14:55:45.516 4618 4618 I wm_on_resume_called: [7527571,com.android.internal.app.ResolverActivity,RESUME_ACTIVITY]
05-19 14:55:45.522 4618 4618 I wm_on_top_resumed_gained_called: [7527571,com.android.internal.app.ResolverActivity,topStateChangedWhenResumed]
05-19 14:55:45.541 627 648 I input_focus: [Focus request 1732e8a android/com.android.internal.app.ResolverActivity,reason=UpdateInputWindows]
05-19 14:55:45.565 627 710 I input_focus: [Focus leaving adc83cf com.ebensz.filemanager/com.ebensz.filemanager.activity.HomeActivity (server),reason=Waiting for window because NO_WINDOW]
05-19 14:55:45.582 627 644 I sysui_multi_action: [319,214,322,214,325,80235,757,761,758,7,759,2,806,android,871,com.android.internal.app.ResolverActivity,904,com.ebensz.filemanager,905,0,945,51,1320,12,1321,1]
05-19 14:55:45.583 627 644 I wm_activity_launch_time: [0,7527571,android/com.android.internal.app.ResolverActivity,214]
05-19 14:55:45.602 627 710 I input_focus: [Focus entering 1732e8a android/com.android.internal.app.ResolverActivity (server),reason=Window became focusable. Previous reason: NOT_VISIBLE]
05-19 14:55:45.712 627 627 I notification_enqueue: [10098,25952,com.baidu.appsearch,2131755453,NULL,0,Notification(channel=手机管理、安全检测相关通知 shortcut=null contentView=null vibrate=null sound=null defaults=0x0 flags=0x62 color=0x00000000 vis=PRIVATE),1]
05-21 15:17:42.796 29262 29262 I : read descriptors
05-21 15:17:42.796 29262 29262 I : read strings
05-21 15:17:42.798 1 1 I init : processing action (sys.usb.config=adb && sys.usb.configfs=1 && sys.usb.ffs.ready=1) from (/system/etc/init/hw/init.usb.configfs.rc:20)
05-21 15:17:42.800 1 1 I init : Command 'symlink /config/usb_gadget/g1/functions/ffs.adb /config/usb_gadget/g1/configs/b.1/f1' action=sys.usb.config=adb && sys.usb.configfs=1 && sys.usb.ffs.ready=1 (/system/etc/init/hw/init.usb.configfs.rc:22) took 0ms and failed: symlink() failed: File exists
05-21 15:17:42.800 1 1 I init : Command 'write /config/usb_gadget/g1/UDC ${sys.usb.controller}' action=sys.usb.config=adb && sys.usb.configfs=1 && sys.usb.ffs.ready=1 (/system/etc/init/hw/init.usb.configfs.rc:23) took 0ms and failed: Unable to write to file '/config/usb_gadget/g1/UDC': Unable to write file contents: Device or resource busy
05-19 14:55:46.605 627 702 I am_freeze: [19178,android.process.media]
05-19 14:55:46.844 627 710 I input_interaction: Interaction with: 1732e8a android/com.android.internal.app.ResolverActivity (server), PointerEventDispatcher0 (server),
05-21 15:17:43.830 29262 29262 I : read descriptors
05-21 15:17:43.830 29262 29262 I : read strings
05-21 15:17:43.830 1 1 I init : processing action (sys.usb.config=adb && sys.usb.configfs=1 && sys.usb.ffs.ready=1) from (/system/etc/init/hw/init.usb.configfs.rc:20)
05-21 15:17:43.831 1 1 I init : Command 'symlink /config/usb_gadget/g1/functions/ffs.adb /config/usb_gadget/g1/configs/b.1/f1' action=sys.usb.config=adb && sys.usb.configfs=1 && sys.usb.ffs.ready=1 (/system/etc/init/hw/init.usb.configfs.rc:22) took 0ms and failed: symlink() failed: File exists
05-21 15:17:43.831 1 1 I init : Command 'write /config/usb_gadget/g1/UDC ${sys.usb.controller}' action=sys.usb.config=adb && sys.usb.configfs=1 && sys.usb.ffs.ready=1 (/system/etc/init/hw/init.usb.configfs.rc:23) took 0ms and failed: Unable to write to file '/config/usb_gadget/g1/UDC': Unable to write file contents: Device or resource busy
05-19 14:55:47.773 627 1070 I wm_task_created: [165,-1]
05-19 14:55:47.776 627 1070 I wm_task_moved: [165,1,18]
05-19 14:55:47.776 627 1070 I wm_task_to_front: [0,165]
05-19 14:55:47.777 627 1070 I wm_create_task: [0,165]
05-19 14:55:47.777 627 1070 I wm_create_activity: [0,246299278,165,com.ebenkg.pdf/.PageShowActivity,android.intent.action.VIEW,application/pdf,content://com.ebensz.filemanager.fileprovider/root/storage/emulated/0/mydoc/会议记录.pdf,318767107]
05-19 14:55:47.777 627 1070 I wm_task_moved: [165,1,18]
05-19 14:55:47.778 627 1070 I wm_pause_activity: [0,7527571,android/com.android.internal.app.ResolverActivity,userLeaving=true,pauseBackTasks]
05-19 14:55:47.779 4618 4618 I sysui_multi_action: [757,456,758,4]
05-19 14:55:47.779 4618 4618 I sysui_multi_action: [757,454,758,4]
05-19 14:55:47.780 627 1070 I wm_finish_activity: [0,7527571,164,android/com.android.internal.app.ResolverActivity,app-request]
05-19 14:55:47.781 627 647 I am_uid_running: 10032
05-19 14:55:47.791 627 654 I am_proc_start: [0,4645,10032,com.ebenkg.PDFShow,pre-top-activity,{com.ebenkg.pdf/com.ebenkg.pdf.PageShowActivity}]
05-19 14:55:47.811 627 1070 I am_proc_bound: [0,4645,com.ebenkg.PDFShow]
05-19 14:55:47.815 627 1070 I wm_add_to_stopping: [0,7527571,android/com.android.internal.app.ResolverActivity,makeInvisible]
05-19 14:55:47.816 627 1070 I wm_add_to_stopping: [0,45803994,com.ebensz.filemanager/.activity.HomeActivity,makeInvisible]
05-19 14:55:47.817 627 647 I wm_stop_activity: [0,45803994,com.ebensz.filemanager/.activity.HomeActivity]
05-19 14:55:47.824 627 710 I input_focus: [Focus leaving 1732e8a android/com.android.internal.app.ResolverActivity (server),reason=NOT_VISIBLE]
05-19 14:55:47.829 4618 4618 I wm_on_top_resumed_lost_called: [7527571,com.android.internal.app.ResolverActivity,topStateChangedWhenResumed]
05-19 14:55:47.830 4618 4618 I wm_on_paused_called: [7527571,com.android.internal.app.ResolverActivity,performPause]
05-19 14:55:47.830 2197 2197 I wm_on_stop_called: [45803994,com.ebensz.filemanager.activity.HomeActivity,STOP_ACTIVITY_ITEM]
05-19 14:55:47.830 627 1070 I wm_restart_activity: [0,246299278,165,com.ebenkg.pdf/.PageShowActivity]
05-19 14:55:47.831 627 1070 I wm_set_resumed_activity: [0,com.ebenkg.pdf/.PageShowActivity,minimalResumeActivityLocked]
05-19 14:55:47.832 627 647 I wm_destroy_activity: [0,7527571,164,android/com.android.internal.app.ResolverActivity,finish-imm:idle]
05-19 14:55:47.832 627 647 I am_uid_active: 10032
05-19 14:55:47.834 627 647 I sysui_multi_action: [757,803,799,window_time_0,802,3]
05-19 14:55:47.844 4618 4618 I wm_on_stop_called: [7527571,com.android.internal.app.ResolverActivity,LIFECYCLER_STOP_ACTIVITY]
05-19 14:55:47.845 4618 4618 I wm_on_destroy_called: [7527571,com.android.internal.app.ResolverActivity,performDestroy]
05-19 14:55:47.849 627 1070 I wm_task_removed: [164,removeChild:removeChild last r=ActivityRecord{72dc93 u0 android/com.android.internal.app.ResolverActivity t-1 f}} in t=Task{c9046c4 #164 type=standard I=android/com.android.internal.app.ResolverActivity U=0 visible=false visibleRequested=false mode=fullscreen translucent=true sz=0}]
05-19 14:55:47.849 627 1070 I wm_task_removed: [164,removeChild]
05-19 14:55:47.865 627 8600 I wm_task_moved: [165,1,17]
05-19 14:55:47.865 627 8600 I wm_set_resumed_activity: [0,com.ebenkg.pdf/.PageShowActivity,positionChildAt]
05-19 14:55:47.866 627 8600 I wm_create_activity: [0,104675014,165,com.android.permissioncontroller/.permission.ui.GrantPermissionsActivity,android.content.pm.action.REQUEST_PERMISSIONS,NULL,NULL,8388608]
05-19 14:55:47.866 627 8600 I wm_pause_activity: [0,246299278,com.ebenkg.pdf/.PageShowActivity,userLeaving=true,resumeTopActivity]
05-19 14:55:47.868 4645 4645 I wm_on_create_called: [246299278,com.ebenkg.pdf.PageShowActivity,performCreate]
05-19 14:55:47.874 4645 4645 I wm_on_start_called: [246299278,com.ebenkg.pdf.PageShowActivity,handleStartActivity]
05-19 14:55:47.874 4645 4645 I wm_on_resume_called: [246299278,com.ebenkg.pdf.PageShowActivity,RESUME_ACTIVITY]
05-19 14:55:47.904 4645 4645 I wm_on_top_resumed_gained_called: [246299278,com.ebenkg.pdf.PageShowActivity,topStateChangedWhenResumed]
05-19 14:55:47.904 4645 4645 I wm_on_top_resumed_lost_called: [246299278,com.ebenkg.pdf.PageShowActivity,topStateChangedWhenResumed]
05-19 14:55:47.905 4645 4645 I wm_on_paused_called: [246299278,com.ebenkg.pdf.PageShowActivity,performPause]
05-19 14:55:47.905 627 1070 I wm_restart_activity: [0,104675014,165,com.android.permissioncontroller/.permission.ui.GrantPermissionsActivity]
05-19 14:55:47.906 627 1070 I wm_set_resumed_activity: [0,com.android.permissioncontroller/.permission.ui.GrantPermissionsActivity,minimalResumeActivityLocked]
05-19 14:55:47.907 627 647 I am_uid_active: 10095
05-19 14:55:47.907 627 702 I am_unfreeze: [1860,com.android.permissioncontroller]
05-19 14:55:47.907 627 647 I sysui_multi_action: [757,803,799,window_time_0,802,0]
05-19 14:55:47.917 4645 4645 I auditd : type=1400 audit(0.0:2357): avc: denied { open } for comm="RenderThread" path="/dev/__properties__/u:object_r:vendor_default_prop:s0" dev="tmpfs" ino=281 scontext=u:r:priv_app:s0:c512,c768 tcontext=u:object_r:vendor_default_prop:s0 tclass=file permissive=1 app=com.ebenkg.pdf
05-19 14:55:47.917 4645 4645 I auditd : type=1400 audit(0.0:2358): avc: denied { getattr } for comm="RenderThread" path="/dev/__properties__/u:object_r:vendor_default_prop:s0" dev="tmpfs" ino=281 scontext=u:r:priv_app:s0:c512,c768 tcontext=u:object_r:vendor_default_prop:s0 tclass=file permissive=1 app=com.ebenkg.pdf
05-19 14:55:47.917 4645 4645 I auditd : type=1400 audit(0.0:2359): avc: denied { map } for comm="RenderThread" path="/dev/__properties__/u:object_r:vendor_default_prop:s0" dev="tmpfs" ino=281 scontext=u:r:priv_app:s0:c512,c768 tcontext=u:object_r:vendor_default_prop:s0 tclass=file permissive=1 app=com.ebenkg.pdf
05-19 14:55:47.917 4645 4645 I auditd : type=1400 audit(0.0:2360): avc: denied { write } for comm="RenderThread" name="property_service" dev="tmpfs" ino=309 scontext=u:r:priv_app:s0:c512,c768 tcontext=u:object_r:property_socket:s0 tclass=sock_file permissive=1 app=com.ebenkg.pdf
05-19 14:55:47.917 4645 4645 I auditd : type=1400 audit(0.0:2361): avc: denied { connectto } for comm="RenderThread" path="/dev/socket/property_service" scontext=u:r:priv_app:s0:c512,c768 tcontext=u:r:init:s0 tclass=unix_stream_socket permissive=1 app=com.ebenkg.pdf
05-19 14:55:47.938 1860 1860 I wm_on_create_called: [104675014,com.android.permissioncontroller.permission.ui.GrantPermissionsActivity,performCreate]
05-19 14:55:47.939 1860 1860 I wm_on_start_called: [104675014,com.android.permissioncontroller.permission.ui.GrantPermissionsActivity,handleStartActivity]
05-19 14:55:47.939 1860 1860 I wm_on_resume_called: [104675014,com.android.permissioncontroller.permission.ui.GrantPermissionsActivity,RESUME_ACTIVITY]
05-19 14:55:47.942 1860 1860 I wm_on_top_resumed_gained_called: [104675014,com.android.permissioncontroller.permission.ui.GrantPermissionsActivity,topStateChangedWhenResumed]
05-19 14:55:47.960 627 648 I input_focus: [Focus request adad795 com.android.permissioncontroller/com.android.permissioncontroller.permission.ui.GrantPermissionsActivity,reason=UpdateInputWindows]
05-19 14:55:47.964 627 644 I sysui_multi_action: [319,64,321,44,322,194,325,80237,757,761,758,7,759,1,806,com.android.permissioncontroller,871,com.android.permissioncontroller.permission.ui.GrantPermissionsActivity,904,com.ebenkg.pdf,905,0,945,44,1320,4,1321,2]
05-19 14:55:47.964 627 644 I wm_activity_launch_time: [0,104675014,com.android.permissioncontroller/.permission.ui.GrantPermissionsActivity,194]
05-19 14:55:47.969 627 710 I input_focus: [Focus entering adad795 com.android.permissioncontroller/com.android.permissioncontroller.permission.ui.GrantPermissionsActivity (server),reason=setFocusedWindow]
05-21 15:17:44.883 29262 29262 I : read descriptors
05-21 15:17:44.883 29262 29262 I : read strings
05-21 15:17:44.884 1 1 I init : processing action (sys.usb.config=adb && sys.usb.configfs=1 && sys.usb.ffs.ready=1) from (/system/etc/init/hw/init.usb.configfs.rc:20)
05-21 15:17:44.885 1 1 I init : Command 'symlink /config/usb_gadget/g1/functions/ffs.adb /config/usb_gadget/g1/configs/b.1/f1' action=sys.usb.config=adb && sys.usb.configfs=1 && sys.usb.ffs.ready=1 (/system/etc/init/hw/init.usb.configfs.rc:22) took 0ms and failed: symlink() failed: File exists
05-21 15:17:44.886 1 1 I init : Command 'write /config/usb_gadget/g1/UDC ${sys.usb.controller}' action=sys.usb.config=adb && sys.usb.configfs=1 && sys.usb.ffs.ready=1 (/system/etc/init/hw/init.usb.configfs.rc:23) took 0ms and failed: Unable to write to file '/config/usb_gadget/g1/UDC': Unable to write file contents: Device or resource busy
05-19 14:55:49.035 627 710 I input_interaction: Interaction with: adad795 com.android.permissioncontroller/com.android.permissioncontroller.permission.ui.GrantPermissionsActivity (server), PointerEventDispatcher0 (server),
05-19 14:55:49.244 627 1070 I sysui_multi_action: [757,1243,758,4,806,com.ebenkg.pdf,1241,android.permission.RECORD_AUDIO]
05-21 15:17:45.949 29262 29262 I : read descriptors
05-21 15:17:45.949 29262 29262 I : read strings
05-21 15:17:45.950 1 1 I init : processing action (sys.usb.config=adb && sys.usb.configfs=1 && sys.usb.ffs.ready=1) from (/system/etc/init/hw/init.usb.configfs.rc:20)
05-19 14:55:50.226 627 1070 I sysui_multi_action: [757,1243,758,4,806,com.ebenkg.pdf,1241,android.permission.READ_PHONE_STATE]
05-21 15:17:47.020 29262 29262 I : read descriptors
05-21 15:17:47.020 29262 29262 I : read strings
05-19 14:55:50.926 627 8600 I sysui_multi_action: [757,1243,758,4,806,com.ebenkg.pdf,1241,android.permission.WRITE_EXTERNAL_STORAGE]
05-19 14:55:50.927 627 8600 I sysui_multi_action: [757,1243,758,4,806,com.ebenkg.pdf,1241,android.permission.READ_EXTERNAL_STORAGE]
05-19 14:55:50.928 627 8600 I sysui_multi_action: [757,1243,758,4,806,com.ebenkg.pdf,1241,android.permission.ACCESS_MEDIA_LOCATION]
05-19 14:55:50.931 1860 1860 I snet_event_log: [individual_permissions_requested,10032,com.ebenkg.pdf:com.ebenkg.pdf:;android.permission.WRITE_EXTERNAL_STORAGE|false|8448;android.permission.READ_EXTERNAL_STORAGE|false|8448;android.permission.ACCESS_MEDIA_LOCATION|false|384com.ebenkg.pdf:;android.permission.READ_PHONE_STATE|false|256com.ebenkg.pdf:;android.permission.RECORD_AUDIO|false|256]
05-19 14:55:50.934 627 11415 I wm_finish_activity: [0,104675014,165,com.android.permissioncontroller/.permission.ui.GrantPermissionsActivity,app-request]
05-19 14:55:50.946 627 11415 I wm_pause_activity: [0,104675014,com.android.permissioncontroller/.permission.ui.GrantPermissionsActivity,userLeaving=false,finish]
05-19 14:55:50.957 627 710 I input_focus: [Focus leaving adad795 com.android.permissioncontroller/com.android.permissioncontroller.permission.ui.GrantPermissionsActivity (server),reason=NO_WINDOW]
05-19 14:55:51.003 1860 1860 I wm_on_top_resumed_lost_called: [104675014,com.android.permissioncontroller.permission.ui.GrantPermissionsActivity,topStateChangedWhenResumed]
05-19 14:55:51.003 1860 1860 I wm_on_paused_called: [104675014,com.android.permissioncontroller.permission.ui.GrantPermissionsActivity,performPause]
05-19 14:55:51.004 627 8600 I wm_set_resumed_activity: [0,com.ebenkg.pdf/.PageShowActivity,resumeTopActivity]
05-19 14:55:51.005 627 8600 I wm_resume_activity: [0,246299278,165,com.ebenkg.pdf/.PageShowActivity]
05-19 14:55:51.003 4645 4645 I auditd : type=1400 audit(0.0:2362): avc: denied { read } for comm=".ebenkg.PDFShow" name="init" dev="dm-0" ino=25 scontext=u:r:priv_app:s0:c512,c768 tcontext=u:object_r:init_exec:s0 tclass=lnk_file permissive=1 app=com.ebenkg.pdf
05-19 14:55:51.003 4645 4645 I auditd : type=1400 audit(0.0:2363): avc: denied { getattr } for comm=".ebenkg.PDFShow" path="/postinstall" dev="dm-0" ino=46 scontext=u:r:priv_app:s0:c512,c768 tcontext=u:object_r:postinstall_mnt_dir:s0 tclass=dir permissive=1 app=com.ebenkg.pdf
05-19 14:55:51.003 4645 4645 I auditd : type=1400 audit(0.0:2364): avc: denied { getattr } for comm=".ebenkg.PDFShow" path="/linkerconfig" dev="tmpfs" ino=2 scontext=u:r:priv_app:s0:c512,c768 tcontext=u:object_r:linkerconfig_file:s0 tclass=dir permissive=1 app=com.ebenkg.pdf
05-19 14:55:51.003 4645 4645 I auditd : type=1400 audit(0.0:2365): avc: denied { getattr } for comm=".ebenkg.PDFShow" path="/metadata" dev="mmcblk1p11" ino=2 scontext=u:r:priv_app:s0:c512,c768 tcontext=u:object_r:metadata_file:s0 tclass=dir permissive=1 app=com.ebenkg.pdf
05-19 14:55:51.003 4645 4645 I auditd : type=1400 audit(0.0:2366): avc: denied { getattr } for comm=".ebenkg.PDFShow" path="/data_mirror" dev="tmpfs" ino=1 scontext=u:r:priv_app:s0:c512,c768 tcontext=u:object_r:mirror_data_file:s0 tclass=dir permissive=1 app=com.ebenkg.pdf
05-19 14:55:51.009 627 648 I input_focus: [Focus request 56ead20 com.ebenkg.pdf/com.ebenkg.pdf.PageShowActivity,reason=UpdateInputWindows]
05-19 14:55:51.009 627 647 I sysui_multi_action: [757,803,799,window_time_0,802,3]
05-19 14:55:51.029 627 710 I input_focus: [Focus entering 56ead20 com.ebenkg.pdf/com.ebenkg.pdf.PageShowActivity (server),reason=setFocusedWindow]
05-21 15:17:47.632 1305 1305 I binder : 1275:1305 transaction failed 29201/-28, size 104-0 line 2921
05-19 14:55:51.124 627 647 I wm_destroy_activity: [0,104675014,165,com.android.permissioncontroller/.permission.ui.GrantPermissionsActivity,finish-transit]
05-19 14:55:51.149 1860 1860 I wm_on_stop_called: [104675014,com.android.permissioncontroller.permission.ui.GrantPermissionsActivity,LIFECYCLER_STOP_ACTIVITY]
05-19 14:55:51.149 1860 1860 I wm_on_destroy_called: [104675014,com.android.permissioncontroller.permission.ui.GrantPermissionsActivity,performDestroy]
05-19 14:55:51.381 284 284 I auditd : avc: denied { find } for pid=4645 uid=10032 name=ebenservice scontext=u:r:priv_app:s0:c512,c768 tcontext=u:object_r:default_android_service:s0 tclass=service_manager permissive=1
05-19 14:55:51.429 4645 4645 I wm_on_activity_result_called: [246299278,com.ebenkg.pdf.PageShowActivity,ACTIVITY_RESULT]
05-19 14:55:51.442 4645 4645 I wm_on_resume_called: [246299278,com.ebenkg.pdf.PageShowActivity,RESUME_ACTIVITY]
05-19 14:55:51.442 4645 4645 I wm_on_top_resumed_gained_called: [246299278,com.ebenkg.pdf.PageShowActivity,topWhenResuming]
05-19 14:55:51.480 627 701 I commit_sys_config_file: [settings-3-0,2]
05-21 15:17:48.063 29262 29262 I : read descriptors
05-21 15:17:48.063 29262 29262 I : read strings
05-21 15:17:48.063 1 1 I init : processing action (sys.usb.config=adb && sys.usb.configfs=1 && sys.usb.ffs.ready=1) from (/system/etc/init/hw/init.usb.configfs.rc:20)
05-21 15:17:48.063 1 1 I init : Command 'symlink /config/usb_gadget/g1/functions/ffs.adb /config/usb_gadget/g1/configs/b.1/f1' action=sys.usb.config=adb && sys.usb.configfs=1 && sys.usb.ffs.ready=1 (/system/etc/init/hw/init.usb.configfs.rc:22) took 0ms and failed: symlink() failed: File exists
05-21 15:17:48.064 1 1 I init : Command 'write /config/usb_gadget/g1/UDC ${sys.usb.controller}' action=sys.usb.config=adb && sys.usb.configfs=1 && sys.usb.ffs.ready=1 (/system/etc/init/hw/init.usb.configfs.rc:23) took 0ms and failed: Unable to write to file '/config/usb_gadget/g1/UDC': Unable to write file contents: Device or resource busy
05-21 15:17:49.110 29262 29262 I : read descriptors
05-21 15:17:49.110 29262 29262 I : read strings
05-21 15:17:49.112 1 1 I init : processing action (sys.usb.config=adb && sys.usb.configfs=1 && sys.usb.ffs.ready=1) from (/system/etc/init/hw/init.usb.configfs.rc:20)
05-21 15:17:49.114 1 1 I init : Command 'symlink /config/usb_gadget/g1/functions/ffs.adb /config/usb_gadget/g1/configs/b.1/f1' action=sys.usb.config=adb && sys.usb.configfs=1 && sys.usb.ffs.ready=1 (/system/etc/init/hw/init.usb.configfs.rc:22) took 0ms and failed: symlink() failed: File exists
05-21 15:17:49.115 1 1 I init : Command 'write /config/usb_gadget/g1/UDC ${sys.usb.controller}' action=sys.usb.config=adb && sys.usb.configfs=1 && sys.usb.ffs.ready=1 (/system/etc/init/hw/init.usb.configfs.rc:23) took 0ms and failed: Unable to write to file '/config/usb_gadget/g1/UDC': Unable to write file contents: Device or resource busy
05-19 14:55:53.376 627 710 I input_interaction: Interaction with: 56ead20 com.ebenkg.pdf/com.ebenkg.pdf.PageShowActivity (server), PointerEventDispatcher0 (server),
05-21 15:17:50.149 29262 29262 I : read descriptors
05-21 15:17:50.149 29262 29262 I : read strings
05-21 15:17:50.150 1 1 I init : processing action (sys.usb.config=adb && sys.usb.configfs=1 && sys.usb.ffs.ready=1) from (/system/etc/init/hw/init.usb.configfs.rc:20)
05-21 15:17:50.151 1 1 I init : Command 'symlink /config/usb_gadget/g1/functions/ffs.adb /config/usb_gadget/g1/configs/b.1/f1' action=sys.usb.config=adb && sys.usb.configfs=1 && sys.usb.ffs.ready=1 (/system/etc/init/hw/init.usb.configfs.rc:22) took 0ms and failed: symlink() failed: File exists
05-21 15:17:50.152 1 1 I init : Command 'write /config/usb_gadget/g1/UDC ${sys.usb.controller}' action=sys.usb.config=adb && sys.usb.configfs=1 && sys.usb.ffs.ready=1 (/system/etc/init/hw/init.usb.configfs.rc:23) took 0ms and failed: Unable to write to file '/config/usb_gadget/g1/UDC': Unable to write file contents: Device or resource busy
05-21 15:17:51.208 29262 29262 I : read descriptors
05-21 15:17:51.208 29262 29262 I : read strings
05-21 15:17:51.209 1 1 I init : processing action (sys.usb.config=adb && sys.usb.configfs=1 && sys.usb.ffs.ready=1) from (/system/etc/init/hw/init.usb.configfs.rc:20)
05-21 15:17:52.263 29262 29262 I : read descriptors
05-21 15:17:52.263 29262 29262 I : read strings
05-21 15:17:53.326 29262 29262 I : read descriptors
05-21 15:17:53.326 29262 29262 I : read strings
05-21 15:17:53.327 1 1 I init : processing action (sys.usb.config=adb && sys.usb.configfs=1 && sys.usb.ffs.ready=1) from (/system/etc/init/hw/init.usb.configfs.rc:20)
05-21 15:17:53.328 1 1 I init : Command 'symlink /config/usb_gadget/g1/functions/ffs.adb /config/usb_gadget/g1/configs/b.1/f1' action=sys.usb.config=adb && sys.usb.configfs=1 && sys.usb.ffs.ready=1 (/system/etc/init/hw/init.usb.configfs.rc:22) took 0ms and failed: symlink() failed: File exists
05-21 15:17:53.329 1 1 I init : Command 'write /config/usb_gadget/g1/UDC ${sys.usb.controller}' action=sys.usb.config=adb && sys.usb.configfs=1 && sys.usb.ffs.ready=1 (/system/etc/init/hw/init.usb.configfs.rc:23) took 0ms and failed: Unable to write to file '/config/usb_gadget/g1/UDC': Unable to write file contents: Device or resource busy
05-19 14:55:57.793 627 675 I commit_sys_config_file: [package-user-0,22]
05-21 15:17:54.386 29262 29262 I : read descriptors
05-21 15:17:54.386 29262 29262 I : read strings
05-21 15:17:54.387 1 1 I init : processing action (sys.usb.config=adb && sys.usb.configfs=1 && sys.usb.ffs.ready=1) from (/system/etc/init/hw/init.usb.configfs.rc:20)
05-21 15:17:54.389 1 1 I init : Command 'symlink /config/usb_gadget/g1/functions/ffs.adb /config/usb_gadget/g1/configs/b.1/f1' action=sys.usb.config=adb && sys.usb.configfs=1 && sys.usb.ffs.ready=1 (/system/etc/init/hw/init.usb.configfs.rc:22) took 0ms and failed: symlink() failed: File exists
05-21 15:17:54.389 1 1 I init : Command 'write /config/usb_gadget/g1/UDC ${sys.usb.controller}' action=sys.usb.config=adb && sys.usb.configfs=1 && sys.usb.ffs.ready=1 (/system/etc/init/hw/init.usb.configfs.rc:23) took 0ms and failed: Unable to write to file '/config/usb_gadget/g1/UDC': Unable to write file contents: Device or resource busy
05-19 14:55:57.865 627 652 I am_pss : [4645,10032,com.ebenkg.PDFShow,146323456,133828608,0,259805184,0,2,12]
05-21 15:17:55.450 29262 29262 I : read descriptors
05-21 15:17:55.450 29262 29262 I : read strings
05-21 15:17:55.452 1 1 I init : processing action (sys.usb.config=adb && sys.usb.configfs=1 && sys.usb.ffs.ready=1) from (/system/etc/init/hw/init.usb.configfs.rc:20)
05-21 15:17:55.456 1 1 I init : Command 'symlink /config/usb_gadget/g1/functions/ffs.adb /config/usb_gadget/g1/configs/b.1/f1' action=sys.usb.config=adb && sys.usb.configfs=1 && sys.usb.ffs.ready=1 (/system/etc/init/hw/init.usb.configfs.rc:22) took 2ms and failed: symlink() failed: File exists
05-21 15:17:55.457 1 1 I init : Command 'write /config/usb_gadget/g1/UDC ${sys.usb.controller}' action=sys.usb.config=adb && sys.usb.configfs=1 && sys.usb.ffs.ready=1 (/system/etc/init/hw/init.usb.configfs.rc:23) took 0ms and failed: Unable to write to file '/config/usb_gadget/g1/UDC': Unable to write file contents: Device or resource busy
05-21 15:17:55.876 1134 1134 I logd : start watching /data/system/packages.list ...
05-21 15:17:55.880 1134 1134 I logd : ReadPackageList, total packages: 105
05-19 14:55:59.313 627 675 I commit_sys_config_file: [package-user-0,6]
05-19 14:55:59.313 627 675 I commit_sys_config_file: [package,65]
05-21 15:17:56.523 29262 29262 I : read descriptors
05-21 15:17:56.524 29262 29262 I : read strings
05-21 15:17:56.526 1 1 I init : processing action (sys.usb.config=adb && sys.usb.configfs=1 && sys.usb.ffs.ready=1) from (/system/etc/init/hw/init.usb.configfs.rc:20)
05-21 15:17:57.583 29262 29262 I : read descriptors
05-21 15:17:57.583 29262 29262 I : read strings
05-21 15:17:58.632 29262 29262 I : read descriptors
05-21 15:17:58.632 29262 29262 I : read strings
05-21 15:17:58.633 1 1 I init : processing action (sys.usb.config=adb && sys.usb.configfs=1 && sys.usb.ffs.ready=1) from (/system/etc/init/hw/init.usb.configfs.rc:20)
05-21 15:17:58.634 1 1 I init : Command 'symlink /config/usb_gadget/g1/functions/ffs.adb /config/usb_gadget/g1/configs/b.1/f1' action=sys.usb.config=adb && sys.usb.configfs=1 && sys.usb.ffs.ready=1 (/system/etc/init/hw/init.usb.configfs.rc:22) took 0ms and failed: symlink() failed: File exists
05-21 15:17:58.634 1 1 I init : Command 'write /config/usb_gadget/g1/UDC ${sys.usb.controller}' action=sys.usb.config=adb && sys.usb.configfs=1 && sys.usb.ffs.ready=1 (/system/etc/init/hw/init.usb.configfs.rc:23) took 0ms and failed: Unable to write to file '/config/usb_gadget/g1/UDC': Unable to write file contents: Device or resource busy
05-21 15:17:59.683 29262 29262 I : read descriptors
05-21 15:17:59.683 29262 29262 I : read strings
05-21 15:17:59.685 1 1 I init : processing action (sys.usb.config=adb && sys.usb.configfs=1 && sys.usb.ffs.ready=1) from (/system/etc/init/hw/init.usb.configfs.rc:20)
05-21 15:17:59.687 1 1 I init : Command 'symlink /config/usb_gadget/g1/functions/ffs.adb /config/usb_gadget/g1/configs/b.1/f1' action=sys.usb.config=adb && sys.usb.configfs=1 && sys.usb.ffs.ready=1 (/system/etc/init/hw/init.usb.configfs.rc:22) took 0ms and failed: symlink() failed: File exists
05-21 15:17:59.687 1 1 I init : Command 'write /config/usb_gadget/g1/UDC ${sys.usb.controller}' action=sys.usb.config=adb && sys.usb.configfs=1 && sys.usb.ffs.ready=1 (/system/etc/init/hw/init.usb.configfs.rc:23) took 0ms and failed: Unable to write to file '/config/usb_gadget/g1/UDC': Unable to write file contents: Device or resource busy
05-21 15:18:00.747 29262 29262 I : read descriptors
05-21 15:18:00.747 29262 29262 I : read strings
05-21 15:18:00.749 1 1 I init : processing action (sys.usb.config=adb && sys.usb.configfs=1 && sys.usb.ffs.ready=1) from (/system/etc/init/hw/init.usb.configfs.rc:20)
05-21 15:18:00.752 1 1 I init : Command 'symlink /config/usb_gadget/g1/functions/ffs.adb /config/usb_gadget/g1/configs/b.1/f1' action=sys.usb.config=adb && sys.usb.configfs=1 && sys.usb.ffs.ready=1 (/system/etc/init/hw/init.usb.configfs.rc:22) took 0ms and failed: symlink() failed: File exists
05-21 15:18:00.753 1 1 I init : Command 'write /config/usb_gadget/g1/UDC ${sys.usb.controller}' action=sys.usb.config=adb && sys.usb.configfs=1 && sys.usb.ffs.ready=1 (/system/etc/init/hw/init.usb.configfs.rc:23) took 1ms and failed: Unable to write to file '/config/usb_gadget/g1/UDC': Unable to write file contents: Device or resource busy
05-21 15:18:01.830 29262 29262 I : read descriptors
05-21 15:18:01.830 29262 29262 I : read strings
05-21 15:18:01.832 1 1 I init : processing action (sys.usb.config=adb && sys.usb.configfs=1 && sys.usb.ffs.ready=1) from (/system/etc/init/hw/init.usb.configfs.rc:20)
05-21 15:18:02.877 29262 29262 I : read descriptors
05-21 15:18:02.877 29262 29262 I : read strings
05-21 15:18:03.929 29262 29262 I : read descriptors
05-21 15:18:03.929 29262 29262 I : read strings
05-21 15:18:03.930 1 1 I init : processing action (sys.usb.config=adb && sys.usb.configfs=1 && sys.usb.ffs.ready=1) from (/system/etc/init/hw/init.usb.configfs.rc:20)
05-21 15:18:03.932 1 1 I init : Command 'symlink /config/usb_gadget/g1/functions/ffs.adb /config/usb_gadget/g1/configs/b.1/f1' action=sys.usb.config=adb && sys.usb.configfs=1 && sys.usb.ffs.ready=1 (/system/etc/init/hw/init.usb.configfs.rc:22) took 0ms and failed: symlink() failed: File exists
05-21 15:18:03.932 1 1 I init : Command 'write /config/usb_gadget/g1/UDC ${sys.usb.controller}' action=sys.usb.config=adb && sys.usb.configfs=1 && sys.usb.ffs.ready=1 (/system/etc/init/hw/init.usb.configfs.rc:23) took 0ms and failed: Unable to write to file '/config/usb_gadget/g1/UDC': Unable to write file contents: Device or resource busy
05-19 14:56:08.354 627 652 I am_pss : [4645,10032,com.ebenkg.PDFShow,200592384,188035072,0,314216448,0,2,11]
05-21 15:18:04.976 29262 29262 I : read descriptors
05-21 15:18:04.976 29262 29262 I : read strings
05-21 15:18:04.976 1 1 I init : processing action (sys.usb.config=adb && sys.usb.configfs=1 && sys.usb.ffs.ready=1) from (/system/etc/init/hw/init.usb.configfs.rc:20)
05-21 15:18:04.977 1 1 I init : Command 'symlink /config/usb_gadget/g1/functions/ffs.adb /config/usb_gadget/g1/configs/b.1/f1' action=sys.usb.config=adb && sys.usb.configfs=1 && sys.usb.ffs.ready=1 (/system/etc/init/hw/init.usb.configfs.rc:22) took 0ms and failed: symlink() failed: File exists
05-21 15:18:04.977 1 1 I init : Command 'write /config/usb_gadget/g1/UDC ${sys.usb.controller}' action=sys.usb.config=adb && sys.usb.configfs=1 && sys.usb.ffs.ready=1 (/system/etc/init/hw/init.usb.configfs.rc:23) took 0ms and failed: Unable to write to file '/config/usb_gadget/g1/UDC': Unable to write file contents: Device or resource busy
05-21 15:18:06.033 29262 29262 I : read descriptors
05-21 15:18:06.033 29262 29262 I : read strings
05-21 15:18:06.034 1 1 I init : processing action (sys.usb.config=adb && sys.usb.configfs=1 && sys.usb.ffs.ready=1) from (/system/etc/init/hw/init.usb.configfs.rc:20)
05-21 15:18:06.035 1 1 I init : Command 'symlink /config/usb_gadget/g1/functions/ffs.adb /config/usb_gadget/g1/configs/b.1/f1' action=sys.usb.config=adb && sys.usb.configfs=1 && sys.usb.ffs.ready=1 (/system/etc/init/hw/init.usb.configfs.rc:22) took 0ms and failed: symlink() failed: File exists
05-21 15:18:06.035 1 1 I init : Command 'write /config/usb_gadget/g1/UDC ${sys.usb.controller}' action=sys.usb.config=adb && sys.usb.configfs=1 && sys.usb.ffs.ready=1 (/system/etc/init/hw/init.usb.configfs.rc:23) took 0ms and failed: Unable to write to file '/config/usb_gadget/g1/UDC': Unable to write file contents: Device or resource busy
05-21 15:18:07.086 29262 29262 I : read descriptors
05-21 15:18:07.086 29262 29262 I : read strings
05-21 15:18:07.087 1 1 I init : processing action (sys.usb.config=adb && sys.usb.configfs=1 && sys.usb.ffs.ready=1) from (/system/etc/init/hw/init.usb.configfs.rc:20)
05-21 15:18:08.137 29262 29262 I : read descriptors
05-21 15:18:08.137 29262 29262 I : read strings
05-21 15:18:09.187 29262 29262 I : read descriptors
05-21 15:18:09.187 29262 29262 I : read strings
05-21 15:18:09.189 1 1 I init : processing action (sys.usb.config=adb && sys.usb.configfs=1 && sys.usb.ffs.ready=1) from (/system/etc/init/hw/init.usb.configfs.rc:20)
05-21 15:18:09.192 1 1 I init : Command 'symlink /config/usb_gadget/g1/functions/ffs.adb /config/usb_gadget/g1/configs/b.1/f1' action=sys.usb.config=adb && sys.usb.configfs=1 && sys.usb.ffs.ready=1 (/system/etc/init/hw/init.usb.configfs.rc:22) took 0ms and failed: symlink() failed: File exists
05-21 15:18:09.192 1 1 I init : Command 'write /config/usb_gadget/g1/UDC ${sys.usb.controller}' action=sys.usb.config=adb && sys.usb.configfs=1 && sys.usb.ffs.ready=1 (/system/etc/init/hw/init.usb.configfs.rc:23) took 0ms and failed: Unable to write to file '/config/usb_gadget/g1/UDC': Unable to write file contents: Device or resource busy
05-21 15:18:10.223 29262 29262 I : read descriptors
05-21 15:18:10.223 29262 29262 I : read strings
05-21 15:18:10.225 1 1 I init : processing action (sys.usb.config=adb && sys.usb.configfs=1 && sys.usb.ffs.ready=1) from (/system/etc/init/hw/init.usb.configfs.rc:20)
05-21 15:18:10.228 1 1 I init : Command 'symlink /config/usb_gadget/g1/functions/ffs.adb /config/usb_gadget/g1/configs/b.1/f1' action=sys.usb.config=adb && sys.usb.configfs=1 && sys.usb.ffs.ready=1 (/system/etc/init/hw/init.usb.configfs.rc:22) took 0ms and failed: symlink() failed: File exists
05-21 15:18:10.229 1 1 I init : Command 'write /config/usb_gadget/g1/UDC ${sys.usb.controller}' action=sys.usb.config=adb && sys.usb.configfs=1 && sys.usb.ffs.ready=1 (/system/etc/init/hw/init.usb.configfs.rc:23) took 0ms and failed: Unable to write to file '/config/usb_gadget/g1/UDC': Unable to write file contents: Device or resource busy
05-21 15:18:11.287 29262 29262 I : read descriptors
05-21 15:18:11.287 29262 29262 I : read strings
05-21 15:18:11.288 1 1 I init : processing action (sys.usb.config=adb && sys.usb.configfs=1 && sys.usb.ffs.ready=1) from (/system/etc/init/hw/init.usb.configfs.rc:20)
05-21 15:18:11.292 1 1 I init : Command 'symlink /config/usb_gadget/g1/functions/ffs.adb /config/usb_gadget/g1/configs/b.1/f1' action=sys.usb.config=adb && sys.usb.configfs=1 && sys.usb.ffs.ready=1 (/system/etc/init/hw/init.usb.configfs.rc:22) took 0ms and failed: symlink() failed: File exists
05-21 15:18:11.292 1 1 I init : Command 'write /config/usb_gadget/g1/UDC ${sys.usb.controller}' action=sys.usb.config=adb && sys.usb.configfs=1 && sys.usb.ffs.ready=1 (/system/etc/init/hw/init.usb.configfs.rc:23) took 0ms and failed: Unable to write to file '/config/usb_gadget/g1/UDC': Unable to write file contents: Device or resource busy
05-21 15:18:12.330 29262 29262 I : read descriptors
05-21 15:18:12.330 29262 29262 I : read strings
05-21 15:18:12.332 1 1 I init : processing action (sys.usb.config=adb && sys.usb.configfs=1 && sys.usb.ffs.ready=1) from (/system/etc/init/hw/init.usb.configfs.rc:20)
05-21 15:18:13.397 29262 29262 I : read descriptors
05-21 15:18:13.397 29262 29262 I : read strings
05-21 15:18:14.441 29262 29262 I : read descriptors
05-21 15:18:14.441 29262 29262 I : read strings
05-21 15:18:14.443 1 1 I init : processing action (sys.usb.config=adb && sys.usb.configfs=1 && sys.usb.ffs.ready=1) from (/system/etc/init/hw/init.usb.configfs.rc:20)
05-21 15:18:14.445 1 1 I init : Command 'symlink /config/usb_gadget/g1/functions/ffs.adb /config/usb_gadget/g1/configs/b.1/f1' action=sys.usb.config=adb && sys.usb.configfs=1 && sys.usb.ffs.ready=1 (/system/etc/init/hw/init.usb.configfs.rc:22) took 0ms and failed: symlink() failed: File exists
05-21 15:18:14.450 1 1 I init : Command 'write /config/usb_gadget/g1/UDC ${sys.usb.controller}' action=sys.usb.config=adb && sys.usb.configfs=1 && sys.usb.ffs.ready=1 (/system/etc/init/hw/init.usb.configfs.rc:23) took 1ms and failed: Unable to write to file '/config/usb_gadget/g1/UDC': Unable to write file contents: Device or resource busy
05-21 15:18:15.486 29262 29262 I : read descriptors
05-21 15:18:15.487 29262 29262 I : read strings
05-21 15:18:15.488 1 1 I init : processing action (sys.usb.config=adb && sys.usb.configfs=1 && sys.usb.ffs.ready=1) from (/system/etc/init/hw/init.usb.configfs.rc:20)
05-21 15:18:15.491 1 1 I init : Command 'symlink /config/usb_gadget/g1/functions/ffs.adb /config/usb_gadget/g1/configs/b.1/f1' action=sys.usb.config=adb && sys.usb.configfs=1 && sys.usb.ffs.ready=1 (/system/etc/init/hw/init.usb.configfs.rc:22) took 0ms and failed: symlink() failed: File exists
05-21 15:18:15.492 1 1 I init : Command 'write /config/usb_gadget/g1/UDC ${sys.usb.controller}' action=sys.usb.config=adb && sys.usb.configfs=1 && sys.usb.ffs.ready=1 (/system/etc/init/hw/init.usb.configfs.rc:23) took 0ms and failed: Unable to write to file '/config/usb_gadget/g1/UDC': Unable to write file contents: Device or resource busy
05-21 15:18:16.540 29262 29262 I : read descriptors
05-21 15:18:16.540 29262 29262 I : read strings
05-21 15:18:16.541 1 1 I init : processing action (sys.usb.config=adb && sys.usb.configfs=1 && sys.usb.ffs.ready=1) from (/system/etc/init/hw/init.usb.configfs.rc:20)
05-21 15:18:16.543 1 1 I init : Command 'symlink /config/usb_gadget/g1/functions/ffs.adb /config/usb_gadget/g1/configs/b.1/f1' action=sys.usb.config=adb && sys.usb.configfs=1 && sys.usb.ffs.ready=1 (/system/etc/init/hw/init.usb.configfs.rc:22) took 0ms and failed: symlink() failed: File exists
05-21 15:18:16.544 1 1 I init : Command 'write /config/usb_gadget/g1/UDC ${sys.usb.controller}' action=sys.usb.config=adb && sys.usb.configfs=1 && sys.usb.ffs.ready=1 (/system/etc/init/hw/init.usb.configfs.rc:23) took 0ms and failed: Unable to write to file '/config/usb_gadget/g1/UDC': Unable to write file contents: Device or resource busy
05-21 15:18:17.587 29262 29262 I : read descriptors
05-21 15:18:17.587 29262 29262 I : read strings
05-21 15:18:17.588 1 1 I init : processing action (sys.usb.config=adb && sys.usb.configfs=1 && sys.usb.ffs.ready=1) from (/system/etc/init/hw/init.usb.configfs.rc:20)
05-21 15:18:18.643 29262 29262 I : read descriptors
05-21 15:18:18.643 29262 29262 I : read strings
05-21 15:18:19.690 29262 29262 I : read descriptors
05-21 15:18:19.690 29262 29262 I : read strings
05-21 15:18:19.693 1 1 I init : processing action (sys.usb.config=adb && sys.usb.configfs=1 && sys.usb.ffs.ready=1) from (/system/etc/init/hw/init.usb.configfs.rc:20)
05-21 15:18:19.695 1 1 I init : Command 'symlink /config/usb_gadget/g1/functions/ffs.adb /config/usb_gadget/g1/configs/b.1/f1' action=sys.usb.config=adb && sys.usb.configfs=1 && sys.usb.ffs.ready=1 (/system/etc/init/hw/init.usb.configfs.rc:22) took 0ms and failed: symlink() failed: File exists
05-21 15:18:19.696 1 1 I init : Command 'write /config/usb_gadget/g1/UDC ${sys.usb.controller}' action=sys.usb.config=adb && sys.usb.configfs=1 && sys.usb.ffs.ready=1 (/system/etc/init/hw/init.usb.configfs.rc:23) took 0ms and failed: Unable to write to file '/config/usb_gadget/g1/UDC': Unable to write file contents: Device or resource busy
05-21 15:18:20.753 29262 29262 I : read descriptors
05-21 15:18:20.754 29262 29262 I : read strings
05-21 15:18:20.755 1 1 I init : processing action (sys.usb.config=adb && sys.usb.configfs=1 && sys.usb.ffs.ready=1) from (/system/etc/init/hw/init.usb.configfs.rc:20)
05-21 15:18:20.758 1 1 I init : Command 'symlink /config/usb_gadget/g1/functions/ffs.adb /config/usb_gadget/g1/configs/b.1/f1' action=sys.usb.config=adb && sys.usb.configfs=1 && sys.usb.ffs.ready=1 (/system/etc/init/hw/init.usb.configfs.rc:22) took 0ms and failed: symlink() failed: File exists
05-21 15:18:20.760 1 1 I init : Command 'write /config/usb_gadget/g1/UDC ${sys.usb.controller}' action=sys.usb.config=adb && sys.usb.configfs=1 && sys.usb.ffs.ready=1 (/system/etc/init/hw/init.usb.configfs.rc:23) took 0ms and failed: Unable to write to file '/config/usb_gadget/g1/UDC': Unable to write file contents: Device or resource busy
05-21 15:18:21.820 29262 29262 I : read descriptors
05-21 15:18:21.820 29262 29262 I : read strings
05-21 15:18:21.822 1 1 I init : processing action (sys.usb.config=adb && sys.usb.configfs=1 && sys.usb.ffs.ready=1) from (/system/etc/init/hw/init.usb.configfs.rc:20)
05-21 15:18:21.830 1 1 I init : Command 'symlink /config/usb_gadget/g1/functions/ffs.adb /config/usb_gadget/g1/configs/b.1/f1' action=sys.usb.config=adb && sys.usb.configfs=1 && sys.usb.ffs.ready=1 (/system/etc/init/hw/init.usb.configfs.rc:22) took 5ms and failed: symlink() failed: File exists
05-21 15:18:21.832 1 1 I init : Command 'write /config/usb_gadget/g1/UDC ${sys.usb.controller}' action=sys.usb.config=adb && sys.usb.configfs=1 && sys.usb.ffs.ready=1 (/system/etc/init/hw/init.usb.configfs.rc:23) took 1ms and failed: Unable to write to file '/config/usb_gadget/g1/UDC': Unable to write file contents: Device or resource busy
05-21 15:18:22.890 29262 29262 I : read descriptors
05-21 15:18:22.890 29262 29262 I : read strings
05-21 15:18:22.891 1 1 I init : processing action (sys.usb.config=adb && sys.usb.configfs=1 && sys.usb.ffs.ready=1) from (/system/etc/init/hw/init.usb.configfs.rc:20)
05-21 15:18:23.970 29262 29262 I : read descriptors
05-21 15:18:23.970 29262 29262 I : read strings
05-21 15:18:25.010 29262 29262 I : read descriptors
05-21 15:18:25.010 29262 29262 I : read strings
05-21 15:18:25.011 1 1 I init : processing action (sys.usb.config=adb && sys.usb.configfs=1 && sys.usb.ffs.ready=1) from (/system/etc/init/hw/init.usb.configfs.rc:20)
05-21 15:18:25.014 1 1 I init : Command 'symlink /config/usb_gadget/g1/functions/ffs.adb /config/usb_gadget/g1/configs/b.1/f1' action=sys.usb.config=adb && sys.usb.configfs=1 && sys.usb.ffs.ready=1 (/system/etc/init/hw/init.usb.configfs.rc:22) took 0ms and failed: symlink() failed: File exists
05-21 15:18:25.015 1 1 I init : Command 'write /config/usb_gadget/g1/UDC ${sys.usb.controller}' action=sys.usb.config=adb && sys.usb.configfs=1 && sys.usb.ffs.ready=1 (/system/etc/init/hw/init.usb.configfs.rc:23) took 0ms and failed: Unable to write to file '/config/usb_gadget/g1/UDC': Unable to write file contents: Device or resource busy
05-19 14:56:28.515 627 710 I input_interaction: Interaction with: ecbc3b2 PopupWindow:af8df (server), PointerEventDispatcher0 (server),
05-21 15:18:26.093 29262 29262 I : read descriptors
05-21 15:18:26.094 29262 29262 I : read strings
05-21 15:18:26.095 1 1 I init : processing action (sys.usb.config=adb && sys.usb.configfs=1 && sys.usb.ffs.ready=1) from (/system/etc/init/hw/init.usb.configfs.rc:20)
