05-21 15:16:45.945 1 1 I init : processing action (sys.usb.config=adb && sys.usb.configfs=1 && sys.usb.ffs.ready=1) from (/system/etc/init/hw/init.usb.configfs.rc:20)
05-21 15:16:45.947 1 1 I init : Command 'symlink /config/usb_gadget/g1/functions/ffs.adb /config/usb_gadget/g1/configs/b.1/f1' action=sys.usb.config=adb && sys.usb.configfs=1 && sys.usb.ffs.ready=1 (/system/etc/init/hw/init.usb.configfs.rc:22) took 0ms and failed: symlink() failed: File exists
05-21 15:16:45.947 1 1 I init : Command 'write /config/usb_gadget/g1/UDC ${sys.usb.controller}' action=sys.usb.config=adb && sys.usb.configfs=1 && sys.usb.ffs.ready=1 (/system/etc/init/hw/init.usb.configfs.rc:23) took 0ms and failed: Unable to write to file '/config/usb_gadget/g1/UDC': Unable to write file contents: Device or resource busy
05-21 15:16:46.986 29262 29262 I : read descriptors
05-21 15:16:46.987 29262 29262 I : read strings
05-21 15:16:46.988 1 1 I init : processing action (sys.usb.config=adb && sys.usb.configfs=1 && sys.usb.ffs.ready=1) from (/system/etc/init/hw/init.usb.configfs.rc:20)
05-21 15:16:46.991 1 1 I init : Command 'symlink /config/usb_gadget/g1/functions/ffs.adb /config/usb_gadget/g1/configs/b.1/f1' action=sys.usb.config=adb && sys.usb.configfs=1 && sys.usb.ffs.ready=1 (/system/etc/init/hw/init.usb.configfs.rc:22) took 0ms and failed: symlink() failed: File exists
05-21 15:16:46.992 1 1 I init : Command 'write /config/usb_gadget/g1/UDC ${sys.usb.controller}' action=sys.usb.config=adb && sys.usb.configfs=1 && sys.usb.ffs.ready=1 (/system/etc/init/hw/init.usb.configfs.rc:23) took 0ms and failed: Unable to write to file '/config/usb_gadget/g1/UDC': Unable to write file contents: Device or resource busy
05-19 14:54:51.049 627 652 I am_pss : [3656,10038,com.ebensz.enote.notepad,182091776,170692608,0,328986624,0,4,41]
05-21 15:16:48.030 29262 29262 I : read descriptors
05-21 15:16:48.030 29262 29262 I : read strings
05-21 15:16:48.033 1 1 I init : processing action (sys.usb.config=adb && sys.usb.configfs=1 && sys.usb.ffs.ready=1) from (/system/etc/init/hw/init.usb.configfs.rc:20)
05-21 15:16:49.073 29262 29262 I : read descriptors
05-21 15:16:49.073 29262 29262 I : read strings
05-21 15:16:50.143 29262 29262 I : read descriptors
05-21 15:16:50.143 29262 29262 I : read strings
05-21 15:16:50.145 1 1 I init : processing action (sys.usb.config=adb && sys.usb.configfs=1 && sys.usb.ffs.ready=1) from (/system/etc/init/hw/init.usb.configfs.rc:20)
05-21 15:16:50.148 1 1 I init : Command 'symlink /config/usb_gadget/g1/functions/ffs.adb /config/usb_gadget/g1/configs/b.1/f1' action=sys.usb.config=adb && sys.usb.configfs=1 && sys.usb.ffs.ready=1 (/system/etc/init/hw/init.usb.configfs.rc:22) took 0ms and failed: symlink() failed: File exists
05-21 15:16:50.149 1 1 I init : Command 'write /config/usb_gadget/g1/UDC ${sys.usb.controller}' action=sys.usb.config=adb && sys.usb.configfs=1 && sys.usb.ffs.ready=1 (/system/etc/init/hw/init.usb.configfs.rc:23) took 0ms and failed: Unable to write to file '/config/usb_gadget/g1/UDC': Unable to write file contents: Device or resource busy
05-21 15:16:51.187 29262 29262 I : read descriptors
05-21 15:16:51.187 29262 29262 I : read strings
05-21 15:16:51.188 1 1 I init : processing action (sys.usb.config=adb && sys.usb.configfs=1 && sys.usb.ffs.ready=1) from (/system/etc/init/hw/init.usb.configfs.rc:20)
05-21 15:16:51.191 1 1 I init : Command 'symlink /config/usb_gadget/g1/functions/ffs.adb /config/usb_gadget/g1/configs/b.1/f1' action=sys.usb.config=adb && sys.usb.configfs=1 && sys.usb.ffs.ready=1 (/system/etc/init/hw/init.usb.configfs.rc:22) took 0ms and failed: symlink() failed: File exists
05-21 15:16:51.192 1 1 I init : Command 'write /config/usb_gadget/g1/UDC ${sys.usb.controller}' action=sys.usb.config=adb && sys.usb.configfs=1 && sys.usb.ffs.ready=1 (/system/etc/init/hw/init.usb.configfs.rc:23) took 0ms and failed: Unable to write to file '/config/usb_gadget/g1/UDC': Unable to write file contents: Device or resource busy
05-21 15:16:52.250 29262 29262 I : read descriptors
05-21 15:16:52.250 29262 29262 I : read strings
05-21 15:16:52.252 1 1 I init : processing action (sys.usb.config=adb && sys.usb.configfs=1 && sys.usb.ffs.ready=1) from (/system/etc/init/hw/init.usb.configfs.rc:20)
05-21 15:16:52.254 1 1 I init : Command 'symlink /config/usb_gadget/g1/functions/ffs.adb /config/usb_gadget/g1/configs/b.1/f1' action=sys.usb.config=adb && sys.usb.configfs=1 && sys.usb.ffs.ready=1 (/system/etc/init/hw/init.usb.configfs.rc:22) took 0ms and failed: symlink() failed: File exists
05-21 15:16:52.254 1 1 I init : Command 'write /config/usb_gadget/g1/UDC ${sys.usb.controller}' action=sys.usb.config=adb && sys.usb.configfs=1 && sys.usb.ffs.ready=1 (/system/etc/init/hw/init.usb.configfs.rc:23) took 0ms and failed: Unable to write to file '/config/usb_gadget/g1/UDC': Unable to write file contents: Device or resource busy
05-21 15:16:53.293 29262 29262 I : read descriptors
05-21 15:16:53.293 29262 29262 I : read strings
05-21 15:16:53.296 1 1 I init : processing action (sys.usb.config=adb && sys.usb.configfs=1 && sys.usb.ffs.ready=1) from (/system/etc/init/hw/init.usb.configfs.rc:20)
05-21 15:16:54.340 29262 29262 I : read descriptors
05-21 15:16:54.340 29262 29262 I : read strings
05-21 15:16:55.383 29262 29262 I : read descriptors
05-21 15:16:55.383 29262 29262 I : read strings
05-21 15:16:55.385 1 1 I init : processing action (sys.usb.config=adb && sys.usb.configfs=1 && sys.usb.ffs.ready=1) from (/system/etc/init/hw/init.usb.configfs.rc:20)
05-21 15:16:55.387 1 1 I init : Command 'symlink /config/usb_gadget/g1/functions/ffs.adb /config/usb_gadget/g1/configs/b.1/f1' action=sys.usb.config=adb && sys.usb.configfs=1 && sys.usb.ffs.ready=1 (/system/etc/init/hw/init.usb.configfs.rc:22) took 0ms and failed: symlink() failed: File exists
05-21 15:16:55.388 1 1 I init : Command 'write /config/usb_gadget/g1/UDC ${sys.usb.controller}' action=sys.usb.config=adb && sys.usb.configfs=1 && sys.usb.ffs.ready=1 (/system/etc/init/hw/init.usb.configfs.rc:23) took 0ms and failed: Unable to write to file '/config/usb_gadget/g1/UDC': Unable to write file contents: Device or resource busy
05-21 15:16:56.420 29262 29262 I : read descriptors
05-21 15:16:56.420 29262 29262 I : read strings
05-21 15:16:56.422 1 1 I init : processing action (sys.usb.config=adb && sys.usb.configfs=1 && sys.usb.ffs.ready=1) from (/system/etc/init/hw/init.usb.configfs.rc:20)
05-21 15:16:56.424 1 1 I init : Command 'symlink /config/usb_gadget/g1/functions/ffs.adb /config/usb_gadget/g1/configs/b.1/f1' action=sys.usb.config=adb && sys.usb.configfs=1 && sys.usb.ffs.ready=1 (/system/etc/init/hw/init.usb.configfs.rc:22) took 0ms and failed: symlink() failed: File exists
05-21 15:16:56.424 1 1 I init : Command 'write /config/usb_gadget/g1/UDC ${sys.usb.controller}' action=sys.usb.config=adb && sys.usb.configfs=1 && sys.usb.ffs.ready=1 (/system/etc/init/hw/init.usb.configfs.rc:23) took 0ms and failed: Unable to write to file '/config/usb_gadget/g1/UDC': Unable to write file contents: Device or resource busy
05-21 15:16:57.483 29262 29262 I : read descriptors
05-21 15:16:57.483 29262 29262 I : read strings
05-21 15:16:57.485 1 1 I init : processing action (sys.usb.config=adb && sys.usb.configfs=1 && sys.usb.ffs.ready=1) from (/system/etc/init/hw/init.usb.configfs.rc:20)
05-21 15:16:57.490 1 1 I init : Command 'symlink /config/usb_gadget/g1/functions/ffs.adb /config/usb_gadget/g1/configs/b.1/f1' action=sys.usb.config=adb && sys.usb.configfs=1 && sys.usb.ffs.ready=1 (/system/etc/init/hw/init.usb.configfs.rc:22) took 1ms and failed: symlink() failed: File exists
05-21 15:16:57.490 1 1 I init : Command 'write /config/usb_gadget/g1/UDC ${sys.usb.controller}' action=sys.usb.config=adb && sys.usb.configfs=1 && sys.usb.ffs.ready=1 (/system/etc/init/hw/init.usb.configfs.rc:23) took 0ms and failed: Unable to write to file '/config/usb_gadget/g1/UDC': Unable to write file contents: Device or resource busy
05-21 15:16:58.543 29262 29262 I : read descriptors
05-21 15:16:58.543 29262 29262 I : read strings
05-21 15:16:58.545 1 1 I init : processing action (sys.usb.config=adb && sys.usb.configfs=1 && sys.usb.ffs.ready=1) from (/system/etc/init/hw/init.usb.configfs.rc:20)
05-21 15:16:59.590 29262 29262 I : read descriptors
05-21 15:16:59.590 29262 29262 I : read strings
05-21 15:17:00.640 29262 29262 I : read descriptors
05-21 15:17:00.640 29262 29262 I : read strings
05-21 15:17:00.642 1 1 I init : processing action (sys.usb.config=adb && sys.usb.configfs=1 && sys.usb.ffs.ready=1) from (/system/etc/init/hw/init.usb.configfs.rc:20)
05-21 15:17:00.644 1 1 I init : Command 'symlink /config/usb_gadget/g1/functions/ffs.adb /config/usb_gadget/g1/configs/b.1/f1' action=sys.usb.config=adb && sys.usb.configfs=1 && sys.usb.ffs.ready=1 (/system/etc/init/hw/init.usb.configfs.rc:22) took 0ms and failed: symlink() failed: File exists
05-21 15:17:00.644 1 1 I init : Command 'write /config/usb_gadget/g1/UDC ${sys.usb.controller}' action=sys.usb.config=adb && sys.usb.configfs=1 && sys.usb.ffs.ready=1 (/system/etc/init/hw/init.usb.configfs.rc:23) took 0ms and failed: Unable to write to file '/config/usb_gadget/g1/UDC': Unable to write file contents: Device or resource busy
05-21 15:17:01.683 29262 29262 I : read descriptors
05-21 15:17:01.683 29262 29262 I : read strings
05-21 15:17:01.685 1 1 I init : processing action (sys.usb.config=adb && sys.usb.configfs=1 && sys.usb.ffs.ready=1) from (/system/etc/init/hw/init.usb.configfs.rc:20)
05-21 15:17:01.687 1 1 I init : Command 'symlink /config/usb_gadget/g1/functions/ffs.adb /config/usb_gadget/g1/configs/b.1/f1' action=sys.usb.config=adb && sys.usb.configfs=1 && sys.usb.ffs.ready=1 (/system/etc/init/hw/init.usb.configfs.rc:22) took 0ms and failed: symlink() failed: File exists
05-21 15:17:01.687 1 1 I init : Command 'write /config/usb_gadget/g1/UDC ${sys.usb.controller}' action=sys.usb.config=adb && sys.usb.configfs=1 && sys.usb.ffs.ready=1 (/system/etc/init/hw/init.usb.configfs.rc:23) took 0ms and failed: Unable to write to file '/config/usb_gadget/g1/UDC': Unable to write file contents: Device or resource busy
05-21 15:17:02.723 29262 29262 I : read descriptors
05-21 15:17:02.723 29262 29262 I : read strings
05-21 15:17:02.725 1 1 I init : processing action (sys.usb.config=adb && sys.usb.configfs=1 && sys.usb.ffs.ready=1) from (/system/etc/init/hw/init.usb.configfs.rc:20)
05-21 15:17:02.728 1 1 I init : Command 'symlink /config/usb_gadget/g1/functions/ffs.adb /config/usb_gadget/g1/configs/b.1/f1' action=sys.usb.config=adb && sys.usb.configfs=1 && sys.usb.ffs.ready=1 (/system/etc/init/hw/init.usb.configfs.rc:22) took 0ms and failed: symlink() failed: File exists
05-21 15:17:02.729 1 1 I init : Command 'write /config/usb_gadget/g1/UDC ${sys.usb.controller}' action=sys.usb.config=adb && sys.usb.configfs=1 && sys.usb.ffs.ready=1 (/system/etc/init/hw/init.usb.configfs.rc:23) took 0ms and failed: Unable to write to file '/config/usb_gadget/g1/UDC': Unable to write file contents: Device or resource busy
05-21 15:17:03.790 29262 29262 I : read descriptors
05-21 15:17:03.790 29262 29262 I : read strings
05-21 15:17:03.792 1 1 I init : processing action (sys.usb.config=adb && sys.usb.configfs=1 && sys.usb.ffs.ready=1) from (/system/etc/init/hw/init.usb.configfs.rc:20)
05-21 15:17:04.833 29262 29262 I : read descriptors
05-21 15:17:04.833 29262 29262 I : read strings
05-21 15:17:05.900 29262 29262 I : read descriptors
05-21 15:17:05.900 29262 29262 I : read strings
05-21 15:17:05.902 1 1 I init : processing action (sys.usb.config=adb && sys.usb.configfs=1 && sys.usb.ffs.ready=1) from (/system/etc/init/hw/init.usb.configfs.rc:20)
05-21 15:17:05.904 1 1 I init : Command 'symlink /config/usb_gadget/g1/functions/ffs.adb /config/usb_gadget/g1/configs/b.1/f1' action=sys.usb.config=adb && sys.usb.configfs=1 && sys.usb.ffs.ready=1 (/system/etc/init/hw/init.usb.configfs.rc:22) took 0ms and failed: symlink() failed: File exists
05-21 15:17:05.906 1 1 I init : Command 'write /config/usb_gadget/g1/UDC ${sys.usb.controller}' action=sys.usb.config=adb && sys.usb.configfs=1 && sys.usb.ffs.ready=1 (/system/etc/init/hw/init.usb.configfs.rc:23) took 0ms and failed: Unable to write to file '/config/usb_gadget/g1/UDC': Unable to write file contents: Device or resource busy
05-21 15:17:06.953 29262 29262 I : read descriptors
05-21 15:17:06.954 29262 29262 I : read strings
05-21 15:17:06.955 1 1 I init : processing action (sys.usb.config=adb && sys.usb.configfs=1 && sys.usb.ffs.ready=1) from (/system/etc/init/hw/init.usb.configfs.rc:20)
05-21 15:17:06.957 1 1 I init : Command 'symlink /config/usb_gadget/g1/functions/ffs.adb /config/usb_gadget/g1/configs/b.1/f1' action=sys.usb.config=adb && sys.usb.configfs=1 && sys.usb.ffs.ready=1 (/system/etc/init/hw/init.usb.configfs.rc:22) took 0ms and failed: symlink() failed: File exists
05-21 15:17:06.958 1 1 I init : Command 'write /config/usb_gadget/g1/UDC ${sys.usb.controller}' action=sys.usb.config=adb && sys.usb.configfs=1 && sys.usb.ffs.ready=1 (/system/etc/init/hw/init.usb.configfs.rc:23) took 0ms and failed: Unable to write to file '/config/usb_gadget/g1/UDC': Unable to write file contents: Device or resource busy
05-21 15:17:08.007 29262 29262 I : read descriptors
05-21 15:17:08.007 29262 29262 I : read strings
05-21 15:17:08.009 1 1 I init : processing action (sys.usb.config=adb && sys.usb.configfs=1 && sys.usb.ffs.ready=1) from (/system/etc/init/hw/init.usb.configfs.rc:20)
05-21 15:17:08.011 1 1 I init : Command 'symlink /config/usb_gadget/g1/functions/ffs.adb /config/usb_gadget/g1/configs/b.1/f1' action=sys.usb.config=adb && sys.usb.configfs=1 && sys.usb.ffs.ready=1 (/system/etc/init/hw/init.usb.configfs.rc:22) took 0ms and failed: symlink() failed: File exists
05-21 15:17:08.011 1 1 I init : Command 'write /config/usb_gadget/g1/UDC ${sys.usb.controller}' action=sys.usb.config=adb && sys.usb.configfs=1 && sys.usb.ffs.ready=1 (/system/etc/init/hw/init.usb.configfs.rc:23) took 0ms and failed: Unable to write to file '/config/usb_gadget/g1/UDC': Unable to write file contents: Device or resource busy
05-21 15:17:09.063 29262 29262 I : read descriptors
05-21 15:17:09.063 29262 29262 I : read strings
05-21 15:17:09.065 1 1 I init : processing action (sys.usb.config=adb && sys.usb.configfs=1 && sys.usb.ffs.ready=1) from (/system/etc/init/hw/init.usb.configfs.rc:20)
05-19 14:55:12.572 627 710 I input_interaction: Interaction with: a9518d0 com.ebensz.email/com.ebensz.email.activity.EmailActivity (server), PointerEventDispatcher0 (server),
05-21 15:17:10.107 29262 29262 I : read descriptors
05-21 15:17:10.107 29262 29262 I : read strings
05-21 15:17:11.143 29262 29262 I : read descriptors
05-21 15:17:11.143 29262 29262 I : read strings
05-21 15:17:11.145 1 1 I init : processing action (sys.usb.config=adb && sys.usb.configfs=1 && sys.usb.ffs.ready=1) from (/system/etc/init/hw/init.usb.configfs.rc:20)
05-21 15:17:11.148 1 1 I init : Command 'symlink /config/usb_gadget/g1/functions/ffs.adb /config/usb_gadget/g1/configs/b.1/f1' action=sys.usb.config=adb && sys.usb.configfs=1 && sys.usb.ffs.ready=1 (/system/etc/init/hw/init.usb.configfs.rc:22) took 0ms and failed: symlink() failed: File exists
05-21 15:17:11.149 1 1 I init : Command 'write /config/usb_gadget/g1/UDC ${sys.usb.controller}' action=sys.usb.config=adb && sys.usb.configfs=1 && sys.usb.ffs.ready=1 (/system/etc/init/hw/init.usb.configfs.rc:23) took 0ms and failed: Unable to write to file '/config/usb_gadget/g1/UDC': Unable to write file contents: Device or resource busy
05-19 14:55:14.857 627 11415 I wm_task_moved: [163,1,16]
05-19 14:55:14.858 627 11415 I wm_set_resumed_activity: [0,com.ebensz.email/.activity.EmailActivity,positionChildAt]
05-19 14:55:14.858 627 11415 I wm_create_activity: [0,235997460,163,com.ebensz.email/.activity.MessageCompose,com.ebensz.email.intent.action.EDIT_DRAFT,NULL,NULL,0]
05-19 14:55:14.858 627 11415 I wm_pause_activity: [0,27610987,com.ebensz.email/.activity.EmailActivity,userLeaving=true,resumeTopActivity]
05-19 14:55:14.875 7156 7156 I wm_on_top_resumed_lost_called: [27610987,com.ebensz.email.activity.EmailActivity,topStateChangedWhenResumed]
05-19 14:55:14.877 7156 7156 I wm_on_paused_called: [27610987,com.ebensz.email.activity.EmailActivity,performPause]
05-19 14:55:14.878 627 11415 I wm_add_to_stopping: [0,27610987,com.ebensz.email/.activity.EmailActivity,makeInvisible]
05-19 14:55:14.879 627 11415 I wm_restart_activity: [0,235997460,163,com.ebensz.email/.activity.MessageCompose]
05-19 14:55:14.880 627 11415 I wm_set_resumed_activity: [0,com.ebensz.email/.activity.MessageCompose,minimalResumeActivityLocked]
05-19 14:55:14.882 627 647 I sysui_multi_action: [757,803,799,window_time_0,802,48]
05-19 14:55:14.887 627 652 I am_pss : [4427,10062,com.android.exchange:remote,8328192,5824512,0,96727040,0,19,4]
05-19 14:55:14.892 627 652 I am_pss : [4449,10072,com.ebensz.email:remote,9733120,5312512,0,104808448,0,19,4]
05-19 14:55:14.905 627 710 I input_focus: [Focus leaving a9518d0 com.ebensz.email/com.ebensz.email.activity.EmailActivity (server),reason=NO_WINDOW]
05-19 14:55:15.432 7156 7156 I wm_on_create_called: [235997460,com.ebensz.email.activity.MessageCompose,performCreate]
05-19 14:55:15.432 7156 7156 I wm_on_start_called: [235997460,com.ebensz.email.activity.MessageCompose,handleStartActivity]
05-19 14:55:15.486 7156 7156 I wm_on_resume_called: [235997460,com.ebensz.email.activity.MessageCompose,RESUME_ACTIVITY]
05-19 14:55:15.489 7156 7156 I wm_on_top_resumed_gained_called: [235997460,com.ebensz.email.activity.MessageCompose,topStateChangedWhenResumed]
05-19 14:55:15.501 627 648 I input_focus: [Focus request 8b240c8 com.ebensz.email/com.ebensz.email.activity.MessageCompose,reason=UpdateInputWindows]
05-19 14:55:15.532 627 644 I wm_activity_launch_time: [0,235997460,com.ebensz.email/.activity.MessageCompose,678]
05-19 14:55:15.543 627 710 I input_focus: [Focus entering 8b240c8 com.ebensz.email/com.ebensz.email.activity.MessageCompose (server),reason=Window became focusable. Previous reason: NOT_VISIBLE]
05-21 15:17:12.196 29262 29262 I : read descriptors
05-21 15:17:12.196 29262 29262 I : read strings
05-21 15:17:12.197 1 1 I init : processing action (sys.usb.config=adb && sys.usb.configfs=1 && sys.usb.ffs.ready=1) from (/system/etc/init/hw/init.usb.configfs.rc:20)
05-21 15:17:12.200 1 1 I init : Command 'symlink /config/usb_gadget/g1/functions/ffs.adb /config/usb_gadget/g1/configs/b.1/f1' action=sys.usb.config=adb && sys.usb.configfs=1 && sys.usb.ffs.ready=1 (/system/etc/init/hw/init.usb.configfs.rc:22) took 1ms and failed: symlink() failed: File exists
05-21 15:17:12.201 1 1 I init : Command 'write /config/usb_gadget/g1/UDC ${sys.usb.controller}' action=sys.usb.config=adb && sys.usb.configfs=1 && sys.usb.ffs.ready=1 (/system/etc/init/hw/init.usb.configfs.rc:23) took 0ms and failed: Unable to write to file '/config/usb_gadget/g1/UDC': Unable to write file contents: Device or resource busy
05-19 14:55:15.728 627 647 I wm_stop_activity: [0,27610987,com.ebensz.email/.activity.EmailActivity]
05-19 14:55:15.754 7156 7156 I wm_on_stop_called: [27610987,com.ebensz.email.activity.EmailActivity,STOP_ACTIVITY_ITEM]
05-21 15:17:13.260 29262 29262 I : read descriptors
05-21 15:17:13.260 29262 29262 I : read strings
05-21 15:17:13.262 1 1 I init : processing action (sys.usb.config=adb && sys.usb.configfs=1 && sys.usb.ffs.ready=1) from (/system/etc/init/hw/init.usb.configfs.rc:20)
05-21 15:17:13.280 1 1 I init : Command 'symlink /config/usb_gadget/g1/functions/ffs.adb /config/usb_gadget/g1/configs/b.1/f1' action=sys.usb.config=adb && sys.usb.configfs=1 && sys.usb.ffs.ready=1 (/system/etc/init/hw/init.usb.configfs.rc:22) took 16ms and failed: symlink() failed: File exists
05-21 15:17:13.281 1 1 I init : Command 'write /config/usb_gadget/g1/UDC ${sys.usb.controller}' action=sys.usb.config=adb && sys.usb.configfs=1 && sys.usb.ffs.ready=1 (/system/etc/init/hw/init.usb.configfs.rc:23) took 0ms and failed: Unable to write to file '/config/usb_gadget/g1/UDC': Unable to write file contents: Device or resource busy
05-19 14:55:16.768 627 710 I input_interaction: Interaction with: 8b240c8 com.ebensz.email/com.ebensz.email.activity.MessageCompose (server), PointerEventDispatcher0 (server),
05-19 14:55:16.857 7156 7156 I menu_item_selected: [0,手写邮件]
05-19 14:55:16.860 627 11415 I wm_finish_activity: [0,235997460,163,com.ebensz.email/.activity.MessageCompose,app-request]
05-19 14:55:16.875 627 11415 I wm_pause_activity: [0,235997460,com.ebensz.email/.activity.MessageCompose,userLeaving=false,finish]
05-19 14:55:16.888 7156 7156 I wm_on_top_resumed_lost_called: [235997460,com.ebensz.email.activity.MessageCompose,topStateChangedWhenResumed]
05-19 14:55:16.894 7156 7156 I wm_on_paused_called: [235997460,com.ebensz.email.activity.MessageCompose,performPause]
05-19 14:55:16.894 627 8600 I wm_add_to_stopping: [0,235997460,com.ebensz.email/.activity.MessageCompose,completeFinishing]
05-19 14:55:16.896 627 8600 I wm_set_resumed_activity: [0,com.ebensz.email/.activity.EmailActivity,resumeTopActivity]
05-19 14:55:16.897 627 8600 I wm_resume_activity: [0,27610987,163,com.ebensz.email/.activity.EmailActivity]
05-19 14:55:16.903 627 647 I sysui_multi_action: [757,803,799,window_time_0,802,2]
05-19 14:55:16.909 627 710 I input_focus: [Focus leaving 8b240c8 com.ebensz.email/com.ebensz.email.activity.MessageCompose (server),reason=NO_WINDOW]
05-19 14:55:16.913 7156 7156 I wm_on_restart_called: [27610987,com.ebensz.email.activity.EmailActivity,performRestartActivity]
05-19 14:55:16.913 7156 7156 I wm_on_start_called: [27610987,com.ebensz.email.activity.EmailActivity,handleStartActivity]
05-19 14:55:16.914 7156 7156 I wm_on_resume_called: [27610987,com.ebensz.email.activity.EmailActivity,RESUME_ACTIVITY]
05-19 14:55:16.915 7156 7156 I wm_on_top_resumed_gained_called: [27610987,com.ebensz.email.activity.EmailActivity,topWhenResuming]
05-19 14:55:16.938 627 648 I input_focus: [Focus request a9518d0 com.ebensz.email/com.ebensz.email.activity.EmailActivity,reason=UpdateInputWindows]
05-19 14:55:17.036 627 710 I input_focus: [Focus entering a9518d0 com.ebensz.email/com.ebensz.email.activity.EmailActivity (server),reason=Window became focusable. Previous reason: NOT_VISIBLE]
05-19 14:55:17.222 627 647 I wm_destroy_activity: [0,235997460,163,com.ebensz.email/.activity.MessageCompose,finish-imm:idle]
05-19 14:55:17.249 7156 7156 I wm_on_stop_called: [235997460,com.ebensz.email.activity.MessageCompose,LIFECYCLER_STOP_ACTIVITY]
05-19 14:55:17.251 7156 7156 I wm_on_destroy_called: [235997460,com.ebensz.email.activity.MessageCompose,performDestroy]
05-21 15:17:14.319 29262 29262 I : read descriptors
05-21 15:17:14.320 29262 29262 I : read strings
05-21 15:17:14.320 1 1 I init : processing action (sys.usb.config=adb && sys.usb.configfs=1 && sys.usb.ffs.ready=1) from (/system/etc/init/hw/init.usb.configfs.rc:20)
05-19 14:55:18.126 627 710 I input_interaction: Interaction with: a9518d0 com.ebensz.email/com.ebensz.email.activity.EmailActivity (server), PointerEventDispatcher0 (server),
05-21 15:17:15.376 29262 29262 I : read descriptors
05-21 15:17:15.376 29262 29262 I : read strings
05-21 15:17:16.423 29262 29262 I : read descriptors
05-21 15:17:16.423 29262 29262 I : read strings
05-21 15:17:16.423 1 1 I init : processing action (sys.usb.config=adb && sys.usb.configfs=1 && sys.usb.ffs.ready=1) from (/system/etc/init/hw/init.usb.configfs.rc:20)
05-21 15:17:16.424 1 1 I init : Command 'symlink /config/usb_gadget/g1/functions/ffs.adb /config/usb_gadget/g1/configs/b.1/f1' action=sys.usb.config=adb && sys.usb.configfs=1 && sys.usb.ffs.ready=1 (/system/etc/init/hw/init.usb.configfs.rc:22) took 0ms and failed: symlink() failed: File exists
05-21 15:17:16.424 1 1 I init : Command 'write /config/usb_gadget/g1/UDC ${sys.usb.controller}' action=sys.usb.config=adb && sys.usb.configfs=1 && sys.usb.ffs.ready=1 (/system/etc/init/hw/init.usb.configfs.rc:23) took 0ms and failed: Unable to write to file '/config/usb_gadget/g1/UDC': Unable to write file contents: Device or resource busy
05-21 15:17:17.467 29262 29262 I : read descriptors
05-21 15:17:17.467 29262 29262 I : read strings
05-21 15:17:17.468 1 1 I init : processing action (sys.usb.config=adb && sys.usb.configfs=1 && sys.usb.ffs.ready=1) from (/system/etc/init/hw/init.usb.configfs.rc:20)
05-21 15:17:17.470 1 1 I init : Command 'symlink /config/usb_gadget/g1/functions/ffs.adb /config/usb_gadget/g1/configs/b.1/f1' action=sys.usb.config=adb && sys.usb.configfs=1 && sys.usb.ffs.ready=1 (/system/etc/init/hw/init.usb.configfs.rc:22) took 0ms and failed: symlink() failed: File exists
05-21 15:17:17.470 1 1 I init : Command 'write /config/usb_gadget/g1/UDC ${sys.usb.controller}' action=sys.usb.config=adb && sys.usb.configfs=1 && sys.usb.ffs.ready=1 (/system/etc/init/hw/init.usb.configfs.rc:23) took 0ms and failed: Unable to write to file '/config/usb_gadget/g1/UDC': Unable to write file contents: Device or resource busy
05-21 15:17:18.526 29262 29262 I : read descriptors
05-21 15:17:18.526 29262 29262 I : read strings
05-21 15:17:18.527 1 1 I init : processing action (sys.usb.config=adb && sys.usb.configfs=1 && sys.usb.ffs.ready=1) from (/system/etc/init/hw/init.usb.configfs.rc:20)
05-21 15:17:18.528 1 1 I init : Command 'symlink /config/usb_gadget/g1/functions/ffs.adb /config/usb_gadget/g1/configs/b.1/f1' action=sys.usb.config=adb && sys.usb.configfs=1 && sys.usb.ffs.ready=1 (/system/etc/init/hw/init.usb.configfs.rc:22) took 0ms and failed: symlink() failed: File exists
05-21 15:17:18.528 1 1 I init : Command 'write /config/usb_gadget/g1/UDC ${sys.usb.controller}' action=sys.usb.config=adb && sys.usb.configfs=1 && sys.usb.ffs.ready=1 (/system/etc/init/hw/init.usb.configfs.rc:23) took 0ms and failed: Unable to write to file '/config/usb_gadget/g1/UDC': Unable to write file contents: Device or resource busy
05-21 15:17:19.610 29262 29262 I : read descriptors
05-21 15:17:19.610 29262 29262 I : read strings
05-21 15:17:19.612 1 1 I init : processing action (sys.usb.config=adb && sys.usb.configfs=1 && sys.usb.ffs.ready=1) from (/system/etc/init/hw/init.usb.configfs.rc:20)
05-19 14:55:23.973 627 710 I input_interaction: Interaction with: d7a6ca1 NavigationBar0 (server), PointerEventDispatcher0 (server),
05-21 15:17:20.679 29262 29262 I : read descriptors
05-21 15:17:20.680 29262 29262 I : read strings
05-19 14:55:24.113 627 8600 I wm_task_moved: [1,0,0]
05-19 14:55:24.114 627 8600 I wm_task_moved: [1,0,15]
05-19 14:55:24.123 1030 1030 I wm_on_restart_called: [214771548,com.android.launcher3.uioverrides.QuickstepLauncher,performRestartActivity]
05-19 14:55:24.132 1030 1030 I wm_on_start_called: [214771548,com.android.launcher3.uioverrides.QuickstepLauncher,handleStartActivity]
05-19 14:55:24.137 627 648 I input_focus: [Focus request recents_animation_input_consumer,reason=UpdateInputWindows]
05-19 14:55:24.151 1030 1030 I sysui_latency: [1,-174112543]
05-19 14:55:24.165 627 644 I sysui_multi_action: [319,12,322,48,325,80213,757,761,758,9,759,5,806,com.android.launcher3,871,com.android.launcher3.uioverrides.QuickstepLauncher,905,0,1320,4,1321,1]
05-19 14:55:24.177 627 710 I input_focus: [Focus leaving a9518d0 com.ebensz.email/com.ebensz.email.activity.EmailActivity (server),reason=NOT_FOCUSABLE]
05-19 14:55:24.177 627 710 I input_focus: [Focus entering recents_animation_input_consumer (server),reason=setFocusedWindow]
05-19 14:55:24.462 627 652 I sysui_latency: [8,47]
05-21 15:17:21.719 29262 29262 I : read descriptors
05-21 15:17:21.719 29262 29262 I : read strings
05-21 15:17:21.720 1 1 I init : processing action (sys.usb.config=adb && sys.usb.configfs=1 && sys.usb.ffs.ready=1) from (/system/etc/init/hw/init.usb.configfs.rc:20)
05-21 15:17:21.721 1 1 I init : Command 'symlink /config/usb_gadget/g1/functions/ffs.adb /config/usb_gadget/g1/configs/b.1/f1' action=sys.usb.config=adb && sys.usb.configfs=1 && sys.usb.ffs.ready=1 (/system/etc/init/hw/init.usb.configfs.rc:22) took 0ms and failed: symlink() failed: File exists
05-21 15:17:21.721 1 1 I init : Command 'write /config/usb_gadget/g1/UDC ${sys.usb.controller}' action=sys.usb.config=adb && sys.usb.configfs=1 && sys.usb.ffs.ready=1 (/system/etc/init/hw/init.usb.configfs.rc:23) took 0ms and failed: Unable to write to file '/config/usb_gadget/g1/UDC': Unable to write file contents: Device or resource busy
05-19 14:55:25.204 627 710 I input_interaction: Interaction with: recents_animation_input_consumer (server), PointerEventDispatcher0 (server),
05-19 14:55:25.270 627 11415 I wm_task_moved: [1,1,16]
05-19 14:55:25.270 627 11415 I wm_focused_root_task: [0,0,1,163,startActivityFromRecents]
05-19 14:55:25.271 7156 7156 I wm_on_top_resumed_lost_called: [27610987,com.ebensz.email.activity.EmailActivity,topStateChangedWhenResumed]
05-19 14:55:25.271 627 11415 I wm_task_moved: [161,1,16]
05-19 14:55:25.271 627 11415 I wm_task_to_front: [0,161]
05-19 14:55:25.271 627 11415 I wm_focused_root_task: [0,0,161,1,moveTaskToFront findTaskToMoveToFront]
05-19 14:55:25.271 627 11415 I wm_set_resumed_activity: [0,com.ebensz.enote.notepad/.BrowserActivity,moveTaskToFront findTaskToMoveToFront]
05-19 14:55:25.271 627 11415 I wm_pause_activity: [0,27610987,com.ebensz.email/.activity.EmailActivity,userLeaving=true,pauseBackTasks]
05-19 14:55:25.276 7156 7156 I wm_on_paused_called: [27610987,com.ebensz.email.activity.EmailActivity,performPause]
05-19 14:55:25.283 627 11415 I wm_set_resumed_activity: [0,com.ebensz.enote.notepad/.BrowserActivity,resumeTopActivity]
05-19 14:55:25.283 627 11415 I wm_add_to_stopping: [0,27610987,com.ebensz.email/.activity.EmailActivity,makeInvisible]
05-19 14:55:25.284 627 11415 I wm_resume_activity: [0,257228524,161,com.ebensz.enote.notepad/.BrowserActivity]
05-19 14:55:25.288 627 647 I sysui_multi_action: [757,803,799,window_time_0,802,8]
05-19 14:55:25.294 3656 3656 I wm_on_restart_called: [257228524,com.ebensz.enote.notepad.BrowserActivity,performRestartActivity]
05-19 14:55:25.299 3656 3656 I wm_on_start_called: [257228524,com.ebensz.enote.notepad.BrowserActivity,handleStartActivity]
05-19 14:55:25.300 3656 3656 I wm_on_resume_called: [257228524,com.ebensz.enote.notepad.BrowserActivity,RESUME_ACTIVITY]
05-19 14:55:25.300 3656 3656 I wm_on_top_resumed_gained_called: [257228524,com.ebensz.enote.notepad.BrowserActivity,topWhenResuming]
05-19 14:55:25.317 627 648 I input_focus: [Focus request 53d4416 com.ebensz.enote.notepad/com.ebensz.enote.notepad.BrowserActivity,reason=UpdateInputWindows]
05-19 14:55:25.320 627 648 I input_focus: [Focus request recents_animation_input_consumer,reason=UpdateInputWindows]
05-19 14:55:25.337 627 710 I input_focus: [Focus leaving recents_animation_input_consumer (server),reason=Waiting for window because NOT_VISIBLE]
05-19 14:55:25.343 627 710 I input_focus: [Focus entering recents_animation_input_consumer (server),reason=setFocusedWindow]
05-19 14:55:25.354 627 644 I sysui_multi_action: [319,48,321,46,322,80,325,80215,757,761,758,9,759,1,806,com.ebensz.enote.notepad,871,com.ebensz.enote.notepad.BrowserActivity,904,com.ebensz.enote.notepad,905,0,1320,4,1321,1]
05-19 14:55:25.692 627 11415 I wm_task_moved: [1,0,13]
05-19 14:55:25.693 627 11415 I wm_add_to_stopping: [0,214771548,com.android.launcher3/.uioverrides.QuickstepLauncher,makeInvisible]
05-19 14:55:25.698 627 647 I wm_stop_activity: [0,214771548,com.android.launcher3/.uioverrides.QuickstepLauncher]
05-19 14:55:25.699 627 647 I wm_stop_activity: [0,27610987,com.ebensz.email/.activity.EmailActivity]
05-19 14:55:25.699 627 648 I input_focus: [Focus request 53d4416 com.ebensz.enote.notepad/com.ebensz.enote.notepad.BrowserActivity,reason=UpdateInputWindows]
05-19 14:55:25.700 7156 7156 I wm_on_stop_called: [27610987,com.ebensz.email.activity.EmailActivity,STOP_ACTIVITY_ITEM]
05-19 14:55:25.717 1030 1030 I wm_on_stop_called: [214771548,com.android.launcher3.uioverrides.QuickstepLauncher,STOP_ACTIVITY_ITEM]
05-19 14:55:25.726 627 710 I input_focus: [Focus leaving recents_animation_input_consumer (server),reason=NOT_VISIBLE]
05-19 14:55:25.728 627 710 I input_focus: [Focus entering 53d4416 com.ebensz.enote.notepad/com.ebensz.enote.notepad.BrowserActivity (server),reason=setFocusedWindow]
05-21 15:17:22.760 29262 29262 I : read descriptors
05-21 15:17:22.760 29262 29262 I : read strings
05-21 15:17:22.762 1 1 I init : processing action (sys.usb.config=adb && sys.usb.configfs=1 && sys.usb.ffs.ready=1) from (/system/etc/init/hw/init.usb.configfs.rc:20)
05-21 15:17:22.763 1 1 I init : Command 'symlink /config/usb_gadget/g1/functions/ffs.adb /config/usb_gadget/g1/configs/b.1/f1' action=sys.usb.config=adb && sys.usb.configfs=1 && sys.usb.ffs.ready=1 (/system/etc/init/hw/init.usb.configfs.rc:22) took 0ms and failed: symlink() failed: File exists
05-21 15:17:22.764 1 1 I init : Command 'write /config/usb_gadget/g1/UDC ${sys.usb.controller}' action=sys.usb.config=adb && sys.usb.configfs=1 && sys.usb.ffs.ready=1 (/system/etc/init/hw/init.usb.configfs.rc:23) took 0ms and failed: Unable to write to file '/config/usb_gadget/g1/UDC': Unable to write file contents: Device or resource busy
05-19 14:55:26.782 627 653 I am_uid_idle: 10062
05-21 15:17:23.813 29262 29262 I : read descriptors
05-21 15:17:23.813 29262 29262 I : read strings
05-21 15:17:23.815 1 1 I init : processing action (sys.usb.config=adb && sys.usb.configfs=1 && sys.usb.ffs.ready=1) from (/system/etc/init/hw/init.usb.configfs.rc:20)
05-21 15:17:23.817 1 1 I init : Command 'symlink /config/usb_gadget/g1/functions/ffs.adb /config/usb_gadget/g1/configs/b.1/f1' action=sys.usb.config=adb && sys.usb.configfs=1 && sys.usb.ffs.ready=1 (/system/etc/init/hw/init.usb.configfs.rc:22) took 0ms and failed: symlink() failed: File exists
05-21 15:17:23.818 1 1 I init : Command 'write /config/usb_gadget/g1/UDC ${sys.usb.controller}' action=sys.usb.config=adb && sys.usb.configfs=1 && sys.usb.ffs.ready=1 (/system/etc/init/hw/init.usb.configfs.rc:23) took 0ms and failed: Unable to write to file '/config/usb_gadget/g1/UDC': Unable to write file contents: Device or resource busy
05-19 14:55:27.891 627 710 I input_interaction: Interaction with: 53d4416 com.ebensz.enote.notepad/com.ebensz.enote.notepad.BrowserActivity (server), PointerEventDispatcher0 (server),
05-21 15:17:24.867 29262 29262 I : read descriptors
05-21 15:17:24.867 29262 29262 I : read strings
05-21 15:17:24.868 1 1 I init : processing action (sys.usb.config=adb && sys.usb.configfs=1 && sys.usb.ffs.ready=1) from (/system/etc/init/hw/init.usb.configfs.rc:20)
05-21 15:17:25.913 29262 29262 I : read descriptors
05-21 15:17:25.913 29262 29262 I : read strings
05-21 15:17:26.970 29262 29262 I : read descriptors
05-21 15:17:26.970 29262 29262 I : read strings
05-21 15:17:26.972 1 1 I init : processing action (sys.usb.config=adb && sys.usb.configfs=1 && sys.usb.ffs.ready=1) from (/system/etc/init/hw/init.usb.configfs.rc:20)
05-21 15:17:26.974 1 1 I init : Command 'symlink /config/usb_gadget/g1/functions/ffs.adb /config/usb_gadget/g1/configs/b.1/f1' action=sys.usb.config=adb && sys.usb.configfs=1 && sys.usb.ffs.ready=1 (/system/etc/init/hw/init.usb.configfs.rc:22) took 0ms and failed: symlink() failed: File exists
05-21 15:17:26.975 1 1 I init : Command 'write /config/usb_gadget/g1/UDC ${sys.usb.controller}' action=sys.usb.config=adb && sys.usb.configfs=1 && sys.usb.ffs.ready=1 (/system/etc/init/hw/init.usb.configfs.rc:23) took 0ms and failed: Unable to write to file '/config/usb_gadget/g1/UDC': Unable to write file contents: Device or resource busy
05-21 15:17:28.051 29262 29262 I : read descriptors
05-21 15:17:28.051 29262 29262 I : read strings
05-21 15:17:28.053 1 1 I init : processing action (sys.usb.config=adb && sys.usb.configfs=1 && sys.usb.ffs.ready=1) from (/system/etc/init/hw/init.usb.configfs.rc:20)
05-21 15:17:28.058 1 1 I init : Command 'symlink /config/usb_gadget/g1/functions/ffs.adb /config/usb_gadget/g1/configs/b.1/f1' action=sys.usb.config=adb && sys.usb.configfs=1 && sys.usb.ffs.ready=1 (/system/etc/init/hw/init.usb.configfs.rc:22) took 3ms and failed: symlink() failed: File exists
05-21 15:17:28.060 1 1 I init : Command 'write /config/usb_gadget/g1/UDC ${sys.usb.controller}' action=sys.usb.config=adb && sys.usb.configfs=1 && sys.usb.ffs.ready=1 (/system/etc/init/hw/init.usb.configfs.rc:23) took 1ms and failed: Unable to write to file '/config/usb_gadget/g1/UDC': Unable to write file contents: Device or resource busy
05-19 14:55:32.299 627 648 I input_focus: [Focus request b40dee9 com.ebensz.enote.notepad/com.ebensz.enote.notepad.BrowserActivity,reason=UpdateInputWindows]
05-19 14:55:32.327 627 710 I input_focus: [Focus leaving 53d4416 com.ebensz.enote.notepad/com.ebensz.enote.notepad.BrowserActivity (server),reason=Waiting for window because NOT_VISIBLE]
05-19 14:55:32.341 627 710 I input_focus: [Focus entering b40dee9 com.ebensz.enote.notepad/com.ebensz.enote.notepad.BrowserActivity (server),reason=Window became focusable. Previous reason: NOT_VISIBLE]
05-21 15:17:29.109 29262 29262 I : read descriptors
05-21 15:17:29.110 29262 29262 I : read strings
05-21 15:17:29.111 1 1 I init : processing action (sys.usb.config=adb && sys.usb.configfs=1 && sys.usb.ffs.ready=1) from (/system/etc/init/hw/init.usb.configfs.rc:20)
05-21 15:17:29.113 1 1 I init : Command 'symlink /config/usb_gadget/g1/functions/ffs.adb /config/usb_gadget/g1/configs/b.1/f1' action=sys.usb.config=adb && sys.usb.configfs=1 && sys.usb.ffs.ready=1 (/system/etc/init/hw/init.usb.configfs.rc:22) took 1ms and failed: symlink() failed: File exists
05-21 15:17:29.114 1 1 I init : Command 'write /config/usb_gadget/g1/UDC ${sys.usb.controller}' action=sys.usb.config=adb && sys.usb.configfs=1 && sys.usb.ffs.ready=1 (/system/etc/init/hw/init.usb.configfs.rc:23) took 0ms and failed: Unable to write to file '/config/usb_gadget/g1/UDC': Unable to write file contents: Device or resource busy
05-19 14:55:32.623 627 5232 I wm_task_moved: [161,1,16]
05-19 14:55:32.624 627 5232 I wm_set_resumed_activity: [0,com.ebensz.enote.notepad/.BrowserActivity,positionChildAt]
05-19 14:55:32.624 627 5232 I wm_create_activity: [0,150641101,161,com.ebensz.filemanager/.activity.SaveFileUdiskActivity,com.ebensz.filemanager.action.NAV_FMC_SAVE_FILE_UDISK,NULL,NULL,0]
05-19 14:55:32.625 627 5232 I wm_pause_activity: [0,257228524,com.ebensz.enote.notepad/.BrowserActivity,userLeaving=true,resumeTopActivity]
05-19 14:55:32.653 627 648 I input_focus: [Focus request 53d4416 com.ebensz.enote.notepad/com.ebensz.enote.notepad.BrowserActivity,reason=UpdateInputWindows]
05-19 14:55:32.654 3656 3656 I wm_on_top_resumed_lost_called: [257228524,com.ebensz.enote.notepad.BrowserActivity,topStateChangedWhenResumed]
05-19 14:55:32.655 3656 3656 I wm_on_paused_called: [257228524,com.ebensz.enote.notepad.BrowserActivity,performPause]
05-19 14:55:32.657 627 11415 I wm_restart_activity: [0,150641101,161,com.ebensz.filemanager/.activity.SaveFileUdiskActivity]
05-19 14:55:32.657 627 11415 I wm_set_resumed_activity: [0,com.ebensz.filemanager/.activity.SaveFileUdiskActivity,minimalResumeActivityLocked]
05-19 14:55:32.658 627 647 I am_uid_active: 10040
05-19 14:55:32.660 627 647 I sysui_multi_action: [757,803,799,window_time_0,802,8]
05-19 14:55:32.666 627 710 I input_focus: [Focus entering 53d4416 com.ebensz.enote.notepad/com.ebensz.enote.notepad.BrowserActivity (server),reason=setFocusedWindow]
05-19 14:55:32.760 2197 2197 I wm_on_create_called: [150641101,com.ebensz.filemanager.activity.SaveFileUdiskActivity,performCreate]
05-19 14:55:32.761 2197 2197 I wm_on_start_called: [150641101,com.ebensz.filemanager.activity.SaveFileUdiskActivity,handleStartActivity]
05-19 14:55:32.762 2197 2197 I wm_on_resume_called: [150641101,com.ebensz.filemanager.activity.SaveFileUdiskActivity,RESUME_ACTIVITY]
05-19 14:55:32.765 2197 2197 I wm_on_top_resumed_gained_called: [150641101,com.ebensz.filemanager.activity.SaveFileUdiskActivity,topStateChangedWhenResumed]
05-19 14:55:32.770 627 648 I input_focus: [Focus request 691e22e com.ebensz.filemanager/com.ebensz.filemanager.activity.SaveFileUdiskActivity,reason=UpdateInputWindows]
05-19 14:55:32.783 627 644 I sysui_multi_action: [319,166,322,165,325,80222,757,761,758,8,759,2,806,com.ebensz.filemanager,871,com.ebensz.filemanager.activity.SaveFileUdiskActivity,904,com.ebensz.enote.notepad,905,0,1320,4,1321,2]
05-19 14:55:32.784 627 644 I wm_activity_launch_time: [0,150641101,com.ebensz.filemanager/.activity.SaveFileUdiskActivity,165]
05-19 14:55:32.795 627 710 I input_focus: [Focus leaving 53d4416 com.ebensz.enote.notepad/com.ebensz.enote.notepad.BrowserActivity (server),reason=setFocusedWindow]
05-19 14:55:32.795 627 710 I input_focus: [Focus entering 691e22e com.ebensz.filemanager/com.ebensz.filemanager.activity.SaveFileUdiskActivity (server),reason=setFocusedWindow]
05-21 15:17:30.160 29262 29262 I : read descriptors
05-21 15:17:30.160 29262 29262 I : read strings
05-21 15:17:30.163 1 1 I init : processing action (sys.usb.config=adb && sys.usb.configfs=1 && sys.usb.ffs.ready=1) from (/system/etc/init/hw/init.usb.configfs.rc:20)
05-19 14:55:34.108 627 710 I input_interaction: Interaction with: 691e22e com.ebensz.filemanager/com.ebensz.filemanager.activity.SaveFileUdiskActivity (server), PointerEventDispatcher0 (server),
05-19 14:55:34.203 627 8600 I wm_finish_activity: [0,150641101,161,com.ebensz.filemanager/.activity.SaveFileUdiskActivity,app-request]
05-19 14:55:34.221 627 8600 I wm_pause_activity: [0,150641101,com.ebensz.filemanager/.activity.SaveFileUdiskActivity,userLeaving=false,finish]
05-19 14:55:34.227 2197 2197 I wm_on_top_resumed_lost_called: [150641101,com.ebensz.filemanager.activity.SaveFileUdiskActivity,topStateChangedWhenResumed]
05-19 14:55:34.228 2197 2197 I wm_on_paused_called: [150641101,com.ebensz.filemanager.activity.SaveFileUdiskActivity,performPause]
05-19 14:55:34.237 627 8600 I wm_set_resumed_activity: [0,com.ebensz.enote.notepad/.BrowserActivity,resumeTopActivity]
05-19 14:55:34.239 627 8600 I wm_resume_activity: [0,257228524,161,com.ebensz.enote.notepad/.BrowserActivity]
05-19 14:55:34.251 627 648 I input_focus: [Focus request 53d4416 com.ebensz.enote.notepad/com.ebensz.enote.notepad.BrowserActivity,reason=UpdateInputWindows]
05-19 14:55:34.251 627 647 I sysui_multi_action: [757,803,799,window_time_0,802,1]
05-19 14:55:34.252 627 710 I input_focus: [Focus leaving 691e22e com.ebensz.filemanager/com.ebensz.filemanager.activity.SaveFileUdiskActivity (server),reason=NO_WINDOW]
05-19 14:55:34.270 627 710 I input_focus: [Focus entering 53d4416 com.ebensz.enote.notepad/com.ebensz.enote.notepad.BrowserActivity (server),reason=setFocusedWindow]
05-19 14:55:34.295 3656 3656 I wm_on_activity_result_called: [257228524,com.ebensz.enote.notepad.BrowserActivity,ACTIVITY_RESULT]
05-19 14:55:34.295 3656 3656 I wm_on_resume_called: [257228524,com.ebensz.enote.notepad.BrowserActivity,RESUME_ACTIVITY]
05-19 14:55:34.296 3656 3656 I wm_on_top_resumed_gained_called: [257228524,com.ebensz.enote.notepad.BrowserActivity,topWhenResuming]
05-19 14:55:34.321 627 648 I input_focus: [Focus request 3aeee54 导出,reason=UpdateInputWindows]
05-19 14:55:34.343 627 710 I input_focus: [Focus leaving 53d4416 com.ebensz.enote.notepad/com.ebensz.enote.notepad.BrowserActivity (server),reason=Waiting for window because NO_WINDOW]
05-19 14:55:34.360 627 944 I wm_destroy_activity: [0,150641101,161,com.ebensz.filemanager/.activity.SaveFileUdiskActivity,finish-idle]
05-19 14:55:34.375 2197 2197 I wm_on_stop_called: [150641101,com.ebensz.filemanager.activity.SaveFileUdiskActivity,LIFECYCLER_STOP_ACTIVITY]
05-19 14:55:34.380 627 710 I input_focus: [Focus entering 3aeee54 导出 (server),reason=Window became focusable. Previous reason: NOT_VISIBLE]
05-19 14:55:34.386 2197 2197 I wm_on_destroy_called: [150641101,com.ebensz.filemanager.activity.SaveFileUdiskActivity,performDestroy]
05-19 14:55:34.395 627 653 I am_wtf : [0,627,system_server,-1,ActivityManager,Sending non-protected broadcast com.ebensz.softkeyboard.inputModeChange from system 2146:com.ebensz.softkeyboard/1000 pkg com.ebensz.softkeyboard]
05-21 15:17:31.240 29262 29262 I : read descriptors
05-21 15:17:31.240 29262 29262 I : read strings
05-19 14:55:35.662 627 710 I input_interaction: Interaction with: 3aeee54 导出 (server), PointerEventDispatcher0 (server),
05-21 15:17:32.317 29262 29262 I : read descriptors
05-21 15:17:32.317 29262 29262 I : read strings
05-21 15:17:32.320 1 1 I init : processing action (sys.usb.config=adb && sys.usb.configfs=1 && sys.usb.ffs.ready=1) from (/system/etc/init/hw/init.usb.configfs.rc:20)
05-21 15:17:32.323 1 1 I init : Command 'symlink /config/usb_gadget/g1/functions/ffs.adb /config/usb_gadget/g1/configs/b.1/f1' action=sys.usb.config=adb && sys.usb.configfs=1 && sys.usb.ffs.ready=1 (/system/etc/init/hw/init.usb.configfs.rc:22) took 1ms and failed: symlink() failed: File exists
05-21 15:17:32.327 1 1 I init : Command 'write /config/usb_gadget/g1/UDC ${sys.usb.controller}' action=sys.usb.config=adb && sys.usb.configfs=1 && sys.usb.ffs.ready=1 (/system/etc/init/hw/init.usb.configfs.rc:23) took 3ms and failed: Unable to write to file '/config/usb_gadget/g1/UDC': Unable to write file contents: Device or resource busy
05-19 14:55:35.789 627 648 I input_focus: [Focus request 53d4416 com.ebensz.enote.notepad/com.ebensz.enote.notepad.BrowserActivity,reason=UpdateInputWindows]
05-19 14:55:35.802 627 710 I input_focus: [Focus entering 53d4416 com.ebensz.enote.notepad/com.ebensz.enote.notepad.BrowserActivity (server),reason=setFocusedWindow]
05-19 14:55:35.857 627 648 I input_focus: [Focus request a520526 导出,reason=UpdateInputWindows]
05-21 15:17:32.435 4406 4406 W binder_transaction: 7 callbacks suppressed
05-21 15:17:32.435 4406 4406 I binder : 1275:4406 transaction failed 29201/-28, size 104-0 line 2921
05-19 14:55:35.891 627 710 I input_focus: [Focus leaving 53d4416 com.ebensz.enote.notepad/com.ebensz.enote.notepad.BrowserActivity (server),reason=Waiting for window because NO_WINDOW]
05-19 14:55:35.891 627 710 I input_focus: [Focus entering a520526 导出 (server),reason=Window became focusable. Previous reason: NO_WINDOW]
05-21 15:17:32.624 4407 4407 I binder : 1275:4407 transaction failed 29201/-28, size 104-0 line 2921
05-21 15:17:33.161 4407 4407 I binder : 1275:4407 transaction failed 29201/-28, size 104-0 line 2921
05-21 15:17:33.198 4407 4407 I binder : 1275:4407 transaction failed 29201/-28, size 104-0 line 2921
05-21 15:17:33.366 29262 29262 I : read descriptors
05-21 15:17:33.366 29262 29262 I : read strings
05-21 15:17:33.366 1 1 I init : processing action (sys.usb.config=adb && sys.usb.configfs=1 && sys.usb.ffs.ready=1) from (/system/etc/init/hw/init.usb.configfs.rc:20)
05-21 15:17:33.367 1 1 I init : Command 'symlink /config/usb_gadget/g1/functions/ffs.adb /config/usb_gadget/g1/configs/b.1/f1' action=sys.usb.config=adb && sys.usb.configfs=1 && sys.usb.ffs.ready=1 (/system/etc/init/hw/init.usb.configfs.rc:22) took 0ms and failed: symlink() failed: File exists
05-21 15:17:33.367 1 1 I init : Command 'write /config/usb_gadget/g1/UDC ${sys.usb.controller}' action=sys.usb.config=adb && sys.usb.configfs=1 && sys.usb.ffs.ready=1 (/system/etc/init/hw/init.usb.configfs.rc:23) took 0ms and failed: Unable to write to file '/config/usb_gadget/g1/UDC': Unable to write file contents: Device or resource busy
05-21 15:17:33.655 4407 4407 I binder : 1275:4407 transaction failed 29201/-28, size 104-0 line 2921
05-21 15:17:33.676 4407 4407 I binder : 1275:4407 transaction failed 29201/-28, size 104-0 line 2921
05-21 15:17:34.167 4407 4407 I binder : 1275:4407 transaction failed 29201/-28, size 104-0 line 2921
05-21 15:17:34.185 4407 4407 I binder : 1275:4407 transaction failed 29201/-28, size 104-0 line 2921
05-21 15:17:34.399 29262 29262 I : read descriptors
05-21 15:17:34.399 29262 29262 I : read strings
05-21 15:17:34.400 1 1 I init : processing action (sys.usb.config=adb && sys.usb.configfs=1 && sys.usb.ffs.ready=1) from (/system/etc/init/hw/init.usb.configfs.rc:20)
05-21 15:17:34.400 1 1 I init : Command 'symlink /config/usb_gadget/g1/functions/ffs.adb /config/usb_gadget/g1/configs/b.1/f1' action=sys.usb.config=adb && sys.usb.configfs=1 && sys.usb.ffs.ready=1 (/system/etc/init/hw/init.usb.configfs.rc:22) took 0ms and failed: symlink() failed: File exists
05-21 15:17:34.400 1 1 I init : Command 'write /config/usb_gadget/g1/UDC ${sys.usb.controller}' action=sys.usb.config=adb && sys.usb.configfs=1 && sys.usb.ffs.ready=1 (/system/etc/init/hw/init.usb.configfs.rc:23) took 0ms and failed: Unable to write to file '/config/usb_gadget/g1/UDC': Unable to write file contents: Device or resource busy
05-21 15:17:34.690 4407 4407 I binder : 1275:4407 transaction failed 29201/-28, size 104-0 line 2921
05-21 15:17:34.731 4407 4407 I binder : 1275:4407 transaction failed 29201/-28, size 104-0 line 2921
05-21 15:17:35.436 29262 29262 I : read descriptors
05-21 15:17:35.436 29262 29262 I : read strings
05-21 15:17:35.437 1 1 I init : processing action (sys.usb.config=adb && sys.usb.configfs=1 && sys.usb.ffs.ready=1) from (/system/etc/init/hw/init.usb.configfs.rc:20)
05-21 15:17:36.483 29262 29262 I : read descriptors
05-21 15:17:36.483 29262 29262 I : read strings
05-21 15:17:37.487 4407 4407 W binder_transaction: 6 callbacks suppressed
05-21 15:17:37.487 4407 4407 I binder : 1275:4407 transaction failed 29201/-28, size 104-0 line 2921
05-21 15:17:37.519 29262 29262 I : read descriptors
05-21 15:17:37.519 29262 29262 I : read strings
05-21 15:17:37.520 1 1 I init : processing action (sys.usb.config=adb && sys.usb.configfs=1 && sys.usb.ffs.ready=1) from (/system/etc/init/hw/init.usb.configfs.rc:20)
05-21 15:17:37.521 1 1 I init : Command 'symlink /config/usb_gadget/g1/functions/ffs.adb /config/usb_gadget/g1/configs/b.1/f1' action=sys.usb.config=adb && sys.usb.configfs=1 && sys.usb.ffs.ready=1 (/system/etc/init/hw/init.usb.configfs.rc:22) took 0ms and failed: symlink() failed: File exists
