05-21 15:22:56.961 1 1 I init : Command 'symlink /config/usb_gadget/g1/functions/ffs.adb /config/usb_gadget/g1/configs/b.1/f1' action=sys.usb.config=adb && sys.usb.configfs=1 && sys.usb.ffs.ready=1 (/system/etc/init/hw/init.usb.configfs.rc:22) took 0ms and failed: symlink() failed: File exists
05-21 15:22:56.962 1 1 I init : Command 'write /config/usb_gadget/g1/UDC ${sys.usb.controller}' action=sys.usb.config=adb && sys.usb.configfs=1 && sys.usb.ffs.ready=1 (/system/etc/init/hw/init.usb.configfs.rc:23) took 0ms and failed: Unable to write to file '/config/usb_gadget/g1/UDC': Unable to write file contents: Device or resource busy
05-19 15:00:44.644 627 645 I wm_new_intent: [0,214771548,29,com.android.launcher3/.uioverrides.QuickstepLauncher,android.intent.action.MAIN,NULL,NULL,268435712]
05-19 15:00:44.644 627 645 I wm_task_moved: [1,1,15]
05-19 15:00:44.644 1030 1030 I wm_on_top_resumed_lost_called: [214771548,com.android.launcher3.uioverrides.QuickstepLauncher,pausing]
05-19 15:00:44.645 627 645 I wm_set_resumed_activity: [0,com.android.launcher3/.uioverrides.QuickstepLauncher,positionChildAt]
05-19 15:00:44.645 1030 1030 I wm_on_paused_called: [214771548,com.android.launcher3.uioverrides.QuickstepLauncher,performPause]
05-19 15:00:44.645 1030 1030 I wm_on_resume_called: [214771548,com.android.launcher3.uioverrides.QuickstepLauncher,LIFECYCLER_RESUME_ACTIVITY]
05-19 15:00:44.646 1030 1030 I wm_on_top_resumed_gained_called: [214771548,com.android.launcher3.uioverrides.QuickstepLauncher,topWhenResuming]
05-21 15:22:58.004 29262 29262 I : read descriptors
05-21 15:22:58.004 29262 29262 I : read strings
05-21 15:22:58.006 1 1 I init : processing action (sys.usb.config=adb && sys.usb.configfs=1 && sys.usb.ffs.ready=1) from (/system/etc/init/hw/init.usb.configfs.rc:20)
05-21 15:22:59.071 29262 29262 I : read descriptors
05-21 15:22:59.071 29262 29262 I : read strings
05-19 15:00:46.804 627 627 I notification_enqueue: [10098,25952,com.baidu.appsearch,2131755453,NULL,0,Notification(channel=手机管理、安全检测相关通知 shortcut=null contentView=null vibrate=null sound=null defaults=0x0 flags=0x62 color=0x00000000 vis=PRIVATE),1]
05-21 15:23:00.141 29262 29262 I : read descriptors
05-21 15:23:00.141 29262 29262 I : read strings
05-21 15:23:00.143 1 1 I init : processing action (sys.usb.config=adb && sys.usb.configfs=1 && sys.usb.ffs.ready=1) from (/system/etc/init/hw/init.usb.configfs.rc:20)
05-21 15:23:00.145 1 1 I init : Command 'symlink /config/usb_gadget/g1/functions/ffs.adb /config/usb_gadget/g1/configs/b.1/f1' action=sys.usb.config=adb && sys.usb.configfs=1 && sys.usb.ffs.ready=1 (/system/etc/init/hw/init.usb.configfs.rc:22) took 0ms and failed: symlink() failed: File exists
05-21 15:23:00.146 1 1 I init : Command 'write /config/usb_gadget/g1/UDC ${sys.usb.controller}' action=sys.usb.config=adb && sys.usb.configfs=1 && sys.usb.ffs.ready=1 (/system/etc/init/hw/init.usb.configfs.rc:23) took 0ms and failed: Unable to write to file '/config/usb_gadget/g1/UDC': Unable to write file contents: Device or resource busy
05-21 15:23:01.207 29262 29262 I : read descriptors
05-21 15:23:01.208 29262 29262 I : read strings
05-21 15:23:01.209 1 1 I init : processing action (sys.usb.config=adb && sys.usb.configfs=1 && sys.usb.ffs.ready=1) from (/system/etc/init/hw/init.usb.configfs.rc:20)
05-21 15:23:01.212 1 1 I init : Command 'symlink /config/usb_gadget/g1/functions/ffs.adb /config/usb_gadget/g1/configs/b.1/f1' action=sys.usb.config=adb && sys.usb.configfs=1 && sys.usb.ffs.ready=1 (/system/etc/init/hw/init.usb.configfs.rc:22) took 0ms and failed: symlink() failed: File exists
05-21 15:23:01.212 1 1 I init : Command 'write /config/usb_gadget/g1/UDC ${sys.usb.controller}' action=sys.usb.config=adb && sys.usb.configfs=1 && sys.usb.ffs.ready=1 (/system/etc/init/hw/init.usb.configfs.rc:23) took 0ms and failed: Unable to write to file '/config/usb_gadget/g1/UDC': Unable to write file contents: Device or resource busy
05-21 15:23:02.261 29262 29262 I : read descriptors
05-21 15:23:02.261 29262 29262 I : read strings
05-21 15:23:02.263 1 1 I init : processing action (sys.usb.config=adb && sys.usb.configfs=1 && sys.usb.ffs.ready=1) from (/system/etc/init/hw/init.usb.configfs.rc:20)
05-21 15:23:02.265 1 1 I init : Command 'symlink /config/usb_gadget/g1/functions/ffs.adb /config/usb_gadget/g1/configs/b.1/f1' action=sys.usb.config=adb && sys.usb.configfs=1 && sys.usb.ffs.ready=1 (/system/etc/init/hw/init.usb.configfs.rc:22) took 0ms and failed: symlink() failed: File exists
05-21 15:23:02.267 1 1 I init : Command 'write /config/usb_gadget/g1/UDC ${sys.usb.controller}' action=sys.usb.config=adb && sys.usb.configfs=1 && sys.usb.ffs.ready=1 (/system/etc/init/hw/init.usb.configfs.rc:23) took 0ms and failed: Unable to write to file '/config/usb_gadget/g1/UDC': Unable to write file contents: Device or resource busy
05-21 15:23:03.304 29262 29262 I : read descriptors
05-21 15:23:03.304 29262 29262 I : read strings
05-21 15:23:03.306 1 1 I init : processing action (sys.usb.config=adb && sys.usb.configfs=1 && sys.usb.ffs.ready=1) from (/system/etc/init/hw/init.usb.configfs.rc:20)
05-21 15:23:04.364 29262 29262 I : read descriptors
05-21 15:23:04.364 29262 29262 I : read strings
05-21 15:23:05.421 29262 29262 I : read descriptors
05-21 15:23:05.421 29262 29262 I : read strings
05-21 15:23:05.424 1 1 I init : processing action (sys.usb.config=adb && sys.usb.configfs=1 && sys.usb.ffs.ready=1) from (/system/etc/init/hw/init.usb.configfs.rc:20)
05-21 15:23:05.426 1 1 I init : Command 'symlink /config/usb_gadget/g1/functions/ffs.adb /config/usb_gadget/g1/configs/b.1/f1' action=sys.usb.config=adb && sys.usb.configfs=1 && sys.usb.ffs.ready=1 (/system/etc/init/hw/init.usb.configfs.rc:22) took 0ms and failed: symlink() failed: File exists
05-21 15:23:05.426 1 1 I init : Command 'write /config/usb_gadget/g1/UDC ${sys.usb.controller}' action=sys.usb.config=adb && sys.usb.configfs=1 && sys.usb.ffs.ready=1 (/system/etc/init/hw/init.usb.configfs.rc:23) took 0ms and failed: Unable to write to file '/config/usb_gadget/g1/UDC': Unable to write file contents: Device or resource busy
05-21 15:23:06.471 29262 29262 I : read descriptors
05-21 15:23:06.471 29262 29262 I : read strings
05-21 15:23:06.472 1 1 I init : processing action (sys.usb.config=adb && sys.usb.configfs=1 && sys.usb.ffs.ready=1) from (/system/etc/init/hw/init.usb.configfs.rc:20)
05-21 15:23:06.475 1 1 I init : Command 'symlink /config/usb_gadget/g1/functions/ffs.adb /config/usb_gadget/g1/configs/b.1/f1' action=sys.usb.config=adb && sys.usb.configfs=1 && sys.usb.ffs.ready=1 (/system/etc/init/hw/init.usb.configfs.rc:22) took 0ms and failed: symlink() failed: File exists
05-21 15:23:06.476 1 1 I init : Command 'write /config/usb_gadget/g1/UDC ${sys.usb.controller}' action=sys.usb.config=adb && sys.usb.configfs=1 && sys.usb.ffs.ready=1 (/system/etc/init/hw/init.usb.configfs.rc:23) took 0ms and failed: Unable to write to file '/config/usb_gadget/g1/UDC': Unable to write file contents: Device or resource busy
05-21 15:23:07.537 29262 29262 I : read descriptors
05-21 15:23:07.537 29262 29262 I : read strings
05-21 15:23:07.539 1 1 I init : processing action (sys.usb.config=adb && sys.usb.configfs=1 && sys.usb.ffs.ready=1) from (/system/etc/init/hw/init.usb.configfs.rc:20)
05-21 15:23:07.542 1 1 I init : Command 'symlink /config/usb_gadget/g1/functions/ffs.adb /config/usb_gadget/g1/configs/b.1/f1' action=sys.usb.config=adb && sys.usb.configfs=1 && sys.usb.ffs.ready=1 (/system/etc/init/hw/init.usb.configfs.rc:22) took 0ms and failed: symlink() failed: File exists
05-21 15:23:07.543 1 1 I init : Command 'write /config/usb_gadget/g1/UDC ${sys.usb.controller}' action=sys.usb.config=adb && sys.usb.configfs=1 && sys.usb.ffs.ready=1 (/system/etc/init/hw/init.usb.configfs.rc:23) took 0ms and failed: Unable to write to file '/config/usb_gadget/g1/UDC': Unable to write file contents: Device or resource busy
05-21 15:23:08.584 29262 29262 I : read descriptors
05-21 15:23:08.584 29262 29262 I : read strings
05-21 15:23:08.586 1 1 I init : processing action (sys.usb.config=adb && sys.usb.configfs=1 && sys.usb.ffs.ready=1) from (/system/etc/init/hw/init.usb.configfs.rc:20)
05-21 15:23:09.634 29262 29262 I : read descriptors
05-21 15:23:09.634 29262 29262 I : read strings
05-21 15:23:10.697 29262 29262 I : read descriptors
05-21 15:23:10.697 29262 29262 I : read strings
05-21 15:23:10.700 1 1 I init : processing action (sys.usb.config=adb && sys.usb.configfs=1 && sys.usb.ffs.ready=1) from (/system/etc/init/hw/init.usb.configfs.rc:20)
05-21 15:23:10.701 1 1 I init : Command 'symlink /config/usb_gadget/g1/functions/ffs.adb /config/usb_gadget/g1/configs/b.1/f1' action=sys.usb.config=adb && sys.usb.configfs=1 && sys.usb.ffs.ready=1 (/system/etc/init/hw/init.usb.configfs.rc:22) took 0ms and failed: symlink() failed: File exists
05-21 15:23:10.702 1 1 I init : Command 'write /config/usb_gadget/g1/UDC ${sys.usb.controller}' action=sys.usb.config=adb && sys.usb.configfs=1 && sys.usb.ffs.ready=1 (/system/etc/init/hw/init.usb.configfs.rc:23) took 0ms and failed: Unable to write to file '/config/usb_gadget/g1/UDC': Unable to write file contents: Device or resource busy
05-21 15:23:11.754 29262 29262 I : read descriptors
05-21 15:23:11.754 29262 29262 I : read strings
05-21 15:23:11.759 1 1 I init : processing action (sys.usb.config=adb && sys.usb.configfs=1 && sys.usb.ffs.ready=1) from (/system/etc/init/hw/init.usb.configfs.rc:20)
05-21 15:23:11.761 1 1 I init : Command 'symlink /config/usb_gadget/g1/functions/ffs.adb /config/usb_gadget/g1/configs/b.1/f1' action=sys.usb.config=adb && sys.usb.configfs=1 && sys.usb.ffs.ready=1 (/system/etc/init/hw/init.usb.configfs.rc:22) took 0ms and failed: symlink() failed: File exists
05-21 15:23:11.761 1 1 I init : Command 'write /config/usb_gadget/g1/UDC ${sys.usb.controller}' action=sys.usb.config=adb && sys.usb.configfs=1 && sys.usb.ffs.ready=1 (/system/etc/init/hw/init.usb.configfs.rc:23) took 0ms and failed: Unable to write to file '/config/usb_gadget/g1/UDC': Unable to write file contents: Device or resource busy
05-21 15:23:12.816 29262 29262 I : read descriptors
05-21 15:23:12.816 29262 29262 I : read strings
05-21 15:23:12.817 1 1 I init : processing action (sys.usb.config=adb && sys.usb.configfs=1 && sys.usb.ffs.ready=1) from (/system/etc/init/hw/init.usb.configfs.rc:20)
05-21 15:23:12.819 1 1 I init : Command 'symlink /config/usb_gadget/g1/functions/ffs.adb /config/usb_gadget/g1/configs/b.1/f1' action=sys.usb.config=adb && sys.usb.configfs=1 && sys.usb.ffs.ready=1 (/system/etc/init/hw/init.usb.configfs.rc:22) took 0ms and failed: symlink() failed: File exists
05-21 15:23:12.819 1 1 I init : Command 'write /config/usb_gadget/g1/UDC ${sys.usb.controller}' action=sys.usb.config=adb && sys.usb.configfs=1 && sys.usb.ffs.ready=1 (/system/etc/init/hw/init.usb.configfs.rc:23) took 0ms and failed: Unable to write to file '/config/usb_gadget/g1/UDC': Unable to write file contents: Device or resource busy
05-19 15:01:00.609 627 645 I wm_new_intent: [0,214771548,29,com.android.launcher3/.uioverrides.QuickstepLauncher,android.intent.action.MAIN,NULL,NULL,268435712]
05-19 15:01:00.610 627 645 I wm_task_moved: [1,1,15]
05-19 15:01:00.610 1030 1030 I wm_on_top_resumed_lost_called: [214771548,com.android.launcher3.uioverrides.QuickstepLauncher,pausing]
05-19 15:01:00.610 627 645 I wm_set_resumed_activity: [0,com.android.launcher3/.uioverrides.QuickstepLauncher,positionChildAt]
05-19 15:01:00.610 1030 1030 I wm_on_paused_called: [214771548,com.android.launcher3.uioverrides.QuickstepLauncher,performPause]
05-19 15:01:00.611 1030 1030 I wm_on_resume_called: [214771548,com.android.launcher3.uioverrides.QuickstepLauncher,LIFECYCLER_RESUME_ACTIVITY]
05-19 15:01:00.611 1030 1030 I wm_on_top_resumed_gained_called: [214771548,com.android.launcher3.uioverrides.QuickstepLauncher,topWhenResuming]
05-21 15:23:13.855 29262 29262 I : read descriptors
05-21 15:23:13.855 29262 29262 I : read strings
05-21 15:23:13.857 1 1 I init : processing action (sys.usb.config=adb && sys.usb.configfs=1 && sys.usb.ffs.ready=1) from (/system/etc/init/hw/init.usb.configfs.rc:20)
05-21 15:23:14.908 29262 29262 I : read descriptors
05-21 15:23:14.908 29262 29262 I : read strings
05-21 15:23:15.974 29262 29262 I : read descriptors
05-21 15:23:15.974 29262 29262 I : read strings
05-21 15:23:15.976 1 1 I init : processing action (sys.usb.config=adb && sys.usb.configfs=1 && sys.usb.ffs.ready=1) from (/system/etc/init/hw/init.usb.configfs.rc:20)
05-21 15:23:15.978 1 1 I init : Command 'symlink /config/usb_gadget/g1/functions/ffs.adb /config/usb_gadget/g1/configs/b.1/f1' action=sys.usb.config=adb && sys.usb.configfs=1 && sys.usb.ffs.ready=1 (/system/etc/init/hw/init.usb.configfs.rc:22) took 0ms and failed: symlink() failed: File exists
05-21 15:23:15.978 1 1 I init : Command 'write /config/usb_gadget/g1/UDC ${sys.usb.controller}' action=sys.usb.config=adb && sys.usb.configfs=1 && sys.usb.ffs.ready=1 (/system/etc/init/hw/init.usb.configfs.rc:23) took 0ms and failed: Unable to write to file '/config/usb_gadget/g1/UDC': Unable to write file contents: Device or resource busy
05-21 15:23:17.017 29262 29262 I : read descriptors
05-21 15:23:17.017 29262 29262 I : read strings
05-21 15:23:17.019 1 1 I init : processing action (sys.usb.config=adb && sys.usb.configfs=1 && sys.usb.ffs.ready=1) from (/system/etc/init/hw/init.usb.configfs.rc:20)
05-21 15:23:17.022 1 1 I init : Command 'symlink /config/usb_gadget/g1/functions/ffs.adb /config/usb_gadget/g1/configs/b.1/f1' action=sys.usb.config=adb && sys.usb.configfs=1 && sys.usb.ffs.ready=1 (/system/etc/init/hw/init.usb.configfs.rc:22) took 0ms and failed: symlink() failed: File exists
05-21 15:23:17.023 1 1 I init : Command 'write /config/usb_gadget/g1/UDC ${sys.usb.controller}' action=sys.usb.config=adb && sys.usb.configfs=1 && sys.usb.ffs.ready=1 (/system/etc/init/hw/init.usb.configfs.rc:23) took 0ms and failed: Unable to write to file '/config/usb_gadget/g1/UDC': Unable to write file contents: Device or resource busy
05-21 15:23:18.064 29262 29262 I : read descriptors
05-21 15:23:18.064 29262 29262 I : read strings
05-21 15:23:18.066 1 1 I init : processing action (sys.usb.config=adb && sys.usb.configfs=1 && sys.usb.ffs.ready=1) from (/system/etc/init/hw/init.usb.configfs.rc:20)
05-21 15:23:18.068 1 1 I init : Command 'symlink /config/usb_gadget/g1/functions/ffs.adb /config/usb_gadget/g1/configs/b.1/f1' action=sys.usb.config=adb && sys.usb.configfs=1 && sys.usb.ffs.ready=1 (/system/etc/init/hw/init.usb.configfs.rc:22) took 0ms and failed: symlink() failed: File exists
05-21 15:23:18.068 1 1 I init : Command 'write /config/usb_gadget/g1/UDC ${sys.usb.controller}' action=sys.usb.config=adb && sys.usb.configfs=1 && sys.usb.ffs.ready=1 (/system/etc/init/hw/init.usb.configfs.rc:23) took 0ms and failed: Unable to write to file '/config/usb_gadget/g1/UDC': Unable to write file contents: Device or resource busy
05-21 15:23:19.111 29262 29262 I : read descriptors
05-21 15:23:19.111 29262 29262 I : read strings
05-21 15:23:19.113 1 1 I init : processing action (sys.usb.config=adb && sys.usb.configfs=1 && sys.usb.ffs.ready=1) from (/system/etc/init/hw/init.usb.configfs.rc:20)
05-19 15:01:06.736 627 645 I wm_new_intent: [0,214771548,29,com.android.launcher3/.uioverrides.QuickstepLauncher,android.intent.action.MAIN,NULL,NULL,268435712]
05-19 15:01:06.736 627 645 I wm_task_moved: [1,1,15]
05-19 15:01:06.737 627 645 I wm_set_resumed_activity: [0,com.android.launcher3/.uioverrides.QuickstepLauncher,positionChildAt]
05-19 15:01:06.739 1030 1030 I wm_on_top_resumed_lost_called: [214771548,com.android.launcher3.uioverrides.QuickstepLauncher,pausing]
05-19 15:01:06.739 1030 1030 I wm_on_paused_called: [214771548,com.android.launcher3.uioverrides.QuickstepLauncher,performPause]
05-19 15:01:06.740 1030 1030 I wm_on_resume_called: [214771548,com.android.launcher3.uioverrides.QuickstepLauncher,LIFECYCLER_RESUME_ACTIVITY]
05-19 15:01:06.740 1030 1030 I wm_on_top_resumed_gained_called: [214771548,com.android.launcher3.uioverrides.QuickstepLauncher,topWhenResuming]
05-21 15:23:20.158 29262 29262 I : read descriptors
05-21 15:23:20.158 29262 29262 I : read strings
05-21 15:23:21.194 29262 29262 I : read descriptors
05-21 15:23:21.194 29262 29262 I : read strings
05-21 15:23:21.196 1 1 I init : processing action (sys.usb.config=adb && sys.usb.configfs=1 && sys.usb.ffs.ready=1) from (/system/etc/init/hw/init.usb.configfs.rc:20)
05-21 15:23:21.199 1 1 I init : Command 'symlink /config/usb_gadget/g1/functions/ffs.adb /config/usb_gadget/g1/configs/b.1/f1' action=sys.usb.config=adb && sys.usb.configfs=1 && sys.usb.ffs.ready=1 (/system/etc/init/hw/init.usb.configfs.rc:22) took 0ms and failed: symlink() failed: File exists
05-21 15:23:21.199 1 1 I init : Command 'write /config/usb_gadget/g1/UDC ${sys.usb.controller}' action=sys.usb.config=adb && sys.usb.configfs=1 && sys.usb.ffs.ready=1 (/system/etc/init/hw/init.usb.configfs.rc:23) took 0ms and failed: Unable to write to file '/config/usb_gadget/g1/UDC': Unable to write file contents: Device or resource busy
05-21 15:23:22.234 29262 29262 I : read descriptors
05-21 15:23:22.234 29262 29262 I : read strings
05-21 15:23:22.236 1 1 I init : processing action (sys.usb.config=adb && sys.usb.configfs=1 && sys.usb.ffs.ready=1) from (/system/etc/init/hw/init.usb.configfs.rc:20)
05-21 15:23:22.239 1 1 I init : Command 'symlink /config/usb_gadget/g1/functions/ffs.adb /config/usb_gadget/g1/configs/b.1/f1' action=sys.usb.config=adb && sys.usb.configfs=1 && sys.usb.ffs.ready=1 (/system/etc/init/hw/init.usb.configfs.rc:22) took 0ms and failed: symlink() failed: File exists
05-21 15:23:22.245 1 1 I init : Command 'write /config/usb_gadget/g1/UDC ${sys.usb.controller}' action=sys.usb.config=adb && sys.usb.configfs=1 && sys.usb.ffs.ready=1 (/system/etc/init/hw/init.usb.configfs.rc:23) took 6ms and failed: Unable to write to file '/config/usb_gadget/g1/UDC': Unable to write file contents: Device or resource busy
05-21 15:23:23.284 29262 29262 I : read descriptors
05-21 15:23:23.284 29262 29262 I : read strings
05-21 15:23:23.286 1 1 I init : processing action (sys.usb.config=adb && sys.usb.configfs=1 && sys.usb.ffs.ready=1) from (/system/etc/init/hw/init.usb.configfs.rc:20)
05-21 15:23:23.288 1 1 I init : Command 'symlink /config/usb_gadget/g1/functions/ffs.adb /config/usb_gadget/g1/configs/b.1/f1' action=sys.usb.config=adb && sys.usb.configfs=1 && sys.usb.ffs.ready=1 (/system/etc/init/hw/init.usb.configfs.rc:22) took 0ms and failed: symlink() failed: File exists
05-21 15:23:23.289 1 1 I init : Command 'write /config/usb_gadget/g1/UDC ${sys.usb.controller}' action=sys.usb.config=adb && sys.usb.configfs=1 && sys.usb.ffs.ready=1 (/system/etc/init/hw/init.usb.configfs.rc:23) took 0ms and failed: Unable to write to file '/config/usb_gadget/g1/UDC': Unable to write file contents: Device or resource busy
05-21 15:23:24.331 29262 29262 I : read descriptors
05-21 15:23:24.331 29262 29262 I : read strings
05-21 15:23:24.333 1 1 I init : processing action (sys.usb.config=adb && sys.usb.configfs=1 && sys.usb.ffs.ready=1) from (/system/etc/init/hw/init.usb.configfs.rc:20)
05-21 15:23:25.374 29262 29262 I : read descriptors
05-21 15:23:25.374 29262 29262 I : read strings
05-21 15:23:26.414 29262 29262 I : read descriptors
05-21 15:23:26.414 29262 29262 I : read strings
05-21 15:23:26.416 1 1 I init : processing action (sys.usb.config=adb && sys.usb.configfs=1 && sys.usb.ffs.ready=1) from (/system/etc/init/hw/init.usb.configfs.rc:20)
05-21 15:23:26.419 1 1 I init : Command 'symlink /config/usb_gadget/g1/functions/ffs.adb /config/usb_gadget/g1/configs/b.1/f1' action=sys.usb.config=adb && sys.usb.configfs=1 && sys.usb.ffs.ready=1 (/system/etc/init/hw/init.usb.configfs.rc:22) took 0ms and failed: symlink() failed: File exists
05-21 15:23:26.420 1 1 I init : Command 'write /config/usb_gadget/g1/UDC ${sys.usb.controller}' action=sys.usb.config=adb && sys.usb.configfs=1 && sys.usb.ffs.ready=1 (/system/etc/init/hw/init.usb.configfs.rc:23) took 0ms and failed: Unable to write to file '/config/usb_gadget/g1/UDC': Unable to write file contents: Device or resource busy
05-21 15:23:27.461 29262 29262 I : read descriptors
05-21 15:23:27.461 29262 29262 I : read strings
05-21 15:23:27.463 1 1 I init : processing action (sys.usb.config=adb && sys.usb.configfs=1 && sys.usb.ffs.ready=1) from (/system/etc/init/hw/init.usb.configfs.rc:20)
05-21 15:23:27.465 1 1 I init : Command 'symlink /config/usb_gadget/g1/functions/ffs.adb /config/usb_gadget/g1/configs/b.1/f1' action=sys.usb.config=adb && sys.usb.configfs=1 && sys.usb.ffs.ready=1 (/system/etc/init/hw/init.usb.configfs.rc:22) took 0ms and failed: symlink() failed: File exists
05-21 15:23:27.465 1 1 I init : Command 'write /config/usb_gadget/g1/UDC ${sys.usb.controller}' action=sys.usb.config=adb && sys.usb.configfs=1 && sys.usb.ffs.ready=1 (/system/etc/init/hw/init.usb.configfs.rc:23) took 0ms and failed: Unable to write to file '/config/usb_gadget/g1/UDC': Unable to write file contents: Device or resource busy
05-21 15:23:28.501 29262 29262 I : read descriptors
05-21 15:23:28.501 29262 29262 I : read strings
05-21 15:23:28.503 1 1 I init : processing action (sys.usb.config=adb && sys.usb.configfs=1 && sys.usb.ffs.ready=1) from (/system/etc/init/hw/init.usb.configfs.rc:20)
05-21 15:23:28.506 1 1 I init : Command 'symlink /config/usb_gadget/g1/functions/ffs.adb /config/usb_gadget/g1/configs/b.1/f1' action=sys.usb.config=adb && sys.usb.configfs=1 && sys.usb.ffs.ready=1 (/system/etc/init/hw/init.usb.configfs.rc:22) took 0ms and failed: symlink() failed: File exists
05-21 15:23:28.507 1 1 I init : Command 'write /config/usb_gadget/g1/UDC ${sys.usb.controller}' action=sys.usb.config=adb && sys.usb.configfs=1 && sys.usb.ffs.ready=1 (/system/etc/init/hw/init.usb.configfs.rc:23) took 1ms and failed: Unable to write to file '/config/usb_gadget/g1/UDC': Unable to write file contents: Device or resource busy
05-21 15:23:29.544 29262 29262 I : read descriptors
05-21 15:23:29.544 29262 29262 I : read strings
05-21 15:23:29.546 1 1 I init : processing action (sys.usb.config=adb && sys.usb.configfs=1 && sys.usb.ffs.ready=1) from (/system/etc/init/hw/init.usb.configfs.rc:20)
05-19 15:01:17.647 627 645 I wm_new_intent: [0,214771548,29,com.android.launcher3/.uioverrides.QuickstepLauncher,android.intent.action.MAIN,NULL,NULL,268435712]
05-19 15:01:17.648 627 645 I wm_task_moved: [1,1,15]
05-19 15:01:17.648 1030 1030 I wm_on_top_resumed_lost_called: [214771548,com.android.launcher3.uioverrides.QuickstepLauncher,pausing]
05-19 15:01:17.648 1030 1030 I wm_on_paused_called: [214771548,com.android.launcher3.uioverrides.QuickstepLauncher,performPause]
05-19 15:01:17.649 1030 1030 I wm_on_resume_called: [214771548,com.android.launcher3.uioverrides.QuickstepLauncher,LIFECYCLER_RESUME_ACTIVITY]
05-19 15:01:17.649 1030 1030 I wm_on_top_resumed_gained_called: [214771548,com.android.launcher3.uioverrides.QuickstepLauncher,topWhenResuming]
05-19 15:01:17.650 627 645 I wm_set_resumed_activity: [0,com.android.launcher3/.uioverrides.QuickstepLauncher,positionChildAt]
05-21 15:23:30.601 29262 29262 I : read descriptors
05-21 15:23:30.601 29262 29262 I : read strings
05-21 15:23:31.663 29262 29262 I : read descriptors
05-21 15:23:31.663 29262 29262 I : read strings
05-21 15:23:31.665 1 1 I init : processing action (sys.usb.config=adb && sys.usb.configfs=1 && sys.usb.ffs.ready=1) from (/system/etc/init/hw/init.usb.configfs.rc:20)
05-21 15:23:31.668 1 1 I init : Command 'symlink /config/usb_gadget/g1/functions/ffs.adb /config/usb_gadget/g1/configs/b.1/f1' action=sys.usb.config=adb && sys.usb.configfs=1 && sys.usb.ffs.ready=1 (/system/etc/init/hw/init.usb.configfs.rc:22) took 0ms and failed: symlink() failed: File exists
05-21 15:23:31.668 1 1 I init : Command 'write /config/usb_gadget/g1/UDC ${sys.usb.controller}' action=sys.usb.config=adb && sys.usb.configfs=1 && sys.usb.ffs.ready=1 (/system/etc/init/hw/init.usb.configfs.rc:23) took 0ms and failed: Unable to write to file '/config/usb_gadget/g1/UDC': Unable to write file contents: Device or resource busy
05-21 15:23:32.714 29262 29262 I : read descriptors
05-21 15:23:32.714 29262 29262 I : read strings
05-21 15:23:32.716 1 1 I init : processing action (sys.usb.config=adb && sys.usb.configfs=1 && sys.usb.ffs.ready=1) from (/system/etc/init/hw/init.usb.configfs.rc:20)
05-21 15:23:32.718 1 1 I init : Command 'symlink /config/usb_gadget/g1/functions/ffs.adb /config/usb_gadget/g1/configs/b.1/f1' action=sys.usb.config=adb && sys.usb.configfs=1 && sys.usb.ffs.ready=1 (/system/etc/init/hw/init.usb.configfs.rc:22) took 0ms and failed: symlink() failed: File exists
05-21 15:23:32.719 1 1 I init : Command 'write /config/usb_gadget/g1/UDC ${sys.usb.controller}' action=sys.usb.config=adb && sys.usb.configfs=1 && sys.usb.ffs.ready=1 (/system/etc/init/hw/init.usb.configfs.rc:23) took 0ms and failed: Unable to write to file '/config/usb_gadget/g1/UDC': Unable to write file contents: Device or resource busy
05-21 15:23:33.761 29262 29262 I : read descriptors
05-21 15:23:33.761 29262 29262 I : read strings
05-21 15:23:33.762 1 1 I init : processing action (sys.usb.config=adb && sys.usb.configfs=1 && sys.usb.ffs.ready=1) from (/system/etc/init/hw/init.usb.configfs.rc:20)
05-21 15:23:33.765 1 1 I init : Command 'symlink /config/usb_gadget/g1/functions/ffs.adb /config/usb_gadget/g1/configs/b.1/f1' action=sys.usb.config=adb && sys.usb.configfs=1 && sys.usb.ffs.ready=1 (/system/etc/init/hw/init.usb.configfs.rc:22) took 0ms and failed: symlink() failed: File exists
05-21 15:23:33.766 1 1 I init : Command 'write /config/usb_gadget/g1/UDC ${sys.usb.controller}' action=sys.usb.config=adb && sys.usb.configfs=1 && sys.usb.ffs.ready=1 (/system/etc/init/hw/init.usb.configfs.rc:23) took 0ms and failed: Unable to write to file '/config/usb_gadget/g1/UDC': Unable to write file contents: Device or resource busy
05-21 15:23:34.814 29262 29262 I : read descriptors
05-21 15:23:34.814 29262 29262 I : read strings
05-21 15:23:34.816 1 1 I init : processing action (sys.usb.config=adb && sys.usb.configfs=1 && sys.usb.ffs.ready=1) from (/system/etc/init/hw/init.usb.configfs.rc:20)
05-21 15:23:35.871 29262 29262 I : read descriptors
05-21 15:23:35.871 29262 29262 I : read strings
05-21 15:23:36.924 29262 29262 I : read descriptors
05-21 15:23:36.924 29262 29262 I : read strings
05-21 15:23:36.926 1 1 I init : processing action (sys.usb.config=adb && sys.usb.configfs=1 && sys.usb.ffs.ready=1) from (/system/etc/init/hw/init.usb.configfs.rc:20)
05-21 15:23:36.929 1 1 I init : Command 'symlink /config/usb_gadget/g1/functions/ffs.adb /config/usb_gadget/g1/configs/b.1/f1' action=sys.usb.config=adb && sys.usb.configfs=1 && sys.usb.ffs.ready=1 (/system/etc/init/hw/init.usb.configfs.rc:22) took 0ms and failed: symlink() failed: File exists
05-21 15:23:36.929 1 1 I init : Command 'write /config/usb_gadget/g1/UDC ${sys.usb.controller}' action=sys.usb.config=adb && sys.usb.configfs=1 && sys.usb.ffs.ready=1 (/system/etc/init/hw/init.usb.configfs.rc:23) took 0ms and failed: Unable to write to file '/config/usb_gadget/g1/UDC': Unable to write file contents: Device or resource busy
05-21 15:23:37.994 29262 29262 I : read descriptors
05-21 15:23:37.994 29262 29262 I : read strings
05-21 15:23:37.996 1 1 I init : processing action (sys.usb.config=adb && sys.usb.configfs=1 && sys.usb.ffs.ready=1) from (/system/etc/init/hw/init.usb.configfs.rc:20)
05-21 15:23:37.999 1 1 I init : Command 'symlink /config/usb_gadget/g1/functions/ffs.adb /config/usb_gadget/g1/configs/b.1/f1' action=sys.usb.config=adb && sys.usb.configfs=1 && sys.usb.ffs.ready=1 (/system/etc/init/hw/init.usb.configfs.rc:22) took 0ms and failed: symlink() failed: File exists
05-21 15:23:37.999 1 1 I init : Command 'write /config/usb_gadget/g1/UDC ${sys.usb.controller}' action=sys.usb.config=adb && sys.usb.configfs=1 && sys.usb.ffs.ready=1 (/system/etc/init/hw/init.usb.configfs.rc:23) took 0ms and failed: Unable to write to file '/config/usb_gadget/g1/UDC': Unable to write file contents: Device or resource busy
05-21 15:23:39.051 29262 29262 I : read descriptors
05-21 15:23:39.051 29262 29262 I : read strings
05-21 15:23:39.053 1 1 I init : processing action (sys.usb.config=adb && sys.usb.configfs=1 && sys.usb.ffs.ready=1) from (/system/etc/init/hw/init.usb.configfs.rc:20)
05-21 15:23:39.055 1 1 I init : Command 'symlink /config/usb_gadget/g1/functions/ffs.adb /config/usb_gadget/g1/configs/b.1/f1' action=sys.usb.config=adb && sys.usb.configfs=1 && sys.usb.ffs.ready=1 (/system/etc/init/hw/init.usb.configfs.rc:22) took 0ms and failed: symlink() failed: File exists
05-21 15:23:39.056 1 1 I init : Command 'write /config/usb_gadget/g1/UDC ${sys.usb.controller}' action=sys.usb.config=adb && sys.usb.configfs=1 && sys.usb.ffs.ready=1 (/system/etc/init/hw/init.usb.configfs.rc:23) took 0ms and failed: Unable to write to file '/config/usb_gadget/g1/UDC': Unable to write file contents: Device or resource busy
05-21 15:23:40.107 29262 29262 I : read descriptors
05-21 15:23:40.108 29262 29262 I : read strings
05-21 15:23:40.109 1 1 I init : processing action (sys.usb.config=adb && sys.usb.configfs=1 && sys.usb.ffs.ready=1) from (/system/etc/init/hw/init.usb.configfs.rc:20)
05-21 15:23:41.154 29262 29262 I : read descriptors
05-21 15:23:41.154 29262 29262 I : read strings
05-21 15:23:42.190 29262 29262 I : read descriptors
05-21 15:23:42.190 29262 29262 I : read strings
05-21 15:23:42.191 1 1 I init : processing action (sys.usb.config=adb && sys.usb.configfs=1 && sys.usb.ffs.ready=1) from (/system/etc/init/hw/init.usb.configfs.rc:20)
05-21 15:23:42.192 1 1 I init : Command 'symlink /config/usb_gadget/g1/functions/ffs.adb /config/usb_gadget/g1/configs/b.1/f1' action=sys.usb.config=adb && sys.usb.configfs=1 && sys.usb.ffs.ready=1 (/system/etc/init/hw/init.usb.configfs.rc:22) took 0ms and failed: symlink() failed: File exists
05-21 15:23:42.193 1 1 I init : Command 'write /config/usb_gadget/g1/UDC ${sys.usb.controller}' action=sys.usb.config=adb && sys.usb.configfs=1 && sys.usb.ffs.ready=1 (/system/etc/init/hw/init.usb.configfs.rc:23) took 0ms and failed: Unable to write to file '/config/usb_gadget/g1/UDC': Unable to write file contents: Device or resource busy
05-21 15:23:43.251 29262 29262 I : read descriptors
05-21 15:23:43.251 29262 29262 I : read strings
05-21 15:23:43.255 1 1 I init : processing action (sys.usb.config=adb && sys.usb.configfs=1 && sys.usb.ffs.ready=1) from (/system/etc/init/hw/init.usb.configfs.rc:20)
05-21 15:23:43.256 1 1 I init : Command 'symlink /config/usb_gadget/g1/functions/ffs.adb /config/usb_gadget/g1/configs/b.1/f1' action=sys.usb.config=adb && sys.usb.configfs=1 && sys.usb.ffs.ready=1 (/system/etc/init/hw/init.usb.configfs.rc:22) took 0ms and failed: symlink() failed: File exists
05-21 15:23:43.256 1 1 I init : Command 'write /config/usb_gadget/g1/UDC ${sys.usb.controller}' action=sys.usb.config=adb && sys.usb.configfs=1 && sys.usb.ffs.ready=1 (/system/etc/init/hw/init.usb.configfs.rc:23) took 0ms and failed: Unable to write to file '/config/usb_gadget/g1/UDC': Unable to write file contents: Device or resource busy
05-21 15:23:44.297 29262 29262 I : read descriptors
05-21 15:23:44.297 29262 29262 I : read strings
05-21 15:23:44.299 1 1 I init : processing action (sys.usb.config=adb && sys.usb.configfs=1 && sys.usb.ffs.ready=1) from (/system/etc/init/hw/init.usb.configfs.rc:20)
05-21 15:23:44.302 1 1 I init : Command 'symlink /config/usb_gadget/g1/functions/ffs.adb /config/usb_gadget/g1/configs/b.1/f1' action=sys.usb.config=adb && sys.usb.configfs=1 && sys.usb.ffs.ready=1 (/system/etc/init/hw/init.usb.configfs.rc:22) took 0ms and failed: symlink() failed: File exists
05-21 15:23:44.302 1 1 I init : Command 'write /config/usb_gadget/g1/UDC ${sys.usb.controller}' action=sys.usb.config=adb && sys.usb.configfs=1 && sys.usb.ffs.ready=1 (/system/etc/init/hw/init.usb.configfs.rc:23) took 0ms and failed: Unable to write to file '/config/usb_gadget/g1/UDC': Unable to write file contents: Device or resource busy
05-19 15:01:32.550 627 668 I sysui_multi_action: [757,1696,758,6,759,2]
05-21 15:23:45.337 29262 29262 I : read descriptors
05-21 15:23:45.337 29262 29262 I : read strings
05-21 15:23:45.339 1 1 I init : processing action (sys.usb.config=adb && sys.usb.configfs=1 && sys.usb.ffs.ready=1) from (/system/etc/init/hw/init.usb.configfs.rc:20)
05-21 15:23:46.384 29262 29262 I : read descriptors
05-21 15:23:46.384 29262 29262 I : read strings
05-21 15:23:47.431 29262 29262 I : read descriptors
05-21 15:23:47.431 29262 29262 I : read strings
05-21 15:23:47.433 1 1 I init : processing action (sys.usb.config=adb && sys.usb.configfs=1 && sys.usb.ffs.ready=1) from (/system/etc/init/hw/init.usb.configfs.rc:20)
05-21 15:23:47.435 1 1 I init : Command 'symlink /config/usb_gadget/g1/functions/ffs.adb /config/usb_gadget/g1/configs/b.1/f1' action=sys.usb.config=adb && sys.usb.configfs=1 && sys.usb.ffs.ready=1 (/system/etc/init/hw/init.usb.configfs.rc:22) took 0ms and failed: symlink() failed: File exists
05-21 15:23:47.438 1 1 I init : Command 'write /config/usb_gadget/g1/UDC ${sys.usb.controller}' action=sys.usb.config=adb && sys.usb.configfs=1 && sys.usb.ffs.ready=1 (/system/etc/init/hw/init.usb.configfs.rc:23) took 0ms and failed: Unable to write to file '/config/usb_gadget/g1/UDC': Unable to write file contents: Device or resource busy
05-19 15:01:35.539 627 668 I power_sleep_requested: 0
05-19 15:01:35.655 627 668 I sysui_multi_action: [757,1696,758,6,759,0]
05-21 15:23:48.484 29262 29262 I : read descriptors
05-21 15:23:48.484 29262 29262 I : read strings
05-21 15:23:48.485 1 1 I init : processing action (sys.usb.config=adb && sys.usb.configfs=1 && sys.usb.ffs.ready=1) from (/system/etc/init/hw/init.usb.configfs.rc:20)
05-21 15:23:48.487 1 1 I init : Command 'symlink /config/usb_gadget/g1/functions/ffs.adb /config/usb_gadget/g1/configs/b.1/f1' action=sys.usb.config=adb && sys.usb.configfs=1 && sys.usb.ffs.ready=1 (/system/etc/init/hw/init.usb.configfs.rc:22) took 0ms and failed: symlink() failed: File exists
05-21 15:23:48.488 1 1 I init : Command 'write /config/usb_gadget/g1/UDC ${sys.usb.controller}' action=sys.usb.config=adb && sys.usb.configfs=1 && sys.usb.ffs.ready=1 (/system/etc/init/hw/init.usb.configfs.rc:23) took 0ms and failed: Unable to write to file '/config/usb_gadget/g1/UDC': Unable to write file contents: Device or resource busy
05-19 15:01:36.074 627 668 I wm_pause_activity: [0,214771548,com.android.launcher3/.uioverrides.QuickstepLauncher,userLeaving=false,sleep]
05-21 15:23:48.830 468 468 I gsensor_mxc6655 5-0015: set sensor poll time to 200ms
05-19 15:01:36.088 1030 1030 I wm_on_top_resumed_lost_called: [214771548,com.android.launcher3.uioverrides.QuickstepLauncher,topStateChangedWhenResumed]
05-19 15:01:36.088 1030 1030 I wm_on_paused_called: [214771548,com.android.launcher3.uioverrides.QuickstepLauncher,performPause]
05-19 15:01:36.089 627 4128 I wm_add_to_stopping: [0,214771548,com.android.launcher3/.uioverrides.QuickstepLauncher,completePauseLocked]
05-19 15:01:36.095 627 647 I wm_stop_activity: [0,214771548,com.android.launcher3/.uioverrides.QuickstepLauncher]
05-19 15:01:36.097 627 647 I sysui_multi_action: [757,803,799,window_time_0,802,57]
05-19 15:01:36.104 627 710 I input_focus: [Focus leaving 334f74b com.android.launcher3/com.android.launcher3.uioverrides.QuickstepLauncher (server),reason=NOT_VISIBLE]
05-19 15:01:36.130 1030 1030 I wm_on_stop_called: [214771548,com.android.launcher3.uioverrides.QuickstepLauncher,STOP_ACTIVITY_ITEM]
05-21 15:23:49.207 352 352 I rockchip-vop2 fdd90000.vop: [drm:vop2_crtc_atomic_disable] Crtc atomic disable vp2
05-19 15:01:36.473 627 627 I sysui_multi_action: [757,198,758,2,759,3,1359,934,1695,2]
05-19 15:01:36.474 627 627 I power_screen_state: [0,3,0,0,934]
05-19 15:01:36.474 627 627 I screen_toggled: 0
05-19 15:01:36.474 627 627 I sysui_multi_action: [757,804,799,screen_timeout,801,15,802,1]
05-19 15:01:36.475 627 627 I sysui_multi_action: [757,1594,758,4,759,-2147483648,1359,58577]
05-19 15:01:36.475 627 627 I power_screen_broadcast_send: 1
05-21 15:23:49.218 352 352 E rockchip-vop2 fdd90000.vop: [drm:vop2_crtc_atomic_disable] *ERROR* unexpected power on pd7
05-19 15:01:36.522 627 627 I battery_saving_stats: [0,1,0,59151,0,0,63598282,0,-6]
05-19 15:01:36.586 627 627 I power_screen_broadcast_done: [0,112,1]
05-21 15:23:49.441 2551 2551 I PM : suspend entry (deep)
05-21 15:23:49.459 2551 2551 I Filesystems sync: 0.017 seconds
05-21 15:23:49.459 2551 2551 I : Freezing user space processes ... (elapsed 0.012 seconds) done.
05-21 15:23:49.472 2551 2551 I : OOM killer disabled.
05-21 15:23:49.472 2551 2551 I : Freezing remaining freezable tasks ... (elapsed 0.167 seconds) done.
05-21 15:23:49.640 2551 2551 I printk : Suspending console(s) (use no_console_suspend to debug)
05-21 15:23:49.723 2551 2551 E regulator-dummy: Underflow of regulator enable count
05-21 15:23:49.723 2551 2551 E wacom_i2c 4-0009: disable regulator failed -22
05-21 15:23:49.946 2551 2551 I : Disabling non-boot CPUs ...
05-21 15:23:49.947 2551 2551 I psci : CPU1 killed (polled 0 ms)
05-21 15:23:49.949 2551 2551 I psci : CPU2 killed (polled 0 ms)
05-21 15:23:49.951 2551 2551 I psci : CPU3 killed (polled 0 ms)
05-21 15:23:49.953 2551 2551 I psci : CPU4 killed (polled 4 ms)
05-21 15:23:49.957 2551 2551 I psci : CPU5 killed (polled 4 ms)
05-21 15:23:49.959 2551 2551 I psci : CPU6 killed (polled 0 ms)
05-21 15:23:49.961 2551 2551 I psci : CPU7 killed (polled 0 ms)
05-21 15:24:13.389 0 0 W [ C0] PM: pm_system_irq_wakeup: 114 triggered hym8563
05-21 15:24:13.389 2551 2551 I : Enabling non-boot CPUs ...
05-21 15:24:13.390 0 0 I : Detected VIPT I-cache on CPU1
05-21 15:24:13.390 0 0 I GICv3 : CPU1: found redistributor 100 region 0:0x00000000fe6a0000
05-21 15:24:13.390 0 0 I CPU1 : Booted secondary processor 0x0000000100 [0x412fd050]
05-21 15:24:13.391 2551 2551 I : CPU1 is up
05-21 15:24:13.392 0 0 I : Detected VIPT I-cache on CPU2
05-21 15:24:13.392 0 0 I GICv3 : CPU2: found redistributor 200 region 0:0x00000000fe6c0000
05-21 15:24:13.392 0 0 I CPU2 : Booted secondary processor 0x0000000200 [0x412fd050]
05-21 15:24:13.392 2551 2551 I : CPU2 is up
05-21 15:24:13.393 0 0 I : Detected VIPT I-cache on CPU3
05-21 15:24:13.393 0 0 I GICv3 : CPU3: found redistributor 300 region 0:0x00000000fe6e0000
05-21 15:24:13.393 0 0 I CPU3 : Booted secondary processor 0x0000000300 [0x412fd050]
05-21 15:24:13.394 2551 2551 I : CPU3 is up
05-21 15:24:13.395 0 0 I : Detected PIPT I-cache on CPU4
05-21 15:24:13.395 0 0 I GICv3 : CPU4: found redistributor 400 region 0:0x00000000fe700000
05-21 15:24:13.395 0 0 I CPU4 : Booted secondary processor 0x0000000400 [0x414fd0b0]
05-21 15:24:13.396 2551 2551 I : CPU4 is up
05-21 15:24:13.397 0 0 I : Detected PIPT I-cache on CPU5
05-21 15:24:13.397 0 0 I GICv3 : CPU5: found redistributor 500 region 0:0x00000000fe720000
05-21 15:24:13.397 0 0 I CPU5 : Booted secondary processor 0x0000000500 [0x414fd0b0]
05-21 15:24:13.398 2551 2551 I : CPU5 is up
05-21 15:24:13.399 0 0 I : Detected PIPT I-cache on CPU6
05-21 15:24:13.399 0 0 I GICv3 : CPU6: found redistributor 600 region 0:0x00000000fe740000
05-21 15:24:13.399 0 0 I CPU6 : Booted secondary processor 0x0000000600 [0x414fd0b0]
05-21 15:24:13.400 2551 2551 I : CPU6 is up
05-21 15:24:13.401 0 0 I : Detected PIPT I-cache on CPU7
05-21 15:24:13.401 0 0 I GICv3 : CPU7: found redistributor 700 region 0:0x00000000fe760000
05-21 15:24:13.401 0 0 I CPU7 : Booted secondary processor 0x0000000700 [0x414fd0b0]
05-21 15:24:13.402 2551 2551 I : CPU7 is up
05-21 15:24:13.409 2551 2551 I rk_gmac-dwmac fe1c0000.ethernet: init for RGMII
05-21 15:24:13.409 29367 29367 I usb1 : root hub lost power or was reset
05-21 15:24:13.417 5287 5287 I usb3 : root hub lost power or was reset
05-21 15:24:13.417 5287 5287 I usb4 : root hub lost power or was reset
05-21 15:24:13.418 2551 2551 E PM : dpm_run_callback(): wacom_i2c_resume+0x0/0xdc returns -6
05-21 15:24:13.418 2551 2551 E PM : Device 4-0009 failed to resume: error -6
05-21 15:24:13.480 2551 2551 I usb2 : root hub lost power or was reset
05-21 15:24:13.667 5286 5286 I usb 4-1 : reset SuperSpeed Gen 1 USB device number 2 using xhci-hcd
05-21 15:24:13.806 5267 5267 I usb 3-1 : reset high-speed USB device number 2 using xhci-hcd
05-21 15:24:14.317 5288 5288 I usb 4-1.1: reset SuperSpeed Gen 1 USB device number 5 using xhci-hcd
05-21 15:24:14.411 5295 5295 I usb 4-1.3: reset SuperSpeed Gen 1 USB device number 3 using xhci-hcd
05-21 15:24:14.507 5266 5266 I usb 4-1.4: reset SuperSpeed Gen 1 USB device number 4 using xhci-hcd
05-21 15:24:14.547 29495 29495 I r8152 4-1.4: 1.0: skip request firmware
05-21 15:24:14.683 5268 5268 I usb 3-1.5: reset high-speed USB device number 17 using xhci-hcd
05-21 15:24:14.825 5268 5268 E PM : dpm_run_callback(): usb_dev_resume+0x0/0x28 returns -5
05-21 15:24:14.825 5268 5268 E PM : Device 3-1.5 failed to resume async: error -5
05-21 15:24:14.896 5282 5282 I usb 3-1.3: reset high-speed USB device number 3 using xhci-hcd
05-21 15:24:15.192 2551 2551 I : OOM killer enabled.
05-21 15:24:15.192 2551 2551 I : Restarting tasks ...
05-21 15:24:15.195 32370 32370 I usb 3-1.5: USB disconnect, device number 17
05-21 15:24:15.209 2551 2551 W : done.
05-21 15:24:15.209 2551 2551 I : Resume caused by IRQ 114, hym8563
05-21 15:24:15.209 2551 2551 I PM : suspend exit
05-21 15:24:15.214 29495 29495 I : mmc_host mmc0: Bus speed (slot 0) = 400000Hz (slot req 400000Hz, actual 400000HZ div = 0)
05-21 15:24:38.641 440 440 W healthd : battery l=100 v=8706 t=27.5 h=1 st=3 c=0 fc=9700000 cc=0 chg=u
05-19 15:02:02.481 627 627 I screen_toggled: 1
05-19 15:02:02.484 627 668 I wm_set_resumed_activity: [0,com.android.launcher3/.uioverrides.QuickstepLauncher,resumeTopActivity]
05-19 15:02:02.487 627 668 I wm_resume_activity: [0,214771548,29,com.android.launcher3/.uioverrides.QuickstepLauncher]
05-19 15:02:02.488 627 627 I power_screen_broadcast_send: 1
05-19 15:02:02.489 627 668 I sysui_multi_action: [757,1696,758,6,759,3]
05-21 15:24:38.679 445 445 I gsensor_mxc6655 5-0015: set sensor poll time to 200ms
05-21 15:24:38.680 29495 29495 I : mmc_host mmc0: Bus speed (slot 0) = 300000Hz (slot req 300000Hz, actual 300000HZ div = 0)
05-21 15:24:38.680 445 445 I gsensor_mxc6655 5-0015: sensor on: starting poll sensor data 196ms
05-21 15:24:38.681 445 445 I gsensor_mxc6655 5-0015: set sensor poll time to 66ms
05-19 15:02:02.507 1030 1030 I wm_on_restart_called: [214771548,com.android.launcher3.uioverrides.QuickstepLauncher,performRestartActivity]
05-19 15:02:02.508 1030 1030 I wm_on_start_called: [214771548,com.android.launcher3.uioverrides.QuickstepLauncher,handleStartActivity]
05-19 15:02:02.509 1030 1030 I wm_on_resume_called: [214771548,com.android.launcher3.uioverrides.QuickstepLauncher,RESUME_ACTIVITY]
05-19 15:02:02.509 1030 1030 I wm_on_top_resumed_gained_called: [214771548,com.android.launcher3.uioverrides.QuickstepLauncher,topWhenResuming]
05-21 15:24:38.695 32370 32370 I usb 3-1.5: new high-speed USB device number 18 using xhci-hcd
05-21 15:24:38.699 352 352 W : <<-GTP-ERROR->> I2C Read: 0x8047, 1 bytes failed, errcode: -6! Process reset.
05-21 15:24:38.705 29262 29262 I : read descriptors
05-21 15:24:38.706 29262 29262 I : read strings
05-21 15:24:38.706 1 1 I init : processing action (sys.usb.config=adb && sys.usb.configfs=1 && sys.usb.ffs.ready=1) from (/system/etc/init/hw/init.usb.configfs.rc:20)
05-21 15:24:38.707 1 1 I init : Command 'symlink /config/usb_gadget/g1/functions/ffs.adb /config/usb_gadget/g1/configs/b.1/f1' action=sys.usb.config=adb && sys.usb.configfs=1 && sys.usb.ffs.ready=1 (/system/etc/init/hw/init.usb.configfs.rc:22) took 0ms and failed: symlink() failed: File exists
05-21 15:24:38.707 1 1 I init : Command 'write /config/usb_gadget/g1/UDC ${sys.usb.controller}' action=sys.usb.config=adb && sys.usb.configfs=1 && sys.usb.ffs.ready=1 (/system/etc/init/hw/init.usb.configfs.rc:23) took 0ms and failed: Unable to write to file '/config/usb_gadget/g1/UDC': Unable to write file contents: Device or resource busy
05-19 15:02:02.537 627 648 I input_focus: [Focus request 334f74b com.android.launcher3/com.android.launcher3.uioverrides.QuickstepLauncher,reason=UpdateInputWindows]
05-21 15:24:38.717 29495 29495 I : mmc_host mmc0: Bus speed (slot 0) = 200000Hz (slot req 200000Hz, actual 200000HZ div = 0)
05-19 15:02:02.547 627 627 I notification_enqueue: [10098,25952,com.baidu.appsearch,2131755453,NULL,0,Notification(channel=手机管理、安全检测相关通知 shortcut=null contentView=null vibrate=null sound=null defaults=0x0 flags=0x62 color=0x00000000 vis=PRIVATE),1]
05-21 15:24:38.755 29495 29495 W dwmmc_rockchip fe2c0000.mmc: failed to set rate 100000Hz
05-21 15:24:38.756 29495 29495 I : mmc_host mmc0: Bus speed (slot 0) = 200000Hz (slot req 100000Hz, actual 100000HZ div = 1)
05-19 15:02:02.574 627 730 I netstats_mobile_sample: [0,0,0,0,0,0,0,0,0,0,0,0,1747638122575]
05-19 15:02:02.574 627 730 I netstats_wifi_sample: [0,0,0,0,0,0,0,0,0,0,0,0,1747638122575]
05-21 15:24:38.768 29495 29495 W dwmmc_rockchip fe2c0000.mmc: failed to set rate 100000Hz
05-21 15:24:38.772 29495 29495 W dwmmc_rockchip fe2c0000.mmc: failed to set rate 100000Hz
05-21 15:24:38.794 32370 32370 I usb 3-1.5: New USB device found, idVendor=2109, idProduct=8817, bcdDevice= 0.01
05-21 15:24:38.794 32370 32370 I usb 3-1.5: New USB device strings: Mfr=1, Product=2, SerialNumber=3
05-21 15:24:38.794 32370 32370 I usb 3-1.5: Product: USB Billboard Device
05-21 15:24:38.794 32370 32370 I usb 3-1.5: Manufacturer: VIA Labs, Inc.
05-21 15:24:38.794 32370 32370 I usb 3-1.5: SerialNumber: 0000000000000001
05-21 15:24:38.803 352 352 W : <<-GTP-ERROR->> GTP i2c test failed time 1.
05-21 15:24:39.240 352 352 I rockchip-vop2 fdd90000.vop: [drm:vop2_crtc_atomic_enable] Update mode to 1536x2048p55, type: 16(if:60) for vp2 dclk: 192000000
05-21 15:24:39.241 352 352 I rockchip-vop2 fdd90000.vop: [drm:vop2_crtc_atomic_enable] dclk_out2 div: 2 dclk_core2 div: 1
05-21 15:24:39.241 352 352 I rockchip-vop2 fdd90000.vop: [drm:vop2_crtc_atomic_enable] set dclk_vop2 to 96000000, get 96000000
05-19 15:02:03.068 627 627 I battery_saving_stats: [0,0,0,26546,0,0,173883700,0,-18]
05-19 15:02:03.103 627 627 I power_screen_broadcast_done: [1,614,1]
05-21 15:24:39.745 352 352 I dw-mipi-dsi2 fde20000.dsi: [drm:dw_mipi_dsi2_encoder_enable] final DSI-Link bandwidth: 639999 x 8 Kbps
05-21 15:24:39.746 29262 29262 I : read descriptors
05-21 15:24:39.746 29262 29262 I : read strings
05-21 15:24:39.748 1 1 I init : processing action (sys.usb.config=adb && sys.usb.configfs=1 && sys.usb.ffs.ready=1) from (/system/etc/init/hw/init.usb.configfs.rc:20)
05-21 15:24:39.749 1 1 I init : Command 'symlink /config/usb_gadget/g1/functions/ffs.adb /config/usb_gadget/g1/configs/b.1/f1' action=sys.usb.config=adb && sys.usb.configfs=1 && sys.usb.ffs.ready=1 (/system/etc/init/hw/init.usb.configfs.rc:22) took 0ms and failed: symlink() failed: File exists
05-21 15:24:39.750 1 1 I init : Command 'write /config/usb_gadget/g1/UDC ${sys.usb.controller}' action=sys.usb.config=adb && sys.usb.configfs=1 && sys.usb.ffs.ready=1 (/system/etc/init/hw/init.usb.configfs.rc:23) took 0ms and failed: Unable to write to file '/config/usb_gadget/g1/UDC': Unable to write file contents: Device or resource busy
05-19 15:02:03.573 627 668 I sysui_latency: [5,1096]
05-19 15:02:03.573 627 627 I sysui_multi_action: [757,198,758,1,759,3,1359,1096,1694,14]
05-19 15:02:03.573 627 627 I power_screen_state: [1,0,0,0,1096]
05-19 15:02:03.575 627 710 I input_focus: [Focus entering 334f74b com.android.launcher3/com.android.launcher3.uioverrides.QuickstepLauncher (server),reason=Window became focusable. Previous reason: NO_WINDOW]
05-19 15:02:04.082 627 710 I input_interaction: Interaction with: d7a6ca1 NavigationBar0 (server), 334f74b com.android.launcher3/com.android.launcher3.uioverrides.QuickstepLauncher (server), PointerEventDispatcher0 (server),
05-21 15:24:40.796 29262 29262 I : read descriptors
05-21 15:24:40.796 29262 29262 I : read strings
05-21 15:24:40.799 1 1 I init : processing action (sys.usb.config=adb && sys.usb.configfs=1 && sys.usb.ffs.ready=1) from (/system/etc/init/hw/init.usb.configfs.rc:20)
05-21 15:24:40.800 1 1 I init : Command 'symlink /config/usb_gadget/g1/functions/ffs.adb /config/usb_gadget/g1/configs/b.1/f1' action=sys.usb.config=adb && sys.usb.configfs=1 && sys.usb.ffs.ready=1 (/system/etc/init/hw/init.usb.configfs.rc:22) took 0ms and failed: symlink() failed: File exists
05-21 15:24:40.800 1 1 I init : Command 'write /config/usb_gadget/g1/UDC ${sys.usb.controller}' action=sys.usb.config=adb && sys.usb.configfs=1 && sys.usb.ffs.ready=1 (/system/etc/init/hw/init.usb.configfs.rc:23) took 0ms and failed: Unable to write to file '/config/usb_gadget/g1/UDC': Unable to write file contents: Device or resource busy
05-19 15:02:04.722 627 710 I input_interaction: Interaction with: 334f74b com.android.launcher3/com.android.launcher3.uioverrides.QuickstepLauncher (server), PointerEventDispatcher0 (server),
05-19 15:02:04.754 627 710 I input_interaction: Interaction with: 334f74b com.android.launcher3/com.android.launcher3.uioverrides.QuickstepLauncher (server), d7a6ca1 NavigationBar0 (server), PointerEventDispatcher0 (server),
05-19 15:02:04.772 627 710 I input_interaction: Interaction with: 334f74b com.android.launcher3/com.android.launcher3.uioverrides.QuickstepLauncher (server), PointerEventDispatcher0 (server),
05-19 15:02:05.046 627 710 I input_interaction: Interaction with: 334f74b com.android.launcher3/com.android.launcher3.uioverrides.QuickstepLauncher (server), f6e4224 com.android.systemui.ImageWallpaper (server), PointerEventDispatcher0 (server),
