05-19 15:15:08.074 627 730 I netstats_mobile_sample: [0,0,0,0,0,0,0,0,0,0,0,0,1747638908075]
05-19 15:15:08.074 627 730 I netstats_wifi_sample: [0,0,0,0,0,0,0,0,0,0,0,0,1747638908075]
05-19 15:15:08.089 627 730 W ContextImpl: Calling a method in the system process without a qualified user: android.app.ContextImpl.sendStickyBroadcast:1567 com.android.server.ConnectivityService.sendStickyBroadcast:2811 com.android.server.ConnectivityService.sendGeneralBroadcast:2786 com.android.server.ConnectivityService.sendConnectedBroadcast:2759 com.android.server.ConnectivityService.sendLegacyNetworkBroadcast:8704
05-19 15:15:08.093 627 653 W BroadcastQueue: Target SDK mismatch: receiver ActivityInfo{cc8a508 com.xiaomi.push.service.receivers.NetworkStatusReceiver} targets 26 but delivery restricted to [0, 23] broadcasting Intent { act=android.net.conn.CONNECTIVITY_CHANGE flg=0x4200010 (has extras) } from android (pid=627, uid=1000) to com.zhangyue.read.iReader/com.xiaomi.push.service.receivers.NetworkStatusReceiver
05-19 15:15:08.093 627 653 W BroadcastQueue: Target SDK mismatch: receiver ActivityInfo{fe6e4a1 cn.eben.help.LoadAllReceiver} targets 28 but delivery restricted to [0, 23] broadcasting Intent { act=android.net.conn.CONNECTIVITY_CHANGE flg=0x4200010 (has extras) } from android (pid=627, uid=1000) to cn.eben.help/.LoadAllReceiver
05-19 15:15:08.093 627 653 W BroadcastQueue: Target SDK mismatch: receiver ActivityInfo{47e96c6 cn.eben.android.receiver.AppSyncReceiver} targets 27 but delivery restricted to [0, 23] broadcasting Intent { act=android.net.conn.CONNECTIVITY_CHANGE flg=0x4200010 (has extras) } from android (pid=627, uid=1000) to cn.eben.sync/cn.eben.android.receiver.AppSyncReceiver
05-19 15:15:08.098 19442 19442 W ContextImpl: Calling a method in the system process without a qualified user: android.app.ContextImpl.startService:1824 android.content.ContextWrapper.startService:774 android.content.ContextWrapper.startService:774 com.ebensz.appmanager.service.UploadMyAppsInfoService.startUploadMyAppsInfoService:78 com.ebensz.appmanager.receiver.UploadMyAppsInfoReceiver.onReceive:33
05-19 15:15:08.107 19470 19470 W ContextImpl: Calling a method in the system process without a qualified user: android.app.ContextImpl.startService:1824 android.content.ContextWrapper.startService:774 android.content.ContextWrapper.startService:774 com.ebensz.appmanager.mydownloadmanager.DownloadReceiver.startService:245 com.ebensz.appmanager.mydownloadmanager.DownloadReceiver.onReceive:74
05-19 15:15:08.108 627 1068 W BroadcastQueue: Target SDK mismatch: receiver ActivityInfo{aa50d20 com.ebensz.ota.ActionReceiver} targets 29 but delivery restricted to [0, 23] broadcasting Intent { act=android.net.conn.CONNECTIVITY_CHANGE flg=0x4200010 (has extras) } from android (pid=627, uid=1000) to com.ebensz.ota/.ActionReceiver
05-19 15:15:08.108 627 653 W BroadcastQueue: Target SDK mismatch: receiver ActivityInfo{90686d9 com.taobao.accs.EventReceiver} targets 26 but delivery restricted to [0, 23] broadcasting Intent { act=android.net.conn.CONNECTIVITY_CHANGE flg=0x4200010 (has extras) } from android (pid=627, uid=1000) to com.zhangyue.read.iReader/com.taobao.accs.EventReceiver
05-19 15:15:08.109 627 627 I notification_cancel_all: [1000,19470,com.ebensz.appmanager,0,0,64,9,NULL]
05-19 15:15:08.395 975 975 D TelephonyNetworkFactory[0]: onReleaseNetworkFor NetworkRequest [ REQUEST id=15, [ Capabilities: INTERNET&NOT_RESTRICTED&TRUSTED&NOT_VCN_MANAGED Uid: 1000 RequestorUid: 1000 RequestorPkg: android] ] applied false
05-19 15:15:08.395 975 975 D TelephonyNetworkFactory[0]: onReleaseNetworkFor NetworkRequest [ REQUEST id=132, [ Capabilities: INTERNET&NOT_RESTRICTED&TRUSTED&NOT_VCN_MANAGED Uid: 10098 RequestorUid: 10098 RequestorPkg: com.baidu.appsearch] ] applied false
05-19 15:15:08.395 975 975 D TelephonyNetworkFactory[0]: onReleaseNetworkFor NetworkRequest [ REQUEST id=28, [ Capabilities: INTERNET&NOT_RESTRICTED&TRUSTED&NOT_VCN_MANAGED Uid: 1001 RequestorUid: 1001 RequestorPkg: com.android.phone] ] applied false
05-19 15:15:08.395 975 975 D TelephonyNetworkFactory[0]: onReleaseNetworkFor NetworkRequest [ REQUEST id=32, [ Capabilities: INTERNET&NOT_RESTRICTED&TRUSTED&NOT_VCN_MANAGED Uid: 1000 RequestorUid: 1000 RequestorPkg: android] ] applied false
05-19 15:15:08.395 975 975 D TelephonyNetworkFactory[0]: onReleaseNetworkFor NetworkRequest [ REQUEST id=117, [ Capabilities: INTERNET&NOT_RESTRICTED&TRUSTED&NOT_VCN_MANAGED Uid: 10072 RequestorUid: 1000 RequestorPkg: android] ] applied false
05-19 15:15:08.395 975 975 D TelephonyNetworkFactory[0]: onReleaseNetworkFor NetworkRequest [ REQUEST id=23, [ Capabilities: INTERNET&NOT_RESTRICTED&TRUSTED&NOT_VCN_MANAGED Uid: 1000 RequestorUid: 1000 RequestorPkg: com.android.networkstack.inprocess] ] applied false
05-19 15:15:08.395 975 975 D TelephonyNetworkFactory[0]: onReleaseNetworkFor NetworkRequest [ REQUEST id=136, [ Capabilities: INTERNET&NOT_RESTRICTED&TRUSTED&NOT_VCN_MANAGED Uid: 10072 RequestorUid: 10072 RequestorPkg: com.ebensz.email] ] applied false
05-19 15:15:08.395 975 975 D TelephonyNetworkFactory[0]: onReleaseNetworkFor NetworkRequest [ REQUEST id=38, [ Capabilities: INTERNET&NOT_RESTRICTED&TRUSTED&NOT_VCN_MANAGED Uid: 10023 RequestorUid: 1000 RequestorPkg: android] ] applied false
05-19 15:15:08.395 975 975 D TelephonyNetworkFactory[0]: onReleaseNetworkFor NetworkRequest [ REQUEST id=127, [ Capabilities: INTERNET&NOT_RESTRICTED&TRUSTED&NOT_VCN_MANAGED Uid: 10079 RequestorUid: 1000 RequestorPkg: android] ] applied false
05-19 15:15:08.395 975 975 D TelephonyNetworkFactory[0]: onReleaseNetworkFor NetworkRequest [ REQUEST id=1, [ Capabilities: INTERNET&NOT_RESTRICTED&TRUSTED&NOT_VPN&NOT_VCN_MANAGED RequestorUid: 1000 RequestorPkg: android] ] applied false
05-19 15:15:08.396 975 975 D TelephonyNetworkFactory[0]: onReleaseNetworkFor NetworkRequest [ REQUEST id=36, [ Capabilities: INTERNET&NOT_RESTRICTED&TRUSTED&NOT_VCN_MANAGED Uid: 10086 RequestorUid: 1000 RequestorPkg: android] ] applied false
05-19 15:15:08.396 975 975 D TelephonyNetworkFactory[0]: onReleaseNetworkFor NetworkRequest [ REQUEST id=18, [ Capabilities: INTERNET&NOT_RESTRICTED&TRUSTED&NOT_VCN_MANAGED Uid: 10088 RequestorUid: 10088 RequestorPkg: com.android.systemui] ] applied false
05-19 15:15:08.396 975 975 D TelephonyNetworkFactory[0]: onReleaseNetworkFor NetworkRequest [ REQUEST id=20, [ Capabilities: INTERNET&NOT_RESTRICTED&TRUSTED&NOT_VCN_MANAGED Uid: 10088 RequestorUid: 10088 RequestorPkg: com.android.systemui] ] applied false
05-19 15:15:08.396 975 975 D TelephonyNetworkFactory[0]: onReleaseNetworkFor NetworkRequest [ REQUEST id=7, [ Capabilities: INTERNET&NOT_RESTRICTED&TRUSTED&NOT_VCN_MANAGED Uid: 1000 RequestorUid: 1000 RequestorPkg: android] ] applied false
05-19 15:15:08.396 975 975 D TelephonyNetworkFactory[0]: onReleaseNetworkFor NetworkRequest [ REQUEST id=134, [ Capabilities: INTERNET&NOT_RESTRICTED&TRUSTED&NOT_VCN_MANAGED Uid: 10098 RequestorUid: 1000 RequestorPkg: android] ] applied false
05-19 15:15:08.405 627 730 W ContextImpl: Calling a method in the system process without a qualified user: android.app.ContextImpl.sendStickyBroadcast:1567 com.android.server.ConnectivityService.sendStickyBroadcast:2811 com.android.server.ConnectivityService.sendGeneralBroadcast:2786 com.android.server.ConnectivityService.sendInetConditionBroadcast:2763 com.android.server.ConnectivityService.updateInetCondition:8451
05-19 15:15:08.405 627 653 W ActivityManager: Failed to clear dns cache for: com.ebensz.office.entry
05-21 15:41:52.860 653 653 I binder : 627:653 transaction failed 29201/-28, size 80-0 line 2921
05-21 15:41:52.879 29262 29262 I : read descriptors
05-21 15:41:52.879 29262 29262 I : read strings
05-21 15:41:52.880 1 1 I init : processing action (sys.usb.config=adb && sys.usb.configfs=1 && sys.usb.ffs.ready=1) from (/system/etc/init/hw/init.usb.configfs.rc:20)
05-21 15:41:52.881 1 1 I init : Command 'symlink /config/usb_gadget/g1/functions/ffs.adb /config/usb_gadget/g1/configs/b.1/f1' action=sys.usb.config=adb && sys.usb.configfs=1 && sys.usb.ffs.ready=1 (/system/etc/init/hw/init.usb.configfs.rc:22) took 0ms and failed: symlink() failed: File exists
05-21 15:41:52.882 1 1 I init : Command 'write /config/usb_gadget/g1/UDC ${sys.usb.controller}' action=sys.usb.config=adb && sys.usb.configfs=1 && sys.usb.ffs.ready=1 (/system/etc/init/hw/init.usb.configfs.rc:23) took 0ms and failed: Unable to write to file '/config/usb_gadget/g1/UDC': Unable to write file contents: Device or resource busy
05-19 15:15:08.487 463 491 I RIL : ---> enter mainloop wait at port
05-19 15:15:08.487 463 491 D RIL-DEV : Get modem info
05-19 15:15:08.488 463 491 D RIL-DEV : [05-19_15:15:08:488] idVendor = 0bda
05-19 15:15:08.488 463 491 D RIL-DEV :
05-19 15:15:08.488 463 491 D RIL-DEV : [05-19_15:15:08:488] idVendor = 05e3
05-19 15:15:08.488 463 491 D RIL-DEV :
05-19 15:15:08.488 463 491 D RIL-DEV : [05-19_15:15:08:489] idVendor = 1d6b
05-19 15:15:08.488 463 491 D RIL-DEV :
05-19 15:15:08.489 463 491 D RIL-DEV : [05-19_15:15:08:489] idVendor = 1d6b
05-19 15:15:08.489 463 491 D RIL-DEV :
05-19 15:15:08.489 463 491 D RIL-DEV : [05-19_15:15:08:489] idVendor = 0bda
05-19 15:15:08.489 463 491 D RIL-DEV :
05-19 15:15:08.489 463 491 D RIL-DEV : [05-19_15:15:08:490] idVendor = 1d6b
05-19 15:15:08.489 463 491 D RIL-DEV :
05-19 15:15:08.489 463 491 D RIL-DEV : [05-19_15:15:08:490] idVendor = 2109
05-19 15:15:08.489 463 491 D RIL-DEV :
05-19 15:15:08.490 463 491 D RIL-DEV : [05-19_15:15:08:490] idVendor = 2109
05-19 15:15:08.490 463 491 D RIL-DEV :
05-19 15:15:08.490 463 491 D RIL-DEV : [05-19_15:15:08:491] idVendor = 1d6b
05-19 15:15:08.490 463 491 D RIL-DEV :
05-19 15:15:08.491 463 491 D RIL-DEV : [05-19_15:15:08:491] idVendor = 0bda
05-19 15:15:08.491 463 491 D RIL-DEV :
05-19 15:15:08.491 463 491 D RIL-DEV : [05-19_15:15:08:491] idVendor = 2109
05-19 15:15:08.491 463 491 D RIL-DEV :
05-19 15:15:08.491 463 491 E RIL-DEV : Cannot find Meig devices
05-19 15:15:08.491 463 491 I RIL : ---> can't find meig usb devices
05-19 15:15:09.002 1272 1272 W ContextImpl: Calling a method in the system process without a qualified user: android.app.ContextImpl.sendBroadcast:1181 android.content.ContextWrapper.sendBroadcast:479 cn.eben.newweather.DateWeatherService.a:19 cn.eben.newweather.DateWeatherService.a:0 cn.eben.newweather.DateWeatherService$1.handleMessage:7
05-19 15:15:09.002 627 1068 W ContentProviderHelper: Permission Denial: opening provider com.android.providers.contacts.ContactsProvider2 from ProcessRecord{552b742 1631:cn.eben.sync/u0a63} (pid=1631, uid=10063) requires android.permission.READ_CONTACTS or android.permission.WRITE_CONTACTS
05-19 15:15:09.138 19442 19442 W ContextImpl: Calling a method in the system process without a qualified user: android.app.ContextImpl.startService:1824 android.content.ContextWrapper.startService:774 com.ebensz.appmanager.service.UploadMyAppsInfoService$1.handleMessage:63 android.os.Handler.dispatchMessage:106 android.os.Looper.loopOnce:201
05-21 15:41:53.919 29262 29262 I : read descriptors
05-21 15:41:53.919 29262 29262 I : read strings
05-21 15:41:53.920 1 1 I init : processing action (sys.usb.config=adb && sys.usb.configfs=1 && sys.usb.ffs.ready=1) from (/system/etc/init/hw/init.usb.configfs.rc:20)
05-21 15:41:53.921 1 1 I init : Command 'symlink /config/usb_gadget/g1/functions/ffs.adb /config/usb_gadget/g1/configs/b.1/f1' action=sys.usb.config=adb && sys.usb.configfs=1 && sys.usb.ffs.ready=1 (/system/etc/init/hw/init.usb.configfs.rc:22) took 0ms and failed: symlink() failed: File exists
05-21 15:41:53.922 1 1 I init : Command 'write /config/usb_gadget/g1/UDC ${sys.usb.controller}' action=sys.usb.config=adb && sys.usb.configfs=1 && sys.usb.ffs.ready=1 (/system/etc/init/hw/init.usb.configfs.rc:23) took 0ms and failed: Unable to write to file '/config/usb_gadget/g1/UDC': Unable to write file contents: Device or resource busy
05-19 15:15:10.001 1272 1272 W ContextImpl: Calling a method in the system process without a qualified user: android.app.ContextImpl.sendBroadcast:1181 android.content.ContextWrapper.sendBroadcast:479 cn.eben.newweather.DateWeatherService.a:19 cn.eben.newweather.DateWeatherService.a:0 cn.eben.newweather.DateWeatherService$1.handleMessage:7
05-19 15:15:10.491 463 491 I RIL : ---> enter mainloop wait at port
05-19 15:15:10.492 463 491 D RIL-DEV : Get modem info
05-19 15:15:10.492 463 491 D RIL-DEV : [05-19_15:15:10:493] idVendor = 0bda
05-19 15:15:10.492 463 491 D RIL-DEV :
05-19 15:15:10.493 463 491 D RIL-DEV : [05-19_15:15:10:493] idVendor = 05e3
05-19 15:15:10.493 463 491 D RIL-DEV :
05-19 15:15:10.493 463 491 D RIL-DEV : [05-19_15:15:10:494] idVendor = 1d6b
05-19 15:15:10.493 463 491 D RIL-DEV :
05-19 15:15:10.493 463 491 D RIL-DEV : [05-19_15:15:10:494] idVendor = 1d6b
05-19 15:15:10.493 463 491 D RIL-DEV :
05-19 15:15:10.494 463 491 D RIL-DEV : [05-19_15:15:10:494] idVendor = 0bda
05-19 15:15:10.494 463 491 D RIL-DEV :
05-19 15:15:10.494 463 491 D RIL-DEV : [05-19_15:15:10:495] idVendor = 1d6b
05-19 15:15:10.494 463 491 D RIL-DEV :
05-19 15:15:10.494 463 491 D RIL-DEV : [05-19_15:15:10:495] idVendor = 2109
05-19 15:15:10.494 463 491 D RIL-DEV :
05-19 15:15:10.495 463 491 D RIL-DEV : [05-19_15:15:10:495] idVendor = 2109
05-19 15:15:10.495 463 491 D RIL-DEV :
05-19 15:15:10.495 463 491 D RIL-DEV : [05-19_15:15:10:496] idVendor = 1d6b
05-19 15:15:10.495 463 491 D RIL-DEV :
05-19 15:15:10.495 463 491 D RIL-DEV : [05-19_15:15:10:496] idVendor = 0bda
05-19 15:15:10.495 463 491 D RIL-DEV :
05-19 15:15:10.496 463 491 D RIL-DEV : [05-19_15:15:10:496] idVendor = 2109
05-19 15:15:10.496 463 491 D RIL-DEV :
05-19 15:15:10.496 463 491 E RIL-DEV : Cannot find Meig devices
05-19 15:15:10.496 463 491 I RIL : ---> can't find meig usb devices
05-21 15:41:54.959 29262 29262 I : read descriptors
05-21 15:41:54.960 29262 29262 I : read strings
05-21 15:41:54.961 1 1 I init : processing action (sys.usb.config=adb && sys.usb.configfs=1 && sys.usb.ffs.ready=1) from (/system/etc/init/hw/init.usb.configfs.rc:20)
05-21 15:41:54.964 1 1 I init : Command 'symlink /config/usb_gadget/g1/functions/ffs.adb /config/usb_gadget/g1/configs/b.1/f1' action=sys.usb.config=adb && sys.usb.configfs=1 && sys.usb.ffs.ready=1 (/system/etc/init/hw/init.usb.configfs.rc:22) took 0ms and failed: symlink() failed: File exists
05-21 15:41:54.968 1 1 I init : Command 'write /config/usb_gadget/g1/UDC ${sys.usb.controller}' action=sys.usb.config=adb && sys.usb.configfs=1 && sys.usb.ffs.ready=1 (/system/etc/init/hw/init.usb.configfs.rc:23) took 3ms and failed: Unable to write to file '/config/usb_gadget/g1/UDC': Unable to write file contents: Device or resource busy
05-19 15:15:11.001 1272 1272 W ContextImpl: Calling a method in the system process without a qualified user: android.app.ContextImpl.sendBroadcast:1181 android.content.ContextWrapper.sendBroadcast:479 cn.eben.newweather.DateWeatherService.a:19 cn.eben.newweather.DateWeatherService.a:0 cn.eben.newweather.DateWeatherService$1.handleMessage:7
05-21 15:41:56.013 29262 29262 I : read descriptors
05-21 15:41:56.013 29262 29262 I : read strings
05-21 15:41:56.015 1 1 I init : processing action (sys.usb.config=adb && sys.usb.configfs=1 && sys.usb.ffs.ready=1) from (/system/etc/init/hw/init.usb.configfs.rc:20)
05-19 15:15:12.001 1272 1272 W ContextImpl: Calling a method in the system process without a qualified user: android.app.ContextImpl.sendBroadcast:1181 android.content.ContextWrapper.sendBroadcast:479 cn.eben.newweather.DateWeatherService.a:19 cn.eben.newweather.DateWeatherService.a:0 cn.eben.newweather.DateWeatherService$1.handleMessage:7
05-19 15:15:12.496 463 491 I RIL : ---> enter mainloop wait at port
05-19 15:15:12.497 463 491 D RIL-DEV : Get modem info
05-19 15:15:12.497 463 491 D RIL-DEV : [05-19_15:15:12:498] idVendor = 0bda
05-19 15:15:12.497 463 491 D RIL-DEV :
05-19 15:15:12.498 463 491 D RIL-DEV : [05-19_15:15:12:498] idVendor = 05e3
05-19 15:15:12.498 463 491 D RIL-DEV :
05-19 15:15:12.498 463 491 D RIL-DEV : [05-19_15:15:12:499] idVendor = 1d6b
05-19 15:15:12.498 463 491 D RIL-DEV :
05-19 15:15:12.498 463 491 D RIL-DEV : [05-19_15:15:12:499] idVendor = 1d6b
05-19 15:15:12.498 463 491 D RIL-DEV :
05-19 15:15:12.499 463 491 D RIL-DEV : [05-19_15:15:12:499] idVendor = 0bda
05-19 15:15:12.499 463 491 D RIL-DEV :
05-19 15:15:12.499 463 491 D RIL-DEV : [05-19_15:15:12:499] idVendor = 1d6b
05-19 15:15:12.499 463 491 D RIL-DEV :
05-19 15:15:12.499 463 491 D RIL-DEV : [05-19_15:15:12:500] idVendor = 2109
05-19 15:15:12.499 463 491 D RIL-DEV :
05-19 15:15:12.500 463 491 D RIL-DEV : [05-19_15:15:12:500] idVendor = 2109
05-19 15:15:12.500 463 491 D RIL-DEV :
05-19 15:15:12.500 463 491 D RIL-DEV : [05-19_15:15:12:500] idVendor = 1d6b
05-19 15:15:12.500 463 491 D RIL-DEV :
05-19 15:15:12.500 463 491 D RIL-DEV : [05-19_15:15:12:501] idVendor = 0bda
05-19 15:15:12.500 463 491 D RIL-DEV :
05-19 15:15:12.501 463 491 D RIL-DEV : [05-19_15:15:12:502] idVendor = 2109
05-19 15:15:12.501 463 491 D RIL-DEV :
05-19 15:15:12.501 463 491 E RIL-DEV : Cannot find Meig devices
05-19 15:15:12.502 463 491 I RIL : ---> can't find meig usb devices
05-21 15:41:57.066 29262 29262 I : read descriptors
05-21 15:41:57.066 29262 29262 I : read strings
05-19 15:15:12.663 627 627 I notification_enqueue: [10098,25952,com.baidu.appsearch,2131755453,NULL,0,Notification(channel=手机管理、安全检测相关通知 shortcut=null contentView=null vibrate=null sound=null defaults=0x0 flags=0x62 color=0x00000000 vis=PRIVATE),1]
05-19 15:15:13.002 1272 1272 W ContextImpl: Calling a method in the system process without a qualified user: android.app.ContextImpl.sendBroadcast:1181 android.content.ContextWrapper.sendBroadcast:479 cn.eben.newweather.DateWeatherService.a:19 cn.eben.newweather.DateWeatherService.a:0 cn.eben.newweather.DateWeatherService$1.handleMessage:7
05-21 15:41:58.107 29262 29262 I : read descriptors
05-21 15:41:58.107 29262 29262 I : read strings
05-21 15:41:58.109 1 1 I init : processing action (sys.usb.config=adb && sys.usb.configfs=1 && sys.usb.ffs.ready=1) from (/system/etc/init/hw/init.usb.configfs.rc:20)
05-21 15:41:58.112 1 1 I init : Command 'symlink /config/usb_gadget/g1/functions/ffs.adb /config/usb_gadget/g1/configs/b.1/f1' action=sys.usb.config=adb && sys.usb.configfs=1 && sys.usb.ffs.ready=1 (/system/etc/init/hw/init.usb.configfs.rc:22) took 0ms and failed: symlink() failed: File exists
05-21 15:41:58.115 1 1 I init : Command 'write /config/usb_gadget/g1/UDC ${sys.usb.controller}' action=sys.usb.config=adb && sys.usb.configfs=1 && sys.usb.ffs.ready=1 (/system/etc/init/hw/init.usb.configfs.rc:23) took 3ms and failed: Unable to write to file '/config/usb_gadget/g1/UDC': Unable to write file contents: Device or resource busy
05-19 15:15:14.002 1272 1272 W ContextImpl: Calling a method in the system process without a qualified user: android.app.ContextImpl.sendBroadcast:1181 android.content.ContextWrapper.sendBroadcast:479 cn.eben.newweather.DateWeatherService.a:19 cn.eben.newweather.DateWeatherService.a:0 cn.eben.newweather.DateWeatherService$1.handleMessage:7
05-19 15:15:14.007 627 685 W ContentProviderHelper: Permission Denial: opening provider com.android.providers.contacts.ContactsProvider2 from ProcessRecord{552b742 1631:cn.eben.sync/u0a63} (pid=1631, uid=10063) requires android.permission.READ_CONTACTS or android.permission.WRITE_CONTACTS
05-19 15:15:14.502 463 491 I RIL : ---> enter mainloop wait at port
05-19 15:15:14.502 463 491 D RIL-DEV : Get modem info
05-19 15:15:14.503 463 491 D RIL-DEV : [05-19_15:15:14:503] idVendor = 0bda
05-19 15:15:14.503 463 491 D RIL-DEV :
05-19 15:15:14.503 463 491 D RIL-DEV : [05-19_15:15:14:503] idVendor = 05e3
05-19 15:15:14.503 463 491 D RIL-DEV :
05-19 15:15:14.503 463 491 D RIL-DEV : [05-19_15:15:14:504] idVendor = 1d6b
05-19 15:15:14.503 463 491 D RIL-DEV :
05-19 15:15:14.504 463 491 D RIL-DEV : [05-19_15:15:14:504] idVendor = 1d6b
05-19 15:15:14.504 463 491 D RIL-DEV :
05-19 15:15:14.504 463 491 D RIL-DEV : [05-19_15:15:14:505] idVendor = 0bda
05-19 15:15:14.504 463 491 D RIL-DEV :
05-19 15:15:14.505 463 491 D RIL-DEV : [05-19_15:15:14:505] idVendor = 1d6b
05-19 15:15:14.505 463 491 D RIL-DEV :
05-19 15:15:14.505 463 491 D RIL-DEV : [05-19_15:15:14:505] idVendor = 2109
05-19 15:15:14.505 463 491 D RIL-DEV :
05-19 15:15:14.505 463 491 D RIL-DEV : [05-19_15:15:14:506] idVendor = 2109
05-19 15:15:14.505 463 491 D RIL-DEV :
05-19 15:15:14.505 463 491 D RIL-DEV : [05-19_15:15:14:506] idVendor = 1d6b
05-19 15:15:14.505 463 491 D RIL-DEV :
05-19 15:15:14.506 463 491 D RIL-DEV : [05-19_15:15:14:506] idVendor = 0bda
05-19 15:15:14.506 463 491 D RIL-DEV :
05-19 15:15:14.506 463 491 D RIL-DEV : [05-19_15:15:14:507] idVendor = 2109
05-19 15:15:14.506 463 491 D RIL-DEV :
05-19 15:15:14.506 463 491 E RIL-DEV : Cannot find Meig devices
05-19 15:15:14.506 463 491 I RIL : ---> can't find meig usb devices
05-19 15:15:14.577 627 668 V DisplayPowerController[0]: Brightness [0.05] reason changing to: 'manual [ dim ]', previous reason: 'manual'.
05-19 15:15:14.577 627 668 I sysui_multi_action: [757,1696,758,6,759,2]
05-21 15:41:59.159 29262 29262 I : read descriptors
05-21 15:41:59.160 29262 29262 I : read strings
05-21 15:41:59.161 1 1 I init : processing action (sys.usb.config=adb && sys.usb.configfs=1 && sys.usb.ffs.ready=1) from (/system/etc/init/hw/init.usb.configfs.rc:20)
05-21 15:41:59.163 1 1 I init : Command 'symlink /config/usb_gadget/g1/functions/ffs.adb /config/usb_gadget/g1/configs/b.1/f1' action=sys.usb.config=adb && sys.usb.configfs=1 && sys.usb.ffs.ready=1 (/system/etc/init/hw/init.usb.configfs.rc:22) took 0ms and failed: symlink() failed: File exists
05-21 15:41:59.164 1 1 I init : Command 'write /config/usb_gadget/g1/UDC ${sys.usb.controller}' action=sys.usb.config=adb && sys.usb.configfs=1 && sys.usb.ffs.ready=1 (/system/etc/init/hw/init.usb.configfs.rc:23) took 0ms and failed: Unable to write to file '/config/usb_gadget/g1/UDC': Unable to write file contents: Device or resource busy
05-19 15:15:15.002 1272 1272 W ContextImpl: Calling a method in the system process without a qualified user: android.app.ContextImpl.sendBroadcast:1181 android.content.ContextWrapper.sendBroadcast:479 cn.eben.newweather.DateWeatherService.a:19 cn.eben.newweather.DateWeatherService.a:0 cn.eben.newweather.DateWeatherService$1.handleMessage:7
05-21 15:42:00.216 29262 29262 I : read descriptors
05-21 15:42:00.216 29262 29262 I : read strings
05-21 15:42:00.218 1 1 I init : processing action (sys.usb.config=adb && sys.usb.configfs=1 && sys.usb.ffs.ready=1) from (/system/etc/init/hw/init.usb.configfs.rc:20)
05-21 15:42:00.221 1 1 I init : Command 'symlink /config/usb_gadget/g1/functions/ffs.adb /config/usb_gadget/g1/configs/b.1/f1' action=sys.usb.config=adb && sys.usb.configfs=1 && sys.usb.ffs.ready=1 (/system/etc/init/hw/init.usb.configfs.rc:22) took 0ms and failed: symlink() failed: File exists
05-21 15:42:00.222 1 1 I init : Command 'write /config/usb_gadget/g1/UDC ${sys.usb.controller}' action=sys.usb.config=adb && sys.usb.configfs=1 && sys.usb.ffs.ready=1 (/system/etc/init/hw/init.usb.configfs.rc:23) took 0ms and failed: Unable to write to file '/config/usb_gadget/g1/UDC': Unable to write file contents: Device or resource busy
05-19 15:15:16.002 1272 1272 W ContextImpl: Calling a method in the system process without a qualified user: android.app.ContextImpl.sendBroadcast:1181 android.content.ContextWrapper.sendBroadcast:479 cn.eben.newweather.DateWeatherService.a:19 cn.eben.newweather.DateWeatherService.a:0 cn.eben.newweather.DateWeatherService$1.handleMessage:7
05-19 15:15:16.507 463 491 I RIL : ---> enter mainloop wait at port
05-19 15:15:16.507 463 491 D RIL-DEV : Get modem info
05-19 15:15:16.508 463 491 D RIL-DEV : [05-19_15:15:16:508] idVendor = 0bda
05-19 15:15:16.508 463 491 D RIL-DEV :
05-19 15:15:16.508 463 491 D RIL-DEV : [05-19_15:15:16:509] idVendor = 05e3
05-19 15:15:16.508 463 491 D RIL-DEV :
05-19 15:15:16.508 463 491 D RIL-DEV : [05-19_15:15:16:509] idVendor = 1d6b
05-19 15:15:16.508 463 491 D RIL-DEV :
05-19 15:15:16.509 463 491 D RIL-DEV : [05-19_15:15:16:509] idVendor = 1d6b
05-19 15:15:16.509 463 491 D RIL-DEV :
05-19 15:15:16.509 463 491 D RIL-DEV : [05-19_15:15:16:509] idVendor = 0bda
05-19 15:15:16.509 463 491 D RIL-DEV :
05-19 15:15:16.509 463 491 D RIL-DEV : [05-19_15:15:16:510] idVendor = 1d6b
05-19 15:15:16.509 463 491 D RIL-DEV :
05-19 15:15:16.510 463 491 D RIL-DEV : [05-19_15:15:16:510] idVendor = 2109
05-19 15:15:16.510 463 491 D RIL-DEV :
05-19 15:15:16.510 463 491 D RIL-DEV : [05-19_15:15:16:511] idVendor = 2109
05-19 15:15:16.510 463 491 D RIL-DEV :
05-19 15:15:16.510 463 491 D RIL-DEV : [05-19_15:15:16:511] idVendor = 1d6b
05-19 15:15:16.510 463 491 D RIL-DEV :
05-19 15:15:16.511 463 491 D RIL-DEV : [05-19_15:15:16:512] idVendor = 0bda
05-19 15:15:16.511 463 491 D RIL-DEV :
05-19 15:15:16.512 463 491 D RIL-DEV : [05-19_15:15:16:512] idVendor = 2109
05-19 15:15:16.512 463 491 D RIL-DEV :
05-19 15:15:16.513 463 491 E RIL-DEV : Cannot find Meig devices
05-19 15:15:16.513 463 491 I RIL : ---> can't find meig usb devices
05-21 15:42:01.269 29262 29262 I : read descriptors
05-21 15:42:01.270 29262 29262 I : read strings
05-21 15:42:01.271 1 1 I init : processing action (sys.usb.config=adb && sys.usb.configfs=1 && sys.usb.ffs.ready=1) from (/system/etc/init/hw/init.usb.configfs.rc:20)
05-19 15:15:17.001 1272 1272 W ContextImpl: Calling a method in the system process without a qualified user: android.app.ContextImpl.sendBroadcast:1181 android.content.ContextWrapper.sendBroadcast:479 cn.eben.newweather.DateWeatherService.a:19 cn.eben.newweather.DateWeatherService.a:0 cn.eben.newweather.DateWeatherService$1.handleMessage:7
05-19 15:15:17.575 627 668 I PowerManagerService: Powering off display group due to timeout (groupId= 0, uid= 1000)...
05-19 15:15:17.576 627 668 I PowerManagerService: Going to sleep due to timeout (uid 1000)...
05-19 15:15:17.579 627 668 I power_sleep_requested: 0
05-19 15:15:17.628 627 668 V DisplayPowerController[0]: Brightness [0.5472441] reason changing to: 'manual', previous reason: 'manual [ dim ]'.
05-19 15:15:17.628 627 668 I sysui_multi_action: [757,1696,758,6,759,0]
05-21 15:42:02.339 29262 29262 I : read descriptors
05-21 15:42:02.340 29262 29262 I : read strings
05-19 15:15:18.001 1272 1272 W ContextImpl: Calling a method in the system process without a qualified user: android.app.ContextImpl.sendBroadcast:1181 android.content.ContextWrapper.sendBroadcast:479 cn.eben.newweather.DateWeatherService.a:19 cn.eben.newweather.DateWeatherService.a:0 cn.eben.newweather.DateWeatherService$1.handleMessage:7
05-19 15:15:18.063 627 668 I DisplayPowerController[0]: Blocking screen off
05-19 15:15:18.064 627 668 I DisplayPowerController[0]: Unblocked screen off after 0 ms
05-19 15:15:18.066 627 668 D ActivityTaskManager: Top Process State changed to PROCESS_STATE_TOP_SLEEPING
05-19 15:15:18.069 627 668 I wm_pause_activity: [0,214771548,com.android.launcher3/.uioverrides.QuickstepLauncher,userLeaving=false,sleep]
05-19 15:15:18.069 1030 1030 I wm_on_top_resumed_lost_called: [214771548,com.android.launcher3.uioverrides.QuickstepLauncher,topStateChangedWhenResumed]
05-21 15:42:02.526 445 445 I gsensor_mxc6655 5-0015: set sensor poll time to 200ms
05-19 15:15:18.083 1030 1030 I wm_on_paused_called: [214771548,com.android.launcher3.uioverrides.QuickstepLauncher,performPause]
05-19 15:15:18.083 627 1068 I wm_add_to_stopping: [0,214771548,com.android.launcher3/.uioverrides.QuickstepLauncher,completePauseLocked]
05-19 15:15:18.089 627 668 V DisplayPowerController[0]: Brightness [0.003937008] reason changing to: 'screen_off', previous reason: 'manual'.
05-19 15:15:18.093 627 647 I wm_stop_activity: [0,214771548,com.android.launcher3/.uioverrides.QuickstepLauncher]
05-19 15:15:18.094 627 647 I sysui_multi_action: [757,803,799,window_time_0,802,60]
05-19 15:15:18.095 627 647 I DisplayDeviceRepository: Display device changed state: "内置屏幕", OFF
05-19 15:15:18.097 627 710 I input_focus: [Focus leaving 334f74b com.android.launcher3/com.android.launcher3.uioverrides.QuickstepLauncher (server),reason=NOT_VISIBLE]
05-19 15:15:18.124 1030 1030 I wm_on_stop_called: [214771548,com.android.launcher3.uioverrides.QuickstepLauncher,STOP_ACTIVITY_ITEM]
05-21 15:42:02.912 352 352 I rockchip-vop2 fdd90000.vop: [drm:vop2_crtc_atomic_disable] Crtc atomic disable vp2
05-21 15:42:02.924 352 352 E rockchip-vop2 fdd90000.vop: [drm:vop2_crtc_atomic_disable] *ERROR* unexpected power on pd7
05-19 15:15:18.477 627 668 I PowerManagerService: Sleeping display group (groupId=0, uid=1000)...
05-19 15:15:18.477 627 668 I PowerManagerService: Sleeping (uid 1000)...
05-19 15:15:18.483 627 627 I sysui_multi_action: [757,198,758,2,759,3,1359,904,1695,2]
05-19 15:15:18.483 627 627 I power_screen_state: [0,3,0,0,904]
05-19 15:15:18.484 627 627 I screen_toggled: 0
05-19 15:15:18.484 627 627 I sysui_multi_action: [757,804,799,screen_timeout,801,15,802,1]
05-19 15:15:18.485 627 627 I sysui_multi_action: [757,1594,758,4,759,-2147483648,1359,14804]
05-19 15:15:18.485 627 627 I power_screen_broadcast_send: 1
05-19 15:15:18.514 463 491 I RIL : ---> enter mainloop wait at port
05-19 15:15:18.514 463 491 D RIL-DEV : Get modem info
05-19 15:15:18.514 463 491 D RIL-DEV : [05-19_15:15:18:515] idVendor = 0bda
05-19 15:15:18.514 463 491 D RIL-DEV :
05-19 15:15:18.515 463 491 D RIL-DEV : [05-19_15:15:18:515] idVendor = 05e3
05-19 15:15:18.515 463 491 D RIL-DEV :
05-19 15:15:18.515 463 491 D RIL-DEV : [05-19_15:15:18:515] idVendor = 1d6b
05-19 15:15:18.515 463 491 D RIL-DEV :
05-19 15:15:18.515 463 491 D RIL-DEV : [05-19_15:15:18:515] idVendor = 1d6b
05-19 15:15:18.515 463 491 D RIL-DEV :
05-19 15:15:18.515 463 491 D RIL-DEV : [05-19_15:15:18:516] idVendor = 0bda
05-19 15:15:18.515 463 491 D RIL-DEV :
05-19 15:15:18.515 463 491 D RIL-DEV : [05-19_15:15:18:516] idVendor = 1d6b
05-19 15:15:18.515 463 491 D RIL-DEV :
05-19 15:15:18.515 463 491 D RIL-DEV : [05-19_15:15:18:516] idVendor = 2109
05-19 15:15:18.515 463 491 D RIL-DEV :
05-19 15:15:18.516 463 491 D RIL-DEV : [05-19_15:15:18:516] idVendor = 2109
05-19 15:15:18.516 463 491 D RIL-DEV :
05-19 15:15:18.516 463 491 D RIL-DEV : [05-19_15:15:18:516] idVendor = 1d6b
05-19 15:15:18.516 463 491 D RIL-DEV :
05-19 15:15:18.516 463 491 D RIL-DEV : [05-19_15:15:18:517] idVendor = 0bda
05-19 15:15:18.516 463 491 D RIL-DEV :
05-19 15:15:18.516 463 491 D RIL-DEV : [05-19_15:15:18:517] idVendor = 2109
05-19 15:15:18.516 463 491 D RIL-DEV :
05-19 15:15:18.516 463 491 E RIL-DEV : Cannot find Meig devices
05-19 15:15:18.516 463 491 I RIL : ---> can't find meig usb devices
05-19 15:15:18.532 627 627 I battery_saving_stats: [0,1,0,15355,0,0,64106546,0,-6]
05-19 15:15:18.542 975 975 D DCT-C-0 : screen off
05-19 15:15:18.542 975 975 D DCT-C-0 : stopNetStatPoll
05-19 15:15:18.562 627 16029 W ActivityManager: Ignoring request to force stop protected package u0
05-19 15:15:18.582 627 627 I power_screen_broadcast_done: [0,96,1]
05-21 15:42:03.141 2551 2551 I PM : suspend entry (deep)
05-21 15:42:03.162 2551 2551 I Filesystems sync: 0.020 seconds
05-19 15:15:52.956 627 627 W Looper : Slow delivery took 1962ms main h=android.os.Handler c=com.android.internal.os.BinderCallsStats$1@f021a7b m=0
05-19 15:15:52.961 627 711 I sysui_multi_action: [757,804,799,power_consecutive_short_tap_count,801,1,802,1]
05-19 15:15:52.961 627 711 I sysui_multi_action: [757,804,799,power_double_tap_interval,801,67408,802,1]
05-19 15:15:52.961 627 711 I intercept_power: [ACTION_DOWN,0,0]
05-19 15:15:52.963 1272 1272 W ContextImpl: Calling a method in the system process without a qualified user: android.app.ContextImpl.sendBroadcast:1181 android.content.ContextWrapper.sendBroadcast:479 cn.eben.newweather.DateWeatherService.a:19 cn.eben.newweather.DateWeatherService.a:0 cn.eben.newweather.DateWeatherService$1.handleMessage:7
05-19 15:15:52.963 463 491 I RIL : ---> enter mainloop wait at port
05-19 15:15:52.963 463 491 D RIL-DEV : Get modem info
05-19 15:15:52.963 463 491 D RIL-DEV : [05-19_15:15:52:964] idVendor = 0bda
05-19 15:15:52.963 463 491 D RIL-DEV :
05-19 15:15:52.964 463 491 D RIL-DEV : [05-19_15:15:52:964] idVendor = 05e3
05-19 15:15:52.964 463 491 D RIL-DEV :
05-19 15:15:52.964 463 491 D RIL-DEV : [05-19_15:15:52:964] idVendor = 1d6b
05-19 15:15:52.964 463 491 D RIL-DEV :
05-19 15:15:52.964 463 491 D RIL-DEV : [05-19_15:15:52:964] idVendor = 1d6b
05-19 15:15:52.964 463 491 D RIL-DEV :
05-19 15:15:52.964 463 491 D RIL-DEV : [05-19_15:15:52:964] idVendor = 0bda
05-19 15:15:52.964 463 491 D RIL-DEV :
05-19 15:15:52.964 463 491 D RIL-DEV : [05-19_15:15:52:964] idVendor = 1d6b
05-19 15:15:52.964 463 491 D RIL-DEV :
05-19 15:15:52.964 463 491 D RIL-DEV : [05-19_15:15:52:965] idVendor = 2109
05-19 15:15:52.964 463 491 D RIL-DEV :
05-19 15:15:52.964 463 491 D RIL-DEV : [05-19_15:15:52:965] idVendor = 1d6b
05-19 15:15:52.964 463 491 D RIL-DEV :
05-19 15:15:52.964 463 491 D RIL-DEV : [05-19_15:15:52:965] idVendor = 0bda
05-19 15:15:52.964 463 491 D RIL-DEV :
05-19 15:15:52.964 463 491 D RIL-DEV : [05-19_15:15:52:965] idVendor = 2109
05-19 15:15:52.964 463 491 D RIL-DEV :
05-19 15:15:52.964 463 491 E RIL-DEV : Cannot find Meig devices
05-19 15:15:52.964 463 491 I RIL : ---> can't find meig usb devices
05-19 15:15:52.965 627 627 W Looper : Drained
05-19 15:15:52.966 627 16029 W ContentProviderHelper: Permission Denial: opening provider com.android.providers.contacts.ContactsProvider2 from ProcessRecord{552b742 1631:cn.eben.sync/u0a63} (pid=1631, uid=10063) requires android.permission.READ_CONTACTS or android.permission.WRITE_CONTACTS
05-19 15:15:52.968 627 711 I PowerManagerService: Powering on display group fromAsleep (groupId=0, uid=1000, reason=WAKE_REASON_POWER_BUTTON, details=android.policy:POWER)...
05-19 15:15:52.968 627 711 I PowerManagerService: Waking up from Asleep (uid=1000, reason=WAKE_REASON_POWER_BUTTON, details=android.policy:POWER)...
05-21 15:42:03.162 2551 2551 I : Freezing user space processes ... (elapsed 0.009 seconds) done.
05-19 15:15:52.971 627 668 I DisplayPowerController[0]: Blocking screen on until initial contents have been drawn.
05-19 15:15:52.971 627 668 D ActivityTaskManager: Top Process State changed to PROCESS_STATE_TOP
05-19 15:15:52.973 627 711 I intercept_power: [ACTION_UP,0,0]
05-19 15:15:52.977 627 668 I wm_set_resumed_activity: [0,com.android.launcher3/.uioverrides.QuickstepLauncher,resumeTopActivity]
05-19 15:15:52.980 627 668 I wm_resume_activity: [0,214771548,29,com.android.launcher3/.uioverrides.QuickstepLauncher]
05-19 15:15:52.983 627 668 V DisplayPowerController[0]: Brightness [0.5472441] reason changing to: 'manual', previous reason: 'screen_off'.
05-19 15:15:52.983 627 668 I sysui_multi_action: [757,1696,758,6,759,3]
05-19 15:15:52.985 627 627 I screen_toggled: 1
05-19 15:15:52.986 627 647 I DisplayDeviceRepository: Display device changed state: "内置屏幕", ON
05-19 15:15:52.991 627 627 I power_screen_broadcast_send: 1
05-19 15:15:52.992 627 627 I WindowManager: Suppressed redundant power key press while already in the process of turning the screen on.
05-19 15:15:53.006 1030 1030 I wm_on_restart_called: [214771548,com.android.launcher3.uioverrides.QuickstepLauncher,performRestartActivity]
05-19 15:15:53.008 1030 1030 I wm_on_start_called: [214771548,com.android.launcher3.uioverrides.QuickstepLauncher,handleStartActivity]
05-19 15:15:53.008 1030 1030 I wm_on_resume_called: [214771548,com.android.launcher3.uioverrides.QuickstepLauncher,RESUME_ACTIVITY]
05-19 15:15:53.008 1030 1030 I wm_on_top_resumed_gained_called: [214771548,com.android.launcher3.uioverrides.QuickstepLauncher,topWhenResuming]
05-19 15:15:53.014 627 668 I DisplayPowerController[0]: Unblocked screen on after 43 ms
05-19 15:15:53.018 1272 1272 W ContextImpl: Calling a method in the system process without a qualified user: android.app.ContextImpl.sendBroadcast:1181 android.content.ContextWrapper.sendBroadcast:479 cn.eben.newweather.DateWeatherService.a:19 cn.eben.newweather.DateWeatherService.a:0 cn.eben.newweather.DateWeatherService$1.handleMessage:7
05-19 15:15:53.020 627 642 W BroadcastQueue: Background execution not allowed: receiving Intent { act=android.intent.action.USER_PRESENT flg=0x24200010 } to com.zhangyue.read.iReader/com.taobao.accs.EventReceiver
05-19 15:15:53.027 627 780 D UsbHostManager: Removed device at /dev/bus/usb/003/031: USB Billboard Device
05-19 15:15:53.027 627 780 I UsbAlsaManager: USB Audio Device Removed: null
05-21 15:42:03.171 2551 2551 I : OOM killer disabled.
05-21 15:42:03.171 2551 2551 I : Freezing remaining freezable tasks ... (elapsed 0.083 seconds) done.
05-21 15:42:03.255 2551 2551 I printk : Suspending console(s) (use no_console_suspend to debug)
05-21 15:42:03.335 2551 2551 E regulator-dummy: Underflow of regulator enable count
05-21 15:42:03.335 2551 2551 E wacom_i2c 4-0009: disable regulator failed -22
05-21 15:42:03.563 2551 2551 I : Disabling non-boot CPUs ...
05-21 15:42:03.564 2551 2551 I psci : CPU1 killed (polled 0 ms)
05-21 15:42:03.566 2551 2551 I psci : CPU2 killed (polled 0 ms)
05-21 15:42:03.568 2551 2551 I psci : CPU3 killed (polled 0 ms)
05-21 15:42:03.569 2551 2551 I psci : CPU4 killed (polled 0 ms)
05-21 15:42:03.572 2551 2551 I psci : CPU5 killed (polled 4 ms)
05-21 15:42:03.575 2551 2551 I psci : CPU6 killed (polled 0 ms)
05-21 15:42:03.577 2551 2551 I psci : CPU7 killed (polled 0 ms)
05-21 15:42:35.589 0 0 W [ C0] PM: pm_system_irq_wakeup: 106 triggered rk806
05-21 15:42:35.589 2551 2551 I : Enabling non-boot CPUs ...
05-21 15:42:35.590 0 0 I : Detected VIPT I-cache on CPU1
05-21 15:42:35.590 0 0 I GICv3 : CPU1: found redistributor 100 region 0:0x00000000fe6a0000
05-21 15:42:35.591 0 0 I CPU1 : Booted secondary processor 0x0000000100 [0x412fd050]
05-21 15:42:35.591 2551 2551 I : CPU1 is up
05-21 15:42:35.592 0 0 I : Detected VIPT I-cache on CPU2
05-21 15:42:35.592 0 0 I GICv3 : CPU2: found redistributor 200 region 0:0x00000000fe6c0000
05-21 15:42:35.592 0 0 I CPU2 : Booted secondary processor 0x0000000200 [0x412fd050]
05-21 15:42:35.593 2551 2551 I : CPU2 is up
05-21 15:42:35.594 0 0 I : Detected VIPT I-cache on CPU3
05-21 15:42:35.594 0 0 I GICv3 : CPU3: found redistributor 300 region 0:0x00000000fe6e0000
05-21 15:42:35.594 0 0 I CPU3 : Booted secondary processor 0x0000000300 [0x412fd050]
05-21 15:42:35.594 2551 2551 I : CPU3 is up
05-21 15:42:35.595 0 0 I : Detected PIPT I-cache on CPU4
05-21 15:42:35.595 0 0 I GICv3 : CPU4: found redistributor 400 region 0:0x00000000fe700000
05-21 15:42:35.595 0 0 I CPU4 : Booted secondary processor 0x0000000400 [0x414fd0b0]
05-21 15:42:35.597 2551 2551 I : CPU4 is up
05-21 15:42:35.598 0 0 I : Detected PIPT I-cache on CPU5
05-21 15:42:35.598 0 0 I GICv3 : CPU5: found redistributor 500 region 0:0x00000000fe720000
05-21 15:42:35.598 0 0 I CPU5 : Booted secondary processor 0x0000000500 [0x414fd0b0]
05-21 15:42:35.599 2551 2551 I : CPU5 is up
05-21 15:42:35.599 0 0 I : Detected PIPT I-cache on CPU6
05-21 15:42:35.600 0 0 I GICv3 : CPU6: found redistributor 600 region 0:0x00000000fe740000
05-21 15:42:35.600 0 0 I CPU6 : Booted secondary processor 0x0000000600 [0x414fd0b0]
05-21 15:42:35.601 2551 2551 I : CPU6 is up
05-21 15:42:35.602 0 0 I : Detected PIPT I-cache on CPU7
05-21 15:42:35.602 0 0 I GICv3 : CPU7: found redistributor 700 region 0:0x00000000fe760000
05-21 15:42:35.602 0 0 I CPU7 : Booted secondary processor 0x0000000700 [0x414fd0b0]
05-21 15:42:35.603 2551 2551 I : CPU7 is up
05-21 15:42:35.609 2551 2551 I rk_gmac-dwmac fe1c0000.ethernet: init for RGMII
05-21 15:42:35.610 5268 5268 I usb1 : root hub lost power or was reset
05-21 15:42:35.617 5280 5280 I usb3 : root hub lost power or was reset
05-21 15:42:35.617 5280 5280 I usb4 : root hub lost power or was reset
05-21 15:42:35.618 2551 2551 E PM : dpm_run_callback(): wacom_i2c_resume+0x0/0xdc returns -6
05-21 15:42:35.618 2551 2551 E PM : Device 4-0009 failed to resume: error -6
05-21 15:42:35.681 2551 2551 I usb2 : root hub lost power or was reset
05-21 15:42:35.864 5290 5290 I usb 4-1 : reset SuperSpeed Gen 1 USB device number 2 using xhci-hcd
05-21 15:42:36.004 5279 5279 I usb 3-1 : reset high-speed USB device number 2 using xhci-hcd
05-21 15:42:36.514 5288 5288 I usb 4-1.1: reset SuperSpeed Gen 1 USB device number 5 using xhci-hcd
05-21 15:42:36.607 5284 5284 I usb 4-1.4: reset SuperSpeed Gen 1 USB device number 4 using xhci-hcd
05-21 15:42:36.635 4770 4770 I r8152 4-1.4: 1.0: skip request firmware
05-21 15:42:36.698 5274 5274 I usb 4-1.3: reset SuperSpeed Gen 1 USB device number 3 using xhci-hcd
05-21 15:42:36.884 4563 4563 I usb 3-1.5: reset high-speed USB device number 31 using xhci-hcd
05-21 15:42:37.026 4563 4563 E PM : dpm_run_callback(): usb_dev_resume+0x0/0x28 returns -5
05-21 15:42:37.026 4563 4563 E PM : Device 3-1.5 failed to resume async: error -5
05-21 15:42:37.097 5307 5307 I usb 3-1.3: reset high-speed USB device number 3 using xhci-hcd
05-21 15:42:37.397 2551 2551 I : OOM killer enabled.
05-21 15:42:37.397 2551 2551 I : Restarting tasks ...
05-21 15:42:37.400 29252 29252 I usb 3-1.5: USB disconnect, device number 31
05-21 15:42:37.417 4712 4712 I : mmc_host mmc0: Bus speed (slot 0) = 400000Hz (slot req 400000Hz, actual 400000HZ div = 0)
05-21 15:42:37.417 2551 2551 W : done.
05-21 15:43:09.430 440 440 W healthd : battery l=100 v=8708 t=27.5 h=1 st=3 c=0 fc=9700000 cc=0 chg=u
05-21 15:43:09.433 2551 2551 I : Resume caused by IRQ 106, rk806
05-21 15:43:09.433 2551 2551 I PM : suspend exit
05-21 15:43:09.473 468 468 I gsensor_mxc6655 5-0015: set sensor poll time to 66ms
05-21 15:43:09.480 468 468 I gsensor_mxc6655 5-0015: sensor on: starting poll sensor data 62ms
05-21 15:43:09.482 4712 4712 I : mmc_host mmc0: Bus speed (slot 0) = 300000Hz (slot req 300000Hz, actual 300000HZ div = 0)
05-21 15:43:09.482 352 352 W : <<-GTP-ERROR->> I2C Read: 0x8047, 1 bytes failed, errcode: -6! Process reset.
05-21 15:43:09.485 29252 29252 I usb 3-1.5: new high-speed USB device number 32 using xhci-hcd
05-21 15:43:09.528 4712 4712 I : mmc_host mmc0: Bus speed (slot 0) = 200000Hz (slot req 200000Hz, actual 200000HZ div = 0)
05-19 15:15:53.038 627 648 I input_focus: [Focus request 334f74b com.android.launcher3/com.android.launcher3.uioverrides.QuickstepLauncher,reason=UpdateInputWindows]
05-19 15:15:53.071 627 627 I notification_enqueue: [10098,25952,com.baidu.appsearch,2131755453,NULL,0,Notification(channel=手机管理、安全检测相关通知 shortcut=null contentView=null vibrate=null sound=null defaults=0x0 flags=0x62 color=0x00000000 vis=PRIVATE),1]
05-19 15:15:53.090 627 730 I netstats_mobile_sample: [0,0,0,0,0,0,0,0,0,0,0,0,1747638953091]
05-19 15:15:53.090 627 730 I netstats_wifi_sample: [0,0,0,0,0,0,0,0,0,0,0,0,1747638953091]
05-19 15:15:53.094 975 975 D TelephonyNetworkFactory[0]: onNeedNetworkFor NetworkRequest [ REQUEST id=1, [ Capabilities: INTERNET&NOT_RESTRICTED&TRUSTED&NOT_VPN&NOT_VCN_MANAGED RequestorUid: 1000 RequestorPkg: android] ] shouldApply false
05-19 15:15:53.095 975 975 D TelephonyNetworkFactory[0]: onNeedNetworkFor NetworkRequest [ REQUEST id=7, [ Capabilities: INTERNET&NOT_RESTRICTED&TRUSTED&NOT_VCN_MANAGED Uid: 1000 RequestorUid: 1000 RequestorPkg: android] ] shouldApply false
05-19 15:15:53.096 975 975 D TelephonyNetworkFactory[0]: onNeedNetworkFor NetworkRequest [ REQUEST id=15, [ Capabilities: INTERNET&NOT_RESTRICTED&TRUSTED&NOT_VCN_MANAGED Uid: 1000 RequestorUid: 1000 RequestorPkg: android] ] shouldApply false
05-19 15:15:53.096 975 975 D TelephonyNetworkFactory[0]: onNeedNetworkFor NetworkRequest [ REQUEST id=18, [ Capabilities: INTERNET&NOT_RESTRICTED&TRUSTED&NOT_VCN_MANAGED Uid: 10088 RequestorUid: 10088 RequestorPkg: com.android.systemui] ] shouldApply false
05-19 15:15:53.096 975 975 D TelephonyNetworkFactory[0]: onNeedNetworkFor NetworkRequest [ REQUEST id=20, [ Capabilities: INTERNET&NOT_RESTRICTED&TRUSTED&NOT_VCN_MANAGED Uid: 10088 RequestorUid: 10088 RequestorPkg: com.android.systemui] ] shouldApply false
05-19 15:15:53.096 975 975 D TelephonyNetworkFactory[0]: onNeedNetworkFor NetworkRequest [ REQUEST id=23, [ Capabilities: INTERNET&NOT_RESTRICTED&TRUSTED&NOT_VCN_MANAGED Uid: 1000 RequestorUid: 1000 RequestorPkg: com.android.networkstack.inprocess] ] shouldApply false
05-19 15:15:53.096 975 975 D TelephonyNetworkFactory[0]: onNeedNetworkFor NetworkRequest [ REQUEST id=28, [ Capabilities: INTERNET&NOT_RESTRICTED&TRUSTED&NOT_VCN_MANAGED Uid: 1001 RequestorUid: 1001 RequestorPkg: com.android.phone] ] shouldApply false
05-19 15:15:53.097 975 975 D TelephonyNetworkFactory[0]: onNeedNetworkFor NetworkRequest [ REQUEST id=32, [ Capabilities: INTERNET&NOT_RESTRICTED&TRUSTED&NOT_VCN_MANAGED Uid: 1000 RequestorUid: 1000 RequestorPkg: android] ] shouldApply false
05-19 15:15:53.097 975 975 D TelephonyNetworkFactory[0]: onNeedNetworkFor NetworkRequest [ REQUEST id=36, [ Capabilities: INTERNET&NOT_RESTRICTED&TRUSTED&NOT_VCN_MANAGED Uid: 10086 RequestorUid: 1000 RequestorPkg: android] ] shouldApply false
05-19 15:15:53.097 975 975 D TelephonyNetworkFactory[0]: onNeedNetworkFor NetworkRequest [ REQUEST id=38, [ Capabilities: INTERNET&NOT_RESTRICTED&TRUSTED&NOT_VCN_MANAGED Uid: 10023 RequestorUid: 1000 RequestorPkg: android] ] shouldApply false
05-19 15:15:53.097 975 975 D TelephonyNetworkFactory[0]: onNeedNetworkFor NetworkRequest [ REQUEST id=117, [ Capabilities: INTERNET&NOT_RESTRICTED&TRUSTED&NOT_VCN_MANAGED Uid: 10072 RequestorUid: 1000 RequestorPkg: android] ] shouldApply false
05-19 15:15:53.097 975 975 D TelephonyNetworkFactory[0]: onNeedNetworkFor NetworkRequest [ REQUEST id=127, [ Capabilities: INTERNET&NOT_RESTRICTED&TRUSTED&NOT_VCN_MANAGED Uid: 10079 RequestorUid: 1000 RequestorPkg: android] ] shouldApply false
05-19 15:15:53.097 975 975 D TelephonyNetworkFactory[0]: onNeedNetworkFor NetworkRequest [ REQUEST id=132, [ Capabilities: INTERNET&NOT_RESTRICTED&TRUSTED&NOT_VCN_MANAGED Uid: 10098 RequestorUid: 10098 RequestorPkg: com.baidu.appsearch] ] shouldApply false
05-19 15:15:53.097 975 975 D TelephonyNetworkFactory[0]: onNeedNetworkFor NetworkRequest [ REQUEST id=134, [ Capabilities: INTERNET&NOT_RESTRICTED&TRUSTED&NOT_VCN_MANAGED Uid: 10098 RequestorUid: 1000 RequestorPkg: android] ] shouldApply false
05-19 15:15:53.097 975 975 D TelephonyNetworkFactory[0]: onNeedNetworkFor NetworkRequest [ REQUEST id=136, [ Capabilities: INTERNET&NOT_RESTRICTED&TRUSTED&NOT_VCN_MANAGED Uid: 10072 RequestorUid: 10072 RequestorPkg: com.ebensz.email] ] shouldApply false
05-19 15:15:53.098 627 730 W ContextImpl: Calling a method in the system process without a qualified user: android.app.ContextImpl.sendStickyBroadcast:1567 com.android.server.ConnectivityService.sendStickyBroadcast:2811 com.android.server.ConnectivityService.sendLegacyNetworkBroadcast:8732 com.android.server.ConnectivityService$LegacyTypeTracker.remove:1007 com.android.server.ConnectivityService$LegacyTypeTracker.remove:1024
05-19 15:15:53.101 627 653 W BroadcastQueue: Target SDK mismatch: receiver ActivityInfo{aaa7b10 com.xiaomi.push.service.receivers.NetworkStatusReceiver} targets 26 but delivery restricted to [0, 23] broadcasting Intent { act=android.net.conn.CONNECTIVITY_CHANGE flg=0x4200010 (has extras) } from android (pid=627, uid=1000) to com.zhangyue.read.iReader/com.xiaomi.push.service.receivers.NetworkStatusReceiver
05-19 15:15:53.101 627 653 W BroadcastQueue: Target SDK mismatch: receiver ActivityInfo{a757609 cn.eben.help.LoadAllReceiver} targets 28 but delivery restricted to [0, 23] broadcasting Intent { act=android.net.conn.CONNECTIVITY_CHANGE flg=0x4200010 (has extras) } from android (pid=627, uid=1000) to cn.eben.help/.LoadAllReceiver
05-19 15:15:53.102 627 653 W BroadcastQueue: Target SDK mismatch: receiver ActivityInfo{1f0300e cn.eben.android.receiver.AppSyncReceiver} targets 27 but delivery restricted to [0, 23] broadcasting Intent { act=android.net.conn.CONNECTIVITY_CHANGE flg=0x4200010 (has extras) } from android (pid=627, uid=1000) to cn.eben.sync/cn.eben.android.receiver.AppSyncReceiver
05-19 15:15:53.106 19442 19442 W ContextImpl: Calling a method in the system process without a qualified user: android.app.ContextImpl.startService:1824 android.content.ContextWrapper.startService:774 android.content.ContextWrapper.startService:774 com.ebensz.appmanager.service.UploadMyAppsInfoService.startUploadMyAppsInfoService:78 com.ebensz.appmanager.receiver.UploadMyAppsInfoReceiver.onReceive:33
05-21 15:43:09.576 29252 29252 I usb 3-1.5: New USB device found, idVendor=2109, idProduct=8817, bcdDevice= 0.01
05-21 15:43:09.576 29252 29252 I usb 3-1.5: New USB device strings: Mfr=1, Product=2, SerialNumber=3
05-21 15:43:09.576 29252 29252 I usb 3-1.5: Product: USB Billboard Device
05-21 15:43:09.576 29252 29252 I usb 3-1.5: Manufacturer: VIA Labs, Inc.
05-21 15:43:09.576 29252 29252 I usb 3-1.5: SerialNumber: 0000000000000001
05-21 15:43:09.579 352 352 W : <<-GTP-ERROR->> GTP i2c test failed time 1.
05-21 15:43:09.581 4712 4712 W dwmmc_rockchip fe2c0000.mmc: failed to set rate 100000Hz
05-19 15:15:53.117 627 780 D UsbHostManager: USB device attached: vidpid 2109:8817 mfg/product/ver/serial VIA Labs, Inc. /USB Billboard Device /0.01/0000000000000001 hasAudio/HID/Storage: false/false/false
05-19 15:15:53.117 627 1072 W BroadcastQueue: Target SDK mismatch: receiver ActivityInfo{3833f1a com.ebensz.ota.ActionReceiver} targets 29 but delivery restricted to [0, 23] broadcasting Intent { act=android.net.conn.CONNECTIVITY_CHANGE flg=0x4200010 (has extras) } from android (pid=627, uid=1000) to com.ebensz.ota/.ActionReceiver
05-19 15:15:53.118 627 653 W BroadcastQueue: Target SDK mismatch: receiver ActivityInfo{437fa4b com.taobao.accs.EventReceiver} targets 26 but delivery restricted to [0, 23] broadcasting Intent { act=android.net.conn.CONNECTIVITY_CHANGE flg=0x4200010 (has extras) } from android (pid=627, uid=1000) to com.zhangyue.read.iReader/com.taobao.accs.EventReceiver
