05-21 15:39:16.263 1 1 I init : Command 'write /config/usb_gadget/g1/UDC ${sys.usb.controller}' action=sys.usb.config=adb && sys.usb.configfs=1 && sys.usb.ffs.ready=1 (/system/etc/init/hw/init.usb.configfs.rc:23) took 0ms and failed: Unable to write to file '/config/usb_gadget/g1/UDC': Unable to write file contents: Device or resource busy
05-19 15:13:40.327 627 668 I PowerManagerService: Powering off display group due to timeout (groupId= 0, uid= 1000)...
05-19 15:13:40.327 627 668 I PowerManagerService: Going to sleep due to timeout (uid 1000)...
05-19 15:13:40.328 627 668 I power_sleep_requested: 0
05-19 15:13:40.367 627 652 I am_pss : [6488,99002,com.android.webview:sandboxed_process0:org.chromium.content.app.SandboxedProcessService0:0,35452928,9584640,0,135913472,0,4,18]
05-19 15:13:40.422 627 668 V DisplayPowerController[0]: Brightness [0.5472441] reason changing to: 'manual', previous reason: 'manual [ dim ]'.
05-19 15:13:40.422 627 668 I sysui_multi_action: [757,1696,758,6,759,0]
05-19 15:13:40.852 627 668 I DisplayPowerController[0]: Blocking screen off
05-19 15:13:40.855 627 668 I DisplayPowerController[0]: Unblocked screen off after 3 ms
05-21 15:39:16.959 445 445 I gsensor_mxc6655 5-0015: set sensor poll time to 200ms
05-19 15:13:40.857 627 668 D ActivityTaskManager: Top Process State changed to PROCESS_STATE_TOP_SLEEPING
05-19 15:13:40.862 627 668 I wm_pause_activity: [0,214771548,com.android.launcher3/.uioverrides.QuickstepLauncher,userLeaving=false,sleep]
05-19 15:13:40.862 1030 1030 I wm_on_top_resumed_lost_called: [214771548,com.android.launcher3.uioverrides.QuickstepLauncher,topStateChangedWhenResumed]
05-19 15:13:40.875 1030 1030 I wm_on_paused_called: [214771548,com.android.launcher3.uioverrides.QuickstepLauncher,performPause]
05-19 15:13:40.876 627 2096 I wm_add_to_stopping: [0,214771548,com.android.launcher3/.uioverrides.QuickstepLauncher,completePauseLocked]
05-19 15:13:40.882 627 647 I wm_stop_activity: [0,214771548,com.android.launcher3/.uioverrides.QuickstepLauncher]
05-19 15:13:40.884 627 647 I sysui_multi_action: [757,803,799,window_time_0,802,16]
05-19 15:13:40.884 627 668 V DisplayPowerController[0]: Brightness [0.003937008] reason changing to: 'screen_off', previous reason: 'manual'.
05-19 15:13:40.893 627 647 I DisplayDeviceRepository: Display device changed state: "内置屏幕", OFF
05-19 15:13:40.894 627 710 I input_focus: [Focus leaving 334f74b com.android.launcher3/com.android.launcher3.uioverrides.QuickstepLauncher (server),reason=NOT_VISIBLE]
05-19 15:13:40.896 1030 1030 I wm_on_stop_called: [214771548,com.android.launcher3.uioverrides.QuickstepLauncher,STOP_ACTIVITY_ITEM]
05-19 15:13:41.003 1272 1272 W ContextImpl: Calling a method in the system process without a qualified user: android.app.ContextImpl.sendBroadcast:1181 android.content.ContextWrapper.sendBroadcast:479 cn.eben.newweather.DateWeatherService.a:19 cn.eben.newweather.DateWeatherService.a:0 cn.eben.newweather.DateWeatherService$1.handleMessage:7
05-19 15:13:41.042 463 491 I RIL : ---> enter mainloop wait at port
05-19 15:13:41.042 463 491 D RIL-DEV : Get modem info
05-19 15:13:41.043 463 491 D RIL-DEV : [05-19_15:13:41:043] idVendor = 0bda
05-19 15:13:41.043 463 491 D RIL-DEV :
05-19 15:13:41.043 463 491 D RIL-DEV : [05-19_15:13:41:044] idVendor = 05e3
05-19 15:13:41.043 463 491 D RIL-DEV :
05-19 15:13:41.044 463 491 D RIL-DEV : [05-19_15:13:41:044] idVendor = 1d6b
05-19 15:13:41.044 463 491 D RIL-DEV :
05-19 15:13:41.044 463 491 D RIL-DEV : [05-19_15:13:41:044] idVendor = 1d6b
05-19 15:13:41.044 463 491 D RIL-DEV :
05-19 15:13:41.044 463 491 D RIL-DEV : [05-19_15:13:41:045] idVendor = 0bda
05-19 15:13:41.044 463 491 D RIL-DEV :
05-19 15:13:41.045 463 491 D RIL-DEV : [05-19_15:13:41:045] idVendor = 1d6b
05-19 15:13:41.045 463 491 D RIL-DEV :
05-19 15:13:41.045 463 491 D RIL-DEV : [05-19_15:13:41:046] idVendor = 2109
05-19 15:13:41.045 463 491 D RIL-DEV :
05-19 15:13:41.046 463 491 D RIL-DEV : [05-19_15:13:41:046] idVendor = 2109
05-19 15:13:41.046 463 491 D RIL-DEV :
05-19 15:13:41.046 463 491 D RIL-DEV : [05-19_15:13:41:046] idVendor = 1d6b
05-19 15:13:41.046 463 491 D RIL-DEV :
05-19 15:13:41.046 463 491 D RIL-DEV : [05-19_15:13:41:047] idVendor = 0bda
05-19 15:13:41.046 463 491 D RIL-DEV :
05-19 15:13:41.047 463 491 D RIL-DEV : [05-19_15:13:41:047] idVendor = 2109
05-19 15:13:41.047 463 491 D RIL-DEV :
05-19 15:13:41.047 463 491 E RIL-DEV : Cannot find Meig devices
05-19 15:13:41.047 463 491 I RIL : ---> can't find meig usb devices
05-21 15:39:17.311 352 352 I rockchip-vop2 fdd90000.vop: [drm:vop2_crtc_atomic_disable] Crtc atomic disable vp2
05-21 15:39:17.315 29262 29262 I : read descriptors
05-21 15:39:17.315 29262 29262 I : read strings
05-21 15:39:17.317 1 1 I init : processing action (sys.usb.config=adb && sys.usb.configfs=1 && sys.usb.ffs.ready=1) from (/system/etc/init/hw/init.usb.configfs.rc:20)
05-21 15:39:17.320 1 1 I init : Command 'symlink /config/usb_gadget/g1/functions/ffs.adb /config/usb_gadget/g1/configs/b.1/f1' action=sys.usb.config=adb && sys.usb.configfs=1 && sys.usb.ffs.ready=1 (/system/etc/init/hw/init.usb.configfs.rc:22) took 0ms and failed: symlink() failed: File exists
05-21 15:39:17.321 1 1 I init : Command 'write /config/usb_gadget/g1/UDC ${sys.usb.controller}' action=sys.usb.config=adb && sys.usb.configfs=1 && sys.usb.ffs.ready=1 (/system/etc/init/hw/init.usb.configfs.rc:23) took 0ms and failed: Unable to write to file '/config/usb_gadget/g1/UDC': Unable to write file contents: Device or resource busy
05-19 15:13:41.232 627 668 I PowerManagerService: Sleeping display group (groupId=0, uid=1000)...
05-19 15:13:41.232 627 668 I PowerManagerService: Sleeping (uid 1000)...
05-19 15:13:41.241 627 627 I sysui_multi_action: [757,198,758,2,759,3,1359,906,1695,2]
05-19 15:13:41.241 627 627 I power_screen_state: [0,3,0,0,906]
05-19 15:13:41.241 627 627 I screen_toggled: 0
05-19 15:13:41.241 627 627 I sysui_multi_action: [757,804,799,screen_timeout,801,15,802,1]
05-19 15:13:41.242 627 627 I sysui_multi_action: [757,1594,758,4,759,-2147483648,1359,27154]
05-19 15:13:41.242 627 627 I power_screen_broadcast_send: 1
05-21 15:39:17.323 352 352 E rockchip-vop2 fdd90000.vop: [drm:vop2_crtc_atomic_disable] *ERROR* unexpected power on pd7
05-19 15:13:41.264 627 627 I battery_saving_stats: [0,1,0,27676,0,0,64075808,0,-6]
05-19 15:13:41.268 975 975 D DCT-C-0 : screen off
05-19 15:13:41.268 975 975 D DCT-C-0 : stopNetStatPoll
05-19 15:13:41.292 627 1068 W ActivityManager: Ignoring request to force stop protected package u0
05-19 15:13:41.322 627 627 I power_screen_broadcast_done: [0,80,1]
05-21 15:39:17.517 2551 2551 I PM : suspend entry (deep)
05-21 15:39:17.536 2551 2551 I Filesystems sync: 0.018 seconds
05-19 15:14:02.318 627 1068 W ContentProviderHelper: Permission Denial: opening provider com.android.providers.contacts.ContactsProvider2 from ProcessRecord{552b742 1631:cn.eben.sync/u0a63} (pid=1631, uid=10063) requires android.permission.READ_CONTACTS or android.permission.WRITE_CONTACTS
05-19 15:14:02.319 627 627 W Looper : Slow delivery took 595ms main h=android.os.Handler c=com.android.internal.os.BinderCallsStats$1@f021a7b m=0
05-19 15:14:02.320 1272 1272 W ContextImpl: Calling a method in the system process without a qualified user: android.app.ContextImpl.sendBroadcast:1181 android.content.ContextWrapper.sendBroadcast:479 cn.eben.newweather.DateWeatherService.a:19 cn.eben.newweather.DateWeatherService.a:0 cn.eben.newweather.DateWeatherService$1.handleMessage:7
05-21 15:39:17.536 2551 2551 I : Freezing user space processes ... (elapsed 0.008 seconds) done.
05-21 15:39:17.545 2551 2551 I : OOM killer disabled.
05-21 15:39:17.545 2551 2551 I : Freezing remaining freezable tasks ... (elapsed 0.103 seconds) done.
05-21 15:39:17.649 2551 2551 I printk : Suspending console(s) (use no_console_suspend to debug)
05-21 15:39:17.730 2551 2551 E regulator-dummy: Underflow of regulator enable count
05-21 15:39:17.730 2551 2551 E wacom_i2c 4-0009: disable regulator failed -22
05-21 15:39:17.978 2551 2551 I : Disabling non-boot CPUs ...
05-21 15:39:17.979 2551 2551 I psci : CPU1 killed (polled 0 ms)
05-21 15:39:17.981 2551 2551 I psci : CPU2 killed (polled 0 ms)
05-21 15:39:17.983 2551 2551 I psci : CPU3 killed (polled 0 ms)
05-21 15:39:17.985 2551 2551 I psci : CPU4 killed (polled 0 ms)
05-21 15:39:17.989 2551 2551 I psci : CPU5 killed (polled 0 ms)
05-21 15:39:17.991 2551 2551 I psci : CPU6 killed (polled 0 ms)
05-21 15:39:17.994 2551 2551 I psci : CPU7 killed (polled 4 ms)
05-21 15:39:36.736 0 0 W [ C0] PM: pm_system_irq_wakeup: 114 triggered hym8563
05-21 15:39:36.736 2551 2551 I : Enabling non-boot CPUs ...
05-21 15:39:36.737 0 0 I : Detected VIPT I-cache on CPU1
05-21 15:39:36.737 0 0 I GICv3 : CPU1: found redistributor 100 region 0:0x00000000fe6a0000
05-21 15:39:36.737 0 0 I CPU1 : Booted secondary processor 0x0000000100 [0x412fd050]
05-21 15:39:36.738 2551 2551 I : CPU1 is up
05-21 15:39:36.739 0 0 I : Detected VIPT I-cache on CPU2
05-21 15:39:36.739 0 0 I GICv3 : CPU2: found redistributor 200 region 0:0x00000000fe6c0000
05-21 15:39:36.739 0 0 I CPU2 : Booted secondary processor 0x0000000200 [0x412fd050]
05-21 15:39:36.740 2551 2551 I : CPU2 is up
05-21 15:39:36.741 0 0 I : Detected VIPT I-cache on CPU3
05-21 15:39:36.741 0 0 I GICv3 : CPU3: found redistributor 300 region 0:0x00000000fe6e0000
05-21 15:39:36.741 0 0 I CPU3 : Booted secondary processor 0x0000000300 [0x412fd050]
05-21 15:39:36.741 2551 2551 I : CPU3 is up
05-21 15:39:36.742 0 0 I : Detected PIPT I-cache on CPU4
05-21 15:39:36.742 0 0 I GICv3 : CPU4: found redistributor 400 region 0:0x00000000fe700000
05-21 15:39:36.742 0 0 I CPU4 : Booted secondary processor 0x0000000400 [0x414fd0b0]
05-21 15:39:36.743 2551 2551 I : CPU4 is up
05-21 15:39:36.744 0 0 I : Detected PIPT I-cache on CPU5
05-21 15:39:36.744 0 0 I GICv3 : CPU5: found redistributor 500 region 0:0x00000000fe720000
05-21 15:39:36.744 0 0 I CPU5 : Booted secondary processor 0x0000000500 [0x414fd0b0]
05-21 15:39:36.745 2551 2551 I : CPU5 is up
05-21 15:39:36.746 0 0 I : Detected PIPT I-cache on CPU6
05-21 15:39:36.746 0 0 I GICv3 : CPU6: found redistributor 600 region 0:0x00000000fe740000
05-21 15:39:36.746 0 0 I CPU6 : Booted secondary processor 0x0000000600 [0x414fd0b0]
05-21 15:39:36.747 2551 2551 I : CPU6 is up
05-21 15:39:36.748 0 0 I : Detected PIPT I-cache on CPU7
05-21 15:39:36.748 0 0 I GICv3 : CPU7: found redistributor 700 region 0:0x00000000fe760000
05-21 15:39:36.749 0 0 I CPU7 : Booted secondary processor 0x0000000700 [0x414fd0b0]
05-21 15:39:36.750 2551 2551 I : CPU7 is up
05-21 15:39:36.756 2551 2551 I rk_gmac-dwmac fe1c0000.ethernet: init for RGMII
05-21 15:39:36.756 29371 29371 I usb1 : root hub lost power or was reset
05-21 15:39:36.764 5302 5302 I usb3 : root hub lost power or was reset
05-21 15:39:36.764 5302 5302 I usb4 : root hub lost power or was reset
05-21 15:39:36.765 2551 2551 E PM : dpm_run_callback(): wacom_i2c_resume+0x0/0xdc returns -6
05-21 15:39:36.766 2551 2551 E PM : Device 4-0009 failed to resume: error -6
05-21 15:39:36.828 2551 2551 I usb2 : root hub lost power or was reset
05-21 15:39:37.012 5300 5300 I usb 4-1 : reset SuperSpeed Gen 1 USB device number 2 using xhci-hcd
05-21 15:39:37.151 5284 5284 I usb 3-1 : reset high-speed USB device number 2 using xhci-hcd
05-21 15:39:37.661 5275 5275 I usb 4-1.4: reset SuperSpeed Gen 1 USB device number 4 using xhci-hcd
05-21 15:39:37.699 4712 4712 I r8152 4-1.4: 1.0: skip request firmware
05-21 15:39:37.752 5272 5272 I usb 4-1.1: reset SuperSpeed Gen 1 USB device number 5 using xhci-hcd
05-21 15:39:37.842 5277 5277 I usb 4-1.3: reset SuperSpeed Gen 1 USB device number 3 using xhci-hcd
05-21 15:39:38.075 32471 32471 I usb 3-1.3: reset high-speed USB device number 3 using xhci-hcd
05-21 15:39:38.298 5294 5294 I usb 3-1.5: reset high-speed USB device number 29 using xhci-hcd
05-21 15:39:38.389 5294 5294 E PM : dpm_run_callback(): usb_dev_resume+0x0/0x28 returns -5
05-21 15:39:38.389 5294 5294 E PM : Device 3-1.5 failed to resume async: error -5
05-21 15:39:38.396 2551 2551 I : OOM killer enabled.
05-21 15:39:38.396 2551 2551 I : Restarting tasks ...
05-21 15:39:38.399 29252 29252 I usb 3-1.5: USB disconnect, device number 29
05-19 15:14:02.325 463 491 I RIL : ---> enter mainloop wait at port
05-19 15:14:02.325 463 491 D RIL-DEV : Get modem info
05-19 15:14:02.325 463 491 D RIL-DEV : [05-19_15:14:02:326] idVendor = 0bda
05-19 15:14:02.325 463 491 D RIL-DEV :
05-19 15:14:02.325 463 491 D RIL-DEV : [05-19_15:14:02:326] idVendor = 05e3
05-19 15:14:02.325 463 491 D RIL-DEV :
05-19 15:14:02.326 463 491 D RIL-DEV : [05-19_15:14:02:326] idVendor = 1d6b
05-19 15:14:02.326 463 491 D RIL-DEV :
05-19 15:14:02.326 463 491 D RIL-DEV : [05-19_15:14:02:326] idVendor = 1d6b
05-19 15:14:02.326 463 491 D RIL-DEV :
05-19 15:14:02.326 463 491 D RIL-DEV : [05-19_15:14:02:326] idVendor = 0bda
05-19 15:14:02.326 463 491 D RIL-DEV :
05-19 15:14:02.326 463 491 D RIL-DEV : [05-19_15:14:02:326] idVendor = 1d6b
05-19 15:14:02.326 463 491 D RIL-DEV :
05-19 15:14:02.326 463 491 D RIL-DEV : [05-19_15:14:02:327] idVendor = 2109
05-19 15:14:02.326 463 491 D RIL-DEV :
05-19 15:14:02.326 463 491 D RIL-DEV : [05-19_15:14:02:327] idVendor = 1d6b
05-19 15:14:02.326 463 491 D RIL-DEV :
05-19 15:14:02.326 463 491 D RIL-DEV : [05-19_15:14:02:327] idVendor = 0bda
05-19 15:14:02.326 463 491 D RIL-DEV :
05-19 15:14:02.326 463 491 D RIL-DEV : [05-19_15:14:02:327] idVendor = 2109
05-19 15:14:02.326 463 491 D RIL-DEV :
05-19 15:14:02.327 463 491 E RIL-DEV : Cannot find Meig devices
05-19 15:14:02.327 463 491 I RIL : ---> can't find meig usb devices
05-21 15:39:38.425 4712 4712 I : mmc_host mmc0: Bus speed (slot 0) = 400000Hz (slot req 400000Hz, actual 400000HZ div = 0)
05-21 15:40:05.127 440 440 W healthd : battery l=100 v=8706 t=27.5 h=1 st=3 c=0 fc=9700000 cc=0 chg=u
05-21 15:40:05.149 2551 2551 W : done.
05-21 15:40:05.152 2551 2551 I : Resume caused by IRQ 114, hym8563
05-21 15:40:05.152 2551 2551 I PM : suspend exit
05-19 15:14:02.361 627 627 W Looper : Drained
05-21 15:40:05.164 4712 4712 I : mmc_host mmc0: Bus speed (slot 0) = 300000Hz (slot req 300000Hz, actual 300000HZ div = 0)
05-21 15:40:05.184 29252 29252 I usb 3-1.5: new high-speed USB device number 30 using xhci-hcd
05-19 15:14:02.398 627 780 I PowerManagerService: Powering on display group fromAsleep (groupId=0, uid=1000, reason=WAKE_REASON_USBDEV_REMOVED, details=android.server.usb: device removed)...
05-19 15:14:02.398 627 780 I PowerManagerService: Waking up from Asleep (uid=1000, reason=WAKE_REASON_USBDEV_REMOVED, details=android.server.usb: device removed)...
05-19 15:14:02.404 627 668 I DisplayPowerController[0]: Blocking screen on until initial contents have been drawn.
05-21 15:40:05.201 4712 4712 I : mmc_host mmc0: Bus speed (slot 0) = 200000Hz (slot req 200000Hz, actual 200000HZ div = 0)
05-19 15:14:02.404 627 668 D ActivityTaskManager: Top Process State changed to PROCESS_STATE_TOP
05-19 15:14:02.406 627 780 D UsbHostManager: Removed device at /dev/bus/usb/003/029: USB Billboard Device
05-19 15:14:02.406 627 780 I UsbAlsaManager: USB Audio Device Removed: null
05-19 15:14:02.408 627 668 I wm_set_resumed_activity: [0,com.android.launcher3/.uioverrides.QuickstepLauncher,resumeTopActivity]
05-19 15:14:02.411 627 668 I wm_resume_activity: [0,214771548,29,com.android.launcher3/.uioverrides.QuickstepLauncher]
05-19 15:14:02.413 627 668 V DisplayPowerController[0]: Brightness [0.5472441] reason changing to: 'manual', previous reason: 'screen_off'.
05-19 15:14:02.414 627 668 I sysui_multi_action: [757,1696,758,6,759,3]
05-19 15:14:02.419 627 627 I screen_toggled: 1
05-19 15:14:02.423 627 647 I DisplayDeviceRepository: Display device changed state: "内置屏幕", ON
05-19 15:14:02.427 1030 1030 I wm_on_restart_called: [214771548,com.android.launcher3.uioverrides.QuickstepLauncher,performRestartActivity]
05-21 15:40:05.221 468 468 I gsensor_mxc6655 5-0015: set sensor poll time to 66ms
05-19 15:14:02.429 1030 1030 I wm_on_start_called: [214771548,com.android.launcher3.uioverrides.QuickstepLauncher,handleStartActivity]
05-19 15:14:02.429 1030 1030 I wm_on_resume_called: [214771548,com.android.launcher3.uioverrides.QuickstepLauncher,RESUME_ACTIVITY]
05-19 15:14:02.429 1030 1030 I wm_on_top_resumed_gained_called: [214771548,com.android.launcher3.uioverrides.QuickstepLauncher,topWhenResuming]
05-19 15:14:02.439 627 668 I DisplayPowerController[0]: Unblocked screen on after 35 ms
05-21 15:40:05.233 468 468 I gsensor_mxc6655 5-0015: sensor on: starting poll sensor data 62ms
05-19 15:14:02.444 627 627 I power_screen_broadcast_send: 1
05-19 15:14:02.449 627 648 I input_focus: [Focus request 334f74b com.android.launcher3/com.android.launcher3.uioverrides.QuickstepLauncher,reason=UpdateInputWindows]
05-19 15:14:02.467 627 3559 W BroadcastQueue: Background execution not allowed: receiving Intent { act=android.intent.action.USER_PRESENT flg=0x24200010 } to com.zhangyue.read.iReader/com.taobao.accs.EventReceiver
05-19 15:14:02.489 627 780 D UsbHostManager: USB device attached: vidpid 2109:8817 mfg/product/ver/serial VIA Labs, Inc. /USB Billboard Device /0.01/0000000000000001 hasAudio/HID/Storage: false/false/false
05-21 15:40:05.244 4712 4712 W dwmmc_rockchip fe2c0000.mmc: failed to set rate 100000Hz
05-21 15:40:05.245 352 352 W : <<-GTP-ERROR->> I2C Read: 0x8047, 1 bytes failed, errcode: -6! Process reset.
05-21 15:40:05.256 4712 4712 I : mmc_host mmc0: Bus speed (slot 0) = 200000Hz (slot req 100000Hz, actual 100000HZ div = 1)
05-21 15:40:05.267 4712 4712 W dwmmc_rockchip fe2c0000.mmc: failed to set rate 100000Hz
05-21 15:40:05.272 4712 4712 W dwmmc_rockchip fe2c0000.mmc: failed to set rate 100000Hz
05-21 15:40:05.275 29252 29252 I usb 3-1.5: New USB device found, idVendor=2109, idProduct=8817, bcdDevice= 0.01
05-21 15:40:05.275 29252 29252 I usb 3-1.5: New USB device strings: Mfr=1, Product=2, SerialNumber=3
05-21 15:40:05.275 29252 29252 I usb 3-1.5: Product: USB Billboard Device
05-19 15:14:02.492 627 780 D UsbHostManager: Added device UsbDevice[mName=/dev/bus/usb/003/030,mVendorId=8457,mProductId=34839,mClass=17,mSubclass=0,mProtocol=0,mManufacturerName=VIA Labs, Inc. ,mProductName=USB Billboard Device ,mVersion=0.01,mSerialNumberReader=com.android.server.usb.UsbSerialReader@901ccee, mHasAudioPlayback=false, mHasAudioCapture=false, mHasMidi=false, mHasVideoCapture=false, mHasVideoPlayback=false, mConfigurations=[
05-19 15:14:02.492 627 780 D UsbHostManager: UsbConfiguration[mId=1,mName=0000000000000001,mAttributes=160,mMaxPower=50,mInterfaces=[
05-19 15:14:02.492 627 780 D UsbHostManager: UsbInterface[mId=0,mAlternateSetting=0,mName=0000000000000001,mClass=17,mSubclass=0,mProtocol=0,mEndpoints=[]]]
05-21 15:40:05.275 29252 29252 I usb 3-1.5: Manufacturer: VIA Labs, Inc.
05-21 15:40:05.275 29252 29252 I usb 3-1.5: SerialNumber: 0000000000000001
05-19 15:14:02.504 627 730 I netstats_mobile_sample: [0,0,0,0,0,0,0,0,0,0,0,0,1747638842505]
05-19 15:14:02.504 627 730 I netstats_wifi_sample: [0,0,0,0,0,0,0,0,0,0,0,0,1747638842505]
05-19 15:14:02.510 975 975 D TelephonyNetworkFactory[0]: onNeedNetworkFor NetworkRequest [ REQUEST id=1, [ Capabilities: INTERNET&NOT_RESTRICTED&TRUSTED&NOT_VPN&NOT_VCN_MANAGED RequestorUid: 1000 RequestorPkg: android] ] shouldApply false
05-19 15:14:02.510 975 975 D TelephonyNetworkFactory[0]: onNeedNetworkFor NetworkRequest [ REQUEST id=7, [ Capabilities: INTERNET&NOT_RESTRICTED&TRUSTED&NOT_VCN_MANAGED Uid: 1000 RequestorUid: 1000 RequestorPkg: android] ] shouldApply false
05-19 15:14:02.510 975 975 D TelephonyNetworkFactory[0]: onNeedNetworkFor NetworkRequest [ REQUEST id=15, [ Capabilities: INTERNET&NOT_RESTRICTED&TRUSTED&NOT_VCN_MANAGED Uid: 1000 RequestorUid: 1000 RequestorPkg: android] ] shouldApply false
05-19 15:14:02.510 975 975 D TelephonyNetworkFactory[0]: onNeedNetworkFor NetworkRequest [ REQUEST id=18, [ Capabilities: INTERNET&NOT_RESTRICTED&TRUSTED&NOT_VCN_MANAGED Uid: 10088 RequestorUid: 10088 RequestorPkg: com.android.systemui] ] shouldApply false
05-19 15:14:02.510 975 975 D TelephonyNetworkFactory[0]: onNeedNetworkFor NetworkRequest [ REQUEST id=20, [ Capabilities: INTERNET&NOT_RESTRICTED&TRUSTED&NOT_VCN_MANAGED Uid: 10088 RequestorUid: 10088 RequestorPkg: com.android.systemui] ] shouldApply false
05-19 15:14:02.511 975 975 D TelephonyNetworkFactory[0]: onNeedNetworkFor NetworkRequest [ REQUEST id=23, [ Capabilities: INTERNET&NOT_RESTRICTED&TRUSTED&NOT_VCN_MANAGED Uid: 1000 RequestorUid: 1000 RequestorPkg: com.android.networkstack.inprocess] ] shouldApply false
05-19 15:14:02.511 975 975 D TelephonyNetworkFactory[0]: onNeedNetworkFor NetworkRequest [ REQUEST id=28, [ Capabilities: INTERNET&NOT_RESTRICTED&TRUSTED&NOT_VCN_MANAGED Uid: 1001 RequestorUid: 1001 RequestorPkg: com.android.phone] ] shouldApply false
05-19 15:14:02.511 975 975 D TelephonyNetworkFactory[0]: onNeedNetworkFor NetworkRequest [ REQUEST id=32, [ Capabilities: INTERNET&NOT_RESTRICTED&TRUSTED&NOT_VCN_MANAGED Uid: 1000 RequestorUid: 1000 RequestorPkg: android] ] shouldApply false
05-19 15:14:02.511 627 730 W ContextImpl: Calling a method in the system process without a qualified user: android.app.ContextImpl.sendStickyBroadcast:1567 com.android.server.ConnectivityService.sendStickyBroadcast:2811 com.android.server.ConnectivityService.sendLegacyNetworkBroadcast:8732 com.android.server.ConnectivityService$LegacyTypeTracker.remove:1007 com.android.server.ConnectivityService$LegacyTypeTracker.remove:1024
05-19 15:14:02.511 975 975 D TelephonyNetworkFactory[0]: onNeedNetworkFor NetworkRequest [ REQUEST id=36, [ Capabilities: INTERNET&NOT_RESTRICTED&TRUSTED&NOT_VCN_MANAGED Uid: 10086 RequestorUid: 1000 RequestorPkg: android] ] shouldApply false
05-19 15:14:02.512 975 975 D TelephonyNetworkFactory[0]: onNeedNetworkFor NetworkRequest [ REQUEST id=38, [ Capabilities: INTERNET&NOT_RESTRICTED&TRUSTED&NOT_VCN_MANAGED Uid: 10023 RequestorUid: 1000 RequestorPkg: android] ] shouldApply false
05-19 15:14:02.512 975 975 D TelephonyNetworkFactory[0]: onNeedNetworkFor NetworkRequest [ REQUEST id=117, [ Capabilities: INTERNET&NOT_RESTRICTED&TRUSTED&NOT_VCN_MANAGED Uid: 10072 RequestorUid: 1000 RequestorPkg: android] ] shouldApply false
05-19 15:14:02.512 975 975 D TelephonyNetworkFactory[0]: onNeedNetworkFor NetworkRequest [ REQUEST id=127, [ Capabilities: INTERNET&NOT_RESTRICTED&TRUSTED&NOT_VCN_MANAGED Uid: 10079 RequestorUid: 1000 RequestorPkg: android] ] shouldApply false
05-19 15:14:02.512 975 975 D TelephonyNetworkFactory[0]: onNeedNetworkFor NetworkRequest [ REQUEST id=132, [ Capabilities: INTERNET&NOT_RESTRICTED&TRUSTED&NOT_VCN_MANAGED Uid: 10098 RequestorUid: 10098 RequestorPkg: com.baidu.appsearch] ] shouldApply false
05-19 15:14:02.512 975 975 D TelephonyNetworkFactory[0]: onNeedNetworkFor NetworkRequest [ REQUEST id=134, [ Capabilities: INTERNET&NOT_RESTRICTED&TRUSTED&NOT_VCN_MANAGED Uid: 10098 RequestorUid: 1000 RequestorPkg: android] ] shouldApply false
05-19 15:14:02.514 627 653 W BroadcastQueue: Target SDK mismatch: receiver ActivityInfo{92b9523 com.xiaomi.push.service.receivers.NetworkStatusReceiver} targets 26 but delivery restricted to [0, 23] broadcasting Intent { act=android.net.conn.CONNECTIVITY_CHANGE flg=0x4200010 (has extras) } from android (pid=627, uid=1000) to com.zhangyue.read.iReader/com.xiaomi.push.service.receivers.NetworkStatusReceiver
05-19 15:14:02.514 627 653 W BroadcastQueue: Target SDK mismatch: receiver ActivityInfo{b115a20 cn.eben.help.LoadAllReceiver} targets 28 but delivery restricted to [0, 23] broadcasting Intent { act=android.net.conn.CONNECTIVITY_CHANGE flg=0x4200010 (has extras) } from android (pid=627, uid=1000) to cn.eben.help/.LoadAllReceiver
05-19 15:14:02.514 627 653 W BroadcastQueue: Target SDK mismatch: receiver ActivityInfo{4994fd9 cn.eben.android.receiver.AppSyncReceiver} targets 27 but delivery restricted to [0, 23] broadcasting Intent { act=android.net.conn.CONNECTIVITY_CHANGE flg=0x4200010 (has extras) } from android (pid=627, uid=1000) to cn.eben.sync/cn.eben.android.receiver.AppSyncReceiver
05-19 15:14:02.516 975 975 D TelephonyNetworkFactory[0]: onNeedNetworkFor NetworkRequest [ REQUEST id=136, [ Capabilities: INTERNET&NOT_RESTRICTED&TRUSTED&NOT_VCN_MANAGED Uid: 10072 RequestorUid: 10072 RequestorPkg: com.ebensz.email] ] shouldApply false
05-19 15:14:02.516 19442 19442 W ContextImpl: Calling a method in the system process without a qualified user: android.app.ContextImpl.startService:1824 android.content.ContextWrapper.startService:774 android.content.ContextWrapper.startService:774 com.ebensz.appmanager.service.UploadMyAppsInfoService.startUploadMyAppsInfoService:78 com.ebensz.appmanager.receiver.UploadMyAppsInfoReceiver.onReceive:33
05-19 15:14:02.523 627 3559 W BroadcastQueue: Target SDK mismatch: receiver ActivityInfo{f20a5aa com.ebensz.ota.ActionReceiver} targets 29 but delivery restricted to [0, 23] broadcasting Intent { act=android.net.conn.CONNECTIVITY_CHANGE flg=0x4200010 (has extras) } from android (pid=627, uid=1000) to com.ebensz.ota/.ActionReceiver
05-19 15:14:02.524 627 653 W BroadcastQueue: Target SDK mismatch: receiver ActivityInfo{edc859b com.taobao.accs.EventReceiver} targets 26 but delivery restricted to [0, 23] broadcasting Intent { act=android.net.conn.CONNECTIVITY_CHANGE flg=0x4200010 (has extras) } from android (pid=627, uid=1000) to com.zhangyue.read.iReader/com.taobao.accs.EventReceiver
05-19 15:14:02.534 627 627 I notification_enqueue: [10098,25952,com.baidu.appsearch,2131755453,NULL,0,Notification(channel=手机管理、安全检测相关通知 shortcut=null contentView=null vibrate=null sound=null defaults=0x0 flags=0x62 color=0x00000000 vis=PRIVATE),1]
05-21 15:40:05.341 352 352 W : <<-GTP-ERROR->> GTP i2c test failed time 1.
05-21 15:40:05.715 352 352 I rockchip-vop2 fdd90000.vop: [drm:vop2_crtc_atomic_enable] Update mode to 1536x2048p55, type: 16(if:60) for vp2 dclk: 192000000
05-21 15:40:05.716 352 352 I rockchip-vop2 fdd90000.vop: [drm:vop2_crtc_atomic_enable] dclk_out2 div: 2 dclk_core2 div: 1
05-21 15:40:05.716 352 352 I rockchip-vop2 fdd90000.vop: [drm:vop2_crtc_atomic_enable] set dclk_vop2 to 96000000, get 96000000
05-19 15:14:02.928 627 627 W Looper : Slow dispatch took 385ms main h=android.app.ActivityThread$H c=android.app.LoadedApk$ReceiverDispatcher$Args$$ExternalSyntheticLambda0@4f3e077 m=0
05-19 15:14:02.931 627 627 I battery_saving_stats: [0,0,0,21667,0,0,174126037,0,-18]
05-19 15:14:02.932 975 975 D DCT-C-0 : screen on
05-19 15:14:02.933 975 975 D DCT-C-0 : stopNetStatPoll
05-19 15:14:02.970 627 627 I power_screen_broadcast_done: [1,525,1]
05-19 15:14:03.002 1272 1272 W ContextImpl: Calling a method in the system process without a qualified user: android.app.ContextImpl.sendBroadcast:1181 android.content.ContextWrapper.sendBroadcast:479 cn.eben.newweather.DateWeatherService.a:19 cn.eben.newweather.DateWeatherService.a:0 cn.eben.newweather.DateWeatherService$1.handleMessage:7
05-21 15:40:05.934 29262 29262 I : read descriptors
05-21 15:40:05.935 29262 29262 I : read strings
05-21 15:40:05.936 1 1 I init : processing action (sys.usb.config=adb && sys.usb.configfs=1 && sys.usb.ffs.ready=1) from (/system/etc/init/hw/init.usb.configfs.rc:20)
05-21 15:40:05.939 1 1 I init : Command 'symlink /config/usb_gadget/g1/functions/ffs.adb /config/usb_gadget/g1/configs/b.1/f1' action=sys.usb.config=adb && sys.usb.configfs=1 && sys.usb.ffs.ready=1 (/system/etc/init/hw/init.usb.configfs.rc:22) took 0ms and failed: symlink() failed: File exists
05-21 15:40:05.939 1 1 I init : Command 'write /config/usb_gadget/g1/UDC ${sys.usb.controller}' action=sys.usb.config=adb && sys.usb.configfs=1 && sys.usb.ffs.ready=1 (/system/etc/init/hw/init.usb.configfs.rc:23) took 0ms and failed: Unable to write to file '/config/usb_gadget/g1/UDC': Unable to write file contents: Device or resource busy
05-21 15:40:06.221 352 352 I dw-mipi-dsi2 fde20000.dsi: [drm:dw_mipi_dsi2_encoder_enable] final DSI-Link bandwidth: 639999 x 8 Kbps
05-19 15:14:03.435 627 668 I sysui_latency: [5,1037]
05-19 15:14:03.435 627 668 W PowerManagerService: Screen on took 1037 ms
05-19 15:14:03.440 627 627 I sysui_multi_action: [757,198,758,1,759,3,1359,1037,1694,14]
05-19 15:14:03.441 627 627 I power_screen_state: [1,0,0,0,1037]
05-19 15:14:03.452 627 710 I input_focus: [Focus entering 334f74b com.android.launcher3/com.android.launcher3.uioverrides.QuickstepLauncher (server),reason=Window became focusable. Previous reason: NO_WINDOW]
05-19 15:14:03.560 19442 19442 W ContextImpl: Calling a method in the system process without a qualified user: android.app.ContextImpl.startService:1824 android.content.ContextWrapper.startService:774 com.ebensz.appmanager.service.UploadMyAppsInfoService$1.handleMessage:63 android.os.Handler.dispatchMessage:106 android.os.Looper.loopOnce:201
05-19 15:14:03.573 781 781 I dvm_lock_sample: [com.android.systemui,1,main,6,AssetManager.java,571,java.lang.CharSequence android.content.res.AssetManager.getResourceText(int),-,1105,android.content.res.XmlBlock android.content.res.AssetManager.openXmlBlockAsset(int, java.lang.String),1]
05-19 15:14:04.001 1272 1272 W ContextImpl: Calling a method in the system process without a qualified user: android.app.ContextImpl.sendBroadcast:1181 android.content.ContextWrapper.sendBroadcast:479 cn.eben.newweather.DateWeatherService.a:19 cn.eben.newweather.DateWeatherService.a:0 cn.eben.newweather.DateWeatherService$1.handleMessage:7
05-21 15:40:06.981 29262 29262 I : read descriptors
05-21 15:40:06.981 29262 29262 I : read strings
05-21 15:40:06.984 1 1 I init : processing action (sys.usb.config=adb && sys.usb.configfs=1 && sys.usb.ffs.ready=1) from (/system/etc/init/hw/init.usb.configfs.rc:20)
05-21 15:40:06.986 1 1 I init : Command 'symlink /config/usb_gadget/g1/functions/ffs.adb /config/usb_gadget/g1/configs/b.1/f1' action=sys.usb.config=adb && sys.usb.configfs=1 && sys.usb.ffs.ready=1 (/system/etc/init/hw/init.usb.configfs.rc:22) took 0ms and failed: symlink() failed: File exists
05-21 15:40:06.987 1 1 I init : Command 'write /config/usb_gadget/g1/UDC ${sys.usb.controller}' action=sys.usb.config=adb && sys.usb.configfs=1 && sys.usb.ffs.ready=1 (/system/etc/init/hw/init.usb.configfs.rc:23) took 0ms and failed: Unable to write to file '/config/usb_gadget/g1/UDC': Unable to write file contents: Device or resource busy
05-19 15:14:04.327 463 491 I RIL : ---> enter mainloop wait at port
05-19 15:14:04.327 463 491 D RIL-DEV : Get modem info
05-19 15:14:04.328 463 491 D RIL-DEV : [05-19_15:14:04:328] idVendor = 0bda
05-19 15:14:04.328 463 491 D RIL-DEV :
05-19 15:14:04.329 463 491 D RIL-DEV : [05-19_15:14:04:329] idVendor = 05e3
05-19 15:14:04.329 463 491 D RIL-DEV :
05-19 15:14:04.329 463 491 D RIL-DEV : [05-19_15:14:04:329] idVendor = 1d6b
05-19 15:14:04.329 463 491 D RIL-DEV :
05-19 15:14:04.329 463 491 D RIL-DEV : [05-19_15:14:04:329] idVendor = 1d6b
05-19 15:14:04.329 463 491 D RIL-DEV :
05-19 15:14:04.329 463 491 D RIL-DEV : [05-19_15:14:04:330] idVendor = 0bda
05-19 15:14:04.329 463 491 D RIL-DEV :
05-19 15:14:04.330 463 491 D RIL-DEV : [05-19_15:14:04:330] idVendor = 1d6b
05-19 15:14:04.330 463 491 D RIL-DEV :
05-19 15:14:04.330 463 491 D RIL-DEV : [05-19_15:14:04:331] idVendor = 2109
05-19 15:14:04.330 463 491 D RIL-DEV :
05-19 15:14:04.332 463 491 D RIL-DEV : [05-19_15:14:04:332] idVendor = 2109
05-19 15:14:04.332 463 491 D RIL-DEV :
05-19 15:14:04.332 463 491 D RIL-DEV : [05-19_15:14:04:332] idVendor = 1d6b
05-19 15:14:04.332 463 491 D RIL-DEV :
05-19 15:14:04.332 463 491 D RIL-DEV : [05-19_15:14:04:333] idVendor = 0bda
05-19 15:14:04.332 463 491 D RIL-DEV :
05-19 15:14:04.333 463 491 D RIL-DEV : [05-19_15:14:04:333] idVendor = 2109
05-19 15:14:04.333 463 491 D RIL-DEV :
05-19 15:14:04.333 463 491 E RIL-DEV : Cannot find Meig devices
05-19 15:14:04.333 463 491 I RIL : ---> can't find meig usb devices
05-19 15:14:05.002 1272 1272 W ContextImpl: Calling a method in the system process without a qualified user: android.app.ContextImpl.sendBroadcast:1181 android.content.ContextWrapper.sendBroadcast:479 cn.eben.newweather.DateWeatherService.a:19 cn.eben.newweather.DateWeatherService.a:0 cn.eben.newweather.DateWeatherService$1.handleMessage:7
05-19 15:14:05.046 627 652 I am_pss : [3656,10038,com.ebensz.enote.notepad,121947136,107769856,0,274759680,0,18,32]
05-21 15:40:08.018 29262 29262 I : read descriptors
05-21 15:40:08.018 29262 29262 I : read strings
05-21 15:40:08.020 1 1 I init : processing action (sys.usb.config=adb && sys.usb.configfs=1 && sys.usb.ffs.ready=1) from (/system/etc/init/hw/init.usb.configfs.rc:20)
05-21 15:40:08.022 1 1 I init : Command 'symlink /config/usb_gadget/g1/functions/ffs.adb /config/usb_gadget/g1/configs/b.1/f1' action=sys.usb.config=adb && sys.usb.configfs=1 && sys.usb.ffs.ready=1 (/system/etc/init/hw/init.usb.configfs.rc:22) took 0ms and failed: symlink() failed: File exists
05-21 15:40:08.024 1 1 I init : Command 'write /config/usb_gadget/g1/UDC ${sys.usb.controller}' action=sys.usb.config=adb && sys.usb.configfs=1 && sys.usb.ffs.ready=1 (/system/etc/init/hw/init.usb.configfs.rc:23) took 0ms and failed: Unable to write to file '/config/usb_gadget/g1/UDC': Unable to write file contents: Device or resource busy
05-21 15:40:08.207 4712 4712 I r8152 4-1.4: 1.0 eth1: carrier on
05-19 15:14:06.001 1272 1272 W ContextImpl: Calling a method in the system process without a qualified user: android.app.ContextImpl.sendBroadcast:1181 android.content.ContextWrapper.sendBroadcast:479 cn.eben.newweather.DateWeatherService.a:19 cn.eben.newweather.DateWeatherService.a:0 cn.eben.newweather.DateWeatherService$1.handleMessage:7
05-21 15:40:09.074 29262 29262 I : read descriptors
05-21 15:40:09.075 29262 29262 I : read strings
05-21 15:40:09.077 1 1 I init : processing action (sys.usb.config=adb && sys.usb.configfs=1 && sys.usb.ffs.ready=1) from (/system/etc/init/hw/init.usb.configfs.rc:20)
05-21 15:40:09.079 1 1 I init : Command 'symlink /config/usb_gadget/g1/functions/ffs.adb /config/usb_gadget/g1/configs/b.1/f1' action=sys.usb.config=adb && sys.usb.configfs=1 && sys.usb.ffs.ready=1 (/system/etc/init/hw/init.usb.configfs.rc:22) took 0ms and failed: symlink() failed: File exists
05-21 15:40:09.079 1 1 I init : Command 'write /config/usb_gadget/g1/UDC ${sys.usb.controller}' action=sys.usb.config=adb && sys.usb.configfs=1 && sys.usb.ffs.ready=1 (/system/etc/init/hw/init.usb.configfs.rc:23) took 0ms and failed: Unable to write to file '/config/usb_gadget/g1/UDC': Unable to write file contents: Device or resource busy
05-19 15:14:06.333 463 491 I RIL : ---> enter mainloop wait at port
05-19 15:14:06.333 463 491 D RIL-DEV : Get modem info
05-19 15:14:06.334 463 491 D RIL-DEV : [05-19_15:14:06:334] idVendor = 0bda
05-19 15:14:06.334 463 491 D RIL-DEV :
05-19 15:14:06.334 463 491 D RIL-DEV : [05-19_15:14:06:334] idVendor = 05e3
05-19 15:14:06.334 463 491 D RIL-DEV :
05-19 15:14:06.334 463 491 D RIL-DEV : [05-19_15:14:06:335] idVendor = 1d6b
05-19 15:14:06.334 463 491 D RIL-DEV :
05-19 15:14:06.334 463 491 D RIL-DEV : [05-19_15:14:06:335] idVendor = 1d6b
05-19 15:14:06.334 463 491 D RIL-DEV :
05-19 15:14:06.335 463 491 D RIL-DEV : [05-19_15:14:06:335] idVendor = 0bda
05-19 15:14:06.335 463 491 D RIL-DEV :
05-19 15:14:06.335 463 491 D RIL-DEV : [05-19_15:14:06:335] idVendor = 1d6b
05-19 15:14:06.335 463 491 D RIL-DEV :
05-19 15:14:06.335 463 491 D RIL-DEV : [05-19_15:14:06:336] idVendor = 2109
05-19 15:14:06.335 463 491 D RIL-DEV :
05-19 15:14:06.335 463 491 D RIL-DEV : [05-19_15:14:06:336] idVendor = 2109
05-19 15:14:06.335 463 491 D RIL-DEV :
05-19 15:14:06.335 463 491 D RIL-DEV : [05-19_15:14:06:336] idVendor = 1d6b
05-19 15:14:06.335 463 491 D RIL-DEV :
05-19 15:14:06.336 463 491 D RIL-DEV : [05-19_15:14:06:336] idVendor = 0bda
05-19 15:14:06.336 463 491 D RIL-DEV :
05-19 15:14:06.336 463 491 D RIL-DEV : [05-19_15:14:06:336] idVendor = 2109
05-19 15:14:06.336 463 491 D RIL-DEV :
05-19 15:14:06.336 463 491 E RIL-DEV : Cannot find Meig devices
05-19 15:14:06.336 463 491 I RIL : ---> can't find meig usb devices
05-19 15:14:07.002 1272 1272 W ContextImpl: Calling a method in the system process without a qualified user: android.app.ContextImpl.sendBroadcast:1181 android.content.ContextWrapper.sendBroadcast:479 cn.eben.newweather.DateWeatherService.a:19 cn.eben.newweather.DateWeatherService.a:0 cn.eben.newweather.DateWeatherService$1.handleMessage:7
05-19 15:14:07.322 627 2096 W ContentProviderHelper: Permission Denial: opening provider com.android.providers.contacts.ContactsProvider2 from ProcessRecord{552b742 1631:cn.eben.sync/u0a63} (pid=1631, uid=10063) requires android.permission.READ_CONTACTS or android.permission.WRITE_CONTACTS
05-21 15:40:10.118 29262 29262 I : read descriptors
05-21 15:40:10.118 29262 29262 I : read strings
05-21 15:40:10.120 1 1 I init : processing action (sys.usb.config=adb && sys.usb.configfs=1 && sys.usb.ffs.ready=1) from (/system/etc/init/hw/init.usb.configfs.rc:20)
05-21 15:40:10.266 653 653 I binder : 627:653 transaction failed 29201/-28, size 80-0 line 2921
05-19 15:14:07.472 627 653 W ActivityManager: Failed to clear dns cache for: com.ebensz.office.entry
05-21 15:40:10.273 653 653 I binder : 627:653 transaction failed 29201/-28, size 80-0 line 2921
05-19 15:14:07.479 627 653 W ActivityManager: Failed to clear dns cache for: com.ebensz.office.entry
05-19 15:14:07.510 627 730 I netstats_mobile_sample: [0,0,0,0,0,0,0,0,0,0,0,0,1747638847512]
05-19 15:14:07.511 627 730 I netstats_wifi_sample: [0,0,0,0,0,0,0,0,0,0,0,0,1747638847512]
05-19 15:14:07.524 627 627 I notification_enqueue: [10098,25952,com.baidu.appsearch,2131755453,NULL,0,Notification(channel=手机管理、安全检测相关通知 shortcut=null contentView=null vibrate=null sound=null defaults=0x0 flags=0x62 color=0x00000000 vis=PRIVATE),1]
05-19 15:14:07.528 627 627 I notification_enqueue: [10098,25952,com.baidu.appsearch,2131755453,NULL,0,Notification(channel=手机管理、安全检测相关通知 shortcut=null contentView=null vibrate=null sound=null defaults=0x0 flags=0x62 color=0x00000000 vis=PRIVATE),1]
05-19 15:14:07.543 627 730 I netstats_mobile_sample: [0,0,0,0,0,0,0,0,0,0,0,0,1747638847544]
05-19 15:14:07.544 627 730 I netstats_wifi_sample: [0,0,0,0,0,0,0,0,0,0,0,0,1747638847544]
05-19 15:14:07.553 627 730 W ContextImpl: Calling a method in the system process without a qualified user: android.app.ContextImpl.sendStickyBroadcast:1567 com.android.server.ConnectivityService.sendStickyBroadcast:2811 com.android.server.ConnectivityService.sendGeneralBroadcast:2786 com.android.server.ConnectivityService.sendConnectedBroadcast:2759 com.android.server.ConnectivityService.sendLegacyNetworkBroadcast:8704
05-19 15:14:07.558 627 653 W BroadcastQueue: Target SDK mismatch: receiver ActivityInfo{b7d7f09 com.xiaomi.push.service.receivers.NetworkStatusReceiver} targets 26 but delivery restricted to [0, 23] broadcasting Intent { act=android.net.conn.CONNECTIVITY_CHANGE flg=0x4200010 (has extras) } from android (pid=627, uid=1000) to com.zhangyue.read.iReader/com.xiaomi.push.service.receivers.NetworkStatusReceiver
05-19 15:14:07.558 627 653 W BroadcastQueue: Target SDK mismatch: receiver ActivityInfo{b1a050e cn.eben.help.LoadAllReceiver} targets 28 but delivery restricted to [0, 23] broadcasting Intent { act=android.net.conn.CONNECTIVITY_CHANGE flg=0x4200010 (has extras) } from android (pid=627, uid=1000) to cn.eben.help/.LoadAllReceiver
05-19 15:14:07.558 627 653 W BroadcastQueue: Target SDK mismatch: receiver ActivityInfo{e729b2f cn.eben.android.receiver.AppSyncReceiver} targets 27 but delivery restricted to [0, 23] broadcasting Intent { act=android.net.conn.CONNECTIVITY_CHANGE flg=0x4200010 (has extras) } from android (pid=627, uid=1000) to cn.eben.sync/cn.eben.android.receiver.AppSyncReceiver
05-19 15:14:07.564 19442 19442 W ContextImpl: Calling a method in the system process without a qualified user: android.app.ContextImpl.startService:1824 android.content.ContextWrapper.startService:774 android.content.ContextWrapper.startService:774 com.ebensz.appmanager.service.UploadMyAppsInfoService.startUploadMyAppsInfoService:78 com.ebensz.appmanager.receiver.UploadMyAppsInfoReceiver.onReceive:33
05-19 15:14:07.569 19470 19470 W ContextImpl: Calling a method in the system process without a qualified user: android.app.ContextImpl.startService:1824 android.content.ContextWrapper.startService:774 android.content.ContextWrapper.startService:774 com.ebensz.appmanager.mydownloadmanager.DownloadReceiver.startService:245 com.ebensz.appmanager.mydownloadmanager.DownloadReceiver.onReceive:74
05-19 15:14:07.570 627 3559 W BroadcastQueue: Target SDK mismatch: receiver ActivityInfo{bb90641 com.ebensz.ota.ActionReceiver} targets 29 but delivery restricted to [0, 23] broadcasting Intent { act=android.net.conn.CONNECTIVITY_CHANGE flg=0x4200010 (has extras) } from android (pid=627, uid=1000) to com.ebensz.ota/.ActionReceiver
05-19 15:14:07.570 627 653 W BroadcastQueue: Target SDK mismatch: receiver ActivityInfo{4f5a7e6 com.taobao.accs.EventReceiver} targets 26 but delivery restricted to [0, 23] broadcasting Intent { act=android.net.conn.CONNECTIVITY_CHANGE flg=0x4200010 (has extras) } from android (pid=627, uid=1000) to com.zhangyue.read.iReader/com.taobao.accs.EventReceiver
05-19 15:14:07.571 627 627 I notification_cancel_all: [1000,19470,com.ebensz.appmanager,0,0,64,9,NULL]
05-19 15:14:07.835 975 975 D TelephonyNetworkFactory[0]: onReleaseNetworkFor NetworkRequest [ REQUEST id=15, [ Capabilities: INTERNET&NOT_RESTRICTED&TRUSTED&NOT_VCN_MANAGED Uid: 1000 RequestorUid: 1000 RequestorPkg: android] ] applied false
05-19 15:14:07.836 975 975 D TelephonyNetworkFactory[0]: onReleaseNetworkFor NetworkRequest [ REQUEST id=132, [ Capabilities: INTERNET&NOT_RESTRICTED&TRUSTED&NOT_VCN_MANAGED Uid: 10098 RequestorUid: 10098 RequestorPkg: com.baidu.appsearch] ] applied false
05-19 15:14:07.836 975 975 D TelephonyNetworkFactory[0]: onReleaseNetworkFor NetworkRequest [ REQUEST id=28, [ Capabilities: INTERNET&NOT_RESTRICTED&TRUSTED&NOT_VCN_MANAGED Uid: 1001 RequestorUid: 1001 RequestorPkg: com.android.phone] ] applied false
05-19 15:14:07.836 975 975 D TelephonyNetworkFactory[0]: onReleaseNetworkFor NetworkRequest [ REQUEST id=32, [ Capabilities: INTERNET&NOT_RESTRICTED&TRUSTED&NOT_VCN_MANAGED Uid: 1000 RequestorUid: 1000 RequestorPkg: android] ] applied false
05-19 15:14:07.836 975 975 D TelephonyNetworkFactory[0]: onReleaseNetworkFor NetworkRequest [ REQUEST id=117, [ Capabilities: INTERNET&NOT_RESTRICTED&TRUSTED&NOT_VCN_MANAGED Uid: 10072 RequestorUid: 1000 RequestorPkg: android] ] applied false
05-19 15:14:07.836 975 975 D TelephonyNetworkFactory[0]: onReleaseNetworkFor NetworkRequest [ REQUEST id=23, [ Capabilities: INTERNET&NOT_RESTRICTED&TRUSTED&NOT_VCN_MANAGED Uid: 1000 RequestorUid: 1000 RequestorPkg: com.android.networkstack.inprocess] ] applied false
05-19 15:14:07.837 975 975 D TelephonyNetworkFactory[0]: onReleaseNetworkFor NetworkRequest [ REQUEST id=136, [ Capabilities: INTERNET&NOT_RESTRICTED&TRUSTED&NOT_VCN_MANAGED Uid: 10072 RequestorUid: 10072 RequestorPkg: com.ebensz.email] ] applied false
05-19 15:14:07.837 975 975 D TelephonyNetworkFactory[0]: onReleaseNetworkFor NetworkRequest [ REQUEST id=38, [ Capabilities: INTERNET&NOT_RESTRICTED&TRUSTED&NOT_VCN_MANAGED Uid: 10023 RequestorUid: 1000 RequestorPkg: android] ] applied false
05-19 15:14:07.837 975 975 D TelephonyNetworkFactory[0]: onReleaseNetworkFor NetworkRequest [ REQUEST id=127, [ Capabilities: INTERNET&NOT_RESTRICTED&TRUSTED&NOT_VCN_MANAGED Uid: 10079 RequestorUid: 1000 RequestorPkg: android] ] applied false
05-19 15:14:07.837 975 975 D TelephonyNetworkFactory[0]: onReleaseNetworkFor NetworkRequest [ REQUEST id=1, [ Capabilities: INTERNET&NOT_RESTRICTED&TRUSTED&NOT_VPN&NOT_VCN_MANAGED RequestorUid: 1000 RequestorPkg: android] ] applied false
05-19 15:14:07.837 975 975 D TelephonyNetworkFactory[0]: onReleaseNetworkFor NetworkRequest [ REQUEST id=36, [ Capabilities: INTERNET&NOT_RESTRICTED&TRUSTED&NOT_VCN_MANAGED Uid: 10086 RequestorUid: 1000 RequestorPkg: android] ] applied false
05-19 15:14:07.837 975 975 D TelephonyNetworkFactory[0]: onReleaseNetworkFor NetworkRequest [ REQUEST id=18, [ Capabilities: INTERNET&NOT_RESTRICTED&TRUSTED&NOT_VCN_MANAGED Uid: 10088 RequestorUid: 10088 RequestorPkg: com.android.systemui] ] applied false
05-19 15:14:07.838 975 975 D TelephonyNetworkFactory[0]: onReleaseNetworkFor NetworkRequest [ REQUEST id=20, [ Capabilities: INTERNET&NOT_RESTRICTED&TRUSTED&NOT_VCN_MANAGED Uid: 10088 RequestorUid: 10088 RequestorPkg: com.android.systemui] ] applied false
05-19 15:14:07.838 975 975 D TelephonyNetworkFactory[0]: onReleaseNetworkFor NetworkRequest [ REQUEST id=7, [ Capabilities: INTERNET&NOT_RESTRICTED&TRUSTED&NOT_VCN_MANAGED Uid: 1000 RequestorUid: 1000 RequestorPkg: android] ] applied false
05-19 15:14:07.838 975 975 D TelephonyNetworkFactory[0]: onReleaseNetworkFor NetworkRequest [ REQUEST id=134, [ Capabilities: INTERNET&NOT_RESTRICTED&TRUSTED&NOT_VCN_MANAGED Uid: 10098 RequestorUid: 1000 RequestorPkg: android] ] applied false
05-19 15:14:07.852 627 730 W ContextImpl: Calling a method in the system process without a qualified user: android.app.ContextImpl.sendStickyBroadcast:1567 com.android.server.ConnectivityService.sendStickyBroadcast:2811 com.android.server.ConnectivityService.sendGeneralBroadcast:2786 com.android.server.ConnectivityService.sendInetConditionBroadcast:2763 com.android.server.ConnectivityService.updateInetCondition:8451
05-19 15:14:07.852 627 653 W ActivityManager: Failed to clear dns cache for: com.ebensz.office.entry
05-21 15:40:10.646 653 653 I binder : 627:653 transaction failed 29201/-28, size 80-0 line 2921
05-19 15:14:08.002 1272 1272 W ContextImpl: Calling a method in the system process without a qualified user: android.app.ContextImpl.sendBroadcast:1181 android.content.ContextWrapper.sendBroadcast:479 cn.eben.newweather.DateWeatherService.a:19 cn.eben.newweather.DateWeatherService.a:0 cn.eben.newweather.DateWeatherService$1.handleMessage:7
05-19 15:14:08.336 463 491 I RIL : ---> enter mainloop wait at port
05-19 15:14:08.336 463 491 D RIL-DEV : Get modem info
05-19 15:14:08.337 463 491 D RIL-DEV : [05-19_15:14:08:337] idVendor = 0bda
05-19 15:14:08.337 463 491 D RIL-DEV :
05-19 15:14:08.337 463 491 D RIL-DEV : [05-19_15:14:08:337] idVendor = 05e3
05-19 15:14:08.337 463 491 D RIL-DEV :
05-19 15:14:08.337 463 491 D RIL-DEV : [05-19_15:14:08:337] idVendor = 1d6b
05-19 15:14:08.337 463 491 D RIL-DEV :
05-19 15:14:08.337 463 491 D RIL-DEV : [05-19_15:14:08:338] idVendor = 1d6b
05-19 15:14:08.337 463 491 D RIL-DEV :
05-19 15:14:08.337 463 491 D RIL-DEV : [05-19_15:14:08:338] idVendor = 0bda
05-19 15:14:08.337 463 491 D RIL-DEV :
05-19 15:14:08.337 463 491 D RIL-DEV : [05-19_15:14:08:338] idVendor = 1d6b
05-19 15:14:08.337 463 491 D RIL-DEV :
05-19 15:14:08.337 463 491 D RIL-DEV : [05-19_15:14:08:338] idVendor = 2109
05-19 15:14:08.337 463 491 D RIL-DEV :
05-19 15:14:08.338 463 491 D RIL-DEV : [05-19_15:14:08:338] idVendor = 2109
05-19 15:14:08.338 463 491 D RIL-DEV :
05-19 15:14:08.338 463 491 D RIL-DEV : [05-19_15:14:08:338] idVendor = 1d6b
05-19 15:14:08.338 463 491 D RIL-DEV :
05-19 15:14:08.338 463 491 D RIL-DEV : [05-19_15:14:08:338] idVendor = 0bda
05-19 15:14:08.338 463 491 D RIL-DEV :
05-19 15:14:08.338 463 491 D RIL-DEV : [05-19_15:14:08:338] idVendor = 2109
05-19 15:14:08.338 463 491 D RIL-DEV :
05-19 15:14:08.338 463 491 E RIL-DEV : Cannot find Meig devices
05-19 15:14:08.338 463 491 I RIL : ---> can't find meig usb devices
05-21 15:40:11.165 29262 29262 I : read descriptors
05-21 15:40:11.165 29262 29262 I : read strings
05-19 15:14:08.604 19442 19442 W ContextImpl: Calling a method in the system process without a qualified user: android.app.ContextImpl.startService:1824 android.content.ContextWrapper.startService:774 com.ebensz.appmanager.service.UploadMyAppsInfoService$1.handleMessage:63 android.os.Handler.dispatchMessage:106 android.os.Looper.loopOnce:201
05-19 15:14:09.002 1272 1272 W ContextImpl: Calling a method in the system process without a qualified user: android.app.ContextImpl.sendBroadcast:1181 android.content.ContextWrapper.sendBroadcast:479 cn.eben.newweather.DateWeatherService.a:19 cn.eben.newweather.DateWeatherService.a:0 cn.eben.newweather.DateWeatherService$1.handleMessage:7
05-21 15:40:12.208 29262 29262 I : read descriptors
05-21 15:40:12.208 29262 29262 I : read strings
05-21 15:40:12.211 1 1 I init : processing action (sys.usb.config=adb && sys.usb.configfs=1 && sys.usb.ffs.ready=1) from (/system/etc/init/hw/init.usb.configfs.rc:20)
05-21 15:40:12.212 1 1 I init : Command 'symlink /config/usb_gadget/g1/functions/ffs.adb /config/usb_gadget/g1/configs/b.1/f1' action=sys.usb.config=adb && sys.usb.configfs=1 && sys.usb.ffs.ready=1 (/system/etc/init/hw/init.usb.configfs.rc:22) took 0ms and failed: symlink() failed: File exists
05-21 15:40:12.212 1 1 I init : Command 'write /config/usb_gadget/g1/UDC ${sys.usb.controller}' action=sys.usb.config=adb && sys.usb.configfs=1 && sys.usb.ffs.ready=1 (/system/etc/init/hw/init.usb.configfs.rc:23) took 0ms and failed: Unable to write to file '/config/usb_gadget/g1/UDC': Unable to write file contents: Device or resource busy
05-19 15:14:10.002 1272 1272 W ContextImpl: Calling a method in the system process without a qualified user: android.app.ContextImpl.sendBroadcast:1181 android.content.ContextWrapper.sendBroadcast:479 cn.eben.newweather.DateWeatherService.a:19 cn.eben.newweather.DateWeatherService.a:0 cn.eben.newweather.DateWeatherService$1.handleMessage:7
05-19 15:14:10.338 463 491 I RIL : ---> enter mainloop wait at port
05-19 15:14:10.338 463 491 D RIL-DEV : Get modem info
05-19 15:14:10.339 463 491 D RIL-DEV : [05-19_15:14:10:340] idVendor = 0bda
05-19 15:14:10.339 463 491 D RIL-DEV :
05-19 15:14:10.339 463 491 D RIL-DEV : [05-19_15:14:10:340] idVendor = 05e3
05-19 15:14:10.339 463 491 D RIL-DEV :
