05-21 11:05:06.893 1 1 I init : Command 'symlink /config/usb_gadget/g1/functions/ffs.adb /config/usb_gadget/g1/configs/b.1/f1' action=sys.usb.config=adb && sys.usb.configfs=1 && sys.usb.ffs.ready=1 (/system/etc/init/hw/init.usb.configfs.rc:22) took 0ms and failed: symlink() failed: File exists
05-21 11:05:06.894 1 1 I init : Command 'write /config/usb_gadget/g1/UDC ${sys.usb.controller}' action=sys.usb.config=adb && sys.usb.configfs=1 && sys.usb.ffs.ready=1 (/system/etc/init/hw/init.usb.configfs.rc:23) took 0ms and failed: Unable to write to file '/config/usb_gadget/g1/UDC': Unable to write file contents: Device or resource busy
05-21 10:56:11.002 1340 1340 W ContextImpl: Calling a method in the system process without a qualified user: android.app.ContextImpl.sendBroadcast:1181 android.content.ContextWrapper.sendBroadcast:479 cn.eben.newweather.DateWeatherService.a:19 cn.eben.newweather.DateWeatherService.a:0 cn.eben.newweather.DateWeatherService$1.handleMessage:7
05-21 11:05:07.941 543 543 I : read descriptors
05-21 11:05:07.941 543 543 I : read strings
05-21 11:05:07.943 1 1 I init : processing action (sys.usb.config=adb && sys.usb.configfs=1 && sys.usb.ffs.ready=1) from (/system/etc/init/hw/init.usb.configfs.rc:20)
05-21 11:05:07.946 1 1 I init : Command 'symlink /config/usb_gadget/g1/functions/ffs.adb /config/usb_gadget/g1/configs/b.1/f1' action=sys.usb.config=adb && sys.usb.configfs=1 && sys.usb.ffs.ready=1 (/system/etc/init/hw/init.usb.configfs.rc:22) took 0ms and failed: symlink() failed: File exists
05-21 11:05:07.947 1 1 I init : Command 'write /config/usb_gadget/g1/UDC ${sys.usb.controller}' action=sys.usb.config=adb && sys.usb.configfs=1 && sys.usb.ffs.ready=1 (/system/etc/init/hw/init.usb.configfs.rc:23) took 0ms and failed: Unable to write to file '/config/usb_gadget/g1/UDC': Unable to write file contents: Device or resource busy
05-21 10:56:11.597 464 494 I RIL : ---> enter mainloop wait at port
05-21 10:56:11.598 464 494 D RIL-DEV : Get modem info
05-21 10:56:11.598 464 494 D RIL-DEV : [05-21_10:56:11:599] idVendor = 0bda
05-21 10:56:11.598 464 494 D RIL-DEV :
05-21 10:56:11.599 464 494 D RIL-DEV : [05-21_10:56:11:599] idVendor = 05e3
05-21 10:56:11.599 464 494 D RIL-DEV :
05-21 10:56:11.599 464 494 D RIL-DEV : [05-21_10:56:11:600] idVendor = 1d6b
05-21 10:56:11.599 464 494 D RIL-DEV :
05-21 10:56:11.599 464 494 D RIL-DEV : [05-21_10:56:11:600] idVendor = 1d6b
05-21 10:56:11.599 464 494 D RIL-DEV :
05-21 10:56:11.600 464 494 D RIL-DEV : [05-21_10:56:11:600] idVendor = 0bda
05-21 10:56:11.600 464 494 D RIL-DEV :
05-21 10:56:11.600 464 494 D RIL-DEV : [05-21_10:56:11:601] idVendor = 1d6b
05-21 10:56:11.600 464 494 D RIL-DEV :
05-21 10:56:11.600 464 494 D RIL-DEV : [05-21_10:56:11:601] idVendor = 2109
05-21 10:56:11.600 464 494 D RIL-DEV :
05-21 10:56:11.601 464 494 D RIL-DEV : [05-21_10:56:11:602] idVendor = 2109
05-21 10:56:11.601 464 494 D RIL-DEV :
05-21 10:56:11.601 464 494 D RIL-DEV : [05-21_10:56:11:602] idVendor = 1d6b
05-21 10:56:11.601 464 494 D RIL-DEV :
05-21 10:56:11.602 464 494 D RIL-DEV : [05-21_10:56:11:602] idVendor = 0bda
05-21 10:56:11.602 464 494 D RIL-DEV :
05-21 10:56:11.602 464 494 D RIL-DEV : [05-21_10:56:11:603] idVendor = 2109
05-21 10:56:11.602 464 494 D RIL-DEV :
05-21 10:56:11.602 464 494 E RIL-DEV : Cannot find Meig devices
05-21 10:56:11.603 464 494 I RIL : ---> can't find meig usb devices
05-21 10:56:12.002 1340 1340 W ContextImpl: Calling a method in the system process without a qualified user: android.app.ContextImpl.sendBroadcast:1181 android.content.ContextWrapper.sendBroadcast:479 cn.eben.newweather.DateWeatherService.a:19 cn.eben.newweather.DateWeatherService.a:0 cn.eben.newweather.DateWeatherService$1.handleMessage:7
05-21 11:05:08.984 543 543 I : read descriptors
05-21 11:05:08.985 543 543 I : read strings
05-21 11:05:08.986 1 1 I init : processing action (sys.usb.config=adb && sys.usb.configfs=1 && sys.usb.ffs.ready=1) from (/system/etc/init/hw/init.usb.configfs.rc:20)
05-21 10:56:13.002 1340 1340 W ContextImpl: Calling a method in the system process without a qualified user: android.app.ContextImpl.sendBroadcast:1181 android.content.ContextWrapper.sendBroadcast:479 cn.eben.newweather.DateWeatherService.a:19 cn.eben.newweather.DateWeatherService.a:0 cn.eben.newweather.DateWeatherService$1.handleMessage:7
05-21 11:05:10.021 543 543 I : read descriptors
05-21 11:05:10.021 543 543 I : read strings
05-21 10:56:13.459 627 668 V DisplayPowerController[0]: Brightness [0.05] reason changing to: 'manual [ dim ]', previous reason: 'manual'.
05-21 10:56:13.603 464 494 I RIL : ---> enter mainloop wait at port
05-21 10:56:13.603 464 494 D RIL-DEV : Get modem info
05-21 10:56:13.604 464 494 D RIL-DEV : [05-21_10:56:13:604] idVendor = 0bda
05-21 10:56:13.604 464 494 D RIL-DEV :
05-21 10:56:13.606 464 494 D RIL-DEV : [05-21_10:56:13:606] idVendor = 05e3
05-21 10:56:13.606 464 494 D RIL-DEV :
05-21 10:56:13.606 464 494 D RIL-DEV : [05-21_10:56:13:606] idVendor = 1d6b
05-21 10:56:13.606 464 494 D RIL-DEV :
05-21 10:56:13.606 464 494 D RIL-DEV : [05-21_10:56:13:607] idVendor = 1d6b
05-21 10:56:13.606 464 494 D RIL-DEV :
05-21 10:56:13.606 464 494 D RIL-DEV : [05-21_10:56:13:607] idVendor = 0bda
05-21 10:56:13.606 464 494 D RIL-DEV :
05-21 10:56:13.607 464 494 D RIL-DEV : [05-21_10:56:13:607] idVendor = 1d6b
05-21 10:56:13.607 464 494 D RIL-DEV :
05-21 10:56:13.608 464 494 D RIL-DEV : [05-21_10:56:13:608] idVendor = 2109
05-21 10:56:13.608 464 494 D RIL-DEV :
05-21 10:56:13.608 464 494 D RIL-DEV : [05-21_10:56:13:609] idVendor = 2109
05-21 10:56:13.608 464 494 D RIL-DEV :
05-21 10:56:13.608 464 494 D RIL-DEV : [05-21_10:56:13:609] idVendor = 1d6b
05-21 10:56:13.608 464 494 D RIL-DEV :
05-21 10:56:13.609 464 494 D RIL-DEV : [05-21_10:56:13:609] idVendor = 0bda
05-21 10:56:13.609 464 494 D RIL-DEV :
05-21 10:56:13.609 464 494 D RIL-DEV : [05-21_10:56:13:610] idVendor = 2109
05-21 10:56:13.609 464 494 D RIL-DEV :
05-21 10:56:13.609 464 494 E RIL-DEV : Cannot find Meig devices
05-21 10:56:13.610 464 494 I RIL : ---> can't find meig usb devices
05-21 10:56:13.771 627 2411 W ContentProviderHelper: Permission Denial: opening provider com.android.providers.contacts.ContactsProvider2 from ProcessRecord{1933406 1690:cn.eben.sync/u0a44} (pid=1690, uid=10044) requires android.permission.READ_CONTACTS or android.permission.WRITE_CONTACTS
05-21 10:56:14.002 1340 1340 W ContextImpl: Calling a method in the system process without a qualified user: android.app.ContextImpl.sendBroadcast:1181 android.content.ContextWrapper.sendBroadcast:479 cn.eben.newweather.DateWeatherService.a:19 cn.eben.newweather.DateWeatherService.a:0 cn.eben.newweather.DateWeatherService$1.handleMessage:7
05-21 11:05:11.065 543 543 I : read descriptors
05-21 11:05:11.065 543 543 I : read strings
05-21 11:05:11.067 1 1 I init : processing action (sys.usb.config=adb && sys.usb.configfs=1 && sys.usb.ffs.ready=1) from (/system/etc/init/hw/init.usb.configfs.rc:20)
05-21 11:05:11.071 1 1 I init : Command 'symlink /config/usb_gadget/g1/functions/ffs.adb /config/usb_gadget/g1/configs/b.1/f1' action=sys.usb.config=adb && sys.usb.configfs=1 && sys.usb.ffs.ready=1 (/system/etc/init/hw/init.usb.configfs.rc:22) took 1ms and failed: symlink() failed: File exists
05-21 11:05:11.072 1 1 I init : Command 'write /config/usb_gadget/g1/UDC ${sys.usb.controller}' action=sys.usb.config=adb && sys.usb.configfs=1 && sys.usb.ffs.ready=1 (/system/etc/init/hw/init.usb.configfs.rc:23) took 1ms and failed: Unable to write to file '/config/usb_gadget/g1/UDC': Unable to write file contents: Device or resource busy
05-21 10:56:15.003 1340 1340 W ContextImpl: Calling a method in the system process without a qualified user: android.app.ContextImpl.sendBroadcast:1181 android.content.ContextWrapper.sendBroadcast:479 cn.eben.newweather.DateWeatherService.a:19 cn.eben.newweather.DateWeatherService.a:0 cn.eben.newweather.DateWeatherService$1.handleMessage:7
05-21 11:05:12.114 543 543 I : read descriptors
05-21 11:05:12.115 543 543 I : read strings
05-21 11:05:12.118 1 1 I init : processing action (sys.usb.config=adb && sys.usb.configfs=1 && sys.usb.ffs.ready=1) from (/system/etc/init/hw/init.usb.configfs.rc:20)
05-21 11:05:12.119 1 1 I init : Command 'symlink /config/usb_gadget/g1/functions/ffs.adb /config/usb_gadget/g1/configs/b.1/f1' action=sys.usb.config=adb && sys.usb.configfs=1 && sys.usb.ffs.ready=1 (/system/etc/init/hw/init.usb.configfs.rc:22) took 0ms and failed: symlink() failed: File exists
05-21 11:05:12.120 1 1 I init : Command 'write /config/usb_gadget/g1/UDC ${sys.usb.controller}' action=sys.usb.config=adb && sys.usb.configfs=1 && sys.usb.ffs.ready=1 (/system/etc/init/hw/init.usb.configfs.rc:23) took 0ms and failed: Unable to write to file '/config/usb_gadget/g1/UDC': Unable to write file contents: Device or resource busy
05-21 10:56:15.498 627 668 V DisplayPowerController[0]: Brightness [0.5472441] reason changing to: 'manual', previous reason: 'manual [ dim ]'.
05-21 10:56:15.610 464 494 I RIL : ---> enter mainloop wait at port
05-21 10:56:15.610 464 494 D RIL-DEV : Get modem info
05-21 10:56:15.611 464 494 D RIL-DEV : [05-21_10:56:15:611] idVendor = 0bda
05-21 10:56:15.611 464 494 D RIL-DEV :
05-21 10:56:15.611 464 494 D RIL-DEV : [05-21_10:56:15:611] idVendor = 05e3
05-21 10:56:15.611 464 494 D RIL-DEV :
05-21 10:56:15.611 464 494 D RIL-DEV : [05-21_10:56:15:612] idVendor = 1d6b
05-21 10:56:15.611 464 494 D RIL-DEV :
05-21 10:56:15.612 464 494 D RIL-DEV : [05-21_10:56:15:612] idVendor = 1d6b
05-21 10:56:15.612 464 494 D RIL-DEV :
05-21 10:56:15.612 464 494 D RIL-DEV : [05-21_10:56:15:612] idVendor = 0bda
05-21 10:56:15.612 464 494 D RIL-DEV :
05-21 10:56:15.612 464 494 D RIL-DEV : [05-21_10:56:15:613] idVendor = 1d6b
05-21 10:56:15.612 464 494 D RIL-DEV :
05-21 10:56:15.613 464 494 D RIL-DEV : [05-21_10:56:15:613] idVendor = 2109
05-21 10:56:15.613 464 494 D RIL-DEV :
05-21 10:56:15.614 464 494 D RIL-DEV : [05-21_10:56:15:614] idVendor = 2109
05-21 10:56:15.614 464 494 D RIL-DEV :
05-21 10:56:15.615 464 494 D RIL-DEV : [05-21_10:56:15:615] idVendor = 1d6b
05-21 10:56:15.615 464 494 D RIL-DEV :
05-21 10:56:15.615 464 494 D RIL-DEV : [05-21_10:56:15:616] idVendor = 0bda
05-21 10:56:15.615 464 494 D RIL-DEV :
05-21 10:56:15.616 464 494 D RIL-DEV : [05-21_10:56:15:616] idVendor = 2109
05-21 10:56:15.616 464 494 D RIL-DEV :
05-21 10:56:15.616 464 494 E RIL-DEV : Cannot find Meig devices
05-21 10:56:15.616 464 494 I RIL : ---> can't find meig usb devices
05-21 10:56:16.002 1340 1340 W ContextImpl: Calling a method in the system process without a qualified user: android.app.ContextImpl.sendBroadcast:1181 android.content.ContextWrapper.sendBroadcast:479 cn.eben.newweather.DateWeatherService.a:19 cn.eben.newweather.DateWeatherService.a:0 cn.eben.newweather.DateWeatherService$1.handleMessage:7
05-21 11:05:13.174 543 543 I : read descriptors
05-21 11:05:13.174 543 543 I : read strings
05-21 11:05:13.175 1 1 I init : processing action (sys.usb.config=adb && sys.usb.configfs=1 && sys.usb.ffs.ready=1) from (/system/etc/init/hw/init.usb.configfs.rc:20)
05-21 11:05:13.177 1 1 I init : Command 'symlink /config/usb_gadget/g1/functions/ffs.adb /config/usb_gadget/g1/configs/b.1/f1' action=sys.usb.config=adb && sys.usb.configfs=1 && sys.usb.ffs.ready=1 (/system/etc/init/hw/init.usb.configfs.rc:22) took 0ms and failed: symlink() failed: File exists
05-21 11:05:13.177 1 1 I init : Command 'write /config/usb_gadget/g1/UDC ${sys.usb.controller}' action=sys.usb.config=adb && sys.usb.configfs=1 && sys.usb.ffs.ready=1 (/system/etc/init/hw/init.usb.configfs.rc:23) took 0ms and failed: Unable to write to file '/config/usb_gadget/g1/UDC': Unable to write file contents: Device or resource busy
05-21 10:56:17.002 1340 1340 W ContextImpl: Calling a method in the system process without a qualified user: android.app.ContextImpl.sendBroadcast:1181 android.content.ContextWrapper.sendBroadcast:479 cn.eben.newweather.DateWeatherService.a:19 cn.eben.newweather.DateWeatherService.a:0 cn.eben.newweather.DateWeatherService$1.handleMessage:7
05-21 10:56:17.113 627 647 V InputMethodMenuController: Hide switching menu
05-21 10:56:17.147 627 647 V InputMethodMenuController: Hide switching menu
05-21 10:56:17.190 3582 3582 W ContextImpl: Calling a method in the system process without a qualified user: android.app.ContextImpl.sendBroadcast:1181 android.content.ContextWrapper.sendBroadcast:479 com.ebensz.appmanager.MainActivity$UpdateAndDownLoadAppsObservable.dispatchUpdateAppsCount:151 com.ebensz.appmanager.MainActivity.onLoadFinished:1059 com.ebensz.appmanager.MainActivity.onLoadFinished:93
05-21 10:56:17.192 627 653 I DropBoxManagerService: add tag=system_server_wtf isTagEnabled=true flags=0x2
05-21 10:56:17.209 627 2063 V InputMethodManagerService: startInputOrWindowGainedFocusInternalLocked: reason=WINDOW_FOCUS_GAIN client=android.os.BinderProxy@3398b1f inputContext=null missingMethods= attribute=android.view.inputmethod.EditorInfo@a910114 startInputFlags=VIEW_HAS_FOCUS|INITIAL_CONNECTION softInputMode=STATE_UNSPECIFIED|ADJUST_NOTHING windowFlags=#81810900 unverifiedTargetSdkVersion=23
05-21 10:56:17.209 627 2063 V InputMethodManagerService: Unspecified window will hide input
05-21 10:56:17.214 3582 3582 W ContextImpl: Calling a method in the system process without a qualified user: android.app.ContextImpl.sendBroadcast:1181 android.content.ContextWrapper.sendBroadcast:479 android.content.ContextWrapper.sendBroadcast:479 com.eben.appupdate.utils.Utils.setBadgeOfDefault:263 com.ebensz.appmanager.receiver.UpdateWdjDataReceiver.onReceive:32
05-21 10:56:17.216 627 653 I DropBoxManagerService: add tag=system_server_wtf isTagEnabled=true flags=0x2
05-21 10:56:17.216 3582 3582 W ContextImpl: Calling a method in the system process without a qualified user: android.app.ContextImpl.startService:1824 android.content.ContextWrapper.startService:774 android.content.ContextWrapper.startService:774 com.ebensz.appmanager.service.WDJDataUpdateService.startUpdateWdjService:67 com.ebensz.appmanager.receiver.UpdateWdjDataReceiver.onReceive:38
05-21 10:56:17.217 627 647 V InputMethodMenuController: Hide switching menu
05-21 10:56:17.223 627 2063 D InputMethodManagerService: --- calledFromForegroundUserOrSystemProcess ? calling uid = 1000 system uid = 1000 calling userId = 0, foreground user id = 0, calling pid = 0com.android.server.inputmethod.InputMethodManagerService.reportPerceptibleAsync(InputMethodManagerService.java:3162)
05-21 10:56:17.223 627 2063 D InputMethodManagerService: IME window vis: 0 active: 0 inv: 0 displayId: 0
05-21 11:05:14.221 543 543 I : read descriptors
05-21 11:05:14.221 543 543 I : read strings
05-21 11:05:14.223 1 1 I init : processing action (sys.usb.config=adb && sys.usb.configfs=1 && sys.usb.ffs.ready=1) from (/system/etc/init/hw/init.usb.configfs.rc:20)
05-21 10:56:17.616 464 494 I RIL : ---> enter mainloop wait at port
05-21 10:56:17.616 464 494 D RIL-DEV : Get modem info
05-21 10:56:17.617 464 494 D RIL-DEV : [05-21_10:56:17:618] idVendor = 0bda
05-21 10:56:17.617 464 494 D RIL-DEV :
05-21 10:56:17.618 464 494 D RIL-DEV : [05-21_10:56:17:618] idVendor = 05e3
05-21 10:56:17.618 464 494 D RIL-DEV :
05-21 10:56:17.618 464 494 D RIL-DEV : [05-21_10:56:17:619] idVendor = 1d6b
05-21 10:56:17.618 464 494 D RIL-DEV :
05-21 10:56:17.618 464 494 D RIL-DEV : [05-21_10:56:17:619] idVendor = 1d6b
05-21 10:56:17.618 464 494 D RIL-DEV :
05-21 10:56:17.619 464 494 D RIL-DEV : [05-21_10:56:17:619] idVendor = 0bda
05-21 10:56:17.619 464 494 D RIL-DEV :
05-21 10:56:17.619 464 494 D RIL-DEV : [05-21_10:56:17:620] idVendor = 1d6b
05-21 10:56:17.619 464 494 D RIL-DEV :
05-21 10:56:17.619 464 494 D RIL-DEV : [05-21_10:56:17:620] idVendor = 2109
05-21 10:56:17.619 464 494 D RIL-DEV :
05-21 10:56:17.620 464 494 D RIL-DEV : [05-21_10:56:17:620] idVendor = 2109
05-21 10:56:17.620 464 494 D RIL-DEV :
05-21 10:56:17.620 464 494 D RIL-DEV : [05-21_10:56:17:621] idVendor = 1d6b
05-21 10:56:17.620 464 494 D RIL-DEV :
05-21 10:56:17.621 464 494 D RIL-DEV : [05-21_10:56:17:621] idVendor = 0bda
05-21 10:56:17.621 464 494 D RIL-DEV :
05-21 10:56:17.621 464 494 D RIL-DEV : [05-21_10:56:17:621] idVendor = 2109
05-21 10:56:17.621 464 494 D RIL-DEV :
05-21 10:56:17.621 464 494 E RIL-DEV : Cannot find Meig devices
05-21 10:56:17.621 464 494 I RIL : ---> can't find meig usb devices
05-21 10:56:18.002 1340 1340 W ContextImpl: Calling a method in the system process without a qualified user: android.app.ContextImpl.sendBroadcast:1181 android.content.ContextWrapper.sendBroadcast:479 cn.eben.newweather.DateWeatherService.a:19 cn.eben.newweather.DateWeatherService.a:0 cn.eben.newweather.DateWeatherService$1.handleMessage:7
05-21 11:05:15.278 543 543 I : read descriptors
05-21 11:05:15.278 543 543 I : read strings
05-21 10:56:18.778 627 1116 W ContentProviderHelper: Permission Denial: opening provider com.android.providers.contacts.ContactsProvider2 from ProcessRecord{1933406 1690:cn.eben.sync/u0a44} (pid=1690, uid=10044) requires android.permission.READ_CONTACTS or android.permission.WRITE_CONTACTS
05-21 10:56:19.002 1340 1340 W ContextImpl: Calling a method in the system process without a qualified user: android.app.ContextImpl.sendBroadcast:1181 android.content.ContextWrapper.sendBroadcast:479 cn.eben.newweather.DateWeatherService.a:19 cn.eben.newweather.DateWeatherService.a:0 cn.eben.newweather.DateWeatherService$1.handleMessage:7
05-21 11:05:16.338 543 543 I : read descriptors
05-21 11:05:16.338 543 543 I : read strings
05-21 11:05:16.340 1 1 I init : processing action (sys.usb.config=adb && sys.usb.configfs=1 && sys.usb.ffs.ready=1) from (/system/etc/init/hw/init.usb.configfs.rc:20)
05-21 11:05:16.343 1 1 I init : Command 'symlink /config/usb_gadget/g1/functions/ffs.adb /config/usb_gadget/g1/configs/b.1/f1' action=sys.usb.config=adb && sys.usb.configfs=1 && sys.usb.ffs.ready=1 (/system/etc/init/hw/init.usb.configfs.rc:22) took 0ms and failed: symlink() failed: File exists
05-21 11:05:16.343 1 1 I init : Command 'write /config/usb_gadget/g1/UDC ${sys.usb.controller}' action=sys.usb.config=adb && sys.usb.configfs=1 && sys.usb.ffs.ready=1 (/system/etc/init/hw/init.usb.configfs.rc:23) took 0ms and failed: Unable to write to file '/config/usb_gadget/g1/UDC': Unable to write file contents: Device or resource busy
05-21 10:56:19.622 464 494 I RIL : ---> enter mainloop wait at port
05-21 10:56:19.622 464 494 D RIL-DEV : Get modem info
05-21 10:56:19.623 464 494 D RIL-DEV : [05-21_10:56:19:623] idVendor = 0bda
05-21 10:56:19.623 464 494 D RIL-DEV :
05-21 10:56:19.623 464 494 D RIL-DEV : [05-21_10:56:19:623] idVendor = 05e3
05-21 10:56:19.623 464 494 D RIL-DEV :
05-21 10:56:19.623 464 494 D RIL-DEV : [05-21_10:56:19:624] idVendor = 1d6b
05-21 10:56:19.623 464 494 D RIL-DEV :
05-21 10:56:19.624 464 494 D RIL-DEV : [05-21_10:56:19:624] idVendor = 1d6b
05-21 10:56:19.624 464 494 D RIL-DEV :
05-21 10:56:19.624 464 494 D RIL-DEV : [05-21_10:56:19:624] idVendor = 0bda
05-21 10:56:19.624 464 494 D RIL-DEV :
05-21 10:56:19.624 464 494 D RIL-DEV : [05-21_10:56:19:625] idVendor = 1d6b
05-21 10:56:19.624 464 494 D RIL-DEV :
05-21 10:56:19.625 464 494 D RIL-DEV : [05-21_10:56:19:625] idVendor = 2109
05-21 10:56:19.625 464 494 D RIL-DEV :
05-21 10:56:19.625 464 494 D RIL-DEV : [05-21_10:56:19:626] idVendor = 2109
05-21 10:56:19.625 464 494 D RIL-DEV :
05-21 10:56:19.625 464 494 D RIL-DEV : [05-21_10:56:19:626] idVendor = 1d6b
05-21 10:56:19.625 464 494 D RIL-DEV :
05-21 10:56:19.626 464 494 D RIL-DEV : [05-21_10:56:19:626] idVendor = 0bda
05-21 10:56:19.626 464 494 D RIL-DEV :
05-21 10:56:19.626 464 494 D RIL-DEV : [05-21_10:56:19:627] idVendor = 2109
05-21 10:56:19.626 464 494 D RIL-DEV :
05-21 10:56:19.626 464 494 E RIL-DEV : Cannot find Meig devices
05-21 10:56:19.627 464 494 I RIL : ---> can't find meig usb devices
05-21 10:56:20.003 1340 1340 W ContextImpl: Calling a method in the system process without a qualified user: android.app.ContextImpl.sendBroadcast:1181 android.content.ContextWrapper.sendBroadcast:479 cn.eben.newweather.DateWeatherService.a:19 cn.eben.newweather.DateWeatherService.a:0 cn.eben.newweather.DateWeatherService$1.handleMessage:7
05-21 10:56:20.416 627 1329 E TaskPersister: File error accessing recents directory (directory doesn't exist?).
05-21 11:05:17.395 543 543 I : read descriptors
05-21 11:05:17.395 543 543 I : read strings
05-21 11:05:17.398 1 1 I init : processing action (sys.usb.config=adb && sys.usb.configfs=1 && sys.usb.ffs.ready=1) from (/system/etc/init/hw/init.usb.configfs.rc:20)
05-21 11:05:17.401 1 1 I init : Command 'symlink /config/usb_gadget/g1/functions/ffs.adb /config/usb_gadget/g1/configs/b.1/f1' action=sys.usb.config=adb && sys.usb.configfs=1 && sys.usb.ffs.ready=1 (/system/etc/init/hw/init.usb.configfs.rc:22) took 1ms and failed: symlink() failed: File exists
05-21 11:05:17.402 1 1 I init : Command 'write /config/usb_gadget/g1/UDC ${sys.usb.controller}' action=sys.usb.config=adb && sys.usb.configfs=1 && sys.usb.ffs.ready=1 (/system/etc/init/hw/init.usb.configfs.rc:23) took 0ms and failed: Unable to write to file '/config/usb_gadget/g1/UDC': Unable to write file contents: Device or resource busy
05-21 10:56:21.002 1340 1340 W ContextImpl: Calling a method in the system process without a qualified user: android.app.ContextImpl.sendBroadcast:1181 android.content.ContextWrapper.sendBroadcast:479 cn.eben.newweather.DateWeatherService.a:19 cn.eben.newweather.DateWeatherService.a:0 cn.eben.newweather.DateWeatherService$1.handleMessage:7
05-21 11:05:18.444 543 543 I : read descriptors
05-21 11:05:18.445 543 543 I : read strings
05-21 11:05:18.448 1 1 I init : processing action (sys.usb.config=adb && sys.usb.configfs=1 && sys.usb.ffs.ready=1) from (/system/etc/init/hw/init.usb.configfs.rc:20)
05-21 11:05:18.450 1 1 I init : Command 'symlink /config/usb_gadget/g1/functions/ffs.adb /config/usb_gadget/g1/configs/b.1/f1' action=sys.usb.config=adb && sys.usb.configfs=1 && sys.usb.ffs.ready=1 (/system/etc/init/hw/init.usb.configfs.rc:22) took 0ms and failed: symlink() failed: File exists
05-21 11:05:18.450 1 1 I init : Command 'write /config/usb_gadget/g1/UDC ${sys.usb.controller}' action=sys.usb.config=adb && sys.usb.configfs=1 && sys.usb.ffs.ready=1 (/system/etc/init/hw/init.usb.configfs.rc:23) took 0ms and failed: Unable to write to file '/config/usb_gadget/g1/UDC': Unable to write file contents: Device or resource busy
05-21 10:56:21.627 464 494 I RIL : ---> enter mainloop wait at port
05-21 10:56:21.627 464 494 D RIL-DEV : Get modem info
05-21 10:56:21.627 464 494 D RIL-DEV : [05-21_10:56:21:628] idVendor = 0bda
05-21 10:56:21.627 464 494 D RIL-DEV :
05-21 10:56:21.627 464 494 D RIL-DEV : [05-21_10:56:21:628] idVendor = 05e3
05-21 10:56:21.627 464 494 D RIL-DEV :
05-21 10:56:21.628 464 494 D RIL-DEV : [05-21_10:56:21:628] idVendor = 1d6b
05-21 10:56:21.628 464 494 D RIL-DEV :
05-21 10:56:21.628 464 494 D RIL-DEV : [05-21_10:56:21:628] idVendor = 1d6b
05-21 10:56:21.628 464 494 D RIL-DEV :
05-21 10:56:21.628 464 494 D RIL-DEV : [05-21_10:56:21:628] idVendor = 0bda
05-21 10:56:21.628 464 494 D RIL-DEV :
05-21 10:56:21.628 464 494 D RIL-DEV : [05-21_10:56:21:628] idVendor = 1d6b
05-21 10:56:21.628 464 494 D RIL-DEV :
05-21 10:56:21.628 464 494 D RIL-DEV : [05-21_10:56:21:629] idVendor = 2109
05-21 10:56:21.628 464 494 D RIL-DEV :
05-21 10:56:21.628 464 494 D RIL-DEV : [05-21_10:56:21:629] idVendor = 2109
05-21 10:56:21.628 464 494 D RIL-DEV :
05-21 10:56:21.628 464 494 D RIL-DEV : [05-21_10:56:21:629] idVendor = 1d6b
05-21 10:56:21.628 464 494 D RIL-DEV :
05-21 10:56:21.628 464 494 D RIL-DEV : [05-21_10:56:21:629] idVendor = 0bda
05-21 10:56:21.628 464 494 D RIL-DEV :
05-21 10:56:21.629 464 494 D RIL-DEV : [05-21_10:56:21:629] idVendor = 2109
05-21 10:56:21.629 464 494 D RIL-DEV :
05-21 10:56:21.629 464 494 E RIL-DEV : Cannot find Meig devices
05-21 10:56:21.629 464 494 I RIL : ---> can't find meig usb devices
05-21 10:56:22.002 1340 1340 W ContextImpl: Calling a method in the system process without a qualified user: android.app.ContextImpl.sendBroadcast:1181 android.content.ContextWrapper.sendBroadcast:479 cn.eben.newweather.DateWeatherService.a:19 cn.eben.newweather.DateWeatherService.a:0 cn.eben.newweather.DateWeatherService$1.handleMessage:7
05-21 11:05:19.488 543 543 I : read descriptors
05-21 11:05:19.488 543 543 I : read strings
05-21 11:05:19.490 1 1 I init : processing action (sys.usb.config=adb && sys.usb.configfs=1 && sys.usb.ffs.ready=1) from (/system/etc/init/hw/init.usb.configfs.rc:20)
05-21 10:56:23.003 1340 1340 W ContextImpl: Calling a method in the system process without a qualified user: android.app.ContextImpl.sendBroadcast:1181 android.content.ContextWrapper.sendBroadcast:479 cn.eben.newweather.DateWeatherService.a:19 cn.eben.newweather.DateWeatherService.a:0 cn.eben.newweather.DateWeatherService$1.handleMessage:7
05-21 10:56:23.629 464 494 I RIL : ---> enter mainloop wait at port
05-21 10:56:23.629 464 494 D RIL-DEV : Get modem info
05-21 10:56:23.630 464 494 D RIL-DEV : [05-21_10:56:23:630] idVendor = 0bda
05-21 10:56:23.630 464 494 D RIL-DEV :
05-21 10:56:23.630 464 494 D RIL-DEV : [05-21_10:56:23:631] idVendor = 05e3
05-21 10:56:23.630 464 494 D RIL-DEV :
05-21 10:56:23.631 464 494 D RIL-DEV : [05-21_10:56:23:631] idVendor = 1d6b
05-21 10:56:23.631 464 494 D RIL-DEV :
05-21 10:56:23.631 464 494 D RIL-DEV : [05-21_10:56:23:632] idVendor = 1d6b
05-21 10:56:23.631 464 494 D RIL-DEV :
05-21 10:56:23.631 464 494 D RIL-DEV : [05-21_10:56:23:632] idVendor = 0bda
05-21 10:56:23.631 464 494 D RIL-DEV :
05-21 10:56:23.632 464 494 D RIL-DEV : [05-21_10:56:23:632] idVendor = 1d6b
05-21 10:56:23.632 464 494 D RIL-DEV :
05-21 10:56:23.632 464 494 D RIL-DEV : [05-21_10:56:23:633] idVendor = 2109
05-21 10:56:23.632 464 494 D RIL-DEV :
05-21 10:56:23.633 464 494 D RIL-DEV : [05-21_10:56:23:633] idVendor = 2109
05-21 10:56:23.633 464 494 D RIL-DEV :
05-21 10:56:23.633 464 494 D RIL-DEV : [05-21_10:56:23:633] idVendor = 1d6b
05-21 10:56:23.633 464 494 D RIL-DEV :
05-21 10:56:23.633 464 494 D RIL-DEV : [05-21_10:56:23:634] idVendor = 0bda
05-21 10:56:23.633 464 494 D RIL-DEV :
05-21 10:56:23.634 464 494 D RIL-DEV : [05-21_10:56:23:634] idVendor = 2109
05-21 10:56:23.634 464 494 D RIL-DEV :
05-21 10:56:23.634 464 494 E RIL-DEV : Cannot find Meig devices
05-21 10:56:23.635 464 494 I RIL : ---> can't find meig usb devices
05-21 11:05:20.524 543 543 I : read descriptors
05-21 11:05:20.525 543 543 I : read strings
05-21 10:56:23.783 627 1116 W ContentProviderHelper: Permission Denial: opening provider com.android.providers.contacts.ContactsProvider2 from ProcessRecord{1933406 1690:cn.eben.sync/u0a44} (pid=1690, uid=10044) requires android.permission.READ_CONTACTS or android.permission.WRITE_CONTACTS
05-21 10:56:24.002 1340 1340 W ContextImpl: Calling a method in the system process without a qualified user: android.app.ContextImpl.sendBroadcast:1181 android.content.ContextWrapper.sendBroadcast:479 cn.eben.newweather.DateWeatherService.a:19 cn.eben.newweather.DateWeatherService.a:0 cn.eben.newweather.DateWeatherService$1.handleMessage:7
05-21 11:05:21.571 543 543 I : read descriptors
05-21 11:05:21.571 543 543 I : read strings
05-21 11:05:21.573 1 1 I init : processing action (sys.usb.config=adb && sys.usb.configfs=1 && sys.usb.ffs.ready=1) from (/system/etc/init/hw/init.usb.configfs.rc:20)
05-21 11:05:21.576 1 1 I init : Command 'symlink /config/usb_gadget/g1/functions/ffs.adb /config/usb_gadget/g1/configs/b.1/f1' action=sys.usb.config=adb && sys.usb.configfs=1 && sys.usb.ffs.ready=1 (/system/etc/init/hw/init.usb.configfs.rc:22) took 0ms and failed: symlink() failed: File exists
05-21 11:05:21.576 1 1 I init : Command 'write /config/usb_gadget/g1/UDC ${sys.usb.controller}' action=sys.usb.config=adb && sys.usb.configfs=1 && sys.usb.ffs.ready=1 (/system/etc/init/hw/init.usb.configfs.rc:23) took 0ms and failed: Unable to write to file '/config/usb_gadget/g1/UDC': Unable to write file contents: Device or resource busy
05-21 10:56:25.002 1340 1340 W ContextImpl: Calling a method in the system process without a qualified user: android.app.ContextImpl.sendBroadcast:1181 android.content.ContextWrapper.sendBroadcast:479 cn.eben.newweather.DateWeatherService.a:19 cn.eben.newweather.DateWeatherService.a:0 cn.eben.newweather.DateWeatherService$1.handleMessage:7
05-21 10:56:25.635 464 494 I RIL : ---> enter mainloop wait at port
05-21 10:56:25.635 464 494 D RIL-DEV : Get modem info
05-21 10:56:25.636 464 494 D RIL-DEV : [05-21_10:56:25:636] idVendor = 0bda
05-21 10:56:25.636 464 494 D RIL-DEV :
05-21 10:56:25.636 464 494 D RIL-DEV : [05-21_10:56:25:637] idVendor = 05e3
05-21 10:56:25.636 464 494 D RIL-DEV :
05-21 10:56:25.637 464 494 D RIL-DEV : [05-21_10:56:25:637] idVendor = 1d6b
05-21 10:56:25.637 464 494 D RIL-DEV :
05-21 10:56:25.637 464 494 D RIL-DEV : [05-21_10:56:25:637] idVendor = 1d6b
05-21 10:56:25.637 464 494 D RIL-DEV :
05-21 10:56:25.637 464 494 D RIL-DEV : [05-21_10:56:25:638] idVendor = 0bda
05-21 10:56:25.637 464 494 D RIL-DEV :
05-21 10:56:25.638 464 494 D RIL-DEV : [05-21_10:56:25:638] idVendor = 1d6b
05-21 10:56:25.638 464 494 D RIL-DEV :
05-21 10:56:25.638 464 494 D RIL-DEV : [05-21_10:56:25:639] idVendor = 2109
05-21 10:56:25.638 464 494 D RIL-DEV :
05-21 10:56:25.639 464 494 D RIL-DEV : [05-21_10:56:25:639] idVendor = 2109
05-21 10:56:25.639 464 494 D RIL-DEV :
05-21 10:56:25.639 464 494 D RIL-DEV : [05-21_10:56:25:639] idVendor = 1d6b
05-21 10:56:25.639 464 494 D RIL-DEV :
05-21 10:56:25.639 464 494 D RIL-DEV : [05-21_10:56:25:640] idVendor = 0bda
05-21 10:56:25.639 464 494 D RIL-DEV :
05-21 10:56:25.639 464 494 D RIL-DEV : [05-21_10:56:25:640] idVendor = 2109
05-21 10:56:25.639 464 494 D RIL-DEV :
05-21 10:56:25.640 464 494 E RIL-DEV : Cannot find Meig devices
05-21 10:56:25.640 464 494 I RIL : ---> can't find meig usb devices
05-21 11:05:22.618 543 543 I : read descriptors
05-21 11:05:22.618 543 543 I : read strings
05-21 11:05:22.620 1 1 I init : processing action (sys.usb.config=adb && sys.usb.configfs=1 && sys.usb.ffs.ready=1) from (/system/etc/init/hw/init.usb.configfs.rc:20)
05-21 11:05:22.622 1 1 I init : Command 'symlink /config/usb_gadget/g1/functions/ffs.adb /config/usb_gadget/g1/configs/b.1/f1' action=sys.usb.config=adb && sys.usb.configfs=1 && sys.usb.ffs.ready=1 (/system/etc/init/hw/init.usb.configfs.rc:22) took 0ms and failed: symlink() failed: File exists
05-21 11:05:22.623 1 1 I init : Command 'write /config/usb_gadget/g1/UDC ${sys.usb.controller}' action=sys.usb.config=adb && sys.usb.configfs=1 && sys.usb.ffs.ready=1 (/system/etc/init/hw/init.usb.configfs.rc:23) took 0ms and failed: Unable to write to file '/config/usb_gadget/g1/UDC': Unable to write file contents: Device or resource busy
05-21 10:56:26.002 1340 1340 W ContextImpl: Calling a method in the system process without a qualified user: android.app.ContextImpl.sendBroadcast:1181 android.content.ContextWrapper.sendBroadcast:479 cn.eben.newweather.DateWeatherService.a:19 cn.eben.newweather.DateWeatherService.a:0 cn.eben.newweather.DateWeatherService$1.handleMessage:7
05-21 11:05:23.664 543 543 I : read descriptors
05-21 11:05:23.665 543 543 I : read strings
05-21 11:05:23.668 1 1 I init : processing action (sys.usb.config=adb && sys.usb.configfs=1 && sys.usb.ffs.ready=1) from (/system/etc/init/hw/init.usb.configfs.rc:20)
05-21 11:05:23.669 1 1 I init : Command 'symlink /config/usb_gadget/g1/functions/ffs.adb /config/usb_gadget/g1/configs/b.1/f1' action=sys.usb.config=adb && sys.usb.configfs=1 && sys.usb.ffs.ready=1 (/system/etc/init/hw/init.usb.configfs.rc:22) took 0ms and failed: symlink() failed: File exists
05-21 11:05:23.670 1 1 I init : Command 'write /config/usb_gadget/g1/UDC ${sys.usb.controller}' action=sys.usb.config=adb && sys.usb.configfs=1 && sys.usb.ffs.ready=1 (/system/etc/init/hw/init.usb.configfs.rc:23) took 0ms and failed: Unable to write to file '/config/usb_gadget/g1/UDC': Unable to write file contents: Device or resource busy
05-21 10:56:27.002 1340 1340 W ContextImpl: Calling a method in the system process without a qualified user: android.app.ContextImpl.sendBroadcast:1181 android.content.ContextWrapper.sendBroadcast:479 cn.eben.newweather.DateWeatherService.a:19 cn.eben.newweather.DateWeatherService.a:0 cn.eben.newweather.DateWeatherService$1.handleMessage:7
05-21 10:56:27.640 464 494 I RIL : ---> enter mainloop wait at port
05-21 10:56:27.640 464 494 D RIL-DEV : Get modem info
05-21 10:56:27.641 464 494 D RIL-DEV : [05-21_10:56:27:642] idVendor = 0bda
05-21 10:56:27.641 464 494 D RIL-DEV :
05-21 10:56:27.642 464 494 D RIL-DEV : [05-21_10:56:27:642] idVendor = 05e3
05-21 10:56:27.642 464 494 D RIL-DEV :
05-21 10:56:27.642 464 494 D RIL-DEV : [05-21_10:56:27:643] idVendor = 1d6b
05-21 10:56:27.642 464 494 D RIL-DEV :
05-21 10:56:27.642 464 494 D RIL-DEV : [05-21_10:56:27:643] idVendor = 1d6b
05-21 10:56:27.642 464 494 D RIL-DEV :
05-21 10:56:27.643 464 494 D RIL-DEV : [05-21_10:56:27:643] idVendor = 0bda
05-21 10:56:27.643 464 494 D RIL-DEV :
05-21 10:56:27.643 464 494 D RIL-DEV : [05-21_10:56:27:644] idVendor = 1d6b
05-21 10:56:27.643 464 494 D RIL-DEV :
05-21 10:56:27.644 464 494 D RIL-DEV : [05-21_10:56:27:644] idVendor = 2109
05-21 10:56:27.644 464 494 D RIL-DEV :
05-21 10:56:27.644 464 494 D RIL-DEV : [05-21_10:56:27:645] idVendor = 2109
05-21 10:56:27.644 464 494 D RIL-DEV :
05-21 10:56:27.644 464 494 D RIL-DEV : [05-21_10:56:27:645] idVendor = 1d6b
05-21 10:56:27.644 464 494 D RIL-DEV :
05-21 10:56:27.645 464 494 D RIL-DEV : [05-21_10:56:27:645] idVendor = 0bda
05-21 10:56:27.645 464 494 D RIL-DEV :
05-21 10:56:27.645 464 494 D RIL-DEV : [05-21_10:56:27:646] idVendor = 2109
05-21 10:56:27.645 464 494 D RIL-DEV :
05-21 10:56:27.646 464 494 E RIL-DEV : Cannot find Meig devices
05-21 10:56:27.646 464 494 I RIL : ---> can't find meig usb devices
05-21 10:56:27.753 627 1116 I ActivityTaskManager: START u0 {cmp=com.ebensz.appmanager/.OnlineAppListActivity (has extras)} from uid 1000
05-21 10:56:27.772 627 1116 W ActivityTaskManager: Tried to set launchTime (0) < mLastActivityLaunchTime (1820477)
05-21 10:56:27.775 627 647 V InputMethodMenuController: Hide switching menu
05-21 10:56:27.835 3582 3582 W ContextImpl: Calling a method in the system process without a qualified user: android.app.ContextImpl.bindService:1911 android.content.ContextWrapper.bindService:810 com.ebensz.appmanager.views.fragments.OnlineAppListFragment.bindService:339 com.ebensz.appmanager.views.fragments.OnlineAppListFragment.onStart:324 android.app.Fragment.performStart:2531
05-21 10:56:27.843 627 647 V InputMethodMenuController: Hide switching menu
05-21 10:56:27.876 627 1116 V InputMethodManagerService: startInputOrWindowGainedFocusInternalLocked: reason=WINDOW_FOCUS_GAIN client=android.os.BinderProxy@3398b1f inputContext=null missingMethods= attribute=android.view.inputmethod.EditorInfo@5c6870e startInputFlags=VIEW_HAS_FOCUS|INITIAL_CONNECTION softInputMode=STATE_UNSPECIFIED|ADJUST_PAN|IS_FORWARD_NAVIGATION windowFlags=#81810100 unverifiedTargetSdkVersion=23
05-21 10:56:27.876 627 1116 V InputMethodManagerService: Unspecified window will hide input
05-21 10:56:27.879 627 647 V InputMethodMenuController: Hide switching menu
05-21 10:56:27.882 627 945 D InputMethodManagerService: --- calledFromForegroundUserOrSystemProcess ? calling uid = 1000 system uid = 1000 calling userId = 0, foreground user id = 0, calling pid = 0com.android.server.inputmethod.InputMethodManagerService.reportPerceptibleAsync(InputMethodManagerService.java:3162)
05-21 10:56:27.882 627 945 D InputMethodManagerService: IME window vis: 0 active: 0 inv: 0 displayId: 0
05-21 11:05:24.731 543 543 I : read descriptors
05-21 11:05:24.731 543 543 I : read strings
05-21 11:05:24.732 1 1 I init : processing action (sys.usb.config=adb && sys.usb.configfs=1 && sys.usb.ffs.ready=1) from (/system/etc/init/hw/init.usb.configfs.rc:20)
05-21 10:56:28.001 1340 1340 W ContextImpl: Calling a method in the system process without a qualified user: android.app.ContextImpl.sendBroadcast:1181 android.content.ContextWrapper.sendBroadcast:479 cn.eben.newweather.DateWeatherService.a:19 cn.eben.newweather.DateWeatherService.a:0 cn.eben.newweather.DateWeatherService$1.handleMessage:7
05-21 10:56:28.789 627 1116 W ContentProviderHelper: Permission Denial: opening provider com.android.providers.contacts.ContactsProvider2 from ProcessRecord{1933406 1690:cn.eben.sync/u0a44} (pid=1690, uid=10044) requires android.permission.READ_CONTACTS or android.permission.WRITE_CONTACTS
05-21 11:05:25.788 543 543 I : read descriptors
05-21 11:05:25.788 543 543 I : read strings
05-21 10:56:29.002 1340 1340 W ContextImpl: Calling a method in the system process without a qualified user: android.app.ContextImpl.sendBroadcast:1181 android.content.ContextWrapper.sendBroadcast:479 cn.eben.newweather.DateWeatherService.a:19 cn.eben.newweather.DateWeatherService.a:0 cn.eben.newweather.DateWeatherService$1.handleMessage:7
05-21 10:56:29.238 627 647 V InputMethodMenuController: Hide switching menu
05-21 10:56:29.266 627 647 V InputMethodMenuController: Hide switching menu
05-21 10:56:29.312 3582 3582 W ContextImpl: Calling a method in the system process without a qualified user: android.app.ContextImpl.sendBroadcast:1181 android.content.ContextWrapper.sendBroadcast:479 com.ebensz.appmanager.MainActivity$UpdateAndDownLoadAppsObservable.dispatchUpdateAppsCount:151 com.ebensz.appmanager.MainActivity.onLoadFinished:1059 com.ebensz.appmanager.MainActivity.onLoadFinished:93
05-21 10:56:29.314 627 653 I DropBoxManagerService: add tag=system_server_wtf isTagEnabled=true flags=0x2
05-21 10:56:29.328 627 1116 V InputMethodManagerService: startInputOrWindowGainedFocusInternalLocked: reason=WINDOW_FOCUS_GAIN client=android.os.BinderProxy@3398b1f inputContext=null missingMethods= attribute=android.view.inputmethod.EditorInfo@33c997a startInputFlags=VIEW_HAS_FOCUS|INITIAL_CONNECTION softInputMode=STATE_UNSPECIFIED|ADJUST_NOTHING windowFlags=#81810900 unverifiedTargetSdkVersion=23
05-21 10:56:29.328 627 1116 V InputMethodManagerService: Unspecified window will hide input
05-21 10:56:29.330 627 647 V InputMethodMenuController: Hide switching menu
05-21 10:56:29.333 3582 3582 W ContextImpl: Calling a method in the system process without a qualified user: android.app.ContextImpl.sendBroadcast:1181 android.content.ContextWrapper.sendBroadcast:479 android.content.ContextWrapper.sendBroadcast:479 com.eben.appupdate.utils.Utils.setBadgeOfDefault:263 com.ebensz.appmanager.receiver.UpdateWdjDataReceiver.onReceive:32
05-21 10:56:29.334 627 653 I DropBoxManagerService: add tag=system_server_wtf isTagEnabled=true flags=0x2
05-21 10:56:29.334 3582 3582 W ContextImpl: Calling a method in the system process without a qualified user: android.app.ContextImpl.startService:1824 android.content.ContextWrapper.startService:774 android.content.ContextWrapper.startService:774 com.ebensz.appmanager.service.WDJDataUpdateService.startUpdateWdjService:67 com.ebensz.appmanager.receiver.UpdateWdjDataReceiver.onReceive:38
05-21 10:56:29.338 627 1116 D InputMethodManagerService: --- calledFromForegroundUserOrSystemProcess ? calling uid = 1000 system uid = 1000 calling userId = 0, foreground user id = 0, calling pid = 0com.android.server.inputmethod.InputMethodManagerService.reportPerceptibleAsync(InputMethodManagerService.java:3162)
05-21 10:56:29.338 627 1116 D InputMethodManagerService: IME window vis: 0 active: 0 inv: 0 displayId: 0
05-21 10:56:29.646 464 494 I RIL : ---> enter mainloop wait at port
05-21 10:56:29.646 464 494 D RIL-DEV : Get modem info
05-21 10:56:29.647 464 494 D RIL-DEV : [05-21_10:56:29:647] idVendor = 0bda
05-21 10:56:29.647 464 494 D RIL-DEV :
05-21 10:56:29.647 464 494 D RIL-DEV : [05-21_10:56:29:648] idVendor = 05e3
05-21 10:56:29.647 464 494 D RIL-DEV :
05-21 10:56:29.648 464 494 D RIL-DEV : [05-21_10:56:29:648] idVendor = 1d6b
05-21 10:56:29.648 464 494 D RIL-DEV :
05-21 10:56:29.648 464 494 D RIL-DEV : [05-21_10:56:29:649] idVendor = 1d6b
05-21 10:56:29.648 464 494 D RIL-DEV :
05-21 10:56:29.648 464 494 D RIL-DEV : [05-21_10:56:29:649] idVendor = 0bda
05-21 10:56:29.648 464 494 D RIL-DEV :
05-21 10:56:29.649 464 494 D RIL-DEV : [05-21_10:56:29:649] idVendor = 1d6b
05-21 10:56:29.649 464 494 D RIL-DEV :
05-21 10:56:29.649 464 494 D RIL-DEV : [05-21_10:56:29:649] idVendor = 2109
05-21 10:56:29.649 464 494 D RIL-DEV :
05-21 10:56:29.649 464 494 D RIL-DEV : [05-21_10:56:29:650] idVendor = 2109
05-21 10:56:29.649 464 494 D RIL-DEV :
05-21 10:56:29.650 464 494 D RIL-DEV : [05-21_10:56:29:650] idVendor = 1d6b
05-21 10:56:29.650 464 494 D RIL-DEV :
05-21 10:56:29.650 464 494 D RIL-DEV : [05-21_10:56:29:650] idVendor = 0bda
05-21 10:56:29.650 464 494 D RIL-DEV :
05-21 10:56:29.650 464 494 D RIL-DEV : [05-21_10:56:29:651] idVendor = 2109
05-21 10:56:29.650 464 494 D RIL-DEV :
05-21 10:56:29.651 464 494 E RIL-DEV : Cannot find Meig devices
05-21 10:56:29.651 464 494 I RIL : ---> can't find meig usb devices
05-21 10:56:30.003 1340 1340 W ContextImpl: Calling a method in the system process without a qualified user: android.app.ContextImpl.sendBroadcast:1181 android.content.ContextWrapper.sendBroadcast:479 cn.eben.newweather.DateWeatherService.a:19 cn.eben.newweather.DateWeatherService.a:0 cn.eben.newweather.DateWeatherService$1.handleMessage:7
05-21 11:05:26.851 543 543 I : read descriptors
05-21 11:05:26.851 543 543 I : read strings
05-21 11:05:26.853 1 1 I init : processing action (sys.usb.config=adb && sys.usb.configfs=1 && sys.usb.ffs.ready=1) from (/system/etc/init/hw/init.usb.configfs.rc:20)
05-21 11:05:26.857 1 1 I init : Command 'symlink /config/usb_gadget/g1/functions/ffs.adb /config/usb_gadget/g1/configs/b.1/f1' action=sys.usb.config=adb && sys.usb.configfs=1 && sys.usb.ffs.ready=1 (/system/etc/init/hw/init.usb.configfs.rc:22) took 0ms and failed: symlink() failed: File exists
05-21 11:05:26.858 1 1 I init : Command 'write /config/usb_gadget/g1/UDC ${sys.usb.controller}' action=sys.usb.config=adb && sys.usb.configfs=1 && sys.usb.ffs.ready=1 (/system/etc/init/hw/init.usb.configfs.rc:23) took 1ms and failed: Unable to write to file '/config/usb_gadget/g1/UDC': Unable to write file contents: Device or resource busy
05-21 10:56:31.006 1340 1340 W ContextImpl: Calling a method in the system process without a qualified user: android.app.ContextImpl.sendBroadcast:1181 android.content.ContextWrapper.sendBroadcast:479 cn.eben.newweather.DateWeatherService.a:19 cn.eben.newweather.DateWeatherService.a:0 cn.eben.newweather.DateWeatherService$1.handleMessage:7
05-21 11:05:27.931 543 543 I : read descriptors
05-21 11:05:27.931 543 543 I : read strings
05-21 11:05:27.933 1 1 I init : processing action (sys.usb.config=adb && sys.usb.configfs=1 && sys.usb.ffs.ready=1) from (/system/etc/init/hw/init.usb.configfs.rc:20)
05-21 11:05:27.936 1 1 I init : Command 'symlink /config/usb_gadget/g1/functions/ffs.adb /config/usb_gadget/g1/configs/b.1/f1' action=sys.usb.config=adb && sys.usb.configfs=1 && sys.usb.ffs.ready=1 (/system/etc/init/hw/init.usb.configfs.rc:22) took 1ms and failed: symlink() failed: File exists
05-21 11:05:27.936 1 1 I init : Command 'write /config/usb_gadget/g1/UDC ${sys.usb.controller}' action=sys.usb.config=adb && sys.usb.configfs=1 && sys.usb.ffs.ready=1 (/system/etc/init/hw/init.usb.configfs.rc:23) took 0ms and failed: Unable to write to file '/config/usb_gadget/g1/UDC': Unable to write file contents: Device or resource busy
05-21 10:56:31.282 627 1329 E TaskPersister: File error accessing recents directory (directory doesn't exist?).
05-21 10:56:31.651 464 494 I RIL : ---> enter mainloop wait at port
05-21 10:56:31.651 464 494 D RIL-DEV : Get modem info
05-21 10:56:31.652 464 494 D RIL-DEV : [05-21_10:56:31:652] idVendor = 0bda
05-21 10:56:31.652 464 494 D RIL-DEV :
05-21 10:56:31.652 464 494 D RIL-DEV : [05-21_10:56:31:653] idVendor = 05e3
05-21 10:56:31.652 464 494 D RIL-DEV :
05-21 10:56:31.653 464 494 D RIL-DEV : [05-21_10:56:31:653] idVendor = 1d6b
05-21 10:56:31.653 464 494 D RIL-DEV :
05-21 10:56:31.653 464 494 D RIL-DEV : [05-21_10:56:31:654] idVendor = 1d6b
05-21 10:56:31.653 464 494 D RIL-DEV :
05-21 10:56:31.653 464 494 D RIL-DEV : [05-21_10:56:31:654] idVendor = 0bda
05-21 10:56:31.653 464 494 D RIL-DEV :
05-21 10:56:31.654 464 494 D RIL-DEV : [05-21_10:56:31:654] idVendor = 1d6b
05-21 10:56:31.654 464 494 D RIL-DEV :
05-21 10:56:31.654 464 494 D RIL-DEV : [05-21_10:56:31:655] idVendor = 2109
05-21 10:56:31.654 464 494 D RIL-DEV :
05-21 10:56:31.655 464 494 D RIL-DEV : [05-21_10:56:31:655] idVendor = 2109
05-21 10:56:31.655 464 494 D RIL-DEV :
05-21 10:56:31.655 464 494 D RIL-DEV : [05-21_10:56:31:655] idVendor = 1d6b
05-21 10:56:31.655 464 494 D RIL-DEV :
05-21 10:56:31.655 464 494 D RIL-DEV : [05-21_10:56:31:656] idVendor = 0bda
05-21 10:56:31.655 464 494 D RIL-DEV :
05-21 10:56:31.656 464 494 D RIL-DEV : [05-21_10:56:31:656] idVendor = 2109
05-21 10:56:31.656 464 494 D RIL-DEV :
05-21 10:56:31.656 464 494 E RIL-DEV : Cannot find Meig devices
05-21 10:56:31.656 464 494 I RIL : ---> can't find meig usb devices
05-21 10:56:32.002 1340 1340 W ContextImpl: Calling a method in the system process without a qualified user: android.app.ContextImpl.sendBroadcast:1181 android.content.ContextWrapper.sendBroadcast:479 cn.eben.newweather.DateWeatherService.a:19 cn.eben.newweather.DateWeatherService.a:0 cn.eben.newweather.DateWeatherService$1.handleMessage:7
05-21 11:05:28.968 543 543 I : read descriptors
05-21 11:05:28.968 543 543 I : read strings
05-21 11:05:28.970 1 1 I init : processing action (sys.usb.config=adb && sys.usb.configfs=1 && sys.usb.ffs.ready=1) from (/system/etc/init/hw/init.usb.configfs.rc:20)
05-21 11:05:28.973 1 1 I init : Command 'symlink /config/usb_gadget/g1/functions/ffs.adb /config/usb_gadget/g1/configs/b.1/f1' action=sys.usb.config=adb && sys.usb.configfs=1 && sys.usb.ffs.ready=1 (/system/etc/init/hw/init.usb.configfs.rc:22) took 1ms and failed: symlink() failed: File exists
05-21 11:05:28.976 1 1 I init : Command 'write /config/usb_gadget/g1/UDC ${sys.usb.controller}' action=sys.usb.config=adb && sys.usb.configfs=1 && sys.usb.ffs.ready=1 (/system/etc/init/hw/init.usb.configfs.rc:23) took 2ms and failed: Unable to write to file '/config/usb_gadget/g1/UDC': Unable to write file contents: Device or resource busy
05-21 10:56:33.002 1340 1340 W ContextImpl: Calling a method in the system process without a qualified user: android.app.ContextImpl.sendBroadcast:1181 android.content.ContextWrapper.sendBroadcast:479 cn.eben.newweather.DateWeatherService.a:19 cn.eben.newweather.DateWeatherService.a:0 cn.eben.newweather.DateWeatherService$1.handleMessage:7
05-21 11:05:30.011 543 543 I : read descriptors
05-21 11:05:30.011 543 543 I : read strings
05-21 11:05:30.014 1 1 I init : processing action (sys.usb.config=adb && sys.usb.configfs=1 && sys.usb.ffs.ready=1) from (/system/etc/init/hw/init.usb.configfs.rc:20)
05-21 10:56:33.656 464 494 I RIL : ---> enter mainloop wait at port
05-21 10:56:33.656 464 494 D RIL-DEV : Get modem info
05-21 10:56:33.657 464 494 D RIL-DEV : [05-21_10:56:33:658] idVendor = 0bda
05-21 10:56:33.657 464 494 D RIL-DEV :
05-21 10:56:33.658 464 494 D RIL-DEV : [05-21_10:56:33:658] idVendor = 05e3
05-21 10:56:33.658 464 494 D RIL-DEV :
05-21 10:56:33.658 464 494 D RIL-DEV : [05-21_10:56:33:659] idVendor = 1d6b
05-21 10:56:33.658 464 494 D RIL-DEV :
05-21 10:56:33.658 464 494 D RIL-DEV : [05-21_10:56:33:659] idVendor = 1d6b
05-21 10:56:33.658 464 494 D RIL-DEV :
05-21 10:56:33.659 464 494 D RIL-DEV : [05-21_10:56:33:659] idVendor = 0bda
05-21 10:56:33.659 464 494 D RIL-DEV :
05-21 10:56:33.659 464 494 D RIL-DEV : [05-21_10:56:33:660] idVendor = 1d6b
05-21 10:56:33.659 464 494 D RIL-DEV :
05-21 10:56:33.659 464 494 D RIL-DEV : [05-21_10:56:33:660] idVendor = 2109
05-21 10:56:33.659 464 494 D RIL-DEV :
05-21 10:56:33.660 464 494 D RIL-DEV : [05-21_10:56:33:660] idVendor = 2109
05-21 10:56:33.660 464 494 D RIL-DEV :
05-21 10:56:33.660 464 494 D RIL-DEV : [05-21_10:56:33:661] idVendor = 1d6b
05-21 10:56:33.660 464 494 D RIL-DEV :
05-21 10:56:33.661 464 494 D RIL-DEV : [05-21_10:56:33:661] idVendor = 0bda
05-21 10:56:33.661 464 494 D RIL-DEV :
05-21 10:56:33.661 464 494 D RIL-DEV : [05-21_10:56:33:661] idVendor = 2109
05-21 10:56:33.661 464 494 D RIL-DEV :
05-21 10:56:33.661 464 494 E RIL-DEV : Cannot find Meig devices
05-21 10:56:33.661 464 494 I RIL : ---> can't find meig usb devices
05-21 10:56:33.795 627 2063 W ContentProviderHelper: Permission Denial: opening provider com.android.providers.contacts.ContactsProvider2 from ProcessRecord{1933406 1690:cn.eben.sync/u0a44} (pid=1690, uid=10044) requires android.permission.READ_CONTACTS or android.permission.WRITE_CONTACTS
05-21 10:56:34.002 1340 1340 W ContextImpl: Calling a method in the system process without a qualified user: android.app.ContextImpl.sendBroadcast:1181 android.content.ContextWrapper.sendBroadcast:479 cn.eben.newweather.DateWeatherService.a:19 cn.eben.newweather.DateWeatherService.a:0 cn.eben.newweather.DateWeatherService$1.handleMessage:7
05-21 11:05:31.058 543 543 I : read descriptors
05-21 11:05:31.058 543 543 I : read strings
05-21 10:56:35.002 1340 1340 W ContextImpl: Calling a method in the system process without a qualified user: android.app.ContextImpl.sendBroadcast:1181 android.content.ContextWrapper.sendBroadcast:479 cn.eben.newweather.DateWeatherService.a:19 cn.eben.newweather.DateWeatherService.a:0 cn.eben.newweather.DateWeatherService$1.handleMessage:7
05-21 11:05:32.111 543 543 I : read descriptors
05-21 11:05:32.111 543 543 I : read strings
05-21 11:05:32.117 1 1 I init : processing action (sys.usb.config=adb && sys.usb.configfs=1 && sys.usb.ffs.ready=1) from (/system/etc/init/hw/init.usb.configfs.rc:20)
