05-21 10:51:43.522 3582 3582 W ContextImpl: Calling a method in the system process without a qualified user: android.app.ContextImpl.sendBroadcast:1181 android.content.ContextWrapper.sendBroadcast:479 android.content.ContextWrapper.sendBroadcast:479 com.eben.appupdate.utils.Utils.setBadgeOfDefault:263 com.ebensz.appmanager.receiver.UpdateWdjDataReceiver.onReceive:32
05-21 10:51:43.523 627 653 I DropBoxManagerService: add tag=system_server_wtf isTagEnabled=true flags=0x2
05-21 10:51:43.524 3582 3582 W ContextImpl: Calling a method in the system process without a qualified user: android.app.ContextImpl.startService:1824 android.content.ContextWrapper.startService:774 android.content.ContextWrapper.startService:774 com.ebensz.appmanager.service.WDJDataUpdateService.startUpdateWdjService:67 com.ebensz.appmanager.receiver.UpdateWdjDataReceiver.onReceive:38
05-21 10:51:43.527 627 642 D InputMethodManagerService: --- calledFromForegroundUserOrSystemProcess ? calling uid = 1000 system uid = 1000 calling userId = 0, foreground user id = 0, calling pid = 0com.android.server.inputmethod.InputMethodManagerService.reportPerceptibleAsync(InputMethodManagerService.java:3162)
05-21 10:51:43.527 627 642 D InputMethodManagerService: IME window vis: 0 active: 0 inv: 0 displayId: 0
05-21 11:00:40.688 543 543 I : read descriptors
05-21 11:00:40.688 543 543 I : read strings
05-21 11:00:40.690 1 1 I init : processing action (sys.usb.config=adb && sys.usb.configfs=1 && sys.usb.ffs.ready=1) from (/system/etc/init/hw/init.usb.configfs.rc:20)
05-21 10:51:44.002 1340 1340 W ContextImpl: Calling a method in the system process without a qualified user: android.app.ContextImpl.sendBroadcast:1181 android.content.ContextWrapper.sendBroadcast:479 cn.eben.newweather.DateWeatherService.a:19 cn.eben.newweather.DateWeatherService.a:0 cn.eben.newweather.DateWeatherService$1.handleMessage:7
05-21 11:00:41.738 543 543 I : read descriptors
05-21 11:00:41.738 543 543 I : read strings
05-21 10:51:44.946 464 494 I RIL : ---> enter mainloop wait at port
05-21 10:51:44.946 464 494 D RIL-DEV : Get modem info
05-21 10:51:44.947 464 494 D RIL-DEV : [05-21_10:51:44:947] idVendor = 0bda
05-21 10:51:44.947 464 494 D RIL-DEV :
05-21 10:51:44.947 464 494 D RIL-DEV : [05-21_10:51:44:947] idVendor = 05e3
05-21 10:51:44.947 464 494 D RIL-DEV :
05-21 10:51:44.947 464 494 D RIL-DEV : [05-21_10:51:44:947] idVendor = 1d6b
05-21 10:51:44.947 464 494 D RIL-DEV :
05-21 10:51:44.947 464 494 D RIL-DEV : [05-21_10:51:44:948] idVendor = 1d6b
05-21 10:51:44.947 464 494 D RIL-DEV :
05-21 10:51:44.947 464 494 D RIL-DEV : [05-21_10:51:44:948] idVendor = 0bda
05-21 10:51:44.947 464 494 D RIL-DEV :
05-21 10:51:44.947 464 494 D RIL-DEV : [05-21_10:51:44:948] idVendor = 1d6b
05-21 10:51:44.947 464 494 D RIL-DEV :
05-21 10:51:44.948 464 494 D RIL-DEV : [05-21_10:51:44:948] idVendor = 2109
05-21 10:51:44.948 464 494 D RIL-DEV :
05-21 10:51:44.948 464 494 D RIL-DEV : [05-21_10:51:44:948] idVendor = 2109
05-21 10:51:44.948 464 494 D RIL-DEV :
05-21 10:51:44.948 464 494 D RIL-DEV : [05-21_10:51:44:948] idVendor = 1d6b
05-21 10:51:44.948 464 494 D RIL-DEV :
05-21 10:51:44.948 464 494 D RIL-DEV : [05-21_10:51:44:949] idVendor = 0bda
05-21 10:51:44.948 464 494 D RIL-DEV :
05-21 10:51:44.948 464 494 D RIL-DEV : [05-21_10:51:44:949] idVendor = 2109
05-21 10:51:44.948 464 494 D RIL-DEV :
05-21 10:51:44.949 464 494 E RIL-DEV : Cannot find Meig devices
05-21 10:51:44.949 464 494 I RIL : ---> can't find meig usb devices
05-21 10:51:45.002 1340 1340 W ContextImpl: Calling a method in the system process without a qualified user: android.app.ContextImpl.sendBroadcast:1181 android.content.ContextWrapper.sendBroadcast:479 cn.eben.newweather.DateWeatherService.a:19 cn.eben.newweather.DateWeatherService.a:0 cn.eben.newweather.DateWeatherService$1.handleMessage:7
05-21 10:51:45.129 627 642 I ActivityTaskManager: START u0 {cmp=com.ebensz.appmanager/.OnlineAppListActivity (has extras)} from uid 1000
05-21 10:51:45.148 627 945 W ActivityTaskManager: Tried to set launchTime (0) < mLastActivityLaunchTime (1548957)
05-21 10:51:45.149 627 647 V InputMethodMenuController: Hide switching menu
05-21 10:51:45.201 3582 3582 W ContextImpl: Calling a method in the system process without a qualified user: android.app.ContextImpl.bindService:1911 android.content.ContextWrapper.bindService:810 com.ebensz.appmanager.views.fragments.OnlineAppListFragment.bindService:339 com.ebensz.appmanager.views.fragments.OnlineAppListFragment.onStart:324 android.app.Fragment.performStart:2531
05-21 10:51:45.204 627 647 V InputMethodMenuController: Hide switching menu
05-21 10:51:45.230 627 945 V InputMethodManagerService: startInputOrWindowGainedFocusInternalLocked: reason=WINDOW_FOCUS_GAIN client=android.os.BinderProxy@3398b1f inputContext=null missingMethods= attribute=android.view.inputmethod.EditorInfo@a8fd3eb startInputFlags=VIEW_HAS_FOCUS|INITIAL_CONNECTION softInputMode=STATE_UNSPECIFIED|ADJUST_PAN|IS_FORWARD_NAVIGATION windowFlags=#81810100 unverifiedTargetSdkVersion=23
05-21 10:51:45.230 627 945 V InputMethodManagerService: Unspecified window will hide input
05-21 10:51:45.233 627 647 V InputMethodMenuController: Hide switching menu
05-21 10:51:45.234 627 2063 D InputMethodManagerService: --- calledFromForegroundUserOrSystemProcess ? calling uid = 1000 system uid = 1000 calling userId = 0, foreground user id = 0, calling pid = 0com.android.server.inputmethod.InputMethodManagerService.reportPerceptibleAsync(InputMethodManagerService.java:3162)
05-21 10:51:45.234 627 2063 D InputMethodManagerService: IME window vis: 0 active: 0 inv: 0 displayId: 0
05-21 11:00:42.811 543 543 I : read descriptors
05-21 11:00:42.811 543 543 I : read strings
05-21 11:00:42.815 1 1 I init : processing action (sys.usb.config=adb && sys.usb.configfs=1 && sys.usb.ffs.ready=1) from (/system/etc/init/hw/init.usb.configfs.rc:20)
05-21 11:00:42.818 1 1 I init : Command 'symlink /config/usb_gadget/g1/functions/ffs.adb /config/usb_gadget/g1/configs/b.1/f1' action=sys.usb.config=adb && sys.usb.configfs=1 && sys.usb.ffs.ready=1 (/system/etc/init/hw/init.usb.configfs.rc:22) took 1ms and failed: symlink() failed: File exists
05-21 11:00:42.820 1 1 I init : Command 'write /config/usb_gadget/g1/UDC ${sys.usb.controller}' action=sys.usb.config=adb && sys.usb.configfs=1 && sys.usb.ffs.ready=1 (/system/etc/init/hw/init.usb.configfs.rc:23) took 1ms and failed: Unable to write to file '/config/usb_gadget/g1/UDC': Unable to write file contents: Device or resource busy
05-21 10:51:46.001 1340 1340 W ContextImpl: Calling a method in the system process without a qualified user: android.app.ContextImpl.sendBroadcast:1181 android.content.ContextWrapper.sendBroadcast:479 cn.eben.newweather.DateWeatherService.a:19 cn.eben.newweather.DateWeatherService.a:0 cn.eben.newweather.DateWeatherService$1.handleMessage:7
05-21 10:51:46.951 464 494 I RIL : ---> enter mainloop wait at port
05-21 10:51:46.951 464 494 D RIL-DEV : Get modem info
05-21 10:51:46.952 464 494 D RIL-DEV : [05-21_10:51:46:952] idVendor = 0bda
05-21 10:51:46.952 464 494 D RIL-DEV :
05-21 10:51:46.952 464 494 D RIL-DEV : [05-21_10:51:46:953] idVendor = 05e3
05-21 10:51:46.952 464 494 D RIL-DEV :
05-21 10:51:46.953 464 494 D RIL-DEV : [05-21_10:51:46:953] idVendor = 1d6b
05-21 10:51:46.953 464 494 D RIL-DEV :
05-21 10:51:46.953 464 494 D RIL-DEV : [05-21_10:51:46:953] idVendor = 1d6b
05-21 10:51:46.953 464 494 D RIL-DEV :
05-21 10:51:46.953 464 494 D RIL-DEV : [05-21_10:51:46:954] idVendor = 0bda
05-21 10:51:46.953 464 494 D RIL-DEV :
05-21 10:51:46.954 464 494 D RIL-DEV : [05-21_10:51:46:954] idVendor = 1d6b
05-21 10:51:46.954 464 494 D RIL-DEV :
05-21 10:51:46.954 464 494 D RIL-DEV : [05-21_10:51:46:955] idVendor = 2109
05-21 10:51:46.954 464 494 D RIL-DEV :
05-21 10:51:46.956 464 494 D RIL-DEV : [05-21_10:51:46:956] idVendor = 2109
05-21 10:51:46.956 464 494 D RIL-DEV :
05-21 10:51:46.956 464 494 D RIL-DEV : [05-21_10:51:46:957] idVendor = 1d6b
05-21 10:51:46.956 464 494 D RIL-DEV :
05-21 10:51:46.956 464 494 D RIL-DEV : [05-21_10:51:46:957] idVendor = 0bda
05-21 10:51:46.956 464 494 D RIL-DEV :
05-21 10:51:46.957 464 494 D RIL-DEV : [05-21_10:51:46:957] idVendor = 2109
05-21 10:51:46.957 464 494 D RIL-DEV :
05-21 10:51:46.957 464 494 E RIL-DEV : Cannot find Meig devices
05-21 10:51:46.957 464 494 I RIL : ---> can't find meig usb devices
05-21 10:51:46.970 627 647 V InputMethodMenuController: Hide switching menu
05-21 10:51:46.998 627 647 V InputMethodMenuController: Hide switching menu
05-21 10:51:47.001 1340 1340 W ContextImpl: Calling a method in the system process without a qualified user: android.app.ContextImpl.sendBroadcast:1181 android.content.ContextWrapper.sendBroadcast:479 cn.eben.newweather.DateWeatherService.a:19 cn.eben.newweather.DateWeatherService.a:0 cn.eben.newweather.DateWeatherService$1.handleMessage:7
05-21 10:51:47.043 3582 3582 W ContextImpl: Calling a method in the system process without a qualified user: android.app.ContextImpl.sendBroadcast:1181 android.content.ContextWrapper.sendBroadcast:479 com.ebensz.appmanager.MainActivity$UpdateAndDownLoadAppsObservable.dispatchUpdateAppsCount:151 com.ebensz.appmanager.MainActivity.onLoadFinished:1059 com.ebensz.appmanager.MainActivity.onLoadFinished:93
05-21 11:00:43.874 543 543 I : read descriptors
05-21 11:00:43.874 543 543 I : read strings
05-21 11:00:43.875 1 1 I init : processing action (sys.usb.config=adb && sys.usb.configfs=1 && sys.usb.ffs.ready=1) from (/system/etc/init/hw/init.usb.configfs.rc:20)
05-21 11:00:43.876 1 1 I init : Command 'symlink /config/usb_gadget/g1/functions/ffs.adb /config/usb_gadget/g1/configs/b.1/f1' action=sys.usb.config=adb && sys.usb.configfs=1 && sys.usb.ffs.ready=1 (/system/etc/init/hw/init.usb.configfs.rc:22) took 0ms and failed: symlink() failed: File exists
05-21 11:00:43.876 1 1 I init : Command 'write /config/usb_gadget/g1/UDC ${sys.usb.controller}' action=sys.usb.config=adb && sys.usb.configfs=1 && sys.usb.ffs.ready=1 (/system/etc/init/hw/init.usb.configfs.rc:23) took 0ms and failed: Unable to write to file '/config/usb_gadget/g1/UDC': Unable to write file contents: Device or resource busy
05-21 10:51:47.045 627 653 I DropBoxManagerService: add tag=system_server_wtf isTagEnabled=true flags=0x2
05-21 10:51:47.054 627 945 V InputMethodManagerService: startInputOrWindowGainedFocusInternalLocked: reason=WINDOW_FOCUS_GAIN client=android.os.BinderProxy@3398b1f inputContext=null missingMethods= attribute=android.view.inputmethod.EditorInfo@986b654 startInputFlags=VIEW_HAS_FOCUS|INITIAL_CONNECTION softInputMode=STATE_UNSPECIFIED|ADJUST_NOTHING windowFlags=#81810900 unverifiedTargetSdkVersion=23
05-21 10:51:47.055 627 945 V InputMethodManagerService: Unspecified window will hide input
05-21 10:51:47.056 627 647 V InputMethodMenuController: Hide switching menu
05-21 10:51:47.058 3582 3582 W ContextImpl: Calling a method in the system process without a qualified user: android.app.ContextImpl.sendBroadcast:1181 android.content.ContextWrapper.sendBroadcast:479 android.content.ContextWrapper.sendBroadcast:479 com.eben.appupdate.utils.Utils.setBadgeOfDefault:263 com.ebensz.appmanager.receiver.UpdateWdjDataReceiver.onReceive:32
05-21 10:51:47.060 3582 3582 W ContextImpl: Calling a method in the system process without a qualified user: android.app.ContextImpl.startService:1824 android.content.ContextWrapper.startService:774 android.content.ContextWrapper.startService:774 com.ebensz.appmanager.service.WDJDataUpdateService.startUpdateWdjService:67 com.ebensz.appmanager.receiver.UpdateWdjDataReceiver.onReceive:38
05-21 10:51:47.060 627 653 I DropBoxManagerService: add tag=system_server_wtf isTagEnabled=true flags=0x2
05-21 10:51:47.065 627 2063 D InputMethodManagerService: --- calledFromForegroundUserOrSystemProcess ? calling uid = 1000 system uid = 1000 calling userId = 0, foreground user id = 0, calling pid = 0com.android.server.inputmethod.InputMethodManagerService.reportPerceptibleAsync(InputMethodManagerService.java:3162)
05-21 10:51:47.065 627 2063 D InputMethodManagerService: IME window vis: 0 active: 0 inv: 0 displayId: 0
05-21 10:51:47.226 627 1329 E TaskPersister: File error accessing recents directory (directory doesn't exist?).
05-21 10:51:48.001 1340 1340 W ContextImpl: Calling a method in the system process without a qualified user: android.app.ContextImpl.sendBroadcast:1181 android.content.ContextWrapper.sendBroadcast:479 cn.eben.newweather.DateWeatherService.a:19 cn.eben.newweather.DateWeatherService.a:0 cn.eben.newweather.DateWeatherService$1.handleMessage:7
05-21 11:00:44.941 543 543 I : read descriptors
05-21 11:00:44.941 543 543 I : read strings
05-21 11:00:44.943 1 1 I init : processing action (sys.usb.config=adb && sys.usb.configfs=1 && sys.usb.ffs.ready=1) from (/system/etc/init/hw/init.usb.configfs.rc:20)
05-21 11:00:44.946 1 1 I init : Command 'symlink /config/usb_gadget/g1/functions/ffs.adb /config/usb_gadget/g1/configs/b.1/f1' action=sys.usb.config=adb && sys.usb.configfs=1 && sys.usb.ffs.ready=1 (/system/etc/init/hw/init.usb.configfs.rc:22) took 0ms and failed: symlink() failed: File exists
05-21 11:00:44.947 1 1 I init : Command 'write /config/usb_gadget/g1/UDC ${sys.usb.controller}' action=sys.usb.config=adb && sys.usb.configfs=1 && sys.usb.ffs.ready=1 (/system/etc/init/hw/init.usb.configfs.rc:23) took 0ms and failed: Unable to write to file '/config/usb_gadget/g1/UDC': Unable to write file contents: Device or resource busy
05-21 10:51:48.516 627 642 W ContentProviderHelper: Permission Denial: opening provider com.android.providers.contacts.ContactsProvider2 from ProcessRecord{1933406 1690:cn.eben.sync/u0a44} (pid=1690, uid=10044) requires android.permission.READ_CONTACTS or android.permission.WRITE_CONTACTS
05-21 10:51:48.679 627 642 I ActivityTaskManager: START u0 {cmp=com.ebensz.appmanager/.OnlineAppListActivity (has extras)} from uid 1000
05-21 10:51:48.701 627 642 W ActivityTaskManager: Tried to set launchTime (0) < mLastActivityLaunchTime (1609990)
05-21 10:51:48.704 627 647 V InputMethodMenuController: Hide switching menu
05-21 10:51:48.760 3582 3582 W ContextImpl: Calling a method in the system process without a qualified user: android.app.ContextImpl.bindService:1911 android.content.ContextWrapper.bindService:810 com.ebensz.appmanager.views.fragments.OnlineAppListFragment.bindService:339 com.ebensz.appmanager.views.fragments.OnlineAppListFragment.onStart:324 android.app.Fragment.performStart:2531
05-21 10:51:48.764 627 647 V InputMethodMenuController: Hide switching menu
05-21 10:51:48.801 627 945 V InputMethodManagerService: startInputOrWindowGainedFocusInternalLocked: reason=WINDOW_FOCUS_GAIN client=android.os.BinderProxy@3398b1f inputContext=null missingMethods= attribute=android.view.inputmethod.EditorInfo@22ce911 startInputFlags=VIEW_HAS_FOCUS|INITIAL_CONNECTION softInputMode=STATE_UNSPECIFIED|ADJUST_PAN|IS_FORWARD_NAVIGATION windowFlags=#81810100 unverifiedTargetSdkVersion=23
05-21 10:51:48.801 627 945 V InputMethodManagerService: Unspecified window will hide input
05-21 10:51:48.804 627 647 V InputMethodMenuController: Hide switching menu
05-21 10:51:48.806 627 642 D InputMethodManagerService: --- calledFromForegroundUserOrSystemProcess ? calling uid = 1000 system uid = 1000 calling userId = 0, foreground user id = 0, calling pid = 0com.android.server.inputmethod.InputMethodManagerService.reportPerceptibleAsync(InputMethodManagerService.java:3162)
05-21 10:51:48.806 627 642 D InputMethodManagerService: IME window vis: 0 active: 0 inv: 0 displayId: 0
05-21 10:51:48.957 464 494 I RIL : ---> enter mainloop wait at port
05-21 10:51:48.957 464 494 D RIL-DEV : Get modem info
05-21 10:51:48.958 464 494 D RIL-DEV : [05-21_10:51:48:958] idVendor = 0bda
05-21 10:51:48.958 464 494 D RIL-DEV :
05-21 10:51:48.958 464 494 D RIL-DEV : [05-21_10:51:48:958] idVendor = 05e3
05-21 10:51:48.958 464 494 D RIL-DEV :
05-21 10:51:48.958 464 494 D RIL-DEV : [05-21_10:51:48:959] idVendor = 1d6b
05-21 10:51:48.958 464 494 D RIL-DEV :
05-21 10:51:48.958 464 494 D RIL-DEV : [05-21_10:51:48:959] idVendor = 1d6b
05-21 10:51:48.958 464 494 D RIL-DEV :
05-21 10:51:48.959 464 494 D RIL-DEV : [05-21_10:51:48:959] idVendor = 0bda
05-21 10:51:48.959 464 494 D RIL-DEV :
05-21 10:51:48.959 464 494 D RIL-DEV : [05-21_10:51:48:960] idVendor = 1d6b
05-21 10:51:48.959 464 494 D RIL-DEV :
05-21 10:51:48.959 464 494 D RIL-DEV : [05-21_10:51:48:960] idVendor = 2109
05-21 10:51:48.959 464 494 D RIL-DEV :
05-21 10:51:48.959 464 494 D RIL-DEV : [05-21_10:51:48:960] idVendor = 2109
05-21 10:51:48.959 464 494 D RIL-DEV :
05-21 10:51:48.959 464 494 D RIL-DEV : [05-21_10:51:48:960] idVendor = 1d6b
05-21 10:51:48.959 464 494 D RIL-DEV :
05-21 10:51:48.960 464 494 D RIL-DEV : [05-21_10:51:48:960] idVendor = 0bda
05-21 10:51:48.960 464 494 D RIL-DEV :
05-21 10:51:48.960 464 494 D RIL-DEV : [05-21_10:51:48:960] idVendor = 2109
05-21 10:51:48.960 464 494 D RIL-DEV :
05-21 10:51:48.960 464 494 E RIL-DEV : Cannot find Meig devices
05-21 10:51:48.960 464 494 I RIL : ---> can't find meig usb devices
05-21 10:51:49.001 1340 1340 W ContextImpl: Calling a method in the system process without a qualified user: android.app.ContextImpl.sendBroadcast:1181 android.content.ContextWrapper.sendBroadcast:479 cn.eben.newweather.DateWeatherService.a:19 cn.eben.newweather.DateWeatherService.a:0 cn.eben.newweather.DateWeatherService$1.handleMessage:7
05-21 11:00:45.995 543 543 I : read descriptors
05-21 11:00:45.995 543 543 I : read strings
05-21 11:00:45.996 1 1 I init : processing action (sys.usb.config=adb && sys.usb.configfs=1 && sys.usb.ffs.ready=1) from (/system/etc/init/hw/init.usb.configfs.rc:20)
05-21 10:51:49.793 627 647 V InputMethodMenuController: Hide switching menu
05-21 10:51:49.821 627 647 V InputMethodMenuController: Hide switching menu
05-21 10:51:49.859 3582 3582 W ContextImpl: Calling a method in the system process without a qualified user: android.app.ContextImpl.sendBroadcast:1181 android.content.ContextWrapper.sendBroadcast:479 com.ebensz.appmanager.MainActivity$UpdateAndDownLoadAppsObservable.dispatchUpdateAppsCount:151 com.ebensz.appmanager.MainActivity.onLoadFinished:1059 com.ebensz.appmanager.MainActivity.onLoadFinished:93
05-21 10:51:49.861 627 653 I DropBoxManagerService: add tag=system_server_wtf isTagEnabled=true flags=0x2
05-21 10:51:49.884 627 945 V InputMethodManagerService: startInputOrWindowGainedFocusInternalLocked: reason=WINDOW_FOCUS_GAIN client=android.os.BinderProxy@3398b1f inputContext=null missingMethods= attribute=android.view.inputmethod.EditorInfo@8162d44 startInputFlags=VIEW_HAS_FOCUS|INITIAL_CONNECTION softInputMode=STATE_UNSPECIFIED|ADJUST_NOTHING windowFlags=#81810900 unverifiedTargetSdkVersion=23
05-21 10:51:49.884 627 945 V InputMethodManagerService: Unspecified window will hide input
05-21 10:51:49.886 627 647 V InputMethodMenuController: Hide switching menu
05-21 10:51:49.889 3582 3582 W ContextImpl: Calling a method in the system process without a qualified user: android.app.ContextImpl.sendBroadcast:1181 android.content.ContextWrapper.sendBroadcast:479 android.content.ContextWrapper.sendBroadcast:479 com.eben.appupdate.utils.Utils.setBadgeOfDefault:263 com.ebensz.appmanager.receiver.UpdateWdjDataReceiver.onReceive:32
05-21 10:51:49.890 3582 3582 W ContextImpl: Calling a method in the system process without a qualified user: android.app.ContextImpl.startService:1824 android.content.ContextWrapper.startService:774 android.content.ContextWrapper.startService:774 com.ebensz.appmanager.service.WDJDataUpdateService.startUpdateWdjService:67 com.ebensz.appmanager.receiver.UpdateWdjDataReceiver.onReceive:38
05-21 10:51:49.896 627 2063 D InputMethodManagerService: --- calledFromForegroundUserOrSystemProcess ? calling uid = 1000 system uid = 1000 calling userId = 0, foreground user id = 0, calling pid = 0com.android.server.inputmethod.InputMethodManagerService.reportPerceptibleAsync(InputMethodManagerService.java:3162)
05-21 10:51:49.896 627 2063 D InputMethodManagerService: IME window vis: 0 active: 0 inv: 0 displayId: 0
05-21 10:51:50.001 1340 1340 W ContextImpl: Calling a method in the system process without a qualified user: android.app.ContextImpl.sendBroadcast:1181 android.content.ContextWrapper.sendBroadcast:479 cn.eben.newweather.DateWeatherService.a:19 cn.eben.newweather.DateWeatherService.a:0 cn.eben.newweather.DateWeatherService$1.handleMessage:7
05-21 11:00:47.044 543 543 I : read descriptors
05-21 11:00:47.044 543 543 I : read strings
05-21 10:51:50.485 627 945 I ActivityTaskManager: START u0 {cmp=com.ebensz.appmanager/.OnlineAppListActivity (has extras)} from uid 1000
05-21 10:51:50.505 627 941 W ActivityTaskManager: Tried to set launchTime (0) < mLastActivityLaunchTime (1613544)
05-21 10:51:50.511 627 647 V InputMethodMenuController: Hide switching menu
05-21 10:51:50.558 3582 3582 W ContextImpl: Calling a method in the system process without a qualified user: android.app.ContextImpl.bindService:1911 android.content.ContextWrapper.bindService:810 com.ebensz.appmanager.views.fragments.OnlineAppListFragment.bindService:339 com.ebensz.appmanager.views.fragments.OnlineAppListFragment.onStart:324 android.app.Fragment.performStart:2531
05-21 10:51:50.562 627 647 V InputMethodMenuController: Hide switching menu
05-21 10:51:50.602 627 945 V InputMethodManagerService: startInputOrWindowGainedFocusInternalLocked: reason=WINDOW_FOCUS_GAIN client=android.os.BinderProxy@3398b1f inputContext=null missingMethods= attribute=android.view.inputmethod.EditorInfo@48b434b startInputFlags=VIEW_HAS_FOCUS|INITIAL_CONNECTION softInputMode=STATE_UNSPECIFIED|ADJUST_PAN|IS_FORWARD_NAVIGATION windowFlags=#81810100 unverifiedTargetSdkVersion=23
05-21 10:51:50.602 627 945 V InputMethodManagerService: Unspecified window will hide input
05-21 10:51:50.605 627 647 V InputMethodMenuController: Hide switching menu
05-21 10:51:50.607 627 945 D InputMethodManagerService: --- calledFromForegroundUserOrSystemProcess ? calling uid = 1000 system uid = 1000 calling userId = 0, foreground user id = 0, calling pid = 0com.android.server.inputmethod.InputMethodManagerService.reportPerceptibleAsync(InputMethodManagerService.java:3162)
05-21 10:51:50.607 627 945 D InputMethodManagerService: IME window vis: 0 active: 0 inv: 0 displayId: 0
05-21 10:51:50.960 464 494 I RIL : ---> enter mainloop wait at port
05-21 10:51:50.960 464 494 D RIL-DEV : Get modem info
05-21 10:51:50.961 464 494 D RIL-DEV : [05-21_10:51:50:961] idVendor = 0bda
05-21 10:51:50.961 464 494 D RIL-DEV :
05-21 10:51:50.961 464 494 D RIL-DEV : [05-21_10:51:50:962] idVendor = 05e3
05-21 10:51:50.961 464 494 D RIL-DEV :
05-21 10:51:50.962 464 494 D RIL-DEV : [05-21_10:51:50:962] idVendor = 1d6b
05-21 10:51:50.962 464 494 D RIL-DEV :
05-21 10:51:50.962 464 494 D RIL-DEV : [05-21_10:51:50:962] idVendor = 1d6b
05-21 10:51:50.962 464 494 D RIL-DEV :
05-21 10:51:50.962 464 494 D RIL-DEV : [05-21_10:51:50:963] idVendor = 0bda
05-21 10:51:50.962 464 494 D RIL-DEV :
05-21 10:51:50.963 464 494 D RIL-DEV : [05-21_10:51:50:963] idVendor = 1d6b
05-21 10:51:50.963 464 494 D RIL-DEV :
05-21 10:51:50.963 464 494 D RIL-DEV : [05-21_10:51:50:963] idVendor = 2109
05-21 10:51:50.963 464 494 D RIL-DEV :
05-21 10:51:50.963 464 494 D RIL-DEV : [05-21_10:51:50:964] idVendor = 2109
05-21 10:51:50.963 464 494 D RIL-DEV :
05-21 10:51:50.964 464 494 D RIL-DEV : [05-21_10:51:50:964] idVendor = 1d6b
05-21 10:51:50.964 464 494 D RIL-DEV :
05-21 10:51:50.964 464 494 D RIL-DEV : [05-21_10:51:50:964] idVendor = 0bda
05-21 10:51:50.964 464 494 D RIL-DEV :
05-21 10:51:50.964 464 494 D RIL-DEV : [05-21_10:51:50:965] idVendor = 2109
05-21 10:51:50.964 464 494 D RIL-DEV :
05-21 10:51:50.965 464 494 E RIL-DEV : Cannot find Meig devices
05-21 10:51:50.965 464 494 I RIL : ---> can't find meig usb devices
05-21 10:51:51.001 1340 1340 W ContextImpl: Calling a method in the system process without a qualified user: android.app.ContextImpl.sendBroadcast:1181 android.content.ContextWrapper.sendBroadcast:479 cn.eben.newweather.DateWeatherService.a:19 cn.eben.newweather.DateWeatherService.a:0 cn.eben.newweather.DateWeatherService$1.handleMessage:7
05-21 10:51:51.273 627 1329 E TaskPersister: File error accessing recents directory (directory doesn't exist?).
05-21 11:00:48.101 543 543 I : read descriptors
05-21 11:00:48.102 543 543 I : read strings
05-21 11:00:48.104 1 1 I init : processing action (sys.usb.config=adb && sys.usb.configfs=1 && sys.usb.ffs.ready=1) from (/system/etc/init/hw/init.usb.configfs.rc:20)
05-21 11:00:48.105 1 1 I init : Command 'symlink /config/usb_gadget/g1/functions/ffs.adb /config/usb_gadget/g1/configs/b.1/f1' action=sys.usb.config=adb && sys.usb.configfs=1 && sys.usb.ffs.ready=1 (/system/etc/init/hw/init.usb.configfs.rc:22) took 0ms and failed: symlink() failed: File exists
05-21 11:00:48.105 1 1 I init : Command 'write /config/usb_gadget/g1/UDC ${sys.usb.controller}' action=sys.usb.config=adb && sys.usb.configfs=1 && sys.usb.ffs.ready=1 (/system/etc/init/hw/init.usb.configfs.rc:23) took 0ms and failed: Unable to write to file '/config/usb_gadget/g1/UDC': Unable to write file contents: Device or resource busy
05-21 10:51:52.001 1340 1340 W ContextImpl: Calling a method in the system process without a qualified user: android.app.ContextImpl.sendBroadcast:1181 android.content.ContextWrapper.sendBroadcast:479 cn.eben.newweather.DateWeatherService.a:19 cn.eben.newweather.DateWeatherService.a:0 cn.eben.newweather.DateWeatherService$1.handleMessage:7
05-21 11:00:49.144 543 543 I : read descriptors
05-21 11:00:49.144 543 543 I : read strings
05-21 11:00:49.146 1 1 I init : processing action (sys.usb.config=adb && sys.usb.configfs=1 && sys.usb.ffs.ready=1) from (/system/etc/init/hw/init.usb.configfs.rc:20)
05-21 11:00:49.149 1 1 I init : Command 'symlink /config/usb_gadget/g1/functions/ffs.adb /config/usb_gadget/g1/configs/b.1/f1' action=sys.usb.config=adb && sys.usb.configfs=1 && sys.usb.ffs.ready=1 (/system/etc/init/hw/init.usb.configfs.rc:22) took 0ms and failed: symlink() failed: File exists
05-21 11:00:49.150 1 1 I init : Command 'write /config/usb_gadget/g1/UDC ${sys.usb.controller}' action=sys.usb.config=adb && sys.usb.configfs=1 && sys.usb.ffs.ready=1 (/system/etc/init/hw/init.usb.configfs.rc:23) took 0ms and failed: Unable to write to file '/config/usb_gadget/g1/UDC': Unable to write file contents: Device or resource busy
05-21 10:51:52.965 464 494 I RIL : ---> enter mainloop wait at port
05-21 10:51:52.965 464 494 D RIL-DEV : Get modem info
05-21 10:51:52.965 464 494 D RIL-DEV : [05-21_10:51:52:966] idVendor = 0bda
05-21 10:51:52.965 464 494 D RIL-DEV :
05-21 10:51:52.966 464 494 D RIL-DEV : [05-21_10:51:52:966] idVendor = 05e3
05-21 10:51:52.966 464 494 D RIL-DEV :
05-21 10:51:52.966 464 494 D RIL-DEV : [05-21_10:51:52:966] idVendor = 1d6b
05-21 10:51:52.966 464 494 D RIL-DEV :
05-21 10:51:52.966 464 494 D RIL-DEV : [05-21_10:51:52:967] idVendor = 1d6b
05-21 10:51:52.966 464 494 D RIL-DEV :
05-21 10:51:52.967 464 494 D RIL-DEV : [05-21_10:51:52:967] idVendor = 0bda
05-21 10:51:52.967 464 494 D RIL-DEV :
05-21 10:51:52.968 464 494 D RIL-DEV : [05-21_10:51:52:968] idVendor = 1d6b
05-21 10:51:52.968 464 494 D RIL-DEV :
05-21 10:51:52.968 464 494 D RIL-DEV : [05-21_10:51:52:969] idVendor = 2109
05-21 10:51:52.968 464 494 D RIL-DEV :
05-21 10:51:52.969 464 494 D RIL-DEV : [05-21_10:51:52:969] idVendor = 2109
05-21 10:51:52.969 464 494 D RIL-DEV :
05-21 10:51:52.969 464 494 D RIL-DEV : [05-21_10:51:52:969] idVendor = 1d6b
05-21 10:51:52.969 464 494 D RIL-DEV :
05-21 10:51:52.969 464 494 D RIL-DEV : [05-21_10:51:52:970] idVendor = 0bda
05-21 10:51:52.969 464 494 D RIL-DEV :
05-21 10:51:52.969 464 494 D RIL-DEV : [05-21_10:51:52:970] idVendor = 2109
05-21 10:51:52.969 464 494 D RIL-DEV :
05-21 10:51:52.970 464 494 E RIL-DEV : Cannot find Meig devices
05-21 10:51:52.970 464 494 I RIL : ---> can't find meig usb devices
05-21 10:51:53.002 1340 1340 W ContextImpl: Calling a method in the system process without a qualified user: android.app.ContextImpl.sendBroadcast:1181 android.content.ContextWrapper.sendBroadcast:479 cn.eben.newweather.DateWeatherService.a:19 cn.eben.newweather.DateWeatherService.a:0 cn.eben.newweather.DateWeatherService$1.handleMessage:7
05-21 10:51:53.164 627 647 V InputMethodMenuController: Hide switching menu
05-21 10:51:53.193 627 647 V InputMethodMenuController: Hide switching menu
05-21 10:51:53.257 3582 3582 W ContextImpl: Calling a method in the system process without a qualified user: android.app.ContextImpl.sendBroadcast:1181 android.content.ContextWrapper.sendBroadcast:479 com.ebensz.appmanager.MainActivity$UpdateAndDownLoadAppsObservable.dispatchUpdateAppsCount:151 com.ebensz.appmanager.MainActivity.onLoadFinished:1059 com.ebensz.appmanager.MainActivity.onLoadFinished:93
05-21 10:51:53.285 627 642 V InputMethodManagerService: startInputOrWindowGainedFocusInternalLocked: reason=WINDOW_FOCUS_GAIN client=android.os.BinderProxy@3398b1f inputContext=null missingMethods= attribute=android.view.inputmethod.EditorInfo@c6db034 startInputFlags=VIEW_HAS_FOCUS|INITIAL_CONNECTION softInputMode=STATE_UNSPECIFIED|ADJUST_NOTHING windowFlags=#81810900 unverifiedTargetSdkVersion=23
05-21 10:51:53.285 627 642 V InputMethodManagerService: Unspecified window will hide input
05-21 10:51:53.288 627 647 V InputMethodMenuController: Hide switching menu
05-21 10:51:53.290 3582 3582 W ContextImpl: Calling a method in the system process without a qualified user: android.app.ContextImpl.sendBroadcast:1181 android.content.ContextWrapper.sendBroadcast:479 android.content.ContextWrapper.sendBroadcast:479 com.eben.appupdate.utils.Utils.setBadgeOfDefault:263 com.ebensz.appmanager.receiver.UpdateWdjDataReceiver.onReceive:32
05-21 10:51:53.291 3582 3582 W ContextImpl: Calling a method in the system process without a qualified user: android.app.ContextImpl.startService:1824 android.content.ContextWrapper.startService:774 android.content.ContextWrapper.startService:774 com.ebensz.appmanager.service.WDJDataUpdateService.startUpdateWdjService:67 com.ebensz.appmanager.receiver.UpdateWdjDataReceiver.onReceive:38
05-21 10:51:53.297 627 941 D InputMethodManagerService: --- calledFromForegroundUserOrSystemProcess ? calling uid = 1000 system uid = 1000 calling userId = 0, foreground user id = 0, calling pid = 0com.android.server.inputmethod.InputMethodManagerService.reportPerceptibleAsync(InputMethodManagerService.java:3162)
05-21 10:51:53.297 627 941 D InputMethodManagerService: IME window vis: 0 active: 0 inv: 0 displayId: 0
05-21 11:00:50.218 543 543 I : read descriptors
05-21 11:00:50.218 543 543 I : read strings
05-21 11:00:50.218 1 1 I init : processing action (sys.usb.config=adb && sys.usb.configfs=1 && sys.usb.ffs.ready=1) from (/system/etc/init/hw/init.usb.configfs.rc:20)
05-21 11:00:50.220 1 1 I init : Command 'symlink /config/usb_gadget/g1/functions/ffs.adb /config/usb_gadget/g1/configs/b.1/f1' action=sys.usb.config=adb && sys.usb.configfs=1 && sys.usb.ffs.ready=1 (/system/etc/init/hw/init.usb.configfs.rc:22) took 0ms and failed: symlink() failed: File exists
05-21 11:00:50.220 1 1 I init : Command 'write /config/usb_gadget/g1/UDC ${sys.usb.controller}' action=sys.usb.config=adb && sys.usb.configfs=1 && sys.usb.ffs.ready=1 (/system/etc/init/hw/init.usb.configfs.rc:23) took 0ms and failed: Unable to write to file '/config/usb_gadget/g1/UDC': Unable to write file contents: Device or resource busy
05-21 10:51:53.520 627 945 W ContentProviderHelper: Permission Denial: opening provider com.android.providers.contacts.ContactsProvider2 from ProcessRecord{1933406 1690:cn.eben.sync/u0a44} (pid=1690, uid=10044) requires android.permission.READ_CONTACTS or android.permission.WRITE_CONTACTS
05-21 10:51:53.873 627 945 I ActivityTaskManager: START u0 {cmp=com.ebensz.appmanager/.OnlineAppListActivity (has extras)} from uid 1000
05-21 10:51:53.888 627 941 W ActivityTaskManager: Tried to set launchTime (0) < mLastActivityLaunchTime (1615348)
05-21 10:51:53.892 627 647 V InputMethodMenuController: Hide switching menu
05-21 10:51:53.938 3582 3582 W ContextImpl: Calling a method in the system process without a qualified user: android.app.ContextImpl.bindService:1911 android.content.ContextWrapper.bindService:810 com.ebensz.appmanager.views.fragments.OnlineAppListFragment.bindService:339 com.ebensz.appmanager.views.fragments.OnlineAppListFragment.onStart:324 android.app.Fragment.performStart:2531
05-21 10:51:53.944 627 647 V InputMethodMenuController: Hide switching menu
05-21 10:51:53.975 627 941 V InputMethodManagerService: startInputOrWindowGainedFocusInternalLocked: reason=WINDOW_FOCUS_GAIN client=android.os.BinderProxy@3398b1f inputContext=null missingMethods= attribute=android.view.inputmethod.EditorInfo@140d8f5 startInputFlags=VIEW_HAS_FOCUS|INITIAL_CONNECTION softInputMode=STATE_UNSPECIFIED|ADJUST_PAN|IS_FORWARD_NAVIGATION windowFlags=#81810100 unverifiedTargetSdkVersion=23
05-21 10:51:53.975 627 941 V InputMethodManagerService: Unspecified window will hide input
05-21 10:51:53.977 627 647 V InputMethodMenuController: Hide switching menu
05-21 10:51:53.979 627 945 D InputMethodManagerService: --- calledFromForegroundUserOrSystemProcess ? calling uid = 1000 system uid = 1000 calling userId = 0, foreground user id = 0, calling pid = 0com.android.server.inputmethod.InputMethodManagerService.reportPerceptibleAsync(InputMethodManagerService.java:3162)
05-21 10:51:53.979 627 945 D InputMethodManagerService: IME window vis: 0 active: 0 inv: 0 displayId: 0
05-21 10:51:54.001 1340 1340 W ContextImpl: Calling a method in the system process without a qualified user: android.app.ContextImpl.sendBroadcast:1181 android.content.ContextWrapper.sendBroadcast:479 cn.eben.newweather.DateWeatherService.a:19 cn.eben.newweather.DateWeatherService.a:0 cn.eben.newweather.DateWeatherService$1.handleMessage:7
05-21 11:00:51.251 543 543 I : read descriptors
05-21 11:00:51.251 543 543 I : read strings
05-21 11:00:51.253 1 1 I init : processing action (sys.usb.config=adb && sys.usb.configfs=1 && sys.usb.ffs.ready=1) from (/system/etc/init/hw/init.usb.configfs.rc:20)
05-21 10:51:54.971 464 494 I RIL : ---> enter mainloop wait at port
05-21 10:51:54.971 464 494 D RIL-DEV : Get modem info
05-21 10:51:54.972 464 494 D RIL-DEV : [05-21_10:51:54:972] idVendor = 0bda
05-21 10:51:54.972 464 494 D RIL-DEV :
05-21 10:51:54.972 464 494 D RIL-DEV : [05-21_10:51:54:973] idVendor = 05e3
05-21 10:51:54.972 464 494 D RIL-DEV :
05-21 10:51:54.972 464 494 D RIL-DEV : [05-21_10:51:54:973] idVendor = 1d6b
05-21 10:51:54.972 464 494 D RIL-DEV :
05-21 10:51:54.973 464 494 D RIL-DEV : [05-21_10:51:54:973] idVendor = 1d6b
05-21 10:51:54.973 464 494 D RIL-DEV :
05-21 10:51:54.973 464 494 D RIL-DEV : [05-21_10:51:54:974] idVendor = 0bda
05-21 10:51:54.973 464 494 D RIL-DEV :
05-21 10:51:54.974 464 494 D RIL-DEV : [05-21_10:51:54:974] idVendor = 1d6b
05-21 10:51:54.974 464 494 D RIL-DEV :
05-21 10:51:54.974 464 494 D RIL-DEV : [05-21_10:51:54:975] idVendor = 2109
05-21 10:51:54.974 464 494 D RIL-DEV :
05-21 10:51:54.975 464 494 D RIL-DEV : [05-21_10:51:54:975] idVendor = 2109
05-21 10:51:54.975 464 494 D RIL-DEV :
05-21 10:51:54.975 464 494 D RIL-DEV : [05-21_10:51:54:975] idVendor = 1d6b
05-21 10:51:54.975 464 494 D RIL-DEV :
05-21 10:51:54.975 464 494 D RIL-DEV : [05-21_10:51:54:976] idVendor = 0bda
05-21 10:51:54.975 464 494 D RIL-DEV :
05-21 10:51:54.976 464 494 D RIL-DEV : [05-21_10:51:54:976] idVendor = 2109
05-21 10:51:54.976 464 494 D RIL-DEV :
05-21 10:51:54.976 464 494 E RIL-DEV : Cannot find Meig devices
05-21 10:51:54.976 464 494 I RIL : ---> can't find meig usb devices
05-21 10:51:55.002 1340 1340 W ContextImpl: Calling a method in the system process without a qualified user: android.app.ContextImpl.sendBroadcast:1181 android.content.ContextWrapper.sendBroadcast:479 cn.eben.newweather.DateWeatherService.a:19 cn.eben.newweather.DateWeatherService.a:0 cn.eben.newweather.DateWeatherService$1.handleMessage:7
05-21 11:00:52.288 543 543 I : read descriptors
05-21 11:00:52.288 543 543 I : read strings
05-21 10:51:55.568 627 647 V InputMethodMenuController: Hide switching menu
05-21 10:51:55.598 627 647 V InputMethodMenuController: Hide switching menu
05-21 10:51:55.640 3582 3582 W ContextImpl: Calling a method in the system process without a qualified user: android.app.ContextImpl.sendBroadcast:1181 android.content.ContextWrapper.sendBroadcast:479 com.ebensz.appmanager.MainActivity$UpdateAndDownLoadAppsObservable.dispatchUpdateAppsCount:151 com.ebensz.appmanager.MainActivity.onLoadFinished:1059 com.ebensz.appmanager.MainActivity.onLoadFinished:93
05-21 10:51:55.642 627 653 I DropBoxManagerService: add tag=system_server_wtf isTagEnabled=true flags=0x2
05-21 10:51:55.659 627 642 V InputMethodManagerService: startInputOrWindowGainedFocusInternalLocked: reason=WINDOW_FOCUS_GAIN client=android.os.BinderProxy@3398b1f inputContext=null missingMethods= attribute=android.view.inputmethod.EditorInfo@f491a51 startInputFlags=VIEW_HAS_FOCUS|INITIAL_CONNECTION softInputMode=STATE_UNSPECIFIED|ADJUST_NOTHING windowFlags=#81810900 unverifiedTargetSdkVersion=23
05-21 10:51:55.659 627 642 V InputMethodManagerService: Unspecified window will hide input
05-21 10:51:55.662 627 647 V InputMethodMenuController: Hide switching menu
05-21 10:51:55.664 3582 3582 W ContextImpl: Calling a method in the system process without a qualified user: android.app.ContextImpl.sendBroadcast:1181 android.content.ContextWrapper.sendBroadcast:479 android.content.ContextWrapper.sendBroadcast:479 com.eben.appupdate.utils.Utils.setBadgeOfDefault:263 com.ebensz.appmanager.receiver.UpdateWdjDataReceiver.onReceive:32
05-21 10:51:55.666 3582 3582 W ContextImpl: Calling a method in the system process without a qualified user: android.app.ContextImpl.startService:1824 android.content.ContextWrapper.startService:774 android.content.ContextWrapper.startService:774 com.ebensz.appmanager.service.WDJDataUpdateService.startUpdateWdjService:67 com.ebensz.appmanager.receiver.UpdateWdjDataReceiver.onReceive:38
05-21 10:51:55.668 627 653 I DropBoxManagerService: add tag=system_server_wtf isTagEnabled=true flags=0x2
05-21 10:51:55.675 627 945 D InputMethodManagerService: --- calledFromForegroundUserOrSystemProcess ? calling uid = 1000 system uid = 1000 calling userId = 0, foreground user id = 0, calling pid = 0com.android.server.inputmethod.InputMethodManagerService.reportPerceptibleAsync(InputMethodManagerService.java:3162)
05-21 10:51:55.675 627 945 D InputMethodManagerService: IME window vis: 0 active: 0 inv: 0 displayId: 0
05-21 10:51:56.001 1340 1340 W ContextImpl: Calling a method in the system process without a qualified user: android.app.ContextImpl.sendBroadcast:1181 android.content.ContextWrapper.sendBroadcast:479 cn.eben.newweather.DateWeatherService.a:19 cn.eben.newweather.DateWeatherService.a:0 cn.eben.newweather.DateWeatherService$1.handleMessage:7
05-21 10:51:56.223 627 941 I ActivityTaskManager: START u0 {cmp=com.ebensz.appmanager/.OnlineAppListActivity (has extras)} from uid 1000
05-21 10:51:56.238 627 941 W ActivityTaskManager: Tried to set launchTime (0) < mLastActivityLaunchTime (1618731)
05-21 10:51:56.239 627 647 V InputMethodMenuController: Hide switching menu
05-21 10:51:56.296 3582 3582 W ContextImpl: Calling a method in the system process without a qualified user: android.app.ContextImpl.bindService:1911 android.content.ContextWrapper.bindService:810 com.ebensz.appmanager.views.fragments.OnlineAppListFragment.bindService:339 com.ebensz.appmanager.views.fragments.OnlineAppListFragment.onStart:324 android.app.Fragment.performStart:2531
05-21 10:51:56.299 627 647 V InputMethodMenuController: Hide switching menu
05-21 10:51:56.321 627 941 V InputMethodManagerService: startInputOrWindowGainedFocusInternalLocked: reason=WINDOW_FOCUS_GAIN client=android.os.BinderProxy@3398b1f inputContext=null missingMethods= attribute=android.view.inputmethod.EditorInfo@fab0325 startInputFlags=VIEW_HAS_FOCUS|INITIAL_CONNECTION softInputMode=STATE_UNSPECIFIED|ADJUST_PAN|IS_FORWARD_NAVIGATION windowFlags=#81810100 unverifiedTargetSdkVersion=23
05-21 10:51:56.321 627 941 V InputMethodManagerService: Unspecified window will hide input
05-21 10:51:56.323 627 647 V InputMethodMenuController: Hide switching menu
05-21 10:51:56.323 627 642 D InputMethodManagerService: --- calledFromForegroundUserOrSystemProcess ? calling uid = 1000 system uid = 1000 calling userId = 0, foreground user id = 0, calling pid = 0com.android.server.inputmethod.InputMethodManagerService.reportPerceptibleAsync(InputMethodManagerService.java:3162)
05-21 10:51:56.323 627 642 D InputMethodManagerService: IME window vis: 0 active: 0 inv: 0 displayId: 0
05-21 11:00:53.364 543 543 I : read descriptors
05-21 11:00:53.364 543 543 I : read strings
05-21 11:00:53.365 1 1 I init : processing action (sys.usb.config=adb && sys.usb.configfs=1 && sys.usb.ffs.ready=1) from (/system/etc/init/hw/init.usb.configfs.rc:20)
05-21 11:00:53.365 1 1 I init : Command 'symlink /config/usb_gadget/g1/functions/ffs.adb /config/usb_gadget/g1/configs/b.1/f1' action=sys.usb.config=adb && sys.usb.configfs=1 && sys.usb.ffs.ready=1 (/system/etc/init/hw/init.usb.configfs.rc:22) took 0ms and failed: symlink() failed: File exists
05-21 11:00:53.366 1 1 I init : Command 'write /config/usb_gadget/g1/UDC ${sys.usb.controller}' action=sys.usb.config=adb && sys.usb.configfs=1 && sys.usb.ffs.ready=1 (/system/etc/init/hw/init.usb.configfs.rc:23) took 0ms and failed: Unable to write to file '/config/usb_gadget/g1/UDC': Unable to write file contents: Device or resource busy
05-21 10:51:56.976 627 1329 E TaskPersister: File error accessing recents directory (directory doesn't exist?).
05-21 10:51:56.976 464 494 I RIL : ---> enter mainloop wait at port
05-21 10:51:56.976 464 494 D RIL-DEV : Get modem info
05-21 10:51:56.977 464 494 D RIL-DEV : [05-21_10:51:56:977] idVendor = 0bda
05-21 10:51:56.977 464 494 D RIL-DEV :
05-21 10:51:56.977 464 494 D RIL-DEV : [05-21_10:51:56:977] idVendor = 05e3
05-21 10:51:56.977 464 494 D RIL-DEV :
05-21 10:51:56.977 464 494 D RIL-DEV : [05-21_10:51:56:977] idVendor = 1d6b
05-21 10:51:56.977 464 494 D RIL-DEV :
05-21 10:51:56.977 464 494 D RIL-DEV : [05-21_10:51:56:978] idVendor = 1d6b
05-21 10:51:56.977 464 494 D RIL-DEV :
05-21 10:51:56.977 464 494 D RIL-DEV : [05-21_10:51:56:978] idVendor = 0bda
05-21 10:51:56.977 464 494 D RIL-DEV :
05-21 10:51:56.977 464 494 D RIL-DEV : [05-21_10:51:56:978] idVendor = 1d6b
05-21 10:51:56.977 464 494 D RIL-DEV :
05-21 10:51:56.977 464 494 D RIL-DEV : [05-21_10:51:56:978] idVendor = 2109
05-21 10:51:56.977 464 494 D RIL-DEV :
05-21 10:51:56.978 464 494 D RIL-DEV : [05-21_10:51:56:978] idVendor = 2109
05-21 10:51:56.978 464 494 D RIL-DEV :
05-21 10:51:56.978 464 494 D RIL-DEV : [05-21_10:51:56:978] idVendor = 1d6b
05-21 10:51:56.978 464 494 D RIL-DEV :
05-21 10:51:56.978 464 494 D RIL-DEV : [05-21_10:51:56:978] idVendor = 0bda
05-21 10:51:56.978 464 494 D RIL-DEV :
05-21 10:51:56.978 464 494 D RIL-DEV : [05-21_10:51:56:978] idVendor = 2109
05-21 10:51:56.978 464 494 D RIL-DEV :
05-21 10:51:56.978 464 494 E RIL-DEV : Cannot find Meig devices
05-21 10:51:56.978 464 494 I RIL : ---> can't find meig usb devices
05-21 10:51:57.002 1340 1340 W ContextImpl: Calling a method in the system process without a qualified user: android.app.ContextImpl.sendBroadcast:1181 android.content.ContextWrapper.sendBroadcast:479 cn.eben.newweather.DateWeatherService.a:19 cn.eben.newweather.DateWeatherService.a:0 cn.eben.newweather.DateWeatherService$1.handleMessage:7
05-21 11:00:54.434 543 543 I : read descriptors
05-21 11:00:54.434 543 543 I : read strings
05-21 11:00:54.435 1 1 I init : processing action (sys.usb.config=adb && sys.usb.configfs=1 && sys.usb.ffs.ready=1) from (/system/etc/init/hw/init.usb.configfs.rc:20)
05-21 11:00:54.437 1 1 I init : Command 'symlink /config/usb_gadget/g1/functions/ffs.adb /config/usb_gadget/g1/configs/b.1/f1' action=sys.usb.config=adb && sys.usb.configfs=1 && sys.usb.ffs.ready=1 (/system/etc/init/hw/init.usb.configfs.rc:22) took 0ms and failed: symlink() failed: File exists
05-21 11:00:54.438 1 1 I init : Command 'write /config/usb_gadget/g1/UDC ${sys.usb.controller}' action=sys.usb.config=adb && sys.usb.configfs=1 && sys.usb.ffs.ready=1 (/system/etc/init/hw/init.usb.configfs.rc:23) took 0ms and failed: Unable to write to file '/config/usb_gadget/g1/UDC': Unable to write file contents: Device or resource busy
05-21 10:51:58.003 1340 1340 W ContextImpl: Calling a method in the system process without a qualified user: android.app.ContextImpl.sendBroadcast:1181 android.content.ContextWrapper.sendBroadcast:479 cn.eben.newweather.DateWeatherService.a:19 cn.eben.newweather.DateWeatherService.a:0 cn.eben.newweather.DateWeatherService$1.handleMessage:7
05-21 10:51:58.527 627 941 W ContentProviderHelper: Permission Denial: opening provider com.android.providers.contacts.ContactsProvider2 from ProcessRecord{1933406 1690:cn.eben.sync/u0a44} (pid=1690, uid=10044) requires android.permission.READ_CONTACTS or android.permission.WRITE_CONTACTS
05-21 11:00:55.488 543 543 I : read descriptors
05-21 11:00:55.488 543 543 I : read strings
05-21 11:00:55.489 1 1 I init : processing action (sys.usb.config=adb && sys.usb.configfs=1 && sys.usb.ffs.ready=1) from (/system/etc/init/hw/init.usb.configfs.rc:20)
05-21 11:00:55.490 1 1 I init : Command 'symlink /config/usb_gadget/g1/functions/ffs.adb /config/usb_gadget/g1/configs/b.1/f1' action=sys.usb.config=adb && sys.usb.configfs=1 && sys.usb.ffs.ready=1 (/system/etc/init/hw/init.usb.configfs.rc:22) took 0ms and failed: symlink() failed: File exists
05-21 11:00:55.490 1 1 I init : Command 'write /config/usb_gadget/g1/UDC ${sys.usb.controller}' action=sys.usb.config=adb && sys.usb.configfs=1 && sys.usb.ffs.ready=1 (/system/etc/init/hw/init.usb.configfs.rc:23) took 0ms and failed: Unable to write to file '/config/usb_gadget/g1/UDC': Unable to write file contents: Device or resource busy
05-21 10:51:58.979 464 494 I RIL : ---> enter mainloop wait at port
05-21 10:51:58.979 464 494 D RIL-DEV : Get modem info
05-21 10:51:58.979 464 494 D RIL-DEV : [05-21_10:51:58:980] idVendor = 0bda
05-21 10:51:58.979 464 494 D RIL-DEV :
05-21 10:51:58.980 464 494 D RIL-DEV : [05-21_10:51:58:980] idVendor = 05e3
05-21 10:51:58.980 464 494 D RIL-DEV :
05-21 10:51:58.980 464 494 D RIL-DEV : [05-21_10:51:58:980] idVendor = 1d6b
05-21 10:51:58.980 464 494 D RIL-DEV :
05-21 10:51:58.980 464 494 D RIL-DEV : [05-21_10:51:58:981] idVendor = 1d6b
05-21 10:51:58.980 464 494 D RIL-DEV :
05-21 10:51:58.980 464 494 D RIL-DEV : [05-21_10:51:58:981] idVendor = 0bda
05-21 10:51:58.980 464 494 D RIL-DEV :
05-21 10:51:58.981 464 494 D RIL-DEV : [05-21_10:51:58:981] idVendor = 1d6b
05-21 10:51:58.981 464 494 D RIL-DEV :
05-21 10:51:58.981 464 494 D RIL-DEV : [05-21_10:51:58:982] idVendor = 2109
05-21 10:51:58.981 464 494 D RIL-DEV :
05-21 10:51:58.982 464 494 D RIL-DEV : [05-21_10:51:58:982] idVendor = 2109
05-21 10:51:58.982 464 494 D RIL-DEV :
05-21 10:51:58.982 464 494 D RIL-DEV : [05-21_10:51:58:982] idVendor = 1d6b
05-21 10:51:58.982 464 494 D RIL-DEV :
05-21 10:51:58.982 464 494 D RIL-DEV : [05-21_10:51:58:983] idVendor = 0bda
05-21 10:51:58.982 464 494 D RIL-DEV :
05-21 10:51:58.983 464 494 D RIL-DEV : [05-21_10:51:58:983] idVendor = 2109
05-21 10:51:58.983 464 494 D RIL-DEV :
05-21 10:51:58.983 464 494 E RIL-DEV : Cannot find Meig devices
05-21 10:51:58.983 464 494 I RIL : ---> can't find meig usb devices
05-21 10:51:59.002 1340 1340 W ContextImpl: Calling a method in the system process without a qualified user: android.app.ContextImpl.sendBroadcast:1181 android.content.ContextWrapper.sendBroadcast:479 cn.eben.newweather.DateWeatherService.a:19 cn.eben.newweather.DateWeatherService.a:0 cn.eben.newweather.DateWeatherService$1.handleMessage:7
05-21 11:00:56.525 543 543 I : read descriptors
05-21 11:00:56.525 543 543 I : read strings
05-21 11:00:56.527 1 1 I init : processing action (sys.usb.config=adb && sys.usb.configfs=1 && sys.usb.ffs.ready=1) from (/system/etc/init/hw/init.usb.configfs.rc:20)
05-21 10:52:00.004 1340 1340 W ContextImpl: Calling a method in the system process without a qualified user: android.app.ContextImpl.sendBroadcast:1181 android.content.ContextWrapper.sendBroadcast:479 cn.eben.newweather.DateWeatherService.a:19 cn.eben.newweather.DateWeatherService.a:0 cn.eben.newweather.DateWeatherService$1.handleMessage:7
05-21 10:52:00.294 627 647 V InputMethodMenuController: Hide switching menu
05-21 10:52:00.319 627 647 V InputMethodMenuController: Hide switching menu
05-21 10:52:00.368 3582 3582 W ContextImpl: Calling a method in the system process without a qualified user: android.app.ContextImpl.sendBroadcast:1181 android.content.ContextWrapper.sendBroadcast:479 com.ebensz.appmanager.MainActivity$UpdateAndDownLoadAppsObservable.dispatchUpdateAppsCount:151 com.ebensz.appmanager.MainActivity.onLoadFinished:1059 com.ebensz.appmanager.MainActivity.onLoadFinished:93
05-21 10:52:00.370 627 653 I DropBoxManagerService: add tag=system_server_wtf isTagEnabled=true flags=0x2
05-21 10:52:00.383 627 2063 V InputMethodManagerService: startInputOrWindowGainedFocusInternalLocked: reason=WINDOW_FOCUS_GAIN client=android.os.BinderProxy@3398b1f inputContext=null missingMethods= attribute=android.view.inputmethod.EditorInfo@55722bd startInputFlags=VIEW_HAS_FOCUS|INITIAL_CONNECTION softInputMode=STATE_UNSPECIFIED|ADJUST_NOTHING windowFlags=#81810900 unverifiedTargetSdkVersion=23
05-21 10:52:00.383 627 2063 V InputMethodManagerService: Unspecified window will hide input
05-21 10:52:00.387 627 647 V InputMethodMenuController: Hide switching menu
