05-21 10:54:45.002 1340 1340 W ContextImpl: Calling a method in the system process without a qualified user: android.app.ContextImpl.sendBroadcast:1181 android.content.ContextWrapper.sendBroadcast:479 cn.eben.newweather.DateWeatherService.a:19 cn.eben.newweather.DateWeatherService.a:0 cn.eben.newweather.DateWeatherService$1.handleMessage:7
05-21 10:54:45.394 464 494 I RIL : ---> enter mainloop wait at port
05-21 10:54:45.394 464 494 D RIL-DEV : Get modem info
05-21 10:54:45.395 464 494 D RIL-DEV : [05-21_10:54:45:395] idVendor = 0bda
05-21 10:54:45.395 464 494 D RIL-DEV :
05-21 10:54:45.395 464 494 D RIL-DEV : [05-21_10:54:45:395] idVendor = 05e3
05-21 10:54:45.395 464 494 D RIL-DEV :
05-21 10:54:45.395 464 494 D RIL-DEV : [05-21_10:54:45:396] idVendor = 1d6b
05-21 10:54:45.395 464 494 D RIL-DEV :
05-21 10:54:45.396 464 494 D RIL-DEV : [05-21_10:54:45:396] idVendor = 1d6b
05-21 10:54:45.396 464 494 D RIL-DEV :
05-21 10:54:45.396 464 494 D RIL-DEV : [05-21_10:54:45:396] idVendor = 0bda
05-21 10:54:45.396 464 494 D RIL-DEV :
05-21 10:54:45.396 464 494 D RIL-DEV : [05-21_10:54:45:397] idVendor = 1d6b
05-21 10:54:45.396 464 494 D RIL-DEV :
05-21 10:54:45.397 464 494 D RIL-DEV : [05-21_10:54:45:397] idVendor = 2109
05-21 10:54:45.397 464 494 D RIL-DEV :
05-21 10:54:45.397 464 494 D RIL-DEV : [05-21_10:54:45:398] idVendor = 2109
05-21 10:54:45.397 464 494 D RIL-DEV :
05-21 10:54:45.397 464 494 D RIL-DEV : [05-21_10:54:45:398] idVendor = 1d6b
05-21 10:54:45.397 464 494 D RIL-DEV :
05-21 10:54:45.398 464 494 D RIL-DEV : [05-21_10:54:45:398] idVendor = 0bda
05-21 10:54:45.398 464 494 D RIL-DEV :
05-21 10:54:45.398 464 494 D RIL-DEV : [05-21_10:54:45:399] idVendor = 2109
05-21 10:54:45.398 464 494 D RIL-DEV :
05-21 10:54:45.399 464 494 E RIL-DEV : Cannot find Meig devices
05-21 10:54:45.399 464 494 I RIL : ---> can't find meig usb devices
05-21 11:03:42.704 543 543 I : read descriptors
05-21 11:03:42.705 543 543 I : read strings
05-21 11:03:42.707 1 1 I init : processing action (sys.usb.config=adb && sys.usb.configfs=1 && sys.usb.ffs.ready=1) from (/system/etc/init/hw/init.usb.configfs.rc:20)
05-21 11:03:42.710 1 1 I init : Command 'symlink /config/usb_gadget/g1/functions/ffs.adb /config/usb_gadget/g1/configs/b.1/f1' action=sys.usb.config=adb && sys.usb.configfs=1 && sys.usb.ffs.ready=1 (/system/etc/init/hw/init.usb.configfs.rc:22) took 0ms and failed: symlink() failed: File exists
05-21 11:03:42.713 1 1 I init : Command 'write /config/usb_gadget/g1/UDC ${sys.usb.controller}' action=sys.usb.config=adb && sys.usb.configfs=1 && sys.usb.ffs.ready=1 (/system/etc/init/hw/init.usb.configfs.rc:23) took 3ms and failed: Unable to write to file '/config/usb_gadget/g1/UDC': Unable to write file contents: Device or resource busy
05-21 10:54:46.002 1340 1340 W ContextImpl: Calling a method in the system process without a qualified user: android.app.ContextImpl.sendBroadcast:1181 android.content.ContextWrapper.sendBroadcast:479 cn.eben.newweather.DateWeatherService.a:19 cn.eben.newweather.DateWeatherService.a:0 cn.eben.newweather.DateWeatherService$1.handleMessage:7
05-21 11:03:43.758 543 543 I : read descriptors
05-21 11:03:43.758 543 543 I : read strings
05-21 11:03:43.760 1 1 I init : processing action (sys.usb.config=adb && sys.usb.configfs=1 && sys.usb.ffs.ready=1) from (/system/etc/init/hw/init.usb.configfs.rc:20)
05-21 11:03:43.763 1 1 I init : Command 'symlink /config/usb_gadget/g1/functions/ffs.adb /config/usb_gadget/g1/configs/b.1/f1' action=sys.usb.config=adb && sys.usb.configfs=1 && sys.usb.ffs.ready=1 (/system/etc/init/hw/init.usb.configfs.rc:22) took 0ms and failed: symlink() failed: File exists
05-21 11:03:43.764 1 1 I init : Command 'write /config/usb_gadget/g1/UDC ${sys.usb.controller}' action=sys.usb.config=adb && sys.usb.configfs=1 && sys.usb.ffs.ready=1 (/system/etc/init/hw/init.usb.configfs.rc:23) took 0ms and failed: Unable to write to file '/config/usb_gadget/g1/UDC': Unable to write file contents: Device or resource busy
05-21 10:54:47.003 1340 1340 W ContextImpl: Calling a method in the system process without a qualified user: android.app.ContextImpl.sendBroadcast:1181 android.content.ContextWrapper.sendBroadcast:479 cn.eben.newweather.DateWeatherService.a:19 cn.eben.newweather.DateWeatherService.a:0 cn.eben.newweather.DateWeatherService$1.handleMessage:7
05-21 10:54:47.301 627 945 I ActivityTaskManager: START u0 {cmp=com.ebensz.appmanager/.OnlineAppListActivity (has extras)} from uid 1000
05-21 10:54:47.317 627 2063 W ActivityTaskManager: Tried to set launchTime (0) < mLastActivityLaunchTime (1754838)
05-21 10:54:47.321 627 647 V InputMethodMenuController: Hide switching menu
05-21 10:54:47.374 3582 3582 W ContextImpl: Calling a method in the system process without a qualified user: android.app.ContextImpl.bindService:1911 android.content.ContextWrapper.bindService:810 com.ebensz.appmanager.views.fragments.OnlineAppListFragment.bindService:339 com.ebensz.appmanager.views.fragments.OnlineAppListFragment.onStart:324 android.app.Fragment.performStart:2531
05-21 10:54:47.377 627 647 V InputMethodMenuController: Hide switching menu
05-21 10:54:47.399 464 494 I RIL : ---> enter mainloop wait at port
05-21 10:54:47.399 464 494 D RIL-DEV : Get modem info
05-21 10:54:47.399 464 494 D RIL-DEV : [05-21_10:54:47:400] idVendor = 0bda
05-21 10:54:47.399 464 494 D RIL-DEV :
05-21 10:54:47.399 464 494 D RIL-DEV : [05-21_10:54:47:400] idVendor = 05e3
05-21 10:54:47.399 464 494 D RIL-DEV :
05-21 10:54:47.399 464 494 D RIL-DEV : [05-21_10:54:47:400] idVendor = 1d6b
05-21 10:54:47.399 464 494 D RIL-DEV :
05-21 10:54:47.399 464 494 D RIL-DEV : [05-21_10:54:47:400] idVendor = 1d6b
05-21 10:54:47.399 464 494 D RIL-DEV :
05-21 10:54:47.399 464 494 D RIL-DEV : [05-21_10:54:47:400] idVendor = 0bda
05-21 10:54:47.399 464 494 D RIL-DEV :
05-21 10:54:47.399 464 494 D RIL-DEV : [05-21_10:54:47:400] idVendor = 1d6b
05-21 10:54:47.399 464 494 D RIL-DEV :
05-21 10:54:47.400 464 494 D RIL-DEV : [05-21_10:54:47:400] idVendor = 2109
05-21 10:54:47.400 464 494 D RIL-DEV :
05-21 10:54:47.400 464 494 D RIL-DEV : [05-21_10:54:47:400] idVendor = 2109
05-21 10:54:47.400 464 494 D RIL-DEV :
05-21 10:54:47.400 464 494 D RIL-DEV : [05-21_10:54:47:400] idVendor = 1d6b
05-21 10:54:47.400 464 494 D RIL-DEV :
05-21 10:54:47.400 464 494 D RIL-DEV : [05-21_10:54:47:400] idVendor = 0bda
05-21 10:54:47.400 464 494 D RIL-DEV :
05-21 10:54:47.400 464 494 D RIL-DEV : [05-21_10:54:47:400] idVendor = 2109
05-21 10:54:47.400 464 494 D RIL-DEV :
05-21 10:54:47.400 464 494 E RIL-DEV : Cannot find Meig devices
05-21 10:54:47.400 464 494 I RIL : ---> can't find meig usb devices
05-21 10:54:47.405 627 2426 V InputMethodManagerService: startInputOrWindowGainedFocusInternalLocked: reason=WINDOW_FOCUS_GAIN client=android.os.BinderProxy@3398b1f inputContext=null missingMethods= attribute=android.view.inputmethod.EditorInfo@c253733 startInputFlags=VIEW_HAS_FOCUS|INITIAL_CONNECTION softInputMode=STATE_UNSPECIFIED|ADJUST_PAN|IS_FORWARD_NAVIGATION windowFlags=#81810100 unverifiedTargetSdkVersion=23
05-21 10:54:47.405 627 2426 V InputMethodManagerService: Unspecified window will hide input
05-21 10:54:47.407 627 647 V InputMethodMenuController: Hide switching menu
05-21 10:54:47.409 627 945 D InputMethodManagerService: --- calledFromForegroundUserOrSystemProcess ? calling uid = 1000 system uid = 1000 calling userId = 0, foreground user id = 0, calling pid = 0com.android.server.inputmethod.InputMethodManagerService.reportPerceptibleAsync(InputMethodManagerService.java:3162)
05-21 10:54:47.409 627 945 D InputMethodManagerService: IME window vis: 0 active: 0 inv: 0 displayId: 0
05-21 11:03:44.801 543 543 I : read descriptors
05-21 11:03:44.801 543 543 I : read strings
05-21 11:03:44.803 1 1 I init : processing action (sys.usb.config=adb && sys.usb.configfs=1 && sys.usb.ffs.ready=1) from (/system/etc/init/hw/init.usb.configfs.rc:20)
05-21 10:54:48.001 1340 1340 W ContextImpl: Calling a method in the system process without a qualified user: android.app.ContextImpl.sendBroadcast:1181 android.content.ContextWrapper.sendBroadcast:479 cn.eben.newweather.DateWeatherService.a:19 cn.eben.newweather.DateWeatherService.a:0 cn.eben.newweather.DateWeatherService$1.handleMessage:7
05-21 10:54:48.287 627 1329 E TaskPersister: File error accessing recents directory (directory doesn't exist?).
05-21 10:54:48.617 627 647 V InputMethodMenuController: Hide switching menu
05-21 10:54:48.644 627 647 V InputMethodMenuController: Hide switching menu
05-21 10:54:48.682 3582 3582 W ContextImpl: Calling a method in the system process without a qualified user: android.app.ContextImpl.sendBroadcast:1181 android.content.ContextWrapper.sendBroadcast:479 com.ebensz.appmanager.MainActivity$UpdateAndDownLoadAppsObservable.dispatchUpdateAppsCount:151 com.ebensz.appmanager.MainActivity.onLoadFinished:1059 com.ebensz.appmanager.MainActivity.onLoadFinished:93
05-21 10:54:48.684 627 653 I DropBoxManagerService: add tag=system_server_wtf isTagEnabled=true flags=0x2
05-21 10:54:48.688 627 945 W ContentProviderHelper: Permission Denial: opening provider com.android.providers.contacts.ContactsProvider2 from ProcessRecord{1933406 1690:cn.eben.sync/u0a44} (pid=1690, uid=10044) requires android.permission.READ_CONTACTS or android.permission.WRITE_CONTACTS
05-21 10:54:48.703 627 945 V InputMethodManagerService: startInputOrWindowGainedFocusInternalLocked: reason=WINDOW_FOCUS_GAIN client=android.os.BinderProxy@3398b1f inputContext=null missingMethods= attribute=android.view.inputmethod.EditorInfo@e1ad27c startInputFlags=VIEW_HAS_FOCUS|INITIAL_CONNECTION softInputMode=STATE_UNSPECIFIED|ADJUST_NOTHING windowFlags=#81810900 unverifiedTargetSdkVersion=23
05-21 10:54:48.703 627 945 V InputMethodManagerService: Unspecified window will hide input
05-21 10:54:48.705 627 647 V InputMethodMenuController: Hide switching menu
05-21 10:54:48.705 3582 3582 W ContextImpl: Calling a method in the system process without a qualified user: android.app.ContextImpl.sendBroadcast:1181 android.content.ContextWrapper.sendBroadcast:479 android.content.ContextWrapper.sendBroadcast:479 com.eben.appupdate.utils.Utils.setBadgeOfDefault:263 com.ebensz.appmanager.receiver.UpdateWdjDataReceiver.onReceive:32
05-21 10:54:48.706 3582 3582 W ContextImpl: Calling a method in the system process without a qualified user: android.app.ContextImpl.startService:1824 android.content.ContextWrapper.startService:774 android.content.ContextWrapper.startService:774 com.ebensz.appmanager.service.WDJDataUpdateService.startUpdateWdjService:67 com.ebensz.appmanager.receiver.UpdateWdjDataReceiver.onReceive:38
05-21 10:54:48.707 627 653 I DropBoxManagerService: add tag=system_server_wtf isTagEnabled=true flags=0x2
05-21 10:54:48.719 627 2063 D InputMethodManagerService: --- calledFromForegroundUserOrSystemProcess ? calling uid = 1000 system uid = 1000 calling userId = 0, foreground user id = 0, calling pid = 0com.android.server.inputmethod.InputMethodManagerService.reportPerceptibleAsync(InputMethodManagerService.java:3162)
05-21 10:54:48.719 627 2063 D InputMethodManagerService: IME window vis: 0 active: 0 inv: 0 displayId: 0
05-21 10:54:49.001 1340 1340 W ContextImpl: Calling a method in the system process without a qualified user: android.app.ContextImpl.sendBroadcast:1181 android.content.ContextWrapper.sendBroadcast:479 cn.eben.newweather.DateWeatherService.a:19 cn.eben.newweather.DateWeatherService.a:0 cn.eben.newweather.DateWeatherService$1.handleMessage:7
05-21 11:03:45.878 543 543 I : read descriptors
05-21 11:03:45.878 543 543 I : read strings
05-21 10:54:49.381 627 2426 I ActivityTaskManager: START u0 {cmp=com.ebensz.appmanager/.OnlineAppListActivity (has extras)} from uid 1000
05-21 10:54:49.394 627 2063 W ActivityTaskManager: Tried to set launchTime (0) < mLastActivityLaunchTime (1792160)
05-21 10:54:49.399 627 647 V InputMethodMenuController: Hide switching menu
05-21 10:54:49.400 464 494 I RIL : ---> enter mainloop wait at port
05-21 10:54:49.400 464 494 D RIL-DEV : Get modem info
05-21 10:54:49.400 464 494 D RIL-DEV : [05-21_10:54:49:401] idVendor = 0bda
05-21 10:54:49.400 464 494 D RIL-DEV :
05-21 10:54:49.400 464 494 D RIL-DEV : [05-21_10:54:49:401] idVendor = 05e3
05-21 10:54:49.400 464 494 D RIL-DEV :
05-21 10:54:49.400 464 494 D RIL-DEV : [05-21_10:54:49:401] idVendor = 1d6b
05-21 10:54:49.400 464 494 D RIL-DEV :
05-21 10:54:49.400 464 494 D RIL-DEV : [05-21_10:54:49:401] idVendor = 1d6b
05-21 10:54:49.400 464 494 D RIL-DEV :
05-21 10:54:49.401 464 494 D RIL-DEV : [05-21_10:54:49:401] idVendor = 0bda
05-21 10:54:49.401 464 494 D RIL-DEV :
05-21 10:54:49.401 464 494 D RIL-DEV : [05-21_10:54:49:402] idVendor = 1d6b
05-21 10:54:49.401 464 494 D RIL-DEV :
05-21 10:54:49.401 464 494 D RIL-DEV : [05-21_10:54:49:402] idVendor = 2109
05-21 10:54:49.401 464 494 D RIL-DEV :
05-21 10:54:49.401 464 494 D RIL-DEV : [05-21_10:54:49:402] idVendor = 2109
05-21 10:54:49.401 464 494 D RIL-DEV :
05-21 10:54:49.401 464 494 D RIL-DEV : [05-21_10:54:49:402] idVendor = 1d6b
05-21 10:54:49.401 464 494 D RIL-DEV :
05-21 10:54:49.402 464 494 D RIL-DEV : [05-21_10:54:49:402] idVendor = 0bda
05-21 10:54:49.402 464 494 D RIL-DEV :
05-21 10:54:49.402 464 494 D RIL-DEV : [05-21_10:54:49:402] idVendor = 2109
05-21 10:54:49.402 464 494 D RIL-DEV :
05-21 10:54:49.402 464 494 E RIL-DEV : Cannot find Meig devices
05-21 10:54:49.402 464 494 I RIL : ---> can't find meig usb devices
05-21 10:54:49.440 3582 3582 W ContextImpl: Calling a method in the system process without a qualified user: android.app.ContextImpl.bindService:1911 android.content.ContextWrapper.bindService:810 com.ebensz.appmanager.views.fragments.OnlineAppListFragment.bindService:339 com.ebensz.appmanager.views.fragments.OnlineAppListFragment.onStart:324 android.app.Fragment.performStart:2531
05-21 10:54:49.443 627 647 V InputMethodMenuController: Hide switching menu
05-21 10:54:49.479 627 1116 V InputMethodManagerService: startInputOrWindowGainedFocusInternalLocked: reason=WINDOW_FOCUS_GAIN client=android.os.BinderProxy@3398b1f inputContext=null missingMethods= attribute=android.view.inputmethod.EditorInfo@d6f0ce0 startInputFlags=VIEW_HAS_FOCUS|INITIAL_CONNECTION softInputMode=STATE_UNSPECIFIED|ADJUST_PAN|IS_FORWARD_NAVIGATION windowFlags=#81810100 unverifiedTargetSdkVersion=23
05-21 10:54:49.479 627 1116 V InputMethodManagerService: Unspecified window will hide input
05-21 10:54:49.482 627 647 V InputMethodMenuController: Hide switching menu
05-21 10:54:49.484 627 1116 D InputMethodManagerService: --- calledFromForegroundUserOrSystemProcess ? calling uid = 1000 system uid = 1000 calling userId = 0, foreground user id = 0, calling pid = 0com.android.server.inputmethod.InputMethodManagerService.reportPerceptibleAsync(InputMethodManagerService.java:3162)
05-21 10:54:49.484 627 1116 D InputMethodManagerService: IME window vis: 0 active: 0 inv: 0 displayId: 0
05-21 10:54:50.003 1340 1340 W ContextImpl: Calling a method in the system process without a qualified user: android.app.ContextImpl.sendBroadcast:1181 android.content.ContextWrapper.sendBroadcast:479 cn.eben.newweather.DateWeatherService.a:19 cn.eben.newweather.DateWeatherService.a:0 cn.eben.newweather.DateWeatherService$1.handleMessage:7
05-21 11:03:46.918 543 543 I : read descriptors
05-21 11:03:46.918 543 543 I : read strings
05-21 11:03:46.920 1 1 I init : processing action (sys.usb.config=adb && sys.usb.configfs=1 && sys.usb.ffs.ready=1) from (/system/etc/init/hw/init.usb.configfs.rc:20)
05-21 11:03:46.922 1 1 I init : Command 'symlink /config/usb_gadget/g1/functions/ffs.adb /config/usb_gadget/g1/configs/b.1/f1' action=sys.usb.config=adb && sys.usb.configfs=1 && sys.usb.ffs.ready=1 (/system/etc/init/hw/init.usb.configfs.rc:22) took 0ms and failed: symlink() failed: File exists
05-21 11:03:46.923 1 1 I init : Command 'write /config/usb_gadget/g1/UDC ${sys.usb.controller}' action=sys.usb.config=adb && sys.usb.configfs=1 && sys.usb.ffs.ready=1 (/system/etc/init/hw/init.usb.configfs.rc:23) took 0ms and failed: Unable to write to file '/config/usb_gadget/g1/UDC': Unable to write file contents: Device or resource busy
05-21 10:54:50.620 627 647 V InputMethodMenuController: Hide switching menu
05-21 10:54:50.638 627 647 V InputMethodMenuController: Hide switching menu
05-21 10:54:50.681 3582 3582 W ContextImpl: Calling a method in the system process without a qualified user: android.app.ContextImpl.sendBroadcast:1181 android.content.ContextWrapper.sendBroadcast:479 com.ebensz.appmanager.MainActivity$UpdateAndDownLoadAppsObservable.dispatchUpdateAppsCount:151 com.ebensz.appmanager.MainActivity.onLoadFinished:1059 com.ebensz.appmanager.MainActivity.onLoadFinished:93
05-21 10:54:50.683 627 653 I DropBoxManagerService: add tag=system_server_wtf isTagEnabled=true flags=0x2
05-21 10:54:50.693 627 2063 V InputMethodManagerService: startInputOrWindowGainedFocusInternalLocked: reason=WINDOW_FOCUS_GAIN client=android.os.BinderProxy@3398b1f inputContext=null missingMethods= attribute=android.view.inputmethod.EditorInfo@b684c1f startInputFlags=VIEW_HAS_FOCUS|INITIAL_CONNECTION softInputMode=STATE_UNSPECIFIED|ADJUST_NOTHING windowFlags=#81810900 unverifiedTargetSdkVersion=23
05-21 10:54:50.693 627 2063 V InputMethodManagerService: Unspecified window will hide input
05-21 10:54:50.695 627 647 V InputMethodMenuController: Hide switching menu
05-21 10:54:50.698 3582 3582 W ContextImpl: Calling a method in the system process without a qualified user: android.app.ContextImpl.sendBroadcast:1181 android.content.ContextWrapper.sendBroadcast:479 android.content.ContextWrapper.sendBroadcast:479 com.eben.appupdate.utils.Utils.setBadgeOfDefault:263 com.ebensz.appmanager.receiver.UpdateWdjDataReceiver.onReceive:32
05-21 10:54:50.700 3582 3582 W ContextImpl: Calling a method in the system process without a qualified user: android.app.ContextImpl.startService:1824 android.content.ContextWrapper.startService:774 android.content.ContextWrapper.startService:774 com.ebensz.appmanager.service.WDJDataUpdateService.startUpdateWdjService:67 com.ebensz.appmanager.receiver.UpdateWdjDataReceiver.onReceive:38
05-21 10:54:50.707 627 945 D InputMethodManagerService: --- calledFromForegroundUserOrSystemProcess ? calling uid = 1000 system uid = 1000 calling userId = 0, foreground user id = 0, calling pid = 0com.android.server.inputmethod.InputMethodManagerService.reportPerceptibleAsync(InputMethodManagerService.java:3162)
05-21 10:54:50.707 627 945 D InputMethodManagerService: IME window vis: 0 active: 0 inv: 0 displayId: 0
05-21 10:54:51.002 1340 1340 W ContextImpl: Calling a method in the system process without a qualified user: android.app.ContextImpl.sendBroadcast:1181 android.content.ContextWrapper.sendBroadcast:479 cn.eben.newweather.DateWeatherService.a:19 cn.eben.newweather.DateWeatherService.a:0 cn.eben.newweather.DateWeatherService$1.handleMessage:7
05-21 11:03:47.961 543 543 I : read descriptors
05-21 11:03:47.961 543 543 I : read strings
05-21 11:03:47.963 1 1 I init : processing action (sys.usb.config=adb && sys.usb.configfs=1 && sys.usb.ffs.ready=1) from (/system/etc/init/hw/init.usb.configfs.rc:20)
05-21 11:03:47.966 1 1 I init : Command 'symlink /config/usb_gadget/g1/functions/ffs.adb /config/usb_gadget/g1/configs/b.1/f1' action=sys.usb.config=adb && sys.usb.configfs=1 && sys.usb.ffs.ready=1 (/system/etc/init/hw/init.usb.configfs.rc:22) took 0ms and failed: symlink() failed: File exists
05-21 11:03:47.967 1 1 I init : Command 'write /config/usb_gadget/g1/UDC ${sys.usb.controller}' action=sys.usb.config=adb && sys.usb.configfs=1 && sys.usb.ffs.ready=1 (/system/etc/init/hw/init.usb.configfs.rc:23) took 0ms and failed: Unable to write to file '/config/usb_gadget/g1/UDC': Unable to write file contents: Device or resource busy
05-21 10:54:51.289 627 1116 I ActivityTaskManager: START u0 {cmp=com.ebensz.appmanager/.OnlineAppListActivity (has extras)} from uid 1000
05-21 10:54:51.305 627 945 W ActivityTaskManager: Tried to set launchTime (0) < mLastActivityLaunchTime (1794237)
05-21 10:54:51.308 627 647 V InputMethodMenuController: Hide switching menu
05-21 10:54:51.342 3582 3582 W ContextImpl: Calling a method in the system process without a qualified user: android.app.ContextImpl.bindService:1911 android.content.ContextWrapper.bindService:810 com.ebensz.appmanager.views.fragments.OnlineAppListFragment.bindService:339 com.ebensz.appmanager.views.fragments.OnlineAppListFragment.onStart:324 android.app.Fragment.performStart:2531
05-21 10:54:51.346 627 647 V InputMethodMenuController: Hide switching menu
05-21 10:54:51.376 627 1116 V InputMethodManagerService: startInputOrWindowGainedFocusInternalLocked: reason=WINDOW_FOCUS_GAIN client=android.os.BinderProxy@3398b1f inputContext=null missingMethods= attribute=android.view.inputmethod.EditorInfo@4c58ecd startInputFlags=VIEW_HAS_FOCUS|INITIAL_CONNECTION softInputMode=STATE_UNSPECIFIED|ADJUST_PAN|IS_FORWARD_NAVIGATION windowFlags=#81810100 unverifiedTargetSdkVersion=23
05-21 10:54:51.377 627 1116 V InputMethodManagerService: Unspecified window will hide input
05-21 10:54:51.378 627 647 V InputMethodMenuController: Hide switching menu
05-21 10:54:51.381 627 2063 D InputMethodManagerService: --- calledFromForegroundUserOrSystemProcess ? calling uid = 1000 system uid = 1000 calling userId = 0, foreground user id = 0, calling pid = 0com.android.server.inputmethod.InputMethodManagerService.reportPerceptibleAsync(InputMethodManagerService.java:3162)
05-21 10:54:51.381 627 2063 D InputMethodManagerService: IME window vis: 0 active: 0 inv: 0 displayId: 0
05-21 10:54:51.402 464 494 I RIL : ---> enter mainloop wait at port
05-21 10:54:51.402 464 494 D RIL-DEV : Get modem info
05-21 10:54:51.402 464 494 D RIL-DEV : [05-21_10:54:51:403] idVendor = 0bda
05-21 10:54:51.402 464 494 D RIL-DEV :
05-21 10:54:51.403 464 494 D RIL-DEV : [05-21_10:54:51:403] idVendor = 05e3
05-21 10:54:51.403 464 494 D RIL-DEV :
05-21 10:54:51.403 464 494 D RIL-DEV : [05-21_10:54:51:403] idVendor = 1d6b
05-21 10:54:51.403 464 494 D RIL-DEV :
05-21 10:54:51.403 464 494 D RIL-DEV : [05-21_10:54:51:403] idVendor = 1d6b
05-21 10:54:51.403 464 494 D RIL-DEV :
05-21 10:54:51.403 464 494 D RIL-DEV : [05-21_10:54:51:403] idVendor = 0bda
05-21 10:54:51.403 464 494 D RIL-DEV :
05-21 10:54:51.403 464 494 D RIL-DEV : [05-21_10:54:51:404] idVendor = 1d6b
05-21 10:54:51.403 464 494 D RIL-DEV :
05-21 10:54:51.403 464 494 D RIL-DEV : [05-21_10:54:51:404] idVendor = 2109
05-21 10:54:51.403 464 494 D RIL-DEV :
05-21 10:54:51.403 464 494 D RIL-DEV : [05-21_10:54:51:404] idVendor = 2109
05-21 10:54:51.403 464 494 D RIL-DEV :
05-21 10:54:51.403 464 494 D RIL-DEV : [05-21_10:54:51:404] idVendor = 1d6b
05-21 10:54:51.403 464 494 D RIL-DEV :
05-21 10:54:51.404 464 494 D RIL-DEV : [05-21_10:54:51:404] idVendor = 0bda
05-21 10:54:51.404 464 494 D RIL-DEV :
05-21 10:54:51.404 464 494 D RIL-DEV : [05-21_10:54:51:404] idVendor = 2109
05-21 10:54:51.404 464 494 D RIL-DEV :
05-21 10:54:51.404 464 494 E RIL-DEV : Cannot find Meig devices
05-21 10:54:51.404 464 494 I RIL : ---> can't find meig usb devices
05-21 10:54:52.002 1340 1340 W ContextImpl: Calling a method in the system process without a qualified user: android.app.ContextImpl.sendBroadcast:1181 android.content.ContextWrapper.sendBroadcast:479 cn.eben.newweather.DateWeatherService.a:19 cn.eben.newweather.DateWeatherService.a:0 cn.eben.newweather.DateWeatherService$1.handleMessage:7
05-21 11:03:49.038 543 543 I : read descriptors
05-21 11:03:49.038 543 543 I : read strings
05-21 11:03:49.043 1 1 I init : processing action (sys.usb.config=adb && sys.usb.configfs=1 && sys.usb.ffs.ready=1) from (/system/etc/init/hw/init.usb.configfs.rc:20)
05-21 11:03:49.045 1 1 I init : Command 'symlink /config/usb_gadget/g1/functions/ffs.adb /config/usb_gadget/g1/configs/b.1/f1' action=sys.usb.config=adb && sys.usb.configfs=1 && sys.usb.ffs.ready=1 (/system/etc/init/hw/init.usb.configfs.rc:22) took 0ms and failed: symlink() failed: File exists
05-21 11:03:49.045 1 1 I init : Command 'write /config/usb_gadget/g1/UDC ${sys.usb.controller}' action=sys.usb.config=adb && sys.usb.configfs=1 && sys.usb.ffs.ready=1 (/system/etc/init/hw/init.usb.configfs.rc:23) took 0ms and failed: Unable to write to file '/config/usb_gadget/g1/UDC': Unable to write file contents: Device or resource busy
05-21 10:54:52.409 627 1329 E TaskPersister: File error accessing recents directory (directory doesn't exist?).
05-21 10:54:52.820 627 647 V InputMethodMenuController: Hide switching menu
05-21 10:54:52.843 627 647 V InputMethodMenuController: Hide switching menu
05-21 10:54:52.894 3582 3582 W ContextImpl: Calling a method in the system process without a qualified user: android.app.ContextImpl.sendBroadcast:1181 android.content.ContextWrapper.sendBroadcast:479 com.ebensz.appmanager.MainActivity$UpdateAndDownLoadAppsObservable.dispatchUpdateAppsCount:151 com.ebensz.appmanager.MainActivity.onLoadFinished:1059 com.ebensz.appmanager.MainActivity.onLoadFinished:93
05-21 10:54:52.904 627 2063 V InputMethodManagerService: startInputOrWindowGainedFocusInternalLocked: reason=WINDOW_FOCUS_GAIN client=android.os.BinderProxy@3398b1f inputContext=null missingMethods= attribute=android.view.inputmethod.EditorInfo@162d130 startInputFlags=VIEW_HAS_FOCUS|INITIAL_CONNECTION softInputMode=STATE_UNSPECIFIED|ADJUST_NOTHING windowFlags=#81810900 unverifiedTargetSdkVersion=23
05-21 10:54:52.904 627 2063 V InputMethodManagerService: Unspecified window will hide input
05-21 10:54:52.906 627 647 V InputMethodMenuController: Hide switching menu
05-21 10:54:52.907 3582 3582 W ContextImpl: Calling a method in the system process without a qualified user: android.app.ContextImpl.sendBroadcast:1181 android.content.ContextWrapper.sendBroadcast:479 android.content.ContextWrapper.sendBroadcast:479 com.eben.appupdate.utils.Utils.setBadgeOfDefault:263 com.ebensz.appmanager.receiver.UpdateWdjDataReceiver.onReceive:32
05-21 10:54:52.909 3582 3582 W ContextImpl: Calling a method in the system process without a qualified user: android.app.ContextImpl.startService:1824 android.content.ContextWrapper.startService:774 android.content.ContextWrapper.startService:774 com.ebensz.appmanager.service.WDJDataUpdateService.startUpdateWdjService:67 com.ebensz.appmanager.receiver.UpdateWdjDataReceiver.onReceive:38
05-21 10:54:52.912 627 945 D InputMethodManagerService: --- calledFromForegroundUserOrSystemProcess ? calling uid = 1000 system uid = 1000 calling userId = 0, foreground user id = 0, calling pid = 0com.android.server.inputmethod.InputMethodManagerService.reportPerceptibleAsync(InputMethodManagerService.java:3162)
05-21 10:54:52.912 627 945 D InputMethodManagerService: IME window vis: 0 active: 0 inv: 0 displayId: 0
05-21 10:54:53.001 1340 1340 W ContextImpl: Calling a method in the system process without a qualified user: android.app.ContextImpl.sendBroadcast:1181 android.content.ContextWrapper.sendBroadcast:479 cn.eben.newweather.DateWeatherService.a:19 cn.eben.newweather.DateWeatherService.a:0 cn.eben.newweather.DateWeatherService$1.handleMessage:7
05-21 11:03:50.101 543 543 I : read descriptors
05-21 11:03:50.101 543 543 I : read strings
05-21 11:03:50.103 1 1 I init : processing action (sys.usb.config=adb && sys.usb.configfs=1 && sys.usb.ffs.ready=1) from (/system/etc/init/hw/init.usb.configfs.rc:20)
05-21 10:54:53.404 464 494 I RIL : ---> enter mainloop wait at port
05-21 10:54:53.404 464 494 D RIL-DEV : Get modem info
05-21 10:54:53.405 464 494 D RIL-DEV : [05-21_10:54:53:405] idVendor = 0bda
05-21 10:54:53.405 464 494 D RIL-DEV :
05-21 10:54:53.405 464 494 D RIL-DEV : [05-21_10:54:53:406] idVendor = 05e3
05-21 10:54:53.405 464 494 D RIL-DEV :
05-21 10:54:53.406 464 494 D RIL-DEV : [05-21_10:54:53:406] idVendor = 1d6b
05-21 10:54:53.406 464 494 D RIL-DEV :
05-21 10:54:53.406 464 494 D RIL-DEV : [05-21_10:54:53:406] idVendor = 1d6b
05-21 10:54:53.406 464 494 D RIL-DEV :
05-21 10:54:53.406 464 494 D RIL-DEV : [05-21_10:54:53:407] idVendor = 0bda
05-21 10:54:53.406 464 494 D RIL-DEV :
05-21 10:54:53.407 464 494 D RIL-DEV : [05-21_10:54:53:407] idVendor = 1d6b
05-21 10:54:53.407 464 494 D RIL-DEV :
05-21 10:54:53.407 464 494 D RIL-DEV : [05-21_10:54:53:407] idVendor = 2109
05-21 10:54:53.407 464 494 D RIL-DEV :
05-21 10:54:53.408 464 494 D RIL-DEV : [05-21_10:54:53:408] idVendor = 2109
05-21 10:54:53.408 464 494 D RIL-DEV :
05-21 10:54:53.408 464 494 D RIL-DEV : [05-21_10:54:53:408] idVendor = 1d6b
05-21 10:54:53.408 464 494 D RIL-DEV :
05-21 10:54:53.408 464 494 D RIL-DEV : [05-21_10:54:53:409] idVendor = 0bda
05-21 10:54:53.408 464 494 D RIL-DEV :
05-21 10:54:53.409 464 494 D RIL-DEV : [05-21_10:54:53:409] idVendor = 2109
05-21 10:54:53.409 464 494 D RIL-DEV :
05-21 10:54:53.409 464 494 E RIL-DEV : Cannot find Meig devices
05-21 10:54:53.409 464 494 I RIL : ---> can't find meig usb devices
05-21 10:54:53.643 627 945 I ActivityTaskManager: START u0 {cmp=com.ebensz.appmanager/.OnlineAppListActivity (has extras)} from uid 1000
05-21 10:54:53.659 627 945 W ActivityTaskManager: Tried to set launchTime (0) < mLastActivityLaunchTime (1796148)
05-21 10:54:53.661 627 647 V InputMethodMenuController: Hide switching menu
05-21 10:54:53.689 627 945 W ContentProviderHelper: Permission Denial: opening provider com.android.providers.contacts.ContactsProvider2 from ProcessRecord{1933406 1690:cn.eben.sync/u0a44} (pid=1690, uid=10044) requires android.permission.READ_CONTACTS or android.permission.WRITE_CONTACTS
05-21 10:54:53.694 3582 3582 W ContextImpl: Calling a method in the system process without a qualified user: android.app.ContextImpl.bindService:1911 android.content.ContextWrapper.bindService:810 com.ebensz.appmanager.views.fragments.OnlineAppListFragment.bindService:339 com.ebensz.appmanager.views.fragments.OnlineAppListFragment.onStart:324 android.app.Fragment.performStart:2531
05-21 10:54:53.696 627 647 V InputMethodMenuController: Hide switching menu
05-21 10:54:53.741 627 1116 V InputMethodManagerService: startInputOrWindowGainedFocusInternalLocked: reason=WINDOW_FOCUS_GAIN client=android.os.BinderProxy@3398b1f inputContext=null missingMethods= attribute=android.view.inputmethod.EditorInfo@d75d754 startInputFlags=VIEW_HAS_FOCUS|INITIAL_CONNECTION softInputMode=STATE_UNSPECIFIED|ADJUST_PAN|IS_FORWARD_NAVIGATION windowFlags=#81810100 unverifiedTargetSdkVersion=23
05-21 10:54:53.741 627 1116 V InputMethodManagerService: Unspecified window will hide input
05-21 10:54:53.742 627 647 V InputMethodMenuController: Hide switching menu
05-21 10:54:53.747 627 945 D InputMethodManagerService: --- calledFromForegroundUserOrSystemProcess ? calling uid = 1000 system uid = 1000 calling userId = 0, foreground user id = 0, calling pid = 0com.android.server.inputmethod.InputMethodManagerService.reportPerceptibleAsync(InputMethodManagerService.java:3162)
05-21 10:54:53.747 627 945 D InputMethodManagerService: IME window vis: 0 active: 0 inv: 0 displayId: 0
05-21 10:54:54.001 1340 1340 W ContextImpl: Calling a method in the system process without a qualified user: android.app.ContextImpl.sendBroadcast:1181 android.content.ContextWrapper.sendBroadcast:479 cn.eben.newweather.DateWeatherService.a:19 cn.eben.newweather.DateWeatherService.a:0 cn.eben.newweather.DateWeatherService$1.handleMessage:7
05-21 11:03:51.161 543 543 I : read descriptors
05-21 11:03:51.161 543 543 I : read strings
05-21 10:54:55.001 1340 1340 W ContextImpl: Calling a method in the system process without a qualified user: android.app.ContextImpl.sendBroadcast:1181 android.content.ContextWrapper.sendBroadcast:479 cn.eben.newweather.DateWeatherService.a:19 cn.eben.newweather.DateWeatherService.a:0 cn.eben.newweather.DateWeatherService$1.handleMessage:7
05-21 10:54:55.173 995 995 D RILJ : [0054]> GET_ACTIVITY_INFO [PHONE0]
05-21 10:54:55.173 464 464 D RIL : onRequest number : 135
05-21 10:54:55.173 464 464 D RIL : onRequest: GET_ACTIVITY_INFO
05-21 10:54:55.173 464 464 D RIL : onRequest in unavalable state
05-21 10:54:55.173 464 464 E RILC : getModemActivityInfoResponse Invalid response: NULL
05-21 10:54:55.174 995 1118 D RILJ : [0054]< GET_ACTIVITY_INFO ModemActivityInfo{ mTimestamp=0 mSleepTimeMs=0 mIdleTimeMs=0 mTxTimeMs[]=[0, 0, 0, 0, 0] mRxTimeMs=0} [PHONE0]
05-21 10:54:55.175 627 945 W BatteryExternalStatsWorker: error reading modem stats:ERROR_INVALID_INFO_RECEIVED
05-21 10:54:55.365 627 647 V InputMethodMenuController: Hide switching menu
05-21 11:03:52.204 543 543 I : read descriptors
05-21 11:03:52.204 543 543 I : read strings
05-21 11:03:52.206 1 1 I init : processing action (sys.usb.config=adb && sys.usb.configfs=1 && sys.usb.ffs.ready=1) from (/system/etc/init/hw/init.usb.configfs.rc:20)
05-21 11:03:52.209 1 1 I init : Command 'symlink /config/usb_gadget/g1/functions/ffs.adb /config/usb_gadget/g1/configs/b.1/f1' action=sys.usb.config=adb && sys.usb.configfs=1 && sys.usb.ffs.ready=1 (/system/etc/init/hw/init.usb.configfs.rc:22) took 1ms and failed: symlink() failed: File exists
05-21 11:03:52.209 1 1 I init : Command 'write /config/usb_gadget/g1/UDC ${sys.usb.controller}' action=sys.usb.config=adb && sys.usb.configfs=1 && sys.usb.ffs.ready=1 (/system/etc/init/hw/init.usb.configfs.rc:23) took 0ms and failed: Unable to write to file '/config/usb_gadget/g1/UDC': Unable to write file contents: Device or resource busy
05-21 10:54:55.387 627 647 V InputMethodMenuController: Hide switching menu
05-21 10:54:55.409 464 494 I RIL : ---> enter mainloop wait at port
05-21 10:54:55.409 464 494 D RIL-DEV : Get modem info
05-21 10:54:55.409 464 494 D RIL-DEV : [05-21_10:54:55:410] idVendor = 0bda
05-21 10:54:55.409 464 494 D RIL-DEV :
05-21 10:54:55.410 464 494 D RIL-DEV : [05-21_10:54:55:410] idVendor = 05e3
05-21 10:54:55.410 464 494 D RIL-DEV :
05-21 10:54:55.410 464 494 D RIL-DEV : [05-21_10:54:55:410] idVendor = 1d6b
05-21 10:54:55.410 464 494 D RIL-DEV :
05-21 10:54:55.410 464 494 D RIL-DEV : [05-21_10:54:55:410] idVendor = 1d6b
05-21 10:54:55.410 464 494 D RIL-DEV :
05-21 10:54:55.410 464 494 D RIL-DEV : [05-21_10:54:55:410] idVendor = 0bda
05-21 10:54:55.410 464 494 D RIL-DEV :
05-21 10:54:55.410 464 494 D RIL-DEV : [05-21_10:54:55:411] idVendor = 1d6b
05-21 10:54:55.410 464 494 D RIL-DEV :
05-21 10:54:55.410 464 494 D RIL-DEV : [05-21_10:54:55:411] idVendor = 2109
05-21 10:54:55.410 464 494 D RIL-DEV :
05-21 10:54:55.410 464 494 D RIL-DEV : [05-21_10:54:55:411] idVendor = 2109
05-21 10:54:55.410 464 494 D RIL-DEV :
05-21 10:54:55.411 464 494 D RIL-DEV : [05-21_10:54:55:411] idVendor = 1d6b
05-21 10:54:55.411 464 494 D RIL-DEV :
05-21 10:54:55.411 464 494 D RIL-DEV : [05-21_10:54:55:411] idVendor = 0bda
05-21 10:54:55.411 464 494 D RIL-DEV :
05-21 10:54:55.411 464 494 D RIL-DEV : [05-21_10:54:55:411] idVendor = 2109
05-21 10:54:55.411 464 494 D RIL-DEV :
05-21 10:54:55.411 464 494 E RIL-DEV : Cannot find Meig devices
05-21 10:54:55.411 464 494 I RIL : ---> can't find meig usb devices
05-21 10:54:55.433 3582 3582 W ContextImpl: Calling a method in the system process without a qualified user: android.app.ContextImpl.sendBroadcast:1181 android.content.ContextWrapper.sendBroadcast:479 com.ebensz.appmanager.MainActivity$UpdateAndDownLoadAppsObservable.dispatchUpdateAppsCount:151 com.ebensz.appmanager.MainActivity.onLoadFinished:1059 com.ebensz.appmanager.MainActivity.onLoadFinished:93
05-21 10:54:55.436 627 653 I DropBoxManagerService: add tag=system_server_wtf isTagEnabled=true flags=0x2
05-21 10:54:55.449 627 945 V InputMethodManagerService: startInputOrWindowGainedFocusInternalLocked: reason=WINDOW_FOCUS_GAIN client=android.os.BinderProxy@3398b1f inputContext=null missingMethods= attribute=android.view.inputmethod.EditorInfo@f00e9e startInputFlags=VIEW_HAS_FOCUS|INITIAL_CONNECTION softInputMode=STATE_UNSPECIFIED|ADJUST_NOTHING windowFlags=#81810900 unverifiedTargetSdkVersion=23
05-21 10:54:55.449 627 945 V InputMethodManagerService: Unspecified window will hide input
05-21 10:54:55.454 3582 3582 W ContextImpl: Calling a method in the system process without a qualified user: android.app.ContextImpl.sendBroadcast:1181 android.content.ContextWrapper.sendBroadcast:479 android.content.ContextWrapper.sendBroadcast:479 com.eben.appupdate.utils.Utils.setBadgeOfDefault:263 com.ebensz.appmanager.receiver.UpdateWdjDataReceiver.onReceive:32
05-21 10:54:55.455 627 647 V InputMethodMenuController: Hide switching menu
05-21 10:54:55.456 627 653 I DropBoxManagerService: add tag=system_server_wtf isTagEnabled=true flags=0x2
05-21 10:54:55.456 3582 3582 W ContextImpl: Calling a method in the system process without a qualified user: android.app.ContextImpl.startService:1824 android.content.ContextWrapper.startService:774 android.content.ContextWrapper.startService:774 com.ebensz.appmanager.service.WDJDataUpdateService.startUpdateWdjService:67 com.ebensz.appmanager.receiver.UpdateWdjDataReceiver.onReceive:38
05-21 10:54:55.461 627 945 D InputMethodManagerService: --- calledFromForegroundUserOrSystemProcess ? calling uid = 1000 system uid = 1000 calling userId = 0, foreground user id = 0, calling pid = 0com.android.server.inputmethod.InputMethodManagerService.reportPerceptibleAsync(InputMethodManagerService.java:3162)
05-21 10:54:55.461 627 945 D InputMethodManagerService: IME window vis: 0 active: 0 inv: 0 displayId: 0
05-21 10:54:56.003 1340 1340 W ContextImpl: Calling a method in the system process without a qualified user: android.app.ContextImpl.sendBroadcast:1181 android.content.ContextWrapper.sendBroadcast:479 cn.eben.newweather.DateWeatherService.a:19 cn.eben.newweather.DateWeatherService.a:0 cn.eben.newweather.DateWeatherService$1.handleMessage:7
05-21 11:03:53.265 543 543 I : read descriptors
05-21 11:03:53.265 543 543 I : read strings
05-21 11:03:53.266 1 1 I init : processing action (sys.usb.config=adb && sys.usb.configfs=1 && sys.usb.ffs.ready=1) from (/system/etc/init/hw/init.usb.configfs.rc:20)
05-21 11:03:53.268 1 1 I init : Command 'symlink /config/usb_gadget/g1/functions/ffs.adb /config/usb_gadget/g1/configs/b.1/f1' action=sys.usb.config=adb && sys.usb.configfs=1 && sys.usb.ffs.ready=1 (/system/etc/init/hw/init.usb.configfs.rc:22) took 0ms and failed: symlink() failed: File exists
05-21 11:03:53.268 1 1 I init : Command 'write /config/usb_gadget/g1/UDC ${sys.usb.controller}' action=sys.usb.config=adb && sys.usb.configfs=1 && sys.usb.ffs.ready=1 (/system/etc/init/hw/init.usb.configfs.rc:23) took 0ms and failed: Unable to write to file '/config/usb_gadget/g1/UDC': Unable to write file contents: Device or resource busy
05-21 10:54:56.443 627 945 I ActivityTaskManager: START u0 {cmp=com.ebensz.appmanager/.OnlineAppListActivity (has extras)} from uid 1000
05-21 10:54:56.458 627 1116 W ActivityTaskManager: Tried to set launchTime (0) < mLastActivityLaunchTime (1798502)
05-21 10:54:56.460 627 647 V InputMethodMenuController: Hide switching menu
05-21 10:54:56.503 3582 3582 W ContextImpl: Calling a method in the system process without a qualified user: android.app.ContextImpl.bindService:1911 android.content.ContextWrapper.bindService:810 com.ebensz.appmanager.views.fragments.OnlineAppListFragment.bindService:339 com.ebensz.appmanager.views.fragments.OnlineAppListFragment.onStart:324 android.app.Fragment.performStart:2531
05-21 10:54:56.506 627 647 V InputMethodMenuController: Hide switching menu
05-21 10:54:56.546 627 945 V InputMethodManagerService: startInputOrWindowGainedFocusInternalLocked: reason=WINDOW_FOCUS_GAIN client=android.os.BinderProxy@3398b1f inputContext=null missingMethods= attribute=android.view.inputmethod.EditorInfo@68b9d29 startInputFlags=VIEW_HAS_FOCUS|INITIAL_CONNECTION softInputMode=STATE_UNSPECIFIED|ADJUST_PAN|IS_FORWARD_NAVIGATION windowFlags=#81810100 unverifiedTargetSdkVersion=23
05-21 10:54:56.546 627 945 V InputMethodManagerService: Unspecified window will hide input
05-21 10:54:56.549 627 647 V InputMethodMenuController: Hide switching menu
05-21 10:54:56.551 627 945 D InputMethodManagerService: --- calledFromForegroundUserOrSystemProcess ? calling uid = 1000 system uid = 1000 calling userId = 0, foreground user id = 0, calling pid = 0com.android.server.inputmethod.InputMethodManagerService.reportPerceptibleAsync(InputMethodManagerService.java:3162)
05-21 10:54:56.551 627 945 D InputMethodManagerService: IME window vis: 0 active: 0 inv: 0 displayId: 0
05-21 10:54:57.004 1340 1340 W ContextImpl: Calling a method in the system process without a qualified user: android.app.ContextImpl.sendBroadcast:1181 android.content.ContextWrapper.sendBroadcast:479 cn.eben.newweather.DateWeatherService.a:19 cn.eben.newweather.DateWeatherService.a:0 cn.eben.newweather.DateWeatherService$1.handleMessage:7
05-21 10:54:57.124 627 1329 E TaskPersister: File error accessing recents directory (directory doesn't exist?).
05-21 10:54:57.411 464 494 I RIL : ---> enter mainloop wait at port
05-21 10:54:57.411 464 494 D RIL-DEV : Get modem info
05-21 10:54:57.412 464 494 D RIL-DEV : [05-21_10:54:57:413] idVendor = 0bda
05-21 10:54:57.412 464 494 D RIL-DEV :
05-21 10:54:57.413 464 494 D RIL-DEV : [05-21_10:54:57:413] idVendor = 05e3
05-21 10:54:57.413 464 494 D RIL-DEV :
05-21 10:54:57.413 464 494 D RIL-DEV : [05-21_10:54:57:413] idVendor = 1d6b
05-21 10:54:57.413 464 494 D RIL-DEV :
05-21 10:54:57.413 464 494 D RIL-DEV : [05-21_10:54:57:414] idVendor = 1d6b
05-21 10:54:57.413 464 494 D RIL-DEV :
05-21 10:54:57.414 464 494 D RIL-DEV : [05-21_10:54:57:414] idVendor = 0bda
05-21 10:54:57.414 464 494 D RIL-DEV :
05-21 10:54:57.414 464 494 D RIL-DEV : [05-21_10:54:57:415] idVendor = 1d6b
05-21 10:54:57.414 464 494 D RIL-DEV :
05-21 10:54:57.414 464 494 D RIL-DEV : [05-21_10:54:57:415] idVendor = 2109
05-21 10:54:57.414 464 494 D RIL-DEV :
05-21 10:54:57.415 464 494 D RIL-DEV : [05-21_10:54:57:415] idVendor = 2109
05-21 10:54:57.415 464 494 D RIL-DEV :
05-21 10:54:57.415 464 494 D RIL-DEV : [05-21_10:54:57:416] idVendor = 1d6b
05-21 10:54:57.415 464 494 D RIL-DEV :
05-21 10:54:57.415 464 494 D RIL-DEV : [05-21_10:54:57:416] idVendor = 0bda
05-21 10:54:57.415 464 494 D RIL-DEV :
05-21 10:54:57.416 464 494 D RIL-DEV : [05-21_10:54:57:416] idVendor = 2109
05-21 10:54:57.416 464 494 D RIL-DEV :
05-21 10:54:57.416 464 494 E RIL-DEV : Cannot find Meig devices
05-21 10:54:57.416 464 494 I RIL : ---> can't find meig usb devices
05-21 11:03:54.305 543 543 I : read descriptors
05-21 11:03:54.305 543 543 I : read strings
05-21 11:03:54.307 1 1 I init : processing action (sys.usb.config=adb && sys.usb.configfs=1 && sys.usb.ffs.ready=1) from (/system/etc/init/hw/init.usb.configfs.rc:20)
05-21 11:03:54.309 1 1 I init : Command 'symlink /config/usb_gadget/g1/functions/ffs.adb /config/usb_gadget/g1/configs/b.1/f1' action=sys.usb.config=adb && sys.usb.configfs=1 && sys.usb.ffs.ready=1 (/system/etc/init/hw/init.usb.configfs.rc:22) took 0ms and failed: symlink() failed: File exists
05-21 11:03:54.310 1 1 I init : Command 'write /config/usb_gadget/g1/UDC ${sys.usb.controller}' action=sys.usb.config=adb && sys.usb.configfs=1 && sys.usb.ffs.ready=1 (/system/etc/init/hw/init.usb.configfs.rc:23) took 0ms and failed: Unable to write to file '/config/usb_gadget/g1/UDC': Unable to write file contents: Device or resource busy
05-21 10:54:58.002 1340 1340 W ContextImpl: Calling a method in the system process without a qualified user: android.app.ContextImpl.sendBroadcast:1181 android.content.ContextWrapper.sendBroadcast:479 cn.eben.newweather.DateWeatherService.a:19 cn.eben.newweather.DateWeatherService.a:0 cn.eben.newweather.DateWeatherService$1.handleMessage:7
05-21 10:54:58.136 627 647 V InputMethodMenuController: Hide switching menu
05-21 10:54:58.188 627 647 V InputMethodMenuController: Hide switching menu
05-21 10:54:58.229 3582 3582 W ContextImpl: Calling a method in the system process without a qualified user: android.app.ContextImpl.sendBroadcast:1181 android.content.ContextWrapper.sendBroadcast:479 com.ebensz.appmanager.MainActivity$UpdateAndDownLoadAppsObservable.dispatchUpdateAppsCount:151 com.ebensz.appmanager.MainActivity.onLoadFinished:1059 com.ebensz.appmanager.MainActivity.onLoadFinished:93
05-21 10:54:58.231 627 653 I DropBoxManagerService: add tag=system_server_wtf isTagEnabled=true flags=0x2
05-21 10:54:58.244 627 1116 V InputMethodManagerService: startInputOrWindowGainedFocusInternalLocked: reason=WINDOW_FOCUS_GAIN client=android.os.BinderProxy@3398b1f inputContext=null missingMethods= attribute=android.view.inputmethod.EditorInfo@f94b7c5 startInputFlags=VIEW_HAS_FOCUS|INITIAL_CONNECTION softInputMode=STATE_UNSPECIFIED|ADJUST_NOTHING windowFlags=#81810900 unverifiedTargetSdkVersion=23
05-21 10:54:58.244 627 1116 V InputMethodManagerService: Unspecified window will hide input
05-21 10:54:58.248 627 647 V InputMethodMenuController: Hide switching menu
05-21 10:54:58.248 3582 3582 W ContextImpl: Calling a method in the system process without a qualified user: android.app.ContextImpl.sendBroadcast:1181 android.content.ContextWrapper.sendBroadcast:479 android.content.ContextWrapper.sendBroadcast:479 com.eben.appupdate.utils.Utils.setBadgeOfDefault:263 com.ebensz.appmanager.receiver.UpdateWdjDataReceiver.onReceive:32
05-21 10:54:58.250 3582 3582 W ContextImpl: Calling a method in the system process without a qualified user: android.app.ContextImpl.startService:1824 android.content.ContextWrapper.startService:774 android.content.ContextWrapper.startService:774 com.ebensz.appmanager.service.WDJDataUpdateService.startUpdateWdjService:67 com.ebensz.appmanager.receiver.UpdateWdjDataReceiver.onReceive:38
05-21 10:54:58.251 627 653 I DropBoxManagerService: add tag=system_server_wtf isTagEnabled=true flags=0x2
05-21 10:54:58.255 627 1116 D InputMethodManagerService: --- calledFromForegroundUserOrSystemProcess ? calling uid = 1000 system uid = 1000 calling userId = 0, foreground user id = 0, calling pid = 0com.android.server.inputmethod.InputMethodManagerService.reportPerceptibleAsync(InputMethodManagerService.java:3162)
05-21 10:54:58.255 627 1116 D InputMethodManagerService: IME window vis: 0 active: 0 inv: 0 displayId: 0
05-21 11:03:55.371 543 543 I : read descriptors
05-21 11:03:55.371 543 543 I : read strings
05-21 11:03:55.373 1 1 I init : processing action (sys.usb.config=adb && sys.usb.configfs=1 && sys.usb.ffs.ready=1) from (/system/etc/init/hw/init.usb.configfs.rc:20)
05-21 10:54:58.692 627 1116 W ContentProviderHelper: Permission Denial: opening provider com.android.providers.contacts.ContactsProvider2 from ProcessRecord{1933406 1690:cn.eben.sync/u0a44} (pid=1690, uid=10044) requires android.permission.READ_CONTACTS or android.permission.WRITE_CONTACTS
05-21 10:54:59.003 1340 1340 W ContextImpl: Calling a method in the system process without a qualified user: android.app.ContextImpl.sendBroadcast:1181 android.content.ContextWrapper.sendBroadcast:479 cn.eben.newweather.DateWeatherService.a:19 cn.eben.newweather.DateWeatherService.a:0 cn.eben.newweather.DateWeatherService$1.handleMessage:7
05-21 10:54:59.417 464 494 I RIL : ---> enter mainloop wait at port
05-21 10:54:59.417 464 494 D RIL-DEV : Get modem info
05-21 10:54:59.418 464 494 D RIL-DEV : [05-21_10:54:59:418] idVendor = 0bda
05-21 10:54:59.418 464 494 D RIL-DEV :
05-21 10:54:59.418 464 494 D RIL-DEV : [05-21_10:54:59:419] idVendor = 05e3
05-21 10:54:59.418 464 494 D RIL-DEV :
05-21 10:54:59.418 464 494 D RIL-DEV : [05-21_10:54:59:419] idVendor = 1d6b
05-21 10:54:59.418 464 494 D RIL-DEV :
05-21 10:54:59.419 464 494 D RIL-DEV : [05-21_10:54:59:419] idVendor = 1d6b
05-21 10:54:59.419 464 494 D RIL-DEV :
05-21 10:54:59.419 464 494 D RIL-DEV : [05-21_10:54:59:419] idVendor = 0bda
05-21 10:54:59.419 464 494 D RIL-DEV :
05-21 10:54:59.419 464 494 D RIL-DEV : [05-21_10:54:59:420] idVendor = 1d6b
05-21 10:54:59.419 464 494 D RIL-DEV :
05-21 10:54:59.420 464 494 D RIL-DEV : [05-21_10:54:59:420] idVendor = 2109
05-21 10:54:59.420 464 494 D RIL-DEV :
05-21 10:54:59.420 464 494 D RIL-DEV : [05-21_10:54:59:421] idVendor = 2109
05-21 10:54:59.420 464 494 D RIL-DEV :
05-21 10:54:59.420 464 494 D RIL-DEV : [05-21_10:54:59:421] idVendor = 1d6b
05-21 10:54:59.420 464 494 D RIL-DEV :
05-21 10:54:59.421 464 494 D RIL-DEV : [05-21_10:54:59:421] idVendor = 0bda
05-21 10:54:59.421 464 494 D RIL-DEV :
05-21 10:54:59.421 464 494 D RIL-DEV : [05-21_10:54:59:422] idVendor = 2109
05-21 10:54:59.421 464 494 D RIL-DEV :
05-21 10:54:59.421 464 494 E RIL-DEV : Cannot find Meig devices
05-21 10:54:59.422 464 494 I RIL : ---> can't find meig usb devices
05-21 11:03:56.408 543 543 I : read descriptors
05-21 11:03:56.408 543 543 I : read strings
05-21 10:55:00.007 1340 1340 W ContextImpl: Calling a method in the system process without a qualified user: android.app.ContextImpl.sendBroadcast:1181 android.content.ContextWrapper.sendBroadcast:479 cn.eben.newweather.DateWeatherService.a:19 cn.eben.newweather.DateWeatherService.a:0 cn.eben.newweather.DateWeatherService$1.handleMessage:7
05-21 10:55:00.164 627 1116 I ActivityTaskManager: START u0 {cmp=com.ebensz.appmanager/.OnlineAppListActivity (has extras)} from uid 1000
05-21 10:55:00.186 627 1116 W ActivityTaskManager: Tried to set launchTime (0) < mLastActivityLaunchTime (1801301)
05-21 10:55:00.196 627 647 V InputMethodMenuController: Hide switching menu
05-21 10:55:00.258 3582 3582 W ContextImpl: Calling a method in the system process without a qualified user: android.app.ContextImpl.bindService:1911 android.content.ContextWrapper.bindService:810 com.ebensz.appmanager.views.fragments.OnlineAppListFragment.bindService:339 com.ebensz.appmanager.views.fragments.OnlineAppListFragment.onStart:324 android.app.Fragment.performStart:2531
05-21 10:55:00.264 627 647 V InputMethodMenuController: Hide switching menu
