05-21 10:49:20.026 1 1 I init : Command 'symlink /config/usb_gadget/g1/functions/ffs.adb /config/usb_gadget/g1/configs/b.1/f1' action=sys.usb.config=adb && sys.usb.configfs=1 && sys.usb.ffs.ready=1 (/system/etc/init/hw/init.usb.configfs.rc:22) took 0ms and failed: symlink() failed: File exists
05-21 10:49:20.028 1 1 I init : Command 'write /config/usb_gadget/g1/UDC ${sys.usb.controller}' action=sys.usb.config=adb && sys.usb.configfs=1 && sys.usb.ffs.ready=1 (/system/etc/init/hw/init.usb.configfs.rc:23) took 1ms and failed: Unable to write to file '/config/usb_gadget/g1/UDC': Unable to write file contents: Device or resource busy
05-21 10:49:21.093 543 543 I : read descriptors
05-21 10:49:21.094 543 543 I : read strings
05-21 10:49:21.097 1 1 I init : processing action (sys.usb.config=adb && sys.usb.configfs=1 && sys.usb.ffs.ready=1) from (/system/etc/init/hw/init.usb.configfs.rc:20)
05-21 10:49:21.099 1 1 I init : Command 'symlink /config/usb_gadget/g1/functions/ffs.adb /config/usb_gadget/g1/configs/b.1/f1' action=sys.usb.config=adb && sys.usb.configfs=1 && sys.usb.ffs.ready=1 (/system/etc/init/hw/init.usb.configfs.rc:22) took 0ms and failed: symlink() failed: File exists
05-21 10:49:21.099 1 1 I init : Command 'write /config/usb_gadget/g1/UDC ${sys.usb.controller}' action=sys.usb.config=adb && sys.usb.configfs=1 && sys.usb.ffs.ready=1 (/system/etc/init/hw/init.usb.configfs.rc:23) took 0ms and failed: Unable to write to file '/config/usb_gadget/g1/UDC': Unable to write file contents: Device or resource busy
05-21 10:49:22.150 543 543 I : read descriptors
05-21 10:49:22.150 543 543 I : read strings
05-21 10:49:22.153 1 1 I init : processing action (sys.usb.config=adb && sys.usb.configfs=1 && sys.usb.ffs.ready=1) from (/system/etc/init/hw/init.usb.configfs.rc:20)
05-21 10:49:22.156 1 1 I init : Command 'symlink /config/usb_gadget/g1/functions/ffs.adb /config/usb_gadget/g1/configs/b.1/f1' action=sys.usb.config=adb && sys.usb.configfs=1 && sys.usb.ffs.ready=1 (/system/etc/init/hw/init.usb.configfs.rc:22) took 0ms and failed: symlink() failed: File exists
05-21 10:49:22.157 1 1 I init : Command 'write /config/usb_gadget/g1/UDC ${sys.usb.controller}' action=sys.usb.config=adb && sys.usb.configfs=1 && sys.usb.ffs.ready=1 (/system/etc/init/hw/init.usb.configfs.rc:23) took 0ms and failed: Unable to write to file '/config/usb_gadget/g1/UDC': Unable to write file contents: Device or resource busy
05-21 10:49:23.210 543 543 I : read descriptors
05-21 10:49:23.210 543 543 I : read strings
05-21 10:49:23.212 1 1 I init : processing action (sys.usb.config=adb && sys.usb.configfs=1 && sys.usb.ffs.ready=1) from (/system/etc/init/hw/init.usb.configfs.rc:20)
05-21 10:49:24.260 543 543 I : read descriptors
05-21 10:49:24.260 543 543 I : read strings
05-21 10:49:25.314 543 543 I : read descriptors
05-21 10:49:25.314 543 543 I : read strings
05-21 10:49:25.316 1 1 I init : processing action (sys.usb.config=adb && sys.usb.configfs=1 && sys.usb.ffs.ready=1) from (/system/etc/init/hw/init.usb.configfs.rc:20)
05-21 10:49:25.321 1 1 I init : Command 'symlink /config/usb_gadget/g1/functions/ffs.adb /config/usb_gadget/g1/configs/b.1/f1' action=sys.usb.config=adb && sys.usb.configfs=1 && sys.usb.ffs.ready=1 (/system/etc/init/hw/init.usb.configfs.rc:22) took 1ms and failed: symlink() failed: File exists
05-21 10:49:25.325 1 1 I init : Command 'write /config/usb_gadget/g1/UDC ${sys.usb.controller}' action=sys.usb.config=adb && sys.usb.configfs=1 && sys.usb.ffs.ready=1 (/system/etc/init/hw/init.usb.configfs.rc:23) took 3ms and failed: Unable to write to file '/config/usb_gadget/g1/UDC': Unable to write file contents: Device or resource busy
05-21 10:49:25.521 445 445 I gsensor_mxc6655 5-0015: set sensor poll time to 200ms
05-21 10:49:25.890 351 351 I rockchip-vop2 fdd90000.vop: [drm:vop2_crtc_atomic_disable] Crtc atomic disable vp2
05-21 10:49:25.900 351 351 E rockchip-vop2 fdd90000.vop: [drm:vop2_crtc_atomic_disable] *ERROR* unexpected power on pd7
05-21 10:49:26.043 2520 2520 I PM : suspend entry (deep)
05-21 10:49:26.063 2520 2520 I Filesystems sync: 0.019 seconds
05-21 10:49:26.063 2520 2520 I : Freezing user space processes ... (elapsed 0.006 seconds) done.
05-21 10:49:26.070 2520 2520 I : OOM killer disabled.
05-21 10:49:26.070 2520 2520 I : Freezing remaining freezable tasks ... (elapsed 0.196 seconds) done.
05-21 10:49:26.266 2520 2520 I printk : Suspending console(s) (use no_console_suspend to debug)
05-21 10:49:26.349 2520 2520 E regulator-dummy: Underflow of regulator enable count
05-21 10:49:26.349 2520 2520 E wacom_i2c 4-0009: disable regulator failed -22
05-21 10:49:26.595 2520 2520 I : Disabling non-boot CPUs ...
05-21 10:49:26.596 2520 2520 I psci : CPU1 killed (polled 0 ms)
05-21 10:49:26.598 2520 2520 I psci : CPU2 killed (polled 0 ms)
05-21 10:49:26.599 2520 2520 I psci : CPU3 killed (polled 0 ms)
05-21 10:49:26.602 2520 2520 I psci : CPU4 killed (polled 0 ms)
05-21 10:49:26.605 2520 2520 I psci : CPU5 killed (polled 0 ms)
05-21 10:49:26.606 2520 2520 I psci : CPU6 killed (polled 0 ms)
05-21 10:49:26.608 2520 2520 I psci : CPU7 killed (polled 0 ms)
05-21 10:49:57.357 0 0 W [ C0] PM: pm_system_irq_wakeup: 114 triggered hym8563
05-21 10:49:57.358 2520 2520 I : Enabling non-boot CPUs ...
05-21 10:49:57.359 0 0 I : Detected VIPT I-cache on CPU1
05-21 10:49:57.359 0 0 I GICv3 : CPU1: found redistributor 100 region 0:0x00000000fe6a0000
05-21 10:49:57.359 0 0 I CPU1 : Booted secondary processor 0x0000000100 [0x412fd050]
05-21 10:49:57.360 2520 2520 I : CPU1 is up
05-21 10:49:57.361 0 0 I : Detected VIPT I-cache on CPU2
05-21 10:49:57.361 0 0 I GICv3 : CPU2: found redistributor 200 region 0:0x00000000fe6c0000
05-21 10:49:57.361 0 0 I CPU2 : Booted secondary processor 0x0000000200 [0x412fd050]
05-21 10:49:57.361 2520 2520 I : CPU2 is up
05-21 10:49:57.362 0 0 I : Detected VIPT I-cache on CPU3
05-21 10:49:57.362 0 0 I GICv3 : CPU3: found redistributor 300 region 0:0x00000000fe6e0000
05-21 10:49:57.362 0 0 I CPU3 : Booted secondary processor 0x0000000300 [0x412fd050]
05-21 10:49:57.363 2520 2520 I : CPU3 is up
05-21 10:49:57.364 0 0 I : Detected PIPT I-cache on CPU4
05-21 10:49:57.364 0 0 I GICv3 : CPU4: found redistributor 400 region 0:0x00000000fe700000
05-21 10:49:57.364 0 0 I CPU4 : Booted secondary processor 0x0000000400 [0x414fd0b0]
05-21 10:49:57.365 2520 2520 I : CPU4 is up
05-21 10:49:57.366 0 0 I : Detected PIPT I-cache on CPU5
05-21 10:49:57.366 0 0 I GICv3 : CPU5: found redistributor 500 region 0:0x00000000fe720000
05-21 10:49:57.366 0 0 I CPU5 : Booted secondary processor 0x0000000500 [0x414fd0b0]
05-21 10:49:57.367 2520 2520 I : CPU5 is up
05-21 10:49:57.368 0 0 I : Detected PIPT I-cache on CPU6
05-21 10:49:57.368 0 0 I GICv3 : CPU6: found redistributor 600 region 0:0x00000000fe740000
05-21 10:49:57.368 0 0 I CPU6 : Booted secondary processor 0x0000000600 [0x414fd0b0]
05-21 10:49:57.369 2520 2520 I : CPU6 is up
05-21 10:49:57.370 0 0 I : Detected PIPT I-cache on CPU7
05-21 10:49:57.370 0 0 I GICv3 : CPU7: found redistributor 700 region 0:0x00000000fe760000
05-21 10:49:57.370 0 0 I CPU7 : Booted secondary processor 0x0000000700 [0x414fd0b0]
05-21 10:49:57.371 2520 2520 I : CPU7 is up
05-21 10:49:57.377 2520 2520 I rk_gmac-dwmac fe1c0000.ethernet: init for RGMII
05-21 10:49:57.378 2523 2523 I usb1 : root hub lost power or was reset
05-21 10:49:57.385 4844 4844 I usb3 : root hub lost power or was reset
05-21 10:49:57.385 4844 4844 I usb4 : root hub lost power or was reset
05-21 10:49:57.387 2520 2520 E PM : dpm_run_callback(): wacom_i2c_resume+0x0/0xdc returns -6
05-21 10:49:57.387 2520 2520 E PM : Device 4-0009 failed to resume: error -6
05-21 10:49:57.448 2520 2520 I usb2 : root hub lost power or was reset
05-21 10:49:57.635 4835 4835 I usb 4-1 : reset SuperSpeed Gen 1 USB device number 2 using xhci-hcd
05-21 10:49:57.774 4860 4860 I usb 3-1 : reset high-speed USB device number 2 using xhci-hcd
05-21 10:49:58.285 4851 4851 I usb 4-1.3: reset SuperSpeed Gen 1 USB device number 3 using xhci-hcd
05-21 10:49:58.381 4828 4828 I usb 4-1.1: reset SuperSpeed Gen 1 USB device number 5 using xhci-hcd
05-21 10:49:58.475 4850 4850 I usb 4-1.4: reset SuperSpeed Gen 1 USB device number 4 using xhci-hcd
05-21 10:49:58.513 4481 4481 I r8152 4-1.4: 1.0: skip request firmware
05-21 10:49:58.704 4859 4859 I usb 3-1.3: reset high-speed USB device number 3 using xhci-hcd
05-21 10:49:58.924 4842 4842 I usb 3-1.5: reset high-speed USB device number 6 using xhci-hcd
05-21 10:49:59.016 4842 4842 E PM : dpm_run_callback(): usb_dev_resume+0x0/0x28 returns -5
05-21 10:49:59.016 4842 4842 E PM : Device 3-1.5 failed to resume async: error -5
05-21 10:49:59.019 2520 2520 I : OOM killer enabled.
05-21 10:49:59.019 2520 2520 I : Restarting tasks ...
05-21 10:49:59.022 4481 4481 I usb 3-1.5: USB disconnect, device number 6
05-21 10:49:59.038 2520 2520 W : done.
05-21 10:50:29.786 440 440 W healthd : battery l=80 v=8706 t=27.5 h=1 st=2 c=1664000 fc=9700000 cc=10 chg=u
05-21 10:50:29.798 2520 2520 I : Resume caused by IRQ 114, hym8563
05-21 10:50:29.798 2520 2520 I PM : suspend exit
05-21 10:50:29.859 4481 4481 I usb 3-1.5: new high-speed USB device number 7 using xhci-hcd
05-21 10:50:29.867 469 469 I gsensor_mxc6655 5-0015: set sensor poll time to 200ms
05-21 10:50:29.868 469 469 I gsensor_mxc6655 5-0015: sensor on: starting poll sensor data 196ms
05-21 10:50:29.880 351 351 W : <<-GTP-ERROR->> I2C Read: 0x8047, 1 bytes failed, errcode: -6! Process reset.
05-21 10:50:29.950 4481 4481 I usb 3-1.5: New USB device found, idVendor=2109, idProduct=8817, bcdDevice= 0.01
05-21 10:50:29.950 4481 4481 I usb 3-1.5: New USB device strings: Mfr=1, Product=2, SerialNumber=3
05-21 10:50:29.950 4481 4481 I usb 3-1.5: Product: USB Billboard Device
05-21 10:50:29.950 4481 4481 I usb 3-1.5: Manufacturer: VIA Labs, Inc.
05-21 10:50:29.950 4481 4481 I usb 3-1.5: SerialNumber: 0000000000000001
05-21 10:50:29.976 351 351 W : <<-GTP-ERROR->> GTP i2c test failed time 1.
05-21 10:50:30.048 351 351 I rockchip-vop2 fdd90000.vop: [drm:vop2_crtc_atomic_enable] Update mode to 1536x2048p55, type: 16(if:60) for vp2 dclk: 192000000
05-21 10:50:30.049 351 351 I rockchip-vop2 fdd90000.vop: [drm:vop2_crtc_atomic_enable] dclk_out2 div: 2 dclk_core2 div: 1
05-21 10:50:30.049 351 351 I rockchip-vop2 fdd90000.vop: [drm:vop2_crtc_atomic_enable] set dclk_vop2 to 96000000, get 96000000
05-21 10:50:30.072 469 469 I gsensor_mxc6655 5-0015: set sensor poll time to 66ms
05-21 10:50:30.080 543 543 I : read descriptors
05-21 10:50:30.080 543 543 I : read strings
05-21 10:50:30.081 1 1 I init : processing action (sys.usb.config=adb && sys.usb.configfs=1 && sys.usb.ffs.ready=1) from (/system/etc/init/hw/init.usb.configfs.rc:20)
05-21 10:50:30.083 1 1 I init : Command 'symlink /config/usb_gadget/g1/functions/ffs.adb /config/usb_gadget/g1/configs/b.1/f1' action=sys.usb.config=adb && sys.usb.configfs=1 && sys.usb.ffs.ready=1 (/system/etc/init/hw/init.usb.configfs.rc:22) took 0ms and failed: symlink() failed: File exists
05-21 10:50:30.083 1 1 I init : Command 'write /config/usb_gadget/g1/UDC ${sys.usb.controller}' action=sys.usb.config=adb && sys.usb.configfs=1 && sys.usb.ffs.ready=1 (/system/etc/init/hw/init.usb.configfs.rc:23) took 0ms and failed: Unable to write to file '/config/usb_gadget/g1/UDC': Unable to write file contents: Device or resource busy
05-21 10:50:30.556 351 351 I dw-mipi-dsi2 fde20000.dsi: [drm:dw_mipi_dsi2_encoder_enable] final DSI-Link bandwidth: 639999 x 8 Kbps
05-21 10:50:31.130 543 543 I : read descriptors
05-21 10:50:31.130 543 543 I : read strings
05-21 10:50:31.132 1 1 I init : processing action (sys.usb.config=adb && sys.usb.configfs=1 && sys.usb.ffs.ready=1) from (/system/etc/init/hw/init.usb.configfs.rc:20)
05-21 10:50:31.135 1 1 I init : Command 'symlink /config/usb_gadget/g1/functions/ffs.adb /config/usb_gadget/g1/configs/b.1/f1' action=sys.usb.config=adb && sys.usb.configfs=1 && sys.usb.ffs.ready=1 (/system/etc/init/hw/init.usb.configfs.rc:22) took 0ms and failed: symlink() failed: File exists
05-21 10:50:31.136 1 1 I init : Command 'write /config/usb_gadget/g1/UDC ${sys.usb.controller}' action=sys.usb.config=adb && sys.usb.configfs=1 && sys.usb.ffs.ready=1 (/system/etc/init/hw/init.usb.configfs.rc:23) took 0ms and failed: Unable to write to file '/config/usb_gadget/g1/UDC': Unable to write file contents: Device or resource busy
05-21 10:50:32.210 543 543 I : read descriptors
05-21 10:50:32.210 543 543 I : read strings
05-21 10:50:32.213 1 1 I init : processing action (sys.usb.config=adb && sys.usb.configfs=1 && sys.usb.ffs.ready=1) from (/system/etc/init/hw/init.usb.configfs.rc:20)
05-21 10:50:32.216 1 1 I init : Command 'symlink /config/usb_gadget/g1/functions/ffs.adb /config/usb_gadget/g1/configs/b.1/f1' action=sys.usb.config=adb && sys.usb.configfs=1 && sys.usb.ffs.ready=1 (/system/etc/init/hw/init.usb.configfs.rc:22) took 0ms and failed: symlink() failed: File exists
05-21 10:50:32.217 1 1 I init : Command 'write /config/usb_gadget/g1/UDC ${sys.usb.controller}' action=sys.usb.config=adb && sys.usb.configfs=1 && sys.usb.ffs.ready=1 (/system/etc/init/hw/init.usb.configfs.rc:23) took 0ms and failed: Unable to write to file '/config/usb_gadget/g1/UDC': Unable to write file contents: Device or resource busy
05-21 10:50:33.134 5 5 I r8152 4-1.4: 1.0 eth1: carrier on
05-21 10:50:33.239 543 543 I : read descriptors
05-21 10:50:33.239 543 543 I : read strings
05-21 10:50:33.241 1 1 I init : processing action (sys.usb.config=adb && sys.usb.configfs=1 && sys.usb.ffs.ready=1) from (/system/etc/init/hw/init.usb.configfs.rc:20)
05-21 10:50:33.242 1 1 I init : Command 'symlink /config/usb_gadget/g1/functions/ffs.adb /config/usb_gadget/g1/configs/b.1/f1' action=sys.usb.config=adb && sys.usb.configfs=1 && sys.usb.ffs.ready=1 (/system/etc/init/hw/init.usb.configfs.rc:22) took 0ms and failed: symlink() failed: File exists
05-21 10:50:33.243 1 1 I init : Command 'write /config/usb_gadget/g1/UDC ${sys.usb.controller}' action=sys.usb.config=adb && sys.usb.configfs=1 && sys.usb.ffs.ready=1 (/system/etc/init/hw/init.usb.configfs.rc:23) took 0ms and failed: Unable to write to file '/config/usb_gadget/g1/UDC': Unable to write file contents: Device or resource busy
05-21 10:50:34.280 543 543 I : read descriptors
05-21 10:50:34.280 543 543 I : read strings
05-21 10:50:34.282 1 1 I init : processing action (sys.usb.config=adb && sys.usb.configfs=1 && sys.usb.ffs.ready=1) from (/system/etc/init/hw/init.usb.configfs.rc:20)
05-21 10:50:34.285 1 1 I init : Command 'symlink /config/usb_gadget/g1/functions/ffs.adb /config/usb_gadget/g1/configs/b.1/f1' action=sys.usb.config=adb && sys.usb.configfs=1 && sys.usb.ffs.ready=1 (/system/etc/init/hw/init.usb.configfs.rc:22) took 0ms and failed: symlink() failed: File exists
05-21 10:50:34.288 1 1 I init : Command 'write /config/usb_gadget/g1/UDC ${sys.usb.controller}' action=sys.usb.config=adb && sys.usb.configfs=1 && sys.usb.ffs.ready=1 (/system/etc/init/hw/init.usb.configfs.rc:23) took 2ms and failed: Unable to write to file '/config/usb_gadget/g1/UDC': Unable to write file contents: Device or resource busy
05-21 10:50:35.339 543 543 I : read descriptors
05-21 10:50:35.339 543 543 I : read strings
05-21 10:50:35.341 1 1 I init : processing action (sys.usb.config=adb && sys.usb.configfs=1 && sys.usb.ffs.ready=1) from (/system/etc/init/hw/init.usb.configfs.rc:20)
05-21 10:50:36.396 543 543 I : read descriptors
05-21 10:50:36.396 543 543 I : read strings
05-21 10:50:37.449 543 543 I : read descriptors
05-21 10:50:37.450 543 543 I : read strings
05-21 10:50:37.453 1 1 I init : processing action (sys.usb.config=adb && sys.usb.configfs=1 && sys.usb.ffs.ready=1) from (/system/etc/init/hw/init.usb.configfs.rc:20)
05-21 10:50:37.454 1 1 I init : Command 'symlink /config/usb_gadget/g1/functions/ffs.adb /config/usb_gadget/g1/configs/b.1/f1' action=sys.usb.config=adb && sys.usb.configfs=1 && sys.usb.ffs.ready=1 (/system/etc/init/hw/init.usb.configfs.rc:22) took 0ms and failed: symlink() failed: File exists
05-21 10:50:37.454 1 1 I init : Command 'write /config/usb_gadget/g1/UDC ${sys.usb.controller}' action=sys.usb.config=adb && sys.usb.configfs=1 && sys.usb.ffs.ready=1 (/system/etc/init/hw/init.usb.configfs.rc:23) took 0ms and failed: Unable to write to file '/config/usb_gadget/g1/UDC': Unable to write file contents: Device or resource busy
05-21 10:50:38.513 543 543 I : read descriptors
05-21 10:50:38.513 543 543 I : read strings
05-21 10:50:38.515 1 1 I init : processing action (sys.usb.config=adb && sys.usb.configfs=1 && sys.usb.ffs.ready=1) from (/system/etc/init/hw/init.usb.configfs.rc:20)
05-21 10:50:38.518 1 1 I init : Command 'symlink /config/usb_gadget/g1/functions/ffs.adb /config/usb_gadget/g1/configs/b.1/f1' action=sys.usb.config=adb && sys.usb.configfs=1 && sys.usb.ffs.ready=1 (/system/etc/init/hw/init.usb.configfs.rc:22) took 0ms and failed: symlink() failed: File exists
05-21 10:50:38.520 1 1 I init : Command 'write /config/usb_gadget/g1/UDC ${sys.usb.controller}' action=sys.usb.config=adb && sys.usb.configfs=1 && sys.usb.ffs.ready=1 (/system/etc/init/hw/init.usb.configfs.rc:23) took 1ms and failed: Unable to write to file '/config/usb_gadget/g1/UDC': Unable to write file contents: Device or resource busy
05-21 10:50:39.586 543 543 I : read descriptors
05-21 10:50:39.587 543 543 I : read strings
05-21 10:50:39.589 1 1 I init : processing action (sys.usb.config=adb && sys.usb.configfs=1 && sys.usb.ffs.ready=1) from (/system/etc/init/hw/init.usb.configfs.rc:20)
05-21 10:50:39.592 1 1 I init : Command 'symlink /config/usb_gadget/g1/functions/ffs.adb /config/usb_gadget/g1/configs/b.1/f1' action=sys.usb.config=adb && sys.usb.configfs=1 && sys.usb.ffs.ready=1 (/system/etc/init/hw/init.usb.configfs.rc:22) took 0ms and failed: symlink() failed: File exists
05-21 10:50:39.594 1 1 I init : Command 'write /config/usb_gadget/g1/UDC ${sys.usb.controller}' action=sys.usb.config=adb && sys.usb.configfs=1 && sys.usb.ffs.ready=1 (/system/etc/init/hw/init.usb.configfs.rc:23) took 0ms and failed: Unable to write to file '/config/usb_gadget/g1/UDC': Unable to write file contents: Device or resource busy
05-21 10:50:40.619 445 445 I gsensor_mxc6655 5-0015: set sensor poll time to 200ms
05-21 10:50:40.646 543 543 I : read descriptors
05-21 10:50:40.646 543 543 I : read strings
05-21 10:50:40.651 1 1 I init : processing action (sys.usb.config=adb && sys.usb.configfs=1 && sys.usb.ffs.ready=1) from (/system/etc/init/hw/init.usb.configfs.rc:20)
05-21 10:50:40.932 351 351 I rockchip-vop2 fdd90000.vop: [drm:vop2_crtc_atomic_disable] Crtc atomic disable vp2
05-21 10:50:41.127 2520 2520 I PM : suspend entry (deep)
05-21 10:50:41.147 2520 2520 I Filesystems sync: 0.019 seconds
05-21 10:50:41.147 2520 2520 I : Freezing user space processes ... (elapsed 0.006 seconds) done.
05-21 10:50:41.154 2520 2520 I : OOM killer disabled.
05-21 10:50:41.154 2520 2520 I : Freezing remaining freezable tasks ... (elapsed 0.003 seconds) done.
05-21 10:50:41.157 2520 2520 I printk : Suspending console(s) (use no_console_suspend to debug)
05-21 10:50:41.234 2520 2520 E regulator-dummy: Underflow of regulator enable count
05-21 10:50:41.234 2520 2520 E wacom_i2c 4-0009: disable regulator failed -22
05-21 10:50:41.478 2520 2520 I : Disabling non-boot CPUs ...
05-21 10:50:41.479 2520 2520 I psci : CPU1 killed (polled 0 ms)
05-21 10:50:41.481 2520 2520 I psci : CPU2 killed (polled 0 ms)
05-21 10:50:41.482 2520 2520 I psci : CPU3 killed (polled 0 ms)
05-21 10:50:41.484 2520 2520 I psci : CPU4 killed (polled 0 ms)
05-21 10:50:41.486 2520 2520 I psci : CPU5 killed (polled 0 ms)
05-21 10:50:41.487 2520 2520 I psci : CPU6 killed (polled 0 ms)
05-21 10:50:41.489 2520 2520 I psci : CPU7 killed (polled 0 ms)
05-21 10:52:28.105 0 0 W [ C0] PM: pm_system_irq_wakeup: 114 triggered hym8563
05-21 10:52:28.106 2520 2520 I : Enabling non-boot CPUs ...
05-21 10:52:28.107 0 0 I : Detected VIPT I-cache on CPU1
05-21 10:52:28.107 0 0 I GICv3 : CPU1: found redistributor 100 region 0:0x00000000fe6a0000
05-21 10:52:28.107 0 0 I CPU1 : Booted secondary processor 0x0000000100 [0x412fd050]
05-21 10:52:28.107 2520 2520 I : CPU1 is up
05-21 10:52:28.108 0 0 I : Detected VIPT I-cache on CPU2
05-21 10:52:28.108 0 0 I GICv3 : CPU2: found redistributor 200 region 0:0x00000000fe6c0000
05-21 10:52:28.108 0 0 I CPU2 : Booted secondary processor 0x0000000200 [0x412fd050]
05-21 10:52:28.109 2520 2520 I : CPU2 is up
05-21 10:52:28.110 0 0 I : Detected VIPT I-cache on CPU3
05-21 10:52:28.110 0 0 I GICv3 : CPU3: found redistributor 300 region 0:0x00000000fe6e0000
05-21 10:52:28.110 0 0 I CPU3 : Booted secondary processor 0x0000000300 [0x412fd050]
05-21 10:52:28.110 2520 2520 I : CPU3 is up
05-21 10:52:28.111 0 0 I : Detected PIPT I-cache on CPU4
05-21 10:52:28.111 0 0 I GICv3 : CPU4: found redistributor 400 region 0:0x00000000fe700000
05-21 10:52:28.111 0 0 I CPU4 : Booted secondary processor 0x0000000400 [0x414fd0b0]
05-21 10:52:28.112 2520 2520 I : CPU4 is up
05-21 10:52:28.113 0 0 I : Detected PIPT I-cache on CPU5
05-21 10:52:28.113 0 0 I GICv3 : CPU5: found redistributor 500 region 0:0x00000000fe720000
05-21 10:52:28.113 0 0 I CPU5 : Booted secondary processor 0x0000000500 [0x414fd0b0]
05-21 10:52:28.114 2520 2520 I : CPU5 is up
05-21 10:52:28.115 0 0 I : Detected PIPT I-cache on CPU6
05-21 10:52:28.115 0 0 I GICv3 : CPU6: found redistributor 600 region 0:0x00000000fe740000
05-21 10:52:28.115 0 0 I CPU6 : Booted secondary processor 0x0000000600 [0x414fd0b0]
05-21 10:52:28.116 2520 2520 I : CPU6 is up
05-21 10:52:28.117 0 0 I : Detected PIPT I-cache on CPU7
05-21 10:52:28.117 0 0 I GICv3 : CPU7: found redistributor 700 region 0:0x00000000fe760000
05-21 10:52:28.117 0 0 I CPU7 : Booted secondary processor 0x0000000700 [0x414fd0b0]
05-21 10:52:28.118 2520 2520 I : CPU7 is up
05-21 10:52:28.125 2520 2520 I rk_gmac-dwmac fe1c0000.ethernet: init for RGMII
05-21 10:52:28.125 4823 4823 I usb1 : root hub lost power or was reset
05-21 10:52:28.133 4828 4828 I usb3 : root hub lost power or was reset
05-21 10:52:28.133 4828 4828 I usb4 : root hub lost power or was reset
05-21 10:52:28.135 2520 2520 E PM : dpm_run_callback(): wacom_i2c_resume+0x0/0xdc returns -6
05-21 10:52:28.135 2520 2520 E PM : Device 4-0009 failed to resume: error -6
05-21 10:52:28.199 2520 2520 I usb2 : root hub lost power or was reset
05-21 10:52:28.382 4855 4855 I usb 4-1 : reset SuperSpeed Gen 1 USB device number 2 using xhci-hcd
05-21 10:52:28.522 4845 4845 I usb 3-1 : reset high-speed USB device number 2 using xhci-hcd
05-21 10:52:29.032 4859 4859 I usb 4-1.1: reset SuperSpeed Gen 1 USB device number 5 using xhci-hcd
05-21 10:52:29.125 4839 4839 I usb 4-1.4: reset SuperSpeed Gen 1 USB device number 4 using xhci-hcd
05-21 10:52:29.147 4481 4481 I r8152 4-1.4: 1.0: skip request firmware
05-21 10:52:29.216 4847 4847 I usb 4-1.3: reset SuperSpeed Gen 1 USB device number 3 using xhci-hcd
05-21 10:52:29.455 4856 4856 I usb 3-1.3: reset high-speed USB device number 3 using xhci-hcd
05-21 10:52:29.675 4827 4827 I usb 3-1.5: reset high-speed USB device number 7 using xhci-hcd
05-21 10:52:29.766 4827 4827 E PM : dpm_run_callback(): usb_dev_resume+0x0/0x28 returns -5
05-21 10:52:29.766 4827 4827 E PM : Device 3-1.5 failed to resume async: error -5
05-21 10:52:29.780 2520 2520 I : OOM killer enabled.
05-21 10:52:29.780 2520 2520 I : Restarting tasks ... done.
05-21 10:52:29.797 2520 2520 I : Resume caused by IRQ 114, hym8563
05-21 10:52:29.797 2520 2520 I PM : suspend exit
05-21 10:54:16.421 440 440 W healthd : battery l=82 v=8710 t=27.5 h=1 st=2 c=1600000 fc=9700000 cc=10 chg=u
05-21 10:54:16.428 4866 4866 I usb 3-1.5: USB disconnect, device number 7
05-21 10:54:16.438 440 440 W healthd : battery l=82 v=8710 t=27.5 h=1 st=2 c=1600000 fc=9700000 cc=10 chg=u
05-21 10:54:16.501 445 445 I gsensor_mxc6655 5-0015: set sensor poll time to 200ms
05-21 10:54:16.502 445 445 I gsensor_mxc6655 5-0015: sensor on: starting poll sensor data 196ms
05-21 10:54:16.511 4866 4866 I usb 3-1.5: new high-speed USB device number 8 using xhci-hcd
05-21 10:54:16.514 351 351 W : <<-GTP-ERROR->> I2C Read: 0x8047, 1 bytes failed, errcode: -6! Process reset.
05-21 10:54:16.557 445 445 I gsensor_mxc6655 5-0015: set sensor poll time to 66ms
05-21 10:54:16.605 4866 4866 I usb 3-1.5: New USB device found, idVendor=2109, idProduct=8817, bcdDevice= 0.01
05-21 10:54:16.605 4866 4866 I usb 3-1.5: New USB device strings: Mfr=1, Product=2, SerialNumber=3
05-21 10:54:16.605 4866 4866 I usb 3-1.5: Product: USB Billboard Device
05-21 10:54:16.605 4866 4866 I usb 3-1.5: Manufacturer: VIA Labs, Inc.
05-21 10:54:16.605 4866 4866 I usb 3-1.5: SerialNumber: 0000000000000001
05-21 10:54:16.617 351 351 W : <<-GTP-ERROR->> GTP i2c test failed time 1.
05-21 10:54:16.706 351 351 I rockchip-vop2 fdd90000.vop: [drm:vop2_crtc_atomic_enable] Update mode to 1536x2048p55, type: 16(if:60) for vp2 dclk: 192000000
05-21 10:54:16.708 351 351 I rockchip-vop2 fdd90000.vop: [drm:vop2_crtc_atomic_enable] dclk_out2 div: 2 dclk_core2 div: 1
05-21 10:54:16.708 351 351 I rockchip-vop2 fdd90000.vop: [drm:vop2_crtc_atomic_enable] set dclk_vop2 to 96000000, get 96000000
05-21 10:54:16.958 543 543 I : read descriptors
05-21 10:54:16.958 543 543 I : read strings
05-21 10:54:16.960 1 1 I init : processing action (sys.usb.config=adb && sys.usb.configfs=1 && sys.usb.ffs.ready=1) from (/system/etc/init/hw/init.usb.configfs.rc:20)
05-21 10:54:16.962 1 1 I init : Command 'symlink /config/usb_gadget/g1/functions/ffs.adb /config/usb_gadget/g1/configs/b.1/f1' action=sys.usb.config=adb && sys.usb.configfs=1 && sys.usb.ffs.ready=1 (/system/etc/init/hw/init.usb.configfs.rc:22) took 0ms and failed: symlink() failed: File exists
05-21 10:54:16.962 1 1 I init : Command 'write /config/usb_gadget/g1/UDC ${sys.usb.controller}' action=sys.usb.config=adb && sys.usb.configfs=1 && sys.usb.ffs.ready=1 (/system/etc/init/hw/init.usb.configfs.rc:23) took 0ms and failed: Unable to write to file '/config/usb_gadget/g1/UDC': Unable to write file contents: Device or resource busy
05-21 10:54:17.217 351 351 I dw-mipi-dsi2 fde20000.dsi: [drm:dw_mipi_dsi2_encoder_enable] final DSI-Link bandwidth: 639999 x 8 Kbps
05-21 10:54:17.994 543 543 I : read descriptors
05-21 10:54:17.994 543 543 I : read strings
05-21 10:54:17.996 1 1 I init : processing action (sys.usb.config=adb && sys.usb.configfs=1 && sys.usb.ffs.ready=1) from (/system/etc/init/hw/init.usb.configfs.rc:20)
05-21 10:54:18.000 1 1 I init : Command 'symlink /config/usb_gadget/g1/functions/ffs.adb /config/usb_gadget/g1/configs/b.1/f1' action=sys.usb.config=adb && sys.usb.configfs=1 && sys.usb.ffs.ready=1 (/system/etc/init/hw/init.usb.configfs.rc:22) took 0ms and failed: symlink() failed: File exists
05-21 10:54:18.001 1 1 I init : Command 'write /config/usb_gadget/g1/UDC ${sys.usb.controller}' action=sys.usb.config=adb && sys.usb.configfs=1 && sys.usb.ffs.ready=1 (/system/etc/init/hw/init.usb.configfs.rc:23) took 1ms and failed: Unable to write to file '/config/usb_gadget/g1/UDC': Unable to write file contents: Device or resource busy
05-21 10:54:19.061 543 543 I : read descriptors
05-21 10:54:19.061 543 543 I : read strings
05-21 10:54:19.064 1 1 I init : processing action (sys.usb.config=adb && sys.usb.configfs=1 && sys.usb.ffs.ready=1) from (/system/etc/init/hw/init.usb.configfs.rc:20)
05-21 10:54:19.065 1 1 I init : Command 'symlink /config/usb_gadget/g1/functions/ffs.adb /config/usb_gadget/g1/configs/b.1/f1' action=sys.usb.config=adb && sys.usb.configfs=1 && sys.usb.ffs.ready=1 (/system/etc/init/hw/init.usb.configfs.rc:22) took 0ms and failed: symlink() failed: File exists
05-21 10:54:19.066 1 1 I init : Command 'write /config/usb_gadget/g1/UDC ${sys.usb.controller}' action=sys.usb.config=adb && sys.usb.configfs=1 && sys.usb.ffs.ready=1 (/system/etc/init/hw/init.usb.configfs.rc:23) took 0ms and failed: Unable to write to file '/config/usb_gadget/g1/UDC': Unable to write file contents: Device or resource busy
05-21 10:54:19.636 4866 4866 I r8152 4-1.4: 1.0 eth1: carrier on
05-21 10:54:20.104 543 543 I : read descriptors
05-21 10:54:20.105 543 543 I : read strings
05-21 10:54:20.108 1 1 I init : processing action (sys.usb.config=adb && sys.usb.configfs=1 && sys.usb.ffs.ready=1) from (/system/etc/init/hw/init.usb.configfs.rc:20)
05-21 10:54:21.144 543 543 I : read descriptors
05-21 10:54:21.144 543 543 I : read strings
05-21 10:54:22.198 543 543 I : read descriptors
05-21 10:54:22.198 543 543 I : read strings
05-21 10:54:22.200 1 1 I init : processing action (sys.usb.config=adb && sys.usb.configfs=1 && sys.usb.ffs.ready=1) from (/system/etc/init/hw/init.usb.configfs.rc:20)
05-21 10:54:22.206 1 1 I init : Command 'symlink /config/usb_gadget/g1/functions/ffs.adb /config/usb_gadget/g1/configs/b.1/f1' action=sys.usb.config=adb && sys.usb.configfs=1 && sys.usb.ffs.ready=1 (/system/etc/init/hw/init.usb.configfs.rc:22) took 1ms and failed: symlink() failed: File exists
05-21 10:54:22.207 1 1 I init : Command 'write /config/usb_gadget/g1/UDC ${sys.usb.controller}' action=sys.usb.config=adb && sys.usb.configfs=1 && sys.usb.ffs.ready=1 (/system/etc/init/hw/init.usb.configfs.rc:23) took 0ms and failed: Unable to write to file '/config/usb_gadget/g1/UDC': Unable to write file contents: Device or resource busy
05-21 10:54:23.241 543 543 I : read descriptors
05-21 10:54:23.241 543 543 I : read strings
05-21 10:54:23.243 1 1 I init : processing action (sys.usb.config=adb && sys.usb.configfs=1 && sys.usb.ffs.ready=1) from (/system/etc/init/hw/init.usb.configfs.rc:20)
05-21 10:54:23.245 1 1 I init : Command 'symlink /config/usb_gadget/g1/functions/ffs.adb /config/usb_gadget/g1/configs/b.1/f1' action=sys.usb.config=adb && sys.usb.configfs=1 && sys.usb.ffs.ready=1 (/system/etc/init/hw/init.usb.configfs.rc:22) took 0ms and failed: symlink() failed: File exists
05-21 10:54:23.245 1 1 I init : Command 'write /config/usb_gadget/g1/UDC ${sys.usb.controller}' action=sys.usb.config=adb && sys.usb.configfs=1 && sys.usb.ffs.ready=1 (/system/etc/init/hw/init.usb.configfs.rc:23) took 0ms and failed: Unable to write to file '/config/usb_gadget/g1/UDC': Unable to write file contents: Device or resource busy
05-21 10:54:24.291 543 543 I : read descriptors
05-21 10:54:24.291 543 543 I : read strings
05-21 10:54:24.293 1 1 I init : processing action (sys.usb.config=adb && sys.usb.configfs=1 && sys.usb.ffs.ready=1) from (/system/etc/init/hw/init.usb.configfs.rc:20)
05-21 10:54:24.296 1 1 I init : Command 'symlink /config/usb_gadget/g1/functions/ffs.adb /config/usb_gadget/g1/configs/b.1/f1' action=sys.usb.config=adb && sys.usb.configfs=1 && sys.usb.ffs.ready=1 (/system/etc/init/hw/init.usb.configfs.rc:22) took 0ms and failed: symlink() failed: File exists
05-21 10:54:24.296 1 1 I init : Command 'write /config/usb_gadget/g1/UDC ${sys.usb.controller}' action=sys.usb.config=adb && sys.usb.configfs=1 && sys.usb.ffs.ready=1 (/system/etc/init/hw/init.usb.configfs.rc:23) took 0ms and failed: Unable to write to file '/config/usb_gadget/g1/UDC': Unable to write file contents: Device or resource busy
05-21 10:54:25.374 543 543 I : read descriptors
05-21 10:54:25.374 543 543 I : read strings
05-21 10:54:25.376 1 1 I init : processing action (sys.usb.config=adb && sys.usb.configfs=1 && sys.usb.ffs.ready=1) from (/system/etc/init/hw/init.usb.configfs.rc:20)
05-21 10:54:26.414 543 543 I : read descriptors
05-21 10:54:26.414 543 543 I : read strings
05-21 10:54:26.993 469 469 I gsensor_mxc6655 5-0015: set sensor poll time to 200ms
05-21 10:54:27.301 351 351 I rockchip-vop2 fdd90000.vop: [drm:vop2_crtc_atomic_disable] Crtc atomic disable vp2
05-21 10:54:27.468 543 543 I : read descriptors
05-21 10:54:27.468 543 543 I : read strings
05-21 10:54:27.471 1 1 I init : processing action (sys.usb.config=adb && sys.usb.configfs=1 && sys.usb.ffs.ready=1) from (/system/etc/init/hw/init.usb.configfs.rc:20)
05-21 10:54:27.474 1 1 I init : Command 'symlink /config/usb_gadget/g1/functions/ffs.adb /config/usb_gadget/g1/configs/b.1/f1' action=sys.usb.config=adb && sys.usb.configfs=1 && sys.usb.ffs.ready=1 (/system/etc/init/hw/init.usb.configfs.rc:22) took 1ms and failed: symlink() failed: File exists
05-21 10:54:27.475 1 1 I init : Command 'write /config/usb_gadget/g1/UDC ${sys.usb.controller}' action=sys.usb.config=adb && sys.usb.configfs=1 && sys.usb.ffs.ready=1 (/system/etc/init/hw/init.usb.configfs.rc:23) took 1ms and failed: Unable to write to file '/config/usb_gadget/g1/UDC': Unable to write file contents: Device or resource busy
05-21 10:54:27.510 2520 2520 I PM : suspend entry (deep)
05-21 10:54:27.520 2520 2520 I Filesystems sync: 0.010 seconds
05-21 10:54:27.520 2520 2520 I : Freezing user space processes ... (elapsed 0.007 seconds) done.
05-21 10:54:27.528 2520 2520 I : OOM killer disabled.
05-21 10:54:27.528 2520 2520 I : Freezing remaining freezable tasks ... (elapsed 0.049 seconds) done.
05-21 10:54:27.578 2520 2520 I printk : Suspending console(s) (use no_console_suspend to debug)
05-21 10:54:27.663 2520 2520 E regulator-dummy: Underflow of regulator enable count
05-21 10:54:27.663 2520 2520 E wacom_i2c 4-0009: disable regulator failed -22
05-21 10:54:27.911 2520 2520 I : Disabling non-boot CPUs ...
05-21 10:54:27.912 2520 2520 I psci : CPU1 killed (polled 0 ms)
05-21 10:54:27.914 2520 2520 I psci : CPU2 killed (polled 0 ms)
05-21 10:54:27.915 2520 2520 I psci : CPU3 killed (polled 0 ms)
05-21 10:54:27.918 2520 2520 I psci : CPU4 killed (polled 4 ms)
05-21 10:54:27.919 2520 2520 I psci : CPU5 killed (polled 0 ms)
05-21 10:54:27.921 2520 2520 I psci : CPU6 killed (polled 0 ms)
05-21 10:54:27.922 2520 2520 I psci : CPU7 killed (polled 0 ms)
05-21 10:55:10.616 0 0 W [ C0] PM: pm_system_irq_wakeup: 106 triggered rk806
05-21 10:55:10.617 2520 2520 I : Enabling non-boot CPUs ...
05-21 10:55:10.618 0 0 I : Detected VIPT I-cache on CPU1
05-21 10:55:10.618 0 0 I GICv3 : CPU1: found redistributor 100 region 0:0x00000000fe6a0000
05-21 10:55:10.618 0 0 I CPU1 : Booted secondary processor 0x0000000100 [0x412fd050]
05-21 10:55:10.619 2520 2520 I : CPU1 is up
05-21 10:55:10.619 0 0 I : Detected VIPT I-cache on CPU2
05-21 10:55:10.620 0 0 I GICv3 : CPU2: found redistributor 200 region 0:0x00000000fe6c0000
05-21 10:55:10.620 0 0 I CPU2 : Booted secondary processor 0x0000000200 [0x412fd050]
05-21 10:55:10.620 2520 2520 I : CPU2 is up
05-21 10:55:10.621 0 0 I : Detected VIPT I-cache on CPU3
05-21 10:55:10.621 0 0 I GICv3 : CPU3: found redistributor 300 region 0:0x00000000fe6e0000
05-21 10:55:10.621 0 0 I CPU3 : Booted secondary processor 0x0000000300 [0x412fd050]
05-21 10:55:10.622 2520 2520 I : CPU3 is up
05-21 10:55:10.622 0 0 I : Detected PIPT I-cache on CPU4
05-21 10:55:10.622 0 0 I GICv3 : CPU4: found redistributor 400 region 0:0x00000000fe700000
05-21 10:55:10.623 0 0 I CPU4 : Booted secondary processor 0x0000000400 [0x414fd0b0]
05-21 10:55:10.624 2520 2520 I : CPU4 is up
05-21 10:55:10.625 0 0 I : Detected PIPT I-cache on CPU5
05-21 10:55:10.625 0 0 I GICv3 : CPU5: found redistributor 500 region 0:0x00000000fe720000
05-21 10:55:10.625 0 0 I CPU5 : Booted secondary processor 0x0000000500 [0x414fd0b0]
05-21 10:55:10.625 2520 2520 I : CPU5 is up
05-21 10:55:10.626 0 0 I : Detected PIPT I-cache on CPU6
05-21 10:55:10.626 0 0 I GICv3 : CPU6: found redistributor 600 region 0:0x00000000fe740000
05-21 10:55:10.627 0 0 I CPU6 : Booted secondary processor 0x0000000600 [0x414fd0b0]
05-21 10:55:10.628 2520 2520 I : CPU6 is up
05-21 10:55:10.629 0 0 I : Detected PIPT I-cache on CPU7
05-21 10:55:10.629 0 0 I GICv3 : CPU7: found redistributor 700 region 0:0x00000000fe760000
05-21 10:55:10.629 0 0 I CPU7 : Booted secondary processor 0x0000000700 [0x414fd0b0]
05-21 10:55:10.630 2520 2520 I : CPU7 is up
05-21 10:55:10.636 2520 2520 I rk_gmac-dwmac fe1c0000.ethernet: init for RGMII
05-21 10:55:10.636 4842 4842 I usb1 : root hub lost power or was reset
05-21 10:55:10.643 4865 4865 I usb3 : root hub lost power or was reset
05-21 10:55:10.643 4865 4865 I usb4 : root hub lost power or was reset
05-21 10:55:10.645 2520 2520 E PM : dpm_run_callback(): wacom_i2c_resume+0x0/0xdc returns -6
05-21 10:55:10.645 2520 2520 E PM : Device 4-0009 failed to resume: error -6
05-21 10:55:10.708 2520 2520 I usb2 : root hub lost power or was reset
05-21 10:55:10.891 4863 4863 I usb 4-1 : reset SuperSpeed Gen 1 USB device number 2 using xhci-hcd
05-21 10:55:11.031 4838 4838 I usb 3-1 : reset high-speed USB device number 2 using xhci-hcd
05-21 10:55:11.541 4842 4842 I usb 4-1.1: reset SuperSpeed Gen 1 USB device number 5 using xhci-hcd
05-21 10:55:11.634 4823 4823 I usb 4-1.4: reset SuperSpeed Gen 1 USB device number 4 using xhci-hcd
05-21 10:55:11.662 4481 4481 I r8152 4-1.4: 1.0: skip request firmware
05-21 10:55:11.725 4860 4860 I usb 4-1.3: reset SuperSpeed Gen 1 USB device number 3 using xhci-hcd
05-21 10:55:11.964 4857 4857 I usb 3-1.3: reset high-speed USB device number 3 using xhci-hcd
05-21 10:55:12.181 2521 2521 I usb 3-1.5: reset high-speed USB device number 8 using xhci-hcd
05-21 10:55:12.273 2521 2521 E PM : dpm_run_callback(): usb_dev_resume+0x0/0x28 returns -5
05-21 10:55:12.273 2521 2521 E PM : Device 3-1.5 failed to resume async: error -5
05-21 10:55:12.276 2520 2520 I : OOM killer enabled.
05-21 10:55:12.276 2520 2520 I : Restarting tasks ...
05-21 10:55:12.279 4274 4274 I usb 3-1.5: USB disconnect, device number 8
05-21 10:55:12.299 2520 2520 W : done.
05-21 10:55:12.299 2520 2520 I : Resume caused by IRQ 106, rk806
05-21 10:55:12.299 2520 2520 I PM : suspend exit
05-21 10:55:54.995 440 440 W healthd : battery l=83 v=8710 t=27.5 h=1 st=2 c=1536000 fc=9700000 cc=10 chg=u
05-21 10:55:55.045 351 351 W : <<-GTP-ERROR->> I2C Read: 0x8047, 1 bytes failed, errcode: -6! Process reset.
05-21 10:55:55.070 4274 4274 I usb 3-1.5: new high-speed USB device number 9 using xhci-hcd
05-21 10:55:55.072 469 469 I gsensor_mxc6655 5-0015: set sensor poll time to 200ms
05-21 10:55:55.073 469 469 I gsensor_mxc6655 5-0015: sensor on: starting poll sensor data 196ms
05-21 10:55:55.122 469 469 I gsensor_mxc6655 5-0015: set sensor poll time to 66ms
05-21 10:55:55.144 351 351 W : <<-GTP-ERROR->> GTP i2c test failed time 1.
05-21 10:55:55.162 4274 4274 I usb 3-1.5: New USB device found, idVendor=2109, idProduct=8817, bcdDevice= 0.01
05-21 10:55:55.162 4274 4274 I usb 3-1.5: New USB device strings: Mfr=1, Product=2, SerialNumber=3
05-21 10:55:55.162 4274 4274 I usb 3-1.5: Product: USB Billboard Device
05-21 10:55:55.162 4274 4274 I usb 3-1.5: Manufacturer: VIA Labs, Inc.
05-21 10:55:55.162 4274 4274 I usb 3-1.5: SerialNumber: 0000000000000001
05-21 10:55:55.271 351 351 I rockchip-vop2 fdd90000.vop: [drm:vop2_crtc_atomic_enable] Update mode to 1536x2048p55, type: 16(if:60) for vp2 dclk: 192000000
05-21 10:55:55.272 351 351 I rockchip-vop2 fdd90000.vop: [drm:vop2_crtc_atomic_enable] dclk_out2 div: 2 dclk_core2 div: 1
05-21 10:55:55.272 351 351 I rockchip-vop2 fdd90000.vop: [drm:vop2_crtc_atomic_enable] set dclk_vop2 to 96000000, get 96000000
05-21 10:55:55.777 351 351 I dw-mipi-dsi2 fde20000.dsi: [drm:dw_mipi_dsi2_encoder_enable] final DSI-Link bandwidth: 639999 x 8 Kbps
05-21 10:55:56.018 543 543 I : read descriptors
05-21 10:55:56.018 543 543 I : read strings
05-21 10:55:56.020 1 1 I init : processing action (sys.usb.config=adb && sys.usb.configfs=1 && sys.usb.ffs.ready=1) from (/system/etc/init/hw/init.usb.configfs.rc:20)
05-21 10:55:56.023 1 1 I init : Command 'symlink /config/usb_gadget/g1/functions/ffs.adb /config/usb_gadget/g1/configs/b.1/f1' action=sys.usb.config=adb && sys.usb.configfs=1 && sys.usb.ffs.ready=1 (/system/etc/init/hw/init.usb.configfs.rc:22) took 0ms and failed: symlink() failed: File exists
05-21 10:55:56.023 1 1 I init : Command 'write /config/usb_gadget/g1/UDC ${sys.usb.controller}' action=sys.usb.config=adb && sys.usb.configfs=1 && sys.usb.ffs.ready=1 (/system/etc/init/hw/init.usb.configfs.rc:23) took 0ms and failed: Unable to write to file '/config/usb_gadget/g1/UDC': Unable to write file contents: Device or resource busy
05-21 10:55:57.078 543 543 I : read descriptors
05-21 10:55:57.078 543 543 I : read strings
05-21 10:55:57.081 1 1 I init : processing action (sys.usb.config=adb && sys.usb.configfs=1 && sys.usb.ffs.ready=1) from (/system/etc/init/hw/init.usb.configfs.rc:20)
05-21 10:55:57.082 1 1 I init : Command 'symlink /config/usb_gadget/g1/functions/ffs.adb /config/usb_gadget/g1/configs/b.1/f1' action=sys.usb.config=adb && sys.usb.configfs=1 && sys.usb.ffs.ready=1 (/system/etc/init/hw/init.usb.configfs.rc:22) took 0ms and failed: symlink() failed: File exists
05-21 10:55:57.083 1 1 I init : Command 'write /config/usb_gadget/g1/UDC ${sys.usb.controller}' action=sys.usb.config=adb && sys.usb.configfs=1 && sys.usb.ffs.ready=1 (/system/etc/init/hw/init.usb.configfs.rc:23) took 0ms and failed: Unable to write to file '/config/usb_gadget/g1/UDC': Unable to write file contents: Device or resource busy
05-21 10:55:57.638 440 440 W healthd : battery l=83 v=8710 t=27.5 h=1 st=2 c=1408000 fc=9700000 cc=10 chg=u
05-21 10:55:58.127 543 543 I : read descriptors
05-21 10:55:58.127 543 543 I : read strings
05-21 10:55:58.128 1 1 I init : processing action (sys.usb.config=adb && sys.usb.configfs=1 && sys.usb.ffs.ready=1) from (/system/etc/init/hw/init.usb.configfs.rc:20)
05-21 10:55:58.130 1 1 I init : Command 'symlink /config/usb_gadget/g1/functions/ffs.adb /config/usb_gadget/g1/configs/b.1/f1' action=sys.usb.config=adb && sys.usb.configfs=1 && sys.usb.ffs.ready=1 (/system/etc/init/hw/init.usb.configfs.rc:22) took 0ms and failed: symlink() failed: File exists
05-21 10:55:58.131 1 1 I init : Command 'write /config/usb_gadget/g1/UDC ${sys.usb.controller}' action=sys.usb.config=adb && sys.usb.configfs=1 && sys.usb.ffs.ready=1 (/system/etc/init/hw/init.usb.configfs.rc:23) took 0ms and failed: Unable to write to file '/config/usb_gadget/g1/UDC': Unable to write file contents: Device or resource busy
05-21 10:55:58.143 4274 4274 I r8152 4-1.4: 1.0 eth1: carrier on
05-21 10:55:59.204 543 543 I : read descriptors
05-21 10:55:59.204 543 543 I : read strings
05-21 10:55:59.205 1 1 I init : processing action (sys.usb.config=adb && sys.usb.configfs=1 && sys.usb.ffs.ready=1) from (/system/etc/init/hw/init.usb.configfs.rc:20)
05-21 10:55:59.207 1 1 I init : Command 'symlink /config/usb_gadget/g1/functions/ffs.adb /config/usb_gadget/g1/configs/b.1/f1' action=sys.usb.config=adb && sys.usb.configfs=1 && sys.usb.ffs.ready=1 (/system/etc/init/hw/init.usb.configfs.rc:22) took 0ms and failed: symlink() failed: File exists
05-21 10:55:59.207 1 1 I init : Command 'write /config/usb_gadget/g1/UDC ${sys.usb.controller}' action=sys.usb.config=adb && sys.usb.configfs=1 && sys.usb.ffs.ready=1 (/system/etc/init/hw/init.usb.configfs.rc:23) took 0ms and failed: Unable to write to file '/config/usb_gadget/g1/UDC': Unable to write file contents: Device or resource busy
05-21 10:56:00.268 543 543 I : read descriptors
05-21 10:56:00.268 543 543 I : read strings
05-21 10:56:00.269 1 1 I init : processing action (sys.usb.config=adb && sys.usb.configfs=1 && sys.usb.ffs.ready=1) from (/system/etc/init/hw/init.usb.configfs.rc:20)
05-21 10:56:00.271 1 1 I init : Command 'symlink /config/usb_gadget/g1/functions/ffs.adb /config/usb_gadget/g1/configs/b.1/f1' action=sys.usb.config=adb && sys.usb.configfs=1 && sys.usb.ffs.ready=1 (/system/etc/init/hw/init.usb.configfs.rc:22) took 0ms and failed: symlink() failed: File exists
05-21 10:56:00.272 1 1 I init : Command 'write /config/usb_gadget/g1/UDC ${sys.usb.controller}' action=sys.usb.config=adb && sys.usb.configfs=1 && sys.usb.ffs.ready=1 (/system/etc/init/hw/init.usb.configfs.rc:23) took 0ms and failed: Unable to write to file '/config/usb_gadget/g1/UDC': Unable to write file contents: Device or resource busy
05-21 10:56:00.297 1529 1529 W : abc audioDBG [es8323_mute] start mute:0
05-21 10:56:00.307 1529 1529 I [Awinic] [3-0058]aw_acf_get_prof_desc_form_name: get prof desc down
05-21 10:56:00.321 1529 1529 I [Awinic] [3-005b]aw_acf_get_prof_desc_form_name: get prof desc down
05-21 10:56:01.308 543 543 I : read descriptors
05-21 10:56:01.308 543 543 I : read strings
05-21 10:56:01.311 1 1 I init : processing action (sys.usb.config=adb && sys.usb.configfs=1 && sys.usb.ffs.ready=1) from (/system/etc/init/hw/init.usb.configfs.rc:20)
05-21 10:56:01.653 2890 2890 W : abc audioDBG [es8323_mute] start mute:1
05-21 10:56:01.653 2890 2890 I [Awinic] [3-0058]aw_acf_get_prof_desc_form_name: get prof desc down
05-21 10:56:01.653 2890 2890 I [Awinic] [3-005b]aw_acf_get_prof_desc_form_name: get prof desc down
05-21 10:56:02.374 543 543 I : read descriptors
05-21 10:56:02.374 543 543 I : read strings
05-21 10:56:03.481 543 543 I : read descriptors
05-21 10:56:03.481 543 543 I : read strings
05-21 10:56:03.482 1 1 I init : processing action (sys.usb.config=adb && sys.usb.configfs=1 && sys.usb.ffs.ready=1) from (/system/etc/init/hw/init.usb.configfs.rc:20)
05-21 10:56:03.483 1 1 I init : Command 'symlink /config/usb_gadget/g1/functions/ffs.adb /config/usb_gadget/g1/configs/b.1/f1' action=sys.usb.config=adb && sys.usb.configfs=1 && sys.usb.ffs.ready=1 (/system/etc/init/hw/init.usb.configfs.rc:22) took 0ms and failed: symlink() failed: File exists
05-21 10:56:03.483 1 1 I init : Command 'write /config/usb_gadget/g1/UDC ${sys.usb.controller}' action=sys.usb.config=adb && sys.usb.configfs=1 && sys.usb.ffs.ready=1 (/system/etc/init/hw/init.usb.configfs.rc:23) took 0ms and failed: Unable to write to file '/config/usb_gadget/g1/UDC': Unable to write file contents: Device or resource busy
05-21 10:56:04.564 543 543 I : read descriptors
05-21 10:56:04.565 543 543 I : read strings
05-21 10:56:04.568 1 1 I init : processing action (sys.usb.config=adb && sys.usb.configfs=1 && sys.usb.ffs.ready=1) from (/system/etc/init/hw/init.usb.configfs.rc:20)
05-21 10:56:04.585 1 1 I init : Command 'symlink /config/usb_gadget/g1/functions/ffs.adb /config/usb_gadget/g1/configs/b.1/f1' action=sys.usb.config=adb && sys.usb.configfs=1 && sys.usb.ffs.ready=1 (/system/etc/init/hw/init.usb.configfs.rc:22) took 0ms and failed: symlink() failed: File exists
05-21 10:56:04.585 1 1 I init : Command 'write /config/usb_gadget/g1/UDC ${sys.usb.controller}' action=sys.usb.config=adb && sys.usb.configfs=1 && sys.usb.ffs.ready=1 (/system/etc/init/hw/init.usb.configfs.rc:23) took 0ms and failed: Unable to write to file '/config/usb_gadget/g1/UDC': Unable to write file contents: Device or resource busy
05-21 10:56:05.631 543 543 I : read descriptors
05-21 10:56:05.631 543 543 I : read strings
05-21 10:56:05.632 1 1 I init : processing action (sys.usb.config=adb && sys.usb.configfs=1 && sys.usb.ffs.ready=1) from (/system/etc/init/hw/init.usb.configfs.rc:20)
05-21 10:56:05.633 1 1 I init : Command 'symlink /config/usb_gadget/g1/functions/ffs.adb /config/usb_gadget/g1/configs/b.1/f1' action=sys.usb.config=adb && sys.usb.configfs=1 && sys.usb.ffs.ready=1 (/system/etc/init/hw/init.usb.configfs.rc:22) took 0ms and failed: symlink() failed: File exists
05-21 10:56:05.634 1 1 I init : Command 'write /config/usb_gadget/g1/UDC ${sys.usb.controller}' action=sys.usb.config=adb && sys.usb.configfs=1 && sys.usb.ffs.ready=1 (/system/etc/init/hw/init.usb.configfs.rc:23) took 0ms and failed: Unable to write to file '/config/usb_gadget/g1/UDC': Unable to write file contents: Device or resource busy
05-21 10:56:06.681 543 543 I : read descriptors
05-21 10:56:06.681 543 543 I : read strings
05-21 10:56:06.684 1 1 I init : processing action (sys.usb.config=adb && sys.usb.configfs=1 && sys.usb.ffs.ready=1) from (/system/etc/init/hw/init.usb.configfs.rc:20)
05-21 10:56:07.748 543 543 I : read descriptors
05-21 10:56:07.748 543 543 I : read strings
05-21 10:56:08.784 543 543 I : read descriptors
05-21 10:56:08.784 543 543 I : read strings
05-21 10:56:08.785 1 1 I init : processing action (sys.usb.config=adb && sys.usb.configfs=1 && sys.usb.ffs.ready=1) from (/system/etc/init/hw/init.usb.configfs.rc:20)
05-21 10:56:08.787 1 1 I init : Command 'symlink /config/usb_gadget/g1/functions/ffs.adb /config/usb_gadget/g1/configs/b.1/f1' action=sys.usb.config=adb && sys.usb.configfs=1 && sys.usb.ffs.ready=1 (/system/etc/init/hw/init.usb.configfs.rc:22) took 0ms and failed: symlink() failed: File exists
05-21 10:56:08.787 1 1 I init : Command 'write /config/usb_gadget/g1/UDC ${sys.usb.controller}' action=sys.usb.config=adb && sys.usb.configfs=1 && sys.usb.ffs.ready=1 (/system/etc/init/hw/init.usb.configfs.rc:23) took 0ms and failed: Unable to write to file '/config/usb_gadget/g1/UDC': Unable to write file contents: Device or resource busy
05-21 10:56:09.831 543 543 I : read descriptors
05-21 10:56:09.831 543 543 I : read strings
05-21 10:56:09.831 1 1 I init : processing action (sys.usb.config=adb && sys.usb.configfs=1 && sys.usb.ffs.ready=1) from (/system/etc/init/hw/init.usb.configfs.rc:20)
05-21 10:56:09.832 1 1 I init : Command 'symlink /config/usb_gadget/g1/functions/ffs.adb /config/usb_gadget/g1/configs/b.1/f1' action=sys.usb.config=adb && sys.usb.configfs=1 && sys.usb.ffs.ready=1 (/system/etc/init/hw/init.usb.configfs.rc:22) took 0ms and failed: symlink() failed: File exists
05-21 10:56:09.833 1 1 I init : Command 'write /config/usb_gadget/g1/UDC ${sys.usb.controller}' action=sys.usb.config=adb && sys.usb.configfs=1 && sys.usb.ffs.ready=1 (/system/etc/init/hw/init.usb.configfs.rc:23) took 0ms and failed: Unable to write to file '/config/usb_gadget/g1/UDC': Unable to write file contents: Device or resource busy
05-21 10:56:10.884 543 543 I : read descriptors
05-21 10:56:10.884 543 543 I : read strings
05-21 10:56:10.885 1 1 I init : processing action (sys.usb.config=adb && sys.usb.configfs=1 && sys.usb.ffs.ready=1) from (/system/etc/init/hw/init.usb.configfs.rc:20)
