05-21 10:57:15.769 464 494 D RIL-DEV : [05-21_10:57:15:769] idVendor = 2109
05-21 10:57:15.769 464 494 D RIL-DEV :
05-21 10:57:15.769 464 494 E RIL-DEV : Cannot find Meig devices
05-21 10:57:15.769 464 494 I RIL : ---> can't find meig usb devices
05-21 10:57:16.003 1340 1340 W ContextImpl: Calling a method in the system process without a qualified user: android.app.ContextImpl.sendBroadcast:1181 android.content.ContextWrapper.sendBroadcast:479 cn.eben.newweather.DateWeatherService.a:19 cn.eben.newweather.DateWeatherService.a:0 cn.eben.newweather.DateWeatherService$1.handleMessage:7
05-21 11:06:13.348 543 543 I : read descriptors
05-21 11:06:13.348 543 543 I : read strings
05-21 10:57:17.002 1340 1340 W ContextImpl: Calling a method in the system process without a qualified user: android.app.ContextImpl.sendBroadcast:1181 android.content.ContextWrapper.sendBroadcast:479 cn.eben.newweather.DateWeatherService.a:19 cn.eben.newweather.DateWeatherService.a:0 cn.eben.newweather.DateWeatherService$1.handleMessage:7
05-21 11:06:14.415 543 543 I : read descriptors
05-21 11:06:14.415 543 543 I : read strings
05-21 11:06:14.418 1 1 I init : processing action (sys.usb.config=adb && sys.usb.configfs=1 && sys.usb.ffs.ready=1) from (/system/etc/init/hw/init.usb.configfs.rc:20)
05-21 11:06:14.419 1 1 I init : Command 'symlink /config/usb_gadget/g1/functions/ffs.adb /config/usb_gadget/g1/configs/b.1/f1' action=sys.usb.config=adb && sys.usb.configfs=1 && sys.usb.ffs.ready=1 (/system/etc/init/hw/init.usb.configfs.rc:22) took 0ms and failed: symlink() failed: File exists
05-21 11:06:14.420 1 1 I init : Command 'write /config/usb_gadget/g1/UDC ${sys.usb.controller}' action=sys.usb.config=adb && sys.usb.configfs=1 && sys.usb.ffs.ready=1 (/system/etc/init/hw/init.usb.configfs.rc:23) took 0ms and failed: Unable to write to file '/config/usb_gadget/g1/UDC': Unable to write file contents: Device or resource busy
05-21 10:57:17.770 464 494 I RIL : ---> enter mainloop wait at port
05-21 10:57:17.770 464 494 D RIL-DEV : Get modem info
05-21 10:57:17.771 464 494 D RIL-DEV : [05-21_10:57:17:771] idVendor = 0bda
05-21 10:57:17.771 464 494 D RIL-DEV :
05-21 10:57:17.771 464 494 D RIL-DEV : [05-21_10:57:17:772] idVendor = 05e3
05-21 10:57:17.771 464 494 D RIL-DEV :
05-21 10:57:17.772 464 494 D RIL-DEV : [05-21_10:57:17:772] idVendor = 1d6b
05-21 10:57:17.772 464 494 D RIL-DEV :
05-21 10:57:17.772 464 494 D RIL-DEV : [05-21_10:57:17:772] idVendor = 1d6b
05-21 10:57:17.772 464 494 D RIL-DEV :
05-21 10:57:17.772 464 494 D RIL-DEV : [05-21_10:57:17:773] idVendor = 0bda
05-21 10:57:17.772 464 494 D RIL-DEV :
05-21 10:57:17.773 464 494 D RIL-DEV : [05-21_10:57:17:773] idVendor = 1d6b
05-21 10:57:17.773 464 494 D RIL-DEV :
05-21 10:57:17.773 464 494 D RIL-DEV : [05-21_10:57:17:773] idVendor = 2109
05-21 10:57:17.773 464 494 D RIL-DEV :
05-21 10:57:17.773 464 494 D RIL-DEV : [05-21_10:57:17:774] idVendor = 2109
05-21 10:57:17.773 464 494 D RIL-DEV :
05-21 10:57:17.774 464 494 D RIL-DEV : [05-21_10:57:17:774] idVendor = 1d6b
05-21 10:57:17.774 464 494 D RIL-DEV :
05-21 10:57:17.774 464 494 D RIL-DEV : [05-21_10:57:17:774] idVendor = 0bda
05-21 10:57:17.774 464 494 D RIL-DEV :
05-21 10:57:17.774 464 494 D RIL-DEV : [05-21_10:57:17:775] idVendor = 2109
05-21 10:57:17.774 464 494 D RIL-DEV :
05-21 10:57:17.775 464 494 E RIL-DEV : Cannot find Meig devices
05-21 10:57:17.775 464 494 I RIL : ---> can't find meig usb devices
05-21 10:57:18.002 1340 1340 W ContextImpl: Calling a method in the system process without a qualified user: android.app.ContextImpl.sendBroadcast:1181 android.content.ContextWrapper.sendBroadcast:479 cn.eben.newweather.DateWeatherService.a:19 cn.eben.newweather.DateWeatherService.a:0 cn.eben.newweather.DateWeatherService$1.handleMessage:7
05-21 11:06:15.458 543 543 I : read descriptors
05-21 11:06:15.458 543 543 I : read strings
05-21 11:06:15.462 1 1 I init : processing action (sys.usb.config=adb && sys.usb.configfs=1 && sys.usb.ffs.ready=1) from (/system/etc/init/hw/init.usb.configfs.rc:20)
05-21 11:06:15.463 1 1 I init : Command 'symlink /config/usb_gadget/g1/functions/ffs.adb /config/usb_gadget/g1/configs/b.1/f1' action=sys.usb.config=adb && sys.usb.configfs=1 && sys.usb.ffs.ready=1 (/system/etc/init/hw/init.usb.configfs.rc:22) took 0ms and failed: symlink() failed: File exists
05-21 11:06:15.464 1 1 I init : Command 'write /config/usb_gadget/g1/UDC ${sys.usb.controller}' action=sys.usb.config=adb && sys.usb.configfs=1 && sys.usb.ffs.ready=1 (/system/etc/init/hw/init.usb.configfs.rc:23) took 0ms and failed: Unable to write to file '/config/usb_gadget/g1/UDC': Unable to write file contents: Device or resource busy
05-21 10:57:18.838 627 2063 W ContentProviderHelper: Permission Denial: opening provider com.android.providers.contacts.ContactsProvider2 from ProcessRecord{1933406 1690:cn.eben.sync/u0a44} (pid=1690, uid=10044) requires android.permission.READ_CONTACTS or android.permission.WRITE_CONTACTS
05-21 10:57:19.002 1340 1340 W ContextImpl: Calling a method in the system process without a qualified user: android.app.ContextImpl.sendBroadcast:1181 android.content.ContextWrapper.sendBroadcast:479 cn.eben.newweather.DateWeatherService.a:19 cn.eben.newweather.DateWeatherService.a:0 cn.eben.newweather.DateWeatherService$1.handleMessage:7
05-21 10:57:19.005 627 653 I ActivityManager: Killing 2572:com.eben.ebenback/u0a52 (adj 975): empty for 1800s
05-21 11:06:15.865 5796 5796 I binder : undelivered transaction 256524, process died.
05-21 11:06:15.865 5796 5796 I binder : undelivered transaction 256876, process died.
05-21 11:06:15.865 5796 5796 I binder : undelivered transaction 260543, process died.
05-21 11:06:15.865 5796 5796 I binder : undelivered transaction 260592, process died.
05-21 11:06:15.866 5796 5796 I binder : undelivered transaction 260985, process died.
05-21 11:06:15.866 5796 5796 I binder : undelivered transaction 272452, process died.
05-21 11:06:15.866 5796 5796 I binder : undelivered transaction 272502, process died.
05-21 11:06:15.866 5796 5796 I binder : undelivered transaction 272926, process died.
05-21 11:06:15.866 5796 5796 I binder : undelivered transaction 274886, process died.
05-21 11:06:15.866 5796 5796 I binder : undelivered transaction 274935, process died.
05-21 11:06:16.515 543 543 I : read descriptors
05-21 11:06:16.515 543 543 I : read strings
05-21 11:06:16.518 1 1 I init : processing action (sys.usb.config=adb && sys.usb.configfs=1 && sys.usb.ffs.ready=1) from (/system/etc/init/hw/init.usb.configfs.rc:20)
05-21 11:06:16.519 1 1 I init : Command 'symlink /config/usb_gadget/g1/functions/ffs.adb /config/usb_gadget/g1/configs/b.1/f1' action=sys.usb.config=adb && sys.usb.configfs=1 && sys.usb.ffs.ready=1 (/system/etc/init/hw/init.usb.configfs.rc:22) took 0ms and failed: symlink() failed: File exists
05-21 11:06:16.520 1 1 I init : Command 'write /config/usb_gadget/g1/UDC ${sys.usb.controller}' action=sys.usb.config=adb && sys.usb.configfs=1 && sys.usb.ffs.ready=1 (/system/etc/init/hw/init.usb.configfs.rc:23) took 0ms and failed: Unable to write to file '/config/usb_gadget/g1/UDC': Unable to write file contents: Device or resource busy
05-21 10:57:19.775 464 494 I RIL : ---> enter mainloop wait at port
05-21 10:57:19.775 464 494 D RIL-DEV : Get modem info
05-21 10:57:19.776 464 494 D RIL-DEV : [05-21_10:57:19:776] idVendor = 0bda
05-21 10:57:19.776 464 494 D RIL-DEV :
05-21 10:57:19.776 464 494 D RIL-DEV : [05-21_10:57:19:777] idVendor = 05e3
05-21 10:57:19.776 464 494 D RIL-DEV :
05-21 10:57:19.777 464 494 D RIL-DEV : [05-21_10:57:19:777] idVendor = 1d6b
05-21 10:57:19.777 464 494 D RIL-DEV :
05-21 10:57:19.777 464 494 D RIL-DEV : [05-21_10:57:19:777] idVendor = 1d6b
05-21 10:57:19.777 464 494 D RIL-DEV :
05-21 10:57:19.777 464 494 D RIL-DEV : [05-21_10:57:19:778] idVendor = 0bda
05-21 10:57:19.777 464 494 D RIL-DEV :
05-21 10:57:19.778 464 494 D RIL-DEV : [05-21_10:57:19:778] idVendor = 1d6b
05-21 10:57:19.778 464 494 D RIL-DEV :
05-21 10:57:19.778 464 494 D RIL-DEV : [05-21_10:57:19:779] idVendor = 2109
05-21 10:57:19.778 464 494 D RIL-DEV :
05-21 10:57:19.779 464 494 D RIL-DEV : [05-21_10:57:19:779] idVendor = 2109
05-21 10:57:19.779 464 494 D RIL-DEV :
05-21 10:57:19.779 464 494 D RIL-DEV : [05-21_10:57:19:779] idVendor = 1d6b
05-21 10:57:19.779 464 494 D RIL-DEV :
05-21 10:57:19.779 464 494 D RIL-DEV : [05-21_10:57:19:780] idVendor = 0bda
05-21 10:57:19.779 464 494 D RIL-DEV :
05-21 10:57:19.779 464 494 D RIL-DEV : [05-21_10:57:19:780] idVendor = 2109
05-21 10:57:19.779 464 494 D RIL-DEV :
05-21 10:57:19.780 464 494 E RIL-DEV : Cannot find Meig devices
05-21 10:57:19.780 464 494 I RIL : ---> can't find meig usb devices
05-21 10:57:20.002 1340 1340 W ContextImpl: Calling a method in the system process without a qualified user: android.app.ContextImpl.sendBroadcast:1181 android.content.ContextWrapper.sendBroadcast:479 cn.eben.newweather.DateWeatherService.a:19 cn.eben.newweather.DateWeatherService.a:0 cn.eben.newweather.DateWeatherService$1.handleMessage:7
05-21 10:57:20.005 627 653 I ActivityManager: Killing 2592:com.eben.test/u0a28 (adj 975): empty for 1800s
05-21 11:06:17.581 543 543 I : read descriptors
05-21 11:06:17.581 543 543 I : read strings
05-21 11:06:17.585 1 1 I init : processing action (sys.usb.config=adb && sys.usb.configfs=1 && sys.usb.ffs.ready=1) from (/system/etc/init/hw/init.usb.configfs.rc:20)
05-21 10:57:21.002 1340 1340 W ContextImpl: Calling a method in the system process without a qualified user: android.app.ContextImpl.sendBroadcast:1181 android.content.ContextWrapper.sendBroadcast:479 cn.eben.newweather.DateWeatherService.a:19 cn.eben.newweather.DateWeatherService.a:0 cn.eben.newweather.DateWeatherService$1.handleMessage:7
05-21 10:57:21.006 627 653 I ActivityManager: Killing 2632:com.ebensz.enote.meeting/u0a54 (adj 965): empty for 1800s
05-21 10:57:21.007 627 653 I ActivityManager: Killing 2610:com.ebensz.enote.calendar/u0a42 (adj 965): empty for 1800s
05-21 10:57:21.780 464 494 I RIL : ---> enter mainloop wait at port
05-21 10:57:21.780 464 494 D RIL-DEV : Get modem info
05-21 10:57:21.781 464 494 D RIL-DEV : [05-21_10:57:21:782] idVendor = 0bda
05-21 10:57:21.781 464 494 D RIL-DEV :
05-21 10:57:21.782 464 494 D RIL-DEV : [05-21_10:57:21:782] idVendor = 05e3
05-21 10:57:21.782 464 494 D RIL-DEV :
05-21 10:57:21.782 464 494 D RIL-DEV : [05-21_10:57:21:782] idVendor = 1d6b
05-21 10:57:21.782 464 494 D RIL-DEV :
05-21 10:57:21.782 464 494 D RIL-DEV : [05-21_10:57:21:783] idVendor = 1d6b
05-21 10:57:21.782 464 494 D RIL-DEV :
05-21 10:57:21.783 464 494 D RIL-DEV : [05-21_10:57:21:783] idVendor = 0bda
05-21 10:57:21.783 464 494 D RIL-DEV :
05-21 10:57:21.783 464 494 D RIL-DEV : [05-21_10:57:21:784] idVendor = 1d6b
05-21 10:57:21.783 464 494 D RIL-DEV :
05-21 10:57:21.783 464 494 D RIL-DEV : [05-21_10:57:21:784] idVendor = 2109
05-21 10:57:21.783 464 494 D RIL-DEV :
05-21 10:57:21.784 464 494 D RIL-DEV : [05-21_10:57:21:784] idVendor = 2109
05-21 10:57:21.784 464 494 D RIL-DEV :
05-21 10:57:21.784 464 494 D RIL-DEV : [05-21_10:57:21:785] idVendor = 1d6b
05-21 10:57:21.784 464 494 D RIL-DEV :
05-21 10:57:21.784 464 494 D RIL-DEV : [05-21_10:57:21:785] idVendor = 0bda
05-21 10:57:21.784 464 494 D RIL-DEV :
05-21 10:57:21.785 464 494 D RIL-DEV : [05-21_10:57:21:785] idVendor = 2109
05-21 10:57:21.785 464 494 D RIL-DEV :
05-21 10:57:21.785 464 494 E RIL-DEV : Cannot find Meig devices
05-21 10:57:21.785 464 494 I RIL : ---> can't find meig usb devices
05-21 11:06:18.651 543 543 I : read descriptors
05-21 11:06:18.651 543 543 I : read strings
05-21 10:57:22.002 1340 1340 W ContextImpl: Calling a method in the system process without a qualified user: android.app.ContextImpl.sendBroadcast:1181 android.content.ContextWrapper.sendBroadcast:479 cn.eben.newweather.DateWeatherService.a:19 cn.eben.newweather.DateWeatherService.a:0 cn.eben.newweather.DateWeatherService$1.handleMessage:7
05-21 11:06:19.705 543 543 I : read descriptors
05-21 11:06:19.705 543 543 I : read strings
05-21 11:06:19.707 1 1 I init : processing action (sys.usb.config=adb && sys.usb.configfs=1 && sys.usb.ffs.ready=1) from (/system/etc/init/hw/init.usb.configfs.rc:20)
05-21 11:06:19.710 1 1 I init : Command 'symlink /config/usb_gadget/g1/functions/ffs.adb /config/usb_gadget/g1/configs/b.1/f1' action=sys.usb.config=adb && sys.usb.configfs=1 && sys.usb.ffs.ready=1 (/system/etc/init/hw/init.usb.configfs.rc:22) took 1ms and failed: symlink() failed: File exists
05-21 11:06:19.711 1 1 I init : Command 'write /config/usb_gadget/g1/UDC ${sys.usb.controller}' action=sys.usb.config=adb && sys.usb.configfs=1 && sys.usb.ffs.ready=1 (/system/etc/init/hw/init.usb.configfs.rc:23) took 1ms and failed: Unable to write to file '/config/usb_gadget/g1/UDC': Unable to write file contents: Device or resource busy
05-21 10:57:23.002 1340 1340 W ContextImpl: Calling a method in the system process without a qualified user: android.app.ContextImpl.sendBroadcast:1181 android.content.ContextWrapper.sendBroadcast:479 cn.eben.newweather.DateWeatherService.a:19 cn.eben.newweather.DateWeatherService.a:0 cn.eben.newweather.DateWeatherService$1.handleMessage:7
05-21 10:57:23.786 464 494 I RIL : ---> enter mainloop wait at port
05-21 10:57:23.786 464 494 D RIL-DEV : Get modem info
05-21 10:57:23.787 464 494 D RIL-DEV : [05-21_10:57:23:787] idVendor = 0bda
05-21 10:57:23.787 464 494 D RIL-DEV :
05-21 10:57:23.787 464 494 D RIL-DEV : [05-21_10:57:23:787] idVendor = 05e3
05-21 10:57:23.787 464 494 D RIL-DEV :
05-21 10:57:23.787 464 494 D RIL-DEV : [05-21_10:57:23:788] idVendor = 1d6b
05-21 10:57:23.787 464 494 D RIL-DEV :
05-21 10:57:23.788 464 494 D RIL-DEV : [05-21_10:57:23:788] idVendor = 1d6b
05-21 10:57:23.788 464 494 D RIL-DEV :
05-21 10:57:23.788 464 494 D RIL-DEV : [05-21_10:57:23:789] idVendor = 0bda
05-21 10:57:23.788 464 494 D RIL-DEV :
05-21 10:57:23.788 464 494 D RIL-DEV : [05-21_10:57:23:789] idVendor = 1d6b
05-21 10:57:23.788 464 494 D RIL-DEV :
05-21 10:57:23.789 464 494 D RIL-DEV : [05-21_10:57:23:789] idVendor = 2109
05-21 10:57:23.789 464 494 D RIL-DEV :
05-21 10:57:23.789 464 494 D RIL-DEV : [05-21_10:57:23:790] idVendor = 2109
05-21 10:57:23.789 464 494 D RIL-DEV :
05-21 10:57:23.789 464 494 D RIL-DEV : [05-21_10:57:23:790] idVendor = 1d6b
05-21 10:57:23.789 464 494 D RIL-DEV :
05-21 10:57:23.790 464 494 D RIL-DEV : [05-21_10:57:23:790] idVendor = 0bda
05-21 10:57:23.790 464 494 D RIL-DEV :
05-21 10:57:23.790 464 494 D RIL-DEV : [05-21_10:57:23:791] idVendor = 2109
05-21 10:57:23.790 464 494 D RIL-DEV :
05-21 10:57:23.790 464 494 E RIL-DEV : Cannot find Meig devices
05-21 10:57:23.791 464 494 I RIL : ---> can't find meig usb devices
05-21 10:57:23.843 627 945 W ContentProviderHelper: Permission Denial: opening provider com.android.providers.contacts.ContactsProvider2 from ProcessRecord{1933406 1690:cn.eben.sync/u0a44} (pid=1690, uid=10044) requires android.permission.READ_CONTACTS or android.permission.WRITE_CONTACTS
05-21 11:06:20.758 543 543 I : read descriptors
05-21 11:06:20.758 543 543 I : read strings
05-21 11:06:20.760 1 1 I init : processing action (sys.usb.config=adb && sys.usb.configfs=1 && sys.usb.ffs.ready=1) from (/system/etc/init/hw/init.usb.configfs.rc:20)
05-21 11:06:20.763 1 1 I init : Command 'symlink /config/usb_gadget/g1/functions/ffs.adb /config/usb_gadget/g1/configs/b.1/f1' action=sys.usb.config=adb && sys.usb.configfs=1 && sys.usb.ffs.ready=1 (/system/etc/init/hw/init.usb.configfs.rc:22) took 1ms and failed: symlink() failed: File exists
05-21 11:06:20.766 1 1 I init : Command 'write /config/usb_gadget/g1/UDC ${sys.usb.controller}' action=sys.usb.config=adb && sys.usb.configfs=1 && sys.usb.ffs.ready=1 (/system/etc/init/hw/init.usb.configfs.rc:23) took 1ms and failed: Unable to write to file '/config/usb_gadget/g1/UDC': Unable to write file contents: Device or resource busy
05-21 10:57:24.002 1340 1340 W ContextImpl: Calling a method in the system process without a qualified user: android.app.ContextImpl.sendBroadcast:1181 android.content.ContextWrapper.sendBroadcast:479 cn.eben.newweather.DateWeatherService.a:19 cn.eben.newweather.DateWeatherService.a:0 cn.eben.newweather.DateWeatherService$1.handleMessage:7
05-21 11:06:21.815 543 543 I : read descriptors
05-21 11:06:21.815 543 543 I : read strings
05-21 11:06:21.818 1 1 I init : processing action (sys.usb.config=adb && sys.usb.configfs=1 && sys.usb.ffs.ready=1) from (/system/etc/init/hw/init.usb.configfs.rc:20)
05-21 11:06:21.819 1 1 I init : Command 'symlink /config/usb_gadget/g1/functions/ffs.adb /config/usb_gadget/g1/configs/b.1/f1' action=sys.usb.config=adb && sys.usb.configfs=1 && sys.usb.ffs.ready=1 (/system/etc/init/hw/init.usb.configfs.rc:22) took 0ms and failed: symlink() failed: File exists
05-21 11:06:21.820 1 1 I init : Command 'write /config/usb_gadget/g1/UDC ${sys.usb.controller}' action=sys.usb.config=adb && sys.usb.configfs=1 && sys.usb.ffs.ready=1 (/system/etc/init/hw/init.usb.configfs.rc:23) took 0ms and failed: Unable to write to file '/config/usb_gadget/g1/UDC': Unable to write file contents: Device or resource busy
05-21 10:57:25.001 1340 1340 W ContextImpl: Calling a method in the system process without a qualified user: android.app.ContextImpl.sendBroadcast:1181 android.content.ContextWrapper.sendBroadcast:479 cn.eben.newweather.DateWeatherService.a:19 cn.eben.newweather.DateWeatherService.a:0 cn.eben.newweather.DateWeatherService$1.handleMessage:7
05-21 10:57:25.791 464 494 I RIL : ---> enter mainloop wait at port
05-21 10:57:25.791 464 494 D RIL-DEV : Get modem info
05-21 10:57:25.792 464 494 D RIL-DEV : [05-21_10:57:25:792] idVendor = 0bda
05-21 10:57:25.792 464 494 D RIL-DEV :
05-21 10:57:25.792 464 494 D RIL-DEV : [05-21_10:57:25:793] idVendor = 05e3
05-21 10:57:25.792 464 494 D RIL-DEV :
05-21 10:57:25.793 464 494 D RIL-DEV : [05-21_10:57:25:793] idVendor = 1d6b
05-21 10:57:25.793 464 494 D RIL-DEV :
05-21 10:57:25.793 464 494 D RIL-DEV : [05-21_10:57:25:793] idVendor = 1d6b
05-21 10:57:25.793 464 494 D RIL-DEV :
05-21 10:57:25.793 464 494 D RIL-DEV : [05-21_10:57:25:794] idVendor = 0bda
05-21 10:57:25.793 464 494 D RIL-DEV :
05-21 10:57:25.794 464 494 D RIL-DEV : [05-21_10:57:25:794] idVendor = 1d6b
05-21 10:57:25.794 464 494 D RIL-DEV :
05-21 10:57:25.794 464 494 D RIL-DEV : [05-21_10:57:25:795] idVendor = 2109
05-21 10:57:25.794 464 494 D RIL-DEV :
05-21 10:57:25.795 464 494 D RIL-DEV : [05-21_10:57:25:795] idVendor = 2109
05-21 10:57:25.795 464 494 D RIL-DEV :
05-21 10:57:25.795 464 494 D RIL-DEV : [05-21_10:57:25:795] idVendor = 1d6b
05-21 10:57:25.795 464 494 D RIL-DEV :
05-21 10:57:25.795 464 494 D RIL-DEV : [05-21_10:57:25:796] idVendor = 0bda
05-21 10:57:25.795 464 494 D RIL-DEV :
05-21 10:57:25.796 464 494 D RIL-DEV : [05-21_10:57:25:796] idVendor = 2109
05-21 10:57:25.796 464 494 D RIL-DEV :
05-21 10:57:25.796 464 494 E RIL-DEV : Cannot find Meig devices
05-21 10:57:25.796 464 494 I RIL : ---> can't find meig usb devices
05-21 10:57:26.002 1340 1340 W ContextImpl: Calling a method in the system process without a qualified user: android.app.ContextImpl.sendBroadcast:1181 android.content.ContextWrapper.sendBroadcast:479 cn.eben.newweather.DateWeatherService.a:19 cn.eben.newweather.DateWeatherService.a:0 cn.eben.newweather.DateWeatherService$1.handleMessage:7
05-21 11:06:22.868 543 543 I : read descriptors
05-21 11:06:22.868 543 543 I : read strings
05-21 11:06:22.870 1 1 I init : processing action (sys.usb.config=adb && sys.usb.configfs=1 && sys.usb.ffs.ready=1) from (/system/etc/init/hw/init.usb.configfs.rc:20)
05-21 10:57:27.002 1340 1340 W ContextImpl: Calling a method in the system process without a qualified user: android.app.ContextImpl.sendBroadcast:1181 android.content.ContextWrapper.sendBroadcast:479 cn.eben.newweather.DateWeatherService.a:19 cn.eben.newweather.DateWeatherService.a:0 cn.eben.newweather.DateWeatherService$1.handleMessage:7
05-21 11:06:23.925 543 543 I : read descriptors
05-21 11:06:23.925 543 543 I : read strings
05-21 10:57:27.796 464 494 I RIL : ---> enter mainloop wait at port
05-21 10:57:27.796 464 494 D RIL-DEV : Get modem info
05-21 10:57:27.797 464 494 D RIL-DEV : [05-21_10:57:27:798] idVendor = 0bda
05-21 10:57:27.797 464 494 D RIL-DEV :
05-21 10:57:27.798 464 494 D RIL-DEV : [05-21_10:57:27:798] idVendor = 05e3
05-21 10:57:27.798 464 494 D RIL-DEV :
05-21 10:57:27.798 464 494 D RIL-DEV : [05-21_10:57:27:799] idVendor = 1d6b
05-21 10:57:27.798 464 494 D RIL-DEV :
05-21 10:57:27.798 464 494 D RIL-DEV : [05-21_10:57:27:799] idVendor = 1d6b
05-21 10:57:27.798 464 494 D RIL-DEV :
05-21 10:57:27.799 464 494 D RIL-DEV : [05-21_10:57:27:799] idVendor = 0bda
05-21 10:57:27.799 464 494 D RIL-DEV :
05-21 10:57:27.799 464 494 D RIL-DEV : [05-21_10:57:27:800] idVendor = 1d6b
05-21 10:57:27.799 464 494 D RIL-DEV :
05-21 10:57:27.800 464 494 D RIL-DEV : [05-21_10:57:27:800] idVendor = 2109
05-21 10:57:27.800 464 494 D RIL-DEV :
05-21 10:57:27.800 464 494 D RIL-DEV : [05-21_10:57:27:801] idVendor = 2109
05-21 10:57:27.800 464 494 D RIL-DEV :
05-21 10:57:27.800 464 494 D RIL-DEV : [05-21_10:57:27:801] idVendor = 1d6b
05-21 10:57:27.800 464 494 D RIL-DEV :
05-21 10:57:27.801 464 494 D RIL-DEV : [05-21_10:57:27:802] idVendor = 0bda
05-21 10:57:27.801 464 494 D RIL-DEV :
05-21 10:57:27.801 464 494 D RIL-DEV : [05-21_10:57:27:802] idVendor = 2109
05-21 10:57:27.801 464 494 D RIL-DEV :
05-21 10:57:27.802 464 494 E RIL-DEV : Cannot find Meig devices
05-21 10:57:27.802 464 494 I RIL : ---> can't find meig usb devices
05-21 10:57:28.003 1340 1340 W ContextImpl: Calling a method in the system process without a qualified user: android.app.ContextImpl.sendBroadcast:1181 android.content.ContextWrapper.sendBroadcast:479 cn.eben.newweather.DateWeatherService.a:19 cn.eben.newweather.DateWeatherService.a:0 cn.eben.newweather.DateWeatherService$1.handleMessage:7
05-21 11:06:24.964 543 543 I : read descriptors
05-21 11:06:24.965 543 543 I : read strings
05-21 11:06:24.967 1 1 I init : processing action (sys.usb.config=adb && sys.usb.configfs=1 && sys.usb.ffs.ready=1) from (/system/etc/init/hw/init.usb.configfs.rc:20)
05-21 11:06:24.970 1 1 I init : Command 'symlink /config/usb_gadget/g1/functions/ffs.adb /config/usb_gadget/g1/configs/b.1/f1' action=sys.usb.config=adb && sys.usb.configfs=1 && sys.usb.ffs.ready=1 (/system/etc/init/hw/init.usb.configfs.rc:22) took 0ms and failed: symlink() failed: File exists
05-21 11:06:24.971 1 1 I init : Command 'write /config/usb_gadget/g1/UDC ${sys.usb.controller}' action=sys.usb.config=adb && sys.usb.configfs=1 && sys.usb.ffs.ready=1 (/system/etc/init/hw/init.usb.configfs.rc:23) took 1ms and failed: Unable to write to file '/config/usb_gadget/g1/UDC': Unable to write file contents: Device or resource busy
05-21 10:57:28.847 627 945 W ContentProviderHelper: Permission Denial: opening provider com.android.providers.contacts.ContactsProvider2 from ProcessRecord{1933406 1690:cn.eben.sync/u0a44} (pid=1690, uid=10044) requires android.permission.READ_CONTACTS or android.permission.WRITE_CONTACTS
05-21 10:57:29.002 1340 1340 W ContextImpl: Calling a method in the system process without a qualified user: android.app.ContextImpl.sendBroadcast:1181 android.content.ContextWrapper.sendBroadcast:479 cn.eben.newweather.DateWeatherService.a:19 cn.eben.newweather.DateWeatherService.a:0 cn.eben.newweather.DateWeatherService$1.handleMessage:7
05-21 11:06:26.018 543 543 I : read descriptors
05-21 11:06:26.018 543 543 I : read strings
05-21 11:06:26.021 1 1 I init : processing action (sys.usb.config=adb && sys.usb.configfs=1 && sys.usb.ffs.ready=1) from (/system/etc/init/hw/init.usb.configfs.rc:20)
05-21 11:06:26.023 1 1 I init : Command 'symlink /config/usb_gadget/g1/functions/ffs.adb /config/usb_gadget/g1/configs/b.1/f1' action=sys.usb.config=adb && sys.usb.configfs=1 && sys.usb.ffs.ready=1 (/system/etc/init/hw/init.usb.configfs.rc:22) took 0ms and failed: symlink() failed: File exists
05-21 11:06:26.024 1 1 I init : Command 'write /config/usb_gadget/g1/UDC ${sys.usb.controller}' action=sys.usb.config=adb && sys.usb.configfs=1 && sys.usb.ffs.ready=1 (/system/etc/init/hw/init.usb.configfs.rc:23) took 0ms and failed: Unable to write to file '/config/usb_gadget/g1/UDC': Unable to write file contents: Device or resource busy
05-21 10:57:29.802 464 494 I RIL : ---> enter mainloop wait at port
05-21 10:57:29.803 464 494 D RIL-DEV : Get modem info
05-21 10:57:29.803 464 494 D RIL-DEV : [05-21_10:57:29:804] idVendor = 0bda
05-21 10:57:29.803 464 494 D RIL-DEV :
05-21 10:57:29.804 464 494 D RIL-DEV : [05-21_10:57:29:804] idVendor = 05e3
05-21 10:57:29.804 464 494 D RIL-DEV :
05-21 10:57:29.804 464 494 D RIL-DEV : [05-21_10:57:29:805] idVendor = 1d6b
05-21 10:57:29.804 464 494 D RIL-DEV :
05-21 10:57:29.804 464 494 D RIL-DEV : [05-21_10:57:29:805] idVendor = 1d6b
05-21 10:57:29.804 464 494 D RIL-DEV :
05-21 10:57:29.805 464 494 D RIL-DEV : [05-21_10:57:29:805] idVendor = 0bda
05-21 10:57:29.805 464 494 D RIL-DEV :
05-21 10:57:29.805 464 494 D RIL-DEV : [05-21_10:57:29:806] idVendor = 1d6b
05-21 10:57:29.805 464 494 D RIL-DEV :
05-21 10:57:29.805 464 494 D RIL-DEV : [05-21_10:57:29:806] idVendor = 2109
05-21 10:57:29.805 464 494 D RIL-DEV :
05-21 10:57:29.806 464 494 D RIL-DEV : [05-21_10:57:29:806] idVendor = 2109
05-21 10:57:29.806 464 494 D RIL-DEV :
05-21 10:57:29.806 464 494 D RIL-DEV : [05-21_10:57:29:807] idVendor = 1d6b
05-21 10:57:29.806 464 494 D RIL-DEV :
05-21 10:57:29.807 464 494 D RIL-DEV : [05-21_10:57:29:807] idVendor = 0bda
05-21 10:57:29.807 464 494 D RIL-DEV :
05-21 10:57:29.807 464 494 D RIL-DEV : [05-21_10:57:29:807] idVendor = 2109
05-21 10:57:29.807 464 494 D RIL-DEV :
05-21 10:57:29.807 464 494 E RIL-DEV : Cannot find Meig devices
05-21 10:57:29.807 464 494 I RIL : ---> can't find meig usb devices
05-21 10:57:30.003 1340 1340 W ContextImpl: Calling a method in the system process without a qualified user: android.app.ContextImpl.sendBroadcast:1181 android.content.ContextWrapper.sendBroadcast:479 cn.eben.newweather.DateWeatherService.a:19 cn.eben.newweather.DateWeatherService.a:0 cn.eben.newweather.DateWeatherService$1.handleMessage:7
05-21 11:06:27.098 543 543 I : read descriptors
05-21 11:06:27.098 543 543 I : read strings
05-21 11:06:27.100 1 1 I init : processing action (sys.usb.config=adb && sys.usb.configfs=1 && sys.usb.ffs.ready=1) from (/system/etc/init/hw/init.usb.configfs.rc:20)
05-21 11:06:27.104 1 1 I init : Command 'symlink /config/usb_gadget/g1/functions/ffs.adb /config/usb_gadget/g1/configs/b.1/f1' action=sys.usb.config=adb && sys.usb.configfs=1 && sys.usb.ffs.ready=1 (/system/etc/init/hw/init.usb.configfs.rc:22) took 0ms and failed: symlink() failed: File exists
05-21 11:06:27.105 1 1 I init : Command 'write /config/usb_gadget/g1/UDC ${sys.usb.controller}' action=sys.usb.config=adb && sys.usb.configfs=1 && sys.usb.ffs.ready=1 (/system/etc/init/hw/init.usb.configfs.rc:23) took 1ms and failed: Unable to write to file '/config/usb_gadget/g1/UDC': Unable to write file contents: Device or resource busy
05-21 10:57:31.002 1340 1340 W ContextImpl: Calling a method in the system process without a qualified user: android.app.ContextImpl.sendBroadcast:1181 android.content.ContextWrapper.sendBroadcast:479 cn.eben.newweather.DateWeatherService.a:19 cn.eben.newweather.DateWeatherService.a:0 cn.eben.newweather.DateWeatherService$1.handleMessage:7
05-21 11:06:28.144 543 543 I : read descriptors
05-21 11:06:28.145 543 543 I : read strings
05-21 11:06:28.147 1 1 I init : processing action (sys.usb.config=adb && sys.usb.configfs=1 && sys.usb.ffs.ready=1) from (/system/etc/init/hw/init.usb.configfs.rc:20)
05-21 10:57:31.808 464 494 I RIL : ---> enter mainloop wait at port
05-21 10:57:31.808 464 494 D RIL-DEV : Get modem info
05-21 10:57:31.809 464 494 D RIL-DEV : [05-21_10:57:31:809] idVendor = 0bda
05-21 10:57:31.809 464 494 D RIL-DEV :
05-21 10:57:31.809 464 494 D RIL-DEV : [05-21_10:57:31:810] idVendor = 05e3
05-21 10:57:31.809 464 494 D RIL-DEV :
05-21 10:57:31.809 464 494 D RIL-DEV : [05-21_10:57:31:810] idVendor = 1d6b
05-21 10:57:31.809 464 494 D RIL-DEV :
05-21 10:57:31.810 464 494 D RIL-DEV : [05-21_10:57:31:810] idVendor = 1d6b
05-21 10:57:31.810 464 494 D RIL-DEV :
05-21 10:57:31.810 464 494 D RIL-DEV : [05-21_10:57:31:810] idVendor = 0bda
05-21 10:57:31.810 464 494 D RIL-DEV :
05-21 10:57:31.810 464 494 D RIL-DEV : [05-21_10:57:31:811] idVendor = 1d6b
05-21 10:57:31.810 464 494 D RIL-DEV :
05-21 10:57:31.811 464 494 D RIL-DEV : [05-21_10:57:31:811] idVendor = 2109
05-21 10:57:31.811 464 494 D RIL-DEV :
05-21 10:57:31.811 464 494 D RIL-DEV : [05-21_10:57:31:812] idVendor = 2109
05-21 10:57:31.811 464 494 D RIL-DEV :
05-21 10:57:31.812 464 494 D RIL-DEV : [05-21_10:57:31:812] idVendor = 1d6b
05-21 10:57:31.812 464 494 D RIL-DEV :
05-21 10:57:31.812 464 494 D RIL-DEV : [05-21_10:57:31:812] idVendor = 0bda
05-21 10:57:31.812 464 494 D RIL-DEV :
05-21 10:57:31.812 464 494 D RIL-DEV : [05-21_10:57:31:813] idVendor = 2109
05-21 10:57:31.812 464 494 D RIL-DEV :
05-21 10:57:31.813 464 494 E RIL-DEV : Cannot find Meig devices
05-21 10:57:31.813 464 494 I RIL : ---> can't find meig usb devices
05-21 10:57:32.003 1340 1340 W ContextImpl: Calling a method in the system process without a qualified user: android.app.ContextImpl.sendBroadcast:1181 android.content.ContextWrapper.sendBroadcast:479 cn.eben.newweather.DateWeatherService.a:19 cn.eben.newweather.DateWeatherService.a:0 cn.eben.newweather.DateWeatherService$1.handleMessage:7
05-21 11:06:29.191 543 543 I : read descriptors
05-21 11:06:29.191 543 543 I : read strings
05-21 10:57:33.003 1340 1340 W ContextImpl: Calling a method in the system process without a qualified user: android.app.ContextImpl.sendBroadcast:1181 android.content.ContextWrapper.sendBroadcast:479 cn.eben.newweather.DateWeatherService.a:19 cn.eben.newweather.DateWeatherService.a:0 cn.eben.newweather.DateWeatherService$1.handleMessage:7
05-21 11:06:30.248 543 543 I : read descriptors
05-21 11:06:30.248 543 543 I : read strings
05-21 11:06:30.250 1 1 I init : processing action (sys.usb.config=adb && sys.usb.configfs=1 && sys.usb.ffs.ready=1) from (/system/etc/init/hw/init.usb.configfs.rc:20)
05-21 11:06:30.253 1 1 I init : Command 'symlink /config/usb_gadget/g1/functions/ffs.adb /config/usb_gadget/g1/configs/b.1/f1' action=sys.usb.config=adb && sys.usb.configfs=1 && sys.usb.ffs.ready=1 (/system/etc/init/hw/init.usb.configfs.rc:22) took 0ms and failed: symlink() failed: File exists
05-21 11:06:30.255 1 1 I init : Command 'write /config/usb_gadget/g1/UDC ${sys.usb.controller}' action=sys.usb.config=adb && sys.usb.configfs=1 && sys.usb.ffs.ready=1 (/system/etc/init/hw/init.usb.configfs.rc:23) took 1ms and failed: Unable to write to file '/config/usb_gadget/g1/UDC': Unable to write file contents: Device or resource busy
05-21 10:57:33.813 464 494 I RIL : ---> enter mainloop wait at port
05-21 10:57:33.813 464 494 D RIL-DEV : Get modem info
05-21 10:57:33.814 464 494 D RIL-DEV : [05-21_10:57:33:815] idVendor = 0bda
05-21 10:57:33.814 464 494 D RIL-DEV :
05-21 10:57:33.815 464 494 D RIL-DEV : [05-21_10:57:33:815] idVendor = 05e3
05-21 10:57:33.815 464 494 D RIL-DEV :
05-21 10:57:33.815 464 494 D RIL-DEV : [05-21_10:57:33:815] idVendor = 1d6b
05-21 10:57:33.815 464 494 D RIL-DEV :
05-21 10:57:33.815 464 494 D RIL-DEV : [05-21_10:57:33:816] idVendor = 1d6b
05-21 10:57:33.815 464 494 D RIL-DEV :
05-21 10:57:33.816 464 494 D RIL-DEV : [05-21_10:57:33:816] idVendor = 0bda
05-21 10:57:33.816 464 494 D RIL-DEV :
05-21 10:57:33.816 464 494 D RIL-DEV : [05-21_10:57:33:817] idVendor = 1d6b
05-21 10:57:33.816 464 494 D RIL-DEV :
05-21 10:57:33.816 464 494 D RIL-DEV : [05-21_10:57:33:817] idVendor = 2109
05-21 10:57:33.816 464 494 D RIL-DEV :
05-21 10:57:33.817 464 494 D RIL-DEV : [05-21_10:57:33:817] idVendor = 2109
05-21 10:57:33.817 464 494 D RIL-DEV :
05-21 10:57:33.817 464 494 D RIL-DEV : [05-21_10:57:33:817] idVendor = 1d6b
05-21 10:57:33.817 464 494 D RIL-DEV :
05-21 10:57:33.817 464 494 D RIL-DEV : [05-21_10:57:33:818] idVendor = 0bda
05-21 10:57:33.817 464 494 D RIL-DEV :
05-21 10:57:33.818 464 494 D RIL-DEV : [05-21_10:57:33:818] idVendor = 2109
05-21 10:57:33.818 464 494 D RIL-DEV :
05-21 10:57:33.818 464 494 E RIL-DEV : Cannot find Meig devices
05-21 10:57:33.818 464 494 I RIL : ---> can't find meig usb devices
05-21 10:57:33.853 627 945 W ContentProviderHelper: Permission Denial: opening provider com.android.providers.contacts.ContactsProvider2 from ProcessRecord{1933406 1690:cn.eben.sync/u0a44} (pid=1690, uid=10044) requires android.permission.READ_CONTACTS or android.permission.WRITE_CONTACTS
05-21 10:57:34.002 1340 1340 W ContextImpl: Calling a method in the system process without a qualified user: android.app.ContextImpl.sendBroadcast:1181 android.content.ContextWrapper.sendBroadcast:479 cn.eben.newweather.DateWeatherService.a:19 cn.eben.newweather.DateWeatherService.a:0 cn.eben.newweather.DateWeatherService$1.handleMessage:7
05-21 11:06:31.291 543 543 I : read descriptors
05-21 11:06:31.291 543 543 I : read strings
05-21 11:06:31.294 1 1 I init : processing action (sys.usb.config=adb && sys.usb.configfs=1 && sys.usb.ffs.ready=1) from (/system/etc/init/hw/init.usb.configfs.rc:20)
05-21 11:06:31.297 1 1 I init : Command 'symlink /config/usb_gadget/g1/functions/ffs.adb /config/usb_gadget/g1/configs/b.1/f1' action=sys.usb.config=adb && sys.usb.configfs=1 && sys.usb.ffs.ready=1 (/system/etc/init/hw/init.usb.configfs.rc:22) took 1ms and failed: symlink() failed: File exists
05-21 11:06:31.298 1 1 I init : Command 'write /config/usb_gadget/g1/UDC ${sys.usb.controller}' action=sys.usb.config=adb && sys.usb.configfs=1 && sys.usb.ffs.ready=1 (/system/etc/init/hw/init.usb.configfs.rc:23) took 1ms and failed: Unable to write to file '/config/usb_gadget/g1/UDC': Unable to write file contents: Device or resource busy
05-21 10:57:35.002 1340 1340 W ContextImpl: Calling a method in the system process without a qualified user: android.app.ContextImpl.sendBroadcast:1181 android.content.ContextWrapper.sendBroadcast:479 cn.eben.newweather.DateWeatherService.a:19 cn.eben.newweather.DateWeatherService.a:0 cn.eben.newweather.DateWeatherService$1.handleMessage:7
05-21 11:06:32.354 543 543 I : read descriptors
05-21 11:06:32.355 543 543 I : read strings
05-21 11:06:32.357 1 1 I init : processing action (sys.usb.config=adb && sys.usb.configfs=1 && sys.usb.ffs.ready=1) from (/system/etc/init/hw/init.usb.configfs.rc:20)
05-21 11:06:32.360 1 1 I init : Command 'symlink /config/usb_gadget/g1/functions/ffs.adb /config/usb_gadget/g1/configs/b.1/f1' action=sys.usb.config=adb && sys.usb.configfs=1 && sys.usb.ffs.ready=1 (/system/etc/init/hw/init.usb.configfs.rc:22) took 0ms and failed: symlink() failed: File exists
05-21 11:06:32.361 1 1 I init : Command 'write /config/usb_gadget/g1/UDC ${sys.usb.controller}' action=sys.usb.config=adb && sys.usb.configfs=1 && sys.usb.ffs.ready=1 (/system/etc/init/hw/init.usb.configfs.rc:23) took 0ms and failed: Unable to write to file '/config/usb_gadget/g1/UDC': Unable to write file contents: Device or resource busy
05-21 10:57:35.818 464 494 I RIL : ---> enter mainloop wait at port
05-21 10:57:35.819 464 494 D RIL-DEV : Get modem info
05-21 10:57:35.819 464 494 D RIL-DEV : [05-21_10:57:35:820] idVendor = 0bda
05-21 10:57:35.819 464 494 D RIL-DEV :
05-21 10:57:35.820 464 494 D RIL-DEV : [05-21_10:57:35:820] idVendor = 05e3
05-21 10:57:35.820 464 494 D RIL-DEV :
05-21 10:57:35.820 464 494 D RIL-DEV : [05-21_10:57:35:821] idVendor = 1d6b
05-21 10:57:35.820 464 494 D RIL-DEV :
05-21 10:57:35.820 464 494 D RIL-DEV : [05-21_10:57:35:821] idVendor = 1d6b
05-21 10:57:35.820 464 494 D RIL-DEV :
05-21 10:57:35.821 464 494 D RIL-DEV : [05-21_10:57:35:821] idVendor = 0bda
05-21 10:57:35.821 464 494 D RIL-DEV :
05-21 10:57:35.822 464 494 D RIL-DEV : [05-21_10:57:35:822] idVendor = 1d6b
05-21 10:57:35.822 464 494 D RIL-DEV :
05-21 10:57:35.822 464 494 D RIL-DEV : [05-21_10:57:35:822] idVendor = 2109
05-21 10:57:35.822 464 494 D RIL-DEV :
05-21 10:57:35.822 464 494 D RIL-DEV : [05-21_10:57:35:823] idVendor = 2109
05-21 10:57:35.822 464 494 D RIL-DEV :
05-21 10:57:35.823 464 494 D RIL-DEV : [05-21_10:57:35:823] idVendor = 1d6b
05-21 10:57:35.823 464 494 D RIL-DEV :
05-21 10:57:35.823 464 494 D RIL-DEV : [05-21_10:57:35:823] idVendor = 0bda
05-21 10:57:35.823 464 494 D RIL-DEV :
05-21 10:57:35.823 464 494 D RIL-DEV : [05-21_10:57:35:824] idVendor = 2109
05-21 10:57:35.823 464 494 D RIL-DEV :
05-21 10:57:35.824 464 494 E RIL-DEV : Cannot find Meig devices
05-21 10:57:35.824 464 494 I RIL : ---> can't find meig usb devices
05-21 10:57:36.002 1340 1340 W ContextImpl: Calling a method in the system process without a qualified user: android.app.ContextImpl.sendBroadcast:1181 android.content.ContextWrapper.sendBroadcast:479 cn.eben.newweather.DateWeatherService.a:19 cn.eben.newweather.DateWeatherService.a:0 cn.eben.newweather.DateWeatherService$1.handleMessage:7
05-21 11:06:33.411 543 543 I : read descriptors
05-21 11:06:33.411 543 543 I : read strings
05-21 11:06:33.414 1 1 I init : processing action (sys.usb.config=adb && sys.usb.configfs=1 && sys.usb.ffs.ready=1) from (/system/etc/init/hw/init.usb.configfs.rc:20)
05-21 10:57:37.001 1340 1340 W ContextImpl: Calling a method in the system process without a qualified user: android.app.ContextImpl.sendBroadcast:1181 android.content.ContextWrapper.sendBroadcast:479 cn.eben.newweather.DateWeatherService.a:19 cn.eben.newweather.DateWeatherService.a:0 cn.eben.newweather.DateWeatherService$1.handleMessage:7
05-21 11:06:34.458 543 543 I : read descriptors
05-21 11:06:34.458 543 543 I : read strings
05-21 10:57:37.824 464 494 I RIL : ---> enter mainloop wait at port
05-21 10:57:37.824 464 494 D RIL-DEV : Get modem info
05-21 10:57:37.825 464 494 D RIL-DEV : [05-21_10:57:37:825] idVendor = 0bda
05-21 10:57:37.825 464 494 D RIL-DEV :
05-21 10:57:37.825 464 494 D RIL-DEV : [05-21_10:57:37:826] idVendor = 05e3
05-21 10:57:37.825 464 494 D RIL-DEV :
05-21 10:57:37.826 464 494 D RIL-DEV : [05-21_10:57:37:826] idVendor = 1d6b
05-21 10:57:37.826 464 494 D RIL-DEV :
05-21 10:57:37.826 464 494 D RIL-DEV : [05-21_10:57:37:826] idVendor = 1d6b
05-21 10:57:37.826 464 494 D RIL-DEV :
05-21 10:57:37.826 464 494 D RIL-DEV : [05-21_10:57:37:827] idVendor = 0bda
05-21 10:57:37.826 464 494 D RIL-DEV :
05-21 10:57:37.827 464 494 D RIL-DEV : [05-21_10:57:37:827] idVendor = 1d6b
05-21 10:57:37.827 464 494 D RIL-DEV :
05-21 10:57:37.827 464 494 D RIL-DEV : [05-21_10:57:37:827] idVendor = 2109
05-21 10:57:37.827 464 494 D RIL-DEV :
05-21 10:57:37.828 464 494 D RIL-DEV : [05-21_10:57:37:828] idVendor = 2109
05-21 10:57:37.828 464 494 D RIL-DEV :
05-21 10:57:37.828 464 494 D RIL-DEV : [05-21_10:57:37:828] idVendor = 1d6b
05-21 10:57:37.828 464 494 D RIL-DEV :
05-21 10:57:37.828 464 494 D RIL-DEV : [05-21_10:57:37:829] idVendor = 0bda
05-21 10:57:37.828 464 494 D RIL-DEV :
05-21 10:57:37.828 464 494 D RIL-DEV : [05-21_10:57:37:829] idVendor = 2109
05-21 10:57:37.828 464 494 D RIL-DEV :
05-21 10:57:37.829 464 494 E RIL-DEV : Cannot find Meig devices
05-21 10:57:37.829 464 494 I RIL : ---> can't find meig usb devices
05-21 10:57:38.001 1340 1340 W ContextImpl: Calling a method in the system process without a qualified user: android.app.ContextImpl.sendBroadcast:1181 android.content.ContextWrapper.sendBroadcast:479 cn.eben.newweather.DateWeatherService.a:19 cn.eben.newweather.DateWeatherService.a:0 cn.eben.newweather.DateWeatherService$1.handleMessage:7
05-21 11:06:35.521 543 543 I : read descriptors
05-21 11:06:35.521 543 543 I : read strings
05-21 11:06:35.523 1 1 I init : processing action (sys.usb.config=adb && sys.usb.configfs=1 && sys.usb.ffs.ready=1) from (/system/etc/init/hw/init.usb.configfs.rc:20)
05-21 11:06:35.526 1 1 I init : Command 'symlink /config/usb_gadget/g1/functions/ffs.adb /config/usb_gadget/g1/configs/b.1/f1' action=sys.usb.config=adb && sys.usb.configfs=1 && sys.usb.ffs.ready=1 (/system/etc/init/hw/init.usb.configfs.rc:22) took 0ms and failed: symlink() failed: File exists
05-21 11:06:35.528 1 1 I init : Command 'write /config/usb_gadget/g1/UDC ${sys.usb.controller}' action=sys.usb.config=adb && sys.usb.configfs=1 && sys.usb.ffs.ready=1 (/system/etc/init/hw/init.usb.configfs.rc:23) took 0ms and failed: Unable to write to file '/config/usb_gadget/g1/UDC': Unable to write file contents: Device or resource busy
05-21 10:57:38.859 627 945 W ContentProviderHelper: Permission Denial: opening provider com.android.providers.contacts.ContactsProvider2 from ProcessRecord{1933406 1690:cn.eben.sync/u0a44} (pid=1690, uid=10044) requires android.permission.READ_CONTACTS or android.permission.WRITE_CONTACTS
05-21 10:57:39.002 1340 1340 W ContextImpl: Calling a method in the system process without a qualified user: android.app.ContextImpl.sendBroadcast:1181 android.content.ContextWrapper.sendBroadcast:479 cn.eben.newweather.DateWeatherService.a:19 cn.eben.newweather.DateWeatherService.a:0 cn.eben.newweather.DateWeatherService$1.handleMessage:7
05-21 11:06:36.568 543 543 I : read descriptors
05-21 11:06:36.568 543 543 I : read strings
05-21 11:06:36.570 1 1 I init : processing action (sys.usb.config=adb && sys.usb.configfs=1 && sys.usb.ffs.ready=1) from (/system/etc/init/hw/init.usb.configfs.rc:20)
05-21 11:06:36.573 1 1 I init : Command 'symlink /config/usb_gadget/g1/functions/ffs.adb /config/usb_gadget/g1/configs/b.1/f1' action=sys.usb.config=adb && sys.usb.configfs=1 && sys.usb.ffs.ready=1 (/system/etc/init/hw/init.usb.configfs.rc:22) took 0ms and failed: symlink() failed: File exists
05-21 11:06:36.574 1 1 I init : Command 'write /config/usb_gadget/g1/UDC ${sys.usb.controller}' action=sys.usb.config=adb && sys.usb.configfs=1 && sys.usb.ffs.ready=1 (/system/etc/init/hw/init.usb.configfs.rc:23) took 0ms and failed: Unable to write to file '/config/usb_gadget/g1/UDC': Unable to write file contents: Device or resource busy
05-21 10:57:39.829 464 494 I RIL : ---> enter mainloop wait at port
05-21 10:57:39.829 464 494 D RIL-DEV : Get modem info
05-21 10:57:39.830 464 494 D RIL-DEV : [05-21_10:57:39:831] idVendor = 0bda
05-21 10:57:39.830 464 494 D RIL-DEV :
05-21 10:57:39.831 464 494 D RIL-DEV : [05-21_10:57:39:831] idVendor = 05e3
05-21 10:57:39.831 464 494 D RIL-DEV :
05-21 10:57:39.831 464 494 D RIL-DEV : [05-21_10:57:39:832] idVendor = 1d6b
05-21 10:57:39.831 464 494 D RIL-DEV :
05-21 10:57:39.832 464 494 D RIL-DEV : [05-21_10:57:39:832] idVendor = 1d6b
05-21 10:57:39.832 464 494 D RIL-DEV :
05-21 10:57:39.832 464 494 D RIL-DEV : [05-21_10:57:39:832] idVendor = 0bda
05-21 10:57:39.832 464 494 D RIL-DEV :
05-21 10:57:39.832 464 494 D RIL-DEV : [05-21_10:57:39:833] idVendor = 1d6b
05-21 10:57:39.832 464 494 D RIL-DEV :
05-21 10:57:39.833 464 494 D RIL-DEV : [05-21_10:57:39:833] idVendor = 2109
05-21 10:57:39.833 464 494 D RIL-DEV :
05-21 10:57:39.833 464 494 D RIL-DEV : [05-21_10:57:39:834] idVendor = 2109
05-21 10:57:39.833 464 494 D RIL-DEV :
05-21 10:57:39.833 464 494 D RIL-DEV : [05-21_10:57:39:834] idVendor = 1d6b
05-21 10:57:39.833 464 494 D RIL-DEV :
05-21 10:57:39.834 464 494 D RIL-DEV : [05-21_10:57:39:834] idVendor = 0bda
05-21 10:57:39.834 464 494 D RIL-DEV :
05-21 10:57:39.834 464 494 D RIL-DEV : [05-21_10:57:39:835] idVendor = 2109
05-21 10:57:39.834 464 494 D RIL-DEV :
05-21 10:57:39.834 464 494 E RIL-DEV : Cannot find Meig devices
05-21 10:57:39.835 464 494 I RIL : ---> can't find meig usb devices
05-21 10:57:40.003 1340 1340 W ContextImpl: Calling a method in the system process without a qualified user: android.app.ContextImpl.sendBroadcast:1181 android.content.ContextWrapper.sendBroadcast:479 cn.eben.newweather.DateWeatherService.a:19 cn.eben.newweather.DateWeatherService.a:0 cn.eben.newweather.DateWeatherService$1.handleMessage:7
05-21 11:06:37.615 543 543 I : read descriptors
05-21 11:06:37.615 543 543 I : read strings
05-21 11:06:37.617 1 1 I init : processing action (sys.usb.config=adb && sys.usb.configfs=1 && sys.usb.ffs.ready=1) from (/system/etc/init/hw/init.usb.configfs.rc:20)
05-21 11:06:37.620 1 1 I init : Command 'symlink /config/usb_gadget/g1/functions/ffs.adb /config/usb_gadget/g1/configs/b.1/f1' action=sys.usb.config=adb && sys.usb.configfs=1 && sys.usb.ffs.ready=1 (/system/etc/init/hw/init.usb.configfs.rc:22) took 0ms and failed: symlink() failed: File exists
05-21 11:06:37.621 1 1 I init : Command 'write /config/usb_gadget/g1/UDC ${sys.usb.controller}' action=sys.usb.config=adb && sys.usb.configfs=1 && sys.usb.ffs.ready=1 (/system/etc/init/hw/init.usb.configfs.rc:23) took 0ms and failed: Unable to write to file '/config/usb_gadget/g1/UDC': Unable to write file contents: Device or resource busy
05-21 10:57:41.002 1340 1340 W ContextImpl: Calling a method in the system process without a qualified user: android.app.ContextImpl.sendBroadcast:1181 android.content.ContextWrapper.sendBroadcast:479 cn.eben.newweather.DateWeatherService.a:19 cn.eben.newweather.DateWeatherService.a:0 cn.eben.newweather.DateWeatherService$1.handleMessage:7
05-21 11:06:38.658 543 543 I : read descriptors
05-21 11:06:38.658 543 543 I : read strings
05-21 11:06:38.660 1 1 I init : processing action (sys.usb.config=adb && sys.usb.configfs=1 && sys.usb.ffs.ready=1) from (/system/etc/init/hw/init.usb.configfs.rc:20)
05-21 10:57:41.835 464 494 I RIL : ---> enter mainloop wait at port
05-21 10:57:41.835 464 494 D RIL-DEV : Get modem info
05-21 10:57:41.836 464 494 D RIL-DEV : [05-21_10:57:41:836] idVendor = 0bda
05-21 10:57:41.836 464 494 D RIL-DEV :
05-21 10:57:41.837 464 494 D RIL-DEV : [05-21_10:57:41:837] idVendor = 05e3
05-21 10:57:41.837 464 494 D RIL-DEV :
05-21 10:57:41.837 464 494 D RIL-DEV : [05-21_10:57:41:837] idVendor = 1d6b
05-21 10:57:41.837 464 494 D RIL-DEV :
05-21 10:57:41.837 464 494 D RIL-DEV : [05-21_10:57:41:837] idVendor = 1d6b
05-21 10:57:41.837 464 494 D RIL-DEV :
05-21 10:57:41.837 464 494 D RIL-DEV : [05-21_10:57:41:838] idVendor = 0bda
05-21 10:57:41.837 464 494 D RIL-DEV :
05-21 10:57:41.837 464 494 D RIL-DEV : [05-21_10:57:41:838] idVendor = 1d6b
05-21 10:57:41.837 464 494 D RIL-DEV :
05-21 10:57:41.837 464 494 D RIL-DEV : [05-21_10:57:41:838] idVendor = 2109
05-21 10:57:41.837 464 494 D RIL-DEV :
05-21 10:57:41.838 464 494 D RIL-DEV : [05-21_10:57:41:838] idVendor = 2109
05-21 10:57:41.838 464 494 D RIL-DEV :
05-21 10:57:41.838 464 494 D RIL-DEV : [05-21_10:57:41:838] idVendor = 1d6b
05-21 10:57:41.838 464 494 D RIL-DEV :
05-21 10:57:41.838 464 494 D RIL-DEV : [05-21_10:57:41:838] idVendor = 0bda
05-21 10:57:41.838 464 494 D RIL-DEV :
05-21 10:57:41.838 464 494 D RIL-DEV : [05-21_10:57:41:838] idVendor = 2109
05-21 10:57:41.838 464 494 D RIL-DEV :
05-21 10:57:41.838 464 494 E RIL-DEV : Cannot find Meig devices
05-21 10:57:41.838 464 494 I RIL : ---> can't find meig usb devices
05-21 10:57:42.002 1340 1340 W ContextImpl: Calling a method in the system process without a qualified user: android.app.ContextImpl.sendBroadcast:1181 android.content.ContextWrapper.sendBroadcast:479 cn.eben.newweather.DateWeatherService.a:19 cn.eben.newweather.DateWeatherService.a:0 cn.eben.newweather.DateWeatherService$1.handleMessage:7
05-21 11:06:39.701 543 543 I : read descriptors
05-21 11:06:39.701 543 543 I : read strings
05-21 10:57:43.002 1340 1340 W ContextImpl: Calling a method in the system process without a qualified user: android.app.ContextImpl.sendBroadcast:1181 android.content.ContextWrapper.sendBroadcast:479 cn.eben.newweather.DateWeatherService.a:19 cn.eben.newweather.DateWeatherService.a:0 cn.eben.newweather.DateWeatherService$1.handleMessage:7
05-21 10:57:43.838 464 494 I RIL : ---> enter mainloop wait at port
05-21 10:57:43.839 464 494 D RIL-DEV : Get modem info
05-21 10:57:43.839 464 494 D RIL-DEV : [05-21_10:57:43:840] idVendor = 0bda
05-21 10:57:43.839 464 494 D RIL-DEV :
05-21 10:57:43.840 464 494 D RIL-DEV : [05-21_10:57:43:840] idVendor = 05e3
05-21 10:57:43.840 464 494 D RIL-DEV :
05-21 10:57:43.840 464 494 D RIL-DEV : [05-21_10:57:43:841] idVendor = 1d6b
05-21 10:57:43.840 464 494 D RIL-DEV :
05-21 10:57:43.840 464 494 D RIL-DEV : [05-21_10:57:43:841] idVendor = 1d6b
05-21 10:57:43.840 464 494 D RIL-DEV :
05-21 10:57:43.841 464 494 D RIL-DEV : [05-21_10:57:43:841] idVendor = 0bda
05-21 10:57:43.841 464 494 D RIL-DEV :
05-21 10:57:43.841 464 494 D RIL-DEV : [05-21_10:57:43:842] idVendor = 1d6b
05-21 10:57:43.841 464 494 D RIL-DEV :
05-21 10:57:43.842 464 494 D RIL-DEV : [05-21_10:57:43:842] idVendor = 2109
05-21 10:57:43.842 464 494 D RIL-DEV :
05-21 10:57:43.842 464 494 D RIL-DEV : [05-21_10:57:43:843] idVendor = 2109
05-21 10:57:43.842 464 494 D RIL-DEV :
05-21 10:57:43.842 464 494 D RIL-DEV : [05-21_10:57:43:843] idVendor = 1d6b
05-21 10:57:43.842 464 494 D RIL-DEV :
05-21 10:57:43.843 464 494 D RIL-DEV : [05-21_10:57:43:843] idVendor = 0bda
05-21 10:57:43.843 464 494 D RIL-DEV :
05-21 10:57:43.843 464 494 D RIL-DEV : [05-21_10:57:43:843] idVendor = 2109
05-21 10:57:43.843 464 494 D RIL-DEV :
05-21 10:57:43.843 464 494 E RIL-DEV : Cannot find Meig devices
05-21 10:57:43.843 464 494 I RIL : ---> can't find meig usb devices
05-21 10:57:43.864 627 945 W ContentProviderHelper: Permission Denial: opening provider com.android.providers.contacts.ContactsProvider2 from ProcessRecord{1933406 1690:cn.eben.sync/u0a44} (pid=1690, uid=10044) requires android.permission.READ_CONTACTS or android.permission.WRITE_CONTACTS
05-21 11:06:40.764 543 543 I : read descriptors
05-21 11:06:40.765 543 543 I : read strings
05-21 11:06:40.768 1 1 I init : processing action (sys.usb.config=adb && sys.usb.configfs=1 && sys.usb.ffs.ready=1) from (/system/etc/init/hw/init.usb.configfs.rc:20)
05-21 11:06:40.769 1 1 I init : Command 'symlink /config/usb_gadget/g1/functions/ffs.adb /config/usb_gadget/g1/configs/b.1/f1' action=sys.usb.config=adb && sys.usb.configfs=1 && sys.usb.ffs.ready=1 (/system/etc/init/hw/init.usb.configfs.rc:22) took 0ms and failed: symlink() failed: File exists
