05-21 11:02:09.435 627 644 D AutofillManagerService: Close system dialogs
05-21 11:02:09.436 627 627 V InputMethodMenuController: Hide switching menu
05-21 11:02:09.438 627 645 I ActivityTaskManager: START u0 {act=android.intent.action.MAIN cat=[android.intent.category.HOME] flg=0x10000100 cmp=com.android.launcher3/.uioverrides.QuickstepLauncher (has extras)} from uid 0
05-21 11:02:09.441 627 645 I wm_task_moved: [1,1,9]
05-21 11:02:09.441 627 645 I wm_task_moved: [34,1,2147483647]
05-21 11:02:09.441 627 645 I wm_task_to_front: [0,34]
05-21 11:02:09.441 6551 6551 I wm_on_top_resumed_lost_called: [58957445,com.android.settings.SubSettings,topStateChangedWhenResumed]
05-21 11:02:09.441 627 645 I wm_focused_root_task: [0,0,1,43,bringingFoundTaskToFront]
05-21 11:02:09.442 627 645 I wm_set_resumed_activity: [0,com.android.launcher3/.uioverrides.QuickstepLauncher,bringingFoundTaskToFront]
05-21 11:02:09.442 627 645 I wm_new_intent: [0,257531877,34,com.android.launcher3/.uioverrides.QuickstepLauncher,android.intent.action.MAIN,NULL,NULL,268435712]
05-21 11:02:09.442 627 645 I wm_pause_activity: [0,58957445,com.android.settings/.SubSettings,userLeaving=true,pauseBackTasks]
05-21 11:02:09.443 627 645 I wm_add_to_stopping: [0,58957445,com.android.settings/.SubSettings,makeInvisible]
05-21 11:02:09.443 627 645 I wm_add_to_stopping: [0,163423731,com.android.settings/.Settings,makeInvisible]
05-21 11:02:09.443 627 645 I wm_pause_activity: [0,163423731,com.android.settings/.Settings,userLeaving=true,pauseBackTasks]
05-21 11:02:09.444 627 645 I wm_set_resumed_activity: [0,com.android.launcher3/.uioverrides.QuickstepLauncher,resumeTopActivity]
05-21 11:02:09.445 627 645 I wm_resume_activity: [0,257531877,34,com.android.launcher3/.uioverrides.QuickstepLauncher]
05-21 11:02:09.451 627 647 I sysui_multi_action: [757,803,799,window_time_0,802,8]
05-21 11:02:09.451 6551 6551 I sysui_multi_action: [757,39,758,2,1089,7588]
05-21 11:02:09.453 1049 1049 I wm_on_restart_called: [257531877,com.android.launcher3.uioverrides.QuickstepLauncher,performRestartActivity]
05-21 11:02:09.453 6551 6551 I wm_on_paused_called: [58957445,com.android.settings.SubSettings,performPause]
05-21 11:02:09.454 6551 6551 I sysui_multi_action: [757,35,758,2,1089,31020]
05-21 11:02:09.454 6551 6551 I wm_on_paused_called: [163423731,com.android.settings.Settings,performPause]
05-21 11:02:09.455 1049 1049 I wm_on_start_called: [257531877,com.android.launcher3.uioverrides.QuickstepLauncher,handleStartActivity]
05-21 11:02:09.457 627 2411 D InputMethodManagerService: --- calledFromForegroundUserOrSystemProcess ? calling uid = 10085 system uid = 1000 calling userId = 0, foreground user id = 0, calling pid = 1049com.android.server.inputmethod.InputMethodManagerService.hideSoftInput(InputMethodManagerService.java:3257)
05-21 11:02:09.457 627 2411 W InputMethodManagerService: Ignoring hideSoftInput of uid 10085: com.android.internal.view.IInputMethodClient$Stub$Proxy@b49aeb0
05-21 11:02:09.458 1049 1049 I wm_on_resume_called: [257531877,com.android.launcher3.uioverrides.QuickstepLauncher,RESUME_ACTIVITY]
05-21 11:02:09.458 1049 1049 I wm_on_top_resumed_gained_called: [257531877,com.android.launcher3.uioverrides.QuickstepLauncher,topStateChangedWhenResumed]
05-21 11:02:09.460 627 644 D AutofillManagerService: Close system dialogs
05-21 11:02:09.460 627 2411 D InputMethodManagerService: --- calledFromForegroundUserOrSystemProcess ? calling uid = 10085 system uid = 1000 calling userId = 0, foreground user id = 0, calling pid = 1049com.android.server.inputmethod.InputMethodManagerService.hideSoftInput(InputMethodManagerService.java:3257)
05-21 11:02:09.460 627 2411 W InputMethodManagerService: Ignoring hideSoftInput of uid 10085: com.android.internal.view.IInputMethodClient$Stub$Proxy@38a9cae
05-21 11:02:09.460 627 627 V InputMethodMenuController: Hide switching menu
05-21 11:02:09.466 627 712 I input_focus: [Focus leaving 30b1451 com.android.settings/com.android.settings.SubSettings (server),reason=NO_WINDOW]
05-21 11:02:09.468 627 647 V InputMethodMenuController: Hide switching menu
05-21 11:02:09.469 627 648 I input_focus: [Focus request 2a5e9f9 com.android.launcher3/com.android.launcher3.uioverrides.QuickstepLauncher,reason=UpdateInputWindows]
05-21 11:02:09.495 627 644 I sysui_multi_action: [319,53,322,44,325,2234,757,761,758,9,759,2,806,com.android.launcher3,871,com.android.launcher3.uioverrides.QuickstepLauncher,905,0,1320,4,1321,1]
05-21 11:02:09.503 627 712 I input_focus: [Focus entering 2a5e9f9 com.android.launcher3/com.android.launcher3.uioverrides.QuickstepLauncher (server),reason=Window became focusable. Previous reason: NOT_VISIBLE]
05-21 11:02:09.518 627 2063 V InputMethodManagerService: startInputOrWindowGainedFocusInternalLocked: reason=WINDOW_FOCUS_GAIN client=android.os.BinderProxy@c541fd5 inputContext=null missingMethods= attribute=android.view.inputmethod.EditorInfo@fad8d5e startInputFlags=VIEW_HAS_FOCUS|INITIAL_CONNECTION softInputMode=STATE_UNSPECIFIED|ADJUST_NOTHING|IS_FORWARD_NAVIGATION windowFlags=#81910100 unverifiedTargetSdkVersion=32
05-21 11:02:09.518 627 2063 V InputMethodManagerService: Unspecified window will hide input
05-21 11:02:09.518 627 2063 V InputMethodManagerService: unbindCurrentInputLocked: client=android.os.BinderProxy@ca320e6
05-21 11:02:09.518 627 2063 V InputMethodMenuController: Hide switching menu
05-21 11:02:09.518 627 2063 V InputMethodManagerService: Disabling: SessionState{uid 1000 pid 6551 method 60ca193 session 6ed3112 channel ClientState{fec67d6 uid=1000 pid=6551 displayId=0} (server)}
05-21 11:02:09.519 627 2063 V InputMethodManagerService: Enabling: SessionState{uid 10085 pid 1049 method 60ca193 session f666168 channel ClientState{88bb25a uid=10085 pid=1049 displayId=0} (server)}
05-21 11:02:09.520 627 647 V InputMethodMenuController: Hide switching menu
05-21 11:02:09.527 627 2411 D InputMethodManagerService: --- calledFromForegroundUserOrSystemProcess ? calling uid = 10085 system uid = 1000 calling userId = 0, foreground user id = 0, calling pid = 0com.android.server.inputmethod.InputMethodManagerService.reportPerceptibleAsync(InputMethodManagerService.java:3162)
05-21 11:02:09.527 627 2411 D InputMethodManagerService: IME window vis: 0 active: 0 inv: 0 displayId: 0
05-21 11:02:10.001 1340 1340 W ContextImpl: Calling a method in the system process without a qualified user: android.app.ContextImpl.sendBroadcast:1181 android.content.ContextWrapper.sendBroadcast:479 cn.eben.newweather.DateWeatherService.a:19 cn.eben.newweather.DateWeatherService.a:0 cn.eben.newweather.DateWeatherService$1.handleMessage:7
05-21 11:02:10.092 627 647 I wm_stop_activity: [0,163423731,com.android.settings/.Settings]
05-21 11:02:10.093 627 647 I wm_stop_activity: [0,58957445,com.android.settings/.SubSettings]
05-21 11:02:10.135 6551 6551 I wm_on_stop_called: [163423731,com.android.settings.Settings,STOP_ACTIVITY_ITEM]
05-21 11:02:10.141 6551 6551 I wm_on_stop_called: [58957445,com.android.settings.SubSettings,STOP_ACTIVITY_ITEM]
05-21 11:11:06.973 543 543 I : read descriptors
05-21 11:11:06.973 543 543 I : read strings
05-21 11:02:10.518 464 494 I RIL : ---> enter mainloop wait at port
05-21 11:02:10.519 464 494 D RIL-DEV : Get modem info
05-21 11:02:10.519 464 494 D RIL-DEV : [05-21_11:02:10:520] idVendor = 0bda
05-21 11:02:10.519 464 494 D RIL-DEV :
05-21 11:02:10.520 464 494 D RIL-DEV : [05-21_11:02:10:520] idVendor = 05e3
05-21 11:02:10.520 464 494 D RIL-DEV :
05-21 11:02:10.520 464 494 D RIL-DEV : [05-21_11:02:10:521] idVendor = 1d6b
05-21 11:02:10.520 464 494 D RIL-DEV :
05-21 11:02:10.520 464 494 D RIL-DEV : [05-21_11:02:10:521] idVendor = 1d6b
05-21 11:02:10.520 464 494 D RIL-DEV :
05-21 11:02:10.521 464 494 D RIL-DEV : [05-21_11:02:10:521] idVendor = 0bda
05-21 11:02:10.521 464 494 D RIL-DEV :
05-21 11:02:10.521 464 494 D RIL-DEV : [05-21_11:02:10:522] idVendor = 1d6b
05-21 11:02:10.521 464 494 D RIL-DEV :
05-21 11:02:10.522 464 494 D RIL-DEV : [05-21_11:02:10:522] idVendor = 2109
05-21 11:02:10.522 464 494 D RIL-DEV :
05-21 11:02:10.522 464 494 D RIL-DEV : [05-21_11:02:10:523] idVendor = 2109
05-21 11:02:10.522 464 494 D RIL-DEV :
05-21 11:02:10.523 464 494 D RIL-DEV : [05-21_11:02:10:523] idVendor = 1d6b
05-21 11:02:10.523 464 494 D RIL-DEV :
05-21 11:02:10.524 464 494 D RIL-DEV : [05-21_11:02:10:523] idVendor = 0bda
05-21 11:02:10.524 464 494 D RIL-DEV :
05-21 11:02:10.524 464 494 D RIL-DEV : [05-21_11:02:10:525] idVendor = 2109
05-21 11:02:10.524 464 494 D RIL-DEV :
05-21 11:02:10.524 464 494 E RIL-DEV : Cannot find Meig devices
05-21 11:02:10.524 464 494 I RIL : ---> can't find meig usb devices
05-21 11:02:11.003 1340 1340 W ContextImpl: Calling a method in the system process without a qualified user: android.app.ContextImpl.sendBroadcast:1181 android.content.ContextWrapper.sendBroadcast:479 cn.eben.newweather.DateWeatherService.a:19 cn.eben.newweather.DateWeatherService.a:0 cn.eben.newweather.DateWeatherService$1.handleMessage:7
05-21 11:11:08.021 543 543 I : read descriptors
05-21 11:11:08.021 543 543 I : read strings
05-21 11:02:12.002 1340 1340 W ContextImpl: Calling a method in the system process without a qualified user: android.app.ContextImpl.sendBroadcast:1181 android.content.ContextWrapper.sendBroadcast:479 cn.eben.newweather.DateWeatherService.a:19 cn.eben.newweather.DateWeatherService.a:0 cn.eben.newweather.DateWeatherService$1.handleMessage:7
05-21 11:11:09.061 543 543 I : read descriptors
05-21 11:11:09.061 543 543 I : read strings
05-21 11:11:09.065 1 1 I init : processing action (sys.usb.config=adb && sys.usb.configfs=1 && sys.usb.ffs.ready=1) from (/system/etc/init/hw/init.usb.configfs.rc:20)
05-21 11:11:09.066 1 1 I init : Command 'symlink /config/usb_gadget/g1/functions/ffs.adb /config/usb_gadget/g1/configs/b.1/f1' action=sys.usb.config=adb && sys.usb.configfs=1 && sys.usb.ffs.ready=1 (/system/etc/init/hw/init.usb.configfs.rc:22) took 0ms and failed: symlink() failed: File exists
05-21 11:11:09.066 1 1 I init : Command 'write /config/usb_gadget/g1/UDC ${sys.usb.controller}' action=sys.usb.config=adb && sys.usb.configfs=1 && sys.usb.ffs.ready=1 (/system/etc/init/hw/init.usb.configfs.rc:23) took 0ms and failed: Unable to write to file '/config/usb_gadget/g1/UDC': Unable to write file contents: Device or resource busy
05-21 11:02:12.525 464 494 I RIL : ---> enter mainloop wait at port
05-21 11:02:12.525 464 494 D RIL-DEV : Get modem info
05-21 11:02:12.526 464 494 D RIL-DEV : [05-21_11:02:12:526] idVendor = 0bda
05-21 11:02:12.526 464 494 D RIL-DEV :
05-21 11:02:12.526 464 494 D RIL-DEV : [05-21_11:02:12:527] idVendor = 05e3
05-21 11:02:12.526 464 494 D RIL-DEV :
05-21 11:02:12.527 464 494 D RIL-DEV : [05-21_11:02:12:527] idVendor = 1d6b
05-21 11:02:12.527 464 494 D RIL-DEV :
05-21 11:02:12.527 464 494 D RIL-DEV : [05-21_11:02:12:527] idVendor = 1d6b
05-21 11:02:12.527 464 494 D RIL-DEV :
05-21 11:02:12.527 464 494 D RIL-DEV : [05-21_11:02:12:528] idVendor = 0bda
05-21 11:02:12.527 464 494 D RIL-DEV :
05-21 11:02:12.528 464 494 D RIL-DEV : [05-21_11:02:12:528] idVendor = 1d6b
05-21 11:02:12.528 464 494 D RIL-DEV :
05-21 11:02:12.528 464 494 D RIL-DEV : [05-21_11:02:12:529] idVendor = 2109
05-21 11:02:12.528 464 494 D RIL-DEV :
05-21 11:02:12.529 464 494 D RIL-DEV : [05-21_11:02:12:529] idVendor = 2109
05-21 11:02:12.529 464 494 D RIL-DEV :
05-21 11:02:12.529 464 494 D RIL-DEV : [05-21_11:02:12:529] idVendor = 1d6b
05-21 11:02:12.529 464 494 D RIL-DEV :
05-21 11:02:12.529 464 494 D RIL-DEV : [05-21_11:02:12:530] idVendor = 0bda
05-21 11:02:12.529 464 494 D RIL-DEV :
05-21 11:02:12.530 464 494 D RIL-DEV : [05-21_11:02:12:530] idVendor = 2109
05-21 11:02:12.530 464 494 D RIL-DEV :
05-21 11:02:12.530 464 494 E RIL-DEV : Cannot find Meig devices
05-21 11:02:12.530 464 494 I RIL : ---> can't find meig usb devices
05-21 11:02:13.002 1340 1340 W ContextImpl: Calling a method in the system process without a qualified user: android.app.ContextImpl.sendBroadcast:1181 android.content.ContextWrapper.sendBroadcast:479 cn.eben.newweather.DateWeatherService.a:19 cn.eben.newweather.DateWeatherService.a:0 cn.eben.newweather.DateWeatherService$1.handleMessage:7
05-21 11:11:10.108 543 543 I : read descriptors
05-21 11:11:10.108 543 543 I : read strings
05-21 11:11:10.110 1 1 I init : processing action (sys.usb.config=adb && sys.usb.configfs=1 && sys.usb.ffs.ready=1) from (/system/etc/init/hw/init.usb.configfs.rc:20)
05-21 11:11:10.113 1 1 I init : Command 'symlink /config/usb_gadget/g1/functions/ffs.adb /config/usb_gadget/g1/configs/b.1/f1' action=sys.usb.config=adb && sys.usb.configfs=1 && sys.usb.ffs.ready=1 (/system/etc/init/hw/init.usb.configfs.rc:22) took 0ms and failed: symlink() failed: File exists
05-21 11:11:10.115 1 1 I init : Command 'write /config/usb_gadget/g1/UDC ${sys.usb.controller}' action=sys.usb.config=adb && sys.usb.configfs=1 && sys.usb.ffs.ready=1 (/system/etc/init/hw/init.usb.configfs.rc:23) took 2ms and failed: Unable to write to file '/config/usb_gadget/g1/UDC': Unable to write file contents: Device or resource busy
05-21 11:02:13.685 627 627 W WindowManager: removeWindowToken: Attempted to remove non-existing token: android.os.Binder@f0fbe24
05-21 11:02:13.976 627 712 I input_interaction: Interaction with: 2a5e9f9 com.android.launcher3/com.android.launcher3.uioverrides.QuickstepLauncher (server), e1d759d com.android.systemui.ImageWallpaper (server), PointerEventDispatcher0 (server),
05-21 11:02:14.001 1340 1340 W ContextImpl: Calling a method in the system process without a qualified user: android.app.ContextImpl.sendBroadcast:1181 android.content.ContextWrapper.sendBroadcast:479 cn.eben.newweather.DateWeatherService.a:19 cn.eben.newweather.DateWeatherService.a:0 cn.eben.newweather.DateWeatherService$1.handleMessage:7
05-21 11:02:14.080 627 2411 I ActivityTaskManager: START u0 {act=android.intent.action.MAIN cat=[android.intent.category.LAUNCHER] flg=0x10200000 cmp=com.ebensz.appmanager/.MainActivity bnds=[1004,384][1240,704]} from uid 10085
05-21 11:02:14.081 627 2411 I wm_task_moved: [42,1,9]
05-21 11:02:14.081 627 2411 I wm_task_to_front: [0,42]
05-21 11:02:14.082 627 2411 I wm_focused_root_task: [0,0,42,1,bringingFoundTaskToFront]
05-21 11:02:14.083 627 2411 I wm_set_resumed_activity: [0,com.ebensz.appmanager/.OnlineAppListActivity,bringingFoundTaskToFront]
05-21 11:02:14.084 627 2411 I wm_pause_activity: [0,257531877,com.android.launcher3/.uioverrides.QuickstepLauncher,userLeaving=true,pauseBackTasks]
05-21 11:02:14.093 1049 1049 I wm_on_top_resumed_lost_called: [257531877,com.android.launcher3.uioverrides.QuickstepLauncher,topStateChangedWhenResumed]
05-21 11:02:14.095 1049 1049 I wm_on_paused_called: [257531877,com.android.launcher3.uioverrides.QuickstepLauncher,performPause]
05-21 11:02:14.096 627 2063 I wm_set_resumed_activity: [0,com.ebensz.appmanager/.OnlineAppListActivity,resumeTopActivity]
05-21 11:02:14.097 627 2063 I wm_add_to_stopping: [0,257531877,com.android.launcher3/.uioverrides.QuickstepLauncher,makeInvisible]
05-21 11:02:14.098 627 2063 I wm_resume_activity: [0,120149953,42,com.ebensz.appmanager/.OnlineAppListActivity]
05-21 11:02:14.104 627 647 I sysui_multi_action: [757,803,799,window_time_0,802,5]
05-21 11:02:14.105 627 647 V InputMethodMenuController: Hide switching menu
05-21 11:02:14.111 627 712 I input_focus: [Focus leaving 2a5e9f9 com.android.launcher3/com.android.launcher3.uioverrides.QuickstepLauncher (server),reason=NO_WINDOW]
05-21 11:02:14.118 3582 3582 I wm_on_restart_called: [120149953,com.ebensz.appmanager.OnlineAppListActivity,performRestartActivity]
05-21 11:02:14.118 3582 3582 I wm_on_start_called: [120149953,com.ebensz.appmanager.OnlineAppListActivity,handleStartActivity]
05-21 11:02:14.118 3582 3582 W ContextImpl: Calling a method in the system process without a qualified user: android.app.ContextImpl.bindService:1911 android.content.ContextWrapper.bindService:810 com.ebensz.appmanager.views.fragments.OnlineAppListFragment.bindService:339 com.ebensz.appmanager.views.fragments.OnlineAppListFragment.onStart:324 android.app.Fragment.performStart:2531
05-21 11:02:14.120 3582 3582 I wm_on_resume_called: [120149953,com.ebensz.appmanager.OnlineAppListActivity,RESUME_ACTIVITY]
05-21 11:02:14.120 3582 3582 I wm_on_top_resumed_gained_called: [120149953,com.ebensz.appmanager.OnlineAppListActivity,topWhenResuming]
05-21 11:02:14.135 627 648 I input_focus: [Focus request cedef54 com.ebensz.appmanager/com.ebensz.appmanager.OnlineAppListActivity,reason=UpdateInputWindows]
05-21 11:02:14.135 627 2063 W ContentProviderHelper: Permission Denial: opening provider com.android.providers.contacts.ContactsProvider2 from ProcessRecord{1933406 1690:cn.eben.sync/u0a44} (pid=1690, uid=10044) requires android.permission.READ_CONTACTS or android.permission.WRITE_CONTACTS
05-21 11:02:14.155 627 644 I sysui_multi_action: [319,23,321,21,322,73,325,2238,757,761,758,9,759,4,806,com.ebensz.appmanager,871,com.ebensz.appmanager.OnlineAppListActivity,904,com.ebensz.appmanager,905,0,1320,4,1321,1]
05-21 11:02:14.168 627 712 I input_focus: [Focus entering cedef54 com.ebensz.appmanager/com.ebensz.appmanager.OnlineAppListActivity (server),reason=Window became focusable. Previous reason: NO_WINDOW]
05-21 11:02:14.178 627 941 V InputMethodManagerService: startInputOrWindowGainedFocusInternalLocked: reason=WINDOW_FOCUS_GAIN client=android.os.BinderProxy@3398b1f inputContext=null missingMethods= attribute=android.view.inputmethod.EditorInfo@a43c317 startInputFlags=VIEW_HAS_FOCUS|INITIAL_CONNECTION softInputMode=STATE_UNSPECIFIED|ADJUST_PAN|IS_FORWARD_NAVIGATION windowFlags=#81810100 unverifiedTargetSdkVersion=23
05-21 11:02:14.178 627 941 V InputMethodManagerService: Unspecified window will hide input
05-21 11:02:14.178 627 941 V InputMethodManagerService: unbindCurrentInputLocked: client=android.os.BinderProxy@c541fd5
05-21 11:02:14.179 627 941 V InputMethodMenuController: Hide switching menu
05-21 11:02:14.179 627 941 V InputMethodManagerService: Disabling: SessionState{uid 10085 pid 1049 method 60ca193 session f666168 channel ClientState{88bb25a uid=10085 pid=1049 displayId=0} (server)}
05-21 11:02:14.179 627 941 V InputMethodManagerService: Enabling: SessionState{uid 1000 pid 3582 method 60ca193 session a8a1c42 channel ClientState{18df724 uid=1000 pid=3582 displayId=0} (server)}
05-21 11:02:14.183 627 647 V InputMethodMenuController: Hide switching menu
05-21 11:02:14.188 627 2063 D InputMethodManagerService: --- calledFromForegroundUserOrSystemProcess ? calling uid = 1000 system uid = 1000 calling userId = 0, foreground user id = 0, calling pid = 0com.android.server.inputmethod.InputMethodManagerService.reportPerceptibleAsync(InputMethodManagerService.java:3162)
05-21 11:02:14.188 627 2063 D InputMethodManagerService: IME window vis: 0 active: 0 inv: 0 displayId: 0
05-21 11:11:11.164 543 543 I : read descriptors
05-21 11:11:11.164 543 543 I : read strings
05-21 11:11:11.165 1 1 I init : processing action (sys.usb.config=adb && sys.usb.configfs=1 && sys.usb.ffs.ready=1) from (/system/etc/init/hw/init.usb.configfs.rc:20)
05-21 11:11:11.167 1 1 I init : Command 'symlink /config/usb_gadget/g1/functions/ffs.adb /config/usb_gadget/g1/configs/b.1/f1' action=sys.usb.config=adb && sys.usb.configfs=1 && sys.usb.ffs.ready=1 (/system/etc/init/hw/init.usb.configfs.rc:22) took 0ms and failed: symlink() failed: File exists
05-21 11:11:11.168 1 1 I init : Command 'write /config/usb_gadget/g1/UDC ${sys.usb.controller}' action=sys.usb.config=adb && sys.usb.configfs=1 && sys.usb.ffs.ready=1 (/system/etc/init/hw/init.usb.configfs.rc:23) took 0ms and failed: Unable to write to file '/config/usb_gadget/g1/UDC': Unable to write file contents: Device or resource busy
05-21 11:02:14.367 627 647 V InputMethodMenuController: Hide switching menu
05-21 11:02:14.530 464 494 I RIL : ---> enter mainloop wait at port
05-21 11:02:14.530 464 494 D RIL-DEV : Get modem info
05-21 11:02:14.531 464 494 D RIL-DEV : [05-21_11:02:14:531] idVendor = 0bda
05-21 11:02:14.531 464 494 D RIL-DEV :
05-21 11:02:14.531 464 494 D RIL-DEV : [05-21_11:02:14:532] idVendor = 05e3
05-21 11:02:14.531 464 494 D RIL-DEV :
05-21 11:02:14.532 464 494 D RIL-DEV : [05-21_11:02:14:532] idVendor = 1d6b
05-21 11:02:14.532 464 494 D RIL-DEV :
05-21 11:02:14.532 464 494 D RIL-DEV : [05-21_11:02:14:532] idVendor = 1d6b
05-21 11:02:14.532 464 494 D RIL-DEV :
05-21 11:02:14.532 464 494 D RIL-DEV : [05-21_11:02:14:533] idVendor = 0bda
05-21 11:02:14.532 464 494 D RIL-DEV :
05-21 11:02:14.532 464 494 D RIL-DEV : [05-21_11:02:14:533] idVendor = 1d6b
05-21 11:02:14.532 464 494 D RIL-DEV :
05-21 11:02:14.533 464 494 D RIL-DEV : [05-21_11:02:14:533] idVendor = 2109
05-21 11:02:14.533 464 494 D RIL-DEV :
05-21 11:02:14.533 464 494 D RIL-DEV : [05-21_11:02:14:534] idVendor = 2109
05-21 11:02:14.533 464 494 D RIL-DEV :
05-21 11:02:14.533 464 494 D RIL-DEV : [05-21_11:02:14:534] idVendor = 1d6b
05-21 11:02:14.533 464 494 D RIL-DEV :
05-21 11:02:14.533 464 494 D RIL-DEV : [05-21_11:02:14:534] idVendor = 0bda
05-21 11:02:14.533 464 494 D RIL-DEV :
05-21 11:02:14.534 464 494 D RIL-DEV : [05-21_11:02:14:534] idVendor = 2109
05-21 11:02:14.534 464 494 D RIL-DEV :
05-21 11:02:14.534 464 494 E RIL-DEV : Cannot find Meig devices
05-21 11:02:14.534 464 494 I RIL : ---> can't find meig usb devices
05-21 11:02:14.653 627 647 I wm_stop_activity: [0,257531877,com.android.launcher3/.uioverrides.QuickstepLauncher]
05-21 11:02:14.680 1049 1049 I wm_on_stop_called: [257531877,com.android.launcher3.uioverrides.QuickstepLauncher,STOP_ACTIVITY_ITEM]
05-21 11:02:14.680 627 2063 D InputMethodManagerService: --- calledFromForegroundUserOrSystemProcess ? calling uid = 10085 system uid = 1000 calling userId = 0, foreground user id = 0, calling pid = 1049com.android.server.inputmethod.InputMethodManagerService.hideSoftInput(InputMethodManagerService.java:3257)
05-21 11:02:14.680 627 2063 W InputMethodManagerService: Ignoring hideSoftInput of uid 10085: com.android.internal.view.IInputMethodClient$Stub$Proxy@8c5a007
05-21 11:02:15.003 1340 1340 W ContextImpl: Calling a method in the system process without a qualified user: android.app.ContextImpl.sendBroadcast:1181 android.content.ContextWrapper.sendBroadcast:479 cn.eben.newweather.DateWeatherService.a:19 cn.eben.newweather.DateWeatherService.a:0 cn.eben.newweather.DateWeatherService$1.handleMessage:7
05-21 11:11:12.225 543 543 I : read descriptors
05-21 11:11:12.225 543 543 I : read strings
05-21 11:11:12.226 1 1 I init : processing action (sys.usb.config=adb && sys.usb.configfs=1 && sys.usb.ffs.ready=1) from (/system/etc/init/hw/init.usb.configfs.rc:20)
05-21 11:02:15.796 627 712 I input_interaction: Interaction with: cedef54 com.ebensz.appmanager/com.ebensz.appmanager.OnlineAppListActivity (server), PointerEventDispatcher0 (server),
05-21 11:02:15.893 627 941 I wm_finish_activity: [0,120149953,42,com.ebensz.appmanager/.OnlineAppListActivity,app-request]
05-21 11:02:15.906 627 941 I wm_pause_activity: [0,120149953,com.ebensz.appmanager/.OnlineAppListActivity,userLeaving=false,finish]
05-21 11:02:15.910 3582 3582 I wm_on_top_resumed_lost_called: [120149953,com.ebensz.appmanager.OnlineAppListActivity,topStateChangedWhenResumed]
05-21 11:02:15.911 3582 3582 I wm_on_paused_called: [120149953,com.ebensz.appmanager.OnlineAppListActivity,performPause]
05-21 11:02:15.911 627 941 I wm_add_to_stopping: [0,120149953,com.ebensz.appmanager/.OnlineAppListActivity,completeFinishing]
05-21 11:02:15.912 627 941 I wm_set_resumed_activity: [0,com.ebensz.appmanager/.MainActivity,resumeTopActivity]
05-21 11:02:15.914 627 941 I wm_resume_activity: [0,87386935,42,com.ebensz.appmanager/.MainActivity]
05-21 11:02:15.916 627 647 V InputMethodMenuController: Hide switching menu
05-21 11:02:15.920 627 647 I sysui_multi_action: [757,803,799,window_time_0,802,1]
05-21 11:02:15.927 3582 3582 I wm_on_restart_called: [87386935,com.ebensz.appmanager.MainActivity,performRestartActivity]
05-21 11:02:15.928 3582 3582 I wm_on_start_called: [87386935,com.ebensz.appmanager.MainActivity,handleStartActivity]
05-21 11:02:15.930 3582 3582 I wm_on_resume_called: [87386935,com.ebensz.appmanager.MainActivity,RESUME_ACTIVITY]
05-21 11:02:15.930 3582 3582 I wm_on_top_resumed_gained_called: [87386935,com.ebensz.appmanager.MainActivity,topWhenResuming]
05-21 11:02:15.936 627 712 I input_focus: [Focus leaving cedef54 com.ebensz.appmanager/com.ebensz.appmanager.OnlineAppListActivity (server),reason=NO_WINDOW]
05-21 11:02:15.940 627 647 V InputMethodMenuController: Hide switching menu
05-21 11:02:15.940 627 648 I input_focus: [Focus request 5ed07c3 com.ebensz.appmanager/com.ebensz.appmanager.MainActivity,reason=UpdateInputWindows]
05-21 11:02:15.969 627 712 I input_focus: [Focus entering 5ed07c3 com.ebensz.appmanager/com.ebensz.appmanager.MainActivity (server),reason=Window became focusable. Previous reason: NOT_VISIBLE]
05-21 11:02:15.990 3582 3582 W ContextImpl: Calling a method in the system process without a qualified user: android.app.ContextImpl.sendBroadcast:1181 android.content.ContextWrapper.sendBroadcast:479 com.ebensz.appmanager.MainActivity$UpdateAndDownLoadAppsObservable.dispatchUpdateAppsCount:151 com.ebensz.appmanager.MainActivity.onLoadFinished:1059 com.ebensz.appmanager.MainActivity.onLoadFinished:93
05-21 11:02:15.991 627 653 I am_wtf : [0,627,system_server,-1,ActivityManager,Sending non-protected broadcast com.ebensz.appmanager.action.canUpdateAppsCount from system 3582:com.ebensz.appmanager/1000 pkg com.ebensz.appmanager]
05-21 11:02:15.992 627 653 I DropBoxManagerService: add tag=system_server_wtf isTagEnabled=true flags=0x2
05-21 11:02:16.001 627 2411 V InputMethodManagerService: startInputOrWindowGainedFocusInternalLocked: reason=WINDOW_FOCUS_GAIN client=android.os.BinderProxy@3398b1f inputContext=null missingMethods= attribute=android.view.inputmethod.EditorInfo@18b0585 startInputFlags=VIEW_HAS_FOCUS|INITIAL_CONNECTION softInputMode=STATE_UNSPECIFIED|ADJUST_NOTHING windowFlags=#81810900 unverifiedTargetSdkVersion=23
05-21 11:02:16.001 627 2411 V InputMethodManagerService: Unspecified window will hide input
05-21 11:02:16.002 1340 1340 W ContextImpl: Calling a method in the system process without a qualified user: android.app.ContextImpl.sendBroadcast:1181 android.content.ContextWrapper.sendBroadcast:479 cn.eben.newweather.DateWeatherService.a:19 cn.eben.newweather.DateWeatherService.a:0 cn.eben.newweather.DateWeatherService$1.handleMessage:7
05-21 11:02:16.004 627 647 V InputMethodMenuController: Hide switching menu
05-21 11:02:16.006 3582 3582 W ContextImpl: Calling a method in the system process without a qualified user: android.app.ContextImpl.sendBroadcast:1181 android.content.ContextWrapper.sendBroadcast:479 android.content.ContextWrapper.sendBroadcast:479 com.eben.appupdate.utils.Utils.setBadgeOfDefault:263 com.ebensz.appmanager.receiver.UpdateWdjDataReceiver.onReceive:32
05-21 11:02:16.007 627 653 I am_wtf : [0,627,system_server,-1,ActivityManager,Sending non-protected broadcast android.intent.action.BADGE_COUNT_UPDATE from system 3582:com.ebensz.appmanager/1000 pkg com.ebensz.appmanager]
05-21 11:02:16.008 3582 3582 W ContextImpl: Calling a method in the system process without a qualified user: android.app.ContextImpl.startService:1824 android.content.ContextWrapper.startService:774 android.content.ContextWrapper.startService:774 com.ebensz.appmanager.service.WDJDataUpdateService.startUpdateWdjService:67 com.ebensz.appmanager.receiver.UpdateWdjDataReceiver.onReceive:38
05-21 11:02:16.011 627 653 I DropBoxManagerService: add tag=system_server_wtf isTagEnabled=true flags=0x2
05-21 11:02:16.017 627 2063 D InputMethodManagerService: --- calledFromForegroundUserOrSystemProcess ? calling uid = 1000 system uid = 1000 calling userId = 0, foreground user id = 0, calling pid = 0com.android.server.inputmethod.InputMethodManagerService.reportPerceptibleAsync(InputMethodManagerService.java:3162)
05-21 11:02:16.017 627 2063 D InputMethodManagerService: IME window vis: 0 active: 0 inv: 0 displayId: 0
05-21 11:02:16.157 627 647 I wm_destroy_activity: [0,120149953,42,com.ebensz.appmanager/.OnlineAppListActivity,finish-imm:idle]
05-21 11:02:16.192 3582 3582 I wm_on_stop_called: [120149953,com.ebensz.appmanager.OnlineAppListActivity,LIFECYCLER_STOP_ACTIVITY]
05-21 11:02:16.195 3582 3582 I wm_on_destroy_called: [120149953,com.ebensz.appmanager.OnlineAppListActivity,performDestroy]
05-21 11:11:13.264 543 543 I : read descriptors
05-21 11:11:13.265 543 543 I : read strings
05-21 11:02:16.534 464 494 I RIL : ---> enter mainloop wait at port
05-21 11:02:16.534 464 494 D RIL-DEV : Get modem info
05-21 11:02:16.535 464 494 D RIL-DEV : [05-21_11:02:16:536] idVendor = 0bda
05-21 11:02:16.535 464 494 D RIL-DEV :
05-21 11:02:16.536 464 494 D RIL-DEV : [05-21_11:02:16:536] idVendor = 05e3
05-21 11:02:16.536 464 494 D RIL-DEV :
05-21 11:02:16.536 464 494 D RIL-DEV : [05-21_11:02:16:536] idVendor = 1d6b
05-21 11:02:16.536 464 494 D RIL-DEV :
05-21 11:02:16.536 464 494 D RIL-DEV : [05-21_11:02:16:537] idVendor = 1d6b
05-21 11:02:16.536 464 494 D RIL-DEV :
05-21 11:02:16.537 464 494 D RIL-DEV : [05-21_11:02:16:537] idVendor = 0bda
05-21 11:02:16.537 464 494 D RIL-DEV :
05-21 11:02:16.537 464 494 D RIL-DEV : [05-21_11:02:16:538] idVendor = 1d6b
05-21 11:02:16.537 464 494 D RIL-DEV :
05-21 11:02:16.538 464 494 D RIL-DEV : [05-21_11:02:16:538] idVendor = 2109
05-21 11:02:16.538 464 494 D RIL-DEV :
05-21 11:02:16.538 464 494 D RIL-DEV : [05-21_11:02:16:538] idVendor = 2109
05-21 11:02:16.538 464 494 D RIL-DEV :
05-21 11:02:16.538 464 494 D RIL-DEV : [05-21_11:02:16:539] idVendor = 1d6b
05-21 11:02:16.538 464 494 D RIL-DEV :
05-21 11:02:16.539 464 494 D RIL-DEV : [05-21_11:02:16:539] idVendor = 0bda
05-21 11:02:16.539 464 494 D RIL-DEV :
05-21 11:02:16.539 464 494 D RIL-DEV : [05-21_11:02:16:539] idVendor = 2109
05-21 11:02:16.539 464 494 D RIL-DEV :
05-21 11:02:16.539 464 494 E RIL-DEV : Cannot find Meig devices
05-21 11:02:16.539 464 494 I RIL : ---> can't find meig usb devices
05-21 11:02:16.894 627 712 I input_interaction: Interaction with: 5ed07c3 com.ebensz.appmanager/com.ebensz.appmanager.MainActivity (server), PointerEventDispatcher0 (server),
05-21 11:02:17.002 1340 1340 W ContextImpl: Calling a method in the system process without a qualified user: android.app.ContextImpl.sendBroadcast:1181 android.content.ContextWrapper.sendBroadcast:479 cn.eben.newweather.DateWeatherService.a:19 cn.eben.newweather.DateWeatherService.a:0 cn.eben.newweather.DateWeatherService$1.handleMessage:7
05-21 11:11:14.341 543 543 I : read descriptors
05-21 11:11:14.341 543 543 I : read strings
05-21 11:11:14.342 1 1 I init : processing action (sys.usb.config=adb && sys.usb.configfs=1 && sys.usb.ffs.ready=1) from (/system/etc/init/hw/init.usb.configfs.rc:20)
05-21 11:11:14.344 1 1 I init : Command 'symlink /config/usb_gadget/g1/functions/ffs.adb /config/usb_gadget/g1/configs/b.1/f1' action=sys.usb.config=adb && sys.usb.configfs=1 && sys.usb.ffs.ready=1 (/system/etc/init/hw/init.usb.configfs.rc:22) took 0ms and failed: symlink() failed: File exists
05-21 11:11:14.345 1 1 I init : Command 'write /config/usb_gadget/g1/UDC ${sys.usb.controller}' action=sys.usb.config=adb && sys.usb.configfs=1 && sys.usb.ffs.ready=1 (/system/etc/init/hw/init.usb.configfs.rc:23) took 0ms and failed: Unable to write to file '/config/usb_gadget/g1/UDC': Unable to write file contents: Device or resource busy
05-21 11:02:17.616 627 1329 E TaskPersister: File error accessing recents directory (directory doesn't exist?).
05-21 11:02:18.002 1340 1340 W ContextImpl: Calling a method in the system process without a qualified user: android.app.ContextImpl.sendBroadcast:1181 android.content.ContextWrapper.sendBroadcast:479 cn.eben.newweather.DateWeatherService.a:19 cn.eben.newweather.DateWeatherService.a:0 cn.eben.newweather.DateWeatherService$1.handleMessage:7
05-21 11:02:18.296 627 642 I ActivityTaskManager: START u0 {cmp=com.ebensz.appmanager/.OnlineAppListActivity (has extras)} from uid 1000
05-21 11:02:18.299 627 642 I wm_task_moved: [42,1,9]
05-21 11:02:18.299 627 642 I wm_set_resumed_activity: [0,com.ebensz.appmanager/.MainActivity,positionChildAt]
05-21 11:02:18.299 627 642 I wm_create_activity: [0,160944813,42,com.ebensz.appmanager/.OnlineAppListActivity,NULL,NULL,NULL,0]
05-21 11:02:18.300 627 642 I wm_pause_activity: [0,87386935,com.ebensz.appmanager/.MainActivity,userLeaving=true,resumeTopActivity]
05-21 11:02:18.308 3582 3582 I wm_on_top_resumed_lost_called: [87386935,com.ebensz.appmanager.MainActivity,topStateChangedWhenResumed]
05-21 11:02:18.309 3582 3582 I wm_on_paused_called: [87386935,com.ebensz.appmanager.MainActivity,performPause]
05-21 11:02:18.309 627 642 W ActivityTaskManager: Tried to set launchTime (0) < mLastActivityLaunchTime (2196312)
05-21 11:02:18.309 627 642 I wm_add_to_stopping: [0,87386935,com.ebensz.appmanager/.MainActivity,makeInvisible]
05-21 11:02:18.309 627 642 I wm_restart_activity: [0,160944813,42,com.ebensz.appmanager/.OnlineAppListActivity]
05-21 11:02:18.310 627 642 I wm_set_resumed_activity: [0,com.ebensz.appmanager/.OnlineAppListActivity,minimalResumeActivityLocked]
05-21 11:02:18.311 627 647 V InputMethodMenuController: Hide switching menu
05-21 11:02:18.311 627 647 I sysui_multi_action: [757,803,799,window_time_0,802,3]
05-21 11:02:18.334 3582 3582 I wm_on_create_called: [160944813,com.ebensz.appmanager.OnlineAppListActivity,performCreate]
05-21 11:02:18.334 3582 3582 I wm_on_start_called: [160944813,com.ebensz.appmanager.OnlineAppListActivity,handleStartActivity]
05-21 11:02:18.335 3582 3582 I wm_on_resume_called: [160944813,com.ebensz.appmanager.OnlineAppListActivity,RESUME_ACTIVITY]
05-21 11:02:18.338 3582 3582 I wm_on_top_resumed_gained_called: [160944813,com.ebensz.appmanager.OnlineAppListActivity,topStateChangedWhenResumed]
05-21 11:02:18.339 627 712 I input_focus: [Focus leaving 5ed07c3 com.ebensz.appmanager/com.ebensz.appmanager.MainActivity (server),reason=NO_WINDOW]
05-21 11:02:18.373 3582 3582 W ContextImpl: Calling a method in the system process without a qualified user: android.app.ContextImpl.bindService:1911 android.content.ContextWrapper.bindService:810 com.ebensz.appmanager.views.fragments.OnlineAppListFragment.bindService:339 com.ebensz.appmanager.views.fragments.OnlineAppListFragment.onStart:324 android.app.Fragment.performStart:2531
05-21 11:02:18.375 627 647 V InputMethodMenuController: Hide switching menu
05-21 11:02:18.376 627 648 I input_focus: [Focus request c8c2830 com.ebensz.appmanager/com.ebensz.appmanager.OnlineAppListActivity,reason=UpdateInputWindows]
05-21 11:02:18.389 627 644 I wm_activity_launch_time: [0,160944813,com.ebensz.appmanager/.OnlineAppListActivity,92]
05-21 11:02:18.393 627 712 I input_focus: [Focus entering c8c2830 com.ebensz.appmanager/com.ebensz.appmanager.OnlineAppListActivity (server),reason=setFocusedWindow]
05-21 11:02:18.398 627 2411 V InputMethodManagerService: startInputOrWindowGainedFocusInternalLocked: reason=WINDOW_FOCUS_GAIN client=android.os.BinderProxy@3398b1f inputContext=null missingMethods= attribute=android.view.inputmethod.EditorInfo@acd75db startInputFlags=VIEW_HAS_FOCUS|INITIAL_CONNECTION softInputMode=STATE_UNSPECIFIED|ADJUST_PAN|IS_FORWARD_NAVIGATION windowFlags=#81810100 unverifiedTargetSdkVersion=23
05-21 11:02:18.398 627 2411 V InputMethodManagerService: Unspecified window will hide input
05-21 11:02:18.400 627 647 V InputMethodMenuController: Hide switching menu
05-21 11:02:18.400 627 642 D InputMethodManagerService: --- calledFromForegroundUserOrSystemProcess ? calling uid = 1000 system uid = 1000 calling userId = 0, foreground user id = 0, calling pid = 0com.android.server.inputmethod.InputMethodManagerService.reportPerceptibleAsync(InputMethodManagerService.java:3162)
05-21 11:02:18.400 627 642 D InputMethodManagerService: IME window vis: 0 active: 0 inv: 0 displayId: 0
05-21 11:02:18.540 464 494 I RIL : ---> enter mainloop wait at port
05-21 11:02:18.540 464 494 D RIL-DEV : Get modem info
05-21 11:02:18.540 464 494 D RIL-DEV : [05-21_11:02:18:540] idVendor = 0bda
05-21 11:02:18.540 464 494 D RIL-DEV :
05-21 11:02:18.540 464 494 D RIL-DEV : [05-21_11:02:18:541] idVendor = 05e3
05-21 11:02:18.540 464 494 D RIL-DEV :
05-21 11:02:18.540 464 494 D RIL-DEV : [05-21_11:02:18:541] idVendor = 1d6b
05-21 11:02:18.540 464 494 D RIL-DEV :
05-21 11:02:18.540 464 494 D RIL-DEV : [05-21_11:02:18:541] idVendor = 1d6b
05-21 11:02:18.540 464 494 D RIL-DEV :
05-21 11:02:18.541 464 494 D RIL-DEV : [05-21_11:02:18:541] idVendor = 0bda
05-21 11:02:18.541 464 494 D RIL-DEV :
05-21 11:02:18.541 464 494 D RIL-DEV : [05-21_11:02:18:542] idVendor = 1d6b
05-21 11:02:18.541 464 494 D RIL-DEV :
05-21 11:02:18.541 464 494 D RIL-DEV : [05-21_11:02:18:542] idVendor = 2109
05-21 11:02:18.541 464 494 D RIL-DEV :
05-21 11:02:18.542 464 494 D RIL-DEV : [05-21_11:02:18:542] idVendor = 2109
05-21 11:02:18.542 464 494 D RIL-DEV :
05-21 11:02:18.542 464 494 D RIL-DEV : [05-21_11:02:18:542] idVendor = 1d6b
05-21 11:02:18.542 464 494 D RIL-DEV :
05-21 11:02:18.542 464 494 D RIL-DEV : [05-21_11:02:18:542] idVendor = 0bda
05-21 11:02:18.542 464 494 D RIL-DEV :
05-21 11:02:18.542 464 494 D RIL-DEV : [05-21_11:02:18:543] idVendor = 2109
05-21 11:02:18.542 464 494 D RIL-DEV :
05-21 11:02:18.542 464 494 E RIL-DEV : Cannot find Meig devices
05-21 11:02:18.542 464 494 I RIL : ---> can't find meig usb devices
05-21 11:11:15.398 543 543 I : read descriptors
05-21 11:11:15.398 543 543 I : read strings
05-21 11:11:15.399 1 1 I init : processing action (sys.usb.config=adb && sys.usb.configfs=1 && sys.usb.ffs.ready=1) from (/system/etc/init/hw/init.usb.configfs.rc:20)
05-21 11:11:15.401 1 1 I init : Command 'symlink /config/usb_gadget/g1/functions/ffs.adb /config/usb_gadget/g1/configs/b.1/f1' action=sys.usb.config=adb && sys.usb.configfs=1 && sys.usb.ffs.ready=1 (/system/etc/init/hw/init.usb.configfs.rc:22) took 0ms and failed: symlink() failed: File exists
05-21 11:11:15.403 1 1 I init : Command 'write /config/usb_gadget/g1/UDC ${sys.usb.controller}' action=sys.usb.config=adb && sys.usb.configfs=1 && sys.usb.ffs.ready=1 (/system/etc/init/hw/init.usb.configfs.rc:23) took 1ms and failed: Unable to write to file '/config/usb_gadget/g1/UDC': Unable to write file contents: Device or resource busy
05-21 11:02:18.579 627 647 I wm_stop_activity: [0,87386935,com.ebensz.appmanager/.MainActivity]
05-21 11:02:18.605 3582 3582 I wm_on_stop_called: [87386935,com.ebensz.appmanager.MainActivity,STOP_ACTIVITY_ITEM]
05-21 11:02:19.003 1340 1340 W ContextImpl: Calling a method in the system process without a qualified user: android.app.ContextImpl.sendBroadcast:1181 android.content.ContextWrapper.sendBroadcast:479 cn.eben.newweather.DateWeatherService.a:19 cn.eben.newweather.DateWeatherService.a:0 cn.eben.newweather.DateWeatherService$1.handleMessage:7
05-21 11:02:19.139 627 642 W ContentProviderHelper: Permission Denial: opening provider com.android.providers.contacts.ContactsProvider2 from ProcessRecord{1933406 1690:cn.eben.sync/u0a44} (pid=1690, uid=10044) requires android.permission.READ_CONTACTS or android.permission.WRITE_CONTACTS
05-21 11:02:19.514 627 712 I input_interaction: Interaction with: c8c2830 com.ebensz.appmanager/com.ebensz.appmanager.OnlineAppListActivity (server), PointerEventDispatcher0 (server),
05-21 11:11:16.441 543 543 I : read descriptors
05-21 11:11:16.441 543 543 I : read strings
05-21 11:11:16.442 1 1 I init : processing action (sys.usb.config=adb && sys.usb.configfs=1 && sys.usb.ffs.ready=1) from (/system/etc/init/hw/init.usb.configfs.rc:20)
05-21 11:11:16.443 1 1 I init : Command 'symlink /config/usb_gadget/g1/functions/ffs.adb /config/usb_gadget/g1/configs/b.1/f1' action=sys.usb.config=adb && sys.usb.configfs=1 && sys.usb.ffs.ready=1 (/system/etc/init/hw/init.usb.configfs.rc:22) took 0ms and failed: symlink() failed: File exists
05-21 11:11:16.443 1 1 I init : Command 'write /config/usb_gadget/g1/UDC ${sys.usb.controller}' action=sys.usb.config=adb && sys.usb.configfs=1 && sys.usb.ffs.ready=1 (/system/etc/init/hw/init.usb.configfs.rc:23) took 0ms and failed: Unable to write to file '/config/usb_gadget/g1/UDC': Unable to write file contents: Device or resource busy
05-21 11:02:20.001 1340 1340 W ContextImpl: Calling a method in the system process without a qualified user: android.app.ContextImpl.sendBroadcast:1181 android.content.ContextWrapper.sendBroadcast:479 cn.eben.newweather.DateWeatherService.a:19 cn.eben.newweather.DateWeatherService.a:0 cn.eben.newweather.DateWeatherService$1.handleMessage:7
05-21 11:02:20.543 464 494 I RIL : ---> enter mainloop wait at port
05-21 11:02:20.543 464 494 D RIL-DEV : Get modem info
05-21 11:02:20.544 464 494 D RIL-DEV : [05-21_11:02:20:544] idVendor = 0bda
05-21 11:02:20.544 464 494 D RIL-DEV :
05-21 11:02:20.544 464 494 D RIL-DEV : [05-21_11:02:20:545] idVendor = 05e3
05-21 11:02:20.544 464 494 D RIL-DEV :
05-21 11:02:20.545 464 494 D RIL-DEV : [05-21_11:02:20:545] idVendor = 1d6b
05-21 11:02:20.545 464 494 D RIL-DEV :
05-21 11:02:20.545 464 494 D RIL-DEV : [05-21_11:02:20:545] idVendor = 1d6b
05-21 11:02:20.545 464 494 D RIL-DEV :
05-21 11:02:20.545 464 494 D RIL-DEV : [05-21_11:02:20:546] idVendor = 0bda
05-21 11:02:20.545 464 494 D RIL-DEV :
05-21 11:02:20.546 464 494 D RIL-DEV : [05-21_11:02:20:546] idVendor = 1d6b
05-21 11:02:20.546 464 494 D RIL-DEV :
05-21 11:02:20.546 464 494 D RIL-DEV : [05-21_11:02:20:546] idVendor = 2109
05-21 11:02:20.546 464 494 D RIL-DEV :
05-21 11:02:20.546 464 494 D RIL-DEV : [05-21_11:02:20:547] idVendor = 2109
05-21 11:02:20.546 464 494 D RIL-DEV :
05-21 11:02:20.547 464 494 D RIL-DEV : [05-21_11:02:20:547] idVendor = 1d6b
05-21 11:02:20.547 464 494 D RIL-DEV :
05-21 11:02:20.547 464 494 D RIL-DEV : [05-21_11:02:20:547] idVendor = 0bda
05-21 11:02:20.547 464 494 D RIL-DEV :
05-21 11:02:20.547 464 494 D RIL-DEV : [05-21_11:02:20:548] idVendor = 2109
05-21 11:02:20.547 464 494 D RIL-DEV :
05-21 11:02:20.548 464 494 E RIL-DEV : Cannot find Meig devices
05-21 11:02:20.548 464 494 I RIL : ---> can't find meig usb devices
05-21 11:11:17.481 543 543 I : read descriptors
05-21 11:11:17.481 543 543 I : read strings
05-21 11:11:17.483 1 1 I init : processing action (sys.usb.config=adb && sys.usb.configfs=1 && sys.usb.ffs.ready=1) from (/system/etc/init/hw/init.usb.configfs.rc:20)
05-21 11:02:20.735 627 2063 I wm_finish_activity: [0,160944813,42,com.ebensz.appmanager/.OnlineAppListActivity,app-request]
05-21 11:02:20.749 627 2063 I wm_pause_activity: [0,160944813,com.ebensz.appmanager/.OnlineAppListActivity,userLeaving=false,finish]
05-21 11:02:20.752 3582 3582 I wm_on_top_resumed_lost_called: [160944813,com.ebensz.appmanager.OnlineAppListActivity,topStateChangedWhenResumed]
05-21 11:02:20.753 3582 3582 I wm_on_paused_called: [160944813,com.ebensz.appmanager.OnlineAppListActivity,performPause]
05-21 11:02:20.753 627 2063 I wm_add_to_stopping: [0,160944813,com.ebensz.appmanager/.OnlineAppListActivity,completeFinishing]
05-21 11:02:20.755 627 2063 I wm_set_resumed_activity: [0,com.ebensz.appmanager/.MainActivity,resumeTopActivity]
05-21 11:02:20.755 627 647 V InputMethodMenuController: Hide switching menu
05-21 11:02:20.756 627 2063 I wm_resume_activity: [0,87386935,42,com.ebensz.appmanager/.MainActivity]
05-21 11:02:20.760 627 647 I sysui_multi_action: [757,803,799,window_time_0,802,2]
05-21 11:02:20.762 627 712 I input_focus: [Focus leaving c8c2830 com.ebensz.appmanager/com.ebensz.appmanager.OnlineAppListActivity (server),reason=NO_WINDOW]
05-21 11:02:20.787 3582 3582 I wm_on_restart_called: [87386935,com.ebensz.appmanager.MainActivity,performRestartActivity]
05-21 11:02:20.788 3582 3582 I wm_on_start_called: [87386935,com.ebensz.appmanager.MainActivity,handleStartActivity]
05-21 11:02:20.790 3582 3582 I wm_on_resume_called: [87386935,com.ebensz.appmanager.MainActivity,RESUME_ACTIVITY]
05-21 11:02:20.790 3582 3582 I wm_on_top_resumed_gained_called: [87386935,com.ebensz.appmanager.MainActivity,topWhenResuming]
05-21 11:02:20.813 627 647 V InputMethodMenuController: Hide switching menu
05-21 11:02:20.822 627 648 I input_focus: [Focus request 5ed07c3 com.ebensz.appmanager/com.ebensz.appmanager.MainActivity,reason=UpdateInputWindows]
05-21 11:02:20.840 627 647 I dvm_lock_sample: [system_server,1,android.display,16,WindowManagerService.java,5420,void com.android.server.wm.WindowManagerService$H.handleMessage(android.os.Message),WindowSurfacePlacer.java,58,void com.android.server.wm.WindowSurfacePlacer$Traverser.run(),3]
05-21 11:02:20.853 627 712 I input_focus: [Focus entering 5ed07c3 com.ebensz.appmanager/com.ebensz.appmanager.MainActivity (server),reason=Window became focusable. Previous reason: NOT_VISIBLE]
05-21 11:02:20.859 3582 3582 W ContextImpl: Calling a method in the system process without a qualified user: android.app.ContextImpl.sendBroadcast:1181 android.content.ContextWrapper.sendBroadcast:479 com.ebensz.appmanager.MainActivity$UpdateAndDownLoadAppsObservable.dispatchUpdateAppsCount:151 com.ebensz.appmanager.MainActivity.onLoadFinished:1059 com.ebensz.appmanager.MainActivity.onLoadFinished:93
05-21 11:02:20.861 627 653 I am_wtf : [0,627,system_server,-1,ActivityManager,Sending non-protected broadcast com.ebensz.appmanager.action.canUpdateAppsCount from system 3582:com.ebensz.appmanager/1000 pkg com.ebensz.appmanager]
05-21 11:02:20.862 627 653 I DropBoxManagerService: add tag=system_server_wtf isTagEnabled=true flags=0x2
05-21 11:02:20.878 627 2411 V InputMethodManagerService: startInputOrWindowGainedFocusInternalLocked: reason=WINDOW_FOCUS_GAIN client=android.os.BinderProxy@3398b1f inputContext=null missingMethods= attribute=android.view.inputmethod.EditorInfo@a05e116 startInputFlags=VIEW_HAS_FOCUS|INITIAL_CONNECTION softInputMode=STATE_UNSPECIFIED|ADJUST_NOTHING windowFlags=#81810900 unverifiedTargetSdkVersion=23
05-21 11:02:20.878 627 2411 V InputMethodManagerService: Unspecified window will hide input
05-21 11:02:20.881 627 647 V InputMethodMenuController: Hide switching menu
05-21 11:02:20.882 3582 3582 W ContextImpl: Calling a method in the system process without a qualified user: android.app.ContextImpl.sendBroadcast:1181 android.content.ContextWrapper.sendBroadcast:479 android.content.ContextWrapper.sendBroadcast:479 com.eben.appupdate.utils.Utils.setBadgeOfDefault:263 com.ebensz.appmanager.receiver.UpdateWdjDataReceiver.onReceive:32
05-21 11:02:20.883 627 653 I am_wtf : [0,627,system_server,-1,ActivityManager,Sending non-protected broadcast android.intent.action.BADGE_COUNT_UPDATE from system 3582:com.ebensz.appmanager/1000 pkg com.ebensz.appmanager]
05-21 11:02:20.883 3582 3582 W ContextImpl: Calling a method in the system process without a qualified user: android.app.ContextImpl.startService:1824 android.content.ContextWrapper.startService:774 android.content.ContextWrapper.startService:774 com.ebensz.appmanager.service.WDJDataUpdateService.startUpdateWdjService:67 com.ebensz.appmanager.receiver.UpdateWdjDataReceiver.onReceive:38
05-21 11:02:20.883 627 653 I DropBoxManagerService: add tag=system_server_wtf isTagEnabled=true flags=0x2
05-21 11:02:20.886 627 2063 D InputMethodManagerService: --- calledFromForegroundUserOrSystemProcess ? calling uid = 1000 system uid = 1000 calling userId = 0, foreground user id = 0, calling pid = 0com.android.server.inputmethod.InputMethodManagerService.reportPerceptibleAsync(InputMethodManagerService.java:3162)
05-21 11:02:20.886 627 2063 D InputMethodManagerService: IME window vis: 0 active: 0 inv: 0 displayId: 0
05-21 11:02:21.001 1340 1340 W ContextImpl: Calling a method in the system process without a qualified user: android.app.ContextImpl.sendBroadcast:1181 android.content.ContextWrapper.sendBroadcast:479 cn.eben.newweather.DateWeatherService.a:19 cn.eben.newweather.DateWeatherService.a:0 cn.eben.newweather.DateWeatherService$1.handleMessage:7
05-21 11:02:21.034 627 647 I wm_destroy_activity: [0,160944813,42,com.ebensz.appmanager/.OnlineAppListActivity,finish-imm:idle]
05-21 11:02:21.058 3582 3582 I wm_on_stop_called: [160944813,com.ebensz.appmanager.OnlineAppListActivity,LIFECYCLER_STOP_ACTIVITY]
05-21 11:02:21.059 3582 3582 I wm_on_destroy_called: [160944813,com.ebensz.appmanager.OnlineAppListActivity,performDestroy]
05-21 11:11:18.531 543 543 I : read descriptors
05-21 11:11:18.531 543 543 I : read strings
05-21 11:02:21.805 627 712 I input_interaction: Interaction with: 5ed07c3 com.ebensz.appmanager/com.ebensz.appmanager.MainActivity (server), PointerEventDispatcher0 (server),
05-21 11:02:21.820 627 1329 E TaskPersister: File error accessing recents directory (directory doesn't exist?).
05-21 11:02:21.897 627 2411 I ActivityTaskManager: START u0 {cmp=com.ebensz.appmanager/.OnlineAppListActivity (has extras)} from uid 1000
05-21 11:02:21.900 627 2411 I wm_task_moved: [42,1,9]
05-21 11:02:21.900 627 2411 I wm_set_resumed_activity: [0,com.ebensz.appmanager/.MainActivity,positionChildAt]
05-21 11:02:21.900 627 2411 I wm_create_activity: [0,129908697,42,com.ebensz.appmanager/.OnlineAppListActivity,NULL,NULL,NULL,0]
05-21 11:02:21.901 627 2411 I wm_pause_activity: [0,87386935,com.ebensz.appmanager/.MainActivity,userLeaving=true,resumeTopActivity]
05-21 11:02:21.911 3582 3582 I wm_on_top_resumed_lost_called: [87386935,com.ebensz.appmanager.MainActivity,topStateChangedWhenResumed]
05-21 11:02:21.913 3582 3582 I wm_on_paused_called: [87386935,com.ebensz.appmanager.MainActivity,performPause]
05-21 11:02:21.913 627 2411 W ActivityTaskManager: Tried to set launchTime (0) < mLastActivityLaunchTime (2243151)
05-21 11:02:21.913 627 2411 I wm_add_to_stopping: [0,87386935,com.ebensz.appmanager/.MainActivity,makeInvisible]
05-21 11:02:21.914 627 2411 I wm_restart_activity: [0,129908697,42,com.ebensz.appmanager/.OnlineAppListActivity]
05-21 11:02:21.915 627 2411 I wm_set_resumed_activity: [0,com.ebensz.appmanager/.OnlineAppListActivity,minimalResumeActivityLocked]
