05-21 11:08:36.315 543 543 I : read descriptors
05-21 11:08:36.315 543 543 I : read strings
05-21 11:08:36.317 1 1 I init : processing action (sys.usb.config=adb && sys.usb.configfs=1 && sys.usb.ffs.ready=1) from (/system/etc/init/hw/init.usb.configfs.rc:20)
05-21 11:08:36.320 1 1 I init : Command 'symlink /config/usb_gadget/g1/functions/ffs.adb /config/usb_gadget/g1/configs/b.1/f1' action=sys.usb.config=adb && sys.usb.configfs=1 && sys.usb.ffs.ready=1 (/system/etc/init/hw/init.usb.configfs.rc:22) took 1ms and failed: symlink() failed: File exists
05-21 11:08:36.322 1 1 I init : Command 'write /config/usb_gadget/g1/UDC ${sys.usb.controller}' action=sys.usb.config=adb && sys.usb.configfs=1 && sys.usb.ffs.ready=1 (/system/etc/init/hw/init.usb.configfs.rc:23) took 1ms and failed: Unable to write to file '/config/usb_gadget/g1/UDC': Unable to write file contents: Device or resource busy
05-21 10:59:40.002 1340 1340 W ContextImpl: Calling a method in the system process without a qualified user: android.app.ContextImpl.sendBroadcast:1181 android.content.ContextWrapper.sendBroadcast:479 cn.eben.newweather.DateWeatherService.a:19 cn.eben.newweather.DateWeatherService.a:0 cn.eben.newweather.DateWeatherService$1.handleMessage:7
05-21 10:59:40.144 464 494 I RIL : ---> enter mainloop wait at port
05-21 10:59:40.144 464 494 D RIL-DEV : Get modem info
05-21 10:59:40.145 464 494 D RIL-DEV : [05-21_10:59:40:145] idVendor = 0bda
05-21 10:59:40.145 464 494 D RIL-DEV :
05-21 10:59:40.145 464 494 D RIL-DEV : [05-21_10:59:40:146] idVendor = 05e3
05-21 10:59:40.145 464 494 D RIL-DEV :
05-21 10:59:40.146 464 494 D RIL-DEV : [05-21_10:59:40:147] idVendor = 1d6b
05-21 10:59:40.146 464 494 D RIL-DEV :
05-21 10:59:40.146 464 494 D RIL-DEV : [05-21_10:59:40:147] idVendor = 1d6b
05-21 10:59:40.146 464 494 D RIL-DEV :
05-21 10:59:40.147 464 494 D RIL-DEV : [05-21_10:59:40:147] idVendor = 0bda
05-21 10:59:40.147 464 494 D RIL-DEV :
05-21 10:59:40.148 464 494 D RIL-DEV : [05-21_10:59:40:148] idVendor = 1d6b
05-21 10:59:40.148 464 494 D RIL-DEV :
05-21 10:59:40.148 464 494 D RIL-DEV : [05-21_10:59:40:148] idVendor = 2109
05-21 10:59:40.148 464 494 D RIL-DEV :
05-21 10:59:40.149 464 494 D RIL-DEV : [05-21_10:59:40:149] idVendor = 2109
05-21 10:59:40.149 464 494 D RIL-DEV :
05-21 10:59:40.149 464 494 D RIL-DEV : [05-21_10:59:40:149] idVendor = 1d6b
05-21 10:59:40.149 464 494 D RIL-DEV :
05-21 10:59:40.150 464 494 D RIL-DEV : [05-21_10:59:40:150] idVendor = 0bda
05-21 10:59:40.150 464 494 D RIL-DEV :
05-21 10:59:40.150 464 494 D RIL-DEV : [05-21_10:59:40:150] idVendor = 2109
05-21 10:59:40.150 464 494 D RIL-DEV :
05-21 10:59:40.151 464 494 E RIL-DEV : Cannot find Meig devices
05-21 10:59:40.151 464 494 I RIL : ---> can't find meig usb devices
05-21 11:08:37.378 543 543 I : read descriptors
05-21 11:08:37.378 543 543 I : read strings
05-21 11:08:37.380 1 1 I init : processing action (sys.usb.config=adb && sys.usb.configfs=1 && sys.usb.ffs.ready=1) from (/system/etc/init/hw/init.usb.configfs.rc:20)
05-21 11:08:37.383 1 1 I init : Command 'symlink /config/usb_gadget/g1/functions/ffs.adb /config/usb_gadget/g1/configs/b.1/f1' action=sys.usb.config=adb && sys.usb.configfs=1 && sys.usb.ffs.ready=1 (/system/etc/init/hw/init.usb.configfs.rc:22) took 1ms and failed: symlink() failed: File exists
05-21 11:08:37.385 1 1 I init : Command 'write /config/usb_gadget/g1/UDC ${sys.usb.controller}' action=sys.usb.config=adb && sys.usb.configfs=1 && sys.usb.ffs.ready=1 (/system/etc/init/hw/init.usb.configfs.rc:23) took 1ms and failed: Unable to write to file '/config/usb_gadget/g1/UDC': Unable to write file contents: Device or resource busy
05-21 10:59:41.002 1340 1340 W ContextImpl: Calling a method in the system process without a qualified user: android.app.ContextImpl.sendBroadcast:1181 android.content.ContextWrapper.sendBroadcast:479 cn.eben.newweather.DateWeatherService.a:19 cn.eben.newweather.DateWeatherService.a:0 cn.eben.newweather.DateWeatherService$1.handleMessage:7
05-21 11:08:38.441 543 543 I : read descriptors
05-21 11:08:38.441 543 543 I : read strings
05-21 11:08:38.443 1 1 I init : processing action (sys.usb.config=adb && sys.usb.configfs=1 && sys.usb.ffs.ready=1) from (/system/etc/init/hw/init.usb.configfs.rc:20)
05-21 11:08:38.446 1 1 I init : Command 'symlink /config/usb_gadget/g1/functions/ffs.adb /config/usb_gadget/g1/configs/b.1/f1' action=sys.usb.config=adb && sys.usb.configfs=1 && sys.usb.ffs.ready=1 (/system/etc/init/hw/init.usb.configfs.rc:22) took 0ms and failed: symlink() failed: File exists
05-21 11:08:38.448 1 1 I init : Command 'write /config/usb_gadget/g1/UDC ${sys.usb.controller}' action=sys.usb.config=adb && sys.usb.configfs=1 && sys.usb.ffs.ready=1 (/system/etc/init/hw/init.usb.configfs.rc:23) took 1ms and failed: Unable to write to file '/config/usb_gadget/g1/UDC': Unable to write file contents: Device or resource busy
05-21 10:59:42.002 1340 1340 W ContextImpl: Calling a method in the system process without a qualified user: android.app.ContextImpl.sendBroadcast:1181 android.content.ContextWrapper.sendBroadcast:479 cn.eben.newweather.DateWeatherService.a:19 cn.eben.newweather.DateWeatherService.a:0 cn.eben.newweather.DateWeatherService$1.handleMessage:7
05-21 10:59:42.151 464 494 I RIL : ---> enter mainloop wait at port
05-21 10:59:42.151 464 494 D RIL-DEV : Get modem info
05-21 10:59:42.152 464 494 D RIL-DEV : [05-21_10:59:42:153] idVendor = 0bda
05-21 10:59:42.152 464 494 D RIL-DEV :
05-21 10:59:42.152 464 494 D RIL-DEV : [05-21_10:59:42:153] idVendor = 05e3
05-21 10:59:42.152 464 494 D RIL-DEV :
05-21 10:59:42.153 464 494 D RIL-DEV : [05-21_10:59:42:153] idVendor = 1d6b
05-21 10:59:42.153 464 494 D RIL-DEV :
05-21 10:59:42.153 464 494 D RIL-DEV : [05-21_10:59:42:154] idVendor = 1d6b
05-21 10:59:42.153 464 494 D RIL-DEV :
05-21 10:59:42.153 464 494 D RIL-DEV : [05-21_10:59:42:154] idVendor = 0bda
05-21 10:59:42.153 464 494 D RIL-DEV :
05-21 10:59:42.154 464 494 D RIL-DEV : [05-21_10:59:42:155] idVendor = 1d6b
05-21 10:59:42.154 464 494 D RIL-DEV :
05-21 10:59:42.154 464 494 D RIL-DEV : [05-21_10:59:42:155] idVendor = 2109
05-21 10:59:42.154 464 494 D RIL-DEV :
05-21 10:59:42.155 464 494 D RIL-DEV : [05-21_10:59:42:155] idVendor = 2109
05-21 10:59:42.155 464 494 D RIL-DEV :
05-21 10:59:42.155 464 494 D RIL-DEV : [05-21_10:59:42:155] idVendor = 1d6b
05-21 10:59:42.155 464 494 D RIL-DEV :
05-21 10:59:42.155 464 494 D RIL-DEV : [05-21_10:59:42:156] idVendor = 0bda
05-21 10:59:42.155 464 494 D RIL-DEV :
05-21 10:59:42.156 464 494 D RIL-DEV : [05-21_10:59:42:156] idVendor = 2109
05-21 10:59:42.156 464 494 D RIL-DEV :
05-21 10:59:42.156 464 494 E RIL-DEV : Cannot find Meig devices
05-21 10:59:42.156 464 494 I RIL : ---> can't find meig usb devices
05-21 11:08:39.508 543 543 I : read descriptors
05-21 11:08:39.508 543 543 I : read strings
05-21 11:08:39.510 1 1 I init : processing action (sys.usb.config=adb && sys.usb.configfs=1 && sys.usb.ffs.ready=1) from (/system/etc/init/hw/init.usb.configfs.rc:20)
05-21 10:59:43.002 1340 1340 W ContextImpl: Calling a method in the system process without a qualified user: android.app.ContextImpl.sendBroadcast:1181 android.content.ContextWrapper.sendBroadcast:479 cn.eben.newweather.DateWeatherService.a:19 cn.eben.newweather.DateWeatherService.a:0 cn.eben.newweather.DateWeatherService$1.handleMessage:7
05-21 11:08:40.561 543 543 I : read descriptors
05-21 11:08:40.561 543 543 I : read strings
05-21 10:59:43.993 627 945 W ContentProviderHelper: Permission Denial: opening provider com.android.providers.contacts.ContactsProvider2 from ProcessRecord{1933406 1690:cn.eben.sync/u0a44} (pid=1690, uid=10044) requires android.permission.READ_CONTACTS or android.permission.WRITE_CONTACTS
05-21 10:59:44.003 1340 1340 W ContextImpl: Calling a method in the system process without a qualified user: android.app.ContextImpl.sendBroadcast:1181 android.content.ContextWrapper.sendBroadcast:479 cn.eben.newweather.DateWeatherService.a:19 cn.eben.newweather.DateWeatherService.a:0 cn.eben.newweather.DateWeatherService$1.handleMessage:7
05-21 10:59:44.156 464 494 I RIL : ---> enter mainloop wait at port
05-21 10:59:44.157 464 494 D RIL-DEV : Get modem info
05-21 10:59:44.158 464 494 D RIL-DEV : [05-21_10:59:44:158] idVendor = 0bda
05-21 10:59:44.158 464 494 D RIL-DEV :
05-21 10:59:44.158 464 494 D RIL-DEV : [05-21_10:59:44:159] idVendor = 05e3
05-21 10:59:44.158 464 494 D RIL-DEV :
05-21 10:59:44.159 464 494 D RIL-DEV : [05-21_10:59:44:159] idVendor = 1d6b
05-21 10:59:44.159 464 494 D RIL-DEV :
05-21 10:59:44.159 464 494 D RIL-DEV : [05-21_10:59:44:159] idVendor = 1d6b
05-21 10:59:44.159 464 494 D RIL-DEV :
05-21 10:59:44.160 464 494 D RIL-DEV : [05-21_10:59:44:160] idVendor = 0bda
05-21 10:59:44.160 464 494 D RIL-DEV :
05-21 10:59:44.160 464 494 D RIL-DEV : [05-21_10:59:44:161] idVendor = 1d6b
05-21 10:59:44.160 464 494 D RIL-DEV :
05-21 10:59:44.161 464 494 D RIL-DEV : [05-21_10:59:44:161] idVendor = 2109
05-21 10:59:44.161 464 494 D RIL-DEV :
05-21 10:59:44.161 464 494 D RIL-DEV : [05-21_10:59:44:162] idVendor = 2109
05-21 10:59:44.161 464 494 D RIL-DEV :
05-21 10:59:44.162 464 494 D RIL-DEV : [05-21_10:59:44:162] idVendor = 1d6b
05-21 10:59:44.162 464 494 D RIL-DEV :
05-21 10:59:44.162 464 494 D RIL-DEV : [05-21_10:59:44:163] idVendor = 0bda
05-21 10:59:44.162 464 494 D RIL-DEV :
05-21 10:59:44.163 464 494 D RIL-DEV : [05-21_10:59:44:163] idVendor = 2109
05-21 10:59:44.163 464 494 D RIL-DEV :
05-21 10:59:44.163 464 494 E RIL-DEV : Cannot find Meig devices
05-21 10:59:44.163 464 494 I RIL : ---> can't find meig usb devices
05-21 11:08:41.625 543 543 I : read descriptors
05-21 11:08:41.625 543 543 I : read strings
05-21 11:08:41.627 1 1 I init : processing action (sys.usb.config=adb && sys.usb.configfs=1 && sys.usb.ffs.ready=1) from (/system/etc/init/hw/init.usb.configfs.rc:20)
05-21 11:08:41.630 1 1 I init : Command 'symlink /config/usb_gadget/g1/functions/ffs.adb /config/usb_gadget/g1/configs/b.1/f1' action=sys.usb.config=adb && sys.usb.configfs=1 && sys.usb.ffs.ready=1 (/system/etc/init/hw/init.usb.configfs.rc:22) took 1ms and failed: symlink() failed: File exists
05-21 11:08:41.632 1 1 I init : Command 'write /config/usb_gadget/g1/UDC ${sys.usb.controller}' action=sys.usb.config=adb && sys.usb.configfs=1 && sys.usb.ffs.ready=1 (/system/etc/init/hw/init.usb.configfs.rc:23) took 1ms and failed: Unable to write to file '/config/usb_gadget/g1/UDC': Unable to write file contents: Device or resource busy
05-21 10:59:45.002 1340 1340 W ContextImpl: Calling a method in the system process without a qualified user: android.app.ContextImpl.sendBroadcast:1181 android.content.ContextWrapper.sendBroadcast:479 cn.eben.newweather.DateWeatherService.a:19 cn.eben.newweather.DateWeatherService.a:0 cn.eben.newweather.DateWeatherService$1.handleMessage:7
05-21 11:08:42.681 543 543 I : read descriptors
05-21 11:08:42.681 543 543 I : read strings
05-21 11:08:42.685 1 1 I init : processing action (sys.usb.config=adb && sys.usb.configfs=1 && sys.usb.ffs.ready=1) from (/system/etc/init/hw/init.usb.configfs.rc:20)
05-21 11:08:42.686 1 1 I init : Command 'symlink /config/usb_gadget/g1/functions/ffs.adb /config/usb_gadget/g1/configs/b.1/f1' action=sys.usb.config=adb && sys.usb.configfs=1 && sys.usb.ffs.ready=1 (/system/etc/init/hw/init.usb.configfs.rc:22) took 0ms and failed: symlink() failed: File exists
05-21 11:08:42.687 1 1 I init : Command 'write /config/usb_gadget/g1/UDC ${sys.usb.controller}' action=sys.usb.config=adb && sys.usb.configfs=1 && sys.usb.ffs.ready=1 (/system/etc/init/hw/init.usb.configfs.rc:23) took 0ms and failed: Unable to write to file '/config/usb_gadget/g1/UDC': Unable to write file contents: Device or resource busy
05-21 10:59:46.002 1340 1340 W ContextImpl: Calling a method in the system process without a qualified user: android.app.ContextImpl.sendBroadcast:1181 android.content.ContextWrapper.sendBroadcast:479 cn.eben.newweather.DateWeatherService.a:19 cn.eben.newweather.DateWeatherService.a:0 cn.eben.newweather.DateWeatherService$1.handleMessage:7
05-21 10:59:46.164 464 494 I RIL : ---> enter mainloop wait at port
05-21 10:59:46.164 464 494 D RIL-DEV : Get modem info
05-21 10:59:46.165 464 494 D RIL-DEV : [05-21_10:59:46:165] idVendor = 0bda
05-21 10:59:46.165 464 494 D RIL-DEV :
05-21 10:59:46.165 464 494 D RIL-DEV : [05-21_10:59:46:165] idVendor = 05e3
05-21 10:59:46.165 464 494 D RIL-DEV :
05-21 10:59:46.165 464 494 D RIL-DEV : [05-21_10:59:46:166] idVendor = 1d6b
05-21 10:59:46.165 464 494 D RIL-DEV :
05-21 10:59:46.166 464 494 D RIL-DEV : [05-21_10:59:46:166] idVendor = 1d6b
05-21 10:59:46.166 464 494 D RIL-DEV :
05-21 10:59:46.166 464 494 D RIL-DEV : [05-21_10:59:46:166] idVendor = 0bda
05-21 10:59:46.166 464 494 D RIL-DEV :
05-21 10:59:46.166 464 494 D RIL-DEV : [05-21_10:59:46:167] idVendor = 1d6b
05-21 10:59:46.166 464 494 D RIL-DEV :
05-21 10:59:46.167 464 494 D RIL-DEV : [05-21_10:59:46:167] idVendor = 2109
05-21 10:59:46.167 464 494 D RIL-DEV :
05-21 10:59:46.167 464 494 D RIL-DEV : [05-21_10:59:46:168] idVendor = 2109
05-21 10:59:46.167 464 494 D RIL-DEV :
05-21 10:59:46.167 464 494 D RIL-DEV : [05-21_10:59:46:168] idVendor = 1d6b
05-21 10:59:46.167 464 494 D RIL-DEV :
05-21 10:59:46.168 464 494 D RIL-DEV : [05-21_10:59:46:168] idVendor = 0bda
05-21 10:59:46.168 464 494 D RIL-DEV :
05-21 10:59:46.168 464 494 D RIL-DEV : [05-21_10:59:46:169] idVendor = 2109
05-21 10:59:46.168 464 494 D RIL-DEV :
05-21 10:59:46.169 464 494 E RIL-DEV : Cannot find Meig devices
05-21 10:59:46.169 464 494 I RIL : ---> can't find meig usb devices
05-21 11:08:43.728 543 543 I : read descriptors
05-21 11:08:43.728 543 543 I : read strings
05-21 11:08:43.731 1 1 I init : processing action (sys.usb.config=adb && sys.usb.configfs=1 && sys.usb.ffs.ready=1) from (/system/etc/init/hw/init.usb.configfs.rc:20)
05-21 11:08:43.733 1 1 I init : Command 'symlink /config/usb_gadget/g1/functions/ffs.adb /config/usb_gadget/g1/configs/b.1/f1' action=sys.usb.config=adb && sys.usb.configfs=1 && sys.usb.ffs.ready=1 (/system/etc/init/hw/init.usb.configfs.rc:22) took 0ms and failed: symlink() failed: File exists
05-21 11:08:43.733 1 1 I init : Command 'write /config/usb_gadget/g1/UDC ${sys.usb.controller}' action=sys.usb.config=adb && sys.usb.configfs=1 && sys.usb.ffs.ready=1 (/system/etc/init/hw/init.usb.configfs.rc:23) took 0ms and failed: Unable to write to file '/config/usb_gadget/g1/UDC': Unable to write file contents: Device or resource busy
05-21 10:59:47.002 1340 1340 W ContextImpl: Calling a method in the system process without a qualified user: android.app.ContextImpl.sendBroadcast:1181 android.content.ContextWrapper.sendBroadcast:479 cn.eben.newweather.DateWeatherService.a:19 cn.eben.newweather.DateWeatherService.a:0 cn.eben.newweather.DateWeatherService$1.handleMessage:7
05-21 11:08:44.781 543 543 I : read descriptors
05-21 11:08:44.781 543 543 I : read strings
05-21 11:08:44.783 1 1 I init : processing action (sys.usb.config=adb && sys.usb.configfs=1 && sys.usb.ffs.ready=1) from (/system/etc/init/hw/init.usb.configfs.rc:20)
05-21 10:59:48.002 1340 1340 W ContextImpl: Calling a method in the system process without a qualified user: android.app.ContextImpl.sendBroadcast:1181 android.content.ContextWrapper.sendBroadcast:479 cn.eben.newweather.DateWeatherService.a:19 cn.eben.newweather.DateWeatherService.a:0 cn.eben.newweather.DateWeatherService$1.handleMessage:7
05-21 10:59:48.169 464 494 I RIL : ---> enter mainloop wait at port
05-21 10:59:48.169 464 494 D RIL-DEV : Get modem info
05-21 10:59:48.170 464 494 D RIL-DEV : [05-21_10:59:48:170] idVendor = 0bda
05-21 10:59:48.170 464 494 D RIL-DEV :
05-21 10:59:48.170 464 494 D RIL-DEV : [05-21_10:59:48:171] idVendor = 05e3
05-21 10:59:48.170 464 494 D RIL-DEV :
05-21 10:59:48.171 464 494 D RIL-DEV : [05-21_10:59:48:171] idVendor = 1d6b
05-21 10:59:48.171 464 494 D RIL-DEV :
05-21 10:59:48.171 464 494 D RIL-DEV : [05-21_10:59:48:172] idVendor = 1d6b
05-21 10:59:48.171 464 494 D RIL-DEV :
05-21 10:59:48.171 464 494 D RIL-DEV : [05-21_10:59:48:172] idVendor = 0bda
05-21 10:59:48.171 464 494 D RIL-DEV :
05-21 10:59:48.172 464 494 D RIL-DEV : [05-21_10:59:48:172] idVendor = 1d6b
05-21 10:59:48.172 464 494 D RIL-DEV :
05-21 10:59:48.172 464 494 D RIL-DEV : [05-21_10:59:48:173] idVendor = 2109
05-21 10:59:48.172 464 494 D RIL-DEV :
05-21 10:59:48.173 464 494 D RIL-DEV : [05-21_10:59:48:173] idVendor = 2109
05-21 10:59:48.173 464 494 D RIL-DEV :
05-21 10:59:48.173 464 494 D RIL-DEV : [05-21_10:59:48:173] idVendor = 1d6b
05-21 10:59:48.173 464 494 D RIL-DEV :
05-21 10:59:48.173 464 494 D RIL-DEV : [05-21_10:59:48:174] idVendor = 0bda
05-21 10:59:48.173 464 494 D RIL-DEV :
05-21 10:59:48.174 464 494 D RIL-DEV : [05-21_10:59:48:174] idVendor = 2109
05-21 10:59:48.174 464 494 D RIL-DEV :
05-21 10:59:48.174 464 494 E RIL-DEV : Cannot find Meig devices
05-21 10:59:48.174 464 494 I RIL : ---> can't find meig usb devices
05-21 11:08:45.828 543 543 I : read descriptors
05-21 11:08:45.828 543 543 I : read strings
05-21 10:59:48.999 627 945 W ContentProviderHelper: Permission Denial: opening provider com.android.providers.contacts.ContactsProvider2 from ProcessRecord{1933406 1690:cn.eben.sync/u0a44} (pid=1690, uid=10044) requires android.permission.READ_CONTACTS or android.permission.WRITE_CONTACTS
05-21 10:59:49.002 1340 1340 W ContextImpl: Calling a method in the system process without a qualified user: android.app.ContextImpl.sendBroadcast:1181 android.content.ContextWrapper.sendBroadcast:479 cn.eben.newweather.DateWeatherService.a:19 cn.eben.newweather.DateWeatherService.a:0 cn.eben.newweather.DateWeatherService$1.handleMessage:7
05-21 10:59:50.002 1340 1340 W ContextImpl: Calling a method in the system process without a qualified user: android.app.ContextImpl.sendBroadcast:1181 android.content.ContextWrapper.sendBroadcast:479 cn.eben.newweather.DateWeatherService.a:19 cn.eben.newweather.DateWeatherService.a:0 cn.eben.newweather.DateWeatherService$1.handleMessage:7
05-21 11:08:46.875 543 543 I : read descriptors
05-21 11:08:46.875 543 543 I : read strings
05-21 11:08:46.879 1 1 I init : processing action (sys.usb.config=adb && sys.usb.configfs=1 && sys.usb.ffs.ready=1) from (/system/etc/init/hw/init.usb.configfs.rc:20)
05-21 11:08:46.880 1 1 I init : Command 'symlink /config/usb_gadget/g1/functions/ffs.adb /config/usb_gadget/g1/configs/b.1/f1' action=sys.usb.config=adb && sys.usb.configfs=1 && sys.usb.ffs.ready=1 (/system/etc/init/hw/init.usb.configfs.rc:22) took 0ms and failed: symlink() failed: File exists
05-21 11:08:46.881 1 1 I init : Command 'write /config/usb_gadget/g1/UDC ${sys.usb.controller}' action=sys.usb.config=adb && sys.usb.configfs=1 && sys.usb.ffs.ready=1 (/system/etc/init/hw/init.usb.configfs.rc:23) took 0ms and failed: Unable to write to file '/config/usb_gadget/g1/UDC': Unable to write file contents: Device or resource busy
05-21 10:59:50.174 464 494 I RIL : ---> enter mainloop wait at port
05-21 10:59:50.175 464 494 D RIL-DEV : Get modem info
05-21 10:59:50.175 464 494 D RIL-DEV : [05-21_10:59:50:176] idVendor = 0bda
05-21 10:59:50.175 464 494 D RIL-DEV :
05-21 10:59:50.176 464 494 D RIL-DEV : [05-21_10:59:50:176] idVendor = 05e3
05-21 10:59:50.176 464 494 D RIL-DEV :
05-21 10:59:50.176 464 494 D RIL-DEV : [05-21_10:59:50:177] idVendor = 1d6b
05-21 10:59:50.176 464 494 D RIL-DEV :
05-21 10:59:50.176 464 494 D RIL-DEV : [05-21_10:59:50:177] idVendor = 1d6b
05-21 10:59:50.176 464 494 D RIL-DEV :
05-21 10:59:50.177 464 494 D RIL-DEV : [05-21_10:59:50:177] idVendor = 0bda
05-21 10:59:50.177 464 494 D RIL-DEV :
05-21 10:59:50.177 464 494 D RIL-DEV : [05-21_10:59:50:178] idVendor = 1d6b
05-21 10:59:50.177 464 494 D RIL-DEV :
05-21 10:59:50.178 464 494 D RIL-DEV : [05-21_10:59:50:178] idVendor = 2109
05-21 10:59:50.178 464 494 D RIL-DEV :
05-21 10:59:50.178 464 494 D RIL-DEV : [05-21_10:59:50:179] idVendor = 2109
05-21 10:59:50.178 464 494 D RIL-DEV :
05-21 10:59:50.178 464 494 D RIL-DEV : [05-21_10:59:50:179] idVendor = 1d6b
05-21 10:59:50.178 464 494 D RIL-DEV :
05-21 10:59:50.179 464 494 D RIL-DEV : [05-21_10:59:50:179] idVendor = 0bda
05-21 10:59:50.179 464 494 D RIL-DEV :
05-21 10:59:50.179 464 494 D RIL-DEV : [05-21_10:59:50:179] idVendor = 2109
05-21 10:59:50.179 464 494 D RIL-DEV :
05-21 10:59:50.179 464 494 E RIL-DEV : Cannot find Meig devices
05-21 10:59:50.179 464 494 I RIL : ---> can't find meig usb devices
05-21 10:59:51.003 1340 1340 W ContextImpl: Calling a method in the system process without a qualified user: android.app.ContextImpl.sendBroadcast:1181 android.content.ContextWrapper.sendBroadcast:479 cn.eben.newweather.DateWeatherService.a:19 cn.eben.newweather.DateWeatherService.a:0 cn.eben.newweather.DateWeatherService$1.handleMessage:7
05-21 11:08:47.924 543 543 I : read descriptors
05-21 11:08:47.925 543 543 I : read strings
05-21 11:08:47.927 1 1 I init : processing action (sys.usb.config=adb && sys.usb.configfs=1 && sys.usb.ffs.ready=1) from (/system/etc/init/hw/init.usb.configfs.rc:20)
05-21 11:08:47.928 1 1 I init : Command 'symlink /config/usb_gadget/g1/functions/ffs.adb /config/usb_gadget/g1/configs/b.1/f1' action=sys.usb.config=adb && sys.usb.configfs=1 && sys.usb.ffs.ready=1 (/system/etc/init/hw/init.usb.configfs.rc:22) took 0ms and failed: symlink() failed: File exists
05-21 11:08:47.929 1 1 I init : Command 'write /config/usb_gadget/g1/UDC ${sys.usb.controller}' action=sys.usb.config=adb && sys.usb.configfs=1 && sys.usb.ffs.ready=1 (/system/etc/init/hw/init.usb.configfs.rc:23) took 0ms and failed: Unable to write to file '/config/usb_gadget/g1/UDC': Unable to write file contents: Device or resource busy
05-21 10:59:52.002 1340 1340 W ContextImpl: Calling a method in the system process without a qualified user: android.app.ContextImpl.sendBroadcast:1181 android.content.ContextWrapper.sendBroadcast:479 cn.eben.newweather.DateWeatherService.a:19 cn.eben.newweather.DateWeatherService.a:0 cn.eben.newweather.DateWeatherService$1.handleMessage:7
05-21 11:08:48.961 543 543 I : read descriptors
05-21 11:08:48.961 543 543 I : read strings
05-21 11:08:48.965 1 1 I init : processing action (sys.usb.config=adb && sys.usb.configfs=1 && sys.usb.ffs.ready=1) from (/system/etc/init/hw/init.usb.configfs.rc:20)
05-21 11:08:48.966 1 1 I init : Command 'symlink /config/usb_gadget/g1/functions/ffs.adb /config/usb_gadget/g1/configs/b.1/f1' action=sys.usb.config=adb && sys.usb.configfs=1 && sys.usb.ffs.ready=1 (/system/etc/init/hw/init.usb.configfs.rc:22) took 0ms and failed: symlink() failed: File exists
05-21 11:08:48.967 1 1 I init : Command 'write /config/usb_gadget/g1/UDC ${sys.usb.controller}' action=sys.usb.config=adb && sys.usb.configfs=1 && sys.usb.ffs.ready=1 (/system/etc/init/hw/init.usb.configfs.rc:23) took 0ms and failed: Unable to write to file '/config/usb_gadget/g1/UDC': Unable to write file contents: Device or resource busy
05-21 10:59:52.180 464 494 I RIL : ---> enter mainloop wait at port
05-21 10:59:52.180 464 494 D RIL-DEV : Get modem info
05-21 10:59:52.180 464 494 D RIL-DEV : [05-21_10:59:52:181] idVendor = 0bda
05-21 10:59:52.180 464 494 D RIL-DEV :
05-21 10:59:52.181 464 494 D RIL-DEV : [05-21_10:59:52:181] idVendor = 05e3
05-21 10:59:52.181 464 494 D RIL-DEV :
05-21 10:59:52.181 464 494 D RIL-DEV : [05-21_10:59:52:181] idVendor = 1d6b
05-21 10:59:52.181 464 494 D RIL-DEV :
05-21 10:59:52.181 464 494 D RIL-DEV : [05-21_10:59:52:182] idVendor = 1d6b
05-21 10:59:52.181 464 494 D RIL-DEV :
05-21 10:59:52.181 464 494 D RIL-DEV : [05-21_10:59:52:182] idVendor = 0bda
05-21 10:59:52.181 464 494 D RIL-DEV :
05-21 10:59:52.182 464 494 D RIL-DEV : [05-21_10:59:52:182] idVendor = 1d6b
05-21 10:59:52.182 464 494 D RIL-DEV :
05-21 10:59:52.182 464 494 D RIL-DEV : [05-21_10:59:52:182] idVendor = 2109
05-21 10:59:52.182 464 494 D RIL-DEV :
05-21 10:59:52.182 464 494 D RIL-DEV : [05-21_10:59:52:183] idVendor = 2109
05-21 10:59:52.182 464 494 D RIL-DEV :
05-21 10:59:52.182 464 494 D RIL-DEV : [05-21_10:59:52:183] idVendor = 1d6b
05-21 10:59:52.182 464 494 D RIL-DEV :
05-21 10:59:52.183 464 494 D RIL-DEV : [05-21_10:59:52:183] idVendor = 0bda
05-21 10:59:52.183 464 494 D RIL-DEV :
05-21 10:59:52.183 464 494 D RIL-DEV : [05-21_10:59:52:183] idVendor = 2109
05-21 10:59:52.183 464 494 D RIL-DEV :
05-21 10:59:52.183 464 494 E RIL-DEV : Cannot find Meig devices
05-21 10:59:52.183 464 494 I RIL : ---> can't find meig usb devices
05-21 10:59:53.003 1340 1340 W ContextImpl: Calling a method in the system process without a qualified user: android.app.ContextImpl.sendBroadcast:1181 android.content.ContextWrapper.sendBroadcast:479 cn.eben.newweather.DateWeatherService.a:19 cn.eben.newweather.DateWeatherService.a:0 cn.eben.newweather.DateWeatherService$1.handleMessage:7
05-21 11:08:49.998 543 543 I : read descriptors
05-21 11:08:49.998 543 543 I : read strings
05-21 11:08:50.001 1 1 I init : processing action (sys.usb.config=adb && sys.usb.configfs=1 && sys.usb.ffs.ready=1) from (/system/etc/init/hw/init.usb.configfs.rc:20)
05-21 10:59:54.004 627 945 W ContentProviderHelper: Permission Denial: opening provider com.android.providers.contacts.ContactsProvider2 from ProcessRecord{1933406 1690:cn.eben.sync/u0a44} (pid=1690, uid=10044) requires android.permission.READ_CONTACTS or android.permission.WRITE_CONTACTS
05-21 10:59:54.007 1340 1340 W ContextImpl: Calling a method in the system process without a qualified user: android.app.ContextImpl.sendBroadcast:1181 android.content.ContextWrapper.sendBroadcast:479 cn.eben.newweather.DateWeatherService.a:19 cn.eben.newweather.DateWeatherService.a:0 cn.eben.newweather.DateWeatherService$1.handleMessage:7
05-21 10:59:54.184 464 494 I RIL : ---> enter mainloop wait at port
05-21 10:59:54.184 464 494 D RIL-DEV : Get modem info
05-21 10:59:54.185 464 494 D RIL-DEV : [05-21_10:59:54:185] idVendor = 0bda
05-21 10:59:54.185 464 494 D RIL-DEV :
05-21 10:59:54.185 464 494 D RIL-DEV : [05-21_10:59:54:185] idVendor = 05e3
05-21 10:59:54.185 464 494 D RIL-DEV :
05-21 10:59:54.185 464 494 D RIL-DEV : [05-21_10:59:54:186] idVendor = 1d6b
05-21 10:59:54.185 464 494 D RIL-DEV :
05-21 10:59:54.186 464 494 D RIL-DEV : [05-21_10:59:54:186] idVendor = 1d6b
05-21 10:59:54.186 464 494 D RIL-DEV :
05-21 10:59:54.186 464 494 D RIL-DEV : [05-21_10:59:54:187] idVendor = 0bda
05-21 10:59:54.186 464 494 D RIL-DEV :
05-21 10:59:54.187 464 494 D RIL-DEV : [05-21_10:59:54:187] idVendor = 1d6b
05-21 10:59:54.187 464 494 D RIL-DEV :
05-21 10:59:54.187 464 494 D RIL-DEV : [05-21_10:59:54:187] idVendor = 2109
05-21 10:59:54.187 464 494 D RIL-DEV :
05-21 10:59:54.187 464 494 D RIL-DEV : [05-21_10:59:54:188] idVendor = 2109
05-21 10:59:54.187 464 494 D RIL-DEV :
05-21 10:59:54.188 464 494 D RIL-DEV : [05-21_10:59:54:188] idVendor = 1d6b
05-21 10:59:54.188 464 494 D RIL-DEV :
05-21 10:59:54.188 464 494 D RIL-DEV : [05-21_10:59:54:189] idVendor = 0bda
05-21 10:59:54.188 464 494 D RIL-DEV :
05-21 10:59:54.189 464 494 D RIL-DEV : [05-21_10:59:54:189] idVendor = 2109
05-21 10:59:54.189 464 494 D RIL-DEV :
05-21 10:59:54.189 464 494 E RIL-DEV : Cannot find Meig devices
05-21 10:59:54.189 464 494 I RIL : ---> can't find meig usb devices
05-21 11:08:51.045 543 543 I : read descriptors
05-21 11:08:51.045 543 543 I : read strings
05-21 10:59:55.002 1340 1340 W ContextImpl: Calling a method in the system process without a qualified user: android.app.ContextImpl.sendBroadcast:1181 android.content.ContextWrapper.sendBroadcast:479 cn.eben.newweather.DateWeatherService.a:19 cn.eben.newweather.DateWeatherService.a:0 cn.eben.newweather.DateWeatherService$1.handleMessage:7
05-21 11:08:52.091 543 543 I : read descriptors
05-21 11:08:52.091 543 543 I : read strings
05-21 11:08:52.093 1 1 I init : processing action (sys.usb.config=adb && sys.usb.configfs=1 && sys.usb.ffs.ready=1) from (/system/etc/init/hw/init.usb.configfs.rc:20)
05-21 11:08:52.096 1 1 I init : Command 'symlink /config/usb_gadget/g1/functions/ffs.adb /config/usb_gadget/g1/configs/b.1/f1' action=sys.usb.config=adb && sys.usb.configfs=1 && sys.usb.ffs.ready=1 (/system/etc/init/hw/init.usb.configfs.rc:22) took 0ms and failed: symlink() failed: File exists
05-21 11:08:52.098 1 1 I init : Command 'write /config/usb_gadget/g1/UDC ${sys.usb.controller}' action=sys.usb.config=adb && sys.usb.configfs=1 && sys.usb.ffs.ready=1 (/system/etc/init/hw/init.usb.configfs.rc:23) took 0ms and failed: Unable to write to file '/config/usb_gadget/g1/UDC': Unable to write file contents: Device or resource busy
05-21 10:59:56.003 1340 1340 W ContextImpl: Calling a method in the system process without a qualified user: android.app.ContextImpl.sendBroadcast:1181 android.content.ContextWrapper.sendBroadcast:479 cn.eben.newweather.DateWeatherService.a:19 cn.eben.newweather.DateWeatherService.a:0 cn.eben.newweather.DateWeatherService$1.handleMessage:7
05-21 10:59:56.189 464 494 I RIL : ---> enter mainloop wait at port
05-21 10:59:56.190 464 494 D RIL-DEV : Get modem info
05-21 10:59:56.190 464 494 D RIL-DEV : [05-21_10:59:56:191] idVendor = 0bda
05-21 10:59:56.190 464 494 D RIL-DEV :
05-21 10:59:56.191 464 494 D RIL-DEV : [05-21_10:59:56:191] idVendor = 05e3
05-21 10:59:56.191 464 494 D RIL-DEV :
05-21 10:59:56.191 464 494 D RIL-DEV : [05-21_10:59:56:192] idVendor = 1d6b
05-21 10:59:56.191 464 494 D RIL-DEV :
05-21 10:59:56.191 464 494 D RIL-DEV : [05-21_10:59:56:192] idVendor = 1d6b
05-21 10:59:56.191 464 494 D RIL-DEV :
05-21 10:59:56.192 464 494 D RIL-DEV : [05-21_10:59:56:192] idVendor = 0bda
05-21 10:59:56.192 464 494 D RIL-DEV :
05-21 10:59:56.192 464 494 D RIL-DEV : [05-21_10:59:56:193] idVendor = 1d6b
05-21 10:59:56.192 464 494 D RIL-DEV :
05-21 10:59:56.192 464 494 D RIL-DEV : [05-21_10:59:56:193] idVendor = 2109
05-21 10:59:56.192 464 494 D RIL-DEV :
05-21 10:59:56.193 464 494 D RIL-DEV : [05-21_10:59:56:193] idVendor = 2109
05-21 10:59:56.193 464 494 D RIL-DEV :
05-21 10:59:56.193 464 494 D RIL-DEV : [05-21_10:59:56:194] idVendor = 1d6b
05-21 10:59:56.193 464 494 D RIL-DEV :
05-21 10:59:56.194 464 494 D RIL-DEV : [05-21_10:59:56:194] idVendor = 0bda
05-21 10:59:56.194 464 494 D RIL-DEV :
05-21 10:59:56.194 464 494 D RIL-DEV : [05-21_10:59:56:194] idVendor = 2109
05-21 10:59:56.194 464 494 D RIL-DEV :
05-21 10:59:56.194 464 494 E RIL-DEV : Cannot find Meig devices
05-21 10:59:56.194 464 494 I RIL : ---> can't find meig usb devices
05-21 11:08:53.141 543 543 I : read descriptors
05-21 11:08:53.141 543 543 I : read strings
05-21 11:08:53.143 1 1 I init : processing action (sys.usb.config=adb && sys.usb.configfs=1 && sys.usb.ffs.ready=1) from (/system/etc/init/hw/init.usb.configfs.rc:20)
05-21 11:08:53.146 1 1 I init : Command 'symlink /config/usb_gadget/g1/functions/ffs.adb /config/usb_gadget/g1/configs/b.1/f1' action=sys.usb.config=adb && sys.usb.configfs=1 && sys.usb.ffs.ready=1 (/system/etc/init/hw/init.usb.configfs.rc:22) took 0ms and failed: symlink() failed: File exists
05-21 11:08:53.147 1 1 I init : Command 'write /config/usb_gadget/g1/UDC ${sys.usb.controller}' action=sys.usb.config=adb && sys.usb.configfs=1 && sys.usb.ffs.ready=1 (/system/etc/init/hw/init.usb.configfs.rc:23) took 1ms and failed: Unable to write to file '/config/usb_gadget/g1/UDC': Unable to write file contents: Device or resource busy
05-21 10:59:57.002 1340 1340 W ContextImpl: Calling a method in the system process without a qualified user: android.app.ContextImpl.sendBroadcast:1181 android.content.ContextWrapper.sendBroadcast:479 cn.eben.newweather.DateWeatherService.a:19 cn.eben.newweather.DateWeatherService.a:0 cn.eben.newweather.DateWeatherService$1.handleMessage:7
05-21 11:08:54.188 543 543 I : read descriptors
05-21 11:08:54.188 543 543 I : read strings
05-21 11:08:54.191 1 1 I init : processing action (sys.usb.config=adb && sys.usb.configfs=1 && sys.usb.ffs.ready=1) from (/system/etc/init/hw/init.usb.configfs.rc:20)
05-21 11:08:54.192 1 1 I init : Command 'symlink /config/usb_gadget/g1/functions/ffs.adb /config/usb_gadget/g1/configs/b.1/f1' action=sys.usb.config=adb && sys.usb.configfs=1 && sys.usb.ffs.ready=1 (/system/etc/init/hw/init.usb.configfs.rc:22) took 0ms and failed: symlink() failed: File exists
05-21 11:08:54.193 1 1 I init : Command 'write /config/usb_gadget/g1/UDC ${sys.usb.controller}' action=sys.usb.config=adb && sys.usb.configfs=1 && sys.usb.ffs.ready=1 (/system/etc/init/hw/init.usb.configfs.rc:23) took 0ms and failed: Unable to write to file '/config/usb_gadget/g1/UDC': Unable to write file contents: Device or resource busy
05-21 10:59:58.002 1340 1340 W ContextImpl: Calling a method in the system process without a qualified user: android.app.ContextImpl.sendBroadcast:1181 android.content.ContextWrapper.sendBroadcast:479 cn.eben.newweather.DateWeatherService.a:19 cn.eben.newweather.DateWeatherService.a:0 cn.eben.newweather.DateWeatherService$1.handleMessage:7
05-21 10:59:58.195 464 494 I RIL : ---> enter mainloop wait at port
05-21 10:59:58.195 464 494 D RIL-DEV : Get modem info
05-21 10:59:58.196 464 494 D RIL-DEV : [05-21_10:59:58:196] idVendor = 0bda
05-21 10:59:58.196 464 494 D RIL-DEV :
05-21 10:59:58.196 464 494 D RIL-DEV : [05-21_10:59:58:197] idVendor = 05e3
05-21 10:59:58.196 464 494 D RIL-DEV :
05-21 10:59:58.197 464 494 D RIL-DEV : [05-21_10:59:58:197] idVendor = 1d6b
05-21 10:59:58.197 464 494 D RIL-DEV :
05-21 10:59:58.197 464 494 D RIL-DEV : [05-21_10:59:58:197] idVendor = 1d6b
05-21 10:59:58.197 464 494 D RIL-DEV :
05-21 10:59:58.197 464 494 D RIL-DEV : [05-21_10:59:58:198] idVendor = 0bda
05-21 10:59:58.197 464 494 D RIL-DEV :
05-21 10:59:58.198 464 494 D RIL-DEV : [05-21_10:59:58:198] idVendor = 1d6b
05-21 10:59:58.198 464 494 D RIL-DEV :
05-21 10:59:58.198 464 494 D RIL-DEV : [05-21_10:59:58:198] idVendor = 2109
05-21 10:59:58.198 464 494 D RIL-DEV :
05-21 10:59:58.198 464 494 D RIL-DEV : [05-21_10:59:58:199] idVendor = 2109
05-21 10:59:58.198 464 494 D RIL-DEV :
05-21 10:59:58.199 464 494 D RIL-DEV : [05-21_10:59:58:199] idVendor = 1d6b
05-21 10:59:58.199 464 494 D RIL-DEV :
05-21 10:59:58.199 464 494 D RIL-DEV : [05-21_10:59:58:200] idVendor = 0bda
05-21 10:59:58.199 464 494 D RIL-DEV :
05-21 10:59:58.199 464 494 D RIL-DEV : [05-21_10:59:58:200] idVendor = 2109
05-21 10:59:58.199 464 494 D RIL-DEV :
05-21 10:59:58.200 464 494 E RIL-DEV : Cannot find Meig devices
05-21 10:59:58.200 464 494 I RIL : ---> can't find meig usb devices
05-21 11:08:55.228 543 543 I : read descriptors
05-21 11:08:55.228 543 543 I : read strings
05-21 11:08:55.230 1 1 I init : processing action (sys.usb.config=adb && sys.usb.configfs=1 && sys.usb.ffs.ready=1) from (/system/etc/init/hw/init.usb.configfs.rc:20)
05-21 10:59:59.002 1340 1340 W ContextImpl: Calling a method in the system process without a qualified user: android.app.ContextImpl.sendBroadcast:1181 android.content.ContextWrapper.sendBroadcast:479 cn.eben.newweather.DateWeatherService.a:19 cn.eben.newweather.DateWeatherService.a:0 cn.eben.newweather.DateWeatherService$1.handleMessage:7
05-21 10:59:59.009 627 945 W ContentProviderHelper: Permission Denial: opening provider com.android.providers.contacts.ContactsProvider2 from ProcessRecord{1933406 1690:cn.eben.sync/u0a44} (pid=1690, uid=10044) requires android.permission.READ_CONTACTS or android.permission.WRITE_CONTACTS
05-21 11:08:56.271 543 543 I : read descriptors
05-21 11:08:56.271 543 543 I : read strings
05-21 11:00:00.005 1340 1340 W ContextImpl: Calling a method in the system process without a qualified user: android.app.ContextImpl.sendBroadcast:1181 android.content.ContextWrapper.sendBroadcast:479 cn.eben.newweather.DateWeatherService.a:19 cn.eben.newweather.DateWeatherService.a:0 cn.eben.newweather.DateWeatherService$1.handleMessage:7
05-21 11:00:00.200 464 494 I RIL : ---> enter mainloop wait at port
05-21 11:00:00.200 464 494 D RIL-DEV : Get modem info
05-21 11:00:00.201 464 494 D RIL-DEV : [05-21_11:00:00:202] idVendor = 0bda
05-21 11:00:00.201 464 494 D RIL-DEV :
05-21 11:00:00.202 464 494 D RIL-DEV : [05-21_11:00:00:202] idVendor = 05e3
05-21 11:00:00.202 464 494 D RIL-DEV :
05-21 11:00:00.202 464 494 D RIL-DEV : [05-21_11:00:00:202] idVendor = 1d6b
05-21 11:00:00.202 464 494 D RIL-DEV :
05-21 11:00:00.202 464 494 D RIL-DEV : [05-21_11:00:00:203] idVendor = 1d6b
05-21 11:00:00.202 464 494 D RIL-DEV :
05-21 11:00:00.203 464 494 D RIL-DEV : [05-21_11:00:00:203] idVendor = 0bda
05-21 11:00:00.203 464 494 D RIL-DEV :
05-21 11:00:00.203 464 494 D RIL-DEV : [05-21_11:00:00:204] idVendor = 1d6b
05-21 11:00:00.203 464 494 D RIL-DEV :
05-21 11:00:00.203 464 494 D RIL-DEV : [05-21_11:00:00:204] idVendor = 2109
05-21 11:00:00.203 464 494 D RIL-DEV :
05-21 11:00:00.204 464 494 D RIL-DEV : [05-21_11:00:00:204] idVendor = 2109
05-21 11:00:00.204 464 494 D RIL-DEV :
05-21 11:00:00.204 464 494 D RIL-DEV : [05-21_11:00:00:205] idVendor = 1d6b
05-21 11:00:00.204 464 494 D RIL-DEV :
05-21 11:00:00.204 464 494 D RIL-DEV : [05-21_11:00:00:205] idVendor = 0bda
05-21 11:00:00.204 464 494 D RIL-DEV :
05-21 11:00:00.205 464 494 D RIL-DEV : [05-21_11:00:00:205] idVendor = 2109
05-21 11:00:00.205 464 494 D RIL-DEV :
05-21 11:00:00.205 464 494 E RIL-DEV : Cannot find Meig devices
05-21 11:00:00.205 464 494 I RIL : ---> can't find meig usb devices
05-21 11:08:57.314 543 543 I : read descriptors
05-21 11:08:57.315 543 543 I : read strings
05-21 11:08:57.317 1 1 I init : processing action (sys.usb.config=adb && sys.usb.configfs=1 && sys.usb.ffs.ready=1) from (/system/etc/init/hw/init.usb.configfs.rc:20)
05-21 11:08:57.320 1 1 I init : Command 'symlink /config/usb_gadget/g1/functions/ffs.adb /config/usb_gadget/g1/configs/b.1/f1' action=sys.usb.config=adb && sys.usb.configfs=1 && sys.usb.ffs.ready=1 (/system/etc/init/hw/init.usb.configfs.rc:22) took 1ms and failed: symlink() failed: File exists
05-21 11:08:57.321 1 1 I init : Command 'write /config/usb_gadget/g1/UDC ${sys.usb.controller}' action=sys.usb.config=adb && sys.usb.configfs=1 && sys.usb.ffs.ready=1 (/system/etc/init/hw/init.usb.configfs.rc:23) took 1ms and failed: Unable to write to file '/config/usb_gadget/g1/UDC': Unable to write file contents: Device or resource busy
05-21 11:08:57.638 440 440 W healthd : battery l=91 v=8712 t=28.0 h=1 st=2 c=1024000 fc=9700000 cc=10 chg=u
05-21 11:00:01.003 1340 1340 W ContextImpl: Calling a method in the system process without a qualified user: android.app.ContextImpl.sendBroadcast:1181 android.content.ContextWrapper.sendBroadcast:479 cn.eben.newweather.DateWeatherService.a:19 cn.eben.newweather.DateWeatherService.a:0 cn.eben.newweather.DateWeatherService$1.handleMessage:7
05-21 11:08:58.365 543 543 I : read descriptors
05-21 11:08:58.365 543 543 I : read strings
05-21 11:08:58.368 1 1 I init : processing action (sys.usb.config=adb && sys.usb.configfs=1 && sys.usb.ffs.ready=1) from (/system/etc/init/hw/init.usb.configfs.rc:20)
05-21 11:08:58.369 1 1 I init : Command 'symlink /config/usb_gadget/g1/functions/ffs.adb /config/usb_gadget/g1/configs/b.1/f1' action=sys.usb.config=adb && sys.usb.configfs=1 && sys.usb.ffs.ready=1 (/system/etc/init/hw/init.usb.configfs.rc:22) took 0ms and failed: symlink() failed: File exists
05-21 11:08:58.370 1 1 I init : Command 'write /config/usb_gadget/g1/UDC ${sys.usb.controller}' action=sys.usb.config=adb && sys.usb.configfs=1 && sys.usb.ffs.ready=1 (/system/etc/init/hw/init.usb.configfs.rc:23) took 0ms and failed: Unable to write to file '/config/usb_gadget/g1/UDC': Unable to write file contents: Device or resource busy
05-21 11:00:02.002 1340 1340 W ContextImpl: Calling a method in the system process without a qualified user: android.app.ContextImpl.sendBroadcast:1181 android.content.ContextWrapper.sendBroadcast:479 cn.eben.newweather.DateWeatherService.a:19 cn.eben.newweather.DateWeatherService.a:0 cn.eben.newweather.DateWeatherService$1.handleMessage:7
05-21 11:00:02.206 464 494 I RIL : ---> enter mainloop wait at port
05-21 11:00:02.206 464 494 D RIL-DEV : Get modem info
05-21 11:00:02.207 464 494 D RIL-DEV : [05-21_11:00:02:207] idVendor = 0bda
05-21 11:00:02.207 464 494 D RIL-DEV :
05-21 11:00:02.207 464 494 D RIL-DEV : [05-21_11:00:02:207] idVendor = 05e3
05-21 11:00:02.207 464 494 D RIL-DEV :
05-21 11:00:02.207 464 494 D RIL-DEV : [05-21_11:00:02:208] idVendor = 1d6b
05-21 11:00:02.207 464 494 D RIL-DEV :
05-21 11:00:02.208 464 494 D RIL-DEV : [05-21_11:00:02:208] idVendor = 1d6b
05-21 11:00:02.208 464 494 D RIL-DEV :
05-21 11:00:02.208 464 494 D RIL-DEV : [05-21_11:00:02:209] idVendor = 0bda
05-21 11:00:02.208 464 494 D RIL-DEV :
05-21 11:00:02.209 464 494 D RIL-DEV : [05-21_11:00:02:209] idVendor = 1d6b
05-21 11:00:02.209 464 494 D RIL-DEV :
05-21 11:00:02.209 464 494 D RIL-DEV : [05-21_11:00:02:209] idVendor = 2109
05-21 11:00:02.209 464 494 D RIL-DEV :
05-21 11:00:02.209 464 494 D RIL-DEV : [05-21_11:00:02:210] idVendor = 2109
05-21 11:00:02.209 464 494 D RIL-DEV :
05-21 11:00:02.209 464 494 D RIL-DEV : [05-21_11:00:02:210] idVendor = 1d6b
05-21 11:00:02.209 464 494 D RIL-DEV :
05-21 11:00:02.210 464 494 D RIL-DEV : [05-21_11:00:02:210] idVendor = 0bda
05-21 11:00:02.210 464 494 D RIL-DEV :
05-21 11:00:02.210 464 494 D RIL-DEV : [05-21_11:00:02:211] idVendor = 2109
05-21 11:00:02.210 464 494 D RIL-DEV :
05-21 11:00:02.211 464 494 E RIL-DEV : Cannot find Meig devices
05-21 11:00:02.211 464 494 I RIL : ---> can't find meig usb devices
05-21 11:08:59.401 543 543 I : read descriptors
05-21 11:08:59.401 543 543 I : read strings
05-21 11:08:59.404 1 1 I init : processing action (sys.usb.config=adb && sys.usb.configfs=1 && sys.usb.ffs.ready=1) from (/system/etc/init/hw/init.usb.configfs.rc:20)
05-21 11:08:59.405 1 1 I init : Command 'symlink /config/usb_gadget/g1/functions/ffs.adb /config/usb_gadget/g1/configs/b.1/f1' action=sys.usb.config=adb && sys.usb.configfs=1 && sys.usb.ffs.ready=1 (/system/etc/init/hw/init.usb.configfs.rc:22) took 0ms and failed: symlink() failed: File exists
05-21 11:08:59.406 1 1 I init : Command 'write /config/usb_gadget/g1/UDC ${sys.usb.controller}' action=sys.usb.config=adb && sys.usb.configfs=1 && sys.usb.ffs.ready=1 (/system/etc/init/hw/init.usb.configfs.rc:23) took 0ms and failed: Unable to write to file '/config/usb_gadget/g1/UDC': Unable to write file contents: Device or resource busy
05-21 11:00:03.002 1340 1340 W ContextImpl: Calling a method in the system process without a qualified user: android.app.ContextImpl.sendBroadcast:1181 android.content.ContextWrapper.sendBroadcast:479 cn.eben.newweather.DateWeatherService.a:19 cn.eben.newweather.DateWeatherService.a:0 cn.eben.newweather.DateWeatherService$1.handleMessage:7
05-21 11:09:00.455 543 543 I : read descriptors
05-21 11:09:00.455 543 543 I : read strings
05-21 11:09:00.458 1 1 I init : processing action (sys.usb.config=adb && sys.usb.configfs=1 && sys.usb.ffs.ready=1) from (/system/etc/init/hw/init.usb.configfs.rc:20)
05-21 11:00:04.003 1340 1340 W ContextImpl: Calling a method in the system process without a qualified user: android.app.ContextImpl.sendBroadcast:1181 android.content.ContextWrapper.sendBroadcast:479 cn.eben.newweather.DateWeatherService.a:19 cn.eben.newweather.DateWeatherService.a:0 cn.eben.newweather.DateWeatherService$1.handleMessage:7
05-21 11:00:04.014 627 2426 W ContentProviderHelper: Permission Denial: opening provider com.android.providers.contacts.ContactsProvider2 from ProcessRecord{1933406 1690:cn.eben.sync/u0a44} (pid=1690, uid=10044) requires android.permission.READ_CONTACTS or android.permission.WRITE_CONTACTS
05-21 11:00:04.211 464 494 I RIL : ---> enter mainloop wait at port
05-21 11:00:04.211 464 494 D RIL-DEV : Get modem info
05-21 11:00:04.212 464 494 D RIL-DEV : [05-21_11:00:04:213] idVendor = 0bda
05-21 11:00:04.212 464 494 D RIL-DEV :
05-21 11:00:04.213 464 494 D RIL-DEV : [05-21_11:00:04:213] idVendor = 05e3
05-21 11:00:04.213 464 494 D RIL-DEV :
05-21 11:00:04.213 464 494 D RIL-DEV : [05-21_11:00:04:213] idVendor = 1d6b
05-21 11:00:04.213 464 494 D RIL-DEV :
05-21 11:00:04.213 464 494 D RIL-DEV : [05-21_11:00:04:214] idVendor = 1d6b
05-21 11:00:04.213 464 494 D RIL-DEV :
05-21 11:00:04.213 464 494 D RIL-DEV : [05-21_11:00:04:214] idVendor = 0bda
05-21 11:00:04.213 464 494 D RIL-DEV :
05-21 11:00:04.214 464 494 D RIL-DEV : [05-21_11:00:04:215] idVendor = 1d6b
05-21 11:00:04.214 464 494 D RIL-DEV :
05-21 11:00:04.214 464 494 D RIL-DEV : [05-21_11:00:04:215] idVendor = 2109
05-21 11:00:04.214 464 494 D RIL-DEV :
05-21 11:00:04.215 464 494 D RIL-DEV : [05-21_11:00:04:215] idVendor = 2109
05-21 11:00:04.215 464 494 D RIL-DEV :
05-21 11:00:04.215 464 494 D RIL-DEV : [05-21_11:00:04:216] idVendor = 1d6b
05-21 11:00:04.215 464 494 D RIL-DEV :
05-21 11:00:04.215 464 494 D RIL-DEV : [05-21_11:00:04:216] idVendor = 0bda
05-21 11:00:04.215 464 494 D RIL-DEV :
05-21 11:00:04.216 464 494 D RIL-DEV : [05-21_11:00:04:216] idVendor = 2109
05-21 11:00:04.216 464 494 D RIL-DEV :
05-21 11:00:04.216 464 494 E RIL-DEV : Cannot find Meig devices
05-21 11:00:04.216 464 494 I RIL : ---> can't find meig usb devices
05-21 11:09:01.501 543 543 I : read descriptors
05-21 11:09:01.501 543 543 I : read strings
05-21 11:00:05.002 1340 1340 W ContextImpl: Calling a method in the system process without a qualified user: android.app.ContextImpl.sendBroadcast:1181 android.content.ContextWrapper.sendBroadcast:479 cn.eben.newweather.DateWeatherService.a:19 cn.eben.newweather.DateWeatherService.a:0 cn.eben.newweather.DateWeatherService$1.handleMessage:7
05-21 11:09:02.578 543 543 I : read descriptors
05-21 11:09:02.578 543 543 I : read strings
05-21 11:09:02.581 1 1 I init : processing action (sys.usb.config=adb && sys.usb.configfs=1 && sys.usb.ffs.ready=1) from (/system/etc/init/hw/init.usb.configfs.rc:20)
05-21 11:09:02.582 1 1 I init : Command 'symlink /config/usb_gadget/g1/functions/ffs.adb /config/usb_gadget/g1/configs/b.1/f1' action=sys.usb.config=adb && sys.usb.configfs=1 && sys.usb.ffs.ready=1 (/system/etc/init/hw/init.usb.configfs.rc:22) took 0ms and failed: symlink() failed: File exists
05-21 11:09:02.583 1 1 I init : Command 'write /config/usb_gadget/g1/UDC ${sys.usb.controller}' action=sys.usb.config=adb && sys.usb.configfs=1 && sys.usb.ffs.ready=1 (/system/etc/init/hw/init.usb.configfs.rc:23) took 0ms and failed: Unable to write to file '/config/usb_gadget/g1/UDC': Unable to write file contents: Device or resource busy
05-21 11:00:06.002 1340 1340 W ContextImpl: Calling a method in the system process without a qualified user: android.app.ContextImpl.sendBroadcast:1181 android.content.ContextWrapper.sendBroadcast:479 cn.eben.newweather.DateWeatherService.a:19 cn.eben.newweather.DateWeatherService.a:0 cn.eben.newweather.DateWeatherService$1.handleMessage:7
05-21 11:00:06.216 464 494 I RIL : ---> enter mainloop wait at port
05-21 11:00:06.217 464 494 D RIL-DEV : Get modem info
05-21 11:00:06.217 464 494 D RIL-DEV : [05-21_11:00:06:218] idVendor = 0bda
05-21 11:00:06.217 464 494 D RIL-DEV :
05-21 11:00:06.218 464 494 D RIL-DEV : [05-21_11:00:06:218] idVendor = 05e3
05-21 11:00:06.218 464 494 D RIL-DEV :
05-21 11:00:06.218 464 494 D RIL-DEV : [05-21_11:00:06:219] idVendor = 1d6b
05-21 11:00:06.218 464 494 D RIL-DEV :
05-21 11:00:06.218 464 494 D RIL-DEV : [05-21_11:00:06:219] idVendor = 1d6b
05-21 11:00:06.218 464 494 D RIL-DEV :
05-21 11:00:06.219 464 494 D RIL-DEV : [05-21_11:00:06:219] idVendor = 0bda
05-21 11:00:06.219 464 494 D RIL-DEV :
05-21 11:00:06.219 464 494 D RIL-DEV : [05-21_11:00:06:220] idVendor = 1d6b
05-21 11:00:06.219 464 494 D RIL-DEV :
05-21 11:00:06.220 464 494 D RIL-DEV : [05-21_11:00:06:220] idVendor = 2109
05-21 11:00:06.220 464 494 D RIL-DEV :
05-21 11:00:06.220 464 494 D RIL-DEV : [05-21_11:00:06:220] idVendor = 2109
05-21 11:00:06.220 464 494 D RIL-DEV :
05-21 11:00:06.220 464 494 D RIL-DEV : [05-21_11:00:06:221] idVendor = 1d6b
05-21 11:00:06.220 464 494 D RIL-DEV :
05-21 11:00:06.221 464 494 D RIL-DEV : [05-21_11:00:06:221] idVendor = 0bda
05-21 11:00:06.221 464 494 D RIL-DEV :
05-21 11:00:06.221 464 494 D RIL-DEV : [05-21_11:00:06:222] idVendor = 2109
05-21 11:00:06.221 464 494 D RIL-DEV :
05-21 11:00:06.221 464 494 E RIL-DEV : Cannot find Meig devices
05-21 11:00:06.222 464 494 I RIL : ---> can't find meig usb devices
05-21 11:09:03.635 543 543 I : read descriptors
05-21 11:09:03.635 543 543 I : read strings
05-21 11:09:03.638 1 1 I init : processing action (sys.usb.config=adb && sys.usb.configfs=1 && sys.usb.ffs.ready=1) from (/system/etc/init/hw/init.usb.configfs.rc:20)
05-21 11:09:03.639 1 1 I init : Command 'symlink /config/usb_gadget/g1/functions/ffs.adb /config/usb_gadget/g1/configs/b.1/f1' action=sys.usb.config=adb && sys.usb.configfs=1 && sys.usb.ffs.ready=1 (/system/etc/init/hw/init.usb.configfs.rc:22) took 0ms and failed: symlink() failed: File exists
05-21 11:09:03.640 1 1 I init : Command 'write /config/usb_gadget/g1/UDC ${sys.usb.controller}' action=sys.usb.config=adb && sys.usb.configfs=1 && sys.usb.ffs.ready=1 (/system/etc/init/hw/init.usb.configfs.rc:23) took 0ms and failed: Unable to write to file '/config/usb_gadget/g1/UDC': Unable to write file contents: Device or resource busy
05-21 11:00:07.002 1340 1340 W ContextImpl: Calling a method in the system process without a qualified user: android.app.ContextImpl.sendBroadcast:1181 android.content.ContextWrapper.sendBroadcast:479 cn.eben.newweather.DateWeatherService.a:19 cn.eben.newweather.DateWeatherService.a:0 cn.eben.newweather.DateWeatherService$1.handleMessage:7
05-21 11:09:04.671 543 543 I : read descriptors
05-21 11:09:04.671 543 543 I : read strings
05-21 11:09:04.673 1 1 I init : processing action (sys.usb.config=adb && sys.usb.configfs=1 && sys.usb.ffs.ready=1) from (/system/etc/init/hw/init.usb.configfs.rc:20)
05-21 11:09:04.677 1 1 I init : Command 'symlink /config/usb_gadget/g1/functions/ffs.adb /config/usb_gadget/g1/configs/b.1/f1' action=sys.usb.config=adb && sys.usb.configfs=1 && sys.usb.ffs.ready=1 (/system/etc/init/hw/init.usb.configfs.rc:22) took 0ms and failed: symlink() failed: File exists
