05-21 11:01:43.517 627 2063 V InputMethodManagerService: startInputOrWindowGainedFocusInternalLocked: reason=WINDOW_FOCUS_GAIN client=android.os.BinderProxy@ca320e6 inputContext=null missingMethods= attribute=android.view.inputmethod.EditorInfo@954d448 startInputFlags=VIEW_HAS_FOCUS|INITIAL_CONNECTION softInputMode=STATE_UNSPECIFIED|ADJUST_RESIZE|IS_FORWARD_NAVIGATION windowFlags=#81810100 unverifiedTargetSdkVersion=32
05-21 11:01:43.517 627 2063 V InputMethodManagerService: Unspecified window will hide input
05-21 11:01:43.709 627 2426 W WindowManager: Unable to find process with pid=6551 uid=1000
05-21 11:01:43.747 627 2063 D ActivityTaskManager: Remove task fragment: removeLastChild ActivityRecord{886dcb3 u0 com.android.settings/.SubSettings t-1 f}}
05-21 11:10:40.591 543 543 I : read descriptors
05-21 11:10:40.591 543 543 I : read strings
05-21 11:10:40.597 1 1 I init : processing action (sys.usb.config=adb && sys.usb.configfs=1 && sys.usb.ffs.ready=1) from (/system/etc/init/hw/init.usb.configfs.rc:20)
05-21 11:01:44.002 1340 1340 W ContextImpl: Calling a method in the system process without a qualified user: android.app.ContextImpl.sendBroadcast:1181 android.content.ContextWrapper.sendBroadcast:479 cn.eben.newweather.DateWeatherService.a:19 cn.eben.newweather.DateWeatherService.a:0 cn.eben.newweather.DateWeatherService$1.handleMessage:7
05-21 11:01:44.112 627 2063 W ContentProviderHelper: Permission Denial: opening provider com.android.providers.contacts.ContactsProvider2 from ProcessRecord{1933406 1690:cn.eben.sync/u0a44} (pid=1690, uid=10044) requires android.permission.READ_CONTACTS or android.permission.WRITE_CONTACTS
05-21 11:01:44.461 464 494 I RIL : ---> enter mainloop wait at port
05-21 11:01:44.461 464 494 D RIL-DEV : Get modem info
05-21 11:01:44.462 464 494 D RIL-DEV : [05-21_11:01:44:462] idVendor = 0bda
05-21 11:01:44.462 464 494 D RIL-DEV :
05-21 11:01:44.462 464 494 D RIL-DEV : [05-21_11:01:44:463] idVendor = 05e3
05-21 11:01:44.462 464 494 D RIL-DEV :
05-21 11:01:44.463 464 494 D RIL-DEV : [05-21_11:01:44:463] idVendor = 1d6b
05-21 11:01:44.463 464 494 D RIL-DEV :
05-21 11:01:44.463 464 494 D RIL-DEV : [05-21_11:01:44:463] idVendor = 1d6b
05-21 11:01:44.463 464 494 D RIL-DEV :
05-21 11:01:44.463 464 494 D RIL-DEV : [05-21_11:01:44:464] idVendor = 0bda
05-21 11:01:44.463 464 494 D RIL-DEV :
05-21 11:01:44.464 464 494 D RIL-DEV : [05-21_11:01:44:464] idVendor = 1d6b
05-21 11:01:44.464 464 494 D RIL-DEV :
05-21 11:01:44.464 464 494 D RIL-DEV : [05-21_11:01:44:464] idVendor = 2109
05-21 11:01:44.464 464 494 D RIL-DEV :
05-21 11:01:44.464 464 494 D RIL-DEV : [05-21_11:01:44:465] idVendor = 2109
05-21 11:01:44.464 464 494 D RIL-DEV :
05-21 11:01:44.465 464 494 D RIL-DEV : [05-21_11:01:44:465] idVendor = 1d6b
05-21 11:01:44.465 464 494 D RIL-DEV :
05-21 11:01:44.465 464 494 D RIL-DEV : [05-21_11:01:44:465] idVendor = 0bda
05-21 11:01:44.465 464 494 D RIL-DEV :
05-21 11:01:44.465 464 494 D RIL-DEV : [05-21_11:01:44:466] idVendor = 2109
05-21 11:01:44.465 464 494 D RIL-DEV :
05-21 11:01:44.466 464 494 E RIL-DEV : Cannot find Meig devices
05-21 11:01:44.466 464 494 I RIL : ---> can't find meig usb devices
05-21 11:10:41.638 543 543 I : read descriptors
05-21 11:10:41.638 543 543 I : read strings
05-21 11:01:45.003 1340 1340 W ContextImpl: Calling a method in the system process without a qualified user: android.app.ContextImpl.sendBroadcast:1181 android.content.ContextWrapper.sendBroadcast:479 cn.eben.newweather.DateWeatherService.a:19 cn.eben.newweather.DateWeatherService.a:0 cn.eben.newweather.DateWeatherService$1.handleMessage:7
05-21 11:01:45.772 627 2063 I NotificationService: cancelToast pkg=com.android.settings token=android.os.BinderProxy@9b97b24
05-21 11:10:42.691 543 543 I : read descriptors
05-21 11:10:42.691 543 543 I : read strings
05-21 11:10:42.693 1 1 I init : processing action (sys.usb.config=adb && sys.usb.configfs=1 && sys.usb.ffs.ready=1) from (/system/etc/init/hw/init.usb.configfs.rc:20)
05-21 11:10:42.694 1 1 I init : Command 'symlink /config/usb_gadget/g1/functions/ffs.adb /config/usb_gadget/g1/configs/b.1/f1' action=sys.usb.config=adb && sys.usb.configfs=1 && sys.usb.ffs.ready=1 (/system/etc/init/hw/init.usb.configfs.rc:22) took 0ms and failed: symlink() failed: File exists
05-21 11:10:42.694 1 1 I init : Command 'write /config/usb_gadget/g1/UDC ${sys.usb.controller}' action=sys.usb.config=adb && sys.usb.configfs=1 && sys.usb.ffs.ready=1 (/system/etc/init/hw/init.usb.configfs.rc:23) took 0ms and failed: Unable to write to file '/config/usb_gadget/g1/UDC': Unable to write file contents: Device or resource busy
05-21 11:01:45.975 627 2063 I NotificationService: cancelToast pkg=com.android.settings token=android.os.BinderProxy@e2aa853
05-21 11:01:46.001 1340 1340 W ContextImpl: Calling a method in the system process without a qualified user: android.app.ContextImpl.sendBroadcast:1181 android.content.ContextWrapper.sendBroadcast:479 cn.eben.newweather.DateWeatherService.a:19 cn.eben.newweather.DateWeatherService.a:0 cn.eben.newweather.DateWeatherService$1.handleMessage:7
05-21 11:01:46.064 627 2063 W NotificationService: Toast already killed. pkg=com.android.settings token=android.os.BinderProxy@9b97b24
05-21 11:01:46.143 627 2426 I NotificationService: cancelToast pkg=com.android.settings token=android.os.BinderProxy@fef8ca7
05-21 11:01:46.349 627 2426 I ActivityTaskManager: START u0 {cmp=com.android.settings/.password.ConfirmLockPassword (has extras)} from uid 1000
05-21 11:01:46.365 627 2063 W ActivityTaskManager: Tried to set launchTime (0) < mLastActivityLaunchTime (2208220)
05-21 11:01:46.370 627 647 V InputMethodMenuController: Hide switching menu
05-21 11:01:46.376 6551 6551 E ActivityThread: Failed to find provider info for com.google.android.setupwizard.partner
05-21 11:01:46.410 6551 6551 E ActivityThread: Failed to find provider info for com.google.android.setupwizard.partner
05-21 11:01:46.411 6551 6551 E ActivityThread: Failed to find provider info for com.google.android.setupwizard.partner
05-21 11:01:46.411 6551 6551 E ActivityThread: Failed to find provider info for com.google.android.setupwizard.partner
05-21 11:01:46.424 627 2426 W NotificationService: Toast already killed. pkg=com.android.settings token=android.os.BinderProxy@fef8ca7
05-21 11:01:46.425 6551 6551 E ActivityThread: Failed to find provider info for com.google.android.setupwizard.partner
05-21 11:01:46.440 627 647 V InputMethodMenuController: Hide switching menu
05-21 11:01:46.465 627 648 W WindowManager: Unable to find process with pid=6551 uid=1000
05-21 11:01:46.466 464 494 I RIL : ---> enter mainloop wait at port
05-21 11:01:46.466 464 494 D RIL-DEV : Get modem info
05-21 11:01:46.466 464 494 D RIL-DEV : [05-21_11:01:46:467] idVendor = 0bda
05-21 11:01:46.466 464 494 D RIL-DEV :
05-21 11:01:46.466 464 494 D RIL-DEV : [05-21_11:01:46:467] idVendor = 05e3
05-21 11:01:46.466 464 494 D RIL-DEV :
05-21 11:01:46.466 464 494 D RIL-DEV : [05-21_11:01:46:467] idVendor = 1d6b
05-21 11:01:46.466 464 494 D RIL-DEV :
05-21 11:01:46.466 464 494 D RIL-DEV : [05-21_11:01:46:467] idVendor = 1d6b
05-21 11:01:46.466 464 494 D RIL-DEV :
05-21 11:01:46.466 464 494 D RIL-DEV : [05-21_11:01:46:467] idVendor = 0bda
05-21 11:01:46.466 464 494 D RIL-DEV :
05-21 11:01:46.466 464 494 D RIL-DEV : [05-21_11:01:46:467] idVendor = 1d6b
05-21 11:01:46.466 464 494 D RIL-DEV :
05-21 11:01:46.466 464 494 D RIL-DEV : [05-21_11:01:46:467] idVendor = 2109
05-21 11:01:46.466 464 494 D RIL-DEV :
05-21 11:01:46.467 464 494 D RIL-DEV : [05-21_11:01:46:467] idVendor = 2109
05-21 11:01:46.467 464 494 D RIL-DEV :
05-21 11:01:46.467 464 494 D RIL-DEV : [05-21_11:01:46:467] idVendor = 1d6b
05-21 11:01:46.467 464 494 D RIL-DEV :
05-21 11:01:46.467 464 494 D RIL-DEV : [05-21_11:01:46:467] idVendor = 0bda
05-21 11:01:46.467 464 494 D RIL-DEV :
05-21 11:01:46.467 464 494 D RIL-DEV : [05-21_11:01:46:467] idVendor = 2109
05-21 11:01:46.467 464 494 D RIL-DEV :
05-21 11:01:46.467 464 494 E RIL-DEV : Cannot find Meig devices
05-21 11:01:46.467 464 494 I RIL : ---> can't find meig usb devices
05-21 11:01:46.495 627 945 V InputMethodManagerService: startInputOrWindowGainedFocusInternalLocked: reason=WINDOW_FOCUS_GAIN client=android.os.BinderProxy@ca320e6 inputContext=com.android.internal.view.IInputContext$Stub$Proxy@d9c0908 missingMethods= attribute=android.view.inputmethod.EditorInfo@a6078a1 startInputFlags=VIEW_HAS_FOCUS|IS_TEXT_EDITOR|INITIAL_CONNECTION softInputMode=STATE_HIDDEN|ADJUST_RESIZE|IS_FORWARD_NAVIGATION windowFlags=#81812100 unverifiedTargetSdkVersion=32
05-21 11:01:46.495 627 945 V InputMethodManagerService: Window asks to hide input going forward
05-21 11:01:46.497 627 945 D InputMethodManagerService: --- calledFromForegroundUserOrSystemProcess ? calling uid = 1000 system uid = 1000 calling userId = 0, foreground user id = 0, calling pid = 6551com.android.server.inputmethod.InputMethodManagerService.showSoftInput(InputMethodManagerService.java:3097)
05-21 11:01:46.497 627 945 V InputMethodManagerService: Client requesting input be shown
05-21 11:01:46.497 627 945 D InputMethodManagerService: hpc showCurrentInputLocked: flags =0, mCurAttribute com.android.settings129
05-21 11:01:46.497 627 945 D InputMethodManagerService: hpc :mLastMethodId null, mCurToken=android.os.Binder@d3484a5, inputType com.android.settings129, mCurMethodId=cn.eben.secime/.SoftKeyboard
05-21 11:01:46.497 627 945 D InputMethodManagerService: hpc showCurrentInputLocked: mCurToken=android.os.Binder@d3484a5, inputType com.android.settings129
05-21 11:01:46.497 627 945 D InputMethodManagerService: hpc isPasswordInputType variation 129
05-21 11:01:46.497 627 945 D InputMethodManagerService: hpc isAnyPasswordInputType inputType 129, : ispass true, visible pass false
05-21 11:01:46.497 627 945 D InputMethodManagerService: hpc isPasswordInputType variation 129
05-21 11:01:46.497 627 945 D InputMethodManagerService: hpc setInputMethodLocked id cn.eben.secime/.SoftKeyboard, subtypeId -1, mCurMethodId cn.eben.secime/.SoftKeyboard, info InputMethodInfo{cn.eben.secime/.SoftKeyboard, settings: ImePreferences.ImePreferences}
05-21 11:01:46.497 627 945 V InputMethodManagerService: Calling com.android.internal.view.IInputMethod$Stub$Proxy@60ca193.showSoftInput(android.os.Binder@5e06a87, 1, null) for reason: SHOW_SOFT_INPUT
05-21 11:01:46.519 627 945 D InputMethodManagerService: --- calledFromForegroundUserOrSystemProcess ? calling uid = 10061 system uid = 1000 calling userId = 0, foreground user id = 0, calling pid = 967com.android.server.inputmethod.InputMethodManagerService.getCurrentInputMethodSubtype(InputMethodManagerService.java:4903)
05-21 11:01:46.519 627 945 D InputMethodManagerService: IME window vis: 3 active: 1 inv: 0 displayId: 0
05-21 11:01:46.523 627 945 D InputMethodManagerService: IME window vis: 3 active: 1 inv: 0 displayId: 0
05-21 11:01:46.681 627 2426 W WindowManager: Unable to find process with pid=6551 uid=1000
05-21 11:01:46.883 627 1329 E TaskPersister: File error accessing recents directory (directory doesn't exist?).
05-21 11:10:43.754 543 543 I : read descriptors
05-21 11:10:43.754 543 543 I : read strings
05-21 11:10:43.756 1 1 I init : processing action (sys.usb.config=adb && sys.usb.configfs=1 && sys.usb.ffs.ready=1) from (/system/etc/init/hw/init.usb.configfs.rc:20)
05-21 11:10:43.758 1 1 I init : Command 'symlink /config/usb_gadget/g1/functions/ffs.adb /config/usb_gadget/g1/configs/b.1/f1' action=sys.usb.config=adb && sys.usb.configfs=1 && sys.usb.ffs.ready=1 (/system/etc/init/hw/init.usb.configfs.rc:22) took 0ms and failed: symlink() failed: File exists
05-21 11:10:43.759 1 1 I init : Command 'write /config/usb_gadget/g1/UDC ${sys.usb.controller}' action=sys.usb.config=adb && sys.usb.configfs=1 && sys.usb.ffs.ready=1 (/system/etc/init/hw/init.usb.configfs.rc:23) took 0ms and failed: Unable to write to file '/config/usb_gadget/g1/UDC': Unable to write file contents: Device or resource busy
05-21 11:01:47.002 1340 1340 W ContextImpl: Calling a method in the system process without a qualified user: android.app.ContextImpl.sendBroadcast:1181 android.content.ContextWrapper.sendBroadcast:479 cn.eben.newweather.DateWeatherService.a:19 cn.eben.newweather.DateWeatherService.a:0 cn.eben.newweather.DateWeatherService$1.handleMessage:7
05-21 11:10:44.795 543 543 I : read descriptors
05-21 11:10:44.795 543 543 I : read strings
05-21 11:10:44.797 1 1 I init : processing action (sys.usb.config=adb && sys.usb.configfs=1 && sys.usb.ffs.ready=1) from (/system/etc/init/hw/init.usb.configfs.rc:20)
05-21 11:10:44.800 1 1 I init : Command 'symlink /config/usb_gadget/g1/functions/ffs.adb /config/usb_gadget/g1/configs/b.1/f1' action=sys.usb.config=adb && sys.usb.configfs=1 && sys.usb.ffs.ready=1 (/system/etc/init/hw/init.usb.configfs.rc:22) took 0ms and failed: symlink() failed: File exists
05-21 11:10:44.802 1 1 I init : Command 'write /config/usb_gadget/g1/UDC ${sys.usb.controller}' action=sys.usb.config=adb && sys.usb.configfs=1 && sys.usb.ffs.ready=1 (/system/etc/init/hw/init.usb.configfs.rc:23) took 1ms and failed: Unable to write to file '/config/usb_gadget/g1/UDC': Unable to write file contents: Device or resource busy
05-21 11:01:48.001 1340 1340 W ContextImpl: Calling a method in the system process without a qualified user: android.app.ContextImpl.sendBroadcast:1181 android.content.ContextWrapper.sendBroadcast:479 cn.eben.newweather.DateWeatherService.a:19 cn.eben.newweather.DateWeatherService.a:0 cn.eben.newweather.DateWeatherService$1.handleMessage:7
05-21 11:01:48.467 464 494 I RIL : ---> enter mainloop wait at port
05-21 11:01:48.467 464 494 D RIL-DEV : Get modem info
05-21 11:01:48.468 464 494 D RIL-DEV : [05-21_11:01:48:468] idVendor = 0bda
05-21 11:01:48.468 464 494 D RIL-DEV :
05-21 11:01:48.468 464 494 D RIL-DEV : [05-21_11:01:48:469] idVendor = 05e3
05-21 11:01:48.468 464 494 D RIL-DEV :
05-21 11:01:48.469 464 494 D RIL-DEV : [05-21_11:01:48:469] idVendor = 1d6b
05-21 11:01:48.469 464 494 D RIL-DEV :
05-21 11:01:48.469 464 494 D RIL-DEV : [05-21_11:01:48:469] idVendor = 1d6b
05-21 11:01:48.469 464 494 D RIL-DEV :
05-21 11:01:48.469 464 494 D RIL-DEV : [05-21_11:01:48:470] idVendor = 0bda
05-21 11:01:48.469 464 494 D RIL-DEV :
05-21 11:01:48.470 464 494 D RIL-DEV : [05-21_11:01:48:470] idVendor = 1d6b
05-21 11:01:48.470 464 494 D RIL-DEV :
05-21 11:01:48.470 464 494 D RIL-DEV : [05-21_11:01:48:470] idVendor = 2109
05-21 11:01:48.470 464 494 D RIL-DEV :
05-21 11:01:48.470 464 494 D RIL-DEV : [05-21_11:01:48:471] idVendor = 2109
05-21 11:01:48.470 464 494 D RIL-DEV :
05-21 11:01:48.470 464 494 D RIL-DEV : [05-21_11:01:48:471] idVendor = 1d6b
05-21 11:01:48.470 464 494 D RIL-DEV :
05-21 11:01:48.471 464 494 D RIL-DEV : [05-21_11:01:48:471] idVendor = 0bda
05-21 11:01:48.471 464 494 D RIL-DEV :
05-21 11:01:48.471 464 494 D RIL-DEV : [05-21_11:01:48:472] idVendor = 2109
05-21 11:01:48.471 464 494 D RIL-DEV :
05-21 11:01:48.472 464 494 E RIL-DEV : Cannot find Meig devices
05-21 11:01:48.472 464 494 I RIL : ---> can't find meig usb devices
05-21 11:01:48.772 627 945 W NotificationService: Toast already killed. pkg=com.android.settings token=android.os.BinderProxy@74eec49
05-21 11:01:49.001 1340 1340 W ContextImpl: Calling a method in the system process without a qualified user: android.app.ContextImpl.sendBroadcast:1181 android.content.ContextWrapper.sendBroadcast:479 cn.eben.newweather.DateWeatherService.a:19 cn.eben.newweather.DateWeatherService.a:0 cn.eben.newweather.DateWeatherService$1.handleMessage:7
05-21 11:10:45.844 543 543 I : read descriptors
05-21 11:10:45.844 543 543 I : read strings
05-21 11:10:45.846 1 1 I init : processing action (sys.usb.config=adb && sys.usb.configfs=1 && sys.usb.ffs.ready=1) from (/system/etc/init/hw/init.usb.configfs.rc:20)
05-21 11:01:49.115 627 2063 W ContentProviderHelper: Permission Denial: opening provider com.android.providers.contacts.ContactsProvider2 from ProcessRecord{1933406 1690:cn.eben.sync/u0a44} (pid=1690, uid=10044) requires android.permission.READ_CONTACTS or android.permission.WRITE_CONTACTS
05-21 11:01:49.408 627 2063 V InputMethodManagerService: Calling com.android.internal.view.IInputMethod$Stub$Proxy@60ca193.hideSoftInput(0, android.os.Binder@590ea6f, null) for reason: HIDE_MY_SOFT_INPUT
05-21 11:01:49.415 627 2063 D InputMethodManagerService: IME window vis: 0 active: 0 inv: 0 displayId: 0
05-21 11:01:50.002 1340 1340 W ContextImpl: Calling a method in the system process without a qualified user: android.app.ContextImpl.sendBroadcast:1181 android.content.ContextWrapper.sendBroadcast:479 cn.eben.newweather.DateWeatherService.a:19 cn.eben.newweather.DateWeatherService.a:0 cn.eben.newweather.DateWeatherService$1.handleMessage:7
05-21 11:10:46.885 543 543 I : read descriptors
05-21 11:10:46.885 543 543 I : read strings
05-21 11:01:50.291 627 2063 V InputMethodManagerService: startInputOrWindowGainedFocusInternalLocked: reason=WINDOW_FOCUS_GAIN client=android.os.BinderProxy@ca320e6 inputContext=null missingMethods= attribute=android.view.inputmethod.EditorInfo@22db81 startInputFlags=VIEW_HAS_FOCUS|INITIAL_CONNECTION softInputMode=STATE_UNSPECIFIED|ADJUST_RESIZE windowFlags=#81810100 unverifiedTargetSdkVersion=32
05-21 11:01:50.291 627 2063 V InputMethodManagerService: Unspecified window will hide input
05-21 11:01:50.376 627 2063 W ActivityTaskManager: Duplicate finish request for r=ActivityRecord{9fe4c43 u0 com.android.settings/.password.ConfirmLockPassword t43 f}}
05-21 11:01:50.376 627 2063 W ActivityTaskManager: Duplicate finish request for r=ActivityRecord{c3b20e7 u0 com.android.settings/.SubSettings t43 f}}
05-21 11:01:50.382 627 2063 I ActivityTaskManager: START u0 {act=android.intent.action.MAIN cmp=com.android.settings/.SubSettings (has extras)} from uid 1000
05-21 11:01:50.412 627 652 W UsageStatsService: Unexpected activity event reported! (com.android.settings/com.android.settings.SubSettings event : 23 instanceId : 267300518)
05-21 11:01:50.415 627 2063 W ActivityTaskManager: Tried to set launchTime (0) < mLastActivityLaunchTime (2211208)
05-21 11:01:50.417 627 647 V InputMethodMenuController: Hide switching menu --------- beginning of events
05-21 11:01:50.450 6551 6551 I wm_on_start_called: [41645059,com.android.settings.SubSettings,handleStartActivity]
05-21 11:01:50.450 6551 6551 I snet_event_log: [120484087,-1,]
05-21 11:01:50.451 6551 6551 I wm_on_resume_called: [41645059,com.android.settings.SubSettings,RESUME_ACTIVITY]
05-21 11:01:50.451 6551 6551 I sysui_multi_action: [757,744,758,1,833,35,1089,10]
05-21 11:01:50.452 6551 6551 I sysui_multi_action: [757,1729,758,4,854,isParalleledControllers:false,1089,11]
05-21 11:01:50.456 6551 6551 I wm_on_top_resumed_lost_called: [163423731,com.android.settings.Settings,topStateChangedWhenResumed]
05-21 11:01:50.469 627 647 V InputMethodMenuController: Hide switching menu
05-21 11:01:50.472 464 494 I RIL : ---> enter mainloop wait at port
05-21 11:01:50.472 464 494 D RIL-DEV : Get modem info
05-21 11:01:50.472 627 648 I input_focus: [Focus request 6cf2662 com.android.settings/com.android.settings.SubSettings,reason=UpdateInputWindows]
05-21 11:01:50.472 464 494 D RIL-DEV : [05-21_11:01:50:473] idVendor = 0bda
05-21 11:01:50.472 464 494 D RIL-DEV :
05-21 11:01:50.472 464 494 D RIL-DEV : [05-21_11:01:50:473] idVendor = 05e3
05-21 11:01:50.472 464 494 D RIL-DEV :
05-21 11:01:50.472 464 494 D RIL-DEV : [05-21_11:01:50:473] idVendor = 1d6b
05-21 11:01:50.472 464 494 D RIL-DEV :
05-21 11:01:50.472 464 494 D RIL-DEV : [05-21_11:01:50:473] idVendor = 1d6b
05-21 11:01:50.472 464 494 D RIL-DEV :
05-21 11:01:50.472 464 494 D RIL-DEV : [05-21_11:01:50:473] idVendor = 0bda
05-21 11:01:50.472 464 494 D RIL-DEV :
05-21 11:01:50.472 464 494 D RIL-DEV : [05-21_11:01:50:473] idVendor = 1d6b
05-21 11:01:50.472 464 494 D RIL-DEV :
05-21 11:01:50.473 464 494 D RIL-DEV : [05-21_11:01:50:473] idVendor = 2109
05-21 11:01:50.473 464 494 D RIL-DEV :
05-21 11:01:50.473 464 494 D RIL-DEV : [05-21_11:01:50:473] idVendor = 2109
05-21 11:01:50.473 464 494 D RIL-DEV :
05-21 11:01:50.473 464 494 D RIL-DEV : [05-21_11:01:50:473] idVendor = 1d6b
05-21 11:01:50.473 464 494 D RIL-DEV :
05-21 11:01:50.473 464 494 D RIL-DEV : [05-21_11:01:50:473] idVendor = 0bda
05-21 11:01:50.473 464 494 D RIL-DEV :
05-21 11:01:50.473 464 494 D RIL-DEV : [05-21_11:01:50:473] idVendor = 2109
05-21 11:01:50.473 464 494 D RIL-DEV :
05-21 11:01:50.473 464 494 E RIL-DEV : Cannot find Meig devices
05-21 11:01:50.473 464 494 I RIL : ---> can't find meig usb devices
05-21 11:01:50.486 627 648 W WindowManager: Unable to find process with pid=6551 uid=1000
05-21 11:01:50.486 627 644 I wm_activity_launch_time: [0,41645059,com.android.settings/.SubSettings,102]
05-21 11:01:50.486 6551 6551 I wm_on_top_resumed_gained_called: [41645059,com.android.settings.SubSettings,topStateChangedWhenResumed]
05-21 11:01:50.502 627 712 I input_focus: [Focus leaving 3f06572 com.android.settings/com.android.settings.Settings (server),reason=Waiting for window because NO_WINDOW]
05-21 11:01:50.502 627 712 I input_focus: [Focus entering 6cf2662 com.android.settings/com.android.settings.SubSettings (server),reason=Window became focusable. Previous reason: NO_WINDOW]
05-21 11:01:50.507 627 941 V InputMethodManagerService: startInputOrWindowGainedFocusInternalLocked: reason=WINDOW_FOCUS_GAIN client=android.os.BinderProxy@ca320e6 inputContext=null missingMethods= attribute=android.view.inputmethod.EditorInfo@db1fba startInputFlags=VIEW_HAS_FOCUS|INITIAL_CONNECTION softInputMode=STATE_UNSPECIFIED|ADJUST_RESIZE|IS_FORWARD_NAVIGATION windowFlags=#81810100 unverifiedTargetSdkVersion=32
05-21 11:01:50.507 627 941 V InputMethodManagerService: Unspecified window will hide input
05-21 11:01:50.704 627 941 W WindowManager: Unable to find process with pid=6551 uid=1000
05-21 11:01:50.705 627 647 I wm_destroy_activity: [0,167660611,43,com.android.settings/.password.ConfirmLockPassword,finish-imm:idle]
05-21 11:01:50.724 6551 6551 I wm_on_stop_called: [167660611,com.android.settings.password.ConfirmLockPassword,LIFECYCLER_STOP_ACTIVITY]
05-21 11:01:50.726 6551 6551 I wm_on_destroy_called: [167660611,com.android.settings.password.ConfirmLockPassword,performDestroy]
05-21 11:01:50.734 627 2063 D ActivityTaskManager: Remove task fragment: removeLastChild ActivityRecord{9fe4c43 u0 com.android.settings/.password.ConfirmLockPassword t-1 f}}
05-21 11:01:51.002 1340 1340 W ContextImpl: Calling a method in the system process without a qualified user: android.app.ContextImpl.sendBroadcast:1181 android.content.ContextWrapper.sendBroadcast:479 cn.eben.newweather.DateWeatherService.a:19 cn.eben.newweather.DateWeatherService.a:0 cn.eben.newweather.DateWeatherService$1.handleMessage:7
05-21 11:10:47.934 543 543 I : read descriptors
05-21 11:10:47.934 543 543 I : read strings
05-21 11:10:47.937 1 1 I init : processing action (sys.usb.config=adb && sys.usb.configfs=1 && sys.usb.ffs.ready=1) from (/system/etc/init/hw/init.usb.configfs.rc:20)
05-21 11:10:47.939 1 1 I init : Command 'symlink /config/usb_gadget/g1/functions/ffs.adb /config/usb_gadget/g1/configs/b.1/f1' action=sys.usb.config=adb && sys.usb.configfs=1 && sys.usb.ffs.ready=1 (/system/etc/init/hw/init.usb.configfs.rc:22) took 0ms and failed: symlink() failed: File exists
05-21 11:10:47.940 1 1 I init : Command 'write /config/usb_gadget/g1/UDC ${sys.usb.controller}' action=sys.usb.config=adb && sys.usb.configfs=1 && sys.usb.ffs.ready=1 (/system/etc/init/hw/init.usb.configfs.rc:23) took 0ms and failed: Unable to write to file '/config/usb_gadget/g1/UDC': Unable to write file contents: Device or resource busy
05-21 11:01:51.694 627 648 I input_focus: [Focus request 3f06572 com.android.settings/com.android.settings.Settings,reason=UpdateInputWindows]
05-21 11:01:51.724 627 712 I input_focus: [Focus leaving 6cf2662 com.android.settings/com.android.settings.SubSettings (server),reason=setFocusedWindow]
05-21 11:01:51.724 627 712 I input_focus: [Focus entering 3f06572 com.android.settings/com.android.settings.Settings (server),reason=setFocusedWindow]
05-21 11:01:51.741 627 941 V InputMethodManagerService: startInputOrWindowGainedFocusInternalLocked: reason=WINDOW_FOCUS_GAIN client=android.os.BinderProxy@ca320e6 inputContext=null missingMethods= attribute=android.view.inputmethod.EditorInfo@7bfd80c startInputFlags=VIEW_HAS_FOCUS|INITIAL_CONNECTION softInputMode=STATE_UNSPECIFIED|ADJUST_RESIZE windowFlags=#81810100 unverifiedTargetSdkVersion=32
05-21 11:01:51.742 627 941 V InputMethodManagerService: Unspecified window will hide input
05-21 11:01:51.794 6551 6551 I sysui_multi_action: [757,830,758,4,833,0,854,top_level_about_device,1089,0]
05-21 11:01:51.797 627 2063 I wm_finish_activity: [0,41645059,43,com.android.settings/.SubSettings,app-request]
05-21 11:01:51.811 627 2063 I wm_pause_activity: [0,41645059,com.android.settings/.SubSettings,userLeaving=false,finish]
05-21 11:01:51.824 627 2063 W ActivityTaskManager: Duplicate finish request for r=ActivityRecord{27b7403 u0 com.android.settings/.SubSettings t43 f}}
05-21 11:01:51.827 627 941 I ActivityTaskManager: START u0 {act=android.intent.action.MAIN cmp=com.android.settings/.SubSettings (has extras)} from uid 1000
05-21 11:01:51.828 627 941 I wm_task_moved: [43,1,9]
05-21 11:01:51.829 627 941 I wm_set_resumed_activity: [0,com.android.settings/.Settings,positionChildAt]
05-21 11:01:51.829 627 941 I wm_create_activity: [0,208950326,43,com.android.settings/.SubSettings,android.intent.action.MAIN,NULL,NULL,0]
05-21 11:01:51.858 6551 6551 I wm_on_top_resumed_lost_called: [41645059,com.android.settings.SubSettings,topStateChangedWhenResumed]
05-21 11:01:51.859 6551 6551 I sysui_multi_action: [757,744,758,2,1089,1408]
05-21 11:01:51.860 6551 6551 I wm_on_paused_called: [41645059,com.android.settings.SubSettings,performPause]
05-21 11:01:51.861 627 2063 I wm_add_to_stopping: [0,41645059,com.android.settings/.SubSettings,completeFinishing]
05-21 11:01:51.861 627 2063 W ActivityTaskManager: Tried to set launchTime (0) < mLastActivityLaunchTime (2215258)
05-21 11:01:51.862 627 2063 I wm_restart_activity: [0,208950326,43,com.android.settings/.SubSettings]
05-21 11:01:51.867 627 647 V InputMethodMenuController: Hide switching menu
05-21 11:01:51.869 627 2063 I wm_set_resumed_activity: [0,com.android.settings/.SubSettings,minimalResumeActivityLocked]
05-21 11:01:51.872 627 647 I sysui_multi_action: [757,803,799,window_time_0,802,1]
05-21 11:01:51.876 6551 6551 I wm_on_top_resumed_gained_called: [163423731,com.android.settings.Settings,topStateChangedWhenResumed]
05-21 11:01:51.885 995 1028 D SubscriptionController: [getActiveSubscriptionInfoForSimSlotIndex]+ slotIndex=0 subId=null
05-21 11:01:51.885 995 1028 D SubscriptionController: [getActiveSubscriptionInfoForSimSlotIndex]+ slotIndex=0 subId=null
05-21 11:01:51.888 6551 6551 I wm_on_create_called: [208950326,com.android.settings.SubSettings,performCreate]
05-21 11:01:51.894 627 653 W BroadcastQueue: Permission Denial: broadcasting Intent { act=android.net.conn.CONNECTIVITY_CHANGE flg=0x4200010 (has extras) } from null (pid=-1, uid=-1) requires android.permission.CHANGE_NETWORK_STATE due to registered receiver BroadcastFilter{8ee1e2f 1000/u0 ReceiverList{a15b40e 6551 com.android.settings/1000/u0 remote:56e8a09}}
05-21 11:01:51.894 627 653 W BroadcastQueue: Permission Denial: broadcasting Intent { act=android.net.conn.CONNECTIVITY_CHANGE flg=0x4200010 (has extras) } from null (pid=-1, uid=-1) requires android.permission.CHANGE_NETWORK_STATE due to registered receiver BroadcastFilter{27d031a 1000/u0 ReceiverList{36cbdc5 6551 com.android.settings/1000/u0 remote:1ef5c3c}}
05-21 11:01:51.897 6551 6551 I wm_on_start_called: [208950326,com.android.settings.SubSettings,handleStartActivity]
05-21 11:01:51.897 6551 6551 I snet_event_log: [120484087,-1,]
05-21 11:01:51.898 6551 6551 I wm_on_resume_called: [208950326,com.android.settings.SubSettings,RESUME_ACTIVITY]
05-21 11:01:51.899 6551 6551 I sysui_multi_action: [757,40,758,1,833,35,1089,17]
05-21 11:01:51.902 995 1028 D SubscriptionController: [getActiveSubscriptionInfoForSimSlotIndex]+ slotIndex=0 subId=null
05-21 11:01:51.903 995 1028 D SubscriptionController: [getActiveSubscriptionInfoForSimSlotIndex]+ slotIndex=0 subId=null
05-21 11:01:51.904 6551 6551 I sysui_multi_action: [757,1729,758,4,854,isParalleledControllers:false,1089,23]
05-21 11:01:51.908 6551 6551 I wm_on_top_resumed_lost_called: [163423731,com.android.settings.Settings,topStateChangedWhenResumed]
05-21 11:01:51.936 627 648 I input_focus: [Focus request b510779 com.android.settings/com.android.settings.SubSettings,reason=UpdateInputWindows]
05-21 11:01:51.936 627 647 V InputMethodMenuController: Hide switching menu
05-21 11:01:51.948 627 648 W WindowManager: Unable to find process with pid=6551 uid=1000
05-21 11:01:51.949 627 644 I wm_activity_launch_time: [0,208950326,com.android.settings/.SubSettings,121]
05-21 11:01:51.950 6551 6551 I wm_on_top_resumed_gained_called: [208950326,com.android.settings.SubSettings,topStateChangedWhenResumed]
05-21 11:01:51.968 627 712 I input_focus: [Focus leaving 3f06572 com.android.settings/com.android.settings.Settings (server),reason=setFocusedWindow]
05-21 11:01:51.968 627 712 I input_focus: [Focus entering b510779 com.android.settings/com.android.settings.SubSettings (server),reason=setFocusedWindow]
05-21 11:01:51.987 627 2426 V InputMethodManagerService: startInputOrWindowGainedFocusInternalLocked: reason=WINDOW_FOCUS_GAIN client=android.os.BinderProxy@ca320e6 inputContext=null missingMethods= attribute=android.view.inputmethod.EditorInfo@2872cb1 startInputFlags=VIEW_HAS_FOCUS|INITIAL_CONNECTION softInputMode=STATE_UNSPECIFIED|ADJUST_RESIZE|IS_FORWARD_NAVIGATION windowFlags=#81810100 unverifiedTargetSdkVersion=32
05-21 11:01:51.987 627 2426 V InputMethodManagerService: Unspecified window will hide input
05-21 11:01:52.001 1340 1340 W ContextImpl: Calling a method in the system process without a qualified user: android.app.ContextImpl.sendBroadcast:1181 android.content.ContextWrapper.sendBroadcast:479 cn.eben.newweather.DateWeatherService.a:19 cn.eben.newweather.DateWeatherService.a:0 cn.eben.newweather.DateWeatherService$1.handleMessage:7
05-21 11:01:52.161 627 941 W WindowManager: Unable to find process with pid=6551 uid=1000
05-21 11:01:52.162 627 647 I wm_destroy_activity: [0,41645059,43,com.android.settings/.SubSettings,finish-imm:idle]
05-21 11:10:48.995 543 543 I : read descriptors
05-21 11:10:48.995 543 543 I : read strings
05-21 11:10:48.995 1 1 I init : processing action (sys.usb.config=adb && sys.usb.configfs=1 && sys.usb.ffs.ready=1) from (/system/etc/init/hw/init.usb.configfs.rc:20)
05-21 11:10:48.997 1 1 I init : Command 'symlink /config/usb_gadget/g1/functions/ffs.adb /config/usb_gadget/g1/configs/b.1/f1' action=sys.usb.config=adb && sys.usb.configfs=1 && sys.usb.ffs.ready=1 (/system/etc/init/hw/init.usb.configfs.rc:22) took 0ms and failed: symlink() failed: File exists
05-21 11:10:48.998 1 1 I init : Command 'write /config/usb_gadget/g1/UDC ${sys.usb.controller}' action=sys.usb.config=adb && sys.usb.configfs=1 && sys.usb.ffs.ready=1 (/system/etc/init/hw/init.usb.configfs.rc:23) took 0ms and failed: Unable to write to file '/config/usb_gadget/g1/UDC': Unable to write file contents: Device or resource busy
05-21 11:01:52.186 6551 6551 I wm_on_stop_called: [41645059,com.android.settings.SubSettings,LIFECYCLER_STOP_ACTIVITY]
05-21 11:01:52.187 6551 6551 I wm_on_destroy_called: [41645059,com.android.settings.SubSettings,performDestroy]
05-21 11:01:52.194 627 2426 D ActivityTaskManager: Remove task fragment: removeLastChild ActivityRecord{27b7403 u0 com.android.settings/.SubSettings t-1 f}}
05-21 11:01:52.473 464 494 I RIL : ---> enter mainloop wait at port
05-21 11:01:52.474 464 494 D RIL-DEV : Get modem info
05-21 11:01:52.474 464 494 D RIL-DEV : [05-21_11:01:52:475] idVendor = 0bda
05-21 11:01:52.474 464 494 D RIL-DEV :
05-21 11:01:52.475 464 494 D RIL-DEV : [05-21_11:01:52:475] idVendor = 05e3
05-21 11:01:52.475 464 494 D RIL-DEV :
05-21 11:01:52.475 464 494 D RIL-DEV : [05-21_11:01:52:476] idVendor = 1d6b
05-21 11:01:52.475 464 494 D RIL-DEV :
05-21 11:01:52.475 464 494 D RIL-DEV : [05-21_11:01:52:476] idVendor = 1d6b
05-21 11:01:52.475 464 494 D RIL-DEV :
05-21 11:01:52.476 464 494 D RIL-DEV : [05-21_11:01:52:476] idVendor = 0bda
05-21 11:01:52.476 464 494 D RIL-DEV :
05-21 11:01:52.476 464 494 D RIL-DEV : [05-21_11:01:52:477] idVendor = 1d6b
05-21 11:01:52.476 464 494 D RIL-DEV :
05-21 11:01:52.476 464 494 D RIL-DEV : [05-21_11:01:52:477] idVendor = 2109
05-21 11:01:52.476 464 494 D RIL-DEV :
05-21 11:01:52.477 464 494 D RIL-DEV : [05-21_11:01:52:477] idVendor = 2109
05-21 11:01:52.477 464 494 D RIL-DEV :
05-21 11:01:52.477 464 494 D RIL-DEV : [05-21_11:01:52:478] idVendor = 1d6b
05-21 11:01:52.477 464 494 D RIL-DEV :
05-21 11:01:52.478 464 494 D RIL-DEV : [05-21_11:01:52:478] idVendor = 0bda
05-21 11:01:52.478 464 494 D RIL-DEV :
05-21 11:01:52.478 464 494 D RIL-DEV : [05-21_11:01:52:479] idVendor = 2109
05-21 11:01:52.478 464 494 D RIL-DEV :
05-21 11:01:52.478 464 494 E RIL-DEV : Cannot find Meig devices
05-21 11:01:52.479 464 494 I RIL : ---> can't find meig usb devices
05-21 11:01:52.579 627 712 I input_interaction: Interaction with: b510779 com.android.settings/com.android.settings.SubSettings (server), PointerEventDispatcher0 (server),
05-21 11:01:53.002 1340 1340 W ContextImpl: Calling a method in the system process without a qualified user: android.app.ContextImpl.sendBroadcast:1181 android.content.ContextWrapper.sendBroadcast:479 cn.eben.newweather.DateWeatherService.a:19 cn.eben.newweather.DateWeatherService.a:0 cn.eben.newweather.DateWeatherService$1.handleMessage:7
05-21 11:10:50.054 543 543 I : read descriptors
05-21 11:10:50.054 543 543 I : read strings
05-21 11:10:50.057 1 1 I init : processing action (sys.usb.config=adb && sys.usb.configfs=1 && sys.usb.ffs.ready=1) from (/system/etc/init/hw/init.usb.configfs.rc:20)
05-21 11:10:50.058 1 1 I init : Command 'symlink /config/usb_gadget/g1/functions/ffs.adb /config/usb_gadget/g1/configs/b.1/f1' action=sys.usb.config=adb && sys.usb.configfs=1 && sys.usb.ffs.ready=1 (/system/etc/init/hw/init.usb.configfs.rc:22) took 0ms and failed: symlink() failed: File exists
05-21 11:10:50.058 1 1 I init : Command 'write /config/usb_gadget/g1/UDC ${sys.usb.controller}' action=sys.usb.config=adb && sys.usb.configfs=1 && sys.usb.ffs.ready=1 (/system/etc/init/hw/init.usb.configfs.rc:23) took 0ms and failed: Unable to write to file '/config/usb_gadget/g1/UDC': Unable to write file contents: Device or resource busy
05-21 11:01:53.446 6551 6551 I sysui_multi_action: [757,848,758,4,833,40]
05-21 11:01:53.447 6551 6551 I sysui_multi_action: [757,830,758,4,833,0,854,build_number,1089,0]
05-21 11:01:53.653 6551 6551 I sysui_multi_action: [757,848,758,4,833,40]
05-21 11:01:53.654 6551 6551 I sysui_multi_action: [757,830,758,4,833,0,854,build_number,1089,0]
05-21 11:01:53.847 6551 6551 I sysui_multi_action: [757,848,758,4,833,40]
05-21 11:01:53.848 6551 6551 I sysui_multi_action: [757,830,758,4,833,0,854,build_number,1089,0]
05-21 11:01:53.912 627 1329 E TaskPersister: File error accessing recents directory (directory doesn't exist?).
05-21 11:01:54.003 1340 1340 W ContextImpl: Calling a method in the system process without a qualified user: android.app.ContextImpl.sendBroadcast:1181 android.content.ContextWrapper.sendBroadcast:479 cn.eben.newweather.DateWeatherService.a:19 cn.eben.newweather.DateWeatherService.a:0 cn.eben.newweather.DateWeatherService$1.handleMessage:7
05-21 11:01:54.005 627 2063 I NotificationService: cancelToast pkg=com.android.settings token=android.os.BinderProxy@29afad2
05-21 11:01:54.011 6551 6551 I sysui_multi_action: [757,848,758,4,833,40]
05-21 11:01:54.012 6551 6551 I sysui_multi_action: [757,830,758,4,833,0,854,build_number,1089,0]
05-21 11:01:54.121 627 2063 W ContentProviderHelper: Permission Denial: opening provider com.android.providers.contacts.ContactsProvider2 from ProcessRecord{1933406 1690:cn.eben.sync/u0a44} (pid=1690, uid=10044) requires android.permission.READ_CONTACTS or android.permission.WRITE_CONTACTS
05-21 11:01:54.205 627 2063 I NotificationService: cancelToast pkg=com.android.settings token=android.os.BinderProxy@753b659
05-21 11:01:54.212 6551 6551 I sysui_multi_action: [757,848,758,4,833,40]
05-21 11:01:54.213 6551 6551 I sysui_multi_action: [757,830,758,4,833,0,854,build_number,1089,0]
05-21 11:10:51.101 543 543 I : read descriptors
05-21 11:10:51.101 543 543 I : read strings
05-21 11:10:51.109 1 1 I init : processing action (sys.usb.config=adb && sys.usb.configfs=1 && sys.usb.ffs.ready=1) from (/system/etc/init/hw/init.usb.configfs.rc:20)
05-21 11:01:54.297 627 2063 W NotificationService: Toast already killed. pkg=com.android.settings token=android.os.BinderProxy@29afad2
05-21 11:01:54.358 627 2063 I NotificationService: cancelToast pkg=com.android.settings token=android.os.BinderProxy@c5c0d64
05-21 11:01:54.370 6551 6551 I sysui_multi_action: [757,848,758,4,833,40]
05-21 11:01:54.371 6551 6551 I sysui_multi_action: [757,830,758,4,833,0,854,build_number,1089,0]
05-21 11:01:54.479 464 494 I RIL : ---> enter mainloop wait at port
05-21 11:01:54.479 464 494 D RIL-DEV : Get modem info
05-21 11:01:54.480 464 494 D RIL-DEV : [05-21_11:01:54:481] idVendor = 0bda
05-21 11:01:54.480 464 494 D RIL-DEV :
05-21 11:01:54.480 464 494 D RIL-DEV : [05-21_11:01:54:481] idVendor = 05e3
05-21 11:01:54.480 464 494 D RIL-DEV :
05-21 11:01:54.481 464 494 D RIL-DEV : [05-21_11:01:54:481] idVendor = 1d6b
05-21 11:01:54.481 464 494 D RIL-DEV :
05-21 11:01:54.481 464 494 D RIL-DEV : [05-21_11:01:54:481] idVendor = 1d6b
05-21 11:01:54.481 464 494 D RIL-DEV :
05-21 11:01:54.481 464 494 D RIL-DEV : [05-21_11:01:54:482] idVendor = 0bda
05-21 11:01:54.481 464 494 D RIL-DEV :
05-21 11:01:54.481 464 494 D RIL-DEV : [05-21_11:01:54:482] idVendor = 1d6b
05-21 11:01:54.481 464 494 D RIL-DEV :
05-21 11:01:54.482 464 494 D RIL-DEV : [05-21_11:01:54:483] idVendor = 2109
05-21 11:01:54.482 464 494 D RIL-DEV :
05-21 11:01:54.483 464 494 D RIL-DEV : [05-21_11:01:54:483] idVendor = 2109
05-21 11:01:54.483 464 494 D RIL-DEV :
05-21 11:01:54.483 464 494 D RIL-DEV : [05-21_11:01:54:483] idVendor = 1d6b
05-21 11:01:54.483 464 494 D RIL-DEV :
05-21 11:01:54.483 464 494 D RIL-DEV : [05-21_11:01:54:484] idVendor = 0bda
05-21 11:01:54.483 464 494 D RIL-DEV :
05-21 11:01:54.483 464 494 D RIL-DEV : [05-21_11:01:54:484] idVendor = 2109
05-21 11:01:54.483 464 494 D RIL-DEV :
05-21 11:01:54.484 464 494 E RIL-DEV : Cannot find Meig devices
05-21 11:01:54.484 464 494 I RIL : ---> can't find meig usb devices
05-21 11:01:54.526 627 941 I ActivityTaskManager: START u0 {cmp=com.android.settings/.password.ConfirmLockPassword (has extras)} from uid 1000
05-21 11:01:54.529 627 941 I wm_task_moved: [43,1,9]
05-21 11:01:54.529 627 941 I wm_set_resumed_activity: [0,com.android.settings/.SubSettings,positionChildAt]
05-21 11:01:54.529 627 941 I wm_create_activity: [0,188868553,43,com.android.settings/.password.ConfirmLockPassword,NULL,NULL,NULL,0]
05-21 11:01:54.531 627 941 I wm_pause_activity: [0,208950326,com.android.settings/.SubSettings,userLeaving=true,resumeTopActivity]
05-21 11:01:54.537 6551 6551 I sysui_multi_action: [757,848,758,4,833,40]
05-21 11:01:54.537 6551 6551 I sysui_multi_action: [757,848,758,4,833,40]
05-21 11:01:54.537 6551 6551 I sysui_multi_action: [757,830,758,4,833,0,854,build_number,1089,0]
05-21 11:01:54.538 6551 6551 I wm_on_top_resumed_lost_called: [208950326,com.android.settings.SubSettings,topStateChangedWhenResumed]
05-21 11:01:54.539 6551 6551 I sysui_multi_action: [757,40,758,2,1089,2641]
05-21 11:01:54.539 6551 6551 I wm_on_paused_called: [208950326,com.android.settings.SubSettings,performPause]
05-21 11:01:54.540 627 941 W ActivityTaskManager: Tried to set launchTime (0) < mLastActivityLaunchTime (2216704)
05-21 11:01:54.540 627 941 I wm_add_to_stopping: [0,208950326,com.android.settings/.SubSettings,makeInvisible]
05-21 11:01:54.540 627 941 I wm_restart_activity: [0,188868553,43,com.android.settings/.password.ConfirmLockPassword]
05-21 11:01:54.540 627 941 I wm_set_resumed_activity: [0,com.android.settings/.password.ConfirmLockPassword,minimalResumeActivityLocked]
05-21 11:01:54.541 6551 6551 I wm_on_top_resumed_gained_called: [163423731,com.android.settings.Settings,topStateChangedWhenResumed]
05-21 11:01:54.542 627 647 V InputMethodMenuController: Hide switching menu
05-21 11:01:54.542 627 647 I sysui_multi_action: [757,803,799,window_time_0,802,3]
05-21 11:01:54.545 6551 6551 E ActivityThread: Failed to find provider info for com.google.android.setupwizard.partner
05-21 11:01:54.555 6551 6551 I wm_on_create_called: [188868553,com.android.settings.password.ConfirmLockPassword,performCreate]
05-21 11:01:54.558 6551 6551 E ActivityThread: Failed to find provider info for com.google.android.setupwizard.partner
05-21 11:01:54.558 6551 6551 E ActivityThread: Failed to find provider info for com.google.android.setupwizard.partner
05-21 11:01:54.563 6551 6551 E ActivityThread: Failed to find provider info for com.google.android.setupwizard.partner
05-21 11:01:54.565 627 712 I input_focus: [Focus leaving b510779 com.android.settings/com.android.settings.SubSettings (server),reason=NO_WINDOW]
05-21 11:01:54.572 6551 6551 I wm_on_start_called: [188868553,com.android.settings.password.ConfirmLockPassword,handleStartActivity]
05-21 11:01:54.572 6551 6551 I snet_event_log: [120484087,-1,]
05-21 11:01:54.573 6551 6551 I wm_on_resume_called: [188868553,com.android.settings.password.ConfirmLockPassword,RESUME_ACTIVITY]
05-21 11:01:54.573 6551 6551 I sysui_multi_action: [757,30,758,1,833,0,1089,20]
05-21 11:01:54.579 6551 6551 I wm_on_top_resumed_lost_called: [163423731,com.android.settings.Settings,topStateChangedWhenResumed]
05-21 11:01:54.588 627 648 I input_focus: [Focus request f9239a6 com.android.settings/com.android.settings.password.ConfirmLockPassword,reason=UpdateInputWindows]
05-21 11:01:54.588 627 647 V InputMethodMenuController: Hide switching menu
05-21 11:01:54.597 6551 6551 I wm_on_top_resumed_gained_called: [188868553,com.android.settings.password.ConfirmLockPassword,topStateChangedWhenResumed]
05-21 11:01:54.599 627 648 W WindowManager: Unable to find process with pid=6551 uid=1000
05-21 11:01:54.599 627 644 I wm_activity_launch_time: [0,188868553,com.android.settings/.password.ConfirmLockPassword,73]
05-21 11:01:54.623 627 712 I input_focus: [Focus entering f9239a6 com.android.settings/com.android.settings.password.ConfirmLockPassword (server),reason=Window became focusable. Previous reason: NOT_VISIBLE]
05-21 11:01:54.624 627 2426 V InputMethodManagerService: startInputOrWindowGainedFocusInternalLocked: reason=WINDOW_FOCUS_GAIN client=android.os.BinderProxy@ca320e6 inputContext=com.android.internal.view.IInputContext$Stub$Proxy@14454df missingMethods= attribute=android.view.inputmethod.EditorInfo@f6e452c startInputFlags=VIEW_HAS_FOCUS|IS_TEXT_EDITOR|INITIAL_CONNECTION softInputMode=STATE_HIDDEN|ADJUST_RESIZE|IS_FORWARD_NAVIGATION windowFlags=#81812100 unverifiedTargetSdkVersion=32
05-21 11:01:54.626 627 2426 V InputMethodManagerService: Window asks to hide input going forward
05-21 11:01:54.626 627 945 W NotificationService: Toast already killed. pkg=com.android.settings token=android.os.BinderProxy@c5c0d64
05-21 11:01:54.628 627 2426 D InputMethodManagerService: --- calledFromForegroundUserOrSystemProcess ? calling uid = 1000 system uid = 1000 calling userId = 0, foreground user id = 0, calling pid = 6551com.android.server.inputmethod.InputMethodManagerService.showSoftInput(InputMethodManagerService.java:3097)
05-21 11:01:54.628 627 2426 V InputMethodManagerService: Client requesting input be shown
05-21 11:01:54.628 627 2426 D InputMethodManagerService: hpc showCurrentInputLocked: flags =0, mCurAttribute com.android.settings129
05-21 11:01:54.628 627 2426 D InputMethodManagerService: hpc :mLastMethodId null, mCurToken=android.os.Binder@d3484a5, inputType com.android.settings129, mCurMethodId=cn.eben.secime/.SoftKeyboard
05-21 11:01:54.628 627 2426 D InputMethodManagerService: hpc showCurrentInputLocked: mCurToken=android.os.Binder@d3484a5, inputType com.android.settings129
05-21 11:01:54.628 627 2426 D InputMethodManagerService: hpc isPasswordInputType variation 129
05-21 11:01:54.628 627 2426 D InputMethodManagerService: hpc isAnyPasswordInputType inputType 129, : ispass true, visible pass false
05-21 11:01:54.628 627 2426 D InputMethodManagerService: hpc isPasswordInputType variation 129
05-21 11:01:54.628 627 2426 D InputMethodManagerService: hpc setInputMethodLocked id cn.eben.secime/.SoftKeyboard, subtypeId -1, mCurMethodId cn.eben.secime/.SoftKeyboard, info InputMethodInfo{cn.eben.secime/.SoftKeyboard, settings: ImePreferences.ImePreferences}
05-21 11:01:54.628 627 2426 V InputMethodManagerService: Calling com.android.internal.view.IInputMethod$Stub$Proxy@60ca193.showSoftInput(android.os.Binder@8108818, 1, null) for reason: SHOW_SOFT_INPUT
05-21 11:01:54.645 627 945 D InputMethodManagerService: --- calledFromForegroundUserOrSystemProcess ? calling uid = 10061 system uid = 1000 calling userId = 0, foreground user id = 0, calling pid = 967com.android.server.inputmethod.InputMethodManagerService.getCurrentInputMethodSubtype(InputMethodManagerService.java:4903)
05-21 11:01:54.646 627 945 D InputMethodManagerService: IME window vis: 3 active: 1 inv: 0 displayId: 0
05-21 11:01:54.651 627 2426 D InputMethodManagerService: IME window vis: 3 active: 1 inv: 0 displayId: 0
05-21 11:01:54.776 627 712 I input_interaction: Interaction with: f9239a6 com.android.settings/com.android.settings.password.ConfirmLockPassword (server), PointerEventDispatcher0 (server),
05-21 11:01:54.822 627 945 W WindowManager: Unable to find process with pid=6551 uid=1000
05-21 11:01:54.822 627 647 I wm_stop_activity: [0,208950326,com.android.settings/.SubSettings]
05-21 11:01:54.842 6551 6551 I wm_on_stop_called: [208950326,com.android.settings.SubSettings,STOP_ACTIVITY_ITEM]
05-21 11:01:55.003 1340 1340 W ContextImpl: Calling a method in the system process without a qualified user: android.app.ContextImpl.sendBroadcast:1181 android.content.ContextWrapper.sendBroadcast:479 cn.eben.newweather.DateWeatherService.a:19 cn.eben.newweather.DateWeatherService.a:0 cn.eben.newweather.DateWeatherService$1.handleMessage:7
05-21 11:01:55.201 627 712 I input_interaction: Interaction with: 3a37991 InputMethod (server), PointerEventDispatcher0 (server),
05-21 11:10:52.168 543 543 I : read descriptors
05-21 11:10:52.168 543 543 I : read strings
05-21 11:01:56.001 1340 1340 W ContextImpl: Calling a method in the system process without a qualified user: android.app.ContextImpl.sendBroadcast:1181 android.content.ContextWrapper.sendBroadcast:479 cn.eben.newweather.DateWeatherService.a:19 cn.eben.newweather.DateWeatherService.a:0 cn.eben.newweather.DateWeatherService$1.handleMessage:7
05-21 11:10:53.214 543 543 I : read descriptors
05-21 11:10:53.215 543 543 I : read strings
05-21 11:10:53.217 1 1 I init : processing action (sys.usb.config=adb && sys.usb.configfs=1 && sys.usb.ffs.ready=1) from (/system/etc/init/hw/init.usb.configfs.rc:20)
05-21 11:10:53.222 1 1 I init : Command 'symlink /config/usb_gadget/g1/functions/ffs.adb /config/usb_gadget/g1/configs/b.1/f1' action=sys.usb.config=adb && sys.usb.configfs=1 && sys.usb.ffs.ready=1 (/system/etc/init/hw/init.usb.configfs.rc:22) took 1ms and failed: symlink() failed: File exists
05-21 11:10:53.227 1 1 I init : Command 'write /config/usb_gadget/g1/UDC ${sys.usb.controller}' action=sys.usb.config=adb && sys.usb.configfs=1 && sys.usb.ffs.ready=1 (/system/etc/init/hw/init.usb.configfs.rc:23) took 4ms and failed: Unable to write to file '/config/usb_gadget/g1/UDC': Unable to write file contents: Device or resource busy
05-21 11:01:56.484 464 494 I RIL : ---> enter mainloop wait at port
05-21 11:01:56.484 464 494 D RIL-DEV : Get modem info
05-21 11:01:56.485 464 494 D RIL-DEV : [05-21_11:01:56:486] idVendor = 0bda
05-21 11:01:56.485 464 494 D RIL-DEV :
05-21 11:01:56.486 464 494 D RIL-DEV : [05-21_11:01:56:486] idVendor = 05e3
05-21 11:01:56.486 464 494 D RIL-DEV :
05-21 11:01:56.486 464 494 D RIL-DEV : [05-21_11:01:56:486] idVendor = 1d6b
05-21 11:01:56.486 464 494 D RIL-DEV :
05-21 11:01:56.486 464 494 D RIL-DEV : [05-21_11:01:56:487] idVendor = 1d6b
05-21 11:01:56.486 464 494 D RIL-DEV :
05-21 11:01:56.487 464 494 D RIL-DEV : [05-21_11:01:56:487] idVendor = 0bda
05-21 11:01:56.487 464 494 D RIL-DEV :
05-21 11:01:56.487 464 494 D RIL-DEV : [05-21_11:01:56:487] idVendor = 1d6b
05-21 11:01:56.487 464 494 D RIL-DEV :
05-21 11:01:56.487 464 494 D RIL-DEV : [05-21_11:01:56:488] idVendor = 2109
05-21 11:01:56.487 464 494 D RIL-DEV :
05-21 11:01:56.488 464 494 D RIL-DEV : [05-21_11:01:56:488] idVendor = 2109
05-21 11:01:56.488 464 494 D RIL-DEV :
05-21 11:01:56.488 464 494 D RIL-DEV : [05-21_11:01:56:488] idVendor = 1d6b
05-21 11:01:56.488 464 494 D RIL-DEV :
05-21 11:01:56.488 464 494 D RIL-DEV : [05-21_11:01:56:489] idVendor = 0bda
05-21 11:01:56.488 464 494 D RIL-DEV :
05-21 11:01:56.489 464 494 D RIL-DEV : [05-21_11:01:56:489] idVendor = 2109
05-21 11:01:56.489 464 494 D RIL-DEV :
05-21 11:01:56.489 464 494 E RIL-DEV : Cannot find Meig devices
05-21 11:01:56.489 464 494 I RIL : ---> can't find meig usb devices
05-21 11:01:56.776 627 627 W WindowManager: removeWindowToken: Attempted to remove non-existing token: android.os.Binder@a40ddea
05-21 11:01:56.986 627 627 W WindowManager: removeWindowToken: Attempted to remove non-existing token: android.os.Binder@956968d
05-21 11:01:56.987 627 945 W NotificationService: Toast already killed. pkg=com.android.settings token=android.os.BinderProxy@f66ff4
