05-21 10:58:41.990 464 494 D RIL-DEV : [05-21_10:58:41:990] idVendor = 0bda
05-21 10:58:41.990 464 494 D RIL-DEV :
05-21 10:58:41.990 464 494 D RIL-DEV : [05-21_10:58:41:991] idVendor = 05e3
05-21 10:58:41.990 464 494 D RIL-DEV :
05-21 10:58:41.991 464 494 D RIL-DEV : [05-21_10:58:41:991] idVendor = 1d6b
05-21 10:58:41.991 464 494 D RIL-DEV :
05-21 10:58:41.991 464 494 D RIL-DEV : [05-21_10:58:41:992] idVendor = 1d6b
05-21 10:58:41.991 464 494 D RIL-DEV :
05-21 10:58:41.991 464 494 D RIL-DEV : [05-21_10:58:41:992] idVendor = 0bda
05-21 10:58:41.991 464 494 D RIL-DEV :
05-21 10:58:41.992 464 494 D RIL-DEV : [05-21_10:58:41:992] idVendor = 1d6b
05-21 10:58:41.992 464 494 D RIL-DEV :
05-21 10:58:41.992 464 494 D RIL-DEV : [05-21_10:58:41:993] idVendor = 2109
05-21 10:58:41.992 464 494 D RIL-DEV :
05-21 10:58:41.993 464 494 D RIL-DEV : [05-21_10:58:41:993] idVendor = 2109
05-21 10:58:41.993 464 494 D RIL-DEV :
05-21 10:58:41.993 464 494 D RIL-DEV : [05-21_10:58:41:993] idVendor = 1d6b
05-21 10:58:41.993 464 494 D RIL-DEV :
05-21 10:58:41.993 464 494 D RIL-DEV : [05-21_10:58:41:994] idVendor = 0bda
05-21 10:58:41.993 464 494 D RIL-DEV :
05-21 10:58:41.994 464 494 D RIL-DEV : [05-21_10:58:41:994] idVendor = 2109
05-21 10:58:41.994 464 494 D RIL-DEV :
05-21 10:58:41.994 464 494 E RIL-DEV : Cannot find Meig devices
05-21 10:58:41.995 464 494 I RIL : ---> can't find meig usb devices
05-21 10:58:42.002 1340 1340 W ContextImpl: Calling a method in the system process without a qualified user: android.app.ContextImpl.sendBroadcast:1181 android.content.ContextWrapper.sendBroadcast:479 cn.eben.newweather.DateWeatherService.a:19 cn.eben.newweather.DateWeatherService.a:0 cn.eben.newweather.DateWeatherService$1.handleMessage:7
05-21 11:07:39.708 543 543 I : read descriptors
05-21 11:07:39.708 543 543 I : read strings
05-21 11:07:39.710 1 1 I init : processing action (sys.usb.config=adb && sys.usb.configfs=1 && sys.usb.ffs.ready=1) from (/system/etc/init/hw/init.usb.configfs.rc:20)
05-21 11:07:39.712 1 1 I init : Command 'symlink /config/usb_gadget/g1/functions/ffs.adb /config/usb_gadget/g1/configs/b.1/f1' action=sys.usb.config=adb && sys.usb.configfs=1 && sys.usb.ffs.ready=1 (/system/etc/init/hw/init.usb.configfs.rc:22) took 0ms and failed: symlink() failed: File exists
05-21 11:07:39.713 1 1 I init : Command 'write /config/usb_gadget/g1/UDC ${sys.usb.controller}' action=sys.usb.config=adb && sys.usb.configfs=1 && sys.usb.ffs.ready=1 (/system/etc/init/hw/init.usb.configfs.rc:23) took 0ms and failed: Unable to write to file '/config/usb_gadget/g1/UDC': Unable to write file contents: Device or resource busy
05-21 10:58:43.002 1340 1340 W ContextImpl: Calling a method in the system process without a qualified user: android.app.ContextImpl.sendBroadcast:1181 android.content.ContextWrapper.sendBroadcast:479 cn.eben.newweather.DateWeatherService.a:19 cn.eben.newweather.DateWeatherService.a:0 cn.eben.newweather.DateWeatherService$1.handleMessage:7
05-21 10:58:43.928 627 945 W ContentProviderHelper: Permission Denial: opening provider com.android.providers.contacts.ContactsProvider2 from ProcessRecord{1933406 1690:cn.eben.sync/u0a44} (pid=1690, uid=10044) requires android.permission.READ_CONTACTS or android.permission.WRITE_CONTACTS
05-21 11:07:40.765 543 543 I : read descriptors
05-21 11:07:40.765 543 543 I : read strings
05-21 11:07:40.767 1 1 I init : processing action (sys.usb.config=adb && sys.usb.configfs=1 && sys.usb.ffs.ready=1) from (/system/etc/init/hw/init.usb.configfs.rc:20)
05-21 11:07:40.770 1 1 I init : Command 'symlink /config/usb_gadget/g1/functions/ffs.adb /config/usb_gadget/g1/configs/b.1/f1' action=sys.usb.config=adb && sys.usb.configfs=1 && sys.usb.ffs.ready=1 (/system/etc/init/hw/init.usb.configfs.rc:22) took 0ms and failed: symlink() failed: File exists
05-21 11:07:40.771 1 1 I init : Command 'write /config/usb_gadget/g1/UDC ${sys.usb.controller}' action=sys.usb.config=adb && sys.usb.configfs=1 && sys.usb.ffs.ready=1 (/system/etc/init/hw/init.usb.configfs.rc:23) took 1ms and failed: Unable to write to file '/config/usb_gadget/g1/UDC': Unable to write file contents: Device or resource busy
05-21 10:58:43.995 464 494 I RIL : ---> enter mainloop wait at port
05-21 10:58:43.995 464 494 D RIL-DEV : Get modem info
05-21 10:58:43.996 464 494 D RIL-DEV : [05-21_10:58:43:996] idVendor = 0bda
05-21 10:58:43.996 464 494 D RIL-DEV :
05-21 10:58:43.996 464 494 D RIL-DEV : [05-21_10:58:43:996] idVendor = 05e3
05-21 10:58:43.996 464 494 D RIL-DEV :
05-21 10:58:43.996 464 494 D RIL-DEV : [05-21_10:58:43:997] idVendor = 1d6b
05-21 10:58:43.996 464 494 D RIL-DEV :
05-21 10:58:43.996 464 494 D RIL-DEV : [05-21_10:58:43:997] idVendor = 1d6b
05-21 10:58:43.996 464 494 D RIL-DEV :
05-21 10:58:43.996 464 494 D RIL-DEV : [05-21_10:58:43:997] idVendor = 0bda
05-21 10:58:43.996 464 494 D RIL-DEV :
05-21 10:58:43.997 464 494 D RIL-DEV : [05-21_10:58:43:997] idVendor = 1d6b
05-21 10:58:43.997 464 494 D RIL-DEV :
05-21 10:58:43.997 464 494 D RIL-DEV : [05-21_10:58:43:997] idVendor = 2109
05-21 10:58:43.997 464 494 D RIL-DEV :
05-21 10:58:43.998 464 494 D RIL-DEV : [05-21_10:58:43:998] idVendor = 2109
05-21 10:58:43.998 464 494 D RIL-DEV :
05-21 10:58:43.998 464 494 D RIL-DEV : [05-21_10:58:43:998] idVendor = 1d6b
05-21 10:58:43.998 464 494 D RIL-DEV :
05-21 10:58:43.998 464 494 D RIL-DEV : [05-21_10:58:43:998] idVendor = 0bda
05-21 10:58:43.998 464 494 D RIL-DEV :
05-21 10:58:43.998 464 494 D RIL-DEV : [05-21_10:58:43:999] idVendor = 2109
05-21 10:58:43.998 464 494 D RIL-DEV :
05-21 10:58:43.998 464 494 E RIL-DEV : Cannot find Meig devices
05-21 10:58:43.999 464 494 I RIL : ---> can't find meig usb devices
05-21 10:58:44.001 1340 1340 W ContextImpl: Calling a method in the system process without a qualified user: android.app.ContextImpl.sendBroadcast:1181 android.content.ContextWrapper.sendBroadcast:479 cn.eben.newweather.DateWeatherService.a:19 cn.eben.newweather.DateWeatherService.a:0 cn.eben.newweather.DateWeatherService$1.handleMessage:7
05-21 11:07:41.808 543 543 I : read descriptors
05-21 11:07:41.808 543 543 I : read strings
05-21 11:07:41.810 1 1 I init : processing action (sys.usb.config=adb && sys.usb.configfs=1 && sys.usb.ffs.ready=1) from (/system/etc/init/hw/init.usb.configfs.rc:20)
05-21 10:58:45.001 1340 1340 W ContextImpl: Calling a method in the system process without a qualified user: android.app.ContextImpl.sendBroadcast:1181 android.content.ContextWrapper.sendBroadcast:479 cn.eben.newweather.DateWeatherService.a:19 cn.eben.newweather.DateWeatherService.a:0 cn.eben.newweather.DateWeatherService$1.handleMessage:7
05-21 10:58:45.999 464 494 I RIL : ---> enter mainloop wait at port
05-21 10:58:45.999 464 494 D RIL-DEV : Get modem info
05-21 10:58:46.000 464 494 D RIL-DEV : [05-21_10:58:46:000] idVendor = 0bda
05-21 10:58:46.000 464 494 D RIL-DEV :
05-21 10:58:46.000 464 494 D RIL-DEV : [05-21_10:58:46:001] idVendor = 05e3
05-21 10:58:46.000 464 494 D RIL-DEV :
05-21 10:58:46.001 464 494 D RIL-DEV : [05-21_10:58:46:001] idVendor = 1d6b
05-21 10:58:46.001 464 494 D RIL-DEV :
05-21 10:58:46.001 464 494 D RIL-DEV : [05-21_10:58:46:001] idVendor = 1d6b
05-21 10:58:46.001 464 494 D RIL-DEV :
05-21 10:58:46.001 464 494 D RIL-DEV : [05-21_10:58:46:002] idVendor = 0bda
05-21 10:58:46.001 464 494 D RIL-DEV :
05-21 10:58:46.002 1340 1340 W ContextImpl: Calling a method in the system process without a qualified user: android.app.ContextImpl.sendBroadcast:1181 android.content.ContextWrapper.sendBroadcast:479 cn.eben.newweather.DateWeatherService.a:19 cn.eben.newweather.DateWeatherService.a:0 cn.eben.newweather.DateWeatherService$1.handleMessage:7
05-21 10:58:46.002 464 494 D RIL-DEV : [05-21_10:58:46:002] idVendor = 1d6b
05-21 10:58:46.002 464 494 D RIL-DEV :
05-21 10:58:46.002 464 494 D RIL-DEV : [05-21_10:58:46:002] idVendor = 2109
05-21 10:58:46.002 464 494 D RIL-DEV :
05-21 10:58:46.002 464 494 D RIL-DEV : [05-21_10:58:46:003] idVendor = 2109
05-21 10:58:46.002 464 494 D RIL-DEV :
05-21 10:58:46.003 464 494 D RIL-DEV : [05-21_10:58:46:003] idVendor = 1d6b
05-21 10:58:46.003 464 494 D RIL-DEV :
05-21 10:58:46.003 464 494 D RIL-DEV : [05-21_10:58:46:003] idVendor = 0bda
05-21 10:58:46.003 464 494 D RIL-DEV :
05-21 10:58:46.003 464 494 D RIL-DEV : [05-21_10:58:46:004] idVendor = 2109
05-21 10:58:46.003 464 494 D RIL-DEV :
05-21 10:58:46.004 464 494 E RIL-DEV : Cannot find Meig devices
05-21 10:58:46.004 464 494 I RIL : ---> can't find meig usb devices
05-21 11:07:42.858 543 543 I : read descriptors
05-21 11:07:42.858 543 543 I : read strings
05-21 10:58:47.002 1340 1340 W ContextImpl: Calling a method in the system process without a qualified user: android.app.ContextImpl.sendBroadcast:1181 android.content.ContextWrapper.sendBroadcast:479 cn.eben.newweather.DateWeatherService.a:19 cn.eben.newweather.DateWeatherService.a:0 cn.eben.newweather.DateWeatherService$1.handleMessage:7
05-21 11:07:43.914 543 543 I : read descriptors
05-21 11:07:43.915 543 543 I : read strings
05-21 11:07:43.918 1 1 I init : processing action (sys.usb.config=adb && sys.usb.configfs=1 && sys.usb.ffs.ready=1) from (/system/etc/init/hw/init.usb.configfs.rc:20)
05-21 11:07:43.919 1 1 I init : Command 'symlink /config/usb_gadget/g1/functions/ffs.adb /config/usb_gadget/g1/configs/b.1/f1' action=sys.usb.config=adb && sys.usb.configfs=1 && sys.usb.ffs.ready=1 (/system/etc/init/hw/init.usb.configfs.rc:22) took 0ms and failed: symlink() failed: File exists
05-21 11:07:43.920 1 1 I init : Command 'write /config/usb_gadget/g1/UDC ${sys.usb.controller}' action=sys.usb.config=adb && sys.usb.configfs=1 && sys.usb.ffs.ready=1 (/system/etc/init/hw/init.usb.configfs.rc:23) took 0ms and failed: Unable to write to file '/config/usb_gadget/g1/UDC': Unable to write file contents: Device or resource busy
05-21 10:58:48.002 1340 1340 W ContextImpl: Calling a method in the system process without a qualified user: android.app.ContextImpl.sendBroadcast:1181 android.content.ContextWrapper.sendBroadcast:479 cn.eben.newweather.DateWeatherService.a:19 cn.eben.newweather.DateWeatherService.a:0 cn.eben.newweather.DateWeatherService$1.handleMessage:7
05-21 10:58:48.004 464 494 I RIL : ---> enter mainloop wait at port
05-21 10:58:48.004 464 494 D RIL-DEV : Get modem info
05-21 10:58:48.005 464 494 D RIL-DEV : [05-21_10:58:48:005] idVendor = 0bda
05-21 10:58:48.005 464 494 D RIL-DEV :
05-21 10:58:48.005 464 494 D RIL-DEV : [05-21_10:58:48:006] idVendor = 05e3
05-21 10:58:48.005 464 494 D RIL-DEV :
05-21 10:58:48.006 464 494 D RIL-DEV : [05-21_10:58:48:006] idVendor = 1d6b
05-21 10:58:48.006 464 494 D RIL-DEV :
05-21 10:58:48.006 464 494 D RIL-DEV : [05-21_10:58:48:006] idVendor = 1d6b
05-21 10:58:48.006 464 494 D RIL-DEV :
05-21 10:58:48.006 464 494 D RIL-DEV : [05-21_10:58:48:007] idVendor = 0bda
05-21 10:58:48.006 464 494 D RIL-DEV :
05-21 10:58:48.007 464 494 D RIL-DEV : [05-21_10:58:48:007] idVendor = 1d6b
05-21 10:58:48.007 464 494 D RIL-DEV :
05-21 10:58:48.007 464 494 D RIL-DEV : [05-21_10:58:48:007] idVendor = 2109
05-21 10:58:48.007 464 494 D RIL-DEV :
05-21 10:58:48.008 464 494 D RIL-DEV : [05-21_10:58:48:008] idVendor = 2109
05-21 10:58:48.008 464 494 D RIL-DEV :
05-21 10:58:48.008 464 494 D RIL-DEV : [05-21_10:58:48:008] idVendor = 1d6b
05-21 10:58:48.008 464 494 D RIL-DEV :
05-21 10:58:48.008 464 494 D RIL-DEV : [05-21_10:58:48:009] idVendor = 0bda
05-21 10:58:48.008 464 494 D RIL-DEV :
05-21 10:58:48.008 464 494 D RIL-DEV : [05-21_10:58:48:009] idVendor = 2109
05-21 10:58:48.008 464 494 D RIL-DEV :
05-21 10:58:48.009 464 494 E RIL-DEV : Cannot find Meig devices
05-21 10:58:48.009 464 494 I RIL : ---> can't find meig usb devices
05-21 11:07:44.961 543 543 I : read descriptors
05-21 11:07:44.961 543 543 I : read strings
05-21 11:07:44.963 1 1 I init : processing action (sys.usb.config=adb && sys.usb.configfs=1 && sys.usb.ffs.ready=1) from (/system/etc/init/hw/init.usb.configfs.rc:20)
05-21 11:07:44.966 1 1 I init : Command 'symlink /config/usb_gadget/g1/functions/ffs.adb /config/usb_gadget/g1/configs/b.1/f1' action=sys.usb.config=adb && sys.usb.configfs=1 && sys.usb.ffs.ready=1 (/system/etc/init/hw/init.usb.configfs.rc:22) took 0ms and failed: symlink() failed: File exists
05-21 11:07:44.969 1 1 I init : Command 'write /config/usb_gadget/g1/UDC ${sys.usb.controller}' action=sys.usb.config=adb && sys.usb.configfs=1 && sys.usb.ffs.ready=1 (/system/etc/init/hw/init.usb.configfs.rc:23) took 2ms and failed: Unable to write to file '/config/usb_gadget/g1/UDC': Unable to write file contents: Device or resource busy
05-21 10:58:48.935 627 945 W ContentProviderHelper: Permission Denial: opening provider com.android.providers.contacts.ContactsProvider2 from ProcessRecord{1933406 1690:cn.eben.sync/u0a44} (pid=1690, uid=10044) requires android.permission.READ_CONTACTS or android.permission.WRITE_CONTACTS
05-21 10:58:49.002 1340 1340 W ContextImpl: Calling a method in the system process without a qualified user: android.app.ContextImpl.sendBroadcast:1181 android.content.ContextWrapper.sendBroadcast:479 cn.eben.newweather.DateWeatherService.a:19 cn.eben.newweather.DateWeatherService.a:0 cn.eben.newweather.DateWeatherService$1.handleMessage:7
05-21 11:07:46.011 543 543 I : read descriptors
05-21 11:07:46.011 543 543 I : read strings
05-21 11:07:46.013 1 1 I init : processing action (sys.usb.config=adb && sys.usb.configfs=1 && sys.usb.ffs.ready=1) from (/system/etc/init/hw/init.usb.configfs.rc:20)
05-21 11:07:46.016 1 1 I init : Command 'symlink /config/usb_gadget/g1/functions/ffs.adb /config/usb_gadget/g1/configs/b.1/f1' action=sys.usb.config=adb && sys.usb.configfs=1 && sys.usb.ffs.ready=1 (/system/etc/init/hw/init.usb.configfs.rc:22) took 0ms and failed: symlink() failed: File exists
05-21 11:07:46.019 1 1 I init : Command 'write /config/usb_gadget/g1/UDC ${sys.usb.controller}' action=sys.usb.config=adb && sys.usb.configfs=1 && sys.usb.ffs.ready=1 (/system/etc/init/hw/init.usb.configfs.rc:23) took 2ms and failed: Unable to write to file '/config/usb_gadget/g1/UDC': Unable to write file contents: Device or resource busy
05-21 10:58:50.002 1340 1340 W ContextImpl: Calling a method in the system process without a qualified user: android.app.ContextImpl.sendBroadcast:1181 android.content.ContextWrapper.sendBroadcast:479 cn.eben.newweather.DateWeatherService.a:19 cn.eben.newweather.DateWeatherService.a:0 cn.eben.newweather.DateWeatherService$1.handleMessage:7
05-21 10:58:50.009 464 494 I RIL : ---> enter mainloop wait at port
05-21 10:58:50.009 464 494 D RIL-DEV : Get modem info
05-21 10:58:50.010 464 494 D RIL-DEV : [05-21_10:58:50:011] idVendor = 0bda
05-21 10:58:50.010 464 494 D RIL-DEV :
05-21 10:58:50.010 464 494 D RIL-DEV : [05-21_10:58:50:011] idVendor = 05e3
05-21 10:58:50.010 464 494 D RIL-DEV :
05-21 10:58:50.011 464 494 D RIL-DEV : [05-21_10:58:50:011] idVendor = 1d6b
05-21 10:58:50.011 464 494 D RIL-DEV :
05-21 10:58:50.011 464 494 D RIL-DEV : [05-21_10:58:50:012] idVendor = 1d6b
05-21 10:58:50.011 464 494 D RIL-DEV :
05-21 10:58:50.012 464 494 D RIL-DEV : [05-21_10:58:50:012] idVendor = 0bda
05-21 10:58:50.012 464 494 D RIL-DEV :
05-21 10:58:50.012 464 494 D RIL-DEV : [05-21_10:58:50:012] idVendor = 1d6b
05-21 10:58:50.012 464 494 D RIL-DEV :
05-21 10:58:50.012 464 494 D RIL-DEV : [05-21_10:58:50:013] idVendor = 2109
05-21 10:58:50.012 464 494 D RIL-DEV :
05-21 10:58:50.013 464 494 D RIL-DEV : [05-21_10:58:50:013] idVendor = 2109
05-21 10:58:50.013 464 494 D RIL-DEV :
05-21 10:58:50.013 464 494 D RIL-DEV : [05-21_10:58:50:013] idVendor = 1d6b
05-21 10:58:50.013 464 494 D RIL-DEV :
05-21 10:58:50.013 464 494 D RIL-DEV : [05-21_10:58:50:014] idVendor = 0bda
05-21 10:58:50.013 464 494 D RIL-DEV :
05-21 10:58:50.014 464 494 D RIL-DEV : [05-21_10:58:50:014] idVendor = 2109
05-21 10:58:50.014 464 494 D RIL-DEV :
05-21 10:58:50.014 464 494 E RIL-DEV : Cannot find Meig devices
05-21 10:58:50.014 464 494 I RIL : ---> can't find meig usb devices
05-21 11:07:47.071 543 543 I : read descriptors
05-21 11:07:47.071 543 543 I : read strings
05-21 11:07:47.073 1 1 I init : processing action (sys.usb.config=adb && sys.usb.configfs=1 && sys.usb.ffs.ready=1) from (/system/etc/init/hw/init.usb.configfs.rc:20)
05-21 10:58:51.002 1340 1340 W ContextImpl: Calling a method in the system process without a qualified user: android.app.ContextImpl.sendBroadcast:1181 android.content.ContextWrapper.sendBroadcast:479 cn.eben.newweather.DateWeatherService.a:19 cn.eben.newweather.DateWeatherService.a:0 cn.eben.newweather.DateWeatherService$1.handleMessage:7
05-21 11:07:48.111 543 543 I : read descriptors
05-21 11:07:48.111 543 543 I : read strings
05-21 10:58:52.002 1340 1340 W ContextImpl: Calling a method in the system process without a qualified user: android.app.ContextImpl.sendBroadcast:1181 android.content.ContextWrapper.sendBroadcast:479 cn.eben.newweather.DateWeatherService.a:19 cn.eben.newweather.DateWeatherService.a:0 cn.eben.newweather.DateWeatherService$1.handleMessage:7
05-21 10:58:52.015 464 494 I RIL : ---> enter mainloop wait at port
05-21 10:58:52.015 464 494 D RIL-DEV : Get modem info
05-21 10:58:52.015 464 494 D RIL-DEV : [05-21_10:58:52:016] idVendor = 0bda
05-21 10:58:52.015 464 494 D RIL-DEV :
05-21 10:58:52.016 464 494 D RIL-DEV : [05-21_10:58:52:016] idVendor = 05e3
05-21 10:58:52.016 464 494 D RIL-DEV :
05-21 10:58:52.016 464 494 D RIL-DEV : [05-21_10:58:52:017] idVendor = 1d6b
05-21 10:58:52.016 464 494 D RIL-DEV :
05-21 10:58:52.016 464 494 D RIL-DEV : [05-21_10:58:52:017] idVendor = 1d6b
05-21 10:58:52.016 464 494 D RIL-DEV :
05-21 10:58:52.017 464 494 D RIL-DEV : [05-21_10:58:52:017] idVendor = 0bda
05-21 10:58:52.017 464 494 D RIL-DEV :
05-21 10:58:52.017 464 494 D RIL-DEV : [05-21_10:58:52:018] idVendor = 1d6b
05-21 10:58:52.017 464 494 D RIL-DEV :
05-21 10:58:52.018 464 494 D RIL-DEV : [05-21_10:58:52:018] idVendor = 2109
05-21 10:58:52.018 464 494 D RIL-DEV :
05-21 10:58:52.018 464 494 D RIL-DEV : [05-21_10:58:52:019] idVendor = 2109
05-21 10:58:52.018 464 494 D RIL-DEV :
05-21 10:58:52.019 464 494 D RIL-DEV : [05-21_10:58:52:019] idVendor = 1d6b
05-21 10:58:52.019 464 494 D RIL-DEV :
05-21 10:58:52.019 464 494 D RIL-DEV : [05-21_10:58:52:019] idVendor = 0bda
05-21 10:58:52.019 464 494 D RIL-DEV :
05-21 10:58:52.019 464 494 D RIL-DEV : [05-21_10:58:52:020] idVendor = 2109
05-21 10:58:52.019 464 494 D RIL-DEV :
05-21 10:58:52.020 464 494 E RIL-DEV : Cannot find Meig devices
05-21 10:58:52.020 464 494 I RIL : ---> can't find meig usb devices
05-21 11:07:49.151 543 543 I : read descriptors
05-21 11:07:49.151 543 543 I : read strings
05-21 11:07:49.154 1 1 I init : processing action (sys.usb.config=adb && sys.usb.configfs=1 && sys.usb.ffs.ready=1) from (/system/etc/init/hw/init.usb.configfs.rc:20)
05-21 11:07:49.156 1 1 I init : Command 'symlink /config/usb_gadget/g1/functions/ffs.adb /config/usb_gadget/g1/configs/b.1/f1' action=sys.usb.config=adb && sys.usb.configfs=1 && sys.usb.ffs.ready=1 (/system/etc/init/hw/init.usb.configfs.rc:22) took 0ms and failed: symlink() failed: File exists
05-21 11:07:49.156 1 1 I init : Command 'write /config/usb_gadget/g1/UDC ${sys.usb.controller}' action=sys.usb.config=adb && sys.usb.configfs=1 && sys.usb.ffs.ready=1 (/system/etc/init/hw/init.usb.configfs.rc:23) took 0ms and failed: Unable to write to file '/config/usb_gadget/g1/UDC': Unable to write file contents: Device or resource busy
05-21 10:58:53.002 1340 1340 W ContextImpl: Calling a method in the system process without a qualified user: android.app.ContextImpl.sendBroadcast:1181 android.content.ContextWrapper.sendBroadcast:479 cn.eben.newweather.DateWeatherService.a:19 cn.eben.newweather.DateWeatherService.a:0 cn.eben.newweather.DateWeatherService$1.handleMessage:7
05-21 11:07:50.188 543 543 I : read descriptors
05-21 11:07:50.188 543 543 I : read strings
05-21 11:07:50.191 1 1 I init : processing action (sys.usb.config=adb && sys.usb.configfs=1 && sys.usb.ffs.ready=1) from (/system/etc/init/hw/init.usb.configfs.rc:20)
05-21 11:07:50.193 1 1 I init : Command 'symlink /config/usb_gadget/g1/functions/ffs.adb /config/usb_gadget/g1/configs/b.1/f1' action=sys.usb.config=adb && sys.usb.configfs=1 && sys.usb.ffs.ready=1 (/system/etc/init/hw/init.usb.configfs.rc:22) took 0ms and failed: symlink() failed: File exists
05-21 11:07:50.194 1 1 I init : Command 'write /config/usb_gadget/g1/UDC ${sys.usb.controller}' action=sys.usb.config=adb && sys.usb.configfs=1 && sys.usb.ffs.ready=1 (/system/etc/init/hw/init.usb.configfs.rc:23) took 0ms and failed: Unable to write to file '/config/usb_gadget/g1/UDC': Unable to write file contents: Device or resource busy
05-21 10:58:53.940 627 945 W ContentProviderHelper: Permission Denial: opening provider com.android.providers.contacts.ContactsProvider2 from ProcessRecord{1933406 1690:cn.eben.sync/u0a44} (pid=1690, uid=10044) requires android.permission.READ_CONTACTS or android.permission.WRITE_CONTACTS
05-21 10:58:54.002 1340 1340 W ContextImpl: Calling a method in the system process without a qualified user: android.app.ContextImpl.sendBroadcast:1181 android.content.ContextWrapper.sendBroadcast:479 cn.eben.newweather.DateWeatherService.a:19 cn.eben.newweather.DateWeatherService.a:0 cn.eben.newweather.DateWeatherService$1.handleMessage:7
05-21 10:58:54.020 464 494 I RIL : ---> enter mainloop wait at port
05-21 10:58:54.020 464 494 D RIL-DEV : Get modem info
05-21 10:58:54.021 464 494 D RIL-DEV : [05-21_10:58:54:021] idVendor = 0bda
05-21 10:58:54.021 464 494 D RIL-DEV :
05-21 10:58:54.021 464 494 D RIL-DEV : [05-21_10:58:54:022] idVendor = 05e3
05-21 10:58:54.021 464 494 D RIL-DEV :
05-21 10:58:54.022 464 494 D RIL-DEV : [05-21_10:58:54:022] idVendor = 1d6b
05-21 10:58:54.022 464 494 D RIL-DEV :
05-21 10:58:54.022 464 494 D RIL-DEV : [05-21_10:58:54:022] idVendor = 1d6b
05-21 10:58:54.022 464 494 D RIL-DEV :
05-21 10:58:54.022 464 494 D RIL-DEV : [05-21_10:58:54:023] idVendor = 0bda
05-21 10:58:54.022 464 494 D RIL-DEV :
05-21 10:58:54.023 464 494 D RIL-DEV : [05-21_10:58:54:023] idVendor = 1d6b
05-21 10:58:54.023 464 494 D RIL-DEV :
05-21 10:58:54.023 464 494 D RIL-DEV : [05-21_10:58:54:023] idVendor = 2109
05-21 10:58:54.023 464 494 D RIL-DEV :
05-21 10:58:54.023 464 494 D RIL-DEV : [05-21_10:58:54:024] idVendor = 2109
05-21 10:58:54.023 464 494 D RIL-DEV :
05-21 10:58:54.024 464 494 D RIL-DEV : [05-21_10:58:54:024] idVendor = 1d6b
05-21 10:58:54.024 464 494 D RIL-DEV :
05-21 10:58:54.028 464 494 D RIL-DEV : [05-21_10:58:54:028] idVendor = 0bda
05-21 10:58:54.028 464 494 D RIL-DEV :
05-21 10:58:54.028 464 494 D RIL-DEV : [05-21_10:58:54:028] idVendor = 2109
05-21 10:58:54.028 464 494 D RIL-DEV :
05-21 10:58:54.028 464 494 E RIL-DEV : Cannot find Meig devices
05-21 10:58:54.028 464 494 I RIL : ---> can't find meig usb devices
05-21 11:07:51.251 543 543 I : read descriptors
05-21 11:07:51.251 543 543 I : read strings
05-21 11:07:51.254 1 1 I init : processing action (sys.usb.config=adb && sys.usb.configfs=1 && sys.usb.ffs.ready=1) from (/system/etc/init/hw/init.usb.configfs.rc:20)
05-21 11:07:51.256 1 1 I init : Command 'symlink /config/usb_gadget/g1/functions/ffs.adb /config/usb_gadget/g1/configs/b.1/f1' action=sys.usb.config=adb && sys.usb.configfs=1 && sys.usb.ffs.ready=1 (/system/etc/init/hw/init.usb.configfs.rc:22) took 0ms and failed: symlink() failed: File exists
05-21 11:07:51.256 1 1 I init : Command 'write /config/usb_gadget/g1/UDC ${sys.usb.controller}' action=sys.usb.config=adb && sys.usb.configfs=1 && sys.usb.ffs.ready=1 (/system/etc/init/hw/init.usb.configfs.rc:23) took 0ms and failed: Unable to write to file '/config/usb_gadget/g1/UDC': Unable to write file contents: Device or resource busy
05-21 10:58:55.002 1340 1340 W ContextImpl: Calling a method in the system process without a qualified user: android.app.ContextImpl.sendBroadcast:1181 android.content.ContextWrapper.sendBroadcast:479 cn.eben.newweather.DateWeatherService.a:19 cn.eben.newweather.DateWeatherService.a:0 cn.eben.newweather.DateWeatherService$1.handleMessage:7
05-21 11:07:52.291 543 543 I : read descriptors
05-21 11:07:52.291 543 543 I : read strings
05-21 11:07:52.294 1 1 I init : processing action (sys.usb.config=adb && sys.usb.configfs=1 && sys.usb.ffs.ready=1) from (/system/etc/init/hw/init.usb.configfs.rc:20)
05-21 10:58:56.002 1340 1340 W ContextImpl: Calling a method in the system process without a qualified user: android.app.ContextImpl.sendBroadcast:1181 android.content.ContextWrapper.sendBroadcast:479 cn.eben.newweather.DateWeatherService.a:19 cn.eben.newweather.DateWeatherService.a:0 cn.eben.newweather.DateWeatherService$1.handleMessage:7
05-21 10:58:56.029 464 494 I RIL : ---> enter mainloop wait at port
05-21 10:58:56.029 464 494 D RIL-DEV : Get modem info
05-21 10:58:56.030 464 494 D RIL-DEV : [05-21_10:58:56:030] idVendor = 0bda
05-21 10:58:56.030 464 494 D RIL-DEV :
05-21 10:58:56.030 464 494 D RIL-DEV : [05-21_10:58:56:031] idVendor = 05e3
05-21 10:58:56.030 464 494 D RIL-DEV :
05-21 10:58:56.030 464 494 D RIL-DEV : [05-21_10:58:56:031] idVendor = 1d6b
05-21 10:58:56.030 464 494 D RIL-DEV :
05-21 10:58:56.031 464 494 D RIL-DEV : [05-21_10:58:56:031] idVendor = 1d6b
05-21 10:58:56.031 464 494 D RIL-DEV :
05-21 10:58:56.031 464 494 D RIL-DEV : [05-21_10:58:56:032] idVendor = 0bda
05-21 10:58:56.031 464 494 D RIL-DEV :
05-21 10:58:56.032 464 494 D RIL-DEV : [05-21_10:58:56:032] idVendor = 1d6b
05-21 10:58:56.032 464 494 D RIL-DEV :
05-21 10:58:56.032 464 494 D RIL-DEV : [05-21_10:58:56:032] idVendor = 2109
05-21 10:58:56.032 464 494 D RIL-DEV :
05-21 10:58:56.032 464 494 D RIL-DEV : [05-21_10:58:56:033] idVendor = 2109
05-21 10:58:56.032 464 494 D RIL-DEV :
05-21 10:58:56.032 464 494 D RIL-DEV : [05-21_10:58:56:033] idVendor = 1d6b
05-21 10:58:56.032 464 494 D RIL-DEV :
05-21 10:58:56.033 464 494 D RIL-DEV : [05-21_10:58:56:033] idVendor = 0bda
05-21 10:58:56.033 464 494 D RIL-DEV :
05-21 10:58:56.033 464 494 D RIL-DEV : [05-21_10:58:56:034] idVendor = 2109
05-21 10:58:56.033 464 494 D RIL-DEV :
05-21 10:58:56.033 464 494 E RIL-DEV : Cannot find Meig devices
05-21 10:58:56.034 464 494 I RIL : ---> can't find meig usb devices
05-21 11:07:53.328 543 543 I : read descriptors
05-21 11:07:53.328 543 543 I : read strings
05-21 10:58:57.002 1340 1340 W ContextImpl: Calling a method in the system process without a qualified user: android.app.ContextImpl.sendBroadcast:1181 android.content.ContextWrapper.sendBroadcast:479 cn.eben.newweather.DateWeatherService.a:19 cn.eben.newweather.DateWeatherService.a:0 cn.eben.newweather.DateWeatherService$1.handleMessage:7
05-21 11:07:54.378 543 543 I : read descriptors
05-21 11:07:54.378 543 543 I : read strings
05-21 11:07:54.381 1 1 I init : processing action (sys.usb.config=adb && sys.usb.configfs=1 && sys.usb.ffs.ready=1) from (/system/etc/init/hw/init.usb.configfs.rc:20)
05-21 11:07:54.383 1 1 I init : Command 'symlink /config/usb_gadget/g1/functions/ffs.adb /config/usb_gadget/g1/configs/b.1/f1' action=sys.usb.config=adb && sys.usb.configfs=1 && sys.usb.ffs.ready=1 (/system/etc/init/hw/init.usb.configfs.rc:22) took 0ms and failed: symlink() failed: File exists
05-21 11:07:54.384 1 1 I init : Command 'write /config/usb_gadget/g1/UDC ${sys.usb.controller}' action=sys.usb.config=adb && sys.usb.configfs=1 && sys.usb.ffs.ready=1 (/system/etc/init/hw/init.usb.configfs.rc:23) took 0ms and failed: Unable to write to file '/config/usb_gadget/g1/UDC': Unable to write file contents: Device or resource busy
05-21 10:58:58.002 1340 1340 W ContextImpl: Calling a method in the system process without a qualified user: android.app.ContextImpl.sendBroadcast:1181 android.content.ContextWrapper.sendBroadcast:479 cn.eben.newweather.DateWeatherService.a:19 cn.eben.newweather.DateWeatherService.a:0 cn.eben.newweather.DateWeatherService$1.handleMessage:7
05-21 10:58:58.034 464 494 I RIL : ---> enter mainloop wait at port
05-21 10:58:58.034 464 494 D RIL-DEV : Get modem info
05-21 10:58:58.035 464 494 D RIL-DEV : [05-21_10:58:58:035] idVendor = 0bda
05-21 10:58:58.035 464 494 D RIL-DEV :
05-21 10:58:58.035 464 494 D RIL-DEV : [05-21_10:58:58:036] idVendor = 05e3
05-21 10:58:58.035 464 494 D RIL-DEV :
05-21 10:58:58.036 464 494 D RIL-DEV : [05-21_10:58:58:036] idVendor = 1d6b
05-21 10:58:58.036 464 494 D RIL-DEV :
05-21 10:58:58.036 464 494 D RIL-DEV : [05-21_10:58:58:036] idVendor = 1d6b
05-21 10:58:58.036 464 494 D RIL-DEV :
05-21 10:58:58.036 464 494 D RIL-DEV : [05-21_10:58:58:037] idVendor = 0bda
05-21 10:58:58.036 464 494 D RIL-DEV :
05-21 10:58:58.037 464 494 D RIL-DEV : [05-21_10:58:58:037] idVendor = 1d6b
05-21 10:58:58.037 464 494 D RIL-DEV :
05-21 10:58:58.037 464 494 D RIL-DEV : [05-21_10:58:58:037] idVendor = 2109
05-21 10:58:58.037 464 494 D RIL-DEV :
05-21 10:58:58.038 464 494 D RIL-DEV : [05-21_10:58:58:038] idVendor = 2109
05-21 10:58:58.038 464 494 D RIL-DEV :
05-21 10:58:58.038 464 494 D RIL-DEV : [05-21_10:58:58:039] idVendor = 1d6b
05-21 10:58:58.038 464 494 D RIL-DEV :
05-21 10:58:58.039 464 494 D RIL-DEV : [05-21_10:58:58:039] idVendor = 0bda
05-21 10:58:58.039 464 494 D RIL-DEV :
05-21 10:58:58.039 464 494 D RIL-DEV : [05-21_10:58:58:040] idVendor = 2109
05-21 10:58:58.039 464 494 D RIL-DEV :
05-21 10:58:58.040 464 494 E RIL-DEV : Cannot find Meig devices
05-21 10:58:58.040 464 494 I RIL : ---> can't find meig usb devices
05-21 11:07:55.418 543 543 I : read descriptors
05-21 11:07:55.418 543 543 I : read strings
05-21 11:07:55.421 1 1 I init : processing action (sys.usb.config=adb && sys.usb.configfs=1 && sys.usb.ffs.ready=1) from (/system/etc/init/hw/init.usb.configfs.rc:20)
05-21 11:07:55.423 1 1 I init : Command 'symlink /config/usb_gadget/g1/functions/ffs.adb /config/usb_gadget/g1/configs/b.1/f1' action=sys.usb.config=adb && sys.usb.configfs=1 && sys.usb.ffs.ready=1 (/system/etc/init/hw/init.usb.configfs.rc:22) took 0ms and failed: symlink() failed: File exists
05-21 11:07:55.424 1 1 I init : Command 'write /config/usb_gadget/g1/UDC ${sys.usb.controller}' action=sys.usb.config=adb && sys.usb.configfs=1 && sys.usb.ffs.ready=1 (/system/etc/init/hw/init.usb.configfs.rc:23) took 0ms and failed: Unable to write to file '/config/usb_gadget/g1/UDC': Unable to write file contents: Device or resource busy
05-21 10:58:58.946 627 945 W ContentProviderHelper: Permission Denial: opening provider com.android.providers.contacts.ContactsProvider2 from ProcessRecord{1933406 1690:cn.eben.sync/u0a44} (pid=1690, uid=10044) requires android.permission.READ_CONTACTS or android.permission.WRITE_CONTACTS
05-21 10:58:59.002 1340 1340 W ContextImpl: Calling a method in the system process without a qualified user: android.app.ContextImpl.sendBroadcast:1181 android.content.ContextWrapper.sendBroadcast:479 cn.eben.newweather.DateWeatherService.a:19 cn.eben.newweather.DateWeatherService.a:0 cn.eben.newweather.DateWeatherService$1.handleMessage:7
05-21 11:07:56.455 543 543 I : read descriptors
05-21 11:07:56.455 543 543 I : read strings
05-21 11:07:56.458 1 1 I init : processing action (sys.usb.config=adb && sys.usb.configfs=1 && sys.usb.ffs.ready=1) from (/system/etc/init/hw/init.usb.configfs.rc:20)
05-21 11:07:56.459 1 1 I init : Command 'symlink /config/usb_gadget/g1/functions/ffs.adb /config/usb_gadget/g1/configs/b.1/f1' action=sys.usb.config=adb && sys.usb.configfs=1 && sys.usb.ffs.ready=1 (/system/etc/init/hw/init.usb.configfs.rc:22) took 0ms and failed: symlink() failed: File exists
05-21 11:07:56.460 1 1 I init : Command 'write /config/usb_gadget/g1/UDC ${sys.usb.controller}' action=sys.usb.config=adb && sys.usb.configfs=1 && sys.usb.ffs.ready=1 (/system/etc/init/hw/init.usb.configfs.rc:23) took 0ms and failed: Unable to write to file '/config/usb_gadget/g1/UDC': Unable to write file contents: Device or resource busy
05-21 10:59:00.002 1340 1340 W ContextImpl: Calling a method in the system process without a qualified user: android.app.ContextImpl.sendBroadcast:1181 android.content.ContextWrapper.sendBroadcast:479 cn.eben.newweather.DateWeatherService.a:19 cn.eben.newweather.DateWeatherService.a:0 cn.eben.newweather.DateWeatherService$1.handleMessage:7
05-21 10:59:00.040 464 494 I RIL : ---> enter mainloop wait at port
05-21 10:59:00.040 464 494 D RIL-DEV : Get modem info
05-21 10:59:00.041 464 494 D RIL-DEV : [05-21_10:59:00:041] idVendor = 0bda
05-21 10:59:00.041 464 494 D RIL-DEV :
05-21 10:59:00.041 464 494 D RIL-DEV : [05-21_10:59:00:042] idVendor = 05e3
05-21 10:59:00.041 464 494 D RIL-DEV :
05-21 10:59:00.042 464 494 D RIL-DEV : [05-21_10:59:00:042] idVendor = 1d6b
05-21 10:59:00.042 464 494 D RIL-DEV :
05-21 10:59:00.042 464 494 D RIL-DEV : [05-21_10:59:00:042] idVendor = 1d6b
05-21 10:59:00.042 464 494 D RIL-DEV :
05-21 10:59:00.042 464 494 D RIL-DEV : [05-21_10:59:00:043] idVendor = 0bda
05-21 10:59:00.042 464 494 D RIL-DEV :
05-21 10:59:00.043 464 494 D RIL-DEV : [05-21_10:59:00:043] idVendor = 1d6b
05-21 10:59:00.043 464 494 D RIL-DEV :
05-21 10:59:00.043 464 494 D RIL-DEV : [05-21_10:59:00:043] idVendor = 2109
05-21 10:59:00.043 464 494 D RIL-DEV :
05-21 10:59:00.043 464 494 D RIL-DEV : [05-21_10:59:00:044] idVendor = 2109
05-21 10:59:00.043 464 494 D RIL-DEV :
05-21 10:59:00.044 464 494 D RIL-DEV : [05-21_10:59:00:044] idVendor = 1d6b
05-21 10:59:00.044 464 494 D RIL-DEV :
05-21 10:59:00.045 464 494 D RIL-DEV : [05-21_10:59:00:045] idVendor = 0bda
05-21 10:59:00.045 464 494 D RIL-DEV :
05-21 10:59:00.045 464 494 D RIL-DEV : [05-21_10:59:00:046] idVendor = 2109
05-21 10:59:00.045 464 494 D RIL-DEV :
05-21 10:59:00.046 464 494 E RIL-DEV : Cannot find Meig devices
05-21 10:59:00.046 464 494 I RIL : ---> can't find meig usb devices
05-21 11:07:57.491 543 543 I : read descriptors
05-21 11:07:57.491 543 543 I : read strings
05-21 11:07:57.493 1 1 I init : processing action (sys.usb.config=adb && sys.usb.configfs=1 && sys.usb.ffs.ready=1) from (/system/etc/init/hw/init.usb.configfs.rc:20)
05-21 11:07:57.638 440 440 W healthd : battery l=91 v=8710 t=28.0 h=1 st=2 c=1024000 fc=9700000 cc=10 chg=u
05-21 10:59:01.004 1340 1340 W ContextImpl: Calling a method in the system process without a qualified user: android.app.ContextImpl.sendBroadcast:1181 android.content.ContextWrapper.sendBroadcast:479 cn.eben.newweather.DateWeatherService.a:19 cn.eben.newweather.DateWeatherService.a:0 cn.eben.newweather.DateWeatherService$1.handleMessage:7
05-21 11:07:58.561 543 543 I : read descriptors
05-21 11:07:58.561 543 543 I : read strings
05-21 10:59:02.002 1340 1340 W ContextImpl: Calling a method in the system process without a qualified user: android.app.ContextImpl.sendBroadcast:1181 android.content.ContextWrapper.sendBroadcast:479 cn.eben.newweather.DateWeatherService.a:19 cn.eben.newweather.DateWeatherService.a:0 cn.eben.newweather.DateWeatherService$1.handleMessage:7
05-21 10:59:02.046 464 494 I RIL : ---> enter mainloop wait at port
05-21 10:59:02.047 464 494 D RIL-DEV : Get modem info
05-21 10:59:02.047 464 494 D RIL-DEV : [05-21_10:59:02:048] idVendor = 0bda
05-21 10:59:02.047 464 494 D RIL-DEV :
05-21 10:59:02.048 464 494 D RIL-DEV : [05-21_10:59:02:048] idVendor = 05e3
05-21 10:59:02.048 464 494 D RIL-DEV :
05-21 10:59:02.048 464 494 D RIL-DEV : [05-21_10:59:02:049] idVendor = 1d6b
05-21 10:59:02.048 464 494 D RIL-DEV :
05-21 10:59:02.048 464 494 D RIL-DEV : [05-21_10:59:02:049] idVendor = 1d6b
05-21 10:59:02.048 464 494 D RIL-DEV :
05-21 10:59:02.049 464 494 D RIL-DEV : [05-21_10:59:02:049] idVendor = 0bda
05-21 10:59:02.049 464 494 D RIL-DEV :
05-21 10:59:02.049 464 494 D RIL-DEV : [05-21_10:59:02:050] idVendor = 1d6b
05-21 10:59:02.049 464 494 D RIL-DEV :
05-21 10:59:02.049 464 494 D RIL-DEV : [05-21_10:59:02:050] idVendor = 2109
05-21 10:59:02.049 464 494 D RIL-DEV :
05-21 10:59:02.050 464 494 D RIL-DEV : [05-21_10:59:02:050] idVendor = 2109
05-21 10:59:02.050 464 494 D RIL-DEV :
05-21 10:59:02.050 464 494 D RIL-DEV : [05-21_10:59:02:051] idVendor = 1d6b
05-21 10:59:02.050 464 494 D RIL-DEV :
05-21 10:59:02.051 464 494 D RIL-DEV : [05-21_10:59:02:051] idVendor = 0bda
05-21 10:59:02.051 464 494 D RIL-DEV :
05-21 10:59:02.051 464 494 D RIL-DEV : [05-21_10:59:02:051] idVendor = 2109
05-21 10:59:02.051 464 494 D RIL-DEV :
05-21 10:59:02.051 464 494 E RIL-DEV : Cannot find Meig devices
05-21 10:59:02.051 464 494 I RIL : ---> can't find meig usb devices
05-21 11:07:59.618 543 543 I : read descriptors
05-21 11:07:59.618 543 543 I : read strings
05-21 11:07:59.620 1 1 I init : processing action (sys.usb.config=adb && sys.usb.configfs=1 && sys.usb.ffs.ready=1) from (/system/etc/init/hw/init.usb.configfs.rc:20)
05-21 11:07:59.623 1 1 I init : Command 'symlink /config/usb_gadget/g1/functions/ffs.adb /config/usb_gadget/g1/configs/b.1/f1' action=sys.usb.config=adb && sys.usb.configfs=1 && sys.usb.ffs.ready=1 (/system/etc/init/hw/init.usb.configfs.rc:22) took 1ms and failed: symlink() failed: File exists
05-21 11:07:59.625 1 1 I init : Command 'write /config/usb_gadget/g1/UDC ${sys.usb.controller}' action=sys.usb.config=adb && sys.usb.configfs=1 && sys.usb.ffs.ready=1 (/system/etc/init/hw/init.usb.configfs.rc:23) took 1ms and failed: Unable to write to file '/config/usb_gadget/g1/UDC': Unable to write file contents: Device or resource busy
05-21 10:59:03.002 1340 1340 W ContextImpl: Calling a method in the system process without a qualified user: android.app.ContextImpl.sendBroadcast:1181 android.content.ContextWrapper.sendBroadcast:479 cn.eben.newweather.DateWeatherService.a:19 cn.eben.newweather.DateWeatherService.a:0 cn.eben.newweather.DateWeatherService$1.handleMessage:7
05-21 11:08:00.691 543 543 I : read descriptors
05-21 11:08:00.691 543 543 I : read strings
05-21 11:08:00.693 1 1 I init : processing action (sys.usb.config=adb && sys.usb.configfs=1 && sys.usb.ffs.ready=1) from (/system/etc/init/hw/init.usb.configfs.rc:20)
05-21 11:08:00.697 1 1 I init : Command 'symlink /config/usb_gadget/g1/functions/ffs.adb /config/usb_gadget/g1/configs/b.1/f1' action=sys.usb.config=adb && sys.usb.configfs=1 && sys.usb.ffs.ready=1 (/system/etc/init/hw/init.usb.configfs.rc:22) took 1ms and failed: symlink() failed: File exists
05-21 11:08:00.698 1 1 I init : Command 'write /config/usb_gadget/g1/UDC ${sys.usb.controller}' action=sys.usb.config=adb && sys.usb.configfs=1 && sys.usb.ffs.ready=1 (/system/etc/init/hw/init.usb.configfs.rc:23) took 1ms and failed: Unable to write to file '/config/usb_gadget/g1/UDC': Unable to write file contents: Device or resource busy
05-21 10:59:03.951 627 945 W ContentProviderHelper: Permission Denial: opening provider com.android.providers.contacts.ContactsProvider2 from ProcessRecord{1933406 1690:cn.eben.sync/u0a44} (pid=1690, uid=10044) requires android.permission.READ_CONTACTS or android.permission.WRITE_CONTACTS
05-21 10:59:04.003 1340 1340 W ContextImpl: Calling a method in the system process without a qualified user: android.app.ContextImpl.sendBroadcast:1181 android.content.ContextWrapper.sendBroadcast:479 cn.eben.newweather.DateWeatherService.a:19 cn.eben.newweather.DateWeatherService.a:0 cn.eben.newweather.DateWeatherService$1.handleMessage:7
05-21 10:59:04.052 464 494 I RIL : ---> enter mainloop wait at port
05-21 10:59:04.052 464 494 D RIL-DEV : Get modem info
05-21 10:59:04.053 464 494 D RIL-DEV : [05-21_10:59:04:053] idVendor = 0bda
05-21 10:59:04.053 464 494 D RIL-DEV :
05-21 10:59:04.053 464 494 D RIL-DEV : [05-21_10:59:04:054] idVendor = 05e3
05-21 10:59:04.053 464 494 D RIL-DEV :
05-21 10:59:04.054 464 494 D RIL-DEV : [05-21_10:59:04:054] idVendor = 1d6b
05-21 10:59:04.054 464 494 D RIL-DEV :
05-21 10:59:04.054 464 494 D RIL-DEV : [05-21_10:59:04:054] idVendor = 1d6b
05-21 10:59:04.054 464 494 D RIL-DEV :
05-21 10:59:04.054 464 494 D RIL-DEV : [05-21_10:59:04:055] idVendor = 0bda
05-21 10:59:04.054 464 494 D RIL-DEV :
05-21 10:59:04.055 464 494 D RIL-DEV : [05-21_10:59:04:055] idVendor = 1d6b
05-21 10:59:04.055 464 494 D RIL-DEV :
05-21 10:59:04.055 464 494 D RIL-DEV : [05-21_10:59:04:055] idVendor = 2109
05-21 10:59:04.055 464 494 D RIL-DEV :
05-21 10:59:04.055 464 494 D RIL-DEV : [05-21_10:59:04:056] idVendor = 2109
05-21 10:59:04.055 464 494 D RIL-DEV :
05-21 10:59:04.056 464 494 D RIL-DEV : [05-21_10:59:04:056] idVendor = 1d6b
05-21 10:59:04.056 464 494 D RIL-DEV :
05-21 10:59:04.056 464 494 D RIL-DEV : [05-21_10:59:04:056] idVendor = 0bda
05-21 10:59:04.056 464 494 D RIL-DEV :
05-21 10:59:04.056 464 494 D RIL-DEV : [05-21_10:59:04:057] idVendor = 2109
05-21 10:59:04.056 464 494 D RIL-DEV :
05-21 10:59:04.057 464 494 E RIL-DEV : Cannot find Meig devices
05-21 10:59:04.057 464 494 I RIL : ---> can't find meig usb devices
05-21 11:08:01.741 543 543 I : read descriptors
05-21 11:08:01.741 543 543 I : read strings
05-21 11:08:01.744 1 1 I init : processing action (sys.usb.config=adb && sys.usb.configfs=1 && sys.usb.ffs.ready=1) from (/system/etc/init/hw/init.usb.configfs.rc:20)
05-21 11:08:01.746 1 1 I init : Command 'symlink /config/usb_gadget/g1/functions/ffs.adb /config/usb_gadget/g1/configs/b.1/f1' action=sys.usb.config=adb && sys.usb.configfs=1 && sys.usb.ffs.ready=1 (/system/etc/init/hw/init.usb.configfs.rc:22) took 0ms and failed: symlink() failed: File exists
05-21 11:08:01.746 1 1 I init : Command 'write /config/usb_gadget/g1/UDC ${sys.usb.controller}' action=sys.usb.config=adb && sys.usb.configfs=1 && sys.usb.ffs.ready=1 (/system/etc/init/hw/init.usb.configfs.rc:23) took 0ms and failed: Unable to write to file '/config/usb_gadget/g1/UDC': Unable to write file contents: Device or resource busy
05-21 10:59:05.002 1340 1340 W ContextImpl: Calling a method in the system process without a qualified user: android.app.ContextImpl.sendBroadcast:1181 android.content.ContextWrapper.sendBroadcast:479 cn.eben.newweather.DateWeatherService.a:19 cn.eben.newweather.DateWeatherService.a:0 cn.eben.newweather.DateWeatherService$1.handleMessage:7
05-21 11:08:02.778 543 543 I : read descriptors
05-21 11:08:02.778 543 543 I : read strings
05-21 11:08:02.781 1 1 I init : processing action (sys.usb.config=adb && sys.usb.configfs=1 && sys.usb.ffs.ready=1) from (/system/etc/init/hw/init.usb.configfs.rc:20)
05-21 10:59:06.001 1340 1340 W ContextImpl: Calling a method in the system process without a qualified user: android.app.ContextImpl.sendBroadcast:1181 android.content.ContextWrapper.sendBroadcast:479 cn.eben.newweather.DateWeatherService.a:19 cn.eben.newweather.DateWeatherService.a:0 cn.eben.newweather.DateWeatherService$1.handleMessage:7
05-21 10:59:06.057 464 494 I RIL : ---> enter mainloop wait at port
05-21 10:59:06.057 464 494 D RIL-DEV : Get modem info
05-21 10:59:06.058 464 494 D RIL-DEV : [05-21_10:59:06:059] idVendor = 0bda
05-21 10:59:06.058 464 494 D RIL-DEV :
05-21 10:59:06.058 464 494 D RIL-DEV : [05-21_10:59:06:059] idVendor = 05e3
05-21 10:59:06.058 464 494 D RIL-DEV :
05-21 10:59:06.059 464 494 D RIL-DEV : [05-21_10:59:06:059] idVendor = 1d6b
05-21 10:59:06.059 464 494 D RIL-DEV :
05-21 10:59:06.059 464 494 D RIL-DEV : [05-21_10:59:06:060] idVendor = 1d6b
05-21 10:59:06.059 464 494 D RIL-DEV :
05-21 10:59:06.059 464 494 D RIL-DEV : [05-21_10:59:06:060] idVendor = 0bda
05-21 10:59:06.059 464 494 D RIL-DEV :
05-21 10:59:06.060 464 494 D RIL-DEV : [05-21_10:59:06:060] idVendor = 1d6b
05-21 10:59:06.060 464 494 D RIL-DEV :
05-21 10:59:06.060 464 494 D RIL-DEV : [05-21_10:59:06:061] idVendor = 2109
05-21 10:59:06.060 464 494 D RIL-DEV :
05-21 10:59:06.061 464 494 D RIL-DEV : [05-21_10:59:06:061] idVendor = 2109
05-21 10:59:06.061 464 494 D RIL-DEV :
05-21 10:59:06.061 464 494 D RIL-DEV : [05-21_10:59:06:061] idVendor = 1d6b
05-21 10:59:06.061 464 494 D RIL-DEV :
05-21 10:59:06.061 464 494 D RIL-DEV : [05-21_10:59:06:062] idVendor = 0bda
05-21 10:59:06.061 464 494 D RIL-DEV :
05-21 10:59:06.062 464 494 D RIL-DEV : [05-21_10:59:06:062] idVendor = 2109
05-21 10:59:06.062 464 494 D RIL-DEV :
05-21 10:59:06.062 464 494 E RIL-DEV : Cannot find Meig devices
05-21 10:59:06.062 464 494 I RIL : ---> can't find meig usb devices
05-21 11:08:03.815 543 543 I : read descriptors
05-21 11:08:03.815 543 543 I : read strings
05-21 10:59:07.003 1340 1340 W ContextImpl: Calling a method in the system process without a qualified user: android.app.ContextImpl.sendBroadcast:1181 android.content.ContextWrapper.sendBroadcast:479 cn.eben.newweather.DateWeatherService.a:19 cn.eben.newweather.DateWeatherService.a:0 cn.eben.newweather.DateWeatherService$1.handleMessage:7
05-21 10:59:08.002 1340 1340 W ContextImpl: Calling a method in the system process without a qualified user: android.app.ContextImpl.sendBroadcast:1181 android.content.ContextWrapper.sendBroadcast:479 cn.eben.newweather.DateWeatherService.a:19 cn.eben.newweather.DateWeatherService.a:0 cn.eben.newweather.DateWeatherService$1.handleMessage:7
05-21 11:08:04.851 543 543 I : read descriptors
05-21 11:08:04.851 543 543 I : read strings
05-21 11:08:04.855 1 1 I init : processing action (sys.usb.config=adb && sys.usb.configfs=1 && sys.usb.ffs.ready=1) from (/system/etc/init/hw/init.usb.configfs.rc:20)
05-21 11:08:04.857 1 1 I init : Command 'symlink /config/usb_gadget/g1/functions/ffs.adb /config/usb_gadget/g1/configs/b.1/f1' action=sys.usb.config=adb && sys.usb.configfs=1 && sys.usb.ffs.ready=1 (/system/etc/init/hw/init.usb.configfs.rc:22) took 0ms and failed: symlink() failed: File exists
05-21 11:08:04.858 1 1 I init : Command 'write /config/usb_gadget/g1/UDC ${sys.usb.controller}' action=sys.usb.config=adb && sys.usb.configfs=1 && sys.usb.ffs.ready=1 (/system/etc/init/hw/init.usb.configfs.rc:23) took 0ms and failed: Unable to write to file '/config/usb_gadget/g1/UDC': Unable to write file contents: Device or resource busy
05-21 10:59:08.062 464 494 I RIL : ---> enter mainloop wait at port
05-21 10:59:08.063 464 494 D RIL-DEV : Get modem info
05-21 10:59:08.063 464 494 D RIL-DEV : [05-21_10:59:08:064] idVendor = 0bda
05-21 10:59:08.063 464 494 D RIL-DEV :
05-21 10:59:08.063 464 494 D RIL-DEV : [05-21_10:59:08:064] idVendor = 05e3
05-21 10:59:08.063 464 494 D RIL-DEV :
05-21 10:59:08.064 464 494 D RIL-DEV : [05-21_10:59:08:064] idVendor = 1d6b
05-21 10:59:08.064 464 494 D RIL-DEV :
05-21 10:59:08.064 464 494 D RIL-DEV : [05-21_10:59:08:064] idVendor = 1d6b
05-21 10:59:08.064 464 494 D RIL-DEV :
05-21 10:59:08.064 464 494 D RIL-DEV : [05-21_10:59:08:065] idVendor = 0bda
05-21 10:59:08.064 464 494 D RIL-DEV :
05-21 10:59:08.064 464 494 D RIL-DEV : [05-21_10:59:08:065] idVendor = 1d6b
05-21 10:59:08.064 464 494 D RIL-DEV :
05-21 10:59:08.065 464 494 D RIL-DEV : [05-21_10:59:08:065] idVendor = 2109
05-21 10:59:08.065 464 494 D RIL-DEV :
05-21 10:59:08.065 464 494 D RIL-DEV : [05-21_10:59:08:065] idVendor = 2109
05-21 10:59:08.065 464 494 D RIL-DEV :
05-21 10:59:08.065 464 494 D RIL-DEV : [05-21_10:59:08:066] idVendor = 1d6b
05-21 10:59:08.065 464 494 D RIL-DEV :
05-21 10:59:08.065 464 494 D RIL-DEV : [05-21_10:59:08:066] idVendor = 0bda
05-21 10:59:08.065 464 494 D RIL-DEV :
05-21 10:59:08.066 464 494 D RIL-DEV : [05-21_10:59:08:066] idVendor = 2109
05-21 10:59:08.066 464 494 D RIL-DEV :
05-21 10:59:08.066 464 494 E RIL-DEV : Cannot find Meig devices
05-21 10:59:08.066 464 494 I RIL : ---> can't find meig usb devices
05-21 10:59:08.957 627 945 W ContentProviderHelper: Permission Denial: opening provider com.android.providers.contacts.ContactsProvider2 from ProcessRecord{1933406 1690:cn.eben.sync/u0a44} (pid=1690, uid=10044) requires android.permission.READ_CONTACTS or android.permission.WRITE_CONTACTS
05-21 10:59:09.002 1340 1340 W ContextImpl: Calling a method in the system process without a qualified user: android.app.ContextImpl.sendBroadcast:1181 android.content.ContextWrapper.sendBroadcast:479 cn.eben.newweather.DateWeatherService.a:19 cn.eben.newweather.DateWeatherService.a:0 cn.eben.newweather.DateWeatherService$1.handleMessage:7
05-21 11:08:05.894 543 543 I : read descriptors
05-21 11:08:05.895 543 543 I : read strings
05-21 11:08:05.898 1 1 I init : processing action (sys.usb.config=adb && sys.usb.configfs=1 && sys.usb.ffs.ready=1) from (/system/etc/init/hw/init.usb.configfs.rc:20)
05-21 11:08:05.899 1 1 I init : Command 'symlink /config/usb_gadget/g1/functions/ffs.adb /config/usb_gadget/g1/configs/b.1/f1' action=sys.usb.config=adb && sys.usb.configfs=1 && sys.usb.ffs.ready=1 (/system/etc/init/hw/init.usb.configfs.rc:22) took 0ms and failed: symlink() failed: File exists
05-21 11:08:05.900 1 1 I init : Command 'write /config/usb_gadget/g1/UDC ${sys.usb.controller}' action=sys.usb.config=adb && sys.usb.configfs=1 && sys.usb.ffs.ready=1 (/system/etc/init/hw/init.usb.configfs.rc:23) took 0ms and failed: Unable to write to file '/config/usb_gadget/g1/UDC': Unable to write file contents: Device or resource busy
05-21 10:59:10.003 1340 1340 W ContextImpl: Calling a method in the system process without a qualified user: android.app.ContextImpl.sendBroadcast:1181 android.content.ContextWrapper.sendBroadcast:479 cn.eben.newweather.DateWeatherService.a:19 cn.eben.newweather.DateWeatherService.a:0 cn.eben.newweather.DateWeatherService$1.handleMessage:7
05-21 10:59:10.066 464 494 I RIL : ---> enter mainloop wait at port
05-21 10:59:10.066 464 494 D RIL-DEV : Get modem info
05-21 10:59:10.067 464 494 D RIL-DEV : [05-21_10:59:10:068] idVendor = 0bda
05-21 10:59:10.067 464 494 D RIL-DEV :
05-21 10:59:10.068 464 494 D RIL-DEV : [05-21_10:59:10:068] idVendor = 05e3
05-21 10:59:10.068 464 494 D RIL-DEV :
05-21 10:59:10.068 464 494 D RIL-DEV : [05-21_10:59:10:069] idVendor = 1d6b
05-21 10:59:10.068 464 494 D RIL-DEV :
05-21 10:59:10.068 464 494 D RIL-DEV : [05-21_10:59:10:069] idVendor = 1d6b
05-21 10:59:10.068 464 494 D RIL-DEV :
05-21 10:59:10.069 464 494 D RIL-DEV : [05-21_10:59:10:069] idVendor = 0bda
05-21 10:59:10.069 464 494 D RIL-DEV :
05-21 10:59:10.069 464 494 D RIL-DEV : [05-21_10:59:10:070] idVendor = 1d6b
05-21 10:59:10.069 464 494 D RIL-DEV :
05-21 10:59:10.069 464 494 D RIL-DEV : [05-21_10:59:10:070] idVendor = 2109
05-21 10:59:10.069 464 494 D RIL-DEV :
