05-21 11:06:40.770 1 1 I init : Command 'write /config/usb_gadget/g1/UDC ${sys.usb.controller}' action=sys.usb.config=adb && sys.usb.configfs=1 && sys.usb.ffs.ready=1 (/system/etc/init/hw/init.usb.configfs.rc:23) took 0ms and failed: Unable to write to file '/config/usb_gadget/g1/UDC': Unable to write file contents: Device or resource busy
05-21 10:57:44.003 1340 1340 W ContextImpl: Calling a method in the system process without a qualified user: android.app.ContextImpl.sendBroadcast:1181 android.content.ContextWrapper.sendBroadcast:479 cn.eben.newweather.DateWeatherService.a:19 cn.eben.newweather.DateWeatherService.a:0 cn.eben.newweather.DateWeatherService$1.handleMessage:7
05-21 11:06:41.821 543 543 I : read descriptors
05-21 11:06:41.822 543 543 I : read strings
05-21 11:06:41.825 1 1 I init : processing action (sys.usb.config=adb && sys.usb.configfs=1 && sys.usb.ffs.ready=1) from (/system/etc/init/hw/init.usb.configfs.rc:20)
05-21 11:06:41.826 1 1 I init : Command 'symlink /config/usb_gadget/g1/functions/ffs.adb /config/usb_gadget/g1/configs/b.1/f1' action=sys.usb.config=adb && sys.usb.configfs=1 && sys.usb.ffs.ready=1 (/system/etc/init/hw/init.usb.configfs.rc:22) took 0ms and failed: symlink() failed: File exists
05-21 11:06:41.827 1 1 I init : Command 'write /config/usb_gadget/g1/UDC ${sys.usb.controller}' action=sys.usb.config=adb && sys.usb.configfs=1 && sys.usb.ffs.ready=1 (/system/etc/init/hw/init.usb.configfs.rc:23) took 0ms and failed: Unable to write to file '/config/usb_gadget/g1/UDC': Unable to write file contents: Device or resource busy
05-21 10:57:45.001 1340 1340 W ContextImpl: Calling a method in the system process without a qualified user: android.app.ContextImpl.sendBroadcast:1181 android.content.ContextWrapper.sendBroadcast:479 cn.eben.newweather.DateWeatherService.a:19 cn.eben.newweather.DateWeatherService.a:0 cn.eben.newweather.DateWeatherService$1.handleMessage:7
05-21 10:57:45.844 464 494 I RIL : ---> enter mainloop wait at port
05-21 10:57:45.844 464 494 D RIL-DEV : Get modem info
05-21 10:57:45.845 464 494 D RIL-DEV : [05-21_10:57:45:845] idVendor = 0bda
05-21 10:57:45.845 464 494 D RIL-DEV :
05-21 10:57:45.845 464 494 D RIL-DEV : [05-21_10:57:45:846] idVendor = 05e3
05-21 10:57:45.845 464 494 D RIL-DEV :
05-21 10:57:45.846 464 494 D RIL-DEV : [05-21_10:57:45:846] idVendor = 1d6b
05-21 10:57:45.846 464 494 D RIL-DEV :
05-21 10:57:45.846 464 494 D RIL-DEV : [05-21_10:57:45:846] idVendor = 1d6b
05-21 10:57:45.846 464 494 D RIL-DEV :
05-21 10:57:45.846 464 494 D RIL-DEV : [05-21_10:57:45:847] idVendor = 0bda
05-21 10:57:45.846 464 494 D RIL-DEV :
05-21 10:57:45.847 464 494 D RIL-DEV : [05-21_10:57:45:847] idVendor = 1d6b
05-21 10:57:45.847 464 494 D RIL-DEV :
05-21 10:57:45.847 464 494 D RIL-DEV : [05-21_10:57:45:847] idVendor = 2109
05-21 10:57:45.847 464 494 D RIL-DEV :
05-21 10:57:45.847 464 494 D RIL-DEV : [05-21_10:57:45:848] idVendor = 2109
05-21 10:57:45.847 464 494 D RIL-DEV :
05-21 10:57:45.848 464 494 D RIL-DEV : [05-21_10:57:45:848] idVendor = 1d6b
05-21 10:57:45.848 464 494 D RIL-DEV :
05-21 10:57:45.848 464 494 D RIL-DEV : [05-21_10:57:45:848] idVendor = 0bda
05-21 10:57:45.848 464 494 D RIL-DEV :
05-21 10:57:45.848 464 494 D RIL-DEV : [05-21_10:57:45:849] idVendor = 2109
05-21 10:57:45.848 464 494 D RIL-DEV :
05-21 10:57:45.849 464 494 E RIL-DEV : Cannot find Meig devices
05-21 10:57:45.849 464 494 I RIL : ---> can't find meig usb devices
05-21 10:57:46.001 1340 1340 W ContextImpl: Calling a method in the system process without a qualified user: android.app.ContextImpl.sendBroadcast:1181 android.content.ContextWrapper.sendBroadcast:479 cn.eben.newweather.DateWeatherService.a:19 cn.eben.newweather.DateWeatherService.a:0 cn.eben.newweather.DateWeatherService$1.handleMessage:7
05-21 11:06:42.858 543 543 I : read descriptors
05-21 11:06:42.858 543 543 I : read strings
05-21 11:06:42.862 1 1 I init : processing action (sys.usb.config=adb && sys.usb.configfs=1 && sys.usb.ffs.ready=1) from (/system/etc/init/hw/init.usb.configfs.rc:20)
05-21 11:06:42.863 1 1 I init : Command 'symlink /config/usb_gadget/g1/functions/ffs.adb /config/usb_gadget/g1/configs/b.1/f1' action=sys.usb.config=adb && sys.usb.configfs=1 && sys.usb.ffs.ready=1 (/system/etc/init/hw/init.usb.configfs.rc:22) took 0ms and failed: symlink() failed: File exists
05-21 11:06:42.864 1 1 I init : Command 'write /config/usb_gadget/g1/UDC ${sys.usb.controller}' action=sys.usb.config=adb && sys.usb.configfs=1 && sys.usb.ffs.ready=1 (/system/etc/init/hw/init.usb.configfs.rc:23) took 0ms and failed: Unable to write to file '/config/usb_gadget/g1/UDC': Unable to write file contents: Device or resource busy
05-21 10:57:47.002 1340 1340 W ContextImpl: Calling a method in the system process without a qualified user: android.app.ContextImpl.sendBroadcast:1181 android.content.ContextWrapper.sendBroadcast:479 cn.eben.newweather.DateWeatherService.a:19 cn.eben.newweather.DateWeatherService.a:0 cn.eben.newweather.DateWeatherService$1.handleMessage:7
05-21 11:06:43.921 543 543 I : read descriptors
05-21 11:06:43.921 543 543 I : read strings
05-21 11:06:43.925 1 1 I init : processing action (sys.usb.config=adb && sys.usb.configfs=1 && sys.usb.ffs.ready=1) from (/system/etc/init/hw/init.usb.configfs.rc:20)
05-21 10:57:47.849 464 494 I RIL : ---> enter mainloop wait at port
05-21 10:57:47.849 464 494 D RIL-DEV : Get modem info
05-21 10:57:47.850 464 494 D RIL-DEV : [05-21_10:57:47:851] idVendor = 0bda
05-21 10:57:47.850 464 494 D RIL-DEV :
05-21 10:57:47.851 464 494 D RIL-DEV : [05-21_10:57:47:851] idVendor = 05e3
05-21 10:57:47.851 464 494 D RIL-DEV :
05-21 10:57:47.851 464 494 D RIL-DEV : [05-21_10:57:47:852] idVendor = 1d6b
05-21 10:57:47.851 464 494 D RIL-DEV :
05-21 10:57:47.851 464 494 D RIL-DEV : [05-21_10:57:47:852] idVendor = 1d6b
05-21 10:57:47.851 464 494 D RIL-DEV :
05-21 10:57:47.852 464 494 D RIL-DEV : [05-21_10:57:47:852] idVendor = 0bda
05-21 10:57:47.852 464 494 D RIL-DEV :
05-21 10:57:47.852 464 494 D RIL-DEV : [05-21_10:57:47:853] idVendor = 1d6b
05-21 10:57:47.852 464 494 D RIL-DEV :
05-21 10:57:47.852 464 494 D RIL-DEV : [05-21_10:57:47:853] idVendor = 2109
05-21 10:57:47.852 464 494 D RIL-DEV :
05-21 10:57:47.853 464 494 D RIL-DEV : [05-21_10:57:47:853] idVendor = 2109
05-21 10:57:47.853 464 494 D RIL-DEV :
05-21 10:57:47.853 464 494 D RIL-DEV : [05-21_10:57:47:854] idVendor = 1d6b
05-21 10:57:47.853 464 494 D RIL-DEV :
05-21 10:57:47.854 464 494 D RIL-DEV : [05-21_10:57:47:854] idVendor = 0bda
05-21 10:57:47.854 464 494 D RIL-DEV :
05-21 10:57:47.854 464 494 D RIL-DEV : [05-21_10:57:47:854] idVendor = 2109
05-21 10:57:47.854 464 494 D RIL-DEV :
05-21 10:57:47.854 464 494 E RIL-DEV : Cannot find Meig devices
05-21 10:57:47.854 464 494 I RIL : ---> can't find meig usb devices
05-21 10:57:48.003 1340 1340 W ContextImpl: Calling a method in the system process without a qualified user: android.app.ContextImpl.sendBroadcast:1181 android.content.ContextWrapper.sendBroadcast:479 cn.eben.newweather.DateWeatherService.a:19 cn.eben.newweather.DateWeatherService.a:0 cn.eben.newweather.DateWeatherService$1.handleMessage:7
05-21 11:06:44.991 543 543 I : read descriptors
05-21 11:06:44.991 543 543 I : read strings
05-21 10:57:48.870 627 945 W ContentProviderHelper: Permission Denial: opening provider com.android.providers.contacts.ContactsProvider2 from ProcessRecord{1933406 1690:cn.eben.sync/u0a44} (pid=1690, uid=10044) requires android.permission.READ_CONTACTS or android.permission.WRITE_CONTACTS
05-21 10:57:49.002 1340 1340 W ContextImpl: Calling a method in the system process without a qualified user: android.app.ContextImpl.sendBroadcast:1181 android.content.ContextWrapper.sendBroadcast:479 cn.eben.newweather.DateWeatherService.a:19 cn.eben.newweather.DateWeatherService.a:0 cn.eben.newweather.DateWeatherService$1.handleMessage:7
05-21 11:06:46.054 543 543 I : read descriptors
05-21 11:06:46.055 543 543 I : read strings
05-21 11:06:46.058 1 1 I init : processing action (sys.usb.config=adb && sys.usb.configfs=1 && sys.usb.ffs.ready=1) from (/system/etc/init/hw/init.usb.configfs.rc:20)
05-21 11:06:46.060 1 1 I init : Command 'symlink /config/usb_gadget/g1/functions/ffs.adb /config/usb_gadget/g1/configs/b.1/f1' action=sys.usb.config=adb && sys.usb.configfs=1 && sys.usb.ffs.ready=1 (/system/etc/init/hw/init.usb.configfs.rc:22) took 0ms and failed: symlink() failed: File exists
05-21 11:06:46.060 1 1 I init : Command 'write /config/usb_gadget/g1/UDC ${sys.usb.controller}' action=sys.usb.config=adb && sys.usb.configfs=1 && sys.usb.ffs.ready=1 (/system/etc/init/hw/init.usb.configfs.rc:23) took 0ms and failed: Unable to write to file '/config/usb_gadget/g1/UDC': Unable to write file contents: Device or resource busy
05-21 10:57:49.855 464 494 I RIL : ---> enter mainloop wait at port
05-21 10:57:49.855 464 494 D RIL-DEV : Get modem info
05-21 10:57:49.856 464 494 D RIL-DEV : [05-21_10:57:49:856] idVendor = 0bda
05-21 10:57:49.856 464 494 D RIL-DEV :
05-21 10:57:49.856 464 494 D RIL-DEV : [05-21_10:57:49:856] idVendor = 05e3
05-21 10:57:49.856 464 494 D RIL-DEV :
05-21 10:57:49.856 464 494 D RIL-DEV : [05-21_10:57:49:857] idVendor = 1d6b
05-21 10:57:49.856 464 494 D RIL-DEV :
05-21 10:57:49.857 464 494 D RIL-DEV : [05-21_10:57:49:857] idVendor = 1d6b
05-21 10:57:49.857 464 494 D RIL-DEV :
05-21 10:57:49.857 464 494 D RIL-DEV : [05-21_10:57:49:857] idVendor = 0bda
05-21 10:57:49.857 464 494 D RIL-DEV :
05-21 10:57:49.858 464 494 D RIL-DEV : [05-21_10:57:49:858] idVendor = 1d6b
05-21 10:57:49.858 464 494 D RIL-DEV :
05-21 10:57:49.858 464 494 D RIL-DEV : [05-21_10:57:49:858] idVendor = 2109
05-21 10:57:49.858 464 494 D RIL-DEV :
05-21 10:57:49.858 464 494 D RIL-DEV : [05-21_10:57:49:859] idVendor = 2109
05-21 10:57:49.858 464 494 D RIL-DEV :
05-21 10:57:49.858 464 494 D RIL-DEV : [05-21_10:57:49:859] idVendor = 1d6b
05-21 10:57:49.858 464 494 D RIL-DEV :
05-21 10:57:49.859 464 494 D RIL-DEV : [05-21_10:57:49:859] idVendor = 0bda
05-21 10:57:49.859 464 494 D RIL-DEV :
05-21 10:57:49.859 464 494 D RIL-DEV : [05-21_10:57:49:860] idVendor = 2109
05-21 10:57:49.859 464 494 D RIL-DEV :
05-21 10:57:49.860 464 494 E RIL-DEV : Cannot find Meig devices
05-21 10:57:49.860 464 494 I RIL : ---> can't find meig usb devices
05-21 10:57:50.002 1340 1340 W ContextImpl: Calling a method in the system process without a qualified user: android.app.ContextImpl.sendBroadcast:1181 android.content.ContextWrapper.sendBroadcast:479 cn.eben.newweather.DateWeatherService.a:19 cn.eben.newweather.DateWeatherService.a:0 cn.eben.newweather.DateWeatherService$1.handleMessage:7
05-21 11:06:47.121 543 543 I : read descriptors
05-21 11:06:47.121 543 543 I : read strings
05-21 11:06:47.125 1 1 I init : processing action (sys.usb.config=adb && sys.usb.configfs=1 && sys.usb.ffs.ready=1) from (/system/etc/init/hw/init.usb.configfs.rc:20)
05-21 11:06:47.126 1 1 I init : Command 'symlink /config/usb_gadget/g1/functions/ffs.adb /config/usb_gadget/g1/configs/b.1/f1' action=sys.usb.config=adb && sys.usb.configfs=1 && sys.usb.ffs.ready=1 (/system/etc/init/hw/init.usb.configfs.rc:22) took 0ms and failed: symlink() failed: File exists
05-21 11:06:47.127 1 1 I init : Command 'write /config/usb_gadget/g1/UDC ${sys.usb.controller}' action=sys.usb.config=adb && sys.usb.configfs=1 && sys.usb.ffs.ready=1 (/system/etc/init/hw/init.usb.configfs.rc:23) took 0ms and failed: Unable to write to file '/config/usb_gadget/g1/UDC': Unable to write file contents: Device or resource busy
05-21 10:57:51.002 1340 1340 W ContextImpl: Calling a method in the system process without a qualified user: android.app.ContextImpl.sendBroadcast:1181 android.content.ContextWrapper.sendBroadcast:479 cn.eben.newweather.DateWeatherService.a:19 cn.eben.newweather.DateWeatherService.a:0 cn.eben.newweather.DateWeatherService$1.handleMessage:7
05-21 11:06:48.174 543 543 I : read descriptors
05-21 11:06:48.174 543 543 I : read strings
05-21 11:06:48.177 1 1 I init : processing action (sys.usb.config=adb && sys.usb.configfs=1 && sys.usb.ffs.ready=1) from (/system/etc/init/hw/init.usb.configfs.rc:20)
05-21 11:06:48.181 1 1 I init : Command 'symlink /config/usb_gadget/g1/functions/ffs.adb /config/usb_gadget/g1/configs/b.1/f1' action=sys.usb.config=adb && sys.usb.configfs=1 && sys.usb.ffs.ready=1 (/system/etc/init/hw/init.usb.configfs.rc:22) took 2ms and failed: symlink() failed: File exists
05-21 11:06:48.182 1 1 I init : Command 'write /config/usb_gadget/g1/UDC ${sys.usb.controller}' action=sys.usb.config=adb && sys.usb.configfs=1 && sys.usb.ffs.ready=1 (/system/etc/init/hw/init.usb.configfs.rc:23) took 0ms and failed: Unable to write to file '/config/usb_gadget/g1/UDC': Unable to write file contents: Device or resource busy
05-21 10:57:51.860 464 494 I RIL : ---> enter mainloop wait at port
05-21 10:57:51.860 464 494 D RIL-DEV : Get modem info
05-21 10:57:51.861 464 494 D RIL-DEV : [05-21_10:57:51:861] idVendor = 0bda
05-21 10:57:51.861 464 494 D RIL-DEV :
05-21 10:57:51.861 464 494 D RIL-DEV : [05-21_10:57:51:862] idVendor = 05e3
05-21 10:57:51.861 464 494 D RIL-DEV :
05-21 10:57:51.862 464 494 D RIL-DEV : [05-21_10:57:51:862] idVendor = 1d6b
05-21 10:57:51.862 464 494 D RIL-DEV :
05-21 10:57:51.862 464 494 D RIL-DEV : [05-21_10:57:51:862] idVendor = 1d6b
05-21 10:57:51.862 464 494 D RIL-DEV :
05-21 10:57:51.862 464 494 D RIL-DEV : [05-21_10:57:51:863] idVendor = 0bda
05-21 10:57:51.862 464 494 D RIL-DEV :
05-21 10:57:51.863 464 494 D RIL-DEV : [05-21_10:57:51:863] idVendor = 1d6b
05-21 10:57:51.863 464 494 D RIL-DEV :
05-21 10:57:51.863 464 494 D RIL-DEV : [05-21_10:57:51:864] idVendor = 2109
05-21 10:57:51.863 464 494 D RIL-DEV :
05-21 10:57:51.864 464 494 D RIL-DEV : [05-21_10:57:51:864] idVendor = 2109
05-21 10:57:51.864 464 494 D RIL-DEV :
05-21 10:57:51.864 464 494 D RIL-DEV : [05-21_10:57:51:864] idVendor = 1d6b
05-21 10:57:51.864 464 494 D RIL-DEV :
05-21 10:57:51.864 464 494 D RIL-DEV : [05-21_10:57:51:865] idVendor = 0bda
05-21 10:57:51.864 464 494 D RIL-DEV :
05-21 10:57:51.865 464 494 D RIL-DEV : [05-21_10:57:51:865] idVendor = 2109
05-21 10:57:51.865 464 494 D RIL-DEV :
05-21 10:57:51.865 464 494 E RIL-DEV : Cannot find Meig devices
05-21 10:57:51.865 464 494 I RIL : ---> can't find meig usb devices
05-21 10:57:52.002 1340 1340 W ContextImpl: Calling a method in the system process without a qualified user: android.app.ContextImpl.sendBroadcast:1181 android.content.ContextWrapper.sendBroadcast:479 cn.eben.newweather.DateWeatherService.a:19 cn.eben.newweather.DateWeatherService.a:0 cn.eben.newweather.DateWeatherService$1.handleMessage:7
05-21 11:06:49.235 543 543 I : read descriptors
05-21 11:06:49.235 543 543 I : read strings
05-21 11:06:49.237 1 1 I init : processing action (sys.usb.config=adb && sys.usb.configfs=1 && sys.usb.ffs.ready=1) from (/system/etc/init/hw/init.usb.configfs.rc:20)
05-21 10:57:53.002 1340 1340 W ContextImpl: Calling a method in the system process without a qualified user: android.app.ContextImpl.sendBroadcast:1181 android.content.ContextWrapper.sendBroadcast:479 cn.eben.newweather.DateWeatherService.a:19 cn.eben.newweather.DateWeatherService.a:0 cn.eben.newweather.DateWeatherService$1.handleMessage:7
05-21 11:06:50.285 543 543 I : read descriptors
05-21 11:06:50.285 543 543 I : read strings
05-21 10:57:53.865 464 494 I RIL : ---> enter mainloop wait at port
05-21 10:57:53.865 464 494 D RIL-DEV : Get modem info
05-21 10:57:53.866 464 494 D RIL-DEV : [05-21_10:57:53:867] idVendor = 0bda
05-21 10:57:53.866 464 494 D RIL-DEV :
05-21 10:57:53.867 464 494 D RIL-DEV : [05-21_10:57:53:867] idVendor = 05e3
05-21 10:57:53.867 464 494 D RIL-DEV :
05-21 10:57:53.867 464 494 D RIL-DEV : [05-21_10:57:53:867] idVendor = 1d6b
05-21 10:57:53.867 464 494 D RIL-DEV :
05-21 10:57:53.867 464 494 D RIL-DEV : [05-21_10:57:53:868] idVendor = 1d6b
05-21 10:57:53.867 464 494 D RIL-DEV :
05-21 10:57:53.868 464 494 D RIL-DEV : [05-21_10:57:53:868] idVendor = 0bda
05-21 10:57:53.868 464 494 D RIL-DEV :
05-21 10:57:53.868 464 494 D RIL-DEV : [05-21_10:57:53:869] idVendor = 1d6b
05-21 10:57:53.868 464 494 D RIL-DEV :
05-21 10:57:53.868 464 494 D RIL-DEV : [05-21_10:57:53:869] idVendor = 2109
05-21 10:57:53.868 464 494 D RIL-DEV :
05-21 10:57:53.869 464 494 D RIL-DEV : [05-21_10:57:53:869] idVendor = 2109
05-21 10:57:53.869 464 494 D RIL-DEV :
05-21 10:57:53.869 464 494 D RIL-DEV : [05-21_10:57:53:870] idVendor = 1d6b
05-21 10:57:53.869 464 494 D RIL-DEV :
05-21 10:57:53.869 464 494 D RIL-DEV : [05-21_10:57:53:870] idVendor = 0bda
05-21 10:57:53.869 464 494 D RIL-DEV :
05-21 10:57:53.870 464 494 D RIL-DEV : [05-21_10:57:53:870] idVendor = 2109
05-21 10:57:53.870 464 494 D RIL-DEV :
05-21 10:57:53.870 464 494 E RIL-DEV : Cannot find Meig devices
05-21 10:57:53.870 464 494 I RIL : ---> can't find meig usb devices
05-21 10:57:53.875 627 945 W ContentProviderHelper: Permission Denial: opening provider com.android.providers.contacts.ContactsProvider2 from ProcessRecord{1933406 1690:cn.eben.sync/u0a44} (pid=1690, uid=10044) requires android.permission.READ_CONTACTS or android.permission.WRITE_CONTACTS
05-21 10:57:54.002 1340 1340 W ContextImpl: Calling a method in the system process without a qualified user: android.app.ContextImpl.sendBroadcast:1181 android.content.ContextWrapper.sendBroadcast:479 cn.eben.newweather.DateWeatherService.a:19 cn.eben.newweather.DateWeatherService.a:0 cn.eben.newweather.DateWeatherService$1.handleMessage:7
05-21 11:06:51.324 543 543 I : read descriptors
05-21 11:06:51.325 543 543 I : read strings
05-21 11:06:51.328 1 1 I init : processing action (sys.usb.config=adb && sys.usb.configfs=1 && sys.usb.ffs.ready=1) from (/system/etc/init/hw/init.usb.configfs.rc:20)
05-21 11:06:51.330 1 1 I init : Command 'symlink /config/usb_gadget/g1/functions/ffs.adb /config/usb_gadget/g1/configs/b.1/f1' action=sys.usb.config=adb && sys.usb.configfs=1 && sys.usb.ffs.ready=1 (/system/etc/init/hw/init.usb.configfs.rc:22) took 0ms and failed: symlink() failed: File exists
05-21 11:06:51.330 1 1 I init : Command 'write /config/usb_gadget/g1/UDC ${sys.usb.controller}' action=sys.usb.config=adb && sys.usb.configfs=1 && sys.usb.ffs.ready=1 (/system/etc/init/hw/init.usb.configfs.rc:23) took 0ms and failed: Unable to write to file '/config/usb_gadget/g1/UDC': Unable to write file contents: Device or resource busy
05-21 10:57:55.002 1340 1340 W ContextImpl: Calling a method in the system process without a qualified user: android.app.ContextImpl.sendBroadcast:1181 android.content.ContextWrapper.sendBroadcast:479 cn.eben.newweather.DateWeatherService.a:19 cn.eben.newweather.DateWeatherService.a:0 cn.eben.newweather.DateWeatherService$1.handleMessage:7
05-21 11:06:52.381 543 543 I : read descriptors
05-21 11:06:52.381 543 543 I : read strings
05-21 11:06:52.385 1 1 I init : processing action (sys.usb.config=adb && sys.usb.configfs=1 && sys.usb.ffs.ready=1) from (/system/etc/init/hw/init.usb.configfs.rc:20)
05-21 11:06:52.386 1 1 I init : Command 'symlink /config/usb_gadget/g1/functions/ffs.adb /config/usb_gadget/g1/configs/b.1/f1' action=sys.usb.config=adb && sys.usb.configfs=1 && sys.usb.ffs.ready=1 (/system/etc/init/hw/init.usb.configfs.rc:22) took 0ms and failed: symlink() failed: File exists
05-21 11:06:52.387 1 1 I init : Command 'write /config/usb_gadget/g1/UDC ${sys.usb.controller}' action=sys.usb.config=adb && sys.usb.configfs=1 && sys.usb.ffs.ready=1 (/system/etc/init/hw/init.usb.configfs.rc:23) took 0ms and failed: Unable to write to file '/config/usb_gadget/g1/UDC': Unable to write file contents: Device or resource busy
05-21 10:57:55.871 464 494 I RIL : ---> enter mainloop wait at port
05-21 10:57:55.871 464 494 D RIL-DEV : Get modem info
05-21 10:57:55.871 464 494 D RIL-DEV : [05-21_10:57:55:872] idVendor = 0bda
05-21 10:57:55.871 464 494 D RIL-DEV :
05-21 10:57:55.872 464 494 D RIL-DEV : [05-21_10:57:55:872] idVendor = 05e3
05-21 10:57:55.872 464 494 D RIL-DEV :
05-21 10:57:55.872 464 494 D RIL-DEV : [05-21_10:57:55:873] idVendor = 1d6b
05-21 10:57:55.872 464 494 D RIL-DEV :
05-21 10:57:55.872 464 494 D RIL-DEV : [05-21_10:57:55:873] idVendor = 1d6b
05-21 10:57:55.872 464 494 D RIL-DEV :
05-21 10:57:55.873 464 494 D RIL-DEV : [05-21_10:57:55:873] idVendor = 0bda
05-21 10:57:55.873 464 494 D RIL-DEV :
05-21 10:57:55.873 464 494 D RIL-DEV : [05-21_10:57:55:874] idVendor = 1d6b
05-21 10:57:55.873 464 494 D RIL-DEV :
05-21 10:57:55.874 464 494 D RIL-DEV : [05-21_10:57:55:874] idVendor = 2109
05-21 10:57:55.874 464 494 D RIL-DEV :
05-21 10:57:55.874 464 494 D RIL-DEV : [05-21_10:57:55:875] idVendor = 2109
05-21 10:57:55.874 464 494 D RIL-DEV :
05-21 10:57:55.874 464 494 D RIL-DEV : [05-21_10:57:55:875] idVendor = 1d6b
05-21 10:57:55.874 464 494 D RIL-DEV :
05-21 10:57:55.875 464 494 D RIL-DEV : [05-21_10:57:55:875] idVendor = 0bda
05-21 10:57:55.875 464 494 D RIL-DEV :
05-21 10:57:55.875 464 494 D RIL-DEV : [05-21_10:57:55:876] idVendor = 2109
05-21 10:57:55.875 464 494 D RIL-DEV :
05-21 10:57:55.875 464 494 E RIL-DEV : Cannot find Meig devices
05-21 10:57:55.875 464 494 I RIL : ---> can't find meig usb devices
05-21 10:57:56.002 1340 1340 W ContextImpl: Calling a method in the system process without a qualified user: android.app.ContextImpl.sendBroadcast:1181 android.content.ContextWrapper.sendBroadcast:479 cn.eben.newweather.DateWeatherService.a:19 cn.eben.newweather.DateWeatherService.a:0 cn.eben.newweather.DateWeatherService$1.handleMessage:7
05-21 11:06:53.425 543 543 I : read descriptors
05-21 11:06:53.425 543 543 I : read strings
05-21 11:06:53.427 1 1 I init : processing action (sys.usb.config=adb && sys.usb.configfs=1 && sys.usb.ffs.ready=1) from (/system/etc/init/hw/init.usb.configfs.rc:20)
05-21 11:06:53.431 1 1 I init : Command 'symlink /config/usb_gadget/g1/functions/ffs.adb /config/usb_gadget/g1/configs/b.1/f1' action=sys.usb.config=adb && sys.usb.configfs=1 && sys.usb.ffs.ready=1 (/system/etc/init/hw/init.usb.configfs.rc:22) took 1ms and failed: symlink() failed: File exists
05-21 11:06:53.432 1 1 I init : Command 'write /config/usb_gadget/g1/UDC ${sys.usb.controller}' action=sys.usb.config=adb && sys.usb.configfs=1 && sys.usb.ffs.ready=1 (/system/etc/init/hw/init.usb.configfs.rc:23) took 0ms and failed: Unable to write to file '/config/usb_gadget/g1/UDC': Unable to write file contents: Device or resource busy
05-21 10:57:57.002 1340 1340 W ContextImpl: Calling a method in the system process without a qualified user: android.app.ContextImpl.sendBroadcast:1181 android.content.ContextWrapper.sendBroadcast:479 cn.eben.newweather.DateWeatherService.a:19 cn.eben.newweather.DateWeatherService.a:0 cn.eben.newweather.DateWeatherService$1.handleMessage:7
05-21 11:06:54.478 543 543 I : read descriptors
05-21 11:06:54.478 543 543 I : read strings
05-21 11:06:54.481 1 1 I init : processing action (sys.usb.config=adb && sys.usb.configfs=1 && sys.usb.ffs.ready=1) from (/system/etc/init/hw/init.usb.configfs.rc:20)
05-21 10:57:57.876 464 494 I RIL : ---> enter mainloop wait at port
05-21 10:57:57.876 464 494 D RIL-DEV : Get modem info
05-21 10:57:57.876 464 494 D RIL-DEV : [05-21_10:57:57:877] idVendor = 0bda
05-21 10:57:57.876 464 494 D RIL-DEV :
05-21 10:57:57.876 464 494 D RIL-DEV : [05-21_10:57:57:877] idVendor = 05e3
05-21 10:57:57.876 464 494 D RIL-DEV :
05-21 10:57:57.877 464 494 D RIL-DEV : [05-21_10:57:57:877] idVendor = 1d6b
05-21 10:57:57.877 464 494 D RIL-DEV :
05-21 10:57:57.877 464 494 D RIL-DEV : [05-21_10:57:57:877] idVendor = 1d6b
05-21 10:57:57.877 464 494 D RIL-DEV :
05-21 10:57:57.877 464 494 D RIL-DEV : [05-21_10:57:57:877] idVendor = 0bda
05-21 10:57:57.877 464 494 D RIL-DEV :
05-21 10:57:57.877 464 494 D RIL-DEV : [05-21_10:57:57:877] idVendor = 1d6b
05-21 10:57:57.877 464 494 D RIL-DEV :
05-21 10:57:57.877 464 494 D RIL-DEV : [05-21_10:57:57:877] idVendor = 2109
05-21 10:57:57.877 464 494 D RIL-DEV :
05-21 10:57:57.877 464 494 D RIL-DEV : [05-21_10:57:57:878] idVendor = 2109
05-21 10:57:57.877 464 494 D RIL-DEV :
05-21 10:57:57.877 464 494 D RIL-DEV : [05-21_10:57:57:878] idVendor = 1d6b
05-21 10:57:57.877 464 494 D RIL-DEV :
05-21 10:57:57.877 464 494 D RIL-DEV : [05-21_10:57:57:878] idVendor = 0bda
05-21 10:57:57.877 464 494 D RIL-DEV :
05-21 10:57:57.878 464 494 D RIL-DEV : [05-21_10:57:57:878] idVendor = 2109
05-21 10:57:57.878 464 494 D RIL-DEV :
05-21 10:57:57.878 464 494 E RIL-DEV : Cannot find Meig devices
05-21 10:57:57.878 464 494 I RIL : ---> can't find meig usb devices
05-21 10:57:58.002 1340 1340 W ContextImpl: Calling a method in the system process without a qualified user: android.app.ContextImpl.sendBroadcast:1181 android.content.ContextWrapper.sendBroadcast:479 cn.eben.newweather.DateWeatherService.a:19 cn.eben.newweather.DateWeatherService.a:0 cn.eben.newweather.DateWeatherService$1.handleMessage:7
05-21 11:06:55.531 543 543 I : read descriptors
05-21 11:06:55.532 543 543 I : read strings
05-21 10:57:58.880 627 945 W ContentProviderHelper: Permission Denial: opening provider com.android.providers.contacts.ContactsProvider2 from ProcessRecord{1933406 1690:cn.eben.sync/u0a44} (pid=1690, uid=10044) requires android.permission.READ_CONTACTS or android.permission.WRITE_CONTACTS
05-21 10:57:59.002 1340 1340 W ContextImpl: Calling a method in the system process without a qualified user: android.app.ContextImpl.sendBroadcast:1181 android.content.ContextWrapper.sendBroadcast:479 cn.eben.newweather.DateWeatherService.a:19 cn.eben.newweather.DateWeatherService.a:0 cn.eben.newweather.DateWeatherService$1.handleMessage:7
05-21 11:06:56.578 543 543 I : read descriptors
05-21 11:06:56.578 543 543 I : read strings
05-21 11:06:56.580 1 1 I init : processing action (sys.usb.config=adb && sys.usb.configfs=1 && sys.usb.ffs.ready=1) from (/system/etc/init/hw/init.usb.configfs.rc:20)
05-21 11:06:56.583 1 1 I init : Command 'symlink /config/usb_gadget/g1/functions/ffs.adb /config/usb_gadget/g1/configs/b.1/f1' action=sys.usb.config=adb && sys.usb.configfs=1 && sys.usb.ffs.ready=1 (/system/etc/init/hw/init.usb.configfs.rc:22) took 0ms and failed: symlink() failed: File exists
05-21 11:06:56.585 1 1 I init : Command 'write /config/usb_gadget/g1/UDC ${sys.usb.controller}' action=sys.usb.config=adb && sys.usb.configfs=1 && sys.usb.ffs.ready=1 (/system/etc/init/hw/init.usb.configfs.rc:23) took 1ms and failed: Unable to write to file '/config/usb_gadget/g1/UDC': Unable to write file contents: Device or resource busy
05-21 10:57:59.878 464 494 I RIL : ---> enter mainloop wait at port
05-21 10:57:59.878 464 494 D RIL-DEV : Get modem info
05-21 10:57:59.879 464 494 D RIL-DEV : [05-21_10:57:59:880] idVendor = 0bda
05-21 10:57:59.879 464 494 D RIL-DEV :
05-21 10:57:59.879 464 494 D RIL-DEV : [05-21_10:57:59:880] idVendor = 05e3
05-21 10:57:59.879 464 494 D RIL-DEV :
05-21 10:57:59.880 464 494 D RIL-DEV : [05-21_10:57:59:880] idVendor = 1d6b
05-21 10:57:59.880 464 494 D RIL-DEV :
05-21 10:57:59.880 464 494 D RIL-DEV : [05-21_10:57:59:881] idVendor = 1d6b
05-21 10:57:59.880 464 494 D RIL-DEV :
05-21 10:57:59.880 464 494 D RIL-DEV : [05-21_10:57:59:881] idVendor = 0bda
05-21 10:57:59.880 464 494 D RIL-DEV :
05-21 10:57:59.881 464 494 D RIL-DEV : [05-21_10:57:59:882] idVendor = 1d6b
05-21 10:57:59.881 464 494 D RIL-DEV :
05-21 10:57:59.881 464 494 D RIL-DEV : [05-21_10:57:59:882] idVendor = 2109
05-21 10:57:59.881 464 494 D RIL-DEV :
05-21 10:57:59.882 464 494 D RIL-DEV : [05-21_10:57:59:882] idVendor = 2109
05-21 10:57:59.882 464 494 D RIL-DEV :
05-21 10:57:59.882 464 494 D RIL-DEV : [05-21_10:57:59:882] idVendor = 1d6b
05-21 10:57:59.882 464 494 D RIL-DEV :
05-21 10:57:59.882 464 494 D RIL-DEV : [05-21_10:57:59:883] idVendor = 0bda
05-21 10:57:59.882 464 494 D RIL-DEV :
05-21 10:57:59.883 464 494 D RIL-DEV : [05-21_10:57:59:883] idVendor = 2109
05-21 10:57:59.883 464 494 D RIL-DEV :
05-21 10:57:59.883 464 494 E RIL-DEV : Cannot find Meig devices
05-21 10:57:59.883 464 494 I RIL : ---> can't find meig usb devices
05-21 10:58:00.002 1340 1340 W ContextImpl: Calling a method in the system process without a qualified user: android.app.ContextImpl.sendBroadcast:1181 android.content.ContextWrapper.sendBroadcast:479 cn.eben.newweather.DateWeatherService.a:19 cn.eben.newweather.DateWeatherService.a:0 cn.eben.newweather.DateWeatherService$1.handleMessage:7
05-21 11:06:57.628 543 543 I : read descriptors
05-21 11:06:57.628 543 543 I : read strings
05-21 11:06:57.630 1 1 I init : processing action (sys.usb.config=adb && sys.usb.configfs=1 && sys.usb.ffs.ready=1) from (/system/etc/init/hw/init.usb.configfs.rc:20)
05-21 11:06:57.635 1 1 I init : Command 'symlink /config/usb_gadget/g1/functions/ffs.adb /config/usb_gadget/g1/configs/b.1/f1' action=sys.usb.config=adb && sys.usb.configfs=1 && sys.usb.ffs.ready=1 (/system/etc/init/hw/init.usb.configfs.rc:22) took 1ms and failed: symlink() failed: File exists
05-21 11:06:57.636 1 1 I init : Command 'write /config/usb_gadget/g1/UDC ${sys.usb.controller}' action=sys.usb.config=adb && sys.usb.configfs=1 && sys.usb.ffs.ready=1 (/system/etc/init/hw/init.usb.configfs.rc:23) took 1ms and failed: Unable to write to file '/config/usb_gadget/g1/UDC': Unable to write file contents: Device or resource busy
05-21 11:06:57.643 440 440 W healthd : battery l=90 v=8710 t=28.0 h=1 st=2 c=1088000 fc=9700000 cc=10 chg=u
05-21 10:58:01.002 1340 1340 W ContextImpl: Calling a method in the system process without a qualified user: android.app.ContextImpl.sendBroadcast:1181 android.content.ContextWrapper.sendBroadcast:479 cn.eben.newweather.DateWeatherService.a:19 cn.eben.newweather.DateWeatherService.a:0 cn.eben.newweather.DateWeatherService$1.handleMessage:7
05-21 11:06:58.691 543 543 I : read descriptors
05-21 11:06:58.691 543 543 I : read strings
05-21 11:06:58.693 1 1 I init : processing action (sys.usb.config=adb && sys.usb.configfs=1 && sys.usb.ffs.ready=1) from (/system/etc/init/hw/init.usb.configfs.rc:20)
05-21 11:06:58.696 1 1 I init : Command 'symlink /config/usb_gadget/g1/functions/ffs.adb /config/usb_gadget/g1/configs/b.1/f1' action=sys.usb.config=adb && sys.usb.configfs=1 && sys.usb.ffs.ready=1 (/system/etc/init/hw/init.usb.configfs.rc:22) took 0ms and failed: symlink() failed: File exists
05-21 11:06:58.698 1 1 I init : Command 'write /config/usb_gadget/g1/UDC ${sys.usb.controller}' action=sys.usb.config=adb && sys.usb.configfs=1 && sys.usb.ffs.ready=1 (/system/etc/init/hw/init.usb.configfs.rc:23) took 1ms and failed: Unable to write to file '/config/usb_gadget/g1/UDC': Unable to write file contents: Device or resource busy
05-21 10:58:01.883 464 494 I RIL : ---> enter mainloop wait at port
05-21 10:58:01.883 464 494 D RIL-DEV : Get modem info
05-21 10:58:01.884 464 494 D RIL-DEV : [05-21_10:58:01:884] idVendor = 0bda
05-21 10:58:01.884 464 494 D RIL-DEV :
05-21 10:58:01.884 464 494 D RIL-DEV : [05-21_10:58:01:884] idVendor = 05e3
05-21 10:58:01.884 464 494 D RIL-DEV :
05-21 10:58:01.884 464 494 D RIL-DEV : [05-21_10:58:01:885] idVendor = 1d6b
05-21 10:58:01.884 464 494 D RIL-DEV :
05-21 10:58:01.884 464 494 D RIL-DEV : [05-21_10:58:01:885] idVendor = 1d6b
05-21 10:58:01.884 464 494 D RIL-DEV :
05-21 10:58:01.884 464 494 D RIL-DEV : [05-21_10:58:01:885] idVendor = 0bda
05-21 10:58:01.884 464 494 D RIL-DEV :
05-21 10:58:01.885 464 494 D RIL-DEV : [05-21_10:58:01:885] idVendor = 1d6b
05-21 10:58:01.885 464 494 D RIL-DEV :
05-21 10:58:01.885 464 494 D RIL-DEV : [05-21_10:58:01:885] idVendor = 2109
05-21 10:58:01.885 464 494 D RIL-DEV :
05-21 10:58:01.885 464 494 D RIL-DEV : [05-21_10:58:01:885] idVendor = 2109
05-21 10:58:01.885 464 494 D RIL-DEV :
05-21 10:58:01.885 464 494 D RIL-DEV : [05-21_10:58:01:886] idVendor = 1d6b
05-21 10:58:01.885 464 494 D RIL-DEV :
05-21 10:58:01.885 464 494 D RIL-DEV : [05-21_10:58:01:886] idVendor = 0bda
05-21 10:58:01.885 464 494 D RIL-DEV :
05-21 10:58:01.885 464 494 D RIL-DEV : [05-21_10:58:01:886] idVendor = 2109
05-21 10:58:01.885 464 494 D RIL-DEV :
05-21 10:58:01.885 464 494 E RIL-DEV : Cannot find Meig devices
05-21 10:58:01.886 464 494 I RIL : ---> can't find meig usb devices
05-21 10:58:02.002 1340 1340 W ContextImpl: Calling a method in the system process without a qualified user: android.app.ContextImpl.sendBroadcast:1181 android.content.ContextWrapper.sendBroadcast:479 cn.eben.newweather.DateWeatherService.a:19 cn.eben.newweather.DateWeatherService.a:0 cn.eben.newweather.DateWeatherService$1.handleMessage:7
05-21 11:06:59.741 543 543 I : read descriptors
05-21 11:06:59.741 543 543 I : read strings
05-21 11:06:59.744 1 1 I init : processing action (sys.usb.config=adb && sys.usb.configfs=1 && sys.usb.ffs.ready=1) from (/system/etc/init/hw/init.usb.configfs.rc:20)
05-21 10:58:03.002 1340 1340 W ContextImpl: Calling a method in the system process without a qualified user: android.app.ContextImpl.sendBroadcast:1181 android.content.ContextWrapper.sendBroadcast:479 cn.eben.newweather.DateWeatherService.a:19 cn.eben.newweather.DateWeatherService.a:0 cn.eben.newweather.DateWeatherService$1.handleMessage:7
05-21 10:58:03.886 627 945 W ContentProviderHelper: Permission Denial: opening provider com.android.providers.contacts.ContactsProvider2 from ProcessRecord{1933406 1690:cn.eben.sync/u0a44} (pid=1690, uid=10044) requires android.permission.READ_CONTACTS or android.permission.WRITE_CONTACTS
05-21 10:58:03.886 464 494 I RIL : ---> enter mainloop wait at port
05-21 10:58:03.886 464 494 D RIL-DEV : Get modem info
05-21 10:58:03.887 464 494 D RIL-DEV : [05-21_10:58:03:887] idVendor = 0bda
05-21 10:58:03.887 464 494 D RIL-DEV :
05-21 10:58:03.887 464 494 D RIL-DEV : [05-21_10:58:03:888] idVendor = 05e3
05-21 10:58:03.887 464 494 D RIL-DEV :
05-21 10:58:03.888 464 494 D RIL-DEV : [05-21_10:58:03:888] idVendor = 1d6b
05-21 10:58:03.888 464 494 D RIL-DEV :
05-21 10:58:03.888 464 494 D RIL-DEV : [05-21_10:58:03:888] idVendor = 1d6b
05-21 10:58:03.888 464 494 D RIL-DEV :
05-21 10:58:03.888 464 494 D RIL-DEV : [05-21_10:58:03:889] idVendor = 0bda
05-21 10:58:03.888 464 494 D RIL-DEV :
05-21 10:58:03.889 464 494 D RIL-DEV : [05-21_10:58:03:889] idVendor = 1d6b
05-21 10:58:03.889 464 494 D RIL-DEV :
05-21 10:58:03.889 464 494 D RIL-DEV : [05-21_10:58:03:889] idVendor = 2109
05-21 10:58:03.889 464 494 D RIL-DEV :
05-21 10:58:03.889 464 494 D RIL-DEV : [05-21_10:58:03:890] idVendor = 2109
05-21 10:58:03.889 464 494 D RIL-DEV :
05-21 10:58:03.890 464 494 D RIL-DEV : [05-21_10:58:03:890] idVendor = 1d6b
05-21 10:58:03.890 464 494 D RIL-DEV :
05-21 10:58:03.890 464 494 D RIL-DEV : [05-21_10:58:03:890] idVendor = 0bda
05-21 10:58:03.890 464 494 D RIL-DEV :
05-21 10:58:03.890 464 494 D RIL-DEV : [05-21_10:58:03:891] idVendor = 2109
05-21 10:58:03.890 464 494 D RIL-DEV :
05-21 10:58:03.891 464 494 E RIL-DEV : Cannot find Meig devices
05-21 10:58:03.891 464 494 I RIL : ---> can't find meig usb devices
05-21 11:07:00.785 543 543 I : read descriptors
05-21 11:07:00.785 543 543 I : read strings
05-21 10:58:04.001 1340 1340 W ContextImpl: Calling a method in the system process without a qualified user: android.app.ContextImpl.sendBroadcast:1181 android.content.ContextWrapper.sendBroadcast:479 cn.eben.newweather.DateWeatherService.a:19 cn.eben.newweather.DateWeatherService.a:0 cn.eben.newweather.DateWeatherService$1.handleMessage:7
05-21 10:58:05.001 1340 1340 W ContextImpl: Calling a method in the system process without a qualified user: android.app.ContextImpl.sendBroadcast:1181 android.content.ContextWrapper.sendBroadcast:479 cn.eben.newweather.DateWeatherService.a:19 cn.eben.newweather.DateWeatherService.a:0 cn.eben.newweather.DateWeatherService$1.handleMessage:7
05-21 11:07:01.831 543 543 I : read descriptors
05-21 11:07:01.831 543 543 I : read strings
05-21 11:07:01.833 1 1 I init : processing action (sys.usb.config=adb && sys.usb.configfs=1 && sys.usb.ffs.ready=1) from (/system/etc/init/hw/init.usb.configfs.rc:20)
05-21 11:07:01.839 1 1 I init : Command 'symlink /config/usb_gadget/g1/functions/ffs.adb /config/usb_gadget/g1/configs/b.1/f1' action=sys.usb.config=adb && sys.usb.configfs=1 && sys.usb.ffs.ready=1 (/system/etc/init/hw/init.usb.configfs.rc:22) took 0ms and failed: symlink() failed: File exists
05-21 11:07:01.840 1 1 I init : Command 'write /config/usb_gadget/g1/UDC ${sys.usb.controller}' action=sys.usb.config=adb && sys.usb.configfs=1 && sys.usb.ffs.ready=1 (/system/etc/init/hw/init.usb.configfs.rc:23) took 0ms and failed: Unable to write to file '/config/usb_gadget/g1/UDC': Unable to write file contents: Device or resource busy
05-21 10:58:05.891 464 494 I RIL : ---> enter mainloop wait at port
05-21 10:58:05.891 464 494 D RIL-DEV : Get modem info
05-21 10:58:05.892 464 494 D RIL-DEV : [05-21_10:58:05:893] idVendor = 0bda
05-21 10:58:05.892 464 494 D RIL-DEV :
05-21 10:58:05.893 464 494 D RIL-DEV : [05-21_10:58:05:893] idVendor = 05e3
05-21 10:58:05.893 464 494 D RIL-DEV :
05-21 10:58:05.893 464 494 D RIL-DEV : [05-21_10:58:05:893] idVendor = 1d6b
05-21 10:58:05.893 464 494 D RIL-DEV :
05-21 10:58:05.893 464 494 D RIL-DEV : [05-21_10:58:05:894] idVendor = 1d6b
05-21 10:58:05.893 464 494 D RIL-DEV :
05-21 10:58:05.893 464 494 D RIL-DEV : [05-21_10:58:05:894] idVendor = 0bda
05-21 10:58:05.893 464 494 D RIL-DEV :
05-21 10:58:05.894 464 494 D RIL-DEV : [05-21_10:58:05:895] idVendor = 1d6b
05-21 10:58:05.894 464 494 D RIL-DEV :
05-21 10:58:05.894 464 494 D RIL-DEV : [05-21_10:58:05:895] idVendor = 2109
05-21 10:58:05.894 464 494 D RIL-DEV :
05-21 10:58:05.895 464 494 D RIL-DEV : [05-21_10:58:05:895] idVendor = 2109
05-21 10:58:05.895 464 494 D RIL-DEV :
05-21 10:58:05.895 464 494 D RIL-DEV : [05-21_10:58:05:895] idVendor = 1d6b
05-21 10:58:05.895 464 494 D RIL-DEV :
05-21 10:58:05.895 464 494 D RIL-DEV : [05-21_10:58:05:896] idVendor = 0bda
05-21 10:58:05.895 464 494 D RIL-DEV :
05-21 10:58:05.896 464 494 D RIL-DEV : [05-21_10:58:05:896] idVendor = 2109
05-21 10:58:05.896 464 494 D RIL-DEV :
05-21 10:58:05.896 464 494 E RIL-DEV : Cannot find Meig devices
05-21 10:58:05.896 464 494 I RIL : ---> can't find meig usb devices
05-21 10:58:06.002 1340 1340 W ContextImpl: Calling a method in the system process without a qualified user: android.app.ContextImpl.sendBroadcast:1181 android.content.ContextWrapper.sendBroadcast:479 cn.eben.newweather.DateWeatherService.a:19 cn.eben.newweather.DateWeatherService.a:0 cn.eben.newweather.DateWeatherService$1.handleMessage:7
05-21 11:07:02.895 543 543 I : read descriptors
05-21 11:07:02.895 543 543 I : read strings
05-21 11:07:02.897 1 1 I init : processing action (sys.usb.config=adb && sys.usb.configfs=1 && sys.usb.ffs.ready=1) from (/system/etc/init/hw/init.usb.configfs.rc:20)
05-21 11:07:02.900 1 1 I init : Command 'symlink /config/usb_gadget/g1/functions/ffs.adb /config/usb_gadget/g1/configs/b.1/f1' action=sys.usb.config=adb && sys.usb.configfs=1 && sys.usb.ffs.ready=1 (/system/etc/init/hw/init.usb.configfs.rc:22) took 1ms and failed: symlink() failed: File exists
05-21 11:07:02.902 1 1 I init : Command 'write /config/usb_gadget/g1/UDC ${sys.usb.controller}' action=sys.usb.config=adb && sys.usb.configfs=1 && sys.usb.ffs.ready=1 (/system/etc/init/hw/init.usb.configfs.rc:23) took 0ms and failed: Unable to write to file '/config/usb_gadget/g1/UDC': Unable to write file contents: Device or resource busy
05-21 10:58:07.002 1340 1340 W ContextImpl: Calling a method in the system process without a qualified user: android.app.ContextImpl.sendBroadcast:1181 android.content.ContextWrapper.sendBroadcast:479 cn.eben.newweather.DateWeatherService.a:19 cn.eben.newweather.DateWeatherService.a:0 cn.eben.newweather.DateWeatherService$1.handleMessage:7
05-21 11:07:03.965 543 543 I : read descriptors
05-21 11:07:03.965 543 543 I : read strings
05-21 11:07:03.967 1 1 I init : processing action (sys.usb.config=adb && sys.usb.configfs=1 && sys.usb.ffs.ready=1) from (/system/etc/init/hw/init.usb.configfs.rc:20)
05-21 11:07:03.970 1 1 I init : Command 'symlink /config/usb_gadget/g1/functions/ffs.adb /config/usb_gadget/g1/configs/b.1/f1' action=sys.usb.config=adb && sys.usb.configfs=1 && sys.usb.ffs.ready=1 (/system/etc/init/hw/init.usb.configfs.rc:22) took 1ms and failed: symlink() failed: File exists
05-21 11:07:03.972 1 1 I init : Command 'write /config/usb_gadget/g1/UDC ${sys.usb.controller}' action=sys.usb.config=adb && sys.usb.configfs=1 && sys.usb.ffs.ready=1 (/system/etc/init/hw/init.usb.configfs.rc:23) took 1ms and failed: Unable to write to file '/config/usb_gadget/g1/UDC': Unable to write file contents: Device or resource busy
05-21 10:58:07.897 464 494 I RIL : ---> enter mainloop wait at port
05-21 10:58:07.897 464 494 D RIL-DEV : Get modem info
05-21 10:58:07.898 464 494 D RIL-DEV : [05-21_10:58:07:898] idVendor = 0bda
05-21 10:58:07.898 464 494 D RIL-DEV :
05-21 10:58:07.898 464 494 D RIL-DEV : [05-21_10:58:07:898] idVendor = 05e3
05-21 10:58:07.898 464 494 D RIL-DEV :
05-21 10:58:07.898 464 494 D RIL-DEV : [05-21_10:58:07:899] idVendor = 1d6b
05-21 10:58:07.898 464 494 D RIL-DEV :
05-21 10:58:07.899 464 494 D RIL-DEV : [05-21_10:58:07:899] idVendor = 1d6b
05-21 10:58:07.899 464 494 D RIL-DEV :
05-21 10:58:07.899 464 494 D RIL-DEV : [05-21_10:58:07:899] idVendor = 0bda
05-21 10:58:07.899 464 494 D RIL-DEV :
05-21 10:58:07.899 464 494 D RIL-DEV : [05-21_10:58:07:900] idVendor = 1d6b
05-21 10:58:07.899 464 494 D RIL-DEV :
05-21 10:58:07.900 464 494 D RIL-DEV : [05-21_10:58:07:900] idVendor = 2109
05-21 10:58:07.900 464 494 D RIL-DEV :
05-21 10:58:07.900 464 494 D RIL-DEV : [05-21_10:58:07:901] idVendor = 2109
05-21 10:58:07.900 464 494 D RIL-DEV :
05-21 10:58:07.900 464 494 D RIL-DEV : [05-21_10:58:07:901] idVendor = 1d6b
05-21 10:58:07.900 464 494 D RIL-DEV :
05-21 10:58:07.901 464 494 D RIL-DEV : [05-21_10:58:07:901] idVendor = 0bda
05-21 10:58:07.901 464 494 D RIL-DEV :
05-21 10:58:07.901 464 494 D RIL-DEV : [05-21_10:58:07:902] idVendor = 2109
05-21 10:58:07.901 464 494 D RIL-DEV :
05-21 10:58:07.901 464 494 E RIL-DEV : Cannot find Meig devices
05-21 10:58:07.901 464 494 I RIL : ---> can't find meig usb devices
05-21 10:58:08.002 1340 1340 W ContextImpl: Calling a method in the system process without a qualified user: android.app.ContextImpl.sendBroadcast:1181 android.content.ContextWrapper.sendBroadcast:479 cn.eben.newweather.DateWeatherService.a:19 cn.eben.newweather.DateWeatherService.a:0 cn.eben.newweather.DateWeatherService$1.handleMessage:7
05-21 11:07:05.041 543 543 I : read descriptors
05-21 11:07:05.041 543 543 I : read strings
05-21 11:07:05.045 1 1 I init : processing action (sys.usb.config=adb && sys.usb.configfs=1 && sys.usb.ffs.ready=1) from (/system/etc/init/hw/init.usb.configfs.rc:20)
05-21 10:58:08.891 627 945 W ContentProviderHelper: Permission Denial: opening provider com.android.providers.contacts.ContactsProvider2 from ProcessRecord{1933406 1690:cn.eben.sync/u0a44} (pid=1690, uid=10044) requires android.permission.READ_CONTACTS or android.permission.WRITE_CONTACTS
05-21 10:58:09.002 1340 1340 W ContextImpl: Calling a method in the system process without a qualified user: android.app.ContextImpl.sendBroadcast:1181 android.content.ContextWrapper.sendBroadcast:479 cn.eben.newweather.DateWeatherService.a:19 cn.eben.newweather.DateWeatherService.a:0 cn.eben.newweather.DateWeatherService$1.handleMessage:7
05-21 11:07:06.078 543 543 I : read descriptors
05-21 11:07:06.078 543 543 I : read strings
05-21 10:58:09.902 464 494 I RIL : ---> enter mainloop wait at port
05-21 10:58:09.902 464 494 D RIL-DEV : Get modem info
05-21 10:58:09.903 464 494 D RIL-DEV : [05-21_10:58:09:903] idVendor = 0bda
05-21 10:58:09.903 464 494 D RIL-DEV :
05-21 10:58:09.903 464 494 D RIL-DEV : [05-21_10:58:09:904] idVendor = 05e3
05-21 10:58:09.903 464 494 D RIL-DEV :
05-21 10:58:09.904 464 494 D RIL-DEV : [05-21_10:58:09:904] idVendor = 1d6b
05-21 10:58:09.904 464 494 D RIL-DEV :
05-21 10:58:09.904 464 494 D RIL-DEV : [05-21_10:58:09:904] idVendor = 1d6b
05-21 10:58:09.904 464 494 D RIL-DEV :
05-21 10:58:09.904 464 494 D RIL-DEV : [05-21_10:58:09:905] idVendor = 0bda
05-21 10:58:09.904 464 494 D RIL-DEV :
05-21 10:58:09.905 464 494 D RIL-DEV : [05-21_10:58:09:905] idVendor = 1d6b
05-21 10:58:09.905 464 494 D RIL-DEV :
05-21 10:58:09.905 464 494 D RIL-DEV : [05-21_10:58:09:905] idVendor = 2109
05-21 10:58:09.905 464 494 D RIL-DEV :
05-21 10:58:09.905 464 494 D RIL-DEV : [05-21_10:58:09:906] idVendor = 2109
05-21 10:58:09.905 464 494 D RIL-DEV :
05-21 10:58:09.906 464 494 D RIL-DEV : [05-21_10:58:09:906] idVendor = 1d6b
05-21 10:58:09.906 464 494 D RIL-DEV :
05-21 10:58:09.906 464 494 D RIL-DEV : [05-21_10:58:09:907] idVendor = 0bda
05-21 10:58:09.906 464 494 D RIL-DEV :
05-21 10:58:09.906 464 494 D RIL-DEV : [05-21_10:58:09:907] idVendor = 2109
05-21 10:58:09.906 464 494 D RIL-DEV :
05-21 10:58:09.907 464 494 E RIL-DEV : Cannot find Meig devices
05-21 10:58:09.907 464 494 I RIL : ---> can't find meig usb devices
05-21 10:58:10.002 1340 1340 W ContextImpl: Calling a method in the system process without a qualified user: android.app.ContextImpl.sendBroadcast:1181 android.content.ContextWrapper.sendBroadcast:479 cn.eben.newweather.DateWeatherService.a:19 cn.eben.newweather.DateWeatherService.a:0 cn.eben.newweather.DateWeatherService$1.handleMessage:7
05-21 11:07:07.131 543 543 I : read descriptors
05-21 11:07:07.131 543 543 I : read strings
05-21 11:07:07.134 1 1 I init : processing action (sys.usb.config=adb && sys.usb.configfs=1 && sys.usb.ffs.ready=1) from (/system/etc/init/hw/init.usb.configfs.rc:20)
05-21 11:07:07.136 1 1 I init : Command 'symlink /config/usb_gadget/g1/functions/ffs.adb /config/usb_gadget/g1/configs/b.1/f1' action=sys.usb.config=adb && sys.usb.configfs=1 && sys.usb.ffs.ready=1 (/system/etc/init/hw/init.usb.configfs.rc:22) took 0ms and failed: symlink() failed: File exists
05-21 11:07:07.136 1 1 I init : Command 'write /config/usb_gadget/g1/UDC ${sys.usb.controller}' action=sys.usb.config=adb && sys.usb.configfs=1 && sys.usb.ffs.ready=1 (/system/etc/init/hw/init.usb.configfs.rc:23) took 0ms and failed: Unable to write to file '/config/usb_gadget/g1/UDC': Unable to write file contents: Device or resource busy
05-21 10:58:10.535 627 704 D ActivityManager: freezing 4552 com.android.webview:webview_service
05-21 10:58:10.536 627 704 D ActivityManager: froze 4552 com.android.webview:webview_service
05-21 10:58:11.001 1340 1340 W ContextImpl: Calling a method in the system process without a qualified user: android.app.ContextImpl.sendBroadcast:1181 android.content.ContextWrapper.sendBroadcast:479 cn.eben.newweather.DateWeatherService.a:19 cn.eben.newweather.DateWeatherService.a:0 cn.eben.newweather.DateWeatherService$1.handleMessage:7
05-21 11:07:08.178 543 543 I : read descriptors
05-21 11:07:08.178 543 543 I : read strings
05-21 11:07:08.180 1 1 I init : processing action (sys.usb.config=adb && sys.usb.configfs=1 && sys.usb.ffs.ready=1) from (/system/etc/init/hw/init.usb.configfs.rc:20)
05-21 11:07:08.183 1 1 I init : Command 'symlink /config/usb_gadget/g1/functions/ffs.adb /config/usb_gadget/g1/configs/b.1/f1' action=sys.usb.config=adb && sys.usb.configfs=1 && sys.usb.ffs.ready=1 (/system/etc/init/hw/init.usb.configfs.rc:22) took 1ms and failed: symlink() failed: File exists
05-21 11:07:08.185 1 1 I init : Command 'write /config/usb_gadget/g1/UDC ${sys.usb.controller}' action=sys.usb.config=adb && sys.usb.configfs=1 && sys.usb.ffs.ready=1 (/system/etc/init/hw/init.usb.configfs.rc:23) took 1ms and failed: Unable to write to file '/config/usb_gadget/g1/UDC': Unable to write file contents: Device or resource busy
05-21 10:58:11.907 464 494 I RIL : ---> enter mainloop wait at port
05-21 10:58:11.907 464 494 D RIL-DEV : Get modem info
05-21 10:58:11.908 464 494 D RIL-DEV : [05-21_10:58:11:909] idVendor = 0bda
05-21 10:58:11.908 464 494 D RIL-DEV :
05-21 10:58:11.909 464 494 D RIL-DEV : [05-21_10:58:11:909] idVendor = 05e3
05-21 10:58:11.909 464 494 D RIL-DEV :
05-21 10:58:11.909 464 494 D RIL-DEV : [05-21_10:58:11:909] idVendor = 1d6b
05-21 10:58:11.909 464 494 D RIL-DEV :
05-21 10:58:11.909 464 494 D RIL-DEV : [05-21_10:58:11:910] idVendor = 1d6b
05-21 10:58:11.909 464 494 D RIL-DEV :
05-21 10:58:11.910 464 494 D RIL-DEV : [05-21_10:58:11:910] idVendor = 0bda
05-21 10:58:11.910 464 494 D RIL-DEV :
05-21 10:58:11.910 464 494 D RIL-DEV : [05-21_10:58:11:910] idVendor = 1d6b
05-21 10:58:11.910 464 494 D RIL-DEV :
05-21 10:58:11.910 464 494 D RIL-DEV : [05-21_10:58:11:911] idVendor = 2109
05-21 10:58:11.910 464 494 D RIL-DEV :
05-21 10:58:11.911 464 494 D RIL-DEV : [05-21_10:58:11:911] idVendor = 2109
05-21 10:58:11.911 464 494 D RIL-DEV :
05-21 10:58:11.911 464 494 D RIL-DEV : [05-21_10:58:11:912] idVendor = 1d6b
05-21 10:58:11.911 464 494 D RIL-DEV :
05-21 10:58:11.911 464 494 D RIL-DEV : [05-21_10:58:11:912] idVendor = 0bda
05-21 10:58:11.911 464 494 D RIL-DEV :
05-21 10:58:11.912 464 494 D RIL-DEV : [05-21_10:58:11:912] idVendor = 2109
05-21 10:58:11.912 464 494 D RIL-DEV :
05-21 10:58:11.912 464 494 E RIL-DEV : Cannot find Meig devices
05-21 10:58:11.912 464 494 I RIL : ---> can't find meig usb devices
05-21 10:58:12.003 1340 1340 W ContextImpl: Calling a method in the system process without a qualified user: android.app.ContextImpl.sendBroadcast:1181 android.content.ContextWrapper.sendBroadcast:479 cn.eben.newweather.DateWeatherService.a:19 cn.eben.newweather.DateWeatherService.a:0 cn.eben.newweather.DateWeatherService$1.handleMessage:7
05-21 11:07:09.235 543 543 I : read descriptors
05-21 11:07:09.235 543 543 I : read strings
05-21 11:07:09.238 1 1 I init : processing action (sys.usb.config=adb && sys.usb.configfs=1 && sys.usb.ffs.ready=1) from (/system/etc/init/hw/init.usb.configfs.rc:20)
05-21 11:07:09.239 1 1 I init : Command 'symlink /config/usb_gadget/g1/functions/ffs.adb /config/usb_gadget/g1/configs/b.1/f1' action=sys.usb.config=adb && sys.usb.configfs=1 && sys.usb.ffs.ready=1 (/system/etc/init/hw/init.usb.configfs.rc:22) took 0ms and failed: symlink() failed: File exists
