05-21 11:10:01.525 543 543 I : read strings
05-21 11:10:01.528 1 1 I init : processing action (sys.usb.config=adb && sys.usb.configfs=1 && sys.usb.ffs.ready=1) from (/system/etc/init/hw/init.usb.configfs.rc:20)
05-21 11:10:01.530 1 1 I init : Command 'symlink /config/usb_gadget/g1/functions/ffs.adb /config/usb_gadget/g1/configs/b.1/f1' action=sys.usb.config=adb && sys.usb.configfs=1 && sys.usb.ffs.ready=1 (/system/etc/init/hw/init.usb.configfs.rc:22) took 0ms and failed: symlink() failed: File exists
05-21 11:10:01.531 1 1 I init : Command 'write /config/usb_gadget/g1/UDC ${sys.usb.controller}' action=sys.usb.config=adb && sys.usb.configfs=1 && sys.usb.ffs.ready=1 (/system/etc/init/hw/init.usb.configfs.rc:23) took 0ms and failed: Unable to write to file '/config/usb_gadget/g1/UDC': Unable to write file contents: Device or resource busy
05-21 11:01:05.002 1340 1340 W ContextImpl: Calling a method in the system process without a qualified user: android.app.ContextImpl.sendBroadcast:1181 android.content.ContextWrapper.sendBroadcast:479 cn.eben.newweather.DateWeatherService.a:19 cn.eben.newweather.DateWeatherService.a:0 cn.eben.newweather.DateWeatherService$1.handleMessage:7
05-21 11:10:02.574 543 543 I : read descriptors
05-21 11:10:02.575 543 543 I : read strings
05-21 11:10:02.578 1 1 I init : processing action (sys.usb.config=adb && sys.usb.configfs=1 && sys.usb.ffs.ready=1) from (/system/etc/init/hw/init.usb.configfs.rc:20)
05-21 11:10:02.580 1 1 I init : Command 'symlink /config/usb_gadget/g1/functions/ffs.adb /config/usb_gadget/g1/configs/b.1/f1' action=sys.usb.config=adb && sys.usb.configfs=1 && sys.usb.ffs.ready=1 (/system/etc/init/hw/init.usb.configfs.rc:22) took 0ms and failed: symlink() failed: File exists
05-21 11:10:02.581 1 1 I init : Command 'write /config/usb_gadget/g1/UDC ${sys.usb.controller}' action=sys.usb.config=adb && sys.usb.configfs=1 && sys.usb.ffs.ready=1 (/system/etc/init/hw/init.usb.configfs.rc:23) took 0ms and failed: Unable to write to file '/config/usb_gadget/g1/UDC': Unable to write file contents: Device or resource busy
05-21 11:01:06.003 1340 1340 W ContextImpl: Calling a method in the system process without a qualified user: android.app.ContextImpl.sendBroadcast:1181 android.content.ContextWrapper.sendBroadcast:479 cn.eben.newweather.DateWeatherService.a:19 cn.eben.newweather.DateWeatherService.a:0 cn.eben.newweather.DateWeatherService$1.handleMessage:7
05-21 11:01:06.374 464 494 I RIL : ---> enter mainloop wait at port
05-21 11:01:06.374 464 494 D RIL-DEV : Get modem info
05-21 11:01:06.375 464 494 D RIL-DEV : [05-21_11:01:06:375] idVendor = 0bda
05-21 11:01:06.375 464 494 D RIL-DEV :
05-21 11:01:06.375 464 494 D RIL-DEV : [05-21_11:01:06:376] idVendor = 05e3
05-21 11:01:06.375 464 494 D RIL-DEV :
05-21 11:01:06.376 464 494 D RIL-DEV : [05-21_11:01:06:376] idVendor = 1d6b
05-21 11:01:06.376 464 494 D RIL-DEV :
05-21 11:01:06.376 464 494 D RIL-DEV : [05-21_11:01:06:376] idVendor = 1d6b
05-21 11:01:06.376 464 494 D RIL-DEV :
05-21 11:01:06.376 464 494 D RIL-DEV : [05-21_11:01:06:377] idVendor = 0bda
05-21 11:01:06.376 464 494 D RIL-DEV :
05-21 11:01:06.377 464 494 D RIL-DEV : [05-21_11:01:06:377] idVendor = 1d6b
05-21 11:01:06.377 464 494 D RIL-DEV :
05-21 11:01:06.377 464 494 D RIL-DEV : [05-21_11:01:06:378] idVendor = 2109
05-21 11:01:06.377 464 494 D RIL-DEV :
05-21 11:01:06.378 464 494 D RIL-DEV : [05-21_11:01:06:378] idVendor = 2109
05-21 11:01:06.378 464 494 D RIL-DEV :
05-21 11:01:06.378 464 494 D RIL-DEV : [05-21_11:01:06:378] idVendor = 1d6b
05-21 11:01:06.378 464 494 D RIL-DEV :
05-21 11:01:06.378 464 494 D RIL-DEV : [05-21_11:01:06:379] idVendor = 0bda
05-21 11:01:06.378 464 494 D RIL-DEV :
05-21 11:01:06.379 464 494 D RIL-DEV : [05-21_11:01:06:379] idVendor = 2109
05-21 11:01:06.379 464 494 D RIL-DEV :
05-21 11:01:06.379 464 494 E RIL-DEV : Cannot find Meig devices
05-21 11:01:06.379 464 494 I RIL : ---> can't find meig usb devices
05-21 11:10:03.628 543 543 I : read descriptors
05-21 11:10:03.628 543 543 I : read strings
05-21 11:10:03.631 1 1 I init : processing action (sys.usb.config=adb && sys.usb.configfs=1 && sys.usb.ffs.ready=1) from (/system/etc/init/hw/init.usb.configfs.rc:20)
05-21 11:01:07.002 1340 1340 W ContextImpl: Calling a method in the system process without a qualified user: android.app.ContextImpl.sendBroadcast:1181 android.content.ContextWrapper.sendBroadcast:479 cn.eben.newweather.DateWeatherService.a:19 cn.eben.newweather.DateWeatherService.a:0 cn.eben.newweather.DateWeatherService$1.handleMessage:7
05-21 11:10:04.684 543 543 I : read descriptors
05-21 11:10:04.685 543 543 I : read strings
05-21 11:01:08.001 1340 1340 W ContextImpl: Calling a method in the system process without a qualified user: android.app.ContextImpl.sendBroadcast:1181 android.content.ContextWrapper.sendBroadcast:479 cn.eben.newweather.DateWeatherService.a:19 cn.eben.newweather.DateWeatherService.a:0 cn.eben.newweather.DateWeatherService$1.handleMessage:7
05-21 11:01:08.379 464 494 I RIL : ---> enter mainloop wait at port
05-21 11:01:08.379 464 494 D RIL-DEV : Get modem info
05-21 11:01:08.380 464 494 D RIL-DEV : [05-21_11:01:08:381] idVendor = 0bda
05-21 11:01:08.380 464 494 D RIL-DEV :
05-21 11:01:08.381 464 494 D RIL-DEV : [05-21_11:01:08:381] idVendor = 05e3
05-21 11:01:08.381 464 494 D RIL-DEV :
05-21 11:01:08.381 464 494 D RIL-DEV : [05-21_11:01:08:382] idVendor = 1d6b
05-21 11:01:08.381 464 494 D RIL-DEV :
05-21 11:01:08.381 464 494 D RIL-DEV : [05-21_11:01:08:382] idVendor = 1d6b
05-21 11:01:08.381 464 494 D RIL-DEV :
05-21 11:01:08.382 464 494 D RIL-DEV : [05-21_11:01:08:382] idVendor = 0bda
05-21 11:01:08.382 464 494 D RIL-DEV :
05-21 11:01:08.382 464 494 D RIL-DEV : [05-21_11:01:08:383] idVendor = 1d6b
05-21 11:01:08.382 464 494 D RIL-DEV :
05-21 11:01:08.383 464 494 D RIL-DEV : [05-21_11:01:08:383] idVendor = 2109
05-21 11:01:08.383 464 494 D RIL-DEV :
05-21 11:01:08.383 464 494 D RIL-DEV : [05-21_11:01:08:384] idVendor = 2109
05-21 11:01:08.383 464 494 D RIL-DEV :
05-21 11:01:08.383 464 494 D RIL-DEV : [05-21_11:01:08:384] idVendor = 1d6b
05-21 11:01:08.383 464 494 D RIL-DEV :
05-21 11:01:08.384 464 494 D RIL-DEV : [05-21_11:01:08:384] idVendor = 0bda
05-21 11:01:08.384 464 494 D RIL-DEV :
05-21 11:01:08.384 464 494 D RIL-DEV : [05-21_11:01:08:385] idVendor = 2109
05-21 11:01:08.384 464 494 D RIL-DEV :
05-21 11:01:08.384 464 494 E RIL-DEV : Cannot find Meig devices
05-21 11:01:08.385 464 494 I RIL : ---> can't find meig usb devices
05-21 11:10:05.731 543 543 I : read descriptors
05-21 11:10:05.731 543 543 I : read strings
05-21 11:10:05.735 1 1 I init : processing action (sys.usb.config=adb && sys.usb.configfs=1 && sys.usb.ffs.ready=1) from (/system/etc/init/hw/init.usb.configfs.rc:20)
05-21 11:10:05.737 1 1 I init : Command 'symlink /config/usb_gadget/g1/functions/ffs.adb /config/usb_gadget/g1/configs/b.1/f1' action=sys.usb.config=adb && sys.usb.configfs=1 && sys.usb.ffs.ready=1 (/system/etc/init/hw/init.usb.configfs.rc:22) took 0ms and failed: symlink() failed: File exists
05-21 11:10:05.737 1 1 I init : Command 'write /config/usb_gadget/g1/UDC ${sys.usb.controller}' action=sys.usb.config=adb && sys.usb.configfs=1 && sys.usb.ffs.ready=1 (/system/etc/init/hw/init.usb.configfs.rc:23) took 0ms and failed: Unable to write to file '/config/usb_gadget/g1/UDC': Unable to write file contents: Device or resource busy
05-21 11:01:09.001 1340 1340 W ContextImpl: Calling a method in the system process without a qualified user: android.app.ContextImpl.sendBroadcast:1181 android.content.ContextWrapper.sendBroadcast:479 cn.eben.newweather.DateWeatherService.a:19 cn.eben.newweather.DateWeatherService.a:0 cn.eben.newweather.DateWeatherService$1.handleMessage:7
05-21 11:01:09.080 627 945 W ContentProviderHelper: Permission Denial: opening provider com.android.providers.contacts.ContactsProvider2 from ProcessRecord{1933406 1690:cn.eben.sync/u0a44} (pid=1690, uid=10044) requires android.permission.READ_CONTACTS or android.permission.WRITE_CONTACTS
05-21 11:10:06.801 543 543 I : read descriptors
05-21 11:10:06.801 543 543 I : read strings
05-21 11:10:06.805 1 1 I init : processing action (sys.usb.config=adb && sys.usb.configfs=1 && sys.usb.ffs.ready=1) from (/system/etc/init/hw/init.usb.configfs.rc:20)
05-21 11:10:06.807 1 1 I init : Command 'symlink /config/usb_gadget/g1/functions/ffs.adb /config/usb_gadget/g1/configs/b.1/f1' action=sys.usb.config=adb && sys.usb.configfs=1 && sys.usb.ffs.ready=1 (/system/etc/init/hw/init.usb.configfs.rc:22) took 0ms and failed: symlink() failed: File exists
05-21 11:10:06.808 1 1 I init : Command 'write /config/usb_gadget/g1/UDC ${sys.usb.controller}' action=sys.usb.config=adb && sys.usb.configfs=1 && sys.usb.ffs.ready=1 (/system/etc/init/hw/init.usb.configfs.rc:23) took 0ms and failed: Unable to write to file '/config/usb_gadget/g1/UDC': Unable to write file contents: Device or resource busy
05-21 11:01:10.001 1340 1340 W ContextImpl: Calling a method in the system process without a qualified user: android.app.ContextImpl.sendBroadcast:1181 android.content.ContextWrapper.sendBroadcast:479 cn.eben.newweather.DateWeatherService.a:19 cn.eben.newweather.DateWeatherService.a:0 cn.eben.newweather.DateWeatherService$1.handleMessage:7
05-21 11:01:10.385 464 494 I RIL : ---> enter mainloop wait at port
05-21 11:01:10.385 464 494 D RIL-DEV : Get modem info
05-21 11:01:10.386 464 494 D RIL-DEV : [05-21_11:01:10:386] idVendor = 0bda
05-21 11:01:10.386 464 494 D RIL-DEV :
05-21 11:01:10.386 464 494 D RIL-DEV : [05-21_11:01:10:387] idVendor = 05e3
05-21 11:01:10.386 464 494 D RIL-DEV :
05-21 11:01:10.387 464 494 D RIL-DEV : [05-21_11:01:10:387] idVendor = 1d6b
05-21 11:01:10.387 464 494 D RIL-DEV :
05-21 11:01:10.387 464 494 D RIL-DEV : [05-21_11:01:10:387] idVendor = 1d6b
05-21 11:01:10.387 464 494 D RIL-DEV :
05-21 11:01:10.387 464 494 D RIL-DEV : [05-21_11:01:10:388] idVendor = 0bda
05-21 11:01:10.387 464 494 D RIL-DEV :
05-21 11:01:10.388 464 494 D RIL-DEV : [05-21_11:01:10:388] idVendor = 1d6b
05-21 11:01:10.388 464 494 D RIL-DEV :
05-21 11:01:10.388 464 494 D RIL-DEV : [05-21_11:01:10:389] idVendor = 2109
05-21 11:01:10.388 464 494 D RIL-DEV :
05-21 11:01:10.389 464 494 D RIL-DEV : [05-21_11:01:10:389] idVendor = 2109
05-21 11:01:10.389 464 494 D RIL-DEV :
05-21 11:01:10.389 464 494 D RIL-DEV : [05-21_11:01:10:389] idVendor = 1d6b
05-21 11:01:10.389 464 494 D RIL-DEV :
05-21 11:01:10.389 464 494 D RIL-DEV : [05-21_11:01:10:390] idVendor = 0bda
05-21 11:01:10.389 464 494 D RIL-DEV :
05-21 11:01:10.390 464 494 D RIL-DEV : [05-21_11:01:10:390] idVendor = 2109
05-21 11:01:10.390 464 494 D RIL-DEV :
05-21 11:01:10.390 464 494 E RIL-DEV : Cannot find Meig devices
05-21 11:01:10.390 464 494 I RIL : ---> can't find meig usb devices
05-21 11:01:11.002 1340 1340 W ContextImpl: Calling a method in the system process without a qualified user: android.app.ContextImpl.sendBroadcast:1181 android.content.ContextWrapper.sendBroadcast:479 cn.eben.newweather.DateWeatherService.a:19 cn.eben.newweather.DateWeatherService.a:0 cn.eben.newweather.DateWeatherService$1.handleMessage:7
05-21 11:10:07.868 543 543 I : read descriptors
05-21 11:10:07.868 543 543 I : read strings
05-21 11:10:07.872 1 1 I init : processing action (sys.usb.config=adb && sys.usb.configfs=1 && sys.usb.ffs.ready=1) from (/system/etc/init/hw/init.usb.configfs.rc:20)
05-21 11:10:07.873 1 1 I init : Command 'symlink /config/usb_gadget/g1/functions/ffs.adb /config/usb_gadget/g1/configs/b.1/f1' action=sys.usb.config=adb && sys.usb.configfs=1 && sys.usb.ffs.ready=1 (/system/etc/init/hw/init.usb.configfs.rc:22) took 0ms and failed: symlink() failed: File exists
05-21 11:10:07.874 1 1 I init : Command 'write /config/usb_gadget/g1/UDC ${sys.usb.controller}' action=sys.usb.config=adb && sys.usb.configfs=1 && sys.usb.ffs.ready=1 (/system/etc/init/hw/init.usb.configfs.rc:23) took 0ms and failed: Unable to write to file '/config/usb_gadget/g1/UDC': Unable to write file contents: Device or resource busy
05-21 11:01:12.002 1340 1340 W ContextImpl: Calling a method in the system process without a qualified user: android.app.ContextImpl.sendBroadcast:1181 android.content.ContextWrapper.sendBroadcast:479 cn.eben.newweather.DateWeatherService.a:19 cn.eben.newweather.DateWeatherService.a:0 cn.eben.newweather.DateWeatherService$1.handleMessage:7
05-21 11:10:08.934 543 543 I : read descriptors
05-21 11:10:08.935 543 543 I : read strings
05-21 11:10:08.937 1 1 I init : processing action (sys.usb.config=adb && sys.usb.configfs=1 && sys.usb.ffs.ready=1) from (/system/etc/init/hw/init.usb.configfs.rc:20)
05-21 11:01:12.390 464 494 I RIL : ---> enter mainloop wait at port
05-21 11:01:12.391 464 494 D RIL-DEV : Get modem info
05-21 11:01:12.391 464 494 D RIL-DEV : [05-21_11:01:12:392] idVendor = 0bda
05-21 11:01:12.391 464 494 D RIL-DEV :
05-21 11:01:12.392 464 494 D RIL-DEV : [05-21_11:01:12:392] idVendor = 05e3
05-21 11:01:12.392 464 494 D RIL-DEV :
05-21 11:01:12.392 464 494 D RIL-DEV : [05-21_11:01:12:393] idVendor = 1d6b
05-21 11:01:12.392 464 494 D RIL-DEV :
05-21 11:01:12.392 464 494 D RIL-DEV : [05-21_11:01:12:393] idVendor = 1d6b
05-21 11:01:12.392 464 494 D RIL-DEV :
05-21 11:01:12.393 464 494 D RIL-DEV : [05-21_11:01:12:393] idVendor = 0bda
05-21 11:01:12.393 464 494 D RIL-DEV :
05-21 11:01:12.393 464 494 D RIL-DEV : [05-21_11:01:12:394] idVendor = 1d6b
05-21 11:01:12.393 464 494 D RIL-DEV :
05-21 11:01:12.393 464 494 D RIL-DEV : [05-21_11:01:12:394] idVendor = 2109
05-21 11:01:12.393 464 494 D RIL-DEV :
05-21 11:01:12.394 464 494 D RIL-DEV : [05-21_11:01:12:394] idVendor = 2109
05-21 11:01:12.394 464 494 D RIL-DEV :
05-21 11:01:12.394 464 494 D RIL-DEV : [05-21_11:01:12:395] idVendor = 1d6b
05-21 11:01:12.394 464 494 D RIL-DEV :
05-21 11:01:12.395 464 494 D RIL-DEV : [05-21_11:01:12:395] idVendor = 0bda
05-21 11:01:12.395 464 494 D RIL-DEV :
05-21 11:01:12.395 464 494 D RIL-DEV : [05-21_11:01:12:395] idVendor = 2109
05-21 11:01:12.395 464 494 D RIL-DEV :
05-21 11:01:12.395 464 494 E RIL-DEV : Cannot find Meig devices
05-21 11:01:12.395 464 494 I RIL : ---> can't find meig usb devices
05-21 11:01:13.002 1340 1340 W ContextImpl: Calling a method in the system process without a qualified user: android.app.ContextImpl.sendBroadcast:1181 android.content.ContextWrapper.sendBroadcast:479 cn.eben.newweather.DateWeatherService.a:19 cn.eben.newweather.DateWeatherService.a:0 cn.eben.newweather.DateWeatherService$1.handleMessage:7
05-21 11:10:09.991 543 543 I : read descriptors
05-21 11:10:09.991 543 543 I : read strings
05-21 11:01:14.002 1340 1340 W ContextImpl: Calling a method in the system process without a qualified user: android.app.ContextImpl.sendBroadcast:1181 android.content.ContextWrapper.sendBroadcast:479 cn.eben.newweather.DateWeatherService.a:19 cn.eben.newweather.DateWeatherService.a:0 cn.eben.newweather.DateWeatherService$1.handleMessage:7
05-21 11:01:14.085 627 945 W ContentProviderHelper: Permission Denial: opening provider com.android.providers.contacts.ContactsProvider2 from ProcessRecord{1933406 1690:cn.eben.sync/u0a44} (pid=1690, uid=10044) requires android.permission.READ_CONTACTS or android.permission.WRITE_CONTACTS
05-21 11:10:11.041 543 543 I : read descriptors
05-21 11:10:11.041 543 543 I : read strings
05-21 11:10:11.045 1 1 I init : processing action (sys.usb.config=adb && sys.usb.configfs=1 && sys.usb.ffs.ready=1) from (/system/etc/init/hw/init.usb.configfs.rc:20)
05-21 11:10:11.046 1 1 I init : Command 'symlink /config/usb_gadget/g1/functions/ffs.adb /config/usb_gadget/g1/configs/b.1/f1' action=sys.usb.config=adb && sys.usb.configfs=1 && sys.usb.ffs.ready=1 (/system/etc/init/hw/init.usb.configfs.rc:22) took 0ms and failed: symlink() failed: File exists
05-21 11:10:11.047 1 1 I init : Command 'write /config/usb_gadget/g1/UDC ${sys.usb.controller}' action=sys.usb.config=adb && sys.usb.configfs=1 && sys.usb.ffs.ready=1 (/system/etc/init/hw/init.usb.configfs.rc:23) took 0ms and failed: Unable to write to file '/config/usb_gadget/g1/UDC': Unable to write file contents: Device or resource busy
05-21 11:01:14.396 464 494 I RIL : ---> enter mainloop wait at port
05-21 11:01:14.396 464 494 D RIL-DEV : Get modem info
05-21 11:01:14.397 464 494 D RIL-DEV : [05-21_11:01:14:397] idVendor = 0bda
05-21 11:01:14.397 464 494 D RIL-DEV :
05-21 11:01:14.397 464 494 D RIL-DEV : [05-21_11:01:14:397] idVendor = 05e3
05-21 11:01:14.397 464 494 D RIL-DEV :
05-21 11:01:14.398 464 494 D RIL-DEV : [05-21_11:01:14:398] idVendor = 1d6b
05-21 11:01:14.398 464 494 D RIL-DEV :
05-21 11:01:14.398 464 494 D RIL-DEV : [05-21_11:01:14:399] idVendor = 1d6b
05-21 11:01:14.398 464 494 D RIL-DEV :
05-21 11:01:14.399 464 494 D RIL-DEV : [05-21_11:01:14:399] idVendor = 0bda
05-21 11:01:14.399 464 494 D RIL-DEV :
05-21 11:01:14.399 464 494 D RIL-DEV : [05-21_11:01:14:400] idVendor = 1d6b
05-21 11:01:14.399 464 494 D RIL-DEV :
05-21 11:01:14.400 464 494 D RIL-DEV : [05-21_11:01:14:400] idVendor = 2109
05-21 11:01:14.400 464 494 D RIL-DEV :
05-21 11:01:14.400 464 494 D RIL-DEV : [05-21_11:01:14:401] idVendor = 2109
05-21 11:01:14.400 464 494 D RIL-DEV :
05-21 11:01:14.400 464 494 D RIL-DEV : [05-21_11:01:14:401] idVendor = 1d6b
05-21 11:01:14.400 464 494 D RIL-DEV :
05-21 11:01:14.401 464 494 D RIL-DEV : [05-21_11:01:14:401] idVendor = 0bda
05-21 11:01:14.401 464 494 D RIL-DEV :
05-21 11:01:14.401 464 494 D RIL-DEV : [05-21_11:01:14:402] idVendor = 2109
05-21 11:01:14.401 464 494 D RIL-DEV :
05-21 11:01:14.402 464 494 E RIL-DEV : Cannot find Meig devices
05-21 11:01:14.402 464 494 I RIL : ---> can't find meig usb devices
05-21 11:01:15.002 1340 1340 W ContextImpl: Calling a method in the system process without a qualified user: android.app.ContextImpl.sendBroadcast:1181 android.content.ContextWrapper.sendBroadcast:479 cn.eben.newweather.DateWeatherService.a:19 cn.eben.newweather.DateWeatherService.a:0 cn.eben.newweather.DateWeatherService$1.handleMessage:7
05-21 11:10:12.078 543 543 I : read descriptors
05-21 11:10:12.078 543 543 I : read strings
05-21 11:10:12.081 1 1 I init : processing action (sys.usb.config=adb && sys.usb.configfs=1 && sys.usb.ffs.ready=1) from (/system/etc/init/hw/init.usb.configfs.rc:20)
05-21 11:10:12.085 1 1 I init : Command 'symlink /config/usb_gadget/g1/functions/ffs.adb /config/usb_gadget/g1/configs/b.1/f1' action=sys.usb.config=adb && sys.usb.configfs=1 && sys.usb.ffs.ready=1 (/system/etc/init/hw/init.usb.configfs.rc:22) took 1ms and failed: symlink() failed: File exists
05-21 11:10:12.086 1 1 I init : Command 'write /config/usb_gadget/g1/UDC ${sys.usb.controller}' action=sys.usb.config=adb && sys.usb.configfs=1 && sys.usb.ffs.ready=1 (/system/etc/init/hw/init.usb.configfs.rc:23) took 0ms and failed: Unable to write to file '/config/usb_gadget/g1/UDC': Unable to write file contents: Device or resource busy
05-21 11:01:16.003 1340 1340 W ContextImpl: Calling a method in the system process without a qualified user: android.app.ContextImpl.sendBroadcast:1181 android.content.ContextWrapper.sendBroadcast:479 cn.eben.newweather.DateWeatherService.a:19 cn.eben.newweather.DateWeatherService.a:0 cn.eben.newweather.DateWeatherService$1.handleMessage:7
05-21 11:10:13.128 543 543 I : read descriptors
05-21 11:10:13.128 543 543 I : read strings
05-21 11:10:13.131 1 1 I init : processing action (sys.usb.config=adb && sys.usb.configfs=1 && sys.usb.ffs.ready=1) from (/system/etc/init/hw/init.usb.configfs.rc:20)
05-21 11:10:13.133 1 1 I init : Command 'symlink /config/usb_gadget/g1/functions/ffs.adb /config/usb_gadget/g1/configs/b.1/f1' action=sys.usb.config=adb && sys.usb.configfs=1 && sys.usb.ffs.ready=1 (/system/etc/init/hw/init.usb.configfs.rc:22) took 0ms and failed: symlink() failed: File exists
05-21 11:10:13.133 1 1 I init : Command 'write /config/usb_gadget/g1/UDC ${sys.usb.controller}' action=sys.usb.config=adb && sys.usb.configfs=1 && sys.usb.ffs.ready=1 (/system/etc/init/hw/init.usb.configfs.rc:23) took 0ms and failed: Unable to write to file '/config/usb_gadget/g1/UDC': Unable to write file contents: Device or resource busy
05-21 11:01:16.402 464 494 I RIL : ---> enter mainloop wait at port
05-21 11:01:16.403 464 494 D RIL-DEV : Get modem info
05-21 11:01:16.403 464 494 D RIL-DEV : [05-21_11:01:16:404] idVendor = 0bda
05-21 11:01:16.403 464 494 D RIL-DEV :
05-21 11:01:16.404 464 494 D RIL-DEV : [05-21_11:01:16:404] idVendor = 05e3
05-21 11:01:16.404 464 494 D RIL-DEV :
05-21 11:01:16.404 464 494 D RIL-DEV : [05-21_11:01:16:405] idVendor = 1d6b
05-21 11:01:16.404 464 494 D RIL-DEV :
05-21 11:01:16.404 464 494 D RIL-DEV : [05-21_11:01:16:405] idVendor = 1d6b
05-21 11:01:16.404 464 494 D RIL-DEV :
05-21 11:01:16.405 464 494 D RIL-DEV : [05-21_11:01:16:405] idVendor = 0bda
05-21 11:01:16.405 464 494 D RIL-DEV :
05-21 11:01:16.405 464 494 D RIL-DEV : [05-21_11:01:16:406] idVendor = 1d6b
05-21 11:01:16.405 464 494 D RIL-DEV :
05-21 11:01:16.406 464 494 D RIL-DEV : [05-21_11:01:16:406] idVendor = 2109
05-21 11:01:16.406 464 494 D RIL-DEV :
05-21 11:01:16.406 464 494 D RIL-DEV : [05-21_11:01:16:406] idVendor = 2109
05-21 11:01:16.406 464 494 D RIL-DEV :
05-21 11:01:16.406 464 494 D RIL-DEV : [05-21_11:01:16:407] idVendor = 1d6b
05-21 11:01:16.406 464 494 D RIL-DEV :
05-21 11:01:16.407 464 494 D RIL-DEV : [05-21_11:01:16:407] idVendor = 0bda
05-21 11:01:16.407 464 494 D RIL-DEV :
05-21 11:01:16.407 464 494 D RIL-DEV : [05-21_11:01:16:407] idVendor = 2109
05-21 11:01:16.407 464 494 D RIL-DEV :
05-21 11:01:16.407 464 494 E RIL-DEV : Cannot find Meig devices
05-21 11:01:16.407 464 494 I RIL : ---> can't find meig usb devices
05-21 11:01:17.002 1340 1340 W ContextImpl: Calling a method in the system process without a qualified user: android.app.ContextImpl.sendBroadcast:1181 android.content.ContextWrapper.sendBroadcast:479 cn.eben.newweather.DateWeatherService.a:19 cn.eben.newweather.DateWeatherService.a:0 cn.eben.newweather.DateWeatherService$1.handleMessage:7
05-21 11:10:14.174 543 543 I : read descriptors
05-21 11:10:14.175 543 543 I : read strings
05-21 11:10:14.178 1 1 I init : processing action (sys.usb.config=adb && sys.usb.configfs=1 && sys.usb.ffs.ready=1) from (/system/etc/init/hw/init.usb.configfs.rc:20)
05-21 11:01:18.003 1340 1340 W ContextImpl: Calling a method in the system process without a qualified user: android.app.ContextImpl.sendBroadcast:1181 android.content.ContextWrapper.sendBroadcast:479 cn.eben.newweather.DateWeatherService.a:19 cn.eben.newweather.DateWeatherService.a:0 cn.eben.newweather.DateWeatherService$1.handleMessage:7
05-21 11:10:15.211 543 543 I : read descriptors
05-21 11:10:15.211 543 543 I : read strings
05-21 11:01:18.408 464 494 I RIL : ---> enter mainloop wait at port
05-21 11:01:18.408 464 494 D RIL-DEV : Get modem info
05-21 11:01:18.408 464 494 D RIL-DEV : [05-21_11:01:18:409] idVendor = 0bda
05-21 11:01:18.408 464 494 D RIL-DEV :
05-21 11:01:18.408 464 494 D RIL-DEV : [05-21_11:01:18:409] idVendor = 05e3
05-21 11:01:18.408 464 494 D RIL-DEV :
05-21 11:01:18.408 464 494 D RIL-DEV : [05-21_11:01:18:409] idVendor = 1d6b
05-21 11:01:18.408 464 494 D RIL-DEV :
05-21 11:01:18.408 464 494 D RIL-DEV : [05-21_11:01:18:409] idVendor = 1d6b
05-21 11:01:18.408 464 494 D RIL-DEV :
05-21 11:01:18.409 464 494 D RIL-DEV : [05-21_11:01:18:409] idVendor = 0bda
05-21 11:01:18.409 464 494 D RIL-DEV :
05-21 11:01:18.409 464 494 D RIL-DEV : [05-21_11:01:18:409] idVendor = 1d6b
05-21 11:01:18.409 464 494 D RIL-DEV :
05-21 11:01:18.409 464 494 D RIL-DEV : [05-21_11:01:18:409] idVendor = 2109
05-21 11:01:18.409 464 494 D RIL-DEV :
05-21 11:01:18.409 464 494 D RIL-DEV : [05-21_11:01:18:410] idVendor = 2109
05-21 11:01:18.409 464 494 D RIL-DEV :
05-21 11:01:18.409 464 494 D RIL-DEV : [05-21_11:01:18:410] idVendor = 1d6b
05-21 11:01:18.409 464 494 D RIL-DEV :
05-21 11:01:18.409 464 494 D RIL-DEV : [05-21_11:01:18:410] idVendor = 0bda
05-21 11:01:18.409 464 494 D RIL-DEV :
05-21 11:01:18.409 464 494 D RIL-DEV : [05-21_11:01:18:410] idVendor = 2109
05-21 11:01:18.409 464 494 D RIL-DEV :
05-21 11:01:18.410 464 494 E RIL-DEV : Cannot find Meig devices
05-21 11:01:18.410 464 494 I RIL : ---> can't find meig usb devices
05-21 11:01:19.002 1340 1340 W ContextImpl: Calling a method in the system process without a qualified user: android.app.ContextImpl.sendBroadcast:1181 android.content.ContextWrapper.sendBroadcast:479 cn.eben.newweather.DateWeatherService.a:19 cn.eben.newweather.DateWeatherService.a:0 cn.eben.newweather.DateWeatherService$1.handleMessage:7
05-21 11:01:19.091 627 945 W ContentProviderHelper: Permission Denial: opening provider com.android.providers.contacts.ContactsProvider2 from ProcessRecord{1933406 1690:cn.eben.sync/u0a44} (pid=1690, uid=10044) requires android.permission.READ_CONTACTS or android.permission.WRITE_CONTACTS
05-21 11:10:16.275 543 543 I : read descriptors
05-21 11:10:16.275 543 543 I : read strings
05-21 11:10:16.277 1 1 I init : processing action (sys.usb.config=adb && sys.usb.configfs=1 && sys.usb.ffs.ready=1) from (/system/etc/init/hw/init.usb.configfs.rc:20)
05-21 11:10:16.280 1 1 I init : Command 'symlink /config/usb_gadget/g1/functions/ffs.adb /config/usb_gadget/g1/configs/b.1/f1' action=sys.usb.config=adb && sys.usb.configfs=1 && sys.usb.ffs.ready=1 (/system/etc/init/hw/init.usb.configfs.rc:22) took 1ms and failed: symlink() failed: File exists
05-21 11:10:16.282 1 1 I init : Command 'write /config/usb_gadget/g1/UDC ${sys.usb.controller}' action=sys.usb.config=adb && sys.usb.configfs=1 && sys.usb.ffs.ready=1 (/system/etc/init/hw/init.usb.configfs.rc:23) took 1ms and failed: Unable to write to file '/config/usb_gadget/g1/UDC': Unable to write file contents: Device or resource busy
05-21 11:01:19.745 627 647 V InputMethodMenuController: Hide switching menu
05-21 11:01:19.793 627 647 V InputMethodMenuController: Hide switching menu
05-21 11:01:19.857 3582 3582 W ContextImpl: Calling a method in the system process without a qualified user: android.app.ContextImpl.sendBroadcast:1181 android.content.ContextWrapper.sendBroadcast:479 com.ebensz.appmanager.MainActivity$UpdateAndDownLoadAppsObservable.dispatchUpdateAppsCount:151 com.ebensz.appmanager.MainActivity.onLoadFinished:1059 com.ebensz.appmanager.MainActivity.onLoadFinished:93
05-21 11:01:19.860 627 653 I DropBoxManagerService: add tag=system_server_wtf isTagEnabled=true flags=0x2
05-21 11:01:19.882 627 945 V InputMethodManagerService: startInputOrWindowGainedFocusInternalLocked: reason=WINDOW_FOCUS_GAIN client=android.os.BinderProxy@3398b1f inputContext=null missingMethods= attribute=android.view.inputmethod.EditorInfo@1338cea startInputFlags=VIEW_HAS_FOCUS|INITIAL_CONNECTION softInputMode=STATE_UNSPECIFIED|ADJUST_NOTHING windowFlags=#81810900 unverifiedTargetSdkVersion=23
05-21 11:01:19.883 627 945 V InputMethodManagerService: Unspecified window will hide input
05-21 11:01:19.884 627 647 V InputMethodMenuController: Hide switching menu
05-21 11:01:19.888 3582 3582 W ContextImpl: Calling a method in the system process without a qualified user: android.app.ContextImpl.sendBroadcast:1181 android.content.ContextWrapper.sendBroadcast:479 android.content.ContextWrapper.sendBroadcast:479 com.eben.appupdate.utils.Utils.setBadgeOfDefault:263 com.ebensz.appmanager.receiver.UpdateWdjDataReceiver.onReceive:32
05-21 11:01:19.889 3582 3582 W ContextImpl: Calling a method in the system process without a qualified user: android.app.ContextImpl.startService:1824 android.content.ContextWrapper.startService:774 android.content.ContextWrapper.startService:774 com.ebensz.appmanager.service.WDJDataUpdateService.startUpdateWdjService:67 com.ebensz.appmanager.receiver.UpdateWdjDataReceiver.onReceive:38
05-21 11:01:19.890 627 653 I DropBoxManagerService: add tag=system_server_wtf isTagEnabled=true flags=0x2
05-21 11:01:19.893 627 2426 D InputMethodManagerService: --- calledFromForegroundUserOrSystemProcess ? calling uid = 1000 system uid = 1000 calling userId = 0, foreground user id = 0, calling pid = 0com.android.server.inputmethod.InputMethodManagerService.reportPerceptibleAsync(InputMethodManagerService.java:3162)
05-21 11:01:19.893 627 2426 D InputMethodManagerService: IME window vis: 0 active: 0 inv: 0 displayId: 0
05-21 11:01:20.001 1340 1340 W ContextImpl: Calling a method in the system process without a qualified user: android.app.ContextImpl.sendBroadcast:1181 android.content.ContextWrapper.sendBroadcast:479 cn.eben.newweather.DateWeatherService.a:19 cn.eben.newweather.DateWeatherService.a:0 cn.eben.newweather.DateWeatherService$1.handleMessage:7
05-21 11:01:20.410 464 494 I RIL : ---> enter mainloop wait at port
05-21 11:01:20.410 464 494 D RIL-DEV : Get modem info
05-21 11:01:20.411 464 494 D RIL-DEV : [05-21_11:01:20:411] idVendor = 0bda
05-21 11:01:20.411 464 494 D RIL-DEV :
05-21 11:01:20.411 464 494 D RIL-DEV : [05-21_11:01:20:412] idVendor = 05e3
05-21 11:01:20.411 464 494 D RIL-DEV :
05-21 11:01:20.411 464 494 D RIL-DEV : [05-21_11:01:20:412] idVendor = 1d6b
05-21 11:01:20.411 464 494 D RIL-DEV :
05-21 11:01:20.412 464 494 D RIL-DEV : [05-21_11:01:20:412] idVendor = 1d6b
05-21 11:01:20.412 464 494 D RIL-DEV :
05-21 11:01:20.412 464 494 D RIL-DEV : [05-21_11:01:20:413] idVendor = 0bda
05-21 11:01:20.412 464 494 D RIL-DEV :
05-21 11:01:20.412 464 494 D RIL-DEV : [05-21_11:01:20:413] idVendor = 1d6b
05-21 11:01:20.412 464 494 D RIL-DEV :
05-21 11:01:20.413 464 494 D RIL-DEV : [05-21_11:01:20:413] idVendor = 2109
05-21 11:01:20.413 464 494 D RIL-DEV :
05-21 11:01:20.413 464 494 D RIL-DEV : [05-21_11:01:20:414] idVendor = 2109
05-21 11:01:20.413 464 494 D RIL-DEV :
05-21 11:01:20.413 464 494 D RIL-DEV : [05-21_11:01:20:414] idVendor = 1d6b
05-21 11:01:20.413 464 494 D RIL-DEV :
05-21 11:01:20.414 464 494 D RIL-DEV : [05-21_11:01:20:414] idVendor = 0bda
05-21 11:01:20.414 464 494 D RIL-DEV :
05-21 11:01:20.414 464 494 D RIL-DEV : [05-21_11:01:20:415] idVendor = 2109
05-21 11:01:20.414 464 494 D RIL-DEV :
05-21 11:01:20.414 464 494 E RIL-DEV : Cannot find Meig devices
05-21 11:01:20.414 464 494 I RIL : ---> can't find meig usb devices
05-21 11:10:17.318 543 543 I : read descriptors
05-21 11:10:17.318 543 543 I : read strings
05-21 11:10:17.320 1 1 I init : processing action (sys.usb.config=adb && sys.usb.configfs=1 && sys.usb.ffs.ready=1) from (/system/etc/init/hw/init.usb.configfs.rc:20)
05-21 11:10:17.323 1 1 I init : Command 'symlink /config/usb_gadget/g1/functions/ffs.adb /config/usb_gadget/g1/configs/b.1/f1' action=sys.usb.config=adb && sys.usb.configfs=1 && sys.usb.ffs.ready=1 (/system/etc/init/hw/init.usb.configfs.rc:22) took 0ms and failed: symlink() failed: File exists
05-21 11:10:17.325 1 1 I init : Command 'write /config/usb_gadget/g1/UDC ${sys.usb.controller}' action=sys.usb.config=adb && sys.usb.configfs=1 && sys.usb.ffs.ready=1 (/system/etc/init/hw/init.usb.configfs.rc:23) took 1ms and failed: Unable to write to file '/config/usb_gadget/g1/UDC': Unable to write file contents: Device or resource busy
05-21 11:01:20.820 627 2426 I ActivityTaskManager: START u0 {cmp=com.ebensz.appmanager/.OnlineAppListActivity (has extras)} from uid 1000
05-21 11:01:20.837 627 2426 W ActivityTaskManager: Tried to set launchTime (0) < mLastActivityLaunchTime (1917544)
05-21 11:01:20.839 627 647 V InputMethodMenuController: Hide switching menu
05-21 11:01:20.878 3582 3582 W ContextImpl: Calling a method in the system process without a qualified user: android.app.ContextImpl.bindService:1911 android.content.ContextWrapper.bindService:810 com.ebensz.appmanager.views.fragments.OnlineAppListFragment.bindService:339 com.ebensz.appmanager.views.fragments.OnlineAppListFragment.onStart:324 android.app.Fragment.performStart:2531
05-21 11:01:20.885 627 647 V InputMethodMenuController: Hide switching menu
05-21 11:01:20.924 3582 3582 W ContextImpl: Calling a method in the system process without a qualified user: android.app.ContextImpl.sendBroadcast:1181 android.content.ContextWrapper.sendBroadcast:479 com.ebensz.appmanager.service.ProgressService.updateBtnStatus:360 com.ebensz.appmanager.service.ProgressService.loadDownloadStatus:314 com.ebensz.appmanager.service.ProgressService.access$300:57
05-21 11:01:20.925 627 653 I DropBoxManagerService: add tag=system_server_wtf isTagEnabled=true flags=0x2
05-21 11:01:20.925 627 945 V InputMethodManagerService: startInputOrWindowGainedFocusInternalLocked: reason=WINDOW_FOCUS_GAIN client=android.os.BinderProxy@3398b1f inputContext=null missingMethods= attribute=android.view.inputmethod.EditorInfo@a475a25 startInputFlags=VIEW_HAS_FOCUS|INITIAL_CONNECTION softInputMode=STATE_UNSPECIFIED|ADJUST_PAN|IS_FORWARD_NAVIGATION windowFlags=#81810100 unverifiedTargetSdkVersion=23
05-21 11:01:20.925 627 945 V InputMethodManagerService: Unspecified window will hide input
05-21 11:01:20.927 627 647 V InputMethodMenuController: Hide switching menu
05-21 11:01:20.928 627 945 D InputMethodManagerService: --- calledFromForegroundUserOrSystemProcess ? calling uid = 1000 system uid = 1000 calling userId = 0, foreground user id = 0, calling pid = 0com.android.server.inputmethod.InputMethodManagerService.reportPerceptibleAsync(InputMethodManagerService.java:3162)
05-21 11:01:20.929 627 945 D InputMethodManagerService: IME window vis: 0 active: 0 inv: 0 displayId: 0
05-21 11:01:20.931 3582 3582 W ContextImpl: Calling a method in the system process without a qualified user: android.app.ContextImpl.sendBroadcast:1181 android.content.ContextWrapper.sendBroadcast:479 android.content.ContextWrapper.sendBroadcast:479 com.eben.appupdate.utils.Utils.setBadgeOfDefault:263 com.ebensz.appmanager.receiver.UpdateWdjDataReceiver.onReceive:32
05-21 11:01:20.933 627 653 I DropBoxManagerService: add tag=system_server_wtf isTagEnabled=true flags=0x2
05-21 11:01:20.934 3582 3582 W ContextImpl: Calling a method in the system process without a qualified user: android.app.ContextImpl.startService:1824 android.content.ContextWrapper.startService:774 android.content.ContextWrapper.startService:774 com.ebensz.appmanager.service.WDJDataUpdateService.startUpdateWdjService:67 com.ebensz.appmanager.receiver.UpdateWdjDataReceiver.onReceive:38
05-21 11:01:21.001 1340 1340 W ContextImpl: Calling a method in the system process without a qualified user: android.app.ContextImpl.sendBroadcast:1181 android.content.ContextWrapper.sendBroadcast:479 cn.eben.newweather.DateWeatherService.a:19 cn.eben.newweather.DateWeatherService.a:0 cn.eben.newweather.DateWeatherService$1.handleMessage:7
05-21 11:10:18.381 543 543 I : read descriptors
05-21 11:10:18.381 543 543 I : read strings
05-21 11:10:18.383 1 1 I init : processing action (sys.usb.config=adb && sys.usb.configfs=1 && sys.usb.ffs.ready=1) from (/system/etc/init/hw/init.usb.configfs.rc:20)
05-21 11:10:18.387 1 1 I init : Command 'symlink /config/usb_gadget/g1/functions/ffs.adb /config/usb_gadget/g1/configs/b.1/f1' action=sys.usb.config=adb && sys.usb.configfs=1 && sys.usb.ffs.ready=1 (/system/etc/init/hw/init.usb.configfs.rc:22) took 1ms and failed: symlink() failed: File exists
05-21 11:10:18.388 1 1 I init : Command 'write /config/usb_gadget/g1/UDC ${sys.usb.controller}' action=sys.usb.config=adb && sys.usb.configfs=1 && sys.usb.ffs.ready=1 (/system/etc/init/hw/init.usb.configfs.rc:23) took 1ms and failed: Unable to write to file '/config/usb_gadget/g1/UDC': Unable to write file contents: Device or resource busy
05-21 11:01:22.002 1340 1340 W ContextImpl: Calling a method in the system process without a qualified user: android.app.ContextImpl.sendBroadcast:1181 android.content.ContextWrapper.sendBroadcast:479 cn.eben.newweather.DateWeatherService.a:19 cn.eben.newweather.DateWeatherService.a:0 cn.eben.newweather.DateWeatherService$1.handleMessage:7
05-21 11:01:22.345 627 647 V InputMethodMenuController: Hide switching menu
05-21 11:01:22.358 627 647 V InputMethodMenuController: Hide switching menu
05-21 11:01:22.386 3582 3582 W ContextImpl: Calling a method in the system process without a qualified user: android.app.ContextImpl.sendBroadcast:1181 android.content.ContextWrapper.sendBroadcast:479 com.ebensz.appmanager.MainActivity$UpdateAndDownLoadAppsObservable.dispatchUpdateAppsCount:151 com.ebensz.appmanager.MainActivity.onLoadFinished:1059 com.ebensz.appmanager.MainActivity.onLoadFinished:93
05-21 11:01:22.387 627 653 I DropBoxManagerService: add tag=system_server_wtf isTagEnabled=true flags=0x2
05-21 11:01:22.400 627 2426 V InputMethodManagerService: startInputOrWindowGainedFocusInternalLocked: reason=WINDOW_FOCUS_GAIN client=android.os.BinderProxy@3398b1f inputContext=null missingMethods= attribute=android.view.inputmethod.EditorInfo@99c205f startInputFlags=VIEW_HAS_FOCUS|INITIAL_CONNECTION softInputMode=STATE_UNSPECIFIED|ADJUST_NOTHING windowFlags=#81810900 unverifiedTargetSdkVersion=23
05-21 11:01:22.400 627 2426 V InputMethodManagerService: Unspecified window will hide input
05-21 11:01:22.403 627 647 V InputMethodMenuController: Hide switching menu
05-21 11:01:22.404 3582 3582 W ContextImpl: Calling a method in the system process without a qualified user: android.app.ContextImpl.sendBroadcast:1181 android.content.ContextWrapper.sendBroadcast:479 android.content.ContextWrapper.sendBroadcast:479 com.eben.appupdate.utils.Utils.setBadgeOfDefault:263 com.ebensz.appmanager.receiver.UpdateWdjDataReceiver.onReceive:32
05-21 11:01:22.406 3582 3582 W ContextImpl: Calling a method in the system process without a qualified user: android.app.ContextImpl.startService:1824 android.content.ContextWrapper.startService:774 android.content.ContextWrapper.startService:774 com.ebensz.appmanager.service.WDJDataUpdateService.startUpdateWdjService:67 com.ebensz.appmanager.receiver.UpdateWdjDataReceiver.onReceive:38
05-21 11:01:22.410 627 2063 D InputMethodManagerService: --- calledFromForegroundUserOrSystemProcess ? calling uid = 1000 system uid = 1000 calling userId = 0, foreground user id = 0, calling pid = 0com.android.server.inputmethod.InputMethodManagerService.reportPerceptibleAsync(InputMethodManagerService.java:3162)
05-21 11:01:22.410 627 2063 D InputMethodManagerService: IME window vis: 0 active: 0 inv: 0 displayId: 0
05-21 11:01:22.415 464 494 I RIL : ---> enter mainloop wait at port
05-21 11:01:22.415 464 494 D RIL-DEV : Get modem info
05-21 11:01:22.415 464 494 D RIL-DEV : [05-21_11:01:22:415] idVendor = 0bda
05-21 11:01:22.415 464 494 D RIL-DEV :
05-21 11:01:22.415 464 494 D RIL-DEV : [05-21_11:01:22:416] idVendor = 05e3
05-21 11:01:22.415 464 494 D RIL-DEV :
05-21 11:01:22.415 464 494 D RIL-DEV : [05-21_11:01:22:416] idVendor = 1d6b
05-21 11:01:22.415 464 494 D RIL-DEV :
05-21 11:01:22.415 464 494 D RIL-DEV : [05-21_11:01:22:416] idVendor = 1d6b
05-21 11:01:22.415 464 494 D RIL-DEV :
05-21 11:01:22.416 464 494 D RIL-DEV : [05-21_11:01:22:416] idVendor = 0bda
05-21 11:01:22.416 464 494 D RIL-DEV :
05-21 11:01:22.416 464 494 D RIL-DEV : [05-21_11:01:22:416] idVendor = 1d6b
05-21 11:01:22.416 464 494 D RIL-DEV :
05-21 11:01:22.416 464 494 D RIL-DEV : [05-21_11:01:22:416] idVendor = 2109
05-21 11:01:22.416 464 494 D RIL-DEV :
05-21 11:01:22.416 464 494 D RIL-DEV : [05-21_11:01:22:416] idVendor = 2109
05-21 11:01:22.416 464 494 D RIL-DEV :
05-21 11:01:22.416 464 494 D RIL-DEV : [05-21_11:01:22:416] idVendor = 1d6b
05-21 11:01:22.416 464 494 D RIL-DEV :
05-21 11:01:22.416 464 494 D RIL-DEV : [05-21_11:01:22:416] idVendor = 0bda
05-21 11:01:22.416 464 494 D RIL-DEV :
05-21 11:01:22.416 464 494 D RIL-DEV : [05-21_11:01:22:417] idVendor = 2109
05-21 11:01:22.416 464 494 D RIL-DEV :
05-21 11:01:22.416 464 494 E RIL-DEV : Cannot find Meig devices
05-21 11:01:22.416 464 494 I RIL : ---> can't find meig usb devices
05-21 11:10:19.465 543 543 I : read descriptors
05-21 11:10:19.465 543 543 I : read strings
05-21 11:10:19.467 1 1 I init : processing action (sys.usb.config=adb && sys.usb.configfs=1 && sys.usb.ffs.ready=1) from (/system/etc/init/hw/init.usb.configfs.rc:20)
05-21 11:01:23.002 1340 1340 W ContextImpl: Calling a method in the system process without a qualified user: android.app.ContextImpl.sendBroadcast:1181 android.content.ContextWrapper.sendBroadcast:479 cn.eben.newweather.DateWeatherService.a:19 cn.eben.newweather.DateWeatherService.a:0 cn.eben.newweather.DateWeatherService$1.handleMessage:7
05-21 11:01:23.180 627 945 I ActivityTaskManager: START u0 {cmp=com.ebensz.appmanager/.OnlineAppListActivity (has extras)} from uid 1000
05-21 11:01:23.200 627 945 W ActivityTaskManager: Tried to set launchTime (0) < mLastActivityLaunchTime (2185679)
05-21 11:01:23.204 627 647 V InputMethodMenuController: Hide switching menu
05-21 11:01:23.273 3582 3582 W ContextImpl: Calling a method in the system process without a qualified user: android.app.ContextImpl.bindService:1911 android.content.ContextWrapper.bindService:810 com.ebensz.appmanager.views.fragments.OnlineAppListFragment.bindService:339 com.ebensz.appmanager.views.fragments.OnlineAppListFragment.onStart:324 android.app.Fragment.performStart:2531
05-21 11:01:23.277 627 647 V InputMethodMenuController: Hide switching menu
05-21 11:01:23.307 627 2426 V InputMethodManagerService: startInputOrWindowGainedFocusInternalLocked: reason=WINDOW_FOCUS_GAIN client=android.os.BinderProxy@3398b1f inputContext=null missingMethods= attribute=android.view.inputmethod.EditorInfo@2310cc2 startInputFlags=VIEW_HAS_FOCUS|INITIAL_CONNECTION softInputMode=STATE_UNSPECIFIED|ADJUST_PAN|IS_FORWARD_NAVIGATION windowFlags=#81810100 unverifiedTargetSdkVersion=23
05-21 11:01:23.307 627 2426 V InputMethodManagerService: Unspecified window will hide input
05-21 11:01:23.308 627 647 V InputMethodMenuController: Hide switching menu
05-21 11:01:23.309 627 2426 D InputMethodManagerService: --- calledFromForegroundUserOrSystemProcess ? calling uid = 1000 system uid = 1000 calling userId = 0, foreground user id = 0, calling pid = 0com.android.server.inputmethod.InputMethodManagerService.reportPerceptibleAsync(InputMethodManagerService.java:3162)
05-21 11:01:23.309 627 2426 D InputMethodManagerService: IME window vis: 0 active: 0 inv: 0 displayId: 0
05-21 11:10:20.532 543 543 I : read descriptors
05-21 11:10:20.532 543 543 I : read strings
05-21 11:01:24.002 1340 1340 W ContextImpl: Calling a method in the system process without a qualified user: android.app.ContextImpl.sendBroadcast:1181 android.content.ContextWrapper.sendBroadcast:479 cn.eben.newweather.DateWeatherService.a:19 cn.eben.newweather.DateWeatherService.a:0 cn.eben.newweather.DateWeatherService$1.handleMessage:7
05-21 11:01:24.067 627 1329 E TaskPersister: File error accessing recents directory (directory doesn't exist?).
05-21 11:01:24.096 627 2426 W ContentProviderHelper: Permission Denial: opening provider com.android.providers.contacts.ContactsProvider2 from ProcessRecord{1933406 1690:cn.eben.sync/u0a44} (pid=1690, uid=10044) requires android.permission.READ_CONTACTS or android.permission.WRITE_CONTACTS
05-21 11:01:24.416 464 494 I RIL : ---> enter mainloop wait at port
05-21 11:01:24.417 464 494 D RIL-DEV : Get modem info
05-21 11:01:24.417 464 494 D RIL-DEV : [05-21_11:01:24:418] idVendor = 0bda
05-21 11:01:24.417 464 494 D RIL-DEV :
05-21 11:01:24.418 464 494 D RIL-DEV : [05-21_11:01:24:418] idVendor = 05e3
05-21 11:01:24.418 464 494 D RIL-DEV :
05-21 11:01:24.418 464 494 D RIL-DEV : [05-21_11:01:24:419] idVendor = 1d6b
05-21 11:01:24.418 464 494 D RIL-DEV :
05-21 11:01:24.418 464 494 D RIL-DEV : [05-21_11:01:24:419] idVendor = 1d6b
05-21 11:01:24.418 464 494 D RIL-DEV :
05-21 11:01:24.419 464 494 D RIL-DEV : [05-21_11:01:24:419] idVendor = 0bda
05-21 11:01:24.419 464 494 D RIL-DEV :
05-21 11:01:24.419 464 494 D RIL-DEV : [05-21_11:01:24:420] idVendor = 1d6b
05-21 11:01:24.419 464 494 D RIL-DEV :
05-21 11:01:24.420 464 494 D RIL-DEV : [05-21_11:01:24:420] idVendor = 2109
05-21 11:01:24.420 464 494 D RIL-DEV :
05-21 11:01:24.420 464 494 D RIL-DEV : [05-21_11:01:24:421] idVendor = 2109
05-21 11:01:24.420 464 494 D RIL-DEV :
05-21 11:01:24.420 464 494 D RIL-DEV : [05-21_11:01:24:421] idVendor = 1d6b
05-21 11:01:24.420 464 494 D RIL-DEV :
05-21 11:01:24.421 464 494 D RIL-DEV : [05-21_11:01:24:421] idVendor = 0bda
05-21 11:01:24.421 464 494 D RIL-DEV :
05-21 11:01:24.421 464 494 D RIL-DEV : [05-21_11:01:24:422] idVendor = 2109
05-21 11:01:24.421 464 494 D RIL-DEV :
05-21 11:01:24.422 464 494 E RIL-DEV : Cannot find Meig devices
05-21 11:01:24.422 464 494 I RIL : ---> can't find meig usb devices
05-21 11:01:24.647 627 647 V InputMethodMenuController: Hide switching menu
05-21 11:01:24.694 627 647 V InputMethodMenuController: Hide switching menu
05-21 11:01:24.735 3582 3582 W ContextImpl: Calling a method in the system process without a qualified user: android.app.ContextImpl.sendBroadcast:1181 android.content.ContextWrapper.sendBroadcast:479 com.ebensz.appmanager.MainActivity$UpdateAndDownLoadAppsObservable.dispatchUpdateAppsCount:151 com.ebensz.appmanager.MainActivity.onLoadFinished:1059 com.ebensz.appmanager.MainActivity.onLoadFinished:93
05-21 11:01:24.753 627 2426 V InputMethodManagerService: startInputOrWindowGainedFocusInternalLocked: reason=WINDOW_FOCUS_GAIN client=android.os.BinderProxy@3398b1f inputContext=null missingMethods= attribute=android.view.inputmethod.EditorInfo@ccb5be9 startInputFlags=VIEW_HAS_FOCUS|INITIAL_CONNECTION softInputMode=STATE_UNSPECIFIED|ADJUST_NOTHING windowFlags=#81810900 unverifiedTargetSdkVersion=23
05-21 11:01:24.753 627 2426 V InputMethodManagerService: Unspecified window will hide input
05-21 11:01:24.757 3582 3582 W ContextImpl: Calling a method in the system process without a qualified user: android.app.ContextImpl.sendBroadcast:1181 android.content.ContextWrapper.sendBroadcast:479 android.content.ContextWrapper.sendBroadcast:479 com.eben.appupdate.utils.Utils.setBadgeOfDefault:263 com.ebensz.appmanager.receiver.UpdateWdjDataReceiver.onReceive:32
05-21 11:10:21.591 543 543 I : read descriptors
05-21 11:10:21.591 543 543 I : read strings
05-21 11:10:21.592 1 1 I init : processing action (sys.usb.config=adb && sys.usb.configfs=1 && sys.usb.ffs.ready=1) from (/system/etc/init/hw/init.usb.configfs.rc:20)
05-21 11:10:21.593 1 1 I init : Command 'symlink /config/usb_gadget/g1/functions/ffs.adb /config/usb_gadget/g1/configs/b.1/f1' action=sys.usb.config=adb && sys.usb.configfs=1 && sys.usb.ffs.ready=1 (/system/etc/init/hw/init.usb.configfs.rc:22) took 0ms and failed: symlink() failed: File exists
05-21 11:10:21.593 1 1 I init : Command 'write /config/usb_gadget/g1/UDC ${sys.usb.controller}' action=sys.usb.config=adb && sys.usb.configfs=1 && sys.usb.ffs.ready=1 (/system/etc/init/hw/init.usb.configfs.rc:23) took 0ms and failed: Unable to write to file '/config/usb_gadget/g1/UDC': Unable to write file contents: Device or resource busy
05-21 11:01:24.759 3582 3582 W ContextImpl: Calling a method in the system process without a qualified user: android.app.ContextImpl.startService:1824 android.content.ContextWrapper.startService:774 android.content.ContextWrapper.startService:774 com.ebensz.appmanager.service.WDJDataUpdateService.startUpdateWdjService:67 com.ebensz.appmanager.receiver.UpdateWdjDataReceiver.onReceive:38
05-21 11:01:24.765 627 647 V InputMethodMenuController: Hide switching menu
05-21 11:01:24.773 627 945 D InputMethodManagerService: --- calledFromForegroundUserOrSystemProcess ? calling uid = 1000 system uid = 1000 calling userId = 0, foreground user id = 0, calling pid = 0com.android.server.inputmethod.InputMethodManagerService.reportPerceptibleAsync(InputMethodManagerService.java:3162)
05-21 11:01:24.773 627 945 D InputMethodManagerService: IME window vis: 0 active: 0 inv: 0 displayId: 0
05-21 11:01:25.002 1340 1340 W ContextImpl: Calling a method in the system process without a qualified user: android.app.ContextImpl.sendBroadcast:1181 android.content.ContextWrapper.sendBroadcast:479 cn.eben.newweather.DateWeatherService.a:19 cn.eben.newweather.DateWeatherService.a:0 cn.eben.newweather.DateWeatherService$1.handleMessage:7
05-21 11:10:22.638 543 543 I : read descriptors
05-21 11:10:22.638 543 543 I : read strings
05-21 11:10:22.640 1 1 I init : processing action (sys.usb.config=adb && sys.usb.configfs=1 && sys.usb.ffs.ready=1) from (/system/etc/init/hw/init.usb.configfs.rc:20)
05-21 11:10:22.643 1 1 I init : Command 'symlink /config/usb_gadget/g1/functions/ffs.adb /config/usb_gadget/g1/configs/b.1/f1' action=sys.usb.config=adb && sys.usb.configfs=1 && sys.usb.ffs.ready=1 (/system/etc/init/hw/init.usb.configfs.rc:22) took 0ms and failed: symlink() failed: File exists
05-21 11:10:22.645 1 1 I init : Command 'write /config/usb_gadget/g1/UDC ${sys.usb.controller}' action=sys.usb.config=adb && sys.usb.configfs=1 && sys.usb.ffs.ready=1 (/system/etc/init/hw/init.usb.configfs.rc:23) took 1ms and failed: Unable to write to file '/config/usb_gadget/g1/UDC': Unable to write file contents: Device or resource busy
05-21 11:01:26.001 1340 1340 W ContextImpl: Calling a method in the system process without a qualified user: android.app.ContextImpl.sendBroadcast:1181 android.content.ContextWrapper.sendBroadcast:479 cn.eben.newweather.DateWeatherService.a:19 cn.eben.newweather.DateWeatherService.a:0 cn.eben.newweather.DateWeatherService$1.handleMessage:7
05-21 11:01:26.422 464 494 I RIL : ---> enter mainloop wait at port
05-21 11:01:26.422 464 494 D RIL-DEV : Get modem info
05-21 11:01:26.423 464 494 D RIL-DEV : [05-21_11:01:26:423] idVendor = 0bda
05-21 11:01:26.423 464 494 D RIL-DEV :
05-21 11:01:26.423 464 494 D RIL-DEV : [05-21_11:01:26:424] idVendor = 05e3
05-21 11:01:26.423 464 494 D RIL-DEV :
05-21 11:01:26.424 464 494 D RIL-DEV : [05-21_11:01:26:424] idVendor = 1d6b
05-21 11:01:26.424 464 494 D RIL-DEV :
05-21 11:01:26.424 464 494 D RIL-DEV : [05-21_11:01:26:424] idVendor = 1d6b
05-21 11:01:26.424 464 494 D RIL-DEV :
05-21 11:01:26.424 464 494 D RIL-DEV : [05-21_11:01:26:425] idVendor = 0bda
05-21 11:01:26.424 464 494 D RIL-DEV :
05-21 11:01:26.425 464 494 D RIL-DEV : [05-21_11:01:26:425] idVendor = 1d6b
05-21 11:01:26.425 464 494 D RIL-DEV :
