05-21 11:01:26.425 464 494 D RIL-DEV : [05-21_11:01:26:426] idVendor = 2109
05-21 11:01:26.425 464 494 D RIL-DEV :
05-21 11:01:26.426 464 494 D RIL-DEV : [05-21_11:01:26:426] idVendor = 2109
05-21 11:01:26.426 464 494 D RIL-DEV :
05-21 11:01:26.426 464 494 D RIL-DEV : [05-21_11:01:26:426] idVendor = 1d6b
05-21 11:01:26.426 464 494 D RIL-DEV :
05-21 11:01:26.426 464 494 D RIL-DEV : [05-21_11:01:26:427] idVendor = 0bda
05-21 11:01:26.426 464 494 D RIL-DEV :
05-21 11:01:26.427 464 494 D RIL-DEV : [05-21_11:01:26:427] idVendor = 2109
05-21 11:01:26.427 464 494 D RIL-DEV :
05-21 11:01:26.427 464 494 E RIL-DEV : Cannot find Meig devices
05-21 11:01:26.427 464 494 I RIL : ---> can't find meig usb devices
05-21 11:10:23.708 543 543 I : read descriptors
05-21 11:10:23.708 543 543 I : read strings
05-21 11:10:23.710 1 1 I init : processing action (sys.usb.config=adb && sys.usb.configfs=1 && sys.usb.ffs.ready=1) from (/system/etc/init/hw/init.usb.configfs.rc:20)
05-21 11:10:23.712 1 1 I init : Command 'symlink /config/usb_gadget/g1/functions/ffs.adb /config/usb_gadget/g1/configs/b.1/f1' action=sys.usb.config=adb && sys.usb.configfs=1 && sys.usb.ffs.ready=1 (/system/etc/init/hw/init.usb.configfs.rc:22) took 0ms and failed: symlink() failed: File exists
05-21 11:10:23.714 1 1 I init : Command 'write /config/usb_gadget/g1/UDC ${sys.usb.controller}' action=sys.usb.config=adb && sys.usb.configfs=1 && sys.usb.ffs.ready=1 (/system/etc/init/hw/init.usb.configfs.rc:23) took 1ms and failed: Unable to write to file '/config/usb_gadget/g1/UDC': Unable to write file contents: Device or resource busy
05-21 11:01:27.002 1340 1340 W ContextImpl: Calling a method in the system process without a qualified user: android.app.ContextImpl.sendBroadcast:1181 android.content.ContextWrapper.sendBroadcast:479 cn.eben.newweather.DateWeatherService.a:19 cn.eben.newweather.DateWeatherService.a:0 cn.eben.newweather.DateWeatherService$1.handleMessage:7
05-21 11:01:27.176 627 2063 I ActivityTaskManager: START u0 {cmp=com.ebensz.appmanager/.OnlineAppListActivity (has extras)} from uid 1000
05-21 11:01:27.187 627 2426 W ActivityTaskManager: Tried to set launchTime (0) < mLastActivityLaunchTime (2188043)
05-21 11:01:27.190 627 647 V InputMethodMenuController: Hide switching menu
05-21 11:01:27.220 3582 3582 W ContextImpl: Calling a method in the system process without a qualified user: android.app.ContextImpl.bindService:1911 android.content.ContextWrapper.bindService:810 com.ebensz.appmanager.views.fragments.OnlineAppListFragment.bindService:339 com.ebensz.appmanager.views.fragments.OnlineAppListFragment.onStart:324 android.app.Fragment.performStart:2531
05-21 11:01:27.222 627 647 V InputMethodMenuController: Hide switching menu
05-21 11:01:27.243 627 2063 V InputMethodManagerService: startInputOrWindowGainedFocusInternalLocked: reason=WINDOW_FOCUS_GAIN client=android.os.BinderProxy@3398b1f inputContext=null missingMethods= attribute=android.view.inputmethod.EditorInfo@21efd3d startInputFlags=VIEW_HAS_FOCUS|INITIAL_CONNECTION softInputMode=STATE_UNSPECIFIED|ADJUST_PAN|IS_FORWARD_NAVIGATION windowFlags=#81810100 unverifiedTargetSdkVersion=23
05-21 11:01:27.243 627 2063 V InputMethodManagerService: Unspecified window will hide input
05-21 11:01:27.244 627 647 V InputMethodMenuController: Hide switching menu
05-21 11:01:27.245 627 2063 D InputMethodManagerService: --- calledFromForegroundUserOrSystemProcess ? calling uid = 1000 system uid = 1000 calling userId = 0, foreground user id = 0, calling pid = 0com.android.server.inputmethod.InputMethodManagerService.reportPerceptibleAsync(InputMethodManagerService.java:3162)
05-21 11:01:27.245 627 2063 D InputMethodManagerService: IME window vis: 0 active: 0 inv: 0 displayId: 0
05-21 11:10:24.761 543 543 I : read descriptors
05-21 11:10:24.761 543 543 I : read strings
05-21 11:10:24.764 1 1 I init : processing action (sys.usb.config=adb && sys.usb.configfs=1 && sys.usb.ffs.ready=1) from (/system/etc/init/hw/init.usb.configfs.rc:20)
05-21 11:01:28.003 1340 1340 W ContextImpl: Calling a method in the system process without a qualified user: android.app.ContextImpl.sendBroadcast:1181 android.content.ContextWrapper.sendBroadcast:479 cn.eben.newweather.DateWeatherService.a:19 cn.eben.newweather.DateWeatherService.a:0 cn.eben.newweather.DateWeatherService$1.handleMessage:7
05-21 11:01:28.428 464 494 I RIL : ---> enter mainloop wait at port
05-21 11:01:28.428 464 494 D RIL-DEV : Get modem info
05-21 11:01:28.429 464 494 D RIL-DEV : [05-21_11:01:28:429] idVendor = 0bda
05-21 11:01:28.429 464 494 D RIL-DEV :
05-21 11:01:28.429 464 494 D RIL-DEV : [05-21_11:01:28:429] idVendor = 05e3
05-21 11:01:28.429 464 494 D RIL-DEV :
05-21 11:01:28.429 464 494 D RIL-DEV : [05-21_11:01:28:430] idVendor = 1d6b
05-21 11:01:28.429 464 494 D RIL-DEV :
05-21 11:01:28.430 464 494 D RIL-DEV : [05-21_11:01:28:430] idVendor = 1d6b
05-21 11:01:28.430 464 494 D RIL-DEV :
05-21 11:01:28.430 464 494 D RIL-DEV : [05-21_11:01:28:430] idVendor = 0bda
05-21 11:01:28.430 464 494 D RIL-DEV :
05-21 11:01:28.430 464 494 D RIL-DEV : [05-21_11:01:28:431] idVendor = 1d6b
05-21 11:01:28.430 464 494 D RIL-DEV :
05-21 11:01:28.431 464 494 D RIL-DEV : [05-21_11:01:28:431] idVendor = 2109
05-21 11:01:28.431 464 494 D RIL-DEV :
05-21 11:01:28.431 464 494 D RIL-DEV : [05-21_11:01:28:432] idVendor = 2109
05-21 11:01:28.431 464 494 D RIL-DEV :
05-21 11:01:28.431 464 494 D RIL-DEV : [05-21_11:01:28:432] idVendor = 1d6b
05-21 11:01:28.431 464 494 D RIL-DEV :
05-21 11:01:28.432 464 494 D RIL-DEV : [05-21_11:01:28:432] idVendor = 0bda
05-21 11:01:28.432 464 494 D RIL-DEV :
05-21 11:01:28.432 464 494 D RIL-DEV : [05-21_11:01:28:433] idVendor = 2109
05-21 11:01:28.432 464 494 D RIL-DEV :
05-21 11:01:28.432 464 494 E RIL-DEV : Cannot find Meig devices
05-21 11:01:28.433 464 494 I RIL : ---> can't find meig usb devices
05-21 11:01:28.463 627 1329 E TaskPersister: File error accessing recents directory (directory doesn't exist?).
05-21 11:10:25.814 543 543 I : read descriptors
05-21 11:10:25.814 543 543 I : read strings
05-21 11:01:29.001 1340 1340 W ContextImpl: Calling a method in the system process without a qualified user: android.app.ContextImpl.sendBroadcast:1181 android.content.ContextWrapper.sendBroadcast:479 cn.eben.newweather.DateWeatherService.a:19 cn.eben.newweather.DateWeatherService.a:0 cn.eben.newweather.DateWeatherService$1.handleMessage:7
05-21 11:01:29.100 627 941 W ContentProviderHelper: Permission Denial: opening provider com.android.providers.contacts.ContactsProvider2 from ProcessRecord{1933406 1690:cn.eben.sync/u0a44} (pid=1690, uid=10044) requires android.permission.READ_CONTACTS or android.permission.WRITE_CONTACTS
05-21 11:01:29.855 627 647 V InputMethodMenuController: Hide switching menu
05-21 11:01:29.896 627 647 V InputMethodMenuController: Hide switching menu
05-21 11:01:29.945 3582 3582 W ContextImpl: Calling a method in the system process without a qualified user: android.app.ContextImpl.sendBroadcast:1181 android.content.ContextWrapper.sendBroadcast:479 com.ebensz.appmanager.MainActivity$UpdateAndDownLoadAppsObservable.dispatchUpdateAppsCount:151 com.ebensz.appmanager.MainActivity.onLoadFinished:1059 com.ebensz.appmanager.MainActivity.onLoadFinished:93
05-21 11:01:29.947 627 653 I DropBoxManagerService: add tag=system_server_wtf isTagEnabled=true flags=0x2
05-21 11:01:29.960 627 941 V InputMethodManagerService: startInputOrWindowGainedFocusInternalLocked: reason=WINDOW_FOCUS_GAIN client=android.os.BinderProxy@3398b1f inputContext=null missingMethods= attribute=android.view.inputmethod.EditorInfo@3ae01bf startInputFlags=VIEW_HAS_FOCUS|INITIAL_CONNECTION softInputMode=STATE_UNSPECIFIED|ADJUST_NOTHING windowFlags=#81810900 unverifiedTargetSdkVersion=23
05-21 11:01:29.960 627 941 V InputMethodManagerService: Unspecified window will hide input
05-21 11:01:29.962 627 647 V InputMethodMenuController: Hide switching menu
05-21 11:01:29.964 3582 3582 W ContextImpl: Calling a method in the system process without a qualified user: android.app.ContextImpl.sendBroadcast:1181 android.content.ContextWrapper.sendBroadcast:479 android.content.ContextWrapper.sendBroadcast:479 com.eben.appupdate.utils.Utils.setBadgeOfDefault:263 com.ebensz.appmanager.receiver.UpdateWdjDataReceiver.onReceive:32
05-21 11:01:29.966 3582 3582 W ContextImpl: Calling a method in the system process without a qualified user: android.app.ContextImpl.startService:1824 android.content.ContextWrapper.startService:774 android.content.ContextWrapper.startService:774 com.ebensz.appmanager.service.WDJDataUpdateService.startUpdateWdjService:67 com.ebensz.appmanager.receiver.UpdateWdjDataReceiver.onReceive:38
05-21 11:01:29.966 627 653 I DropBoxManagerService: add tag=system_server_wtf isTagEnabled=true flags=0x2
05-21 11:01:29.983 627 941 D InputMethodManagerService: --- calledFromForegroundUserOrSystemProcess ? calling uid = 1000 system uid = 1000 calling userId = 0, foreground user id = 0, calling pid = 0com.android.server.inputmethod.InputMethodManagerService.reportPerceptibleAsync(InputMethodManagerService.java:3162)
05-21 11:01:29.984 627 941 D InputMethodManagerService: IME window vis: 0 active: 0 inv: 0 displayId: 0
05-21 11:01:30.001 1340 1340 W ContextImpl: Calling a method in the system process without a qualified user: android.app.ContextImpl.sendBroadcast:1181 android.content.ContextWrapper.sendBroadcast:479 cn.eben.newweather.DateWeatherService.a:19 cn.eben.newweather.DateWeatherService.a:0 cn.eben.newweather.DateWeatherService$1.handleMessage:7
05-21 11:10:26.881 543 543 I : read descriptors
05-21 11:10:26.881 543 543 I : read strings
05-21 11:10:26.882 1 1 I init : processing action (sys.usb.config=adb && sys.usb.configfs=1 && sys.usb.ffs.ready=1) from (/system/etc/init/hw/init.usb.configfs.rc:20)
05-21 11:10:26.883 1 1 I init : Command 'symlink /config/usb_gadget/g1/functions/ffs.adb /config/usb_gadget/g1/configs/b.1/f1' action=sys.usb.config=adb && sys.usb.configfs=1 && sys.usb.ffs.ready=1 (/system/etc/init/hw/init.usb.configfs.rc:22) took 0ms and failed: symlink() failed: File exists
05-21 11:10:26.884 1 1 I init : Command 'write /config/usb_gadget/g1/UDC ${sys.usb.controller}' action=sys.usb.config=adb && sys.usb.configfs=1 && sys.usb.ffs.ready=1 (/system/etc/init/hw/init.usb.configfs.rc:23) took 0ms and failed: Unable to write to file '/config/usb_gadget/g1/UDC': Unable to write file contents: Device or resource busy
05-21 11:01:30.433 464 494 I RIL : ---> enter mainloop wait at port
05-21 11:01:30.433 464 494 D RIL-DEV : Get modem info
05-21 11:01:30.434 464 494 D RIL-DEV : [05-21_11:01:30:434] idVendor = 0bda
05-21 11:01:30.434 464 494 D RIL-DEV :
05-21 11:01:30.434 464 494 D RIL-DEV : [05-21_11:01:30:435] idVendor = 05e3
05-21 11:01:30.434 464 494 D RIL-DEV :
05-21 11:01:30.435 464 494 D RIL-DEV : [05-21_11:01:30:435] idVendor = 1d6b
05-21 11:01:30.435 464 494 D RIL-DEV :
05-21 11:01:30.435 464 494 D RIL-DEV : [05-21_11:01:30:435] idVendor = 1d6b
05-21 11:01:30.435 464 494 D RIL-DEV :
05-21 11:01:30.435 464 494 D RIL-DEV : [05-21_11:01:30:436] idVendor = 0bda
05-21 11:01:30.435 464 494 D RIL-DEV :
05-21 11:01:30.436 464 494 D RIL-DEV : [05-21_11:01:30:436] idVendor = 1d6b
05-21 11:01:30.436 464 494 D RIL-DEV :
05-21 11:01:30.436 464 494 D RIL-DEV : [05-21_11:01:30:437] idVendor = 2109
05-21 11:01:30.436 464 494 D RIL-DEV :
05-21 11:01:30.437 464 494 D RIL-DEV : [05-21_11:01:30:437] idVendor = 2109
05-21 11:01:30.437 464 494 D RIL-DEV :
05-21 11:01:30.437 464 494 D RIL-DEV : [05-21_11:01:30:437] idVendor = 1d6b
05-21 11:01:30.437 464 494 D RIL-DEV :
05-21 11:01:30.437 464 494 D RIL-DEV : [05-21_11:01:30:438] idVendor = 0bda
05-21 11:01:30.437 464 494 D RIL-DEV :
05-21 11:01:30.438 464 494 D RIL-DEV : [05-21_11:01:30:438] idVendor = 2109
05-21 11:01:30.438 464 494 D RIL-DEV :
05-21 11:01:30.438 464 494 E RIL-DEV : Cannot find Meig devices
05-21 11:01:30.438 464 494 I RIL : ---> can't find meig usb devices
05-21 11:01:31.001 1340 1340 W ContextImpl: Calling a method in the system process without a qualified user: android.app.ContextImpl.sendBroadcast:1181 android.content.ContextWrapper.sendBroadcast:479 cn.eben.newweather.DateWeatherService.a:19 cn.eben.newweather.DateWeatherService.a:0 cn.eben.newweather.DateWeatherService$1.handleMessage:7
05-21 11:10:27.951 543 543 I : read descriptors
05-21 11:10:27.951 543 543 I : read strings
05-21 11:10:27.953 1 1 I init : processing action (sys.usb.config=adb && sys.usb.configfs=1 && sys.usb.ffs.ready=1) from (/system/etc/init/hw/init.usb.configfs.rc:20)
05-21 11:10:27.956 1 1 I init : Command 'symlink /config/usb_gadget/g1/functions/ffs.adb /config/usb_gadget/g1/configs/b.1/f1' action=sys.usb.config=adb && sys.usb.configfs=1 && sys.usb.ffs.ready=1 (/system/etc/init/hw/init.usb.configfs.rc:22) took 1ms and failed: symlink() failed: File exists
05-21 11:10:27.957 1 1 I init : Command 'write /config/usb_gadget/g1/UDC ${sys.usb.controller}' action=sys.usb.config=adb && sys.usb.configfs=1 && sys.usb.ffs.ready=1 (/system/etc/init/hw/init.usb.configfs.rc:23) took 1ms and failed: Unable to write to file '/config/usb_gadget/g1/UDC': Unable to write file contents: Device or resource busy
05-21 11:01:31.459 627 1116 I ActivityTaskManager: START u0 {cmp=com.ebensz.appmanager/.OnlineAppListActivity (has extras)} from uid 1000
05-21 11:01:31.470 627 1116 W ActivityTaskManager: Tried to set launchTime (0) < mLastActivityLaunchTime (2192030)
05-21 11:01:31.473 627 647 V InputMethodMenuController: Hide switching menu
05-21 11:01:31.536 3582 3582 W ContextImpl: Calling a method in the system process without a qualified user: android.app.ContextImpl.bindService:1911 android.content.ContextWrapper.bindService:810 com.ebensz.appmanager.views.fragments.OnlineAppListFragment.bindService:339 com.ebensz.appmanager.views.fragments.OnlineAppListFragment.onStart:324 android.app.Fragment.performStart:2531
05-21 11:01:31.539 627 647 V InputMethodMenuController: Hide switching menu
05-21 11:01:31.593 627 1116 V InputMethodManagerService: startInputOrWindowGainedFocusInternalLocked: reason=WINDOW_FOCUS_GAIN client=android.os.BinderProxy@3398b1f inputContext=null missingMethods= attribute=android.view.inputmethod.EditorInfo@35ba5ee startInputFlags=VIEW_HAS_FOCUS|INITIAL_CONNECTION softInputMode=STATE_UNSPECIFIED|ADJUST_PAN|IS_FORWARD_NAVIGATION windowFlags=#81810100 unverifiedTargetSdkVersion=23
05-21 11:01:31.593 627 1116 V InputMethodManagerService: Unspecified window will hide input
05-21 11:01:31.595 627 647 V InputMethodMenuController: Hide switching menu
05-21 11:01:31.611 627 1116 D InputMethodManagerService: --- calledFromForegroundUserOrSystemProcess ? calling uid = 1000 system uid = 1000 calling userId = 0, foreground user id = 0, calling pid = 0com.android.server.inputmethod.InputMethodManagerService.reportPerceptibleAsync(InputMethodManagerService.java:3162)
05-21 11:01:31.612 627 1116 D InputMethodManagerService: IME window vis: 0 active: 0 inv: 0 displayId: 0
05-21 11:01:32.001 1340 1340 W ContextImpl: Calling a method in the system process without a qualified user: android.app.ContextImpl.sendBroadcast:1181 android.content.ContextWrapper.sendBroadcast:479 cn.eben.newweather.DateWeatherService.a:19 cn.eben.newweather.DateWeatherService.a:0 cn.eben.newweather.DateWeatherService$1.handleMessage:7
05-21 11:10:29.005 543 543 I : read descriptors
05-21 11:10:29.005 543 543 I : read strings
05-21 11:10:29.007 1 1 I init : processing action (sys.usb.config=adb && sys.usb.configfs=1 && sys.usb.ffs.ready=1) from (/system/etc/init/hw/init.usb.configfs.rc:20)
05-21 11:10:29.010 1 1 I init : Command 'symlink /config/usb_gadget/g1/functions/ffs.adb /config/usb_gadget/g1/configs/b.1/f1' action=sys.usb.config=adb && sys.usb.configfs=1 && sys.usb.ffs.ready=1 (/system/etc/init/hw/init.usb.configfs.rc:22) took 1ms and failed: symlink() failed: File exists
05-21 11:10:29.012 1 1 I init : Command 'write /config/usb_gadget/g1/UDC ${sys.usb.controller}' action=sys.usb.config=adb && sys.usb.configfs=1 && sys.usb.ffs.ready=1 (/system/etc/init/hw/init.usb.configfs.rc:23) took 1ms and failed: Unable to write to file '/config/usb_gadget/g1/UDC': Unable to write file contents: Device or resource busy
05-21 11:01:32.439 464 494 I RIL : ---> enter mainloop wait at port
05-21 11:01:32.439 464 494 D RIL-DEV : Get modem info
05-21 11:01:32.440 464 494 D RIL-DEV : [05-21_11:01:32:440] idVendor = 0bda
05-21 11:01:32.440 464 494 D RIL-DEV :
05-21 11:01:32.440 464 494 D RIL-DEV : [05-21_11:01:32:441] idVendor = 05e3
05-21 11:01:32.440 464 494 D RIL-DEV :
05-21 11:01:32.441 464 494 D RIL-DEV : [05-21_11:01:32:441] idVendor = 1d6b
05-21 11:01:32.441 464 494 D RIL-DEV :
05-21 11:01:32.441 464 494 D RIL-DEV : [05-21_11:01:32:441] idVendor = 1d6b
05-21 11:01:32.441 464 494 D RIL-DEV :
05-21 11:01:32.441 464 494 D RIL-DEV : [05-21_11:01:32:442] idVendor = 0bda
05-21 11:01:32.441 464 494 D RIL-DEV :
05-21 11:01:32.442 464 494 D RIL-DEV : [05-21_11:01:32:442] idVendor = 1d6b
05-21 11:01:32.442 464 494 D RIL-DEV :
05-21 11:01:32.442 464 494 D RIL-DEV : [05-21_11:01:32:442] idVendor = 2109
05-21 11:01:32.442 464 494 D RIL-DEV :
05-21 11:01:32.442 464 494 D RIL-DEV : [05-21_11:01:32:443] idVendor = 2109
05-21 11:01:32.442 464 494 D RIL-DEV :
05-21 11:01:32.443 464 494 D RIL-DEV : [05-21_11:01:32:443] idVendor = 1d6b
05-21 11:01:32.443 464 494 D RIL-DEV :
05-21 11:01:32.443 464 494 D RIL-DEV : [05-21_11:01:32:443] idVendor = 0bda
05-21 11:01:32.443 464 494 D RIL-DEV :
05-21 11:01:32.443 464 494 D RIL-DEV : [05-21_11:01:32:444] idVendor = 2109
05-21 11:01:32.443 464 494 D RIL-DEV :
05-21 11:01:32.444 464 494 E RIL-DEV : Cannot find Meig devices
05-21 11:01:32.444 464 494 I RIL : ---> can't find meig usb devices
05-21 11:01:33.002 1340 1340 W ContextImpl: Calling a method in the system process without a qualified user: android.app.ContextImpl.sendBroadcast:1181 android.content.ContextWrapper.sendBroadcast:479 cn.eben.newweather.DateWeatherService.a:19 cn.eben.newweather.DateWeatherService.a:0 cn.eben.newweather.DateWeatherService$1.handleMessage:7
05-21 11:01:33.005 627 653 I ActivityManager: Killing 2225:com.ebensz.enote.notepad:remote/u0a66 (adj 955): empty for 1800s
05-21 11:10:29.865 5796 5796 W binder_cleanup_transaction: 50 callbacks suppressed
05-21 11:10:29.865 5796 5796 I binder : undelivered transaction 256520, process died.
05-21 11:10:29.865 5796 5796 I binder : undelivered transaction 256872, process died.
05-21 11:10:29.865 5796 5796 I binder : undelivered transaction 260539, process died.
05-21 11:10:29.865 5796 5796 I binder : undelivered transaction 260588, process died.
05-21 11:10:29.865 5796 5796 I binder : undelivered transaction 260981, process died.
05-21 11:10:29.865 5796 5796 I binder : undelivered transaction 272448, process died.
05-21 11:10:29.865 5796 5796 I binder : undelivered transaction 272498, process died.
05-21 11:10:29.865 5796 5796 I binder : undelivered transaction 272922, process died.
05-21 11:10:29.865 5796 5796 I binder : undelivered transaction 274882, process died.
05-21 11:10:29.865 5796 5796 I binder : undelivered transaction 274931, process died.
05-21 11:10:30.061 543 543 I : read descriptors
05-21 11:10:30.061 543 543 I : read strings
05-21 11:10:30.062 1 1 I init : processing action (sys.usb.config=adb && sys.usb.configfs=1 && sys.usb.ffs.ready=1) from (/system/etc/init/hw/init.usb.configfs.rc:20)
05-21 11:01:33.673 627 1329 E TaskPersister: File error accessing recents directory (directory doesn't exist?).
05-21 11:01:34.002 1340 1340 W ContextImpl: Calling a method in the system process without a qualified user: android.app.ContextImpl.sendBroadcast:1181 android.content.ContextWrapper.sendBroadcast:479 cn.eben.newweather.DateWeatherService.a:19 cn.eben.newweather.DateWeatherService.a:0 cn.eben.newweather.DateWeatherService$1.handleMessage:7
05-21 11:01:34.104 627 1116 W ContentProviderHelper: Permission Denial: opening provider com.android.providers.contacts.ContactsProvider2 from ProcessRecord{1933406 1690:cn.eben.sync/u0a44} (pid=1690, uid=10044) requires android.permission.READ_CONTACTS or android.permission.WRITE_CONTACTS
05-21 11:10:31.118 543 543 I : read descriptors
05-21 11:10:31.118 543 543 I : read strings
05-21 11:01:34.444 464 494 I RIL : ---> enter mainloop wait at port
05-21 11:01:34.444 464 494 D RIL-DEV : Get modem info
05-21 11:01:34.445 464 494 D RIL-DEV : [05-21_11:01:34:445] idVendor = 0bda
05-21 11:01:34.445 464 494 D RIL-DEV :
05-21 11:01:34.445 464 494 D RIL-DEV : [05-21_11:01:34:446] idVendor = 05e3
05-21 11:01:34.445 464 494 D RIL-DEV :
05-21 11:01:34.446 464 494 D RIL-DEV : [05-21_11:01:34:446] idVendor = 1d6b
05-21 11:01:34.446 464 494 D RIL-DEV :
05-21 11:01:34.446 464 494 D RIL-DEV : [05-21_11:01:34:446] idVendor = 1d6b
05-21 11:01:34.446 464 494 D RIL-DEV :
05-21 11:01:34.446 464 494 D RIL-DEV : [05-21_11:01:34:447] idVendor = 0bda
05-21 11:01:34.446 464 494 D RIL-DEV :
05-21 11:01:34.446 464 494 D RIL-DEV : [05-21_11:01:34:447] idVendor = 1d6b
05-21 11:01:34.446 464 494 D RIL-DEV :
05-21 11:01:34.447 464 494 D RIL-DEV : [05-21_11:01:34:447] idVendor = 2109
05-21 11:01:34.447 464 494 D RIL-DEV :
05-21 11:01:34.447 464 494 D RIL-DEV : [05-21_11:01:34:448] idVendor = 2109
05-21 11:01:34.447 464 494 D RIL-DEV :
05-21 11:01:34.448 464 494 D RIL-DEV : [05-21_11:01:34:448] idVendor = 1d6b
05-21 11:01:34.448 464 494 D RIL-DEV :
05-21 11:01:34.448 464 494 D RIL-DEV : [05-21_11:01:34:449] idVendor = 0bda
05-21 11:01:34.448 464 494 D RIL-DEV :
05-21 11:01:34.448 464 494 D RIL-DEV : [05-21_11:01:34:449] idVendor = 2109
05-21 11:01:34.448 464 494 D RIL-DEV :
05-21 11:01:34.449 464 494 E RIL-DEV : Cannot find Meig devices
05-21 11:01:34.449 464 494 I RIL : ---> can't find meig usb devices
05-21 11:01:35.001 1340 1340 W ContextImpl: Calling a method in the system process without a qualified user: android.app.ContextImpl.sendBroadcast:1181 android.content.ContextWrapper.sendBroadcast:479 cn.eben.newweather.DateWeatherService.a:19 cn.eben.newweather.DateWeatherService.a:0 cn.eben.newweather.DateWeatherService$1.handleMessage:7
05-21 11:10:32.171 543 543 I : read descriptors
05-21 11:10:32.171 543 543 I : read strings
05-21 11:10:32.172 1 1 I init : processing action (sys.usb.config=adb && sys.usb.configfs=1 && sys.usb.ffs.ready=1) from (/system/etc/init/hw/init.usb.configfs.rc:20)
05-21 11:10:32.174 1 1 I init : Command 'symlink /config/usb_gadget/g1/functions/ffs.adb /config/usb_gadget/g1/configs/b.1/f1' action=sys.usb.config=adb && sys.usb.configfs=1 && sys.usb.ffs.ready=1 (/system/etc/init/hw/init.usb.configfs.rc:22) took 0ms and failed: symlink() failed: File exists
05-21 11:10:32.174 1 1 I init : Command 'write /config/usb_gadget/g1/UDC ${sys.usb.controller}' action=sys.usb.config=adb && sys.usb.configfs=1 && sys.usb.ffs.ready=1 (/system/etc/init/hw/init.usb.configfs.rc:23) took 0ms and failed: Unable to write to file '/config/usb_gadget/g1/UDC': Unable to write file contents: Device or resource busy
05-21 11:01:35.373 627 644 D AutofillManagerService: Close system dialogs
05-21 11:01:35.374 627 627 V InputMethodMenuController: Hide switching menu
05-21 11:01:35.375 627 645 I ActivityTaskManager: START u0 {act=android.intent.action.MAIN cat=[android.intent.category.HOME] flg=0x10000100 cmp=com.android.launcher3/.uioverrides.QuickstepLauncher (has extras)} from uid 0
05-21 11:01:35.405 627 2063 D InputMethodManagerService: --- calledFromForegroundUserOrSystemProcess ? calling uid = 10085 system uid = 1000 calling userId = 0, foreground user id = 0, calling pid = 1049com.android.server.inputmethod.InputMethodManagerService.hideSoftInput(InputMethodManagerService.java:3257)
05-21 11:01:35.405 627 2063 W InputMethodManagerService: Ignoring hideSoftInput of uid 10085: com.android.internal.view.IInputMethodClient$Stub$Proxy@a1dbd95
05-21 11:01:35.406 627 644 D AutofillManagerService: Close system dialogs
05-21 11:01:35.406 627 627 V InputMethodMenuController: Hide switching menu
05-21 11:01:35.408 627 2063 D InputMethodManagerService: --- calledFromForegroundUserOrSystemProcess ? calling uid = 10085 system uid = 1000 calling userId = 0, foreground user id = 0, calling pid = 1049com.android.server.inputmethod.InputMethodManagerService.hideSoftInput(InputMethodManagerService.java:3257)
05-21 11:01:35.408 627 2063 W InputMethodManagerService: Ignoring hideSoftInput of uid 10085: com.android.internal.view.IInputMethodClient$Stub$Proxy@647a9b
05-21 11:01:35.422 627 647 V InputMethodMenuController: Hide switching menu
05-21 11:01:35.481 627 2063 V InputMethodManagerService: startInputOrWindowGainedFocusInternalLocked: reason=WINDOW_FOCUS_GAIN client=android.os.BinderProxy@c541fd5 inputContext=null missingMethods= attribute=android.view.inputmethod.EditorInfo@d8cb65a startInputFlags=VIEW_HAS_FOCUS|INITIAL_CONNECTION softInputMode=STATE_UNSPECIFIED|ADJUST_NOTHING|IS_FORWARD_NAVIGATION windowFlags=#81910100 unverifiedTargetSdkVersion=32
05-21 11:01:35.481 627 2063 V InputMethodManagerService: Unspecified window will hide input
05-21 11:01:35.481 627 2063 V InputMethodManagerService: unbindCurrentInputLocked: client=android.os.BinderProxy@3398b1f
05-21 11:01:35.482 627 2063 V InputMethodMenuController: Hide switching menu
05-21 11:01:35.482 627 2063 V InputMethodManagerService: Disabling: SessionState{uid 1000 pid 3582 method 60ca193 session a8a1c42 channel ClientState{18df724 uid=1000 pid=3582 displayId=0} (server)}
05-21 11:01:35.483 627 2063 V InputMethodManagerService: Enabling: SessionState{uid 10085 pid 1049 method 60ca193 session f666168 channel ClientState{88bb25a uid=10085 pid=1049 displayId=0} (server)}
05-21 11:01:35.488 627 647 V InputMethodMenuController: Hide switching menu
05-21 11:01:35.497 627 2411 D InputMethodManagerService: --- calledFromForegroundUserOrSystemProcess ? calling uid = 10085 system uid = 1000 calling userId = 0, foreground user id = 0, calling pid = 0com.android.server.inputmethod.InputMethodManagerService.reportPerceptibleAsync(InputMethodManagerService.java:3162)
05-21 11:01:35.497 627 2411 D InputMethodManagerService: IME window vis: 0 active: 0 inv: 0 displayId: 0
05-21 11:01:36.002 1340 1340 W ContextImpl: Calling a method in the system process without a qualified user: android.app.ContextImpl.sendBroadcast:1181 android.content.ContextWrapper.sendBroadcast:479 cn.eben.newweather.DateWeatherService.a:19 cn.eben.newweather.DateWeatherService.a:0 cn.eben.newweather.DateWeatherService$1.handleMessage:7
05-21 11:10:33.211 543 543 I : read descriptors
05-21 11:10:33.211 543 543 I : read strings
05-21 11:10:33.212 1 1 I init : processing action (sys.usb.config=adb && sys.usb.configfs=1 && sys.usb.ffs.ready=1) from (/system/etc/init/hw/init.usb.configfs.rc:20)
05-21 11:10:33.215 1 1 I init : Command 'symlink /config/usb_gadget/g1/functions/ffs.adb /config/usb_gadget/g1/configs/b.1/f1' action=sys.usb.config=adb && sys.usb.configfs=1 && sys.usb.ffs.ready=1 (/system/etc/init/hw/init.usb.configfs.rc:22) took 1ms and failed: symlink() failed: File exists
05-21 11:10:33.217 1 1 I init : Command 'write /config/usb_gadget/g1/UDC ${sys.usb.controller}' action=sys.usb.config=adb && sys.usb.configfs=1 && sys.usb.ffs.ready=1 (/system/etc/init/hw/init.usb.configfs.rc:23) took 1ms and failed: Unable to write to file '/config/usb_gadget/g1/UDC': Unable to write file contents: Device or resource busy
05-21 11:01:36.449 464 494 I RIL : ---> enter mainloop wait at port
05-21 11:01:36.449 464 494 D RIL-DEV : Get modem info
05-21 11:01:36.450 464 494 D RIL-DEV : [05-21_11:01:36:450] idVendor = 0bda
05-21 11:01:36.450 464 494 D RIL-DEV :
05-21 11:01:36.450 464 494 D RIL-DEV : [05-21_11:01:36:451] idVendor = 05e3
05-21 11:01:36.450 464 494 D RIL-DEV :
05-21 11:01:36.450 464 494 D RIL-DEV : [05-21_11:01:36:451] idVendor = 1d6b
05-21 11:01:36.450 464 494 D RIL-DEV :
05-21 11:01:36.451 464 494 D RIL-DEV : [05-21_11:01:36:451] idVendor = 1d6b
05-21 11:01:36.451 464 494 D RIL-DEV :
05-21 11:01:36.451 464 494 D RIL-DEV : [05-21_11:01:36:452] idVendor = 0bda
05-21 11:01:36.451 464 494 D RIL-DEV :
05-21 11:01:36.452 464 494 D RIL-DEV : [05-21_11:01:36:452] idVendor = 1d6b
05-21 11:01:36.452 464 494 D RIL-DEV :
05-21 11:01:36.452 464 494 D RIL-DEV : [05-21_11:01:36:452] idVendor = 2109
05-21 11:01:36.452 464 494 D RIL-DEV :
05-21 11:01:36.452 464 494 D RIL-DEV : [05-21_11:01:36:453] idVendor = 2109
05-21 11:01:36.452 464 494 D RIL-DEV :
05-21 11:01:36.453 464 494 D RIL-DEV : [05-21_11:01:36:453] idVendor = 1d6b
05-21 11:01:36.453 464 494 D RIL-DEV :
05-21 11:01:36.453 464 494 D RIL-DEV : [05-21_11:01:36:453] idVendor = 0bda
05-21 11:01:36.453 464 494 D RIL-DEV :
05-21 11:01:36.453 464 494 D RIL-DEV : [05-21_11:01:36:454] idVendor = 2109
05-21 11:01:36.453 464 494 D RIL-DEV :
05-21 11:01:36.454 464 494 E RIL-DEV : Cannot find Meig devices
05-21 11:01:36.454 464 494 I RIL : ---> can't find meig usb devices
05-21 11:01:37.002 1340 1340 W ContextImpl: Calling a method in the system process without a qualified user: android.app.ContextImpl.sendBroadcast:1181 android.content.ContextWrapper.sendBroadcast:479 cn.eben.newweather.DateWeatherService.a:19 cn.eben.newweather.DateWeatherService.a:0 cn.eben.newweather.DateWeatherService$1.handleMessage:7
05-21 11:10:34.258 543 543 I : read descriptors
05-21 11:10:34.258 543 543 I : read strings
05-21 11:10:34.260 1 1 I init : processing action (sys.usb.config=adb && sys.usb.configfs=1 && sys.usb.ffs.ready=1) from (/system/etc/init/hw/init.usb.configfs.rc:20)
05-21 11:10:34.263 1 1 I init : Command 'symlink /config/usb_gadget/g1/functions/ffs.adb /config/usb_gadget/g1/configs/b.1/f1' action=sys.usb.config=adb && sys.usb.configfs=1 && sys.usb.ffs.ready=1 (/system/etc/init/hw/init.usb.configfs.rc:22) took 0ms and failed: symlink() failed: File exists
05-21 11:10:34.264 1 1 I init : Command 'write /config/usb_gadget/g1/UDC ${sys.usb.controller}' action=sys.usb.config=adb && sys.usb.configfs=1 && sys.usb.ffs.ready=1 (/system/etc/init/hw/init.usb.configfs.rc:23) took 0ms and failed: Unable to write to file '/config/usb_gadget/g1/UDC': Unable to write file contents: Device or resource busy
05-21 11:01:38.002 1340 1340 W ContextImpl: Calling a method in the system process without a qualified user: android.app.ContextImpl.sendBroadcast:1181 android.content.ContextWrapper.sendBroadcast:479 cn.eben.newweather.DateWeatherService.a:19 cn.eben.newweather.DateWeatherService.a:0 cn.eben.newweather.DateWeatherService$1.handleMessage:7
05-21 11:01:38.235 627 1116 I ActivityTaskManager: START u0 {act=android.intent.action.MAIN cat=[android.intent.category.LAUNCHER] flg=0x10200000 cmp=com.android.settings/.Settings bnds=[296,64][532,384]} from uid 10085
05-21 11:01:38.236 627 646 I DropBoxManagerService: add tag=system_app_strictmode isTagEnabled=true flags=0x2
05-21 11:01:38.246 627 1116 W ActivityTaskManager: Can't find TaskDisplayArea to determine support for multi window. Task id=43 attached=false
05-21 11:01:38.272 627 647 I ActivityManager: com.android.settings is exempt from freezer
05-21 11:01:38.288 627 654 I ActivityManager: Start proc 6551:com.android.settings/1000 for pre-top-activity {com.android.settings/com.android.settings.Settings}
05-21 11:01:38.295 627 647 V InputMethodMenuController: Hide switching menu
05-21 11:01:38.389 627 2426 W ActivityTaskManager: setResumedActivity on non-leaf task fragment Task{70357c8 #43 type=standard A=1000:com.android.settings.root U=0 visible=true visibleRequested=true mode=fullscreen translucent=false sz=1}
05-21 11:01:38.391 627 2426 I ActivityTaskManager: START u0 {cmp=com.android.settings/.Settings$NetworkDashboardActivity} from uid 1000
05-21 11:01:38.392 627 2426 W ActivityTaskManager: Tried to set launchTime (0) < mLastActivityLaunchTime (2203139)
05-21 11:01:38.407 627 2411 E UserRestrictionsUtils: Unknown restriction queried by uid 1000 (com.android.dynsystem et al): null
05-21 11:01:38.454 464 494 I RIL : ---> enter mainloop wait at port
05-21 11:01:38.454 464 494 D RIL-DEV : Get modem info
05-21 11:01:38.454 464 494 D RIL-DEV : [05-21_11:01:38:455] idVendor = 0bda
05-21 11:01:38.454 464 494 D RIL-DEV :
05-21 11:01:38.454 464 494 D RIL-DEV : [05-21_11:01:38:455] idVendor = 05e3
05-21 11:01:38.454 464 494 D RIL-DEV :
05-21 11:01:38.454 464 494 D RIL-DEV : [05-21_11:01:38:455] idVendor = 1d6b
05-21 11:01:38.454 464 494 D RIL-DEV :
05-21 11:01:38.455 464 494 D RIL-DEV : [05-21_11:01:38:455] idVendor = 1d6b
05-21 11:01:38.455 464 494 D RIL-DEV :
05-21 11:01:38.455 464 494 D RIL-DEV : [05-21_11:01:38:455] idVendor = 0bda
05-21 11:01:38.455 464 494 D RIL-DEV :
05-21 11:01:38.455 464 494 D RIL-DEV : [05-21_11:01:38:455] idVendor = 1d6b
05-21 11:01:38.455 464 494 D RIL-DEV :
05-21 11:01:38.455 464 494 D RIL-DEV : [05-21_11:01:38:455] idVendor = 2109
05-21 11:01:38.455 464 494 D RIL-DEV :
05-21 11:01:38.455 464 494 D RIL-DEV : [05-21_11:01:38:455] idVendor = 2109
05-21 11:01:38.455 464 494 D RIL-DEV :
05-21 11:01:38.455 464 494 D RIL-DEV : [05-21_11:01:38:456] idVendor = 1d6b
05-21 11:01:38.455 464 494 D RIL-DEV :
05-21 11:01:38.455 464 494 D RIL-DEV : [05-21_11:01:38:456] idVendor = 0bda
05-21 11:01:38.455 464 494 D RIL-DEV :
05-21 11:01:38.455 464 494 D RIL-DEV : [05-21_11:01:38:456] idVendor = 2109
05-21 11:01:38.455 464 494 D RIL-DEV :
05-21 11:01:38.455 464 494 E RIL-DEV : Cannot find Meig devices
05-21 11:01:38.455 464 494 I RIL : ---> can't find meig usb devices
05-21 11:10:35.290 543 543 I : read descriptors
05-21 11:10:35.290 543 543 I : read strings
05-21 11:10:35.291 1 1 I init : processing action (sys.usb.config=adb && sys.usb.configfs=1 && sys.usb.ffs.ready=1) from (/system/etc/init/hw/init.usb.configfs.rc:20)
05-21 11:01:38.479 627 2426 E UserRestrictionsUtils: Unknown restriction queried by uid 1000 (com.android.dynsystem et al): null
05-21 11:01:38.479 627 2426 E UserRestrictionsUtils: Unknown restriction queried by uid 1000 (com.android.dynsystem et al): null
05-21 11:01:38.482 627 2426 E UserRestrictionsUtils: Unknown restriction queried by uid 1000 (com.android.dynsystem et al): no_ethernet_settings
05-21 11:01:38.482 627 2426 E UserRestrictionsUtils: Unknown restriction queried by uid 1000 (com.android.dynsystem et al): no_ethernet_settings
05-21 11:01:38.482 627 653 I DropBoxManagerService: add tag=system_server_wtf isTagEnabled=true flags=0x2
05-21 11:01:38.483 627 653 I DropBoxManagerService: add tag=system_server_wtf isTagEnabled=true flags=0x2
05-21 11:01:38.507 995 1183 D SubscriptionController: [getAvailableSubInfoList]- no info return
05-21 11:01:38.508 995 1028 D SubscriptionController: [getAvailableSubInfoList]- no info return
05-21 11:01:38.509 995 1028 D SubscriptionController: [getAvailableSubInfoList]- no info return
05-21 11:01:38.510 995 1028 D SubscriptionController: [getAvailableSubInfoList]- no info return
05-21 11:01:38.512 995 1028 D SubscriptionController: [getAvailableSubInfoList]- no info return
05-21 11:01:38.513 995 1183 D SubscriptionController: [getAvailableSubInfoList]- no info return
05-21 11:01:38.514 995 1183 D SubscriptionController: [getAvailableSubInfoList]- no info return
05-21 11:01:38.515 995 1183 D SubscriptionController: [getAvailableSubInfoList]- no info return
05-21 11:01:38.521 627 941 D ActivityManager: sync unfroze 1262 com.android.permissioncontroller
05-21 11:01:38.674 995 1028 D SubscriptionController: [getAvailableSubInfoList]- no info return
05-21 11:01:38.675 995 1183 D SubscriptionController: [getAvailableSubInfoList]- no info return
05-21 11:01:38.675 995 1028 D SubscriptionController: [getAvailableSubInfoList]- no info return
05-21 11:01:38.678 995 1183 D SubscriptionController: [getAvailableSubInfoList]- no info return
05-21 11:01:38.705 627 1116 V InputMethodManagerService: startInputOrWindowGainedFocusInternalLocked: reason=WINDOW_FOCUS_GAIN client=android.os.BinderProxy@ca320e6 inputContext=null missingMethods= attribute=android.view.inputmethod.EditorInfo@b8ba8e4 startInputFlags=VIEW_HAS_FOCUS|INITIAL_CONNECTION softInputMode=STATE_UNSPECIFIED|ADJUST_RESIZE|IS_FORWARD_NAVIGATION windowFlags=#81810100 unverifiedTargetSdkVersion=32
05-21 11:01:38.705 627 1116 V InputMethodManagerService: Unspecified window will hide input
05-21 11:01:38.705 627 1116 V InputMethodManagerService: unbindCurrentInputLocked: client=android.os.BinderProxy@c541fd5
05-21 11:01:38.705 627 1116 V InputMethodMenuController: Hide switching menu
05-21 11:01:38.705 627 1116 V InputMethodManagerService: Creating new session for client ClientState{fec67d6 uid=1000 pid=6551 displayId=0}
05-21 11:01:38.707 627 1116 V InputMethodManagerService: Disabling: SessionState{uid 10085 pid 1049 method 60ca193 session f666168 channel ClientState{88bb25a uid=10085 pid=1049 displayId=0} (server)}
05-21 11:01:38.707 627 1116 V InputMethodManagerService: Enabling: SessionState{uid 1000 pid 6551 method 60ca193 session 6ed3112 channel ClientState{fec67d6 uid=1000 pid=6551 displayId=0} (server)}
05-21 11:01:38.708 627 647 V InputMethodMenuController: Hide switching menu
05-21 11:01:38.869 627 642 D InputMethodManagerService: --- calledFromForegroundUserOrSystemProcess ? calling uid = 10085 system uid = 1000 calling userId = 0, foreground user id = 0, calling pid = 1049com.android.server.inputmethod.InputMethodManagerService.hideSoftInput(InputMethodManagerService.java:3257)
05-21 11:01:38.869 627 642 W InputMethodManagerService: Ignoring hideSoftInput of uid 10085: com.android.internal.view.IInputMethodClient$Stub$Proxy@d9c56c5
05-21 11:01:39.002 1340 1340 W ContextImpl: Calling a method in the system process without a qualified user: android.app.ContextImpl.sendBroadcast:1181 android.content.ContextWrapper.sendBroadcast:479 cn.eben.newweather.DateWeatherService.a:19 cn.eben.newweather.DateWeatherService.a:0 cn.eben.newweather.DateWeatherService$1.handleMessage:7
05-21 11:01:39.109 627 642 W ContentProviderHelper: Permission Denial: opening provider com.android.providers.contacts.ContactsProvider2 from ProcessRecord{1933406 1690:cn.eben.sync/u0a44} (pid=1690, uid=10044) requires android.permission.READ_CONTACTS or android.permission.WRITE_CONTACTS
05-21 11:01:39.154 627 647 V InputMethodMenuController: Hide switching menu
05-21 11:01:39.249 627 642 V InputMethodManagerService: startInputOrWindowGainedFocusInternalLocked: reason=WINDOW_FOCUS_GAIN client=android.os.BinderProxy@ca320e6 inputContext=null missingMethods= attribute=android.view.inputmethod.EditorInfo@bebe96c startInputFlags=VIEW_HAS_FOCUS|INITIAL_CONNECTION softInputMode=STATE_UNSPECIFIED|ADJUST_RESIZE|IS_FORWARD_NAVIGATION windowFlags=#81810100 unverifiedTargetSdkVersion=32
05-21 11:01:39.249 627 642 V InputMethodManagerService: Unspecified window will hide input
05-21 11:10:36.344 543 543 I : read descriptors
05-21 11:10:36.344 543 543 I : read strings
05-21 11:01:40.002 1340 1340 W ContextImpl: Calling a method in the system process without a qualified user: android.app.ContextImpl.sendBroadcast:1181 android.content.ContextWrapper.sendBroadcast:479 cn.eben.newweather.DateWeatherService.a:19 cn.eben.newweather.DateWeatherService.a:0 cn.eben.newweather.DateWeatherService$1.handleMessage:7
05-21 11:01:40.456 464 494 I RIL : ---> enter mainloop wait at port
05-21 11:01:40.456 464 494 D RIL-DEV : Get modem info
05-21 11:01:40.456 464 494 D RIL-DEV : [05-21_11:01:40:457] idVendor = 0bda
05-21 11:01:40.456 464 494 D RIL-DEV :
05-21 11:01:40.456 464 494 D RIL-DEV : [05-21_11:01:40:457] idVendor = 05e3
05-21 11:01:40.456 464 494 D RIL-DEV :
05-21 11:01:40.457 464 494 D RIL-DEV : [05-21_11:01:40:457] idVendor = 1d6b
05-21 11:01:40.457 464 494 D RIL-DEV :
05-21 11:01:40.457 464 494 D RIL-DEV : [05-21_11:01:40:457] idVendor = 1d6b
05-21 11:01:40.457 464 494 D RIL-DEV :
05-21 11:01:40.457 464 494 D RIL-DEV : [05-21_11:01:40:457] idVendor = 0bda
05-21 11:01:40.457 464 494 D RIL-DEV :
05-21 11:01:40.457 464 494 D RIL-DEV : [05-21_11:01:40:458] idVendor = 1d6b
05-21 11:01:40.457 464 494 D RIL-DEV :
05-21 11:01:40.457 464 494 D RIL-DEV : [05-21_11:01:40:458] idVendor = 2109
05-21 11:01:40.457 464 494 D RIL-DEV :
05-21 11:01:40.458 464 494 D RIL-DEV : [05-21_11:01:40:458] idVendor = 2109
05-21 11:01:40.458 464 494 D RIL-DEV :
05-21 11:01:40.458 464 494 D RIL-DEV : [05-21_11:01:40:458] idVendor = 1d6b
05-21 11:01:40.458 464 494 D RIL-DEV :
05-21 11:01:40.458 464 494 D RIL-DEV : [05-21_11:01:40:459] idVendor = 0bda
05-21 11:01:40.458 464 494 D RIL-DEV :
05-21 11:01:40.458 464 494 D RIL-DEV : [05-21_11:01:40:459] idVendor = 2109
05-21 11:01:40.458 464 494 D RIL-DEV :
05-21 11:01:40.459 464 494 E RIL-DEV : Cannot find Meig devices
05-21 11:01:40.459 464 494 I RIL : ---> can't find meig usb devices
05-21 11:10:37.401 543 543 I : read descriptors
05-21 11:10:37.401 543 543 I : read strings
05-21 11:10:37.406 1 1 I init : processing action (sys.usb.config=adb && sys.usb.configfs=1 && sys.usb.ffs.ready=1) from (/system/etc/init/hw/init.usb.configfs.rc:20)
05-21 11:10:37.407 1 1 I init : Command 'symlink /config/usb_gadget/g1/functions/ffs.adb /config/usb_gadget/g1/configs/b.1/f1' action=sys.usb.config=adb && sys.usb.configfs=1 && sys.usb.ffs.ready=1 (/system/etc/init/hw/init.usb.configfs.rc:22) took 0ms and failed: symlink() failed: File exists
05-21 11:10:37.408 1 1 I init : Command 'write /config/usb_gadget/g1/UDC ${sys.usb.controller}' action=sys.usb.config=adb && sys.usb.configfs=1 && sys.usb.ffs.ready=1 (/system/etc/init/hw/init.usb.configfs.rc:23) took 0ms and failed: Unable to write to file '/config/usb_gadget/g1/UDC': Unable to write file contents: Device or resource busy
05-21 11:01:41.002 1340 1340 W ContextImpl: Calling a method in the system process without a qualified user: android.app.ContextImpl.sendBroadcast:1181 android.content.ContextWrapper.sendBroadcast:479 cn.eben.newweather.DateWeatherService.a:19 cn.eben.newweather.DateWeatherService.a:0 cn.eben.newweather.DateWeatherService$1.handleMessage:7
05-21 11:10:38.474 543 543 I : read descriptors
05-21 11:10:38.475 543 543 I : read strings
05-21 11:10:38.477 1 1 I init : processing action (sys.usb.config=adb && sys.usb.configfs=1 && sys.usb.ffs.ready=1) from (/system/etc/init/hw/init.usb.configfs.rc:20)
05-21 11:10:38.480 1 1 I init : Command 'symlink /config/usb_gadget/g1/functions/ffs.adb /config/usb_gadget/g1/configs/b.1/f1' action=sys.usb.config=adb && sys.usb.configfs=1 && sys.usb.ffs.ready=1 (/system/etc/init/hw/init.usb.configfs.rc:22) took 0ms and failed: symlink() failed: File exists
05-21 11:10:38.481 1 1 I init : Command 'write /config/usb_gadget/g1/UDC ${sys.usb.controller}' action=sys.usb.config=adb && sys.usb.configfs=1 && sys.usb.ffs.ready=1 (/system/etc/init/hw/init.usb.configfs.rc:23) took 1ms and failed: Unable to write to file '/config/usb_gadget/g1/UDC': Unable to write file contents: Device or resource busy
05-21 11:01:42.003 1340 1340 W ContextImpl: Calling a method in the system process without a qualified user: android.app.ContextImpl.sendBroadcast:1181 android.content.ContextWrapper.sendBroadcast:479 cn.eben.newweather.DateWeatherService.a:19 cn.eben.newweather.DateWeatherService.a:0 cn.eben.newweather.DateWeatherService$1.handleMessage:7
05-21 11:01:42.160 627 2426 W ActivityTaskManager: Duplicate finish request for r=ActivityRecord{bf443d1 u0 com.android.settings/.Settings$NetworkDashboardActivity t43 f}}
05-21 11:01:42.169 627 2426 I ActivityTaskManager: START u0 {act=android.intent.action.MAIN cmp=com.android.settings/.SubSettings (has extras)} from uid 1000
05-21 11:01:42.208 627 2063 W ActivityTaskManager: Tried to set launchTime (0) < mLastActivityLaunchTime (2203235)
05-21 11:01:42.210 627 647 V InputMethodMenuController: Hide switching menu
05-21 11:01:42.257 627 647 V InputMethodMenuController: Hide switching menu
05-21 11:01:42.269 627 648 W WindowManager: Unable to find process with pid=6551 uid=1000
05-21 11:01:42.288 627 2426 V InputMethodManagerService: startInputOrWindowGainedFocusInternalLocked: reason=WINDOW_FOCUS_GAIN client=android.os.BinderProxy@ca320e6 inputContext=null missingMethods= attribute=android.view.inputmethod.EditorInfo@596391b startInputFlags=VIEW_HAS_FOCUS|INITIAL_CONNECTION softInputMode=STATE_UNSPECIFIED|ADJUST_RESIZE|IS_FORWARD_NAVIGATION windowFlags=#81810100 unverifiedTargetSdkVersion=32
05-21 11:01:42.288 627 2426 V InputMethodManagerService: Unspecified window will hide input
05-21 11:01:42.459 464 494 I RIL : ---> enter mainloop wait at port
05-21 11:01:42.459 464 494 D RIL-DEV : Get modem info
05-21 11:01:42.459 464 494 D RIL-DEV : [05-21_11:01:42:460] idVendor = 0bda
05-21 11:01:42.459 464 494 D RIL-DEV :
05-21 11:01:42.459 464 494 D RIL-DEV : [05-21_11:01:42:460] idVendor = 05e3
05-21 11:01:42.459 464 494 D RIL-DEV :
05-21 11:01:42.460 464 494 D RIL-DEV : [05-21_11:01:42:460] idVendor = 1d6b
05-21 11:01:42.460 464 494 D RIL-DEV :
05-21 11:01:42.460 464 494 D RIL-DEV : [05-21_11:01:42:460] idVendor = 1d6b
05-21 11:01:42.460 464 494 D RIL-DEV :
05-21 11:01:42.460 464 494 D RIL-DEV : [05-21_11:01:42:460] idVendor = 0bda
05-21 11:01:42.460 464 494 D RIL-DEV :
05-21 11:01:42.460 464 494 D RIL-DEV : [05-21_11:01:42:461] idVendor = 1d6b
05-21 11:01:42.460 464 494 D RIL-DEV :
05-21 11:01:42.460 464 494 D RIL-DEV : [05-21_11:01:42:461] idVendor = 2109
05-21 11:01:42.460 464 494 D RIL-DEV :
05-21 11:01:42.460 464 494 D RIL-DEV : [05-21_11:01:42:461] idVendor = 2109
05-21 11:01:42.460 464 494 D RIL-DEV :
05-21 11:01:42.460 464 494 D RIL-DEV : [05-21_11:01:42:461] idVendor = 1d6b
05-21 11:01:42.460 464 494 D RIL-DEV :
05-21 11:01:42.461 464 494 D RIL-DEV : [05-21_11:01:42:461] idVendor = 0bda
05-21 11:01:42.461 464 494 D RIL-DEV :
05-21 11:01:42.461 464 494 D RIL-DEV : [05-21_11:01:42:461] idVendor = 2109
05-21 11:01:42.461 464 494 D RIL-DEV :
05-21 11:01:42.461 464 494 E RIL-DEV : Cannot find Meig devices
05-21 11:01:42.461 464 494 I RIL : ---> can't find meig usb devices
05-21 11:01:42.489 627 2063 W WindowManager: Unable to find process with pid=6551 uid=1000
05-21 11:01:42.508 627 2426 D ActivityTaskManager: Remove task fragment: removeLastChild ActivityRecord{bf443d1 u0 com.android.settings/.Settings$NetworkDashboardActivity t-1 f}}
05-21 11:10:39.541 543 543 I : read descriptors
05-21 11:10:39.541 543 543 I : read strings
05-21 11:10:39.543 1 1 I init : processing action (sys.usb.config=adb && sys.usb.configfs=1 && sys.usb.ffs.ready=1) from (/system/etc/init/hw/init.usb.configfs.rc:20)
05-21 11:10:39.545 1 1 I init : Command 'symlink /config/usb_gadget/g1/functions/ffs.adb /config/usb_gadget/g1/configs/b.1/f1' action=sys.usb.config=adb && sys.usb.configfs=1 && sys.usb.ffs.ready=1 (/system/etc/init/hw/init.usb.configfs.rc:22) took 0ms and failed: symlink() failed: File exists
05-21 11:10:39.547 1 1 I init : Command 'write /config/usb_gadget/g1/UDC ${sys.usb.controller}' action=sys.usb.config=adb && sys.usb.configfs=1 && sys.usb.ffs.ready=1 (/system/etc/init/hw/init.usb.configfs.rc:23) took 0ms and failed: Unable to write to file '/config/usb_gadget/g1/UDC': Unable to write file contents: Device or resource busy
05-21 11:01:43.003 1340 1340 W ContextImpl: Calling a method in the system process without a qualified user: android.app.ContextImpl.sendBroadcast:1181 android.content.ContextWrapper.sendBroadcast:479 cn.eben.newweather.DateWeatherService.a:19 cn.eben.newweather.DateWeatherService.a:0 cn.eben.newweather.DateWeatherService$1.handleMessage:7
05-21 11:01:43.254 627 2426 V InputMethodManagerService: startInputOrWindowGainedFocusInternalLocked: reason=WINDOW_FOCUS_GAIN client=android.os.BinderProxy@ca320e6 inputContext=null missingMethods= attribute=android.view.inputmethod.EditorInfo@468d085 startInputFlags=VIEW_HAS_FOCUS|INITIAL_CONNECTION softInputMode=STATE_UNSPECIFIED|ADJUST_RESIZE windowFlags=#81810100 unverifiedTargetSdkVersion=32
05-21 11:01:43.254 627 2426 V InputMethodManagerService: Unspecified window will hide input
05-21 11:01:43.303 627 1329 E TaskPersister: File error accessing recents directory (directory doesn't exist?).
05-21 11:01:43.342 627 2426 W ActivityTaskManager: Duplicate finish request for r=ActivityRecord{886dcb3 u0 com.android.settings/.SubSettings t43 f}}
05-21 11:01:43.349 627 2426 I ActivityTaskManager: START u0 {act=android.intent.action.MAIN cmp=com.android.settings/.SubSettings (has extras)} from uid 1000
05-21 11:01:43.377 627 2426 W ActivityTaskManager: Tried to set launchTime (0) < mLastActivityLaunchTime (2207051)
05-21 11:01:43.380 627 647 V InputMethodMenuController: Hide switching menu
05-21 11:01:43.417 995 1028 D SubscriptionController: [getActiveSubscriptionInfoForSimSlotIndex]+ slotIndex=0 subId=null
05-21 11:01:43.417 995 1028 D SubscriptionController: [getPhoneId] asked for default subId=-1
05-21 11:01:43.418 995 1028 D SubscriptionController: [getActiveSubscriptionInfoForSimSlotIndex]+ slotIndex=0 subId=null
05-21 11:01:43.427 627 653 W BroadcastQueue: Permission Denial: broadcasting Intent { act=android.net.conn.CONNECTIVITY_CHANGE flg=0x4200010 (has extras) } from null (pid=-1, uid=-1) requires android.permission.CHANGE_NETWORK_STATE due to registered receiver BroadcastFilter{2d145df 1000/u0 ReceiverList{452ec7e 6551 com.android.settings/1000/u0 remote:b549e39}}
05-21 11:01:43.427 627 653 W BroadcastQueue: Permission Denial: broadcasting Intent { act=android.net.conn.CONNECTIVITY_CHANGE flg=0x4200010 (has extras) } from null (pid=-1, uid=-1) requires android.permission.CHANGE_NETWORK_STATE due to registered receiver BroadcastFilter{22d528a 1000/u0 ReceiverList{4d7e4f5 6551 com.android.settings/1000/u0 remote:fdee22c}}
05-21 11:01:43.434 995 1028 D SubscriptionController: [getActiveSubscriptionInfoForSimSlotIndex]+ slotIndex=0 subId=null
05-21 11:01:43.434 995 1028 D SubscriptionController: [getActiveSubscriptionInfoForSimSlotIndex]+ slotIndex=0 subId=null
05-21 11:01:43.474 627 647 V InputMethodMenuController: Hide switching menu
05-21 11:01:43.495 627 648 W WindowManager: Unable to find process with pid=6551 uid=1000
