05-21 11:02:21.917 627 647 V InputMethodMenuController: Hide switching menu
05-21 11:02:21.918 627 647 I sysui_multi_action: [757,803,799,window_time_0,802,1]
05-21 11:02:21.940 3582 3582 I wm_on_create_called: [129908697,com.ebensz.appmanager.OnlineAppListActivity,performCreate]
05-21 11:02:21.941 3582 3582 I wm_on_start_called: [129908697,com.ebensz.appmanager.OnlineAppListActivity,handleStartActivity]
05-21 11:02:21.941 3582 3582 I wm_on_resume_called: [129908697,com.ebensz.appmanager.OnlineAppListActivity,RESUME_ACTIVITY]
05-21 11:02:21.948 627 712 I input_focus: [Focus leaving 5ed07c3 com.ebensz.appmanager/com.ebensz.appmanager.MainActivity (server),reason=NO_WINDOW]
05-21 11:02:21.948 3582 3582 I wm_on_top_resumed_gained_called: [129908697,com.ebensz.appmanager.OnlineAppListActivity,topStateChangedWhenResumed]
05-21 11:02:21.986 3582 3582 W ContextImpl: Calling a method in the system process without a qualified user: android.app.ContextImpl.bindService:1911 android.content.ContextWrapper.bindService:810 com.ebensz.appmanager.views.fragments.OnlineAppListFragment.bindService:339 com.ebensz.appmanager.views.fragments.OnlineAppListFragment.onStart:324 android.app.Fragment.performStart:2531
05-21 11:02:21.991 627 647 V InputMethodMenuController: Hide switching menu
05-21 11:02:21.992 627 648 I input_focus: [Focus request 45fa84c com.ebensz.appmanager/com.ebensz.appmanager.OnlineAppListActivity,reason=UpdateInputWindows]
05-21 11:02:22.001 1340 1340 W ContextImpl: Calling a method in the system process without a qualified user: android.app.ContextImpl.sendBroadcast:1181 android.content.ContextWrapper.sendBroadcast:479 cn.eben.newweather.DateWeatherService.a:19 cn.eben.newweather.DateWeatherService.a:0 cn.eben.newweather.DateWeatherService$1.handleMessage:7
05-21 11:02:22.005 627 644 I wm_activity_launch_time: [0,129908697,com.ebensz.appmanager/.OnlineAppListActivity,108]
05-21 11:02:22.018 627 712 I input_focus: [Focus entering 45fa84c com.ebensz.appmanager/com.ebensz.appmanager.OnlineAppListActivity (server),reason=Window became focusable. Previous reason: NO_WINDOW]
05-21 11:02:22.022 627 2411 V InputMethodManagerService: startInputOrWindowGainedFocusInternalLocked: reason=WINDOW_FOCUS_GAIN client=android.os.BinderProxy@3398b1f inputContext=null missingMethods= attribute=android.view.inputmethod.EditorInfo@a9f9526 startInputFlags=VIEW_HAS_FOCUS|INITIAL_CONNECTION softInputMode=STATE_UNSPECIFIED|ADJUST_PAN|IS_FORWARD_NAVIGATION windowFlags=#81810100 unverifiedTargetSdkVersion=23
05-21 11:02:22.022 627 2411 V InputMethodManagerService: Unspecified window will hide input
05-21 11:02:22.023 627 647 V InputMethodMenuController: Hide switching menu
05-21 11:02:22.024 627 2063 D InputMethodManagerService: --- calledFromForegroundUserOrSystemProcess ? calling uid = 1000 system uid = 1000 calling userId = 0, foreground user id = 0, calling pid = 0com.android.server.inputmethod.InputMethodManagerService.reportPerceptibleAsync(InputMethodManagerService.java:3162)
05-21 11:02:22.024 627 2063 D InputMethodManagerService: IME window vis: 0 active: 0 inv: 0 displayId: 0
05-21 11:02:22.209 627 647 I wm_stop_activity: [0,87386935,com.ebensz.appmanager/.MainActivity]
05-21 11:02:22.331 3582 3582 I wm_on_stop_called: [87386935,com.ebensz.appmanager.MainActivity,STOP_ACTIVITY_ITEM]
05-21 11:02:22.548 464 494 I RIL : ---> enter mainloop wait at port
05-21 11:02:22.548 464 494 D RIL-DEV : Get modem info
05-21 11:02:22.549 464 494 D RIL-DEV : [05-21_11:02:22:550] idVendor = 0bda
05-21 11:02:22.549 464 494 D RIL-DEV :
05-21 11:02:22.550 464 494 D RIL-DEV : [05-21_11:02:22:550] idVendor = 05e3
05-21 11:02:22.550 464 494 D RIL-DEV :
05-21 11:02:22.550 464 494 D RIL-DEV : [05-21_11:02:22:550] idVendor = 1d6b
05-21 11:02:22.550 464 494 D RIL-DEV :
05-21 11:02:22.550 464 494 D RIL-DEV : [05-21_11:02:22:551] idVendor = 1d6b
05-21 11:02:22.550 464 494 D RIL-DEV :
05-21 11:02:22.550 464 494 D RIL-DEV : [05-21_11:02:22:551] idVendor = 0bda
05-21 11:02:22.550 464 494 D RIL-DEV :
05-21 11:02:22.551 464 494 D RIL-DEV : [05-21_11:02:22:551] idVendor = 1d6b
05-21 11:02:22.551 464 494 D RIL-DEV :
05-21 11:02:22.551 464 494 D RIL-DEV : [05-21_11:02:22:552] idVendor = 2109
05-21 11:02:22.551 464 494 D RIL-DEV :
05-21 11:02:22.552 464 494 D RIL-DEV : [05-21_11:02:22:552] idVendor = 2109
05-21 11:02:22.552 464 494 D RIL-DEV :
05-21 11:02:22.552 464 494 D RIL-DEV : [05-21_11:02:22:552] idVendor = 1d6b
05-21 11:02:22.552 464 494 D RIL-DEV :
05-21 11:02:22.552 464 494 D RIL-DEV : [05-21_11:02:22:553] idVendor = 0bda
05-21 11:02:22.552 464 494 D RIL-DEV :
05-21 11:02:22.553 464 494 D RIL-DEV : [05-21_11:02:22:553] idVendor = 2109
05-21 11:02:22.553 464 494 D RIL-DEV :
05-21 11:02:22.553 464 494 E RIL-DEV : Cannot find Meig devices
05-21 11:02:22.553 464 494 I RIL : ---> can't find meig usb devices
05-21 11:11:19.598 543 543 I : read descriptors
05-21 11:11:19.598 543 543 I : read strings
05-21 11:11:19.600 1 1 I init : processing action (sys.usb.config=adb && sys.usb.configfs=1 && sys.usb.ffs.ready=1) from (/system/etc/init/hw/init.usb.configfs.rc:20)
05-21 11:11:19.604 1 1 I init : Command 'symlink /config/usb_gadget/g1/functions/ffs.adb /config/usb_gadget/g1/configs/b.1/f1' action=sys.usb.config=adb && sys.usb.configfs=1 && sys.usb.ffs.ready=1 (/system/etc/init/hw/init.usb.configfs.rc:22) took 0ms and failed: symlink() failed: File exists
05-21 11:11:19.604 1 1 I init : Command 'write /config/usb_gadget/g1/UDC ${sys.usb.controller}' action=sys.usb.config=adb && sys.usb.configfs=1 && sys.usb.ffs.ready=1 (/system/etc/init/hw/init.usb.configfs.rc:23) took 0ms and failed: Unable to write to file '/config/usb_gadget/g1/UDC': Unable to write file contents: Device or resource busy
05-21 11:02:23.002 1340 1340 W ContextImpl: Calling a method in the system process without a qualified user: android.app.ContextImpl.sendBroadcast:1181 android.content.ContextWrapper.sendBroadcast:479 cn.eben.newweather.DateWeatherService.a:19 cn.eben.newweather.DateWeatherService.a:0 cn.eben.newweather.DateWeatherService$1.handleMessage:7
05-21 11:11:20.641 543 543 I : read descriptors
05-21 11:11:20.641 543 543 I : read strings
05-21 11:11:20.643 1 1 I init : processing action (sys.usb.config=adb && sys.usb.configfs=1 && sys.usb.ffs.ready=1) from (/system/etc/init/hw/init.usb.configfs.rc:20)
05-21 11:11:20.646 1 1 I init : Command 'symlink /config/usb_gadget/g1/functions/ffs.adb /config/usb_gadget/g1/configs/b.1/f1' action=sys.usb.config=adb && sys.usb.configfs=1 && sys.usb.ffs.ready=1 (/system/etc/init/hw/init.usb.configfs.rc:22) took 0ms and failed: symlink() failed: File exists
05-21 11:11:20.646 1 1 I init : Command 'write /config/usb_gadget/g1/UDC ${sys.usb.controller}' action=sys.usb.config=adb && sys.usb.configfs=1 && sys.usb.ffs.ready=1 (/system/etc/init/hw/init.usb.configfs.rc:23) took 0ms and failed: Unable to write to file '/config/usb_gadget/g1/UDC': Unable to write file contents: Device or resource busy
05-21 11:02:24.002 1340 1340 W ContextImpl: Calling a method in the system process without a qualified user: android.app.ContextImpl.sendBroadcast:1181 android.content.ContextWrapper.sendBroadcast:479 cn.eben.newweather.DateWeatherService.a:19 cn.eben.newweather.DateWeatherService.a:0 cn.eben.newweather.DateWeatherService$1.handleMessage:7
05-21 11:02:24.005 627 653 I ActivityManager: Killing 3683:com.android.remoteprovisioner/u0a83 (adj 995): empty for 1800s
05-21 11:02:24.006 627 653 I am_kill : [0,3683,com.android.remoteprovisioner,995,empty for 1800s]
05-21 11:02:24.042 627 941 I am_proc_died: [0,3683,com.android.remoteprovisioner,995,19]
05-21 11:02:24.043 627 941 I am_uid_stopped: 10083
05-21 11:11:20.871 5719 5719 W binder_cleanup_transaction: 5 callbacks suppressed
05-21 11:11:20.871 5719 5719 I binder : undelivered transaction 256518, process died.
05-21 11:11:20.871 5719 5719 I binder : undelivered transaction 256870, process died.
05-21 11:11:20.871 5719 5719 I binder : undelivered transaction 260537, process died.
05-21 11:11:20.871 5719 5719 I binder : undelivered transaction 260586, process died.
05-21 11:11:20.871 5719 5719 I binder : undelivered transaction 260979, process died.
05-21 11:11:20.871 5719 5719 I binder : undelivered transaction 272446, process died.
05-21 11:11:20.872 5719 5719 I binder : undelivered transaction 272496, process died.
05-21 11:11:20.872 5719 5719 I binder : undelivered transaction 272920, process died.
05-21 11:11:20.872 5719 5719 I binder : undelivered transaction 274880, process died.
05-21 11:11:20.872 5719 5719 I binder : undelivered transaction 274929, process died.
05-21 11:02:24.144 627 642 W ContentProviderHelper: Permission Denial: opening provider com.android.providers.contacts.ContactsProvider2 from ProcessRecord{1933406 1690:cn.eben.sync/u0a44} (pid=1690, uid=10044) requires android.permission.READ_CONTACTS or android.permission.WRITE_CONTACTS
05-21 11:02:24.553 464 494 I RIL : ---> enter mainloop wait at port
05-21 11:02:24.553 464 494 D RIL-DEV : Get modem info
05-21 11:02:24.554 464 494 D RIL-DEV : [05-21_11:02:24:555] idVendor = 0bda
05-21 11:02:24.554 464 494 D RIL-DEV :
05-21 11:02:24.555 464 494 D RIL-DEV : [05-21_11:02:24:555] idVendor = 05e3
05-21 11:02:24.555 464 494 D RIL-DEV :
05-21 11:02:24.555 464 494 D RIL-DEV : [05-21_11:02:24:556] idVendor = 1d6b
05-21 11:02:24.555 464 494 D RIL-DEV :
05-21 11:02:24.555 464 494 D RIL-DEV : [05-21_11:02:24:556] idVendor = 1d6b
05-21 11:02:24.555 464 494 D RIL-DEV :
05-21 11:02:24.556 464 494 D RIL-DEV : [05-21_11:02:24:556] idVendor = 0bda
05-21 11:02:24.556 464 494 D RIL-DEV :
05-21 11:02:24.556 464 494 D RIL-DEV : [05-21_11:02:24:557] idVendor = 1d6b
05-21 11:02:24.556 464 494 D RIL-DEV :
05-21 11:02:24.556 464 494 D RIL-DEV : [05-21_11:02:24:557] idVendor = 2109
05-21 11:02:24.556 464 494 D RIL-DEV :
05-21 11:02:24.557 464 494 D RIL-DEV : [05-21_11:02:24:557] idVendor = 2109
05-21 11:02:24.557 464 494 D RIL-DEV :
05-21 11:02:24.557 464 494 D RIL-DEV : [05-21_11:02:24:558] idVendor = 1d6b
05-21 11:02:24.557 464 494 D RIL-DEV :
05-21 11:02:24.558 464 494 D RIL-DEV : [05-21_11:02:24:558] idVendor = 0bda
05-21 11:02:24.558 464 494 D RIL-DEV :
05-21 11:02:24.558 464 494 D RIL-DEV : [05-21_11:02:24:559] idVendor = 2109
05-21 11:02:24.558 464 494 D RIL-DEV :
05-21 11:02:24.558 464 494 E RIL-DEV : Cannot find Meig devices
05-21 11:02:24.559 464 494 I RIL : ---> can't find meig usb devices
05-21 11:11:21.708 543 543 I : read descriptors
05-21 11:11:21.708 543 543 I : read strings
05-21 11:11:21.710 1 1 I init : processing action (sys.usb.config=adb && sys.usb.configfs=1 && sys.usb.ffs.ready=1) from (/system/etc/init/hw/init.usb.configfs.rc:20)
05-21 11:11:21.713 1 1 I init : Command 'symlink /config/usb_gadget/g1/functions/ffs.adb /config/usb_gadget/g1/configs/b.1/f1' action=sys.usb.config=adb && sys.usb.configfs=1 && sys.usb.ffs.ready=1 (/system/etc/init/hw/init.usb.configfs.rc:22) took 1ms and failed: symlink() failed: File exists
05-21 11:11:21.716 1 1 I init : Command 'write /config/usb_gadget/g1/UDC ${sys.usb.controller}' action=sys.usb.config=adb && sys.usb.configfs=1 && sys.usb.ffs.ready=1 (/system/etc/init/hw/init.usb.configfs.rc:23) took 2ms and failed: Unable to write to file '/config/usb_gadget/g1/UDC': Unable to write file contents: Device or resource busy
05-21 11:02:24.908 627 1329 E TaskPersister: File error accessing recents directory (directory doesn't exist?).
05-21 11:02:25.002 1340 1340 W ContextImpl: Calling a method in the system process without a qualified user: android.app.ContextImpl.sendBroadcast:1181 android.content.ContextWrapper.sendBroadcast:479 cn.eben.newweather.DateWeatherService.a:19 cn.eben.newweather.DateWeatherService.a:0 cn.eben.newweather.DateWeatherService$1.handleMessage:7
05-21 11:11:22.768 543 543 I : read descriptors
05-21 11:11:22.768 543 543 I : read strings
05-21 11:11:22.770 1 1 I init : processing action (sys.usb.config=adb && sys.usb.configfs=1 && sys.usb.ffs.ready=1) from (/system/etc/init/hw/init.usb.configfs.rc:20)
05-21 11:02:26.001 1340 1340 W ContextImpl: Calling a method in the system process without a qualified user: android.app.ContextImpl.sendBroadcast:1181 android.content.ContextWrapper.sendBroadcast:479 cn.eben.newweather.DateWeatherService.a:19 cn.eben.newweather.DateWeatherService.a:0 cn.eben.newweather.DateWeatherService$1.handleMessage:7
05-21 11:02:26.560 464 494 I RIL : ---> enter mainloop wait at port
05-21 11:02:26.560 464 494 D RIL-DEV : Get modem info
05-21 11:02:26.561 464 494 D RIL-DEV : [05-21_11:02:26:561] idVendor = 0bda
05-21 11:02:26.561 464 494 D RIL-DEV :
05-21 11:02:26.561 464 494 D RIL-DEV : [05-21_11:02:26:562] idVendor = 05e3
05-21 11:02:26.561 464 494 D RIL-DEV :
05-21 11:02:26.562 464 494 D RIL-DEV : [05-21_11:02:26:562] idVendor = 1d6b
05-21 11:02:26.562 464 494 D RIL-DEV :
05-21 11:02:26.562 464 494 D RIL-DEV : [05-21_11:02:26:562] idVendor = 1d6b
05-21 11:02:26.562 464 494 D RIL-DEV :
05-21 11:02:26.562 464 494 D RIL-DEV : [05-21_11:02:26:563] idVendor = 0bda
05-21 11:02:26.562 464 494 D RIL-DEV :
05-21 11:02:26.563 464 494 D RIL-DEV : [05-21_11:02:26:563] idVendor = 1d6b
05-21 11:02:26.563 464 494 D RIL-DEV :
05-21 11:02:26.563 464 494 D RIL-DEV : [05-21_11:02:26:564] idVendor = 2109
05-21 11:02:26.563 464 494 D RIL-DEV :
05-21 11:02:26.564 464 494 D RIL-DEV : [05-21_11:02:26:564] idVendor = 2109
05-21 11:02:26.564 464 494 D RIL-DEV :
05-21 11:02:26.564 464 494 D RIL-DEV : [05-21_11:02:26:565] idVendor = 1d6b
05-21 11:02:26.564 464 494 D RIL-DEV :
05-21 11:02:26.565 464 494 D RIL-DEV : [05-21_11:02:26:565] idVendor = 0bda
05-21 11:02:26.565 464 494 D RIL-DEV :
05-21 11:02:26.565 464 494 D RIL-DEV : [05-21_11:02:26:565] idVendor = 2109
05-21 11:02:26.565 464 494 D RIL-DEV :
05-21 11:02:26.565 464 494 E RIL-DEV : Cannot find Meig devices
05-21 11:02:26.565 464 494 I RIL : ---> can't find meig usb devices
05-21 11:11:23.818 543 543 I : read descriptors
05-21 11:11:23.818 543 543 I : read strings
05-21 11:02:27.001 1340 1340 W ContextImpl: Calling a method in the system process without a qualified user: android.app.ContextImpl.sendBroadcast:1181 android.content.ContextWrapper.sendBroadcast:479 cn.eben.newweather.DateWeatherService.a:19 cn.eben.newweather.DateWeatherService.a:0 cn.eben.newweather.DateWeatherService$1.handleMessage:7
05-21 11:02:28.001 1340 1340 W ContextImpl: Calling a method in the system process without a qualified user: android.app.ContextImpl.sendBroadcast:1181 android.content.ContextWrapper.sendBroadcast:479 cn.eben.newweather.DateWeatherService.a:19 cn.eben.newweather.DateWeatherService.a:0 cn.eben.newweather.DateWeatherService$1.handleMessage:7
05-21 11:11:24.881 543 543 I : read descriptors
05-21 11:11:24.881 543 543 I : read strings
05-21 11:11:24.884 1 1 I init : processing action (sys.usb.config=adb && sys.usb.configfs=1 && sys.usb.ffs.ready=1) from (/system/etc/init/hw/init.usb.configfs.rc:20)
05-21 11:11:24.886 1 1 I init : Command 'symlink /config/usb_gadget/g1/functions/ffs.adb /config/usb_gadget/g1/configs/b.1/f1' action=sys.usb.config=adb && sys.usb.configfs=1 && sys.usb.ffs.ready=1 (/system/etc/init/hw/init.usb.configfs.rc:22) took 0ms and failed: symlink() failed: File exists
05-21 11:11:24.887 1 1 I init : Command 'write /config/usb_gadget/g1/UDC ${sys.usb.controller}' action=sys.usb.config=adb && sys.usb.configfs=1 && sys.usb.ffs.ready=1 (/system/etc/init/hw/init.usb.configfs.rc:23) took 0ms and failed: Unable to write to file '/config/usb_gadget/g1/UDC': Unable to write file contents: Device or resource busy
05-21 11:02:28.566 464 494 I RIL : ---> enter mainloop wait at port
05-21 11:02:28.566 464 494 D RIL-DEV : Get modem info
05-21 11:02:28.566 464 494 D RIL-DEV : [05-21_11:02:28:567] idVendor = 0bda
05-21 11:02:28.566 464 494 D RIL-DEV :
05-21 11:02:28.567 464 494 D RIL-DEV : [05-21_11:02:28:567] idVendor = 05e3
05-21 11:02:28.567 464 494 D RIL-DEV :
05-21 11:02:28.568 464 494 D RIL-DEV : [05-21_11:02:28:568] idVendor = 1d6b
05-21 11:02:28.568 464 494 D RIL-DEV :
05-21 11:02:28.568 464 494 D RIL-DEV : [05-21_11:02:28:568] idVendor = 1d6b
05-21 11:02:28.568 464 494 D RIL-DEV :
05-21 11:02:28.568 464 494 D RIL-DEV : [05-21_11:02:28:569] idVendor = 0bda
05-21 11:02:28.568 464 494 D RIL-DEV :
05-21 11:02:28.569 464 494 D RIL-DEV : [05-21_11:02:28:569] idVendor = 1d6b
05-21 11:02:28.569 464 494 D RIL-DEV :
05-21 11:02:28.569 464 494 D RIL-DEV : [05-21_11:02:28:569] idVendor = 2109
05-21 11:02:28.569 464 494 D RIL-DEV :
05-21 11:02:28.570 464 494 D RIL-DEV : [05-21_11:02:28:570] idVendor = 2109
05-21 11:02:28.570 464 494 D RIL-DEV :
05-21 11:02:28.570 464 494 D RIL-DEV : [05-21_11:02:28:570] idVendor = 1d6b
05-21 11:02:28.570 464 494 D RIL-DEV :
05-21 11:02:28.570 464 494 D RIL-DEV : [05-21_11:02:28:571] idVendor = 0bda
05-21 11:02:28.570 464 494 D RIL-DEV :
05-21 11:02:28.571 464 494 D RIL-DEV : [05-21_11:02:28:571] idVendor = 2109
05-21 11:02:28.571 464 494 D RIL-DEV :
05-21 11:02:28.571 464 494 E RIL-DEV : Cannot find Meig devices
05-21 11:02:28.571 464 494 I RIL : ---> can't find meig usb devices
05-21 11:02:29.002 1340 1340 W ContextImpl: Calling a method in the system process without a qualified user: android.app.ContextImpl.sendBroadcast:1181 android.content.ContextWrapper.sendBroadcast:479 cn.eben.newweather.DateWeatherService.a:19 cn.eben.newweather.DateWeatherService.a:0 cn.eben.newweather.DateWeatherService$1.handleMessage:7
05-21 11:11:25.945 543 543 I : read descriptors
05-21 11:11:25.945 543 543 I : read strings
05-21 11:11:25.947 1 1 I init : processing action (sys.usb.config=adb && sys.usb.configfs=1 && sys.usb.ffs.ready=1) from (/system/etc/init/hw/init.usb.configfs.rc:20)
05-21 11:11:25.949 1 1 I init : Command 'symlink /config/usb_gadget/g1/functions/ffs.adb /config/usb_gadget/g1/configs/b.1/f1' action=sys.usb.config=adb && sys.usb.configfs=1 && sys.usb.ffs.ready=1 (/system/etc/init/hw/init.usb.configfs.rc:22) took 0ms and failed: symlink() failed: File exists
05-21 11:11:25.950 1 1 I init : Command 'write /config/usb_gadget/g1/UDC ${sys.usb.controller}' action=sys.usb.config=adb && sys.usb.configfs=1 && sys.usb.ffs.ready=1 (/system/etc/init/hw/init.usb.configfs.rc:23) took 0ms and failed: Unable to write to file '/config/usb_gadget/g1/UDC': Unable to write file contents: Device or resource busy
05-21 11:02:29.149 627 642 W ContentProviderHelper: Permission Denial: opening provider com.android.providers.contacts.ContactsProvider2 from ProcessRecord{1933406 1690:cn.eben.sync/u0a44} (pid=1690, uid=10044) requires android.permission.READ_CONTACTS or android.permission.WRITE_CONTACTS
05-21 11:02:30.002 1340 1340 W ContextImpl: Calling a method in the system process without a qualified user: android.app.ContextImpl.sendBroadcast:1181 android.content.ContextWrapper.sendBroadcast:479 cn.eben.newweather.DateWeatherService.a:19 cn.eben.newweather.DateWeatherService.a:0 cn.eben.newweather.DateWeatherService$1.handleMessage:7
05-21 11:11:26.984 543 543 I : read descriptors
05-21 11:11:26.985 543 543 I : read strings
05-21 11:11:26.986 1 1 I init : processing action (sys.usb.config=adb && sys.usb.configfs=1 && sys.usb.ffs.ready=1) from (/system/etc/init/hw/init.usb.configfs.rc:20)
05-21 11:11:26.990 1 1 I init : Command 'symlink /config/usb_gadget/g1/functions/ffs.adb /config/usb_gadget/g1/configs/b.1/f1' action=sys.usb.config=adb && sys.usb.configfs=1 && sys.usb.ffs.ready=1 (/system/etc/init/hw/init.usb.configfs.rc:22) took 0ms and failed: symlink() failed: File exists
05-21 11:11:26.991 1 1 I init : Command 'write /config/usb_gadget/g1/UDC ${sys.usb.controller}' action=sys.usb.config=adb && sys.usb.configfs=1 && sys.usb.ffs.ready=1 (/system/etc/init/hw/init.usb.configfs.rc:23) took 1ms and failed: Unable to write to file '/config/usb_gadget/g1/UDC': Unable to write file contents: Device or resource busy
05-21 11:02:30.572 464 494 I RIL : ---> enter mainloop wait at port
05-21 11:02:30.572 464 494 D RIL-DEV : Get modem info
05-21 11:02:30.573 464 494 D RIL-DEV : [05-21_11:02:30:573] idVendor = 0bda
05-21 11:02:30.573 464 494 D RIL-DEV :
05-21 11:02:30.573 464 494 D RIL-DEV : [05-21_11:02:30:573] idVendor = 05e3
05-21 11:02:30.573 464 494 D RIL-DEV :
05-21 11:02:30.573 464 494 D RIL-DEV : [05-21_11:02:30:574] idVendor = 1d6b
05-21 11:02:30.573 464 494 D RIL-DEV :
05-21 11:02:30.574 464 494 D RIL-DEV : [05-21_11:02:30:574] idVendor = 1d6b
05-21 11:02:30.574 464 494 D RIL-DEV :
05-21 11:02:30.574 464 494 D RIL-DEV : [05-21_11:02:30:574] idVendor = 0bda
05-21 11:02:30.574 464 494 D RIL-DEV :
05-21 11:02:30.574 464 494 D RIL-DEV : [05-21_11:02:30:575] idVendor = 1d6b
05-21 11:02:30.574 464 494 D RIL-DEV :
05-21 11:02:30.575 464 494 D RIL-DEV : [05-21_11:02:30:575] idVendor = 2109
05-21 11:02:30.575 464 494 D RIL-DEV :
05-21 11:02:30.575 464 494 D RIL-DEV : [05-21_11:02:30:576] idVendor = 2109
05-21 11:02:30.575 464 494 D RIL-DEV :
05-21 11:02:30.575 464 494 D RIL-DEV : [05-21_11:02:30:576] idVendor = 1d6b
05-21 11:02:30.575 464 494 D RIL-DEV :
05-21 11:02:30.576 464 494 D RIL-DEV : [05-21_11:02:30:576] idVendor = 0bda
05-21 11:02:30.576 464 494 D RIL-DEV :
05-21 11:02:30.576 464 494 D RIL-DEV : [05-21_11:02:30:577] idVendor = 2109
05-21 11:02:30.576 464 494 D RIL-DEV :
05-21 11:02:30.576 464 494 E RIL-DEV : Cannot find Meig devices
05-21 11:02:30.576 464 494 I RIL : ---> can't find meig usb devices
05-21 11:02:31.002 1340 1340 W ContextImpl: Calling a method in the system process without a qualified user: android.app.ContextImpl.sendBroadcast:1181 android.content.ContextWrapper.sendBroadcast:479 cn.eben.newweather.DateWeatherService.a:19 cn.eben.newweather.DateWeatherService.a:0 cn.eben.newweather.DateWeatherService$1.handleMessage:7
05-21 11:11:28.044 543 543 I : read descriptors
05-21 11:11:28.045 543 543 I : read strings
05-21 11:11:28.047 1 1 I init : processing action (sys.usb.config=adb && sys.usb.configfs=1 && sys.usb.ffs.ready=1) from (/system/etc/init/hw/init.usb.configfs.rc:20)
05-21 11:02:32.002 1340 1340 W ContextImpl: Calling a method in the system process without a qualified user: android.app.ContextImpl.sendBroadcast:1181 android.content.ContextWrapper.sendBroadcast:479 cn.eben.newweather.DateWeatherService.a:19 cn.eben.newweather.DateWeatherService.a:0 cn.eben.newweather.DateWeatherService$1.handleMessage:7
05-21 11:11:29.088 543 543 I : read descriptors
05-21 11:11:29.088 543 543 I : read strings
05-21 11:02:32.577 464 494 I RIL : ---> enter mainloop wait at port
05-21 11:02:32.577 464 494 D RIL-DEV : Get modem info
05-21 11:02:32.578 464 494 D RIL-DEV : [05-21_11:02:32:578] idVendor = 0bda
05-21 11:02:32.578 464 494 D RIL-DEV :
05-21 11:02:32.578 464 494 D RIL-DEV : [05-21_11:02:32:579] idVendor = 05e3
05-21 11:02:32.578 464 494 D RIL-DEV :
05-21 11:02:32.579 464 494 D RIL-DEV : [05-21_11:02:32:579] idVendor = 1d6b
05-21 11:02:32.579 464 494 D RIL-DEV :
05-21 11:02:32.579 464 494 D RIL-DEV : [05-21_11:02:32:579] idVendor = 1d6b
05-21 11:02:32.579 464 494 D RIL-DEV :
05-21 11:02:32.579 464 494 D RIL-DEV : [05-21_11:02:32:580] idVendor = 0bda
05-21 11:02:32.579 464 494 D RIL-DEV :
05-21 11:02:32.580 464 494 D RIL-DEV : [05-21_11:02:32:580] idVendor = 1d6b
05-21 11:02:32.580 464 494 D RIL-DEV :
05-21 11:02:32.580 464 494 D RIL-DEV : [05-21_11:02:32:580] idVendor = 2109
05-21 11:02:32.580 464 494 D RIL-DEV :
05-21 11:02:32.580 464 494 D RIL-DEV : [05-21_11:02:32:581] idVendor = 2109
05-21 11:02:32.580 464 494 D RIL-DEV :
05-21 11:02:32.581 464 494 D RIL-DEV : [05-21_11:02:32:581] idVendor = 1d6b
05-21 11:02:32.581 464 494 D RIL-DEV :
05-21 11:02:32.581 464 494 D RIL-DEV : [05-21_11:02:32:582] idVendor = 0bda
05-21 11:02:32.581 464 494 D RIL-DEV :
05-21 11:02:32.581 464 494 D RIL-DEV : [05-21_11:02:32:582] idVendor = 2109
05-21 11:02:32.581 464 494 D RIL-DEV :
05-21 11:02:32.582 464 494 E RIL-DEV : Cannot find Meig devices
05-21 11:02:32.582 464 494 I RIL : ---> can't find meig usb devices
05-21 11:02:33.002 1340 1340 W ContextImpl: Calling a method in the system process without a qualified user: android.app.ContextImpl.sendBroadcast:1181 android.content.ContextWrapper.sendBroadcast:479 cn.eben.newweather.DateWeatherService.a:19 cn.eben.newweather.DateWeatherService.a:0 cn.eben.newweather.DateWeatherService$1.handleMessage:7
05-21 11:11:30.134 543 543 I : read descriptors
05-21 11:11:30.135 543 543 I : read strings
05-21 11:11:30.136 1 1 I init : processing action (sys.usb.config=adb && sys.usb.configfs=1 && sys.usb.ffs.ready=1) from (/system/etc/init/hw/init.usb.configfs.rc:20)
05-21 11:11:30.139 1 1 I init : Command 'symlink /config/usb_gadget/g1/functions/ffs.adb /config/usb_gadget/g1/configs/b.1/f1' action=sys.usb.config=adb && sys.usb.configfs=1 && sys.usb.ffs.ready=1 (/system/etc/init/hw/init.usb.configfs.rc:22) took 0ms and failed: symlink() failed: File exists
05-21 11:11:30.140 1 1 I init : Command 'write /config/usb_gadget/g1/UDC ${sys.usb.controller}' action=sys.usb.config=adb && sys.usb.configfs=1 && sys.usb.ffs.ready=1 (/system/etc/init/hw/init.usb.configfs.rc:23) took 0ms and failed: Unable to write to file '/config/usb_gadget/g1/UDC': Unable to write file contents: Device or resource busy
05-21 11:02:34.002 1340 1340 W ContextImpl: Calling a method in the system process without a qualified user: android.app.ContextImpl.sendBroadcast:1181 android.content.ContextWrapper.sendBroadcast:479 cn.eben.newweather.DateWeatherService.a:19 cn.eben.newweather.DateWeatherService.a:0 cn.eben.newweather.DateWeatherService$1.handleMessage:7
05-21 11:02:34.153 627 642 W ContentProviderHelper: Permission Denial: opening provider com.android.providers.contacts.ContactsProvider2 from ProcessRecord{1933406 1690:cn.eben.sync/u0a44} (pid=1690, uid=10044) requires android.permission.READ_CONTACTS or android.permission.WRITE_CONTACTS
05-21 11:11:31.171 543 543 I : read descriptors
05-21 11:11:31.171 543 543 I : read strings
05-21 11:11:31.175 1 1 I init : processing action (sys.usb.config=adb && sys.usb.configfs=1 && sys.usb.ffs.ready=1) from (/system/etc/init/hw/init.usb.configfs.rc:20)
05-21 11:11:31.176 1 1 I init : Command 'symlink /config/usb_gadget/g1/functions/ffs.adb /config/usb_gadget/g1/configs/b.1/f1' action=sys.usb.config=adb && sys.usb.configfs=1 && sys.usb.ffs.ready=1 (/system/etc/init/hw/init.usb.configfs.rc:22) took 0ms and failed: symlink() failed: File exists
05-21 11:11:31.177 1 1 I init : Command 'write /config/usb_gadget/g1/UDC ${sys.usb.controller}' action=sys.usb.config=adb && sys.usb.configfs=1 && sys.usb.ffs.ready=1 (/system/etc/init/hw/init.usb.configfs.rc:23) took 0ms and failed: Unable to write to file '/config/usb_gadget/g1/UDC': Unable to write file contents: Device or resource busy
05-21 11:02:34.582 464 494 I RIL : ---> enter mainloop wait at port
05-21 11:02:34.582 464 494 D RIL-DEV : Get modem info
05-21 11:02:34.583 464 494 D RIL-DEV : [05-21_11:02:34:583] idVendor = 0bda
05-21 11:02:34.583 464 494 D RIL-DEV :
05-21 11:02:34.583 464 494 D RIL-DEV : [05-21_11:02:34:584] idVendor = 05e3
05-21 11:02:34.583 464 494 D RIL-DEV :
05-21 11:02:34.584 464 494 D RIL-DEV : [05-21_11:02:34:584] idVendor = 1d6b
05-21 11:02:34.584 464 494 D RIL-DEV :
05-21 11:02:34.584 464 494 D RIL-DEV : [05-21_11:02:34:585] idVendor = 1d6b
05-21 11:02:34.584 464 494 D RIL-DEV :
05-21 11:02:34.584 464 494 D RIL-DEV : [05-21_11:02:34:585] idVendor = 0bda
05-21 11:02:34.584 464 494 D RIL-DEV :
05-21 11:02:34.585 464 494 D RIL-DEV : [05-21_11:02:34:585] idVendor = 1d6b
05-21 11:02:34.585 464 494 D RIL-DEV :
05-21 11:02:34.585 464 494 D RIL-DEV : [05-21_11:02:34:586] idVendor = 2109
05-21 11:02:34.585 464 494 D RIL-DEV :
05-21 11:02:34.586 464 494 D RIL-DEV : [05-21_11:02:34:586] idVendor = 2109
05-21 11:02:34.586 464 494 D RIL-DEV :
05-21 11:02:34.586 464 494 D RIL-DEV : [05-21_11:02:34:586] idVendor = 1d6b
05-21 11:02:34.586 464 494 D RIL-DEV :
05-21 11:02:34.586 464 494 D RIL-DEV : [05-21_11:02:34:587] idVendor = 0bda
05-21 11:02:34.586 464 494 D RIL-DEV :
05-21 11:02:34.587 464 494 D RIL-DEV : [05-21_11:02:34:587] idVendor = 2109
05-21 11:02:34.587 464 494 D RIL-DEV :
05-21 11:02:34.587 464 494 E RIL-DEV : Cannot find Meig devices
05-21 11:02:34.587 464 494 I RIL : ---> can't find meig usb devices
05-21 11:02:35.002 1340 1340 W ContextImpl: Calling a method in the system process without a qualified user: android.app.ContextImpl.sendBroadcast:1181 android.content.ContextWrapper.sendBroadcast:479 cn.eben.newweather.DateWeatherService.a:19 cn.eben.newweather.DateWeatherService.a:0 cn.eben.newweather.DateWeatherService$1.handleMessage:7
05-21 11:11:32.208 543 543 I : read descriptors
05-21 11:11:32.208 543 543 I : read strings
05-21 11:11:32.210 1 1 I init : processing action (sys.usb.config=adb && sys.usb.configfs=1 && sys.usb.ffs.ready=1) from (/system/etc/init/hw/init.usb.configfs.rc:20)
05-21 11:11:32.211 1 1 I init : Command 'symlink /config/usb_gadget/g1/functions/ffs.adb /config/usb_gadget/g1/configs/b.1/f1' action=sys.usb.config=adb && sys.usb.configfs=1 && sys.usb.ffs.ready=1 (/system/etc/init/hw/init.usb.configfs.rc:22) took 0ms and failed: symlink() failed: File exists
05-21 11:11:32.212 1 1 I init : Command 'write /config/usb_gadget/g1/UDC ${sys.usb.controller}' action=sys.usb.config=adb && sys.usb.configfs=1 && sys.usb.ffs.ready=1 (/system/etc/init/hw/init.usb.configfs.rc:23) took 0ms and failed: Unable to write to file '/config/usb_gadget/g1/UDC': Unable to write file contents: Device or resource busy
05-21 11:02:36.002 1340 1340 W ContextImpl: Calling a method in the system process without a qualified user: android.app.ContextImpl.sendBroadcast:1181 android.content.ContextWrapper.sendBroadcast:479 cn.eben.newweather.DateWeatherService.a:19 cn.eben.newweather.DateWeatherService.a:0 cn.eben.newweather.DateWeatherService$1.handleMessage:7
05-21 11:11:33.258 543 543 I : read descriptors
05-21 11:11:33.258 543 543 I : read strings
05-21 11:11:33.261 1 1 I init : processing action (sys.usb.config=adb && sys.usb.configfs=1 && sys.usb.ffs.ready=1) from (/system/etc/init/hw/init.usb.configfs.rc:20)
05-21 11:02:36.587 464 494 I RIL : ---> enter mainloop wait at port
05-21 11:02:36.588 464 494 D RIL-DEV : Get modem info
05-21 11:02:36.588 464 494 D RIL-DEV : [05-21_11:02:36:589] idVendor = 0bda
05-21 11:02:36.588 464 494 D RIL-DEV :
05-21 11:02:36.589 464 494 D RIL-DEV : [05-21_11:02:36:589] idVendor = 05e3
05-21 11:02:36.589 464 494 D RIL-DEV :
05-21 11:02:36.589 464 494 D RIL-DEV : [05-21_11:02:36:589] idVendor = 1d6b
05-21 11:02:36.589 464 494 D RIL-DEV :
05-21 11:02:36.589 464 494 D RIL-DEV : [05-21_11:02:36:590] idVendor = 1d6b
05-21 11:02:36.589 464 494 D RIL-DEV :
05-21 11:02:36.590 464 494 D RIL-DEV : [05-21_11:02:36:590] idVendor = 0bda
05-21 11:02:36.590 464 494 D RIL-DEV :
05-21 11:02:36.590 464 494 D RIL-DEV : [05-21_11:02:36:591] idVendor = 1d6b
05-21 11:02:36.590 464 494 D RIL-DEV :
05-21 11:02:36.590 464 494 D RIL-DEV : [05-21_11:02:36:591] idVendor = 2109
05-21 11:02:36.590 464 494 D RIL-DEV :
05-21 11:02:36.591 464 494 D RIL-DEV : [05-21_11:02:36:592] idVendor = 2109
05-21 11:02:36.591 464 494 D RIL-DEV :
05-21 11:02:36.591 464 494 D RIL-DEV : [05-21_11:02:36:592] idVendor = 1d6b
05-21 11:02:36.591 464 494 D RIL-DEV :
05-21 11:02:36.592 464 494 D RIL-DEV : [05-21_11:02:36:592] idVendor = 0bda
05-21 11:02:36.592 464 494 D RIL-DEV :
05-21 11:02:36.592 464 494 D RIL-DEV : [05-21_11:02:36:593] idVendor = 2109
05-21 11:02:36.592 464 494 D RIL-DEV :
05-21 11:02:36.592 464 494 E RIL-DEV : Cannot find Meig devices
05-21 11:02:36.592 464 494 I RIL : ---> can't find meig usb devices
05-21 11:02:36.965 627 712 I input_interaction: Interaction with: 45fa84c com.ebensz.appmanager/com.ebensz.appmanager.OnlineAppListActivity (server), PointerEventDispatcher0 (server),
05-21 11:02:37.002 1340 1340 W ContextImpl: Calling a method in the system process without a qualified user: android.app.ContextImpl.sendBroadcast:1181 android.content.ContextWrapper.sendBroadcast:479 cn.eben.newweather.DateWeatherService.a:19 cn.eben.newweather.DateWeatherService.a:0 cn.eben.newweather.DateWeatherService$1.handleMessage:7
05-21 11:02:37.045 627 642 I wm_finish_activity: [0,129908697,42,com.ebensz.appmanager/.OnlineAppListActivity,app-request]
05-21 11:02:37.059 627 642 I wm_pause_activity: [0,129908697,com.ebensz.appmanager/.OnlineAppListActivity,userLeaving=false,finish]
05-21 11:02:37.062 3582 3582 I wm_on_top_resumed_lost_called: [129908697,com.ebensz.appmanager.OnlineAppListActivity,topStateChangedWhenResumed]
05-21 11:02:37.063 3582 3582 I wm_on_paused_called: [129908697,com.ebensz.appmanager.OnlineAppListActivity,performPause]
05-21 11:02:37.063 627 941 I wm_add_to_stopping: [0,129908697,com.ebensz.appmanager/.OnlineAppListActivity,completeFinishing]
05-21 11:02:37.065 627 647 V InputMethodMenuController: Hide switching menu
05-21 11:02:37.065 627 941 I wm_set_resumed_activity: [0,com.ebensz.appmanager/.MainActivity,resumeTopActivity]
05-21 11:02:37.072 627 941 I wm_resume_activity: [0,87386935,42,com.ebensz.appmanager/.MainActivity]
05-21 11:02:37.079 627 647 I sysui_multi_action: [757,803,799,window_time_0,802,16]
05-21 11:02:37.086 627 712 I input_focus: [Focus leaving 45fa84c com.ebensz.appmanager/com.ebensz.appmanager.OnlineAppListActivity (server),reason=NO_WINDOW]
05-21 11:02:37.109 3582 3582 I wm_on_restart_called: [87386935,com.ebensz.appmanager.MainActivity,performRestartActivity]
05-21 11:02:37.109 3582 3582 I wm_on_start_called: [87386935,com.ebensz.appmanager.MainActivity,handleStartActivity]
05-21 11:02:37.112 3582 3582 I wm_on_resume_called: [87386935,com.ebensz.appmanager.MainActivity,RESUME_ACTIVITY]
05-21 11:02:37.112 3582 3582 I wm_on_top_resumed_gained_called: [87386935,com.ebensz.appmanager.MainActivity,topWhenResuming]
05-21 11:02:37.132 627 647 V InputMethodMenuController: Hide switching menu
05-21 11:02:37.132 627 648 I input_focus: [Focus request 5ed07c3 com.ebensz.appmanager/com.ebensz.appmanager.MainActivity,reason=UpdateInputWindows]
05-21 11:02:37.175 627 712 I input_focus: [Focus entering 5ed07c3 com.ebensz.appmanager/com.ebensz.appmanager.MainActivity (server),reason=Window became focusable. Previous reason: NOT_VISIBLE]
05-21 11:02:37.183 3582 3582 W ContextImpl: Calling a method in the system process without a qualified user: android.app.ContextImpl.sendBroadcast:1181 android.content.ContextWrapper.sendBroadcast:479 com.ebensz.appmanager.MainActivity$UpdateAndDownLoadAppsObservable.dispatchUpdateAppsCount:151 com.ebensz.appmanager.MainActivity.onLoadFinished:1059 com.ebensz.appmanager.MainActivity.onLoadFinished:93
05-21 11:02:37.184 627 653 I am_wtf : [0,627,system_server,-1,ActivityManager,Sending non-protected broadcast com.ebensz.appmanager.action.canUpdateAppsCount from system 3582:com.ebensz.appmanager/1000 pkg com.ebensz.appmanager]
05-21 11:02:37.185 627 653 I DropBoxManagerService: add tag=system_server_wtf isTagEnabled=true flags=0x2
05-21 11:02:37.199 627 642 V InputMethodManagerService: startInputOrWindowGainedFocusInternalLocked: reason=WINDOW_FOCUS_GAIN client=android.os.BinderProxy@3398b1f inputContext=null missingMethods= attribute=android.view.inputmethod.EditorInfo@20fe5a4 startInputFlags=VIEW_HAS_FOCUS|INITIAL_CONNECTION softInputMode=STATE_UNSPECIFIED|ADJUST_NOTHING windowFlags=#81810900 unverifiedTargetSdkVersion=23
05-21 11:02:37.199 627 642 V InputMethodManagerService: Unspecified window will hide input
05-21 11:02:37.204 3582 3582 W ContextImpl: Calling a method in the system process without a qualified user: android.app.ContextImpl.sendBroadcast:1181 android.content.ContextWrapper.sendBroadcast:479 android.content.ContextWrapper.sendBroadcast:479 com.eben.appupdate.utils.Utils.setBadgeOfDefault:263 com.ebensz.appmanager.receiver.UpdateWdjDataReceiver.onReceive:32
05-21 11:02:37.204 627 647 V InputMethodMenuController: Hide switching menu
05-21 11:02:37.205 627 653 I am_wtf : [0,627,system_server,-1,ActivityManager,Sending non-protected broadcast android.intent.action.BADGE_COUNT_UPDATE from system 3582:com.ebensz.appmanager/1000 pkg com.ebensz.appmanager]
05-21 11:02:37.205 627 653 I DropBoxManagerService: add tag=system_server_wtf isTagEnabled=true flags=0x2
05-21 11:02:37.206 3582 3582 W ContextImpl: Calling a method in the system process without a qualified user: android.app.ContextImpl.startService:1824 android.content.ContextWrapper.startService:774 android.content.ContextWrapper.startService:774 com.ebensz.appmanager.service.WDJDataUpdateService.startUpdateWdjService:67 com.ebensz.appmanager.receiver.UpdateWdjDataReceiver.onReceive:38
05-21 11:02:37.218 627 941 D InputMethodManagerService: --- calledFromForegroundUserOrSystemProcess ? calling uid = 1000 system uid = 1000 calling userId = 0, foreground user id = 0, calling pid = 0com.android.server.inputmethod.InputMethodManagerService.reportPerceptibleAsync(InputMethodManagerService.java:3162)
05-21 11:02:37.218 627 941 D InputMethodManagerService: IME window vis: 0 active: 0 inv: 0 displayId: 0
05-21 11:02:37.235 627 652 I am_pss : [6551,1000,com.android.settings,89666560,79671296,0,241041408,0,15,10]
05-21 11:02:37.342 627 647 I wm_destroy_activity: [0,129908697,42,com.ebensz.appmanager/.OnlineAppListActivity,finish-imm:idle]
05-21 11:02:37.384 3582 3582 I wm_on_stop_called: [129908697,com.ebensz.appmanager.OnlineAppListActivity,LIFECYCLER_STOP_ACTIVITY]
05-21 11:02:37.388 3582 3582 I wm_on_destroy_called: [129908697,com.ebensz.appmanager.OnlineAppListActivity,performDestroy]
05-21 11:11:34.308 543 543 I : read descriptors
05-21 11:11:34.308 543 543 I : read strings
05-21 11:02:38.002 1340 1340 W ContextImpl: Calling a method in the system process without a qualified user: android.app.ContextImpl.sendBroadcast:1181 android.content.ContextWrapper.sendBroadcast:479 cn.eben.newweather.DateWeatherService.a:19 cn.eben.newweather.DateWeatherService.a:0 cn.eben.newweather.DateWeatherService$1.handleMessage:7
05-21 11:02:38.396 627 712 I input_interaction: Interaction with: 5ed07c3 com.ebensz.appmanager/com.ebensz.appmanager.MainActivity (server), PointerEventDispatcher0 (server),
05-21 11:02:38.459 627 941 I ActivityTaskManager: START u0 {cmp=com.ebensz.appmanager/.OnlineAppListActivity (has extras)} from uid 1000
05-21 11:02:38.463 627 941 I wm_task_moved: [42,1,9]
05-21 11:02:38.463 627 941 I wm_set_resumed_activity: [0,com.ebensz.appmanager/.MainActivity,positionChildAt]
05-21 11:02:38.464 627 941 I wm_create_activity: [0,139734137,42,com.ebensz.appmanager/.OnlineAppListActivity,NULL,NULL,NULL,0]
05-21 11:02:38.465 627 941 I wm_pause_activity: [0,87386935,com.ebensz.appmanager/.MainActivity,userLeaving=true,resumeTopActivity]
05-21 11:02:38.477 3582 3582 I wm_on_top_resumed_lost_called: [87386935,com.ebensz.appmanager.MainActivity,topStateChangedWhenResumed]
05-21 11:02:38.478 3582 3582 I wm_on_paused_called: [87386935,com.ebensz.appmanager.MainActivity,performPause]
05-21 11:02:38.478 627 2063 W ActivityTaskManager: Tried to set launchTime (0) < mLastActivityLaunchTime (2246756)
05-21 11:02:38.478 627 2063 I wm_add_to_stopping: [0,87386935,com.ebensz.appmanager/.MainActivity,makeInvisible]
05-21 11:02:38.479 627 2063 I wm_restart_activity: [0,139734137,42,com.ebensz.appmanager/.OnlineAppListActivity]
05-21 11:02:38.480 627 2063 I wm_set_resumed_activity: [0,com.ebensz.appmanager/.OnlineAppListActivity,minimalResumeActivityLocked]
05-21 11:02:38.481 627 647 V InputMethodMenuController: Hide switching menu
05-21 11:02:38.482 627 647 I sysui_multi_action: [757,803,799,window_time_0,802,1]
05-21 11:02:38.501 3582 3582 I wm_on_create_called: [139734137,com.ebensz.appmanager.OnlineAppListActivity,performCreate]
05-21 11:02:38.502 3582 3582 I wm_on_start_called: [139734137,com.ebensz.appmanager.OnlineAppListActivity,handleStartActivity]
05-21 11:02:38.504 627 712 I input_focus: [Focus leaving 5ed07c3 com.ebensz.appmanager/com.ebensz.appmanager.MainActivity (server),reason=NO_WINDOW]
05-21 11:02:38.504 3582 3582 I wm_on_resume_called: [139734137,com.ebensz.appmanager.OnlineAppListActivity,RESUME_ACTIVITY]
05-21 11:02:38.508 3582 3582 I wm_on_top_resumed_gained_called: [139734137,com.ebensz.appmanager.OnlineAppListActivity,topStateChangedWhenResumed]
05-21 11:02:38.527 3582 3582 W ContextImpl: Calling a method in the system process without a qualified user: android.app.ContextImpl.bindService:1911 android.content.ContextWrapper.bindService:810 com.ebensz.appmanager.views.fragments.OnlineAppListFragment.bindService:339 com.ebensz.appmanager.views.fragments.OnlineAppListFragment.onStart:324 android.app.Fragment.performStart:2531
05-21 11:02:38.532 627 647 V InputMethodMenuController: Hide switching menu
05-21 11:02:38.534 627 648 I input_focus: [Focus request 245756c com.ebensz.appmanager/com.ebensz.appmanager.OnlineAppListActivity,reason=UpdateInputWindows]
05-21 11:11:35.367 543 543 I : read descriptors
05-21 11:11:35.367 543 543 I : read strings
05-21 11:11:35.368 1 1 I init : processing action (sys.usb.config=adb && sys.usb.configfs=1 && sys.usb.ffs.ready=1) from (/system/etc/init/hw/init.usb.configfs.rc:20)
05-21 11:11:35.369 1 1 I init : Command 'symlink /config/usb_gadget/g1/functions/ffs.adb /config/usb_gadget/g1/configs/b.1/f1' action=sys.usb.config=adb && sys.usb.configfs=1 && sys.usb.ffs.ready=1 (/system/etc/init/hw/init.usb.configfs.rc:22) took 0ms and failed: symlink() failed: File exists
05-21 11:11:35.369 1 1 I init : Command 'write /config/usb_gadget/g1/UDC ${sys.usb.controller}' action=sys.usb.config=adb && sys.usb.configfs=1 && sys.usb.ffs.ready=1 (/system/etc/init/hw/init.usb.configfs.rc:23) took 0ms and failed: Unable to write to file '/config/usb_gadget/g1/UDC': Unable to write file contents: Device or resource busy
05-21 11:02:38.554 627 644 I wm_activity_launch_time: [0,139734137,com.ebensz.appmanager/.OnlineAppListActivity,94]
05-21 11:02:38.559 627 712 I input_focus: [Focus entering 245756c com.ebensz.appmanager/com.ebensz.appmanager.OnlineAppListActivity (server),reason=setFocusedWindow]
05-21 11:02:38.566 627 2063 V InputMethodManagerService: startInputOrWindowGainedFocusInternalLocked: reason=WINDOW_FOCUS_GAIN client=android.os.BinderProxy@3398b1f inputContext=null missingMethods= attribute=android.view.inputmethod.EditorInfo@581ab88 startInputFlags=VIEW_HAS_FOCUS|INITIAL_CONNECTION softInputMode=STATE_UNSPECIFIED|ADJUST_PAN|IS_FORWARD_NAVIGATION windowFlags=#81810100 unverifiedTargetSdkVersion=23
05-21 11:02:38.566 627 2063 V InputMethodManagerService: Unspecified window will hide input
05-21 11:02:38.567 627 647 V InputMethodMenuController: Hide switching menu
05-21 11:02:38.569 627 941 D InputMethodManagerService: --- calledFromForegroundUserOrSystemProcess ? calling uid = 1000 system uid = 1000 calling userId = 0, foreground user id = 0, calling pid = 0com.android.server.inputmethod.InputMethodManagerService.reportPerceptibleAsync(InputMethodManagerService.java:3162)
05-21 11:02:38.569 627 941 D InputMethodManagerService: IME window vis: 0 active: 0 inv: 0 displayId: 0
05-21 11:02:38.593 464 494 I RIL : ---> enter mainloop wait at port
05-21 11:02:38.593 464 494 D RIL-DEV : Get modem info
05-21 11:02:38.593 464 494 D RIL-DEV : [05-21_11:02:38:594] idVendor = 0bda
05-21 11:02:38.593 464 494 D RIL-DEV :
05-21 11:02:38.593 464 494 D RIL-DEV : [05-21_11:02:38:594] idVendor = 05e3
05-21 11:02:38.593 464 494 D RIL-DEV :
05-21 11:02:38.593 464 494 D RIL-DEV : [05-21_11:02:38:594] idVendor = 1d6b
05-21 11:02:38.593 464 494 D RIL-DEV :
05-21 11:02:38.593 464 494 D RIL-DEV : [05-21_11:02:38:594] idVendor = 1d6b
05-21 11:02:38.593 464 494 D RIL-DEV :
05-21 11:02:38.594 464 494 D RIL-DEV : [05-21_11:02:38:594] idVendor = 0bda
05-21 11:02:38.594 464 494 D RIL-DEV :
05-21 11:02:38.594 464 494 D RIL-DEV : [05-21_11:02:38:594] idVendor = 1d6b
05-21 11:02:38.594 464 494 D RIL-DEV :
05-21 11:02:38.594 464 494 D RIL-DEV : [05-21_11:02:38:594] idVendor = 2109
05-21 11:02:38.594 464 494 D RIL-DEV :
05-21 11:02:38.594 464 494 D RIL-DEV : [05-21_11:02:38:595] idVendor = 2109
05-21 11:02:38.594 464 494 D RIL-DEV :
05-21 11:02:38.594 464 494 D RIL-DEV : [05-21_11:02:38:595] idVendor = 1d6b
05-21 11:02:38.594 464 494 D RIL-DEV :
05-21 11:02:38.595 464 494 D RIL-DEV : [05-21_11:02:38:595] idVendor = 0bda
05-21 11:02:38.595 464 494 D RIL-DEV :
05-21 11:02:38.595 464 494 D RIL-DEV : [05-21_11:02:38:596] idVendor = 2109
05-21 11:02:38.595 464 494 D RIL-DEV :
05-21 11:02:38.595 464 494 E RIL-DEV : Cannot find Meig devices
05-21 11:02:38.595 464 494 I RIL : ---> can't find meig usb devices
05-21 11:02:38.743 627 647 I wm_stop_activity: [0,87386935,com.ebensz.appmanager/.MainActivity]
05-21 11:02:38.799 3582 3582 I wm_on_stop_called: [87386935,com.ebensz.appmanager.MainActivity,STOP_ACTIVITY_ITEM]
05-21 11:02:39.007 1340 1340 W ContextImpl: Calling a method in the system process without a qualified user: android.app.ContextImpl.sendBroadcast:1181 android.content.ContextWrapper.sendBroadcast:479 cn.eben.newweather.DateWeatherService.a:19 cn.eben.newweather.DateWeatherService.a:0 cn.eben.newweather.DateWeatherService$1.handleMessage:7
05-21 11:02:39.159 627 2063 W ContentProviderHelper: Permission Denial: opening provider com.android.providers.contacts.ContactsProvider2 from ProcessRecord{1933406 1690:cn.eben.sync/u0a44} (pid=1690, uid=10044) requires android.permission.READ_CONTACTS or android.permission.WRITE_CONTACTS
05-21 11:11:36.425 543 543 I : read descriptors
05-21 11:11:36.425 543 543 I : read strings
05-21 11:11:36.427 1 1 I init : processing action (sys.usb.config=adb && sys.usb.configfs=1 && sys.usb.ffs.ready=1) from (/system/etc/init/hw/init.usb.configfs.rc:20)
05-21 11:11:36.429 1 1 I init : Command 'symlink /config/usb_gadget/g1/functions/ffs.adb /config/usb_gadget/g1/configs/b.1/f1' action=sys.usb.config=adb && sys.usb.configfs=1 && sys.usb.ffs.ready=1 (/system/etc/init/hw/init.usb.configfs.rc:22) took 0ms and failed: symlink() failed: File exists
05-21 11:11:36.430 1 1 I init : Command 'write /config/usb_gadget/g1/UDC ${sys.usb.controller}' action=sys.usb.config=adb && sys.usb.configfs=1 && sys.usb.ffs.ready=1 (/system/etc/init/hw/init.usb.configfs.rc:23) took 0ms and failed: Unable to write to file '/config/usb_gadget/g1/UDC': Unable to write file contents: Device or resource busy
05-21 11:02:40.002 1340 1340 W ContextImpl: Calling a method in the system process without a qualified user: android.app.ContextImpl.sendBroadcast:1181 android.content.ContextWrapper.sendBroadcast:479 cn.eben.newweather.DateWeatherService.a:19 cn.eben.newweather.DateWeatherService.a:0 cn.eben.newweather.DateWeatherService$1.handleMessage:7
05-21 11:02:40.596 464 494 I RIL : ---> enter mainloop wait at port
05-21 11:02:40.596 464 494 D RIL-DEV : Get modem info
05-21 11:02:40.597 464 494 D RIL-DEV : [05-21_11:02:40:597] idVendor = 0bda
05-21 11:02:40.597 464 494 D RIL-DEV :
05-21 11:02:40.597 464 494 D RIL-DEV : [05-21_11:02:40:597] idVendor = 05e3
05-21 11:02:40.597 464 494 D RIL-DEV :
05-21 11:02:40.598 464 494 D RIL-DEV : [05-21_11:02:40:598] idVendor = 1d6b
05-21 11:02:40.598 464 494 D RIL-DEV :
05-21 11:02:40.598 464 494 D RIL-DEV : [05-21_11:02:40:598] idVendor = 1d6b
05-21 11:02:40.598 464 494 D RIL-DEV :
05-21 11:02:40.598 464 494 D RIL-DEV : [05-21_11:02:40:599] idVendor = 0bda
05-21 11:02:40.598 464 494 D RIL-DEV :
05-21 11:02:40.599 464 494 D RIL-DEV : [05-21_11:02:40:599] idVendor = 1d6b
05-21 11:02:40.599 464 494 D RIL-DEV :
05-21 11:02:40.599 464 494 D RIL-DEV : [05-21_11:02:40:599] idVendor = 2109
05-21 11:02:40.599 464 494 D RIL-DEV :
05-21 11:02:40.599 464 494 D RIL-DEV : [05-21_11:02:40:600] idVendor = 2109
05-21 11:02:40.599 464 494 D RIL-DEV :
05-21 11:02:40.599 464 494 D RIL-DEV : [05-21_11:02:40:600] idVendor = 1d6b
05-21 11:02:40.599 464 494 D RIL-DEV :
05-21 11:02:40.599 464 494 D RIL-DEV : [05-21_11:02:40:600] idVendor = 0bda
05-21 11:02:40.599 464 494 D RIL-DEV :
05-21 11:02:40.600 464 494 D RIL-DEV : [05-21_11:02:40:600] idVendor = 2109
05-21 11:02:40.600 464 494 D RIL-DEV :
05-21 11:02:40.600 464 494 E RIL-DEV : Cannot find Meig devices
05-21 11:02:40.600 464 494 I RIL : ---> can't find meig usb devices
05-21 11:11:37.485 543 543 I : read descriptors
05-21 11:11:37.485 543 543 I : read strings
05-21 11:11:37.487 1 1 I init : processing action (sys.usb.config=adb && sys.usb.configfs=1 && sys.usb.ffs.ready=1) from (/system/etc/init/hw/init.usb.configfs.rc:20)
05-21 11:11:37.490 1 1 I init : Command 'symlink /config/usb_gadget/g1/functions/ffs.adb /config/usb_gadget/g1/configs/b.1/f1' action=sys.usb.config=adb && sys.usb.configfs=1 && sys.usb.ffs.ready=1 (/system/etc/init/hw/init.usb.configfs.rc:22) took 0ms and failed: symlink() failed: File exists
05-21 11:11:37.491 1 1 I init : Command 'write /config/usb_gadget/g1/UDC ${sys.usb.controller}' action=sys.usb.config=adb && sys.usb.configfs=1 && sys.usb.ffs.ready=1 (/system/etc/init/hw/init.usb.configfs.rc:23) took 0ms and failed: Unable to write to file '/config/usb_gadget/g1/UDC': Unable to write file contents: Device or resource busy
05-21 11:02:40.917 627 1329 E TaskPersister: File error accessing recents directory (directory doesn't exist?).
05-21 11:02:41.002 1340 1340 W ContextImpl: Calling a method in the system process without a qualified user: android.app.ContextImpl.sendBroadcast:1181 android.content.ContextWrapper.sendBroadcast:479 cn.eben.newweather.DateWeatherService.a:19 cn.eben.newweather.DateWeatherService.a:0 cn.eben.newweather.DateWeatherService$1.handleMessage:7
05-21 11:11:38.545 543 543 I : read descriptors
05-21 11:11:38.545 543 543 I : read strings
05-21 11:11:38.547 1 1 I init : processing action (sys.usb.config=adb && sys.usb.configfs=1 && sys.usb.ffs.ready=1) from (/system/etc/init/hw/init.usb.configfs.rc:20)
