05-21 11:04:39.531 543 543 I : read strings
05-21 11:04:39.535 1 1 I init : processing action (sys.usb.config=adb && sys.usb.configfs=1 && sys.usb.ffs.ready=1) from (/system/etc/init/hw/init.usb.configfs.rc:20)
05-21 11:04:39.536 1 1 I init : Command 'symlink /config/usb_gadget/g1/functions/ffs.adb /config/usb_gadget/g1/configs/b.1/f1' action=sys.usb.config=adb && sys.usb.configfs=1 && sys.usb.ffs.ready=1 (/system/etc/init/hw/init.usb.configfs.rc:22) took 0ms and failed: symlink() failed: File exists
05-21 11:04:39.536 1 1 I init : Command 'write /config/usb_gadget/g1/UDC ${sys.usb.controller}' action=sys.usb.config=adb && sys.usb.configfs=1 && sys.usb.ffs.ready=1 (/system/etc/init/hw/init.usb.configfs.rc:23) took 0ms and failed: Unable to write to file '/config/usb_gadget/g1/UDC': Unable to write file contents: Device or resource busy
05-21 10:55:43.002 1340 1340 W ContextImpl: Calling a method in the system process without a qualified user: android.app.ContextImpl.sendBroadcast:1181 android.content.ContextWrapper.sendBroadcast:479 cn.eben.newweather.DateWeatherService.a:19 cn.eben.newweather.DateWeatherService.a:0 cn.eben.newweather.DateWeatherService$1.handleMessage:7
05-21 10:55:43.523 464 494 I RIL : ---> enter mainloop wait at port
05-21 10:55:43.523 464 494 D RIL-DEV : Get modem info
05-21 10:55:43.524 464 494 D RIL-DEV : [05-21_10:55:43:525] idVendor = 0bda
05-21 10:55:43.524 464 494 D RIL-DEV :
05-21 10:55:43.525 464 494 D RIL-DEV : [05-21_10:55:43:525] idVendor = 05e3
05-21 10:55:43.525 464 494 D RIL-DEV :
05-21 10:55:43.525 464 494 D RIL-DEV : [05-21_10:55:43:525] idVendor = 1d6b
05-21 10:55:43.525 464 494 D RIL-DEV :
05-21 10:55:43.525 464 494 D RIL-DEV : [05-21_10:55:43:526] idVendor = 1d6b
05-21 10:55:43.525 464 494 D RIL-DEV :
05-21 10:55:43.526 464 494 D RIL-DEV : [05-21_10:55:43:526] idVendor = 0bda
05-21 10:55:43.526 464 494 D RIL-DEV :
05-21 10:55:43.526 464 494 D RIL-DEV : [05-21_10:55:43:526] idVendor = 1d6b
05-21 10:55:43.526 464 494 D RIL-DEV :
05-21 10:55:43.526 464 494 D RIL-DEV : [05-21_10:55:43:527] idVendor = 2109
05-21 10:55:43.526 464 494 D RIL-DEV :
05-21 10:55:43.527 464 494 D RIL-DEV : [05-21_10:55:43:527] idVendor = 2109
05-21 10:55:43.527 464 494 D RIL-DEV :
05-21 10:55:43.527 464 494 D RIL-DEV : [05-21_10:55:43:527] idVendor = 1d6b
05-21 10:55:43.527 464 494 D RIL-DEV :
05-21 10:55:43.527 464 494 D RIL-DEV : [05-21_10:55:43:528] idVendor = 0bda
05-21 10:55:43.527 464 494 D RIL-DEV :
05-21 10:55:43.528 464 494 D RIL-DEV : [05-21_10:55:43:528] idVendor = 2109
05-21 10:55:43.528 464 494 D RIL-DEV :
05-21 10:55:43.528 464 494 E RIL-DEV : Cannot find Meig devices
05-21 10:55:43.528 464 494 I RIL : ---> can't find meig usb devices
05-21 11:04:40.568 543 543 I : read descriptors
05-21 11:04:40.568 543 543 I : read strings
05-21 10:55:43.743 627 2063 W ContentProviderHelper: Permission Denial: opening provider com.android.providers.contacts.ContactsProvider2 from ProcessRecord{1933406 1690:cn.eben.sync/u0a44} (pid=1690, uid=10044) requires android.permission.READ_CONTACTS or android.permission.WRITE_CONTACTS
05-21 11:04:40.570 1 1 I init : processing action (sys.usb.config=adb && sys.usb.configfs=1 && sys.usb.ffs.ready=1) from (/system/etc/init/hw/init.usb.configfs.rc:20)
05-21 11:04:40.572 1 1 I init : Command 'symlink /config/usb_gadget/g1/functions/ffs.adb /config/usb_gadget/g1/configs/b.1/f1' action=sys.usb.config=adb && sys.usb.configfs=1 && sys.usb.ffs.ready=1 (/system/etc/init/hw/init.usb.configfs.rc:22) took 0ms and failed: symlink() failed: File exists
05-21 11:04:40.572 1 1 I init : Command 'write /config/usb_gadget/g1/UDC ${sys.usb.controller}' action=sys.usb.config=adb && sys.usb.configfs=1 && sys.usb.ffs.ready=1 (/system/etc/init/hw/init.usb.configfs.rc:23) took 0ms and failed: Unable to write to file '/config/usb_gadget/g1/UDC': Unable to write file contents: Device or resource busy
05-21 10:55:44.003 1340 1340 W ContextImpl: Calling a method in the system process without a qualified user: android.app.ContextImpl.sendBroadcast:1181 android.content.ContextWrapper.sendBroadcast:479 cn.eben.newweather.DateWeatherService.a:19 cn.eben.newweather.DateWeatherService.a:0 cn.eben.newweather.DateWeatherService$1.handleMessage:7
05-21 11:04:41.625 543 543 I : read descriptors
05-21 11:04:41.625 543 543 I : read strings
05-21 11:04:41.628 1 1 I init : processing action (sys.usb.config=adb && sys.usb.configfs=1 && sys.usb.ffs.ready=1) from (/system/etc/init/hw/init.usb.configfs.rc:20)
05-21 11:04:41.629 1 1 I init : Command 'symlink /config/usb_gadget/g1/functions/ffs.adb /config/usb_gadget/g1/configs/b.1/f1' action=sys.usb.config=adb && sys.usb.configfs=1 && sys.usb.ffs.ready=1 (/system/etc/init/hw/init.usb.configfs.rc:22) took 0ms and failed: symlink() failed: File exists
05-21 11:04:41.630 1 1 I init : Command 'write /config/usb_gadget/g1/UDC ${sys.usb.controller}' action=sys.usb.config=adb && sys.usb.configfs=1 && sys.usb.ffs.ready=1 (/system/etc/init/hw/init.usb.configfs.rc:23) took 0ms and failed: Unable to write to file '/config/usb_gadget/g1/UDC': Unable to write file contents: Device or resource busy
05-21 10:55:45.001 1340 1340 W ContextImpl: Calling a method in the system process without a qualified user: android.app.ContextImpl.sendBroadcast:1181 android.content.ContextWrapper.sendBroadcast:479 cn.eben.newweather.DateWeatherService.a:19 cn.eben.newweather.DateWeatherService.a:0 cn.eben.newweather.DateWeatherService$1.handleMessage:7
05-21 10:55:45.529 464 494 I RIL : ---> enter mainloop wait at port
05-21 10:55:45.529 464 494 D RIL-DEV : Get modem info
05-21 10:55:45.530 464 494 D RIL-DEV : [05-21_10:55:45:530] idVendor = 0bda
05-21 10:55:45.530 464 494 D RIL-DEV :
05-21 10:55:45.530 464 494 D RIL-DEV : [05-21_10:55:45:530] idVendor = 05e3
05-21 10:55:45.530 464 494 D RIL-DEV :
05-21 10:55:45.530 464 494 D RIL-DEV : [05-21_10:55:45:531] idVendor = 1d6b
05-21 10:55:45.530 464 494 D RIL-DEV :
05-21 10:55:45.531 464 494 D RIL-DEV : [05-21_10:55:45:531] idVendor = 1d6b
05-21 10:55:45.531 464 494 D RIL-DEV :
05-21 10:55:45.531 464 494 D RIL-DEV : [05-21_10:55:45:532] idVendor = 0bda
05-21 10:55:45.531 464 494 D RIL-DEV :
05-21 10:55:45.532 464 494 D RIL-DEV : [05-21_10:55:45:532] idVendor = 1d6b
05-21 10:55:45.532 464 494 D RIL-DEV :
05-21 10:55:45.532 464 494 D RIL-DEV : [05-21_10:55:45:532] idVendor = 2109
05-21 10:55:45.532 464 494 D RIL-DEV :
05-21 10:55:45.532 464 494 D RIL-DEV : [05-21_10:55:45:533] idVendor = 2109
05-21 10:55:45.532 464 494 D RIL-DEV :
05-21 10:55:45.533 464 494 D RIL-DEV : [05-21_10:55:45:533] idVendor = 1d6b
05-21 10:55:45.533 464 494 D RIL-DEV :
05-21 10:55:45.533 464 494 D RIL-DEV : [05-21_10:55:45:533] idVendor = 0bda
05-21 10:55:45.533 464 494 D RIL-DEV :
05-21 10:55:45.533 464 494 D RIL-DEV : [05-21_10:55:45:534] idVendor = 2109
05-21 10:55:45.533 464 494 D RIL-DEV :
05-21 10:55:45.534 464 494 E RIL-DEV : Cannot find Meig devices
05-21 10:55:45.534 464 494 I RIL : ---> can't find meig usb devices
05-21 11:04:42.668 543 543 I : read descriptors
05-21 11:04:42.668 543 543 I : read strings
05-21 11:04:42.671 1 1 I init : processing action (sys.usb.config=adb && sys.usb.configfs=1 && sys.usb.ffs.ready=1) from (/system/etc/init/hw/init.usb.configfs.rc:20)
05-21 10:55:46.002 1340 1340 W ContextImpl: Calling a method in the system process without a qualified user: android.app.ContextImpl.sendBroadcast:1181 android.content.ContextWrapper.sendBroadcast:479 cn.eben.newweather.DateWeatherService.a:19 cn.eben.newweather.DateWeatherService.a:0 cn.eben.newweather.DateWeatherService$1.handleMessage:7
05-21 11:04:43.725 543 543 I : read descriptors
05-21 11:04:43.725 543 543 I : read strings
05-21 10:55:47.002 1340 1340 W ContextImpl: Calling a method in the system process without a qualified user: android.app.ContextImpl.sendBroadcast:1181 android.content.ContextWrapper.sendBroadcast:479 cn.eben.newweather.DateWeatherService.a:19 cn.eben.newweather.DateWeatherService.a:0 cn.eben.newweather.DateWeatherService$1.handleMessage:7
05-21 10:55:47.534 464 494 I RIL : ---> enter mainloop wait at port
05-21 10:55:47.534 464 494 D RIL-DEV : Get modem info
05-21 10:55:47.535 464 494 D RIL-DEV : [05-21_10:55:47:535] idVendor = 0bda
05-21 10:55:47.535 464 494 D RIL-DEV :
05-21 10:55:47.535 464 494 D RIL-DEV : [05-21_10:55:47:536] idVendor = 05e3
05-21 10:55:47.535 464 494 D RIL-DEV :
05-21 10:55:47.536 464 494 D RIL-DEV : [05-21_10:55:47:536] idVendor = 1d6b
05-21 10:55:47.536 464 494 D RIL-DEV :
05-21 10:55:47.536 464 494 D RIL-DEV : [05-21_10:55:47:536] idVendor = 1d6b
05-21 10:55:47.536 464 494 D RIL-DEV :
05-21 10:55:47.536 464 494 D RIL-DEV : [05-21_10:55:47:537] idVendor = 0bda
05-21 10:55:47.536 464 494 D RIL-DEV :
05-21 10:55:47.537 464 494 D RIL-DEV : [05-21_10:55:47:537] idVendor = 1d6b
05-21 10:55:47.537 464 494 D RIL-DEV :
05-21 10:55:47.537 464 494 D RIL-DEV : [05-21_10:55:47:538] idVendor = 2109
05-21 10:55:47.537 464 494 D RIL-DEV :
05-21 10:55:47.538 464 494 D RIL-DEV : [05-21_10:55:47:538] idVendor = 2109
05-21 10:55:47.538 464 494 D RIL-DEV :
05-21 10:55:47.538 464 494 D RIL-DEV : [05-21_10:55:47:538] idVendor = 1d6b
05-21 10:55:47.538 464 494 D RIL-DEV :
05-21 10:55:47.538 464 494 D RIL-DEV : [05-21_10:55:47:539] idVendor = 0bda
05-21 10:55:47.538 464 494 D RIL-DEV :
05-21 10:55:47.539 464 494 D RIL-DEV : [05-21_10:55:47:539] idVendor = 2109
05-21 10:55:47.539 464 494 D RIL-DEV :
05-21 10:55:47.539 464 494 E RIL-DEV : Cannot find Meig devices
05-21 10:55:47.539 464 494 I RIL : ---> can't find meig usb devices
05-21 11:04:44.781 543 543 I : read descriptors
05-21 11:04:44.781 543 543 I : read strings
05-21 11:04:44.783 1 1 I init : processing action (sys.usb.config=adb && sys.usb.configfs=1 && sys.usb.ffs.ready=1) from (/system/etc/init/hw/init.usb.configfs.rc:20)
05-21 11:04:44.786 1 1 I init : Command 'symlink /config/usb_gadget/g1/functions/ffs.adb /config/usb_gadget/g1/configs/b.1/f1' action=sys.usb.config=adb && sys.usb.configfs=1 && sys.usb.ffs.ready=1 (/system/etc/init/hw/init.usb.configfs.rc:22) took 0ms and failed: symlink() failed: File exists
05-21 11:04:44.786 1 1 I init : Command 'write /config/usb_gadget/g1/UDC ${sys.usb.controller}' action=sys.usb.config=adb && sys.usb.configfs=1 && sys.usb.ffs.ready=1 (/system/etc/init/hw/init.usb.configfs.rc:23) took 0ms and failed: Unable to write to file '/config/usb_gadget/g1/UDC': Unable to write file contents: Device or resource busy
05-21 10:55:48.002 1340 1340 W ContextImpl: Calling a method in the system process without a qualified user: android.app.ContextImpl.sendBroadcast:1181 android.content.ContextWrapper.sendBroadcast:479 cn.eben.newweather.DateWeatherService.a:19 cn.eben.newweather.DateWeatherService.a:0 cn.eben.newweather.DateWeatherService$1.handleMessage:7
05-21 10:55:48.746 627 2063 W ContentProviderHelper: Permission Denial: opening provider com.android.providers.contacts.ContactsProvider2 from ProcessRecord{1933406 1690:cn.eben.sync/u0a44} (pid=1690, uid=10044) requires android.permission.READ_CONTACTS or android.permission.WRITE_CONTACTS
05-21 10:55:49.002 1340 1340 W ContextImpl: Calling a method in the system process without a qualified user: android.app.ContextImpl.sendBroadcast:1181 android.content.ContextWrapper.sendBroadcast:479 cn.eben.newweather.DateWeatherService.a:19 cn.eben.newweather.DateWeatherService.a:0 cn.eben.newweather.DateWeatherService$1.handleMessage:7
05-21 11:04:45.841 543 543 I : read descriptors
05-21 11:04:45.842 543 543 I : read strings
05-21 11:04:45.844 1 1 I init : processing action (sys.usb.config=adb && sys.usb.configfs=1 && sys.usb.ffs.ready=1) from (/system/etc/init/hw/init.usb.configfs.rc:20)
05-21 11:04:45.846 1 1 I init : Command 'symlink /config/usb_gadget/g1/functions/ffs.adb /config/usb_gadget/g1/configs/b.1/f1' action=sys.usb.config=adb && sys.usb.configfs=1 && sys.usb.ffs.ready=1 (/system/etc/init/hw/init.usb.configfs.rc:22) took 0ms and failed: symlink() failed: File exists
05-21 11:04:45.847 1 1 I init : Command 'write /config/usb_gadget/g1/UDC ${sys.usb.controller}' action=sys.usb.config=adb && sys.usb.configfs=1 && sys.usb.ffs.ready=1 (/system/etc/init/hw/init.usb.configfs.rc:23) took 0ms and failed: Unable to write to file '/config/usb_gadget/g1/UDC': Unable to write file contents: Device or resource busy
05-21 10:55:49.540 464 494 I RIL : ---> enter mainloop wait at port
05-21 10:55:49.540 464 494 D RIL-DEV : Get modem info
05-21 10:55:49.540 464 494 D RIL-DEV : [05-21_10:55:49:541] idVendor = 0bda
05-21 10:55:49.540 464 494 D RIL-DEV :
05-21 10:55:49.541 464 494 D RIL-DEV : [05-21_10:55:49:541] idVendor = 05e3
05-21 10:55:49.541 464 494 D RIL-DEV :
05-21 10:55:49.541 464 494 D RIL-DEV : [05-21_10:55:49:542] idVendor = 1d6b
05-21 10:55:49.541 464 494 D RIL-DEV :
05-21 10:55:49.542 464 494 D RIL-DEV : [05-21_10:55:49:542] idVendor = 1d6b
05-21 10:55:49.542 464 494 D RIL-DEV :
05-21 10:55:49.542 464 494 D RIL-DEV : [05-21_10:55:49:542] idVendor = 0bda
05-21 10:55:49.542 464 494 D RIL-DEV :
05-21 10:55:49.542 464 494 D RIL-DEV : [05-21_10:55:49:543] idVendor = 1d6b
05-21 10:55:49.542 464 494 D RIL-DEV :
05-21 10:55:49.543 464 494 D RIL-DEV : [05-21_10:55:49:543] idVendor = 2109
05-21 10:55:49.543 464 494 D RIL-DEV :
05-21 10:55:49.543 464 494 D RIL-DEV : [05-21_10:55:49:544] idVendor = 2109
05-21 10:55:49.543 464 494 D RIL-DEV :
05-21 10:55:49.543 464 494 D RIL-DEV : [05-21_10:55:49:544] idVendor = 1d6b
05-21 10:55:49.543 464 494 D RIL-DEV :
05-21 10:55:49.544 464 494 D RIL-DEV : [05-21_10:55:49:544] idVendor = 0bda
05-21 10:55:49.544 464 494 D RIL-DEV :
05-21 10:55:49.544 464 494 D RIL-DEV : [05-21_10:55:49:545] idVendor = 2109
05-21 10:55:49.544 464 494 D RIL-DEV :
05-21 10:55:49.544 464 494 E RIL-DEV : Cannot find Meig devices
05-21 10:55:49.545 464 494 I RIL : ---> can't find meig usb devices
05-21 10:55:50.003 1340 1340 W ContextImpl: Calling a method in the system process without a qualified user: android.app.ContextImpl.sendBroadcast:1181 android.content.ContextWrapper.sendBroadcast:479 cn.eben.newweather.DateWeatherService.a:19 cn.eben.newweather.DateWeatherService.a:0 cn.eben.newweather.DateWeatherService$1.handleMessage:7
05-21 11:04:46.901 543 543 I : read descriptors
05-21 11:04:46.901 543 543 I : read strings
05-21 11:04:46.903 1 1 I init : processing action (sys.usb.config=adb && sys.usb.configfs=1 && sys.usb.ffs.ready=1) from (/system/etc/init/hw/init.usb.configfs.rc:20)
05-21 11:04:46.907 1 1 I init : Command 'symlink /config/usb_gadget/g1/functions/ffs.adb /config/usb_gadget/g1/configs/b.1/f1' action=sys.usb.config=adb && sys.usb.configfs=1 && sys.usb.ffs.ready=1 (/system/etc/init/hw/init.usb.configfs.rc:22) took 1ms and failed: symlink() failed: File exists
05-21 11:04:46.908 1 1 I init : Command 'write /config/usb_gadget/g1/UDC ${sys.usb.controller}' action=sys.usb.config=adb && sys.usb.configfs=1 && sys.usb.ffs.ready=1 (/system/etc/init/hw/init.usb.configfs.rc:23) took 1ms and failed: Unable to write to file '/config/usb_gadget/g1/UDC': Unable to write file contents: Device or resource busy
05-21 10:55:51.002 1340 1340 W ContextImpl: Calling a method in the system process without a qualified user: android.app.ContextImpl.sendBroadcast:1181 android.content.ContextWrapper.sendBroadcast:479 cn.eben.newweather.DateWeatherService.a:19 cn.eben.newweather.DateWeatherService.a:0 cn.eben.newweather.DateWeatherService$1.handleMessage:7
05-21 11:04:47.948 543 543 I : read descriptors
05-21 11:04:47.948 543 543 I : read strings
05-21 11:04:47.951 1 1 I init : processing action (sys.usb.config=adb && sys.usb.configfs=1 && sys.usb.ffs.ready=1) from (/system/etc/init/hw/init.usb.configfs.rc:20)
05-21 10:55:51.545 464 494 I RIL : ---> enter mainloop wait at port
05-21 10:55:51.545 464 494 D RIL-DEV : Get modem info
05-21 10:55:51.546 464 494 D RIL-DEV : [05-21_10:55:51:546] idVendor = 0bda
05-21 10:55:51.546 464 494 D RIL-DEV :
05-21 10:55:51.546 464 494 D RIL-DEV : [05-21_10:55:51:547] idVendor = 05e3
05-21 10:55:51.546 464 494 D RIL-DEV :
05-21 10:55:51.547 464 494 D RIL-DEV : [05-21_10:55:51:547] idVendor = 1d6b
05-21 10:55:51.547 464 494 D RIL-DEV :
05-21 10:55:51.547 464 494 D RIL-DEV : [05-21_10:55:51:547] idVendor = 1d6b
05-21 10:55:51.547 464 494 D RIL-DEV :
05-21 10:55:51.547 464 494 D RIL-DEV : [05-21_10:55:51:548] idVendor = 0bda
05-21 10:55:51.547 464 494 D RIL-DEV :
05-21 10:55:51.548 464 494 D RIL-DEV : [05-21_10:55:51:548] idVendor = 1d6b
05-21 10:55:51.548 464 494 D RIL-DEV :
05-21 10:55:51.548 464 494 D RIL-DEV : [05-21_10:55:51:549] idVendor = 2109
05-21 10:55:51.548 464 494 D RIL-DEV :
05-21 10:55:51.549 464 494 D RIL-DEV : [05-21_10:55:51:549] idVendor = 2109
05-21 10:55:51.549 464 494 D RIL-DEV :
05-21 10:55:51.549 464 494 D RIL-DEV : [05-21_10:55:51:549] idVendor = 1d6b
05-21 10:55:51.549 464 494 D RIL-DEV :
05-21 10:55:51.549 464 494 D RIL-DEV : [05-21_10:55:51:550] idVendor = 0bda
05-21 10:55:51.549 464 494 D RIL-DEV :
05-21 10:55:51.549 464 494 D RIL-DEV : [05-21_10:55:51:550] idVendor = 2109
05-21 10:55:51.549 464 494 D RIL-DEV :
05-21 10:55:51.550 464 494 E RIL-DEV : Cannot find Meig devices
05-21 10:55:51.550 464 494 I RIL : ---> can't find meig usb devices
05-21 10:55:52.002 1340 1340 W ContextImpl: Calling a method in the system process without a qualified user: android.app.ContextImpl.sendBroadcast:1181 android.content.ContextWrapper.sendBroadcast:479 cn.eben.newweather.DateWeatherService.a:19 cn.eben.newweather.DateWeatherService.a:0 cn.eben.newweather.DateWeatherService$1.handleMessage:7
05-21 11:04:48.994 543 543 I : read descriptors
05-21 11:04:48.995 543 543 I : read strings
05-21 10:55:53.002 1340 1340 W ContextImpl: Calling a method in the system process without a qualified user: android.app.ContextImpl.sendBroadcast:1181 android.content.ContextWrapper.sendBroadcast:479 cn.eben.newweather.DateWeatherService.a:19 cn.eben.newweather.DateWeatherService.a:0 cn.eben.newweather.DateWeatherService$1.handleMessage:7
05-21 11:04:50.065 543 543 I : read descriptors
05-21 11:04:50.065 543 543 I : read strings
05-21 11:04:50.068 1 1 I init : processing action (sys.usb.config=adb && sys.usb.configfs=1 && sys.usb.ffs.ready=1) from (/system/etc/init/hw/init.usb.configfs.rc:20)
05-21 11:04:50.070 1 1 I init : Command 'symlink /config/usb_gadget/g1/functions/ffs.adb /config/usb_gadget/g1/configs/b.1/f1' action=sys.usb.config=adb && sys.usb.configfs=1 && sys.usb.ffs.ready=1 (/system/etc/init/hw/init.usb.configfs.rc:22) took 0ms and failed: symlink() failed: File exists
05-21 11:04:50.071 1 1 I init : Command 'write /config/usb_gadget/g1/UDC ${sys.usb.controller}' action=sys.usb.config=adb && sys.usb.configfs=1 && sys.usb.ffs.ready=1 (/system/etc/init/hw/init.usb.configfs.rc:23) took 0ms and failed: Unable to write to file '/config/usb_gadget/g1/UDC': Unable to write file contents: Device or resource busy
05-21 10:55:53.550 464 494 I RIL : ---> enter mainloop wait at port
05-21 10:55:53.551 464 494 D RIL-DEV : Get modem info
05-21 10:55:53.551 464 494 D RIL-DEV : [05-21_10:55:53:552] idVendor = 0bda
05-21 10:55:53.551 464 494 D RIL-DEV :
05-21 10:55:53.552 464 494 D RIL-DEV : [05-21_10:55:53:552] idVendor = 05e3
05-21 10:55:53.552 464 494 D RIL-DEV :
05-21 10:55:53.552 464 494 D RIL-DEV : [05-21_10:55:53:553] idVendor = 1d6b
05-21 10:55:53.552 464 494 D RIL-DEV :
05-21 10:55:53.552 464 494 D RIL-DEV : [05-21_10:55:53:553] idVendor = 1d6b
05-21 10:55:53.552 464 494 D RIL-DEV :
05-21 10:55:53.553 464 494 D RIL-DEV : [05-21_10:55:53:553] idVendor = 0bda
05-21 10:55:53.553 464 494 D RIL-DEV :
05-21 10:55:53.553 464 494 D RIL-DEV : [05-21_10:55:53:554] idVendor = 1d6b
05-21 10:55:53.553 464 494 D RIL-DEV :
05-21 10:55:53.553 464 494 D RIL-DEV : [05-21_10:55:53:554] idVendor = 2109
05-21 10:55:53.553 464 494 D RIL-DEV :
05-21 10:55:53.554 464 494 D RIL-DEV : [05-21_10:55:53:554] idVendor = 2109
05-21 10:55:53.554 464 494 D RIL-DEV :
05-21 10:55:53.554 464 494 D RIL-DEV : [05-21_10:55:53:555] idVendor = 1d6b
05-21 10:55:53.554 464 494 D RIL-DEV :
05-21 10:55:53.555 464 494 D RIL-DEV : [05-21_10:55:53:555] idVendor = 0bda
05-21 10:55:53.555 464 494 D RIL-DEV :
05-21 10:55:53.555 464 494 D RIL-DEV : [05-21_10:55:53:556] idVendor = 2109
05-21 10:55:53.555 464 494 D RIL-DEV :
05-21 10:55:53.556 464 494 E RIL-DEV : Cannot find Meig devices
05-21 10:55:53.556 464 494 I RIL : ---> can't find meig usb devices
05-21 10:55:53.752 627 2063 W ContentProviderHelper: Permission Denial: opening provider com.android.providers.contacts.ContactsProvider2 from ProcessRecord{1933406 1690:cn.eben.sync/u0a44} (pid=1690, uid=10044) requires android.permission.READ_CONTACTS or android.permission.WRITE_CONTACTS
05-21 10:55:54.002 1340 1340 W ContextImpl: Calling a method in the system process without a qualified user: android.app.ContextImpl.sendBroadcast:1181 android.content.ContextWrapper.sendBroadcast:479 cn.eben.newweather.DateWeatherService.a:19 cn.eben.newweather.DateWeatherService.a:0 cn.eben.newweather.DateWeatherService$1.handleMessage:7
05-21 11:04:51.138 543 543 I : read descriptors
05-21 11:04:51.138 543 543 I : read strings
05-21 11:04:51.140 1 1 I init : processing action (sys.usb.config=adb && sys.usb.configfs=1 && sys.usb.ffs.ready=1) from (/system/etc/init/hw/init.usb.configfs.rc:20)
05-21 11:04:51.143 1 1 I init : Command 'symlink /config/usb_gadget/g1/functions/ffs.adb /config/usb_gadget/g1/configs/b.1/f1' action=sys.usb.config=adb && sys.usb.configfs=1 && sys.usb.ffs.ready=1 (/system/etc/init/hw/init.usb.configfs.rc:22) took 0ms and failed: symlink() failed: File exists
05-21 11:04:51.144 1 1 I init : Command 'write /config/usb_gadget/g1/UDC ${sys.usb.controller}' action=sys.usb.config=adb && sys.usb.configfs=1 && sys.usb.ffs.ready=1 (/system/etc/init/hw/init.usb.configfs.rc:23) took 1ms and failed: Unable to write to file '/config/usb_gadget/g1/UDC': Unable to write file contents: Device or resource busy
05-21 10:55:55.002 1340 1340 W ContextImpl: Calling a method in the system process without a qualified user: android.app.ContextImpl.sendBroadcast:1181 android.content.ContextWrapper.sendBroadcast:479 cn.eben.newweather.DateWeatherService.a:19 cn.eben.newweather.DateWeatherService.a:0 cn.eben.newweather.DateWeatherService$1.handleMessage:7
05-21 11:04:52.198 543 543 I : read descriptors
05-21 11:04:52.198 543 543 I : read strings
05-21 11:04:52.201 1 1 I init : processing action (sys.usb.config=adb && sys.usb.configfs=1 && sys.usb.ffs.ready=1) from (/system/etc/init/hw/init.usb.configfs.rc:20)
05-21 11:04:52.203 1 1 I init : Command 'symlink /config/usb_gadget/g1/functions/ffs.adb /config/usb_gadget/g1/configs/b.1/f1' action=sys.usb.config=adb && sys.usb.configfs=1 && sys.usb.ffs.ready=1 (/system/etc/init/hw/init.usb.configfs.rc:22) took 0ms and failed: symlink() failed: File exists
05-21 11:04:52.203 1 1 I init : Command 'write /config/usb_gadget/g1/UDC ${sys.usb.controller}' action=sys.usb.config=adb && sys.usb.configfs=1 && sys.usb.ffs.ready=1 (/system/etc/init/hw/init.usb.configfs.rc:23) took 0ms and failed: Unable to write to file '/config/usb_gadget/g1/UDC': Unable to write file contents: Device or resource busy
05-21 10:55:55.556 464 494 I RIL : ---> enter mainloop wait at port
05-21 10:55:55.556 464 494 D RIL-DEV : Get modem info
05-21 10:55:55.557 464 494 D RIL-DEV : [05-21_10:55:55:557] idVendor = 0bda
05-21 10:55:55.557 464 494 D RIL-DEV :
05-21 10:55:55.558 464 494 D RIL-DEV : [05-21_10:55:55:558] idVendor = 05e3
05-21 10:55:55.558 464 494 D RIL-DEV :
05-21 10:55:55.558 464 494 D RIL-DEV : [05-21_10:55:55:558] idVendor = 1d6b
05-21 10:55:55.558 464 494 D RIL-DEV :
05-21 10:55:55.558 464 494 D RIL-DEV : [05-21_10:55:55:559] idVendor = 1d6b
05-21 10:55:55.558 464 494 D RIL-DEV :
05-21 10:55:55.558 464 494 D RIL-DEV : [05-21_10:55:55:559] idVendor = 0bda
05-21 10:55:55.558 464 494 D RIL-DEV :
05-21 10:55:55.559 464 494 D RIL-DEV : [05-21_10:55:55:559] idVendor = 1d6b
05-21 10:55:55.559 464 494 D RIL-DEV :
05-21 10:55:55.559 464 494 D RIL-DEV : [05-21_10:55:55:560] idVendor = 2109
05-21 10:55:55.559 464 494 D RIL-DEV :
05-21 10:55:55.560 464 494 D RIL-DEV : [05-21_10:55:55:560] idVendor = 2109
05-21 10:55:55.560 464 494 D RIL-DEV :
05-21 10:55:55.560 464 494 D RIL-DEV : [05-21_10:55:55:560] idVendor = 1d6b
05-21 10:55:55.560 464 494 D RIL-DEV :
05-21 10:55:55.560 464 494 D RIL-DEV : [05-21_10:55:55:561] idVendor = 0bda
05-21 10:55:55.560 464 494 D RIL-DEV :
05-21 10:55:55.561 464 494 D RIL-DEV : [05-21_10:55:55:561] idVendor = 2109
05-21 10:55:55.561 464 494 D RIL-DEV :
05-21 10:55:55.561 464 494 E RIL-DEV : Cannot find Meig devices
05-21 10:55:55.561 464 494 I RIL : ---> can't find meig usb devices
05-21 10:55:56.002 1340 1340 W ContextImpl: Calling a method in the system process without a qualified user: android.app.ContextImpl.sendBroadcast:1181 android.content.ContextWrapper.sendBroadcast:479 cn.eben.newweather.DateWeatherService.a:19 cn.eben.newweather.DateWeatherService.a:0 cn.eben.newweather.DateWeatherService$1.handleMessage:7
05-21 11:04:53.241 543 543 I : read descriptors
05-21 11:04:53.241 543 543 I : read strings
05-21 11:04:53.244 1 1 I init : processing action (sys.usb.config=adb && sys.usb.configfs=1 && sys.usb.ffs.ready=1) from (/system/etc/init/hw/init.usb.configfs.rc:20)
05-21 10:55:57.002 1340 1340 W ContextImpl: Calling a method in the system process without a qualified user: android.app.ContextImpl.sendBroadcast:1181 android.content.ContextWrapper.sendBroadcast:479 cn.eben.newweather.DateWeatherService.a:19 cn.eben.newweather.DateWeatherService.a:0 cn.eben.newweather.DateWeatherService$1.handleMessage:7
05-21 11:04:54.275 543 543 I : read descriptors
05-21 11:04:54.275 543 543 I : read strings
05-21 10:55:57.562 464 494 I RIL : ---> enter mainloop wait at port
05-21 10:55:57.562 464 494 D RIL-DEV : Get modem info
05-21 10:55:57.563 464 494 D RIL-DEV : [05-21_10:55:57:563] idVendor = 0bda
05-21 10:55:57.563 464 494 D RIL-DEV :
05-21 10:55:57.563 464 494 D RIL-DEV : [05-21_10:55:57:563] idVendor = 05e3
05-21 10:55:57.563 464 494 D RIL-DEV :
05-21 10:55:57.563 464 494 D RIL-DEV : [05-21_10:55:57:564] idVendor = 1d6b
05-21 10:55:57.563 464 494 D RIL-DEV :
05-21 10:55:57.564 464 494 D RIL-DEV : [05-21_10:55:57:564] idVendor = 1d6b
05-21 10:55:57.564 464 494 D RIL-DEV :
05-21 10:55:57.564 464 494 D RIL-DEV : [05-21_10:55:57:564] idVendor = 0bda
05-21 10:55:57.564 464 494 D RIL-DEV :
05-21 10:55:57.565 464 494 D RIL-DEV : [05-21_10:55:57:565] idVendor = 1d6b
05-21 10:55:57.565 464 494 D RIL-DEV :
05-21 10:55:57.565 464 494 D RIL-DEV : [05-21_10:55:57:565] idVendor = 2109
05-21 10:55:57.565 464 494 D RIL-DEV :
05-21 10:55:57.565 464 494 D RIL-DEV : [05-21_10:55:57:566] idVendor = 2109
05-21 10:55:57.565 464 494 D RIL-DEV :
05-21 10:55:57.565 464 494 D RIL-DEV : [05-21_10:55:57:566] idVendor = 1d6b
05-21 10:55:57.565 464 494 D RIL-DEV :
05-21 10:55:57.566 464 494 D RIL-DEV : [05-21_10:55:57:566] idVendor = 0bda
05-21 10:55:57.566 464 494 D RIL-DEV :
05-21 10:55:57.566 464 494 D RIL-DEV : [05-21_10:55:57:567] idVendor = 2109
05-21 10:55:57.566 464 494 D RIL-DEV :
05-21 10:55:57.566 464 494 E RIL-DEV : Cannot find Meig devices
05-21 10:55:57.567 464 494 I RIL : ---> can't find meig usb devices
05-21 10:55:58.002 1340 1340 W ContextImpl: Calling a method in the system process without a qualified user: android.app.ContextImpl.sendBroadcast:1181 android.content.ContextWrapper.sendBroadcast:479 cn.eben.newweather.DateWeatherService.a:19 cn.eben.newweather.DateWeatherService.a:0 cn.eben.newweather.DateWeatherService$1.handleMessage:7
05-21 11:04:55.321 543 543 I : read descriptors
05-21 11:04:55.321 543 543 I : read strings
05-21 11:04:55.324 1 1 I init : processing action (sys.usb.config=adb && sys.usb.configfs=1 && sys.usb.ffs.ready=1) from (/system/etc/init/hw/init.usb.configfs.rc:20)
05-21 11:04:55.326 1 1 I init : Command 'symlink /config/usb_gadget/g1/functions/ffs.adb /config/usb_gadget/g1/configs/b.1/f1' action=sys.usb.config=adb && sys.usb.configfs=1 && sys.usb.ffs.ready=1 (/system/etc/init/hw/init.usb.configfs.rc:22) took 0ms and failed: symlink() failed: File exists
05-21 11:04:55.326 1 1 I init : Command 'write /config/usb_gadget/g1/UDC ${sys.usb.controller}' action=sys.usb.config=adb && sys.usb.configfs=1 && sys.usb.ffs.ready=1 (/system/etc/init/hw/init.usb.configfs.rc:23) took 0ms and failed: Unable to write to file '/config/usb_gadget/g1/UDC': Unable to write file contents: Device or resource busy
05-21 10:55:58.757 627 1116 W ContentProviderHelper: Permission Denial: opening provider com.android.providers.contacts.ContactsProvider2 from ProcessRecord{1933406 1690:cn.eben.sync/u0a44} (pid=1690, uid=10044) requires android.permission.READ_CONTACTS or android.permission.WRITE_CONTACTS
05-21 10:55:58.759 627 653 I DropBoxManagerService: add tag=system_server_wtf isTagEnabled=true flags=0x2
05-21 10:55:58.760 627 2063 I ActivityManager: Background started FGS: Allowed [callingPackage: com.ebensz.email; callingUid: 10065; uidState: FGS ; intent: Intent { act=com.ebensz.email.intent.action.MAIL_SERVICE_WAKEUP flg=0x4 cmp=com.ebensz.email/.service.MailService (has extras) }; code:START_ACTIVITY_FLAG; tempAllowListReason:; targetSdkVersion:28; callerTargetSdkVersion:28; startForegroundCount:0; bindFromPackage:null]
05-21 10:55:58.762 627 653 V ActivityManager: Attempted to start a foreground service (com.ebensz.email/.service.MailService) with a broken notification (no icon: Notification(channel=100 shortcut=null contentView=null vibrate=null sound=null defaults=0x0 flags=0x40 color=0x00000000 vis=PRIVATE))
05-21 10:55:59.001 1340 1340 W ContextImpl: Calling a method in the system process without a qualified user: android.app.ContextImpl.sendBroadcast:1181 android.content.ContextWrapper.sendBroadcast:479 cn.eben.newweather.DateWeatherService.a:19 cn.eben.newweather.DateWeatherService.a:0 cn.eben.newweather.DateWeatherService$1.handleMessage:7
05-21 11:04:56.364 543 543 I : read descriptors
05-21 11:04:56.365 543 543 I : read strings
05-21 11:04:56.367 1 1 I init : processing action (sys.usb.config=adb && sys.usb.configfs=1 && sys.usb.ffs.ready=1) from (/system/etc/init/hw/init.usb.configfs.rc:20)
05-21 11:04:56.371 1 1 I init : Command 'symlink /config/usb_gadget/g1/functions/ffs.adb /config/usb_gadget/g1/configs/b.1/f1' action=sys.usb.config=adb && sys.usb.configfs=1 && sys.usb.ffs.ready=1 (/system/etc/init/hw/init.usb.configfs.rc:22) took 1ms and failed: symlink() failed: File exists
05-21 11:04:56.372 1 1 I init : Command 'write /config/usb_gadget/g1/UDC ${sys.usb.controller}' action=sys.usb.config=adb && sys.usb.configfs=1 && sys.usb.ffs.ready=1 (/system/etc/init/hw/init.usb.configfs.rc:23) took 1ms and failed: Unable to write to file '/config/usb_gadget/g1/UDC': Unable to write file contents: Device or resource busy
05-21 10:55:59.567 464 494 I RIL : ---> enter mainloop wait at port
05-21 10:55:59.567 464 494 D RIL-DEV : Get modem info
05-21 10:55:59.567 464 494 D RIL-DEV : [05-21_10:55:59:568] idVendor = 0bda
05-21 10:55:59.567 464 494 D RIL-DEV :
05-21 10:55:59.568 464 494 D RIL-DEV : [05-21_10:55:59:568] idVendor = 05e3
05-21 10:55:59.568 464 494 D RIL-DEV :
05-21 10:55:59.568 464 494 D RIL-DEV : [05-21_10:55:59:568] idVendor = 1d6b
05-21 10:55:59.568 464 494 D RIL-DEV :
05-21 10:55:59.568 464 494 D RIL-DEV : [05-21_10:55:59:568] idVendor = 1d6b
05-21 10:55:59.568 464 494 D RIL-DEV :
05-21 10:55:59.568 464 494 D RIL-DEV : [05-21_10:55:59:568] idVendor = 0bda
05-21 10:55:59.568 464 494 D RIL-DEV :
05-21 10:55:59.568 464 494 D RIL-DEV : [05-21_10:55:59:569] idVendor = 1d6b
05-21 10:55:59.568 464 494 D RIL-DEV :
05-21 10:55:59.568 464 494 D RIL-DEV : [05-21_10:55:59:569] idVendor = 2109
05-21 10:55:59.568 464 494 D RIL-DEV :
05-21 10:55:59.569 464 494 D RIL-DEV : [05-21_10:55:59:569] idVendor = 2109
05-21 10:55:59.569 464 494 D RIL-DEV :
05-21 10:55:59.569 464 494 D RIL-DEV : [05-21_10:55:59:569] idVendor = 1d6b
05-21 10:55:59.569 464 494 D RIL-DEV :
05-21 10:55:59.569 464 494 D RIL-DEV : [05-21_10:55:59:569] idVendor = 0bda
05-21 10:55:59.569 464 494 D RIL-DEV :
05-21 10:55:59.569 464 494 D RIL-DEV : [05-21_10:55:59:569] idVendor = 2109
05-21 10:55:59.569 464 494 D RIL-DEV :
05-21 10:55:59.569 464 494 E RIL-DEV : Cannot find Meig devices
05-21 10:55:59.569 464 494 I RIL : ---> can't find meig usb devices
05-21 10:56:00.002 1340 1340 W ContextImpl: Calling a method in the system process without a qualified user: android.app.ContextImpl.sendBroadcast:1181 android.content.ContextWrapper.sendBroadcast:479 cn.eben.newweather.DateWeatherService.a:19 cn.eben.newweather.DateWeatherService.a:0 cn.eben.newweather.DateWeatherService$1.handleMessage:7
05-21 11:04:57.418 543 543 I : read descriptors
05-21 11:04:57.418 543 543 I : read strings
05-21 11:04:57.420 1 1 I init : processing action (sys.usb.config=adb && sys.usb.configfs=1 && sys.usb.ffs.ready=1) from (/system/etc/init/hw/init.usb.configfs.rc:20)
05-21 11:04:57.424 1 1 I init : Command 'symlink /config/usb_gadget/g1/functions/ffs.adb /config/usb_gadget/g1/configs/b.1/f1' action=sys.usb.config=adb && sys.usb.configfs=1 && sys.usb.ffs.ready=1 (/system/etc/init/hw/init.usb.configfs.rc:22) took 1ms and failed: symlink() failed: File exists
05-21 11:04:57.426 1 1 I init : Command 'write /config/usb_gadget/g1/UDC ${sys.usb.controller}' action=sys.usb.config=adb && sys.usb.configfs=1 && sys.usb.ffs.ready=1 (/system/etc/init/hw/init.usb.configfs.rc:23) took 1ms and failed: Unable to write to file '/config/usb_gadget/g1/UDC': Unable to write file contents: Device or resource busy
05-21 11:04:57.638 440 440 W healthd : battery l=89 v=8710 t=28.0 h=1 st=2 c=1152000 fc=9700000 cc=10 chg=u
05-21 10:56:01.002 1340 1340 W ContextImpl: Calling a method in the system process without a qualified user: android.app.ContextImpl.sendBroadcast:1181 android.content.ContextWrapper.sendBroadcast:479 cn.eben.newweather.DateWeatherService.a:19 cn.eben.newweather.DateWeatherService.a:0 cn.eben.newweather.DateWeatherService$1.handleMessage:7
05-21 10:56:01.570 464 494 I RIL : ---> enter mainloop wait at port
05-21 10:56:01.570 464 494 D RIL-DEV : Get modem info
05-21 10:56:01.570 464 494 D RIL-DEV : [05-21_10:56:01:571] idVendor = 0bda
05-21 10:56:01.570 464 494 D RIL-DEV :
05-21 10:56:01.571 464 494 D RIL-DEV : [05-21_10:56:01:571] idVendor = 05e3
05-21 10:56:01.571 464 494 D RIL-DEV :
05-21 10:56:01.571 464 494 D RIL-DEV : [05-21_10:56:01:572] idVendor = 1d6b
05-21 10:56:01.571 464 494 D RIL-DEV :
05-21 10:56:01.572 464 494 D RIL-DEV : [05-21_10:56:01:572] idVendor = 1d6b
05-21 10:56:01.572 464 494 D RIL-DEV :
05-21 10:56:01.572 464 494 D RIL-DEV : [05-21_10:56:01:572] idVendor = 0bda
05-21 10:56:01.572 464 494 D RIL-DEV :
05-21 10:56:01.572 464 494 D RIL-DEV : [05-21_10:56:01:573] idVendor = 1d6b
05-21 10:56:01.572 464 494 D RIL-DEV :
05-21 10:56:01.573 464 494 D RIL-DEV : [05-21_10:56:01:573] idVendor = 2109
05-21 10:56:01.573 464 494 D RIL-DEV :
05-21 10:56:01.573 464 494 D RIL-DEV : [05-21_10:56:01:574] idVendor = 2109
05-21 10:56:01.573 464 494 D RIL-DEV :
05-21 10:56:01.573 464 494 D RIL-DEV : [05-21_10:56:01:574] idVendor = 1d6b
05-21 10:56:01.573 464 494 D RIL-DEV :
05-21 10:56:01.574 464 494 D RIL-DEV : [05-21_10:56:01:574] idVendor = 0bda
05-21 10:56:01.574 464 494 D RIL-DEV :
05-21 10:56:01.574 464 494 D RIL-DEV : [05-21_10:56:01:575] idVendor = 2109
05-21 10:56:01.574 464 494 D RIL-DEV :
05-21 10:56:01.574 464 494 E RIL-DEV : Cannot find Meig devices
05-21 10:56:01.575 464 494 I RIL : ---> can't find meig usb devices
05-21 11:04:58.481 543 543 I : read descriptors
05-21 11:04:58.481 543 543 I : read strings
05-21 11:04:58.484 1 1 I init : processing action (sys.usb.config=adb && sys.usb.configfs=1 && sys.usb.ffs.ready=1) from (/system/etc/init/hw/init.usb.configfs.rc:20)
05-21 10:56:02.002 1340 1340 W ContextImpl: Calling a method in the system process without a qualified user: android.app.ContextImpl.sendBroadcast:1181 android.content.ContextWrapper.sendBroadcast:479 cn.eben.newweather.DateWeatherService.a:19 cn.eben.newweather.DateWeatherService.a:0 cn.eben.newweather.DateWeatherService$1.handleMessage:7
05-21 11:04:59.528 543 543 I : read descriptors
05-21 11:04:59.528 543 543 I : read strings
05-21 10:56:03.002 1340 1340 W ContextImpl: Calling a method in the system process without a qualified user: android.app.ContextImpl.sendBroadcast:1181 android.content.ContextWrapper.sendBroadcast:479 cn.eben.newweather.DateWeatherService.a:19 cn.eben.newweather.DateWeatherService.a:0 cn.eben.newweather.DateWeatherService$1.handleMessage:7
05-21 10:56:03.575 464 494 I RIL : ---> enter mainloop wait at port
05-21 10:56:03.575 464 494 D RIL-DEV : Get modem info
05-21 10:56:03.576 464 494 D RIL-DEV : [05-21_10:56:03:576] idVendor = 0bda
05-21 10:56:03.576 464 494 D RIL-DEV :
05-21 10:56:03.576 464 494 D RIL-DEV : [05-21_10:56:03:577] idVendor = 05e3
05-21 10:56:03.576 464 494 D RIL-DEV :
05-21 10:56:03.577 464 494 D RIL-DEV : [05-21_10:56:03:577] idVendor = 1d6b
05-21 10:56:03.577 464 494 D RIL-DEV :
05-21 10:56:03.577 464 494 D RIL-DEV : [05-21_10:56:03:577] idVendor = 1d6b
05-21 10:56:03.577 464 494 D RIL-DEV :
05-21 10:56:03.578 464 494 D RIL-DEV : [05-21_10:56:03:578] idVendor = 0bda
05-21 10:56:03.578 464 494 D RIL-DEV :
05-21 10:56:03.578 464 494 D RIL-DEV : [05-21_10:56:03:579] idVendor = 1d6b
05-21 10:56:03.578 464 494 D RIL-DEV :
05-21 10:56:03.579 464 494 D RIL-DEV : [05-21_10:56:03:579] idVendor = 2109
05-21 10:56:03.579 464 494 D RIL-DEV :
05-21 10:56:03.579 464 494 D RIL-DEV : [05-21_10:56:03:580] idVendor = 2109
05-21 10:56:03.579 464 494 D RIL-DEV :
05-21 10:56:03.579 464 494 D RIL-DEV : [05-21_10:56:03:580] idVendor = 1d6b
05-21 10:56:03.579 464 494 D RIL-DEV :
05-21 10:56:03.580 464 494 D RIL-DEV : [05-21_10:56:03:580] idVendor = 0bda
05-21 10:56:03.580 464 494 D RIL-DEV :
05-21 10:56:03.580 464 494 D RIL-DEV : [05-21_10:56:03:581] idVendor = 2109
05-21 10:56:03.580 464 494 D RIL-DEV :
05-21 10:56:03.580 464 494 E RIL-DEV : Cannot find Meig devices
05-21 10:56:03.580 464 494 I RIL : ---> can't find meig usb devices
05-21 11:05:00.585 543 543 I : read descriptors
05-21 11:05:00.585 543 543 I : read strings
05-21 11:05:00.588 1 1 I init : processing action (sys.usb.config=adb && sys.usb.configfs=1 && sys.usb.ffs.ready=1) from (/system/etc/init/hw/init.usb.configfs.rc:20)
05-21 11:05:00.590 1 1 I init : Command 'symlink /config/usb_gadget/g1/functions/ffs.adb /config/usb_gadget/g1/configs/b.1/f1' action=sys.usb.config=adb && sys.usb.configfs=1 && sys.usb.ffs.ready=1 (/system/etc/init/hw/init.usb.configfs.rc:22) took 0ms and failed: symlink() failed: File exists
05-21 11:05:00.590 1 1 I init : Command 'write /config/usb_gadget/g1/UDC ${sys.usb.controller}' action=sys.usb.config=adb && sys.usb.configfs=1 && sys.usb.ffs.ready=1 (/system/etc/init/hw/init.usb.configfs.rc:23) took 0ms and failed: Unable to write to file '/config/usb_gadget/g1/UDC': Unable to write file contents: Device or resource busy
05-21 10:56:03.761 627 2411 W ContentProviderHelper: Permission Denial: opening provider com.android.providers.contacts.ContactsProvider2 from ProcessRecord{1933406 1690:cn.eben.sync/u0a44} (pid=1690, uid=10044) requires android.permission.READ_CONTACTS or android.permission.WRITE_CONTACTS
05-21 10:56:04.003 1340 1340 W ContextImpl: Calling a method in the system process without a qualified user: android.app.ContextImpl.sendBroadcast:1181 android.content.ContextWrapper.sendBroadcast:479 cn.eben.newweather.DateWeatherService.a:19 cn.eben.newweather.DateWeatherService.a:0 cn.eben.newweather.DateWeatherService$1.handleMessage:7
05-21 11:05:01.645 543 543 I : read descriptors
05-21 11:05:01.645 543 543 I : read strings
05-21 11:05:01.648 1 1 I init : processing action (sys.usb.config=adb && sys.usb.configfs=1 && sys.usb.ffs.ready=1) from (/system/etc/init/hw/init.usb.configfs.rc:20)
05-21 11:05:01.649 1 1 I init : Command 'symlink /config/usb_gadget/g1/functions/ffs.adb /config/usb_gadget/g1/configs/b.1/f1' action=sys.usb.config=adb && sys.usb.configfs=1 && sys.usb.ffs.ready=1 (/system/etc/init/hw/init.usb.configfs.rc:22) took 0ms and failed: symlink() failed: File exists
05-21 11:05:01.650 1 1 I init : Command 'write /config/usb_gadget/g1/UDC ${sys.usb.controller}' action=sys.usb.config=adb && sys.usb.configfs=1 && sys.usb.ffs.ready=1 (/system/etc/init/hw/init.usb.configfs.rc:23) took 0ms and failed: Unable to write to file '/config/usb_gadget/g1/UDC': Unable to write file contents: Device or resource busy
05-21 10:56:05.002 1340 1340 W ContextImpl: Calling a method in the system process without a qualified user: android.app.ContextImpl.sendBroadcast:1181 android.content.ContextWrapper.sendBroadcast:479 cn.eben.newweather.DateWeatherService.a:19 cn.eben.newweather.DateWeatherService.a:0 cn.eben.newweather.DateWeatherService$1.handleMessage:7
05-21 10:56:05.581 464 494 I RIL : ---> enter mainloop wait at port
05-21 10:56:05.581 464 494 D RIL-DEV : Get modem info
05-21 10:56:05.582 464 494 D RIL-DEV : [05-21_10:56:05:582] idVendor = 0bda
05-21 10:56:05.582 464 494 D RIL-DEV :
05-21 10:56:05.582 464 494 D RIL-DEV : [05-21_10:56:05:583] idVendor = 05e3
05-21 10:56:05.582 464 494 D RIL-DEV :
05-21 10:56:05.583 464 494 D RIL-DEV : [05-21_10:56:05:583] idVendor = 1d6b
05-21 10:56:05.583 464 494 D RIL-DEV :
05-21 10:56:05.583 464 494 D RIL-DEV : [05-21_10:56:05:583] idVendor = 1d6b
05-21 10:56:05.583 464 494 D RIL-DEV :
05-21 10:56:05.583 464 494 D RIL-DEV : [05-21_10:56:05:584] idVendor = 0bda
05-21 10:56:05.583 464 494 D RIL-DEV :
05-21 10:56:05.584 464 494 D RIL-DEV : [05-21_10:56:05:584] idVendor = 1d6b
05-21 10:56:05.584 464 494 D RIL-DEV :
05-21 10:56:05.584 464 494 D RIL-DEV : [05-21_10:56:05:584] idVendor = 2109
05-21 10:56:05.584 464 494 D RIL-DEV :
05-21 10:56:05.584 464 494 D RIL-DEV : [05-21_10:56:05:585] idVendor = 2109
05-21 10:56:05.584 464 494 D RIL-DEV :
05-21 10:56:05.585 464 494 D RIL-DEV : [05-21_10:56:05:585] idVendor = 1d6b
05-21 10:56:05.585 464 494 D RIL-DEV :
05-21 10:56:05.585 464 494 D RIL-DEV : [05-21_10:56:05:585] idVendor = 0bda
05-21 10:56:05.585 464 494 D RIL-DEV :
05-21 10:56:05.585 464 494 D RIL-DEV : [05-21_10:56:05:586] idVendor = 2109
05-21 10:56:05.585 464 494 D RIL-DEV :
05-21 10:56:05.586 464 494 E RIL-DEV : Cannot find Meig devices
05-21 10:56:05.586 464 494 I RIL : ---> can't find meig usb devices
05-21 11:05:02.698 543 543 I : read descriptors
05-21 11:05:02.698 543 543 I : read strings
05-21 11:05:02.701 1 1 I init : processing action (sys.usb.config=adb && sys.usb.configfs=1 && sys.usb.ffs.ready=1) from (/system/etc/init/hw/init.usb.configfs.rc:20)
05-21 11:05:02.703 1 1 I init : Command 'symlink /config/usb_gadget/g1/functions/ffs.adb /config/usb_gadget/g1/configs/b.1/f1' action=sys.usb.config=adb && sys.usb.configfs=1 && sys.usb.ffs.ready=1 (/system/etc/init/hw/init.usb.configfs.rc:22) took 0ms and failed: symlink() failed: File exists
05-21 11:05:02.703 1 1 I init : Command 'write /config/usb_gadget/g1/UDC ${sys.usb.controller}' action=sys.usb.config=adb && sys.usb.configfs=1 && sys.usb.ffs.ready=1 (/system/etc/init/hw/init.usb.configfs.rc:23) took 0ms and failed: Unable to write to file '/config/usb_gadget/g1/UDC': Unable to write file contents: Device or resource busy
05-21 10:56:06.002 1340 1340 W ContextImpl: Calling a method in the system process without a qualified user: android.app.ContextImpl.sendBroadcast:1181 android.content.ContextWrapper.sendBroadcast:479 cn.eben.newweather.DateWeatherService.a:19 cn.eben.newweather.DateWeatherService.a:0 cn.eben.newweather.DateWeatherService$1.handleMessage:7
05-21 11:05:03.758 543 543 I : read descriptors
05-21 11:05:03.758 543 543 I : read strings
05-21 11:05:03.761 1 1 I init : processing action (sys.usb.config=adb && sys.usb.configfs=1 && sys.usb.ffs.ready=1) from (/system/etc/init/hw/init.usb.configfs.rc:20)
05-21 10:56:07.002 1340 1340 W ContextImpl: Calling a method in the system process without a qualified user: android.app.ContextImpl.sendBroadcast:1181 android.content.ContextWrapper.sendBroadcast:479 cn.eben.newweather.DateWeatherService.a:19 cn.eben.newweather.DateWeatherService.a:0 cn.eben.newweather.DateWeatherService$1.handleMessage:7
05-21 10:56:07.586 464 494 I RIL : ---> enter mainloop wait at port
05-21 10:56:07.586 464 494 D RIL-DEV : Get modem info
05-21 10:56:07.587 464 494 D RIL-DEV : [05-21_10:56:07:588] idVendor = 0bda
05-21 10:56:07.587 464 494 D RIL-DEV :
05-21 10:56:07.588 464 494 D RIL-DEV : [05-21_10:56:07:588] idVendor = 05e3
05-21 10:56:07.588 464 494 D RIL-DEV :
05-21 10:56:07.588 464 494 D RIL-DEV : [05-21_10:56:07:588] idVendor = 1d6b
05-21 10:56:07.588 464 494 D RIL-DEV :
05-21 10:56:07.588 464 494 D RIL-DEV : [05-21_10:56:07:589] idVendor = 1d6b
05-21 10:56:07.588 464 494 D RIL-DEV :
05-21 10:56:07.589 464 494 D RIL-DEV : [05-21_10:56:07:589] idVendor = 0bda
05-21 10:56:07.589 464 494 D RIL-DEV :
05-21 10:56:07.589 464 494 D RIL-DEV : [05-21_10:56:07:589] idVendor = 1d6b
05-21 10:56:07.589 464 494 D RIL-DEV :
05-21 10:56:07.589 464 494 D RIL-DEV : [05-21_10:56:07:590] idVendor = 2109
05-21 10:56:07.589 464 494 D RIL-DEV :
05-21 10:56:07.590 464 494 D RIL-DEV : [05-21_10:56:07:590] idVendor = 2109
05-21 10:56:07.590 464 494 D RIL-DEV :
05-21 10:56:07.590 464 494 D RIL-DEV : [05-21_10:56:07:590] idVendor = 1d6b
05-21 10:56:07.590 464 494 D RIL-DEV :
05-21 10:56:07.590 464 494 D RIL-DEV : [05-21_10:56:07:591] idVendor = 0bda
05-21 10:56:07.590 464 494 D RIL-DEV :
05-21 10:56:07.591 464 494 D RIL-DEV : [05-21_10:56:07:592] idVendor = 2109
05-21 10:56:07.591 464 494 D RIL-DEV :
05-21 10:56:07.592 464 494 E RIL-DEV : Cannot find Meig devices
05-21 10:56:07.592 464 494 I RIL : ---> can't find meig usb devices
05-21 11:05:04.794 543 543 I : read descriptors
05-21 11:05:04.795 543 543 I : read strings
05-21 10:56:08.001 1340 1340 W ContextImpl: Calling a method in the system process without a qualified user: android.app.ContextImpl.sendBroadcast:1181 android.content.ContextWrapper.sendBroadcast:479 cn.eben.newweather.DateWeatherService.a:19 cn.eben.newweather.DateWeatherService.a:0 cn.eben.newweather.DateWeatherService$1.handleMessage:7
05-21 10:56:08.765 627 2411 W ContentProviderHelper: Permission Denial: opening provider com.android.providers.contacts.ContactsProvider2 from ProcessRecord{1933406 1690:cn.eben.sync/u0a44} (pid=1690, uid=10044) requires android.permission.READ_CONTACTS or android.permission.WRITE_CONTACTS
05-21 10:56:09.002 1340 1340 W ContextImpl: Calling a method in the system process without a qualified user: android.app.ContextImpl.sendBroadcast:1181 android.content.ContextWrapper.sendBroadcast:479 cn.eben.newweather.DateWeatherService.a:19 cn.eben.newweather.DateWeatherService.a:0 cn.eben.newweather.DateWeatherService$1.handleMessage:7
05-21 11:05:05.838 543 543 I : read descriptors
05-21 11:05:05.838 543 543 I : read strings
05-21 11:05:05.841 1 1 I init : processing action (sys.usb.config=adb && sys.usb.configfs=1 && sys.usb.ffs.ready=1) from (/system/etc/init/hw/init.usb.configfs.rc:20)
05-21 11:05:05.843 1 1 I init : Command 'symlink /config/usb_gadget/g1/functions/ffs.adb /config/usb_gadget/g1/configs/b.1/f1' action=sys.usb.config=adb && sys.usb.configfs=1 && sys.usb.ffs.ready=1 (/system/etc/init/hw/init.usb.configfs.rc:22) took 0ms and failed: symlink() failed: File exists
05-21 11:05:05.843 1 1 I init : Command 'write /config/usb_gadget/g1/UDC ${sys.usb.controller}' action=sys.usb.config=adb && sys.usb.configfs=1 && sys.usb.ffs.ready=1 (/system/etc/init/hw/init.usb.configfs.rc:23) took 0ms and failed: Unable to write to file '/config/usb_gadget/g1/UDC': Unable to write file contents: Device or resource busy
05-21 10:56:09.592 464 494 I RIL : ---> enter mainloop wait at port
05-21 10:56:09.592 464 494 D RIL-DEV : Get modem info
05-21 10:56:09.593 464 494 D RIL-DEV : [05-21_10:56:09:593] idVendor = 0bda
05-21 10:56:09.593 464 494 D RIL-DEV :
05-21 10:56:09.593 464 494 D RIL-DEV : [05-21_10:56:09:594] idVendor = 05e3
05-21 10:56:09.593 464 494 D RIL-DEV :
05-21 10:56:09.594 464 494 D RIL-DEV : [05-21_10:56:09:594] idVendor = 1d6b
05-21 10:56:09.594 464 494 D RIL-DEV :
05-21 10:56:09.594 464 494 D RIL-DEV : [05-21_10:56:09:595] idVendor = 1d6b
05-21 10:56:09.594 464 494 D RIL-DEV :
05-21 10:56:09.594 464 494 D RIL-DEV : [05-21_10:56:09:595] idVendor = 0bda
05-21 10:56:09.594 464 494 D RIL-DEV :
05-21 10:56:09.595 464 494 D RIL-DEV : [05-21_10:56:09:595] idVendor = 1d6b
05-21 10:56:09.595 464 494 D RIL-DEV :
05-21 10:56:09.595 464 494 D RIL-DEV : [05-21_10:56:09:596] idVendor = 2109
05-21 10:56:09.595 464 494 D RIL-DEV :
05-21 10:56:09.596 464 494 D RIL-DEV : [05-21_10:56:09:596] idVendor = 2109
05-21 10:56:09.596 464 494 D RIL-DEV :
05-21 10:56:09.596 464 494 D RIL-DEV : [05-21_10:56:09:596] idVendor = 1d6b
05-21 10:56:09.596 464 494 D RIL-DEV :
05-21 10:56:09.596 464 494 D RIL-DEV : [05-21_10:56:09:597] idVendor = 0bda
05-21 10:56:09.596 464 494 D RIL-DEV :
05-21 10:56:09.597 464 494 D RIL-DEV : [05-21_10:56:09:597] idVendor = 2109
05-21 10:56:09.597 464 494 D RIL-DEV :
05-21 10:56:09.597 464 494 E RIL-DEV : Cannot find Meig devices
05-21 10:56:09.597 464 494 I RIL : ---> can't find meig usb devices
05-21 10:56:10.002 1340 1340 W ContextImpl: Calling a method in the system process without a qualified user: android.app.ContextImpl.sendBroadcast:1181 android.content.ContextWrapper.sendBroadcast:479 cn.eben.newweather.DateWeatherService.a:19 cn.eben.newweather.DateWeatherService.a:0 cn.eben.newweather.DateWeatherService$1.handleMessage:7
05-21 11:05:06.888 543 543 I : read descriptors
05-21 11:05:06.888 543 543 I : read strings
05-21 11:05:06.891 1 1 I init : processing action (sys.usb.config=adb && sys.usb.configfs=1 && sys.usb.ffs.ready=1) from (/system/etc/init/hw/init.usb.configfs.rc:20)
