05-21 10:55:00.285 627 1116 V InputMethodManagerService: startInputOrWindowGainedFocusInternalLocked: reason=WINDOW_FOCUS_GAIN client=android.os.BinderProxy@3398b1f inputContext=null missingMethods= attribute=android.view.inputmethod.EditorInfo@db1c41e startInputFlags=VIEW_HAS_FOCUS|INITIAL_CONNECTION softInputMode=STATE_UNSPECIFIED|ADJUST_PAN|IS_FORWARD_NAVIGATION windowFlags=#81810100 unverifiedTargetSdkVersion=23
05-21 10:55:00.286 627 1116 V InputMethodManagerService: Unspecified window will hide input
05-21 10:55:00.287 627 647 V InputMethodMenuController: Hide switching menu
05-21 10:55:00.289 627 1116 D InputMethodManagerService: --- calledFromForegroundUserOrSystemProcess ? calling uid = 1000 system uid = 1000 calling userId = 0, foreground user id = 0, calling pid = 0com.android.server.inputmethod.InputMethodManagerService.reportPerceptibleAsync(InputMethodManagerService.java:3162)
05-21 10:55:00.289 627 1116 D InputMethodManagerService: IME window vis: 0 active: 0 inv: 0 displayId: 0
05-21 11:03:57.444 543 543 I : read descriptors
05-21 11:03:57.444 543 543 I : read strings
05-21 11:03:57.445 1 1 I init : processing action (sys.usb.config=adb && sys.usb.configfs=1 && sys.usb.ffs.ready=1) from (/system/etc/init/hw/init.usb.configfs.rc:20)
05-21 11:03:57.446 1 1 I init : Command 'symlink /config/usb_gadget/g1/functions/ffs.adb /config/usb_gadget/g1/configs/b.1/f1' action=sys.usb.config=adb && sys.usb.configfs=1 && sys.usb.ffs.ready=1 (/system/etc/init/hw/init.usb.configfs.rc:22) took 0ms and failed: symlink() failed: File exists
05-21 11:03:57.446 1 1 I init : Command 'write /config/usb_gadget/g1/UDC ${sys.usb.controller}' action=sys.usb.config=adb && sys.usb.configfs=1 && sys.usb.ffs.ready=1 (/system/etc/init/hw/init.usb.configfs.rc:23) took 0ms and failed: Unable to write to file '/config/usb_gadget/g1/UDC': Unable to write file contents: Device or resource busy
05-21 11:03:57.638 440 440 W healthd : battery l=88 v=8710 t=28.0 h=1 st=2 c=1216000 fc=9700000 cc=10 chg=u
05-21 10:55:01.002 1340 1340 W ContextImpl: Calling a method in the system process without a qualified user: android.app.ContextImpl.sendBroadcast:1181 android.content.ContextWrapper.sendBroadcast:479 cn.eben.newweather.DateWeatherService.a:19 cn.eben.newweather.DateWeatherService.a:0 cn.eben.newweather.DateWeatherService$1.handleMessage:7
05-21 10:55:01.422 464 494 I RIL : ---> enter mainloop wait at port
05-21 10:55:01.422 464 494 D RIL-DEV : Get modem info
05-21 10:55:01.423 464 494 D RIL-DEV : [05-21_10:55:01:423] idVendor = 0bda
05-21 10:55:01.423 464 494 D RIL-DEV :
05-21 10:55:01.423 464 494 D RIL-DEV : [05-21_10:55:01:424] idVendor = 05e3
05-21 10:55:01.423 464 494 D RIL-DEV :
05-21 10:55:01.424 464 494 D RIL-DEV : [05-21_10:55:01:424] idVendor = 1d6b
05-21 10:55:01.424 464 494 D RIL-DEV :
05-21 10:55:01.424 464 494 D RIL-DEV : [05-21_10:55:01:425] idVendor = 1d6b
05-21 10:55:01.424 464 494 D RIL-DEV :
05-21 10:55:01.424 464 494 D RIL-DEV : [05-21_10:55:01:425] idVendor = 0bda
05-21 10:55:01.424 464 494 D RIL-DEV :
05-21 10:55:01.425 464 494 D RIL-DEV : [05-21_10:55:01:425] idVendor = 1d6b
05-21 10:55:01.425 464 494 D RIL-DEV :
05-21 10:55:01.425 464 494 D RIL-DEV : [05-21_10:55:01:426] idVendor = 2109
05-21 10:55:01.425 464 494 D RIL-DEV :
05-21 10:55:01.426 464 494 D RIL-DEV : [05-21_10:55:01:426] idVendor = 2109
05-21 10:55:01.426 464 494 D RIL-DEV :
05-21 10:55:01.426 464 494 D RIL-DEV : [05-21_10:55:01:426] idVendor = 1d6b
05-21 10:55:01.426 464 494 D RIL-DEV :
05-21 10:55:01.426 464 494 D RIL-DEV : [05-21_10:55:01:427] idVendor = 0bda
05-21 10:55:01.426 464 494 D RIL-DEV :
05-21 10:55:01.427 464 494 D RIL-DEV : [05-21_10:55:01:427] idVendor = 2109
05-21 10:55:01.427 464 494 D RIL-DEV :
05-21 10:55:01.427 464 494 E RIL-DEV : Cannot find Meig devices
05-21 10:55:01.427 464 494 I RIL : ---> can't find meig usb devices
05-21 11:03:58.498 543 543 I : read descriptors
05-21 11:03:58.498 543 543 I : read strings
05-21 11:03:58.501 1 1 I init : processing action (sys.usb.config=adb && sys.usb.configfs=1 && sys.usb.ffs.ready=1) from (/system/etc/init/hw/init.usb.configfs.rc:20)
05-21 11:03:58.502 1 1 I init : Command 'symlink /config/usb_gadget/g1/functions/ffs.adb /config/usb_gadget/g1/configs/b.1/f1' action=sys.usb.config=adb && sys.usb.configfs=1 && sys.usb.ffs.ready=1 (/system/etc/init/hw/init.usb.configfs.rc:22) took 0ms and failed: symlink() failed: File exists
05-21 11:03:58.503 1 1 I init : Command 'write /config/usb_gadget/g1/UDC ${sys.usb.controller}' action=sys.usb.config=adb && sys.usb.configfs=1 && sys.usb.ffs.ready=1 (/system/etc/init/hw/init.usb.configfs.rc:23) took 0ms and failed: Unable to write to file '/config/usb_gadget/g1/UDC': Unable to write file contents: Device or resource busy
05-21 10:55:01.752 627 647 V InputMethodMenuController: Hide switching menu
05-21 10:55:01.775 627 647 V InputMethodMenuController: Hide switching menu
05-21 10:55:01.817 3582 3582 W ContextImpl: Calling a method in the system process without a qualified user: android.app.ContextImpl.sendBroadcast:1181 android.content.ContextWrapper.sendBroadcast:479 com.ebensz.appmanager.MainActivity$UpdateAndDownLoadAppsObservable.dispatchUpdateAppsCount:151 com.ebensz.appmanager.MainActivity.onLoadFinished:1059 com.ebensz.appmanager.MainActivity.onLoadFinished:93
05-21 10:55:01.819 627 653 I DropBoxManagerService: add tag=system_server_wtf isTagEnabled=true flags=0x2
05-21 10:55:01.826 627 945 V InputMethodManagerService: startInputOrWindowGainedFocusInternalLocked: reason=WINDOW_FOCUS_GAIN client=android.os.BinderProxy@3398b1f inputContext=null missingMethods= attribute=android.view.inputmethod.EditorInfo@6d0672c startInputFlags=VIEW_HAS_FOCUS|INITIAL_CONNECTION softInputMode=STATE_UNSPECIFIED|ADJUST_NOTHING windowFlags=#81810900 unverifiedTargetSdkVersion=23
05-21 10:55:01.826 627 945 V InputMethodManagerService: Unspecified window will hide input
05-21 10:55:01.833 3582 3582 W ContextImpl: Calling a method in the system process without a qualified user: android.app.ContextImpl.sendBroadcast:1181 android.content.ContextWrapper.sendBroadcast:479 android.content.ContextWrapper.sendBroadcast:479 com.eben.appupdate.utils.Utils.setBadgeOfDefault:263 com.ebensz.appmanager.receiver.UpdateWdjDataReceiver.onReceive:32
05-21 10:55:01.835 627 647 V InputMethodMenuController: Hide switching menu
05-21 10:55:01.836 3582 3582 W ContextImpl: Calling a method in the system process without a qualified user: android.app.ContextImpl.startService:1824 android.content.ContextWrapper.startService:774 android.content.ContextWrapper.startService:774 com.ebensz.appmanager.service.WDJDataUpdateService.startUpdateWdjService:67 com.ebensz.appmanager.receiver.UpdateWdjDataReceiver.onReceive:38
05-21 10:55:01.841 627 945 D InputMethodManagerService: --- calledFromForegroundUserOrSystemProcess ? calling uid = 1000 system uid = 1000 calling userId = 0, foreground user id = 0, calling pid = 0com.android.server.inputmethod.InputMethodManagerService.reportPerceptibleAsync(InputMethodManagerService.java:3162)
05-21 10:55:01.841 627 945 D InputMethodManagerService: IME window vis: 0 active: 0 inv: 0 displayId: 0
05-21 10:55:01.982 627 1329 E TaskPersister: File error accessing recents directory (directory doesn't exist?).
05-21 10:55:02.001 1340 1340 W ContextImpl: Calling a method in the system process without a qualified user: android.app.ContextImpl.sendBroadcast:1181 android.content.ContextWrapper.sendBroadcast:479 cn.eben.newweather.DateWeatherService.a:19 cn.eben.newweather.DateWeatherService.a:0 cn.eben.newweather.DateWeatherService$1.handleMessage:7
05-21 11:03:59.561 543 543 I : read descriptors
05-21 11:03:59.561 543 543 I : read strings
05-21 11:03:59.563 1 1 I init : processing action (sys.usb.config=adb && sys.usb.configfs=1 && sys.usb.ffs.ready=1) from (/system/etc/init/hw/init.usb.configfs.rc:20)
05-21 11:03:59.565 1 1 I init : Command 'symlink /config/usb_gadget/g1/functions/ffs.adb /config/usb_gadget/g1/configs/b.1/f1' action=sys.usb.config=adb && sys.usb.configfs=1 && sys.usb.ffs.ready=1 (/system/etc/init/hw/init.usb.configfs.rc:22) took 0ms and failed: symlink() failed: File exists
05-21 11:03:59.565 1 1 I init : Command 'write /config/usb_gadget/g1/UDC ${sys.usb.controller}' action=sys.usb.config=adb && sys.usb.configfs=1 && sys.usb.ffs.ready=1 (/system/etc/init/hw/init.usb.configfs.rc:23) took 0ms and failed: Unable to write to file '/config/usb_gadget/g1/UDC': Unable to write file contents: Device or resource busy
05-21 10:55:02.785 627 1116 I ActivityTaskManager: START u0 {cmp=com.ebensz.appmanager/.OnlineAppListActivity (has extras)} from uid 1000
05-21 10:55:02.798 627 2063 W ActivityTaskManager: Tried to set launchTime (0) < mLastActivityLaunchTime (1805029)
05-21 10:55:02.802 627 647 V InputMethodMenuController: Hide switching menu
05-21 10:55:02.904 3582 3582 W ContextImpl: Calling a method in the system process without a qualified user: android.app.ContextImpl.bindService:1911 android.content.ContextWrapper.bindService:810 com.ebensz.appmanager.views.fragments.OnlineAppListFragment.bindService:339 com.ebensz.appmanager.views.fragments.OnlineAppListFragment.onStart:324 android.app.Fragment.performStart:2531
05-21 10:55:02.912 627 647 V InputMethodMenuController: Hide switching menu
05-21 10:55:02.941 627 945 V InputMethodManagerService: startInputOrWindowGainedFocusInternalLocked: reason=WINDOW_FOCUS_GAIN client=android.os.BinderProxy@3398b1f inputContext=null missingMethods= attribute=android.view.inputmethod.EditorInfo@2195f89 startInputFlags=VIEW_HAS_FOCUS|INITIAL_CONNECTION softInputMode=STATE_UNSPECIFIED|ADJUST_PAN|IS_FORWARD_NAVIGATION windowFlags=#81810100 unverifiedTargetSdkVersion=23
05-21 10:55:02.942 627 945 V InputMethodManagerService: Unspecified window will hide input
05-21 10:55:02.945 627 647 V InputMethodMenuController: Hide switching menu
05-21 10:55:02.947 627 945 D InputMethodManagerService: --- calledFromForegroundUserOrSystemProcess ? calling uid = 1000 system uid = 1000 calling userId = 0, foreground user id = 0, calling pid = 0com.android.server.inputmethod.InputMethodManagerService.reportPerceptibleAsync(InputMethodManagerService.java:3162)
05-21 10:55:02.947 627 945 D InputMethodManagerService: IME window vis: 0 active: 0 inv: 0 displayId: 0
05-21 10:55:03.001 1340 1340 W ContextImpl: Calling a method in the system process without a qualified user: android.app.ContextImpl.sendBroadcast:1181 android.content.ContextWrapper.sendBroadcast:479 cn.eben.newweather.DateWeatherService.a:19 cn.eben.newweather.DateWeatherService.a:0 cn.eben.newweather.DateWeatherService$1.handleMessage:7
05-21 10:55:03.427 464 494 I RIL : ---> enter mainloop wait at port
05-21 10:55:03.427 464 494 D RIL-DEV : Get modem info
05-21 10:55:03.428 464 494 D RIL-DEV : [05-21_10:55:03:428] idVendor = 0bda
05-21 10:55:03.428 464 494 D RIL-DEV :
05-21 10:55:03.428 464 494 D RIL-DEV : [05-21_10:55:03:429] idVendor = 05e3
05-21 10:55:03.428 464 494 D RIL-DEV :
05-21 10:55:03.428 464 494 D RIL-DEV : [05-21_10:55:03:429] idVendor = 1d6b
05-21 10:55:03.428 464 494 D RIL-DEV :
05-21 10:55:03.429 464 494 D RIL-DEV : [05-21_10:55:03:429] idVendor = 1d6b
05-21 10:55:03.429 464 494 D RIL-DEV :
05-21 10:55:03.429 464 494 D RIL-DEV : [05-21_10:55:03:429] idVendor = 0bda
05-21 10:55:03.429 464 494 D RIL-DEV :
05-21 10:55:03.429 464 494 D RIL-DEV : [05-21_10:55:03:430] idVendor = 1d6b
05-21 10:55:03.429 464 494 D RIL-DEV :
05-21 10:55:03.429 464 494 D RIL-DEV : [05-21_10:55:03:430] idVendor = 2109
05-21 10:55:03.429 464 494 D RIL-DEV :
05-21 10:55:03.430 464 494 D RIL-DEV : [05-21_10:55:03:430] idVendor = 2109
05-21 10:55:03.430 464 494 D RIL-DEV :
05-21 10:55:03.430 464 494 D RIL-DEV : [05-21_10:55:03:430] idVendor = 1d6b
05-21 10:55:03.430 464 494 D RIL-DEV :
05-21 10:55:03.430 464 494 D RIL-DEV : [05-21_10:55:03:430] idVendor = 0bda
05-21 10:55:03.430 464 494 D RIL-DEV :
05-21 10:55:03.430 464 494 D RIL-DEV : [05-21_10:55:03:431] idVendor = 2109
05-21 10:55:03.430 464 494 D RIL-DEV :
05-21 10:55:03.431 464 494 E RIL-DEV : Cannot find Meig devices
05-21 10:55:03.431 464 494 I RIL : ---> can't find meig usb devices
05-21 10:55:03.699 627 2426 W ContentProviderHelper: Permission Denial: opening provider com.android.providers.contacts.ContactsProvider2 from ProcessRecord{1933406 1690:cn.eben.sync/u0a44} (pid=1690, uid=10044) requires android.permission.READ_CONTACTS or android.permission.WRITE_CONTACTS
05-21 11:04:00.598 543 543 I : read descriptors
05-21 11:04:00.598 543 543 I : read strings
05-21 11:04:00.600 1 1 I init : processing action (sys.usb.config=adb && sys.usb.configfs=1 && sys.usb.ffs.ready=1) from (/system/etc/init/hw/init.usb.configfs.rc:20)
05-21 10:55:04.003 1340 1340 W ContextImpl: Calling a method in the system process without a qualified user: android.app.ContextImpl.sendBroadcast:1181 android.content.ContextWrapper.sendBroadcast:479 cn.eben.newweather.DateWeatherService.a:19 cn.eben.newweather.DateWeatherService.a:0 cn.eben.newweather.DateWeatherService$1.handleMessage:7
05-21 10:55:04.638 627 647 V InputMethodMenuController: Hide switching menu
05-21 10:55:04.663 627 647 V InputMethodMenuController: Hide switching menu
05-21 10:55:04.718 3582 3582 W ContextImpl: Calling a method in the system process without a qualified user: android.app.ContextImpl.sendBroadcast:1181 android.content.ContextWrapper.sendBroadcast:479 com.ebensz.appmanager.MainActivity$UpdateAndDownLoadAppsObservable.dispatchUpdateAppsCount:151 com.ebensz.appmanager.MainActivity.onLoadFinished:1059 com.ebensz.appmanager.MainActivity.onLoadFinished:93
05-21 10:55:04.730 627 2426 V InputMethodManagerService: startInputOrWindowGainedFocusInternalLocked: reason=WINDOW_FOCUS_GAIN client=android.os.BinderProxy@3398b1f inputContext=null missingMethods= attribute=android.view.inputmethod.EditorInfo@6585c1c startInputFlags=VIEW_HAS_FOCUS|INITIAL_CONNECTION softInputMode=STATE_UNSPECIFIED|ADJUST_NOTHING windowFlags=#81810900 unverifiedTargetSdkVersion=23
05-21 10:55:04.730 627 2426 V InputMethodManagerService: Unspecified window will hide input
05-21 10:55:04.732 627 647 V InputMethodMenuController: Hide switching menu
05-21 10:55:04.735 3582 3582 W ContextImpl: Calling a method in the system process without a qualified user: android.app.ContextImpl.sendBroadcast:1181 android.content.ContextWrapper.sendBroadcast:479 android.content.ContextWrapper.sendBroadcast:479 com.eben.appupdate.utils.Utils.setBadgeOfDefault:263 com.ebensz.appmanager.receiver.UpdateWdjDataReceiver.onReceive:32
05-21 10:55:04.737 3582 3582 W ContextImpl: Calling a method in the system process without a qualified user: android.app.ContextImpl.startService:1824 android.content.ContextWrapper.startService:774 android.content.ContextWrapper.startService:774 com.ebensz.appmanager.service.WDJDataUpdateService.startUpdateWdjService:67 com.ebensz.appmanager.receiver.UpdateWdjDataReceiver.onReceive:38
05-21 10:55:04.741 627 945 D InputMethodManagerService: --- calledFromForegroundUserOrSystemProcess ? calling uid = 1000 system uid = 1000 calling userId = 0, foreground user id = 0, calling pid = 0com.android.server.inputmethod.InputMethodManagerService.reportPerceptibleAsync(InputMethodManagerService.java:3162)
05-21 10:55:04.741 627 945 D InputMethodManagerService: IME window vis: 0 active: 0 inv: 0 displayId: 0
05-21 11:04:01.641 543 543 I : read descriptors
05-21 11:04:01.641 543 543 I : read strings
05-21 10:55:05.002 1340 1340 W ContextImpl: Calling a method in the system process without a qualified user: android.app.ContextImpl.sendBroadcast:1181 android.content.ContextWrapper.sendBroadcast:479 cn.eben.newweather.DateWeatherService.a:19 cn.eben.newweather.DateWeatherService.a:0 cn.eben.newweather.DateWeatherService$1.handleMessage:7
05-21 10:55:05.431 464 494 I RIL : ---> enter mainloop wait at port
05-21 10:55:05.432 464 494 D RIL-DEV : Get modem info
05-21 10:55:05.432 464 494 D RIL-DEV : [05-21_10:55:05:433] idVendor = 0bda
05-21 10:55:05.432 464 494 D RIL-DEV :
05-21 10:55:05.433 464 494 D RIL-DEV : [05-21_10:55:05:433] idVendor = 05e3
05-21 10:55:05.433 464 494 D RIL-DEV :
05-21 10:55:05.433 464 494 D RIL-DEV : [05-21_10:55:05:433] idVendor = 1d6b
05-21 10:55:05.433 464 494 D RIL-DEV :
05-21 10:55:05.433 464 494 D RIL-DEV : [05-21_10:55:05:434] idVendor = 1d6b
05-21 10:55:05.433 464 494 D RIL-DEV :
05-21 10:55:05.433 464 494 D RIL-DEV : [05-21_10:55:05:434] idVendor = 0bda
05-21 10:55:05.433 464 494 D RIL-DEV :
05-21 10:55:05.434 464 494 D RIL-DEV : [05-21_10:55:05:434] idVendor = 1d6b
05-21 10:55:05.434 464 494 D RIL-DEV :
05-21 10:55:05.434 464 494 D RIL-DEV : [05-21_10:55:05:435] idVendor = 2109
05-21 10:55:05.434 464 494 D RIL-DEV :
05-21 10:55:05.435 464 494 D RIL-DEV : [05-21_10:55:05:435] idVendor = 2109
05-21 10:55:05.435 464 494 D RIL-DEV :
05-21 10:55:05.435 464 494 D RIL-DEV : [05-21_10:55:05:435] idVendor = 1d6b
05-21 10:55:05.435 464 494 D RIL-DEV :
05-21 10:55:05.435 464 494 D RIL-DEV : [05-21_10:55:05:436] idVendor = 0bda
05-21 10:55:05.435 464 494 D RIL-DEV :
05-21 10:55:05.435 464 494 D RIL-DEV : [05-21_10:55:05:436] idVendor = 2109
05-21 10:55:05.435 464 494 D RIL-DEV :
05-21 10:55:05.436 464 494 E RIL-DEV : Cannot find Meig devices
05-21 10:55:05.436 464 494 I RIL : ---> can't find meig usb devices
05-21 10:55:05.549 627 1329 E TaskPersister: File error accessing recents directory (directory doesn't exist?).
05-21 10:55:05.730 627 1116 I ActivityTaskManager: START u0 {cmp=com.ebensz.appmanager/.OnlineAppListActivity (has extras)} from uid 1000
05-21 10:55:05.752 627 945 W ActivityTaskManager: Tried to set launchTime (0) < mLastActivityLaunchTime (1807641)
05-21 10:55:05.756 627 647 V InputMethodMenuController: Hide switching menu
05-21 10:55:05.818 3582 3582 W ContextImpl: Calling a method in the system process without a qualified user: android.app.ContextImpl.bindService:1911 android.content.ContextWrapper.bindService:810 com.ebensz.appmanager.views.fragments.OnlineAppListFragment.bindService:339 com.ebensz.appmanager.views.fragments.OnlineAppListFragment.onStart:324 android.app.Fragment.performStart:2531
05-21 10:55:05.821 627 647 V InputMethodMenuController: Hide switching menu
05-21 10:55:05.858 627 945 V InputMethodManagerService: startInputOrWindowGainedFocusInternalLocked: reason=WINDOW_FOCUS_GAIN client=android.os.BinderProxy@3398b1f inputContext=null missingMethods= attribute=android.view.inputmethod.EditorInfo@5540ab9 startInputFlags=VIEW_HAS_FOCUS|INITIAL_CONNECTION softInputMode=STATE_UNSPECIFIED|ADJUST_PAN|IS_FORWARD_NAVIGATION windowFlags=#81810100 unverifiedTargetSdkVersion=23
05-21 10:55:05.858 627 945 V InputMethodManagerService: Unspecified window will hide input
05-21 11:04:02.687 543 543 I : read descriptors
05-21 11:04:02.687 543 543 I : read strings
05-21 11:04:02.688 1 1 I init : processing action (sys.usb.config=adb && sys.usb.configfs=1 && sys.usb.ffs.ready=1) from (/system/etc/init/hw/init.usb.configfs.rc:20)
05-21 11:04:02.689 1 1 I init : Command 'symlink /config/usb_gadget/g1/functions/ffs.adb /config/usb_gadget/g1/configs/b.1/f1' action=sys.usb.config=adb && sys.usb.configfs=1 && sys.usb.ffs.ready=1 (/system/etc/init/hw/init.usb.configfs.rc:22) took 0ms and failed: symlink() failed: File exists
05-21 11:04:02.690 1 1 I init : Command 'write /config/usb_gadget/g1/UDC ${sys.usb.controller}' action=sys.usb.config=adb && sys.usb.configfs=1 && sys.usb.ffs.ready=1 (/system/etc/init/hw/init.usb.configfs.rc:23) took 0ms and failed: Unable to write to file '/config/usb_gadget/g1/UDC': Unable to write file contents: Device or resource busy
05-21 10:55:05.861 627 647 V InputMethodMenuController: Hide switching menu
05-21 10:55:05.863 627 945 D InputMethodManagerService: --- calledFromForegroundUserOrSystemProcess ? calling uid = 1000 system uid = 1000 calling userId = 0, foreground user id = 0, calling pid = 0com.android.server.inputmethod.InputMethodManagerService.reportPerceptibleAsync(InputMethodManagerService.java:3162)
05-21 10:55:05.864 627 945 D InputMethodManagerService: IME window vis: 0 active: 0 inv: 0 displayId: 0
05-21 10:55:06.003 1340 1340 W ContextImpl: Calling a method in the system process without a qualified user: android.app.ContextImpl.sendBroadcast:1181 android.content.ContextWrapper.sendBroadcast:479 cn.eben.newweather.DateWeatherService.a:19 cn.eben.newweather.DateWeatherService.a:0 cn.eben.newweather.DateWeatherService$1.handleMessage:7
05-21 11:04:03.738 543 543 I : read descriptors
05-21 11:04:03.738 543 543 I : read strings
05-21 11:04:03.740 1 1 I init : processing action (sys.usb.config=adb && sys.usb.configfs=1 && sys.usb.ffs.ready=1) from (/system/etc/init/hw/init.usb.configfs.rc:20)
05-21 11:04:03.745 1 1 I init : Command 'symlink /config/usb_gadget/g1/functions/ffs.adb /config/usb_gadget/g1/configs/b.1/f1' action=sys.usb.config=adb && sys.usb.configfs=1 && sys.usb.ffs.ready=1 (/system/etc/init/hw/init.usb.configfs.rc:22) took 0ms and failed: symlink() failed: File exists
05-21 11:04:03.746 1 1 I init : Command 'write /config/usb_gadget/g1/UDC ${sys.usb.controller}' action=sys.usb.config=adb && sys.usb.configfs=1 && sys.usb.ffs.ready=1 (/system/etc/init/hw/init.usb.configfs.rc:23) took 0ms and failed: Unable to write to file '/config/usb_gadget/g1/UDC': Unable to write file contents: Device or resource busy
05-21 10:55:07.002 1340 1340 W ContextImpl: Calling a method in the system process without a qualified user: android.app.ContextImpl.sendBroadcast:1181 android.content.ContextWrapper.sendBroadcast:479 cn.eben.newweather.DateWeatherService.a:19 cn.eben.newweather.DateWeatherService.a:0 cn.eben.newweather.DateWeatherService$1.handleMessage:7
05-21 10:55:07.327 627 647 V InputMethodMenuController: Hide switching menu
05-21 10:55:07.355 627 647 V InputMethodMenuController: Hide switching menu
05-21 10:55:07.407 3582 3582 W ContextImpl: Calling a method in the system process without a qualified user: android.app.ContextImpl.sendBroadcast:1181 android.content.ContextWrapper.sendBroadcast:479 com.ebensz.appmanager.MainActivity$UpdateAndDownLoadAppsObservable.dispatchUpdateAppsCount:151 com.ebensz.appmanager.MainActivity.onLoadFinished:1059 com.ebensz.appmanager.MainActivity.onLoadFinished:93
05-21 10:55:07.409 627 653 I DropBoxManagerService: add tag=system_server_wtf isTagEnabled=true flags=0x2
05-21 10:55:07.411 627 945 V InputMethodManagerService: startInputOrWindowGainedFocusInternalLocked: reason=WINDOW_FOCUS_GAIN client=android.os.BinderProxy@3398b1f inputContext=null missingMethods= attribute=android.view.inputmethod.EditorInfo@f9cf655 startInputFlags=VIEW_HAS_FOCUS|INITIAL_CONNECTION softInputMode=STATE_UNSPECIFIED|ADJUST_NOTHING windowFlags=#81810900 unverifiedTargetSdkVersion=23
05-21 10:55:07.411 627 945 V InputMethodManagerService: Unspecified window will hide input
05-21 10:55:07.412 627 647 V InputMethodMenuController: Hide switching menu
05-21 10:55:07.417 3582 3582 W ContextImpl: Calling a method in the system process without a qualified user: android.app.ContextImpl.sendBroadcast:1181 android.content.ContextWrapper.sendBroadcast:479 android.content.ContextWrapper.sendBroadcast:479 com.eben.appupdate.utils.Utils.setBadgeOfDefault:263 com.ebensz.appmanager.receiver.UpdateWdjDataReceiver.onReceive:32
05-21 10:55:07.419 3582 3582 W ContextImpl: Calling a method in the system process without a qualified user: android.app.ContextImpl.startService:1824 android.content.ContextWrapper.startService:774 android.content.ContextWrapper.startService:774 com.ebensz.appmanager.service.WDJDataUpdateService.startUpdateWdjService:67 com.ebensz.appmanager.receiver.UpdateWdjDataReceiver.onReceive:38
05-21 10:55:07.419 627 653 I DropBoxManagerService: add tag=system_server_wtf isTagEnabled=true flags=0x2
05-21 10:55:07.425 627 945 D InputMethodManagerService: --- calledFromForegroundUserOrSystemProcess ? calling uid = 1000 system uid = 1000 calling userId = 0, foreground user id = 0, calling pid = 0com.android.server.inputmethod.InputMethodManagerService.reportPerceptibleAsync(InputMethodManagerService.java:3162)
05-21 10:55:07.425 627 945 D InputMethodManagerService: IME window vis: 0 active: 0 inv: 0 displayId: 0
05-21 10:55:07.436 464 494 I RIL : ---> enter mainloop wait at port
05-21 10:55:07.436 464 494 D RIL-DEV : Get modem info
05-21 10:55:07.436 464 494 D RIL-DEV : [05-21_10:55:07:437] idVendor = 0bda
05-21 10:55:07.436 464 494 D RIL-DEV :
05-21 10:55:07.436 464 494 D RIL-DEV : [05-21_10:55:07:437] idVendor = 05e3
05-21 10:55:07.436 464 494 D RIL-DEV :
05-21 10:55:07.437 464 494 D RIL-DEV : [05-21_10:55:07:437] idVendor = 1d6b
05-21 10:55:07.437 464 494 D RIL-DEV :
05-21 10:55:07.437 464 494 D RIL-DEV : [05-21_10:55:07:437] idVendor = 1d6b
05-21 10:55:07.437 464 494 D RIL-DEV :
05-21 10:55:07.437 464 494 D RIL-DEV : [05-21_10:55:07:437] idVendor = 0bda
05-21 10:55:07.437 464 494 D RIL-DEV :
05-21 10:55:07.437 464 494 D RIL-DEV : [05-21_10:55:07:437] idVendor = 1d6b
05-21 10:55:07.437 464 494 D RIL-DEV :
05-21 10:55:07.437 464 494 D RIL-DEV : [05-21_10:55:07:437] idVendor = 2109
05-21 10:55:07.437 464 494 D RIL-DEV :
05-21 10:55:07.437 464 494 D RIL-DEV : [05-21_10:55:07:438] idVendor = 2109
05-21 10:55:07.437 464 494 D RIL-DEV :
05-21 10:55:07.437 464 494 D RIL-DEV : [05-21_10:55:07:438] idVendor = 1d6b
05-21 10:55:07.437 464 494 D RIL-DEV :
05-21 10:55:07.437 464 494 D RIL-DEV : [05-21_10:55:07:438] idVendor = 0bda
05-21 10:55:07.437 464 494 D RIL-DEV :
05-21 10:55:07.437 464 494 D RIL-DEV : [05-21_10:55:07:438] idVendor = 2109
05-21 10:55:07.437 464 494 D RIL-DEV :
05-21 10:55:07.437 464 494 E RIL-DEV : Cannot find Meig devices
05-21 10:55:07.437 464 494 I RIL : ---> can't find meig usb devices
05-21 11:04:04.781 543 543 I : read descriptors
05-21 11:04:04.781 543 543 I : read strings
05-21 11:04:04.783 1 1 I init : processing action (sys.usb.config=adb && sys.usb.configfs=1 && sys.usb.ffs.ready=1) from (/system/etc/init/hw/init.usb.configfs.rc:20)
05-21 11:04:04.787 1 1 I init : Command 'symlink /config/usb_gadget/g1/functions/ffs.adb /config/usb_gadget/g1/configs/b.1/f1' action=sys.usb.config=adb && sys.usb.configfs=1 && sys.usb.ffs.ready=1 (/system/etc/init/hw/init.usb.configfs.rc:22) took 0ms and failed: symlink() failed: File exists
05-21 11:04:04.789 1 1 I init : Command 'write /config/usb_gadget/g1/UDC ${sys.usb.controller}' action=sys.usb.config=adb && sys.usb.configfs=1 && sys.usb.ffs.ready=1 (/system/etc/init/hw/init.usb.configfs.rc:23) took 1ms and failed: Unable to write to file '/config/usb_gadget/g1/UDC': Unable to write file contents: Device or resource busy
05-21 10:55:08.001 1340 1340 W ContextImpl: Calling a method in the system process without a qualified user: android.app.ContextImpl.sendBroadcast:1181 android.content.ContextWrapper.sendBroadcast:479 cn.eben.newweather.DateWeatherService.a:19 cn.eben.newweather.DateWeatherService.a:0 cn.eben.newweather.DateWeatherService$1.handleMessage:7
05-21 11:04:04.958 440 440 W healthd : battery l=89 v=8712 t=28.0 h=1 st=2 c=1088000 fc=9700000 cc=10 chg=u
05-21 10:55:08.143 627 1116 I ActivityTaskManager: START u0 {cmp=com.ebensz.appmanager/.OnlineAppListActivity (has extras)} from uid 1000
05-21 10:55:08.156 627 1116 W ActivityTaskManager: Tried to set launchTime (0) < mLastActivityLaunchTime (1810595)
05-21 10:55:08.160 627 647 V InputMethodMenuController: Hide switching menu
05-21 10:55:08.208 3582 3582 W ContextImpl: Calling a method in the system process without a qualified user: android.app.ContextImpl.bindService:1911 android.content.ContextWrapper.bindService:810 com.ebensz.appmanager.views.fragments.OnlineAppListFragment.bindService:339 com.ebensz.appmanager.views.fragments.OnlineAppListFragment.onStart:324 android.app.Fragment.performStart:2531
05-21 10:55:08.216 627 647 V InputMethodMenuController: Hide switching menu
05-21 10:55:08.246 627 2063 V InputMethodManagerService: startInputOrWindowGainedFocusInternalLocked: reason=WINDOW_FOCUS_GAIN client=android.os.BinderProxy@3398b1f inputContext=null missingMethods= attribute=android.view.inputmethod.EditorInfo@3951a70 startInputFlags=VIEW_HAS_FOCUS|INITIAL_CONNECTION softInputMode=STATE_UNSPECIFIED|ADJUST_PAN|IS_FORWARD_NAVIGATION windowFlags=#81810100 unverifiedTargetSdkVersion=23
05-21 10:55:08.246 627 2063 V InputMethodManagerService: Unspecified window will hide input
05-21 10:55:08.248 627 647 V InputMethodMenuController: Hide switching menu
05-21 10:55:08.248 627 2426 D InputMethodManagerService: --- calledFromForegroundUserOrSystemProcess ? calling uid = 1000 system uid = 1000 calling userId = 0, foreground user id = 0, calling pid = 0com.android.server.inputmethod.InputMethodManagerService.reportPerceptibleAsync(InputMethodManagerService.java:3162)
05-21 10:55:08.248 627 2426 D InputMethodManagerService: IME window vis: 0 active: 0 inv: 0 displayId: 0
05-21 10:55:08.705 627 1116 W ContentProviderHelper: Permission Denial: opening provider com.android.providers.contacts.ContactsProvider2 from ProcessRecord{1933406 1690:cn.eben.sync/u0a44} (pid=1690, uid=10044) requires android.permission.READ_CONTACTS or android.permission.WRITE_CONTACTS
05-21 11:04:05.834 543 543 I : read descriptors
05-21 11:04:05.834 543 543 I : read strings
05-21 11:04:05.837 1 1 I init : processing action (sys.usb.config=adb && sys.usb.configfs=1 && sys.usb.ffs.ready=1) from (/system/etc/init/hw/init.usb.configfs.rc:20)
05-21 10:55:09.003 1340 1340 W ContextImpl: Calling a method in the system process without a qualified user: android.app.ContextImpl.sendBroadcast:1181 android.content.ContextWrapper.sendBroadcast:479 cn.eben.newweather.DateWeatherService.a:19 cn.eben.newweather.DateWeatherService.a:0 cn.eben.newweather.DateWeatherService$1.handleMessage:7
05-21 10:55:09.257 627 1329 E TaskPersister: File error accessing recents directory (directory doesn't exist?).
05-21 10:55:09.438 464 494 I RIL : ---> enter mainloop wait at port
05-21 10:55:09.438 464 494 D RIL-DEV : Get modem info
05-21 10:55:09.439 464 494 D RIL-DEV : [05-21_10:55:09:439] idVendor = 0bda
05-21 10:55:09.439 464 494 D RIL-DEV :
05-21 10:55:09.439 464 494 D RIL-DEV : [05-21_10:55:09:440] idVendor = 05e3
05-21 10:55:09.439 464 494 D RIL-DEV :
05-21 10:55:09.440 464 494 D RIL-DEV : [05-21_10:55:09:440] idVendor = 1d6b
05-21 10:55:09.440 464 494 D RIL-DEV :
05-21 10:55:09.440 464 494 D RIL-DEV : [05-21_10:55:09:440] idVendor = 1d6b
05-21 10:55:09.440 464 494 D RIL-DEV :
05-21 10:55:09.440 464 494 D RIL-DEV : [05-21_10:55:09:441] idVendor = 0bda
05-21 10:55:09.440 464 494 D RIL-DEV :
05-21 10:55:09.441 464 494 D RIL-DEV : [05-21_10:55:09:441] idVendor = 1d6b
05-21 10:55:09.441 464 494 D RIL-DEV :
05-21 10:55:09.441 464 494 D RIL-DEV : [05-21_10:55:09:441] idVendor = 2109
05-21 10:55:09.441 464 494 D RIL-DEV :
05-21 10:55:09.441 464 494 D RIL-DEV : [05-21_10:55:09:442] idVendor = 2109
05-21 10:55:09.441 464 494 D RIL-DEV :
05-21 10:55:09.442 464 494 D RIL-DEV : [05-21_10:55:09:442] idVendor = 1d6b
05-21 10:55:09.442 464 494 D RIL-DEV :
05-21 10:55:09.442 464 494 D RIL-DEV : [05-21_10:55:09:442] idVendor = 0bda
05-21 10:55:09.442 464 494 D RIL-DEV :
05-21 10:55:09.442 464 494 D RIL-DEV : [05-21_10:55:09:443] idVendor = 2109
05-21 10:55:09.442 464 494 D RIL-DEV :
05-21 10:55:09.443 464 494 E RIL-DEV : Cannot find Meig devices
05-21 10:55:09.443 464 494 I RIL : ---> can't find meig usb devices
05-21 10:55:09.892 627 647 V InputMethodMenuController: Hide switching menu
05-21 10:55:09.900 627 647 V InputMethodMenuController: Hide switching menu
05-21 10:55:09.917 3582 3582 W ContextImpl: Calling a method in the system process without a qualified user: android.app.ContextImpl.sendBroadcast:1181 android.content.ContextWrapper.sendBroadcast:479 com.ebensz.appmanager.MainActivity$UpdateAndDownLoadAppsObservable.dispatchUpdateAppsCount:151 com.ebensz.appmanager.MainActivity.onLoadFinished:1059 com.ebensz.appmanager.MainActivity.onLoadFinished:93
05-21 10:55:09.920 627 653 I DropBoxManagerService: add tag=system_server_wtf isTagEnabled=true flags=0x2
05-21 10:55:09.933 3582 3582 W ContextImpl: Calling a method in the system process without a qualified user: android.app.ContextImpl.sendBroadcast:1181 android.content.ContextWrapper.sendBroadcast:479 android.content.ContextWrapper.sendBroadcast:479 com.eben.appupdate.utils.Utils.setBadgeOfDefault:263 com.ebensz.appmanager.receiver.UpdateWdjDataReceiver.onReceive:32
05-21 10:55:09.934 3582 3582 W ContextImpl: Calling a method in the system process without a qualified user: android.app.ContextImpl.startService:1824 android.content.ContextWrapper.startService:774 android.content.ContextWrapper.startService:774 com.ebensz.appmanager.service.WDJDataUpdateService.startUpdateWdjService:67 com.ebensz.appmanager.receiver.UpdateWdjDataReceiver.onReceive:38
05-21 10:55:09.934 627 653 I DropBoxManagerService: add tag=system_server_wtf isTagEnabled=true flags=0x2
05-21 10:55:09.944 627 1116 V InputMethodManagerService: startInputOrWindowGainedFocusInternalLocked: reason=WINDOW_FOCUS_GAIN client=android.os.BinderProxy@3398b1f inputContext=null missingMethods= attribute=android.view.inputmethod.EditorInfo@e7d7c94 startInputFlags=VIEW_HAS_FOCUS|INITIAL_CONNECTION softInputMode=STATE_UNSPECIFIED|ADJUST_NOTHING windowFlags=#81810900 unverifiedTargetSdkVersion=23
05-21 10:55:09.944 627 1116 V InputMethodManagerService: Unspecified window will hide input
05-21 10:55:09.945 627 647 V InputMethodMenuController: Hide switching menu
05-21 10:55:09.960 627 2426 D InputMethodManagerService: --- calledFromForegroundUserOrSystemProcess ? calling uid = 1000 system uid = 1000 calling userId = 0, foreground user id = 0, calling pid = 0com.android.server.inputmethod.InputMethodManagerService.reportPerceptibleAsync(InputMethodManagerService.java:3162)
05-21 10:55:09.961 627 2426 D InputMethodManagerService: IME window vis: 0 active: 0 inv: 0 displayId: 0
05-21 10:55:10.001 1340 1340 W ContextImpl: Calling a method in the system process without a qualified user: android.app.ContextImpl.sendBroadcast:1181 android.content.ContextWrapper.sendBroadcast:479 cn.eben.newweather.DateWeatherService.a:19 cn.eben.newweather.DateWeatherService.a:0 cn.eben.newweather.DateWeatherService$1.handleMessage:7
05-21 11:04:06.904 543 543 I : read descriptors
05-21 11:04:06.904 543 543 I : read strings
05-21 10:55:10.786 627 1116 I ActivityTaskManager: START u0 {cmp=com.ebensz.appmanager/.OnlineAppListActivity (has extras)} from uid 1000
05-21 10:55:10.805 627 945 W ActivityTaskManager: Tried to set launchTime (0) < mLastActivityLaunchTime (1812999)
05-21 10:55:10.810 627 647 V InputMethodMenuController: Hide switching menu
05-21 10:55:10.838 3582 3582 W ContextImpl: Calling a method in the system process without a qualified user: android.app.ContextImpl.bindService:1911 android.content.ContextWrapper.bindService:810 com.ebensz.appmanager.views.fragments.OnlineAppListFragment.bindService:339 com.ebensz.appmanager.views.fragments.OnlineAppListFragment.onStart:324 android.app.Fragment.performStart:2531
05-21 10:55:10.840 627 647 V InputMethodMenuController: Hide switching menu
05-21 10:55:10.883 627 1116 V InputMethodManagerService: startInputOrWindowGainedFocusInternalLocked: reason=WINDOW_FOCUS_GAIN client=android.os.BinderProxy@3398b1f inputContext=null missingMethods= attribute=android.view.inputmethod.EditorInfo@457ce8c startInputFlags=VIEW_HAS_FOCUS|INITIAL_CONNECTION softInputMode=STATE_UNSPECIFIED|ADJUST_PAN|IS_FORWARD_NAVIGATION windowFlags=#81810100 unverifiedTargetSdkVersion=23
05-21 10:55:10.883 627 1116 V InputMethodManagerService: Unspecified window will hide input
05-21 10:55:10.886 627 647 V InputMethodMenuController: Hide switching menu
05-21 10:55:10.889 627 945 D InputMethodManagerService: --- calledFromForegroundUserOrSystemProcess ? calling uid = 1000 system uid = 1000 calling userId = 0, foreground user id = 0, calling pid = 0com.android.server.inputmethod.InputMethodManagerService.reportPerceptibleAsync(InputMethodManagerService.java:3162)
05-21 10:55:10.889 627 945 D InputMethodManagerService: IME window vis: 0 active: 0 inv: 0 displayId: 0
05-21 10:55:11.001 1340 1340 W ContextImpl: Calling a method in the system process without a qualified user: android.app.ContextImpl.sendBroadcast:1181 android.content.ContextWrapper.sendBroadcast:479 cn.eben.newweather.DateWeatherService.a:19 cn.eben.newweather.DateWeatherService.a:0 cn.eben.newweather.DateWeatherService$1.handleMessage:7
05-21 11:04:07.957 543 543 I : read descriptors
05-21 11:04:07.957 543 543 I : read strings
05-21 11:04:07.958 1 1 I init : processing action (sys.usb.config=adb && sys.usb.configfs=1 && sys.usb.ffs.ready=1) from (/system/etc/init/hw/init.usb.configfs.rc:20)
05-21 11:04:07.960 1 1 I init : Command 'symlink /config/usb_gadget/g1/functions/ffs.adb /config/usb_gadget/g1/configs/b.1/f1' action=sys.usb.config=adb && sys.usb.configfs=1 && sys.usb.ffs.ready=1 (/system/etc/init/hw/init.usb.configfs.rc:22) took 0ms and failed: symlink() failed: File exists
05-21 11:04:07.961 1 1 I init : Command 'write /config/usb_gadget/g1/UDC ${sys.usb.controller}' action=sys.usb.config=adb && sys.usb.configfs=1 && sys.usb.ffs.ready=1 (/system/etc/init/hw/init.usb.configfs.rc:23) took 0ms and failed: Unable to write to file '/config/usb_gadget/g1/UDC': Unable to write file contents: Device or resource busy
05-21 10:55:11.443 464 494 I RIL : ---> enter mainloop wait at port
05-21 10:55:11.443 464 494 D RIL-DEV : Get modem info
05-21 10:55:11.444 464 494 D RIL-DEV : [05-21_10:55:11:444] idVendor = 0bda
05-21 10:55:11.444 464 494 D RIL-DEV :
05-21 10:55:11.444 464 494 D RIL-DEV : [05-21_10:55:11:445] idVendor = 05e3
05-21 10:55:11.444 464 494 D RIL-DEV :
05-21 10:55:11.445 464 494 D RIL-DEV : [05-21_10:55:11:445] idVendor = 1d6b
05-21 10:55:11.445 464 494 D RIL-DEV :
05-21 10:55:11.445 464 494 D RIL-DEV : [05-21_10:55:11:445] idVendor = 1d6b
05-21 10:55:11.445 464 494 D RIL-DEV :
05-21 10:55:11.445 464 494 D RIL-DEV : [05-21_10:55:11:446] idVendor = 0bda
05-21 10:55:11.445 464 494 D RIL-DEV :
05-21 10:55:11.446 464 494 D RIL-DEV : [05-21_10:55:11:446] idVendor = 1d6b
05-21 10:55:11.446 464 494 D RIL-DEV :
05-21 10:55:11.446 464 494 D RIL-DEV : [05-21_10:55:11:446] idVendor = 2109
05-21 10:55:11.446 464 494 D RIL-DEV :
05-21 10:55:11.446 464 494 D RIL-DEV : [05-21_10:55:11:447] idVendor = 2109
05-21 10:55:11.446 464 494 D RIL-DEV :
05-21 10:55:11.446 464 494 D RIL-DEV : [05-21_10:55:11:447] idVendor = 1d6b
05-21 10:55:11.446 464 494 D RIL-DEV :
05-21 10:55:11.447 464 494 D RIL-DEV : [05-21_10:55:11:447] idVendor = 0bda
05-21 10:55:11.447 464 494 D RIL-DEV :
05-21 10:55:11.447 464 494 D RIL-DEV : [05-21_10:55:11:448] idVendor = 2109
05-21 10:55:11.447 464 494 D RIL-DEV :
05-21 10:55:11.447 464 494 E RIL-DEV : Cannot find Meig devices
05-21 10:55:11.448 464 494 I RIL : ---> can't find meig usb devices
05-21 10:55:12.002 1340 1340 W ContextImpl: Calling a method in the system process without a qualified user: android.app.ContextImpl.sendBroadcast:1181 android.content.ContextWrapper.sendBroadcast:479 cn.eben.newweather.DateWeatherService.a:19 cn.eben.newweather.DateWeatherService.a:0 cn.eben.newweather.DateWeatherService$1.handleMessage:7
05-21 10:55:12.170 627 647 V InputMethodMenuController: Hide switching menu
05-21 10:55:12.183 627 647 V InputMethodMenuController: Hide switching menu
05-21 11:04:09.011 543 543 I : read descriptors
05-21 11:04:09.011 543 543 I : read strings
05-21 11:04:09.012 1 1 I init : processing action (sys.usb.config=adb && sys.usb.configfs=1 && sys.usb.ffs.ready=1) from (/system/etc/init/hw/init.usb.configfs.rc:20)
05-21 11:04:09.014 1 1 I init : Command 'symlink /config/usb_gadget/g1/functions/ffs.adb /config/usb_gadget/g1/configs/b.1/f1' action=sys.usb.config=adb && sys.usb.configfs=1 && sys.usb.ffs.ready=1 (/system/etc/init/hw/init.usb.configfs.rc:22) took 0ms and failed: symlink() failed: File exists
05-21 11:04:09.015 1 1 I init : Command 'write /config/usb_gadget/g1/UDC ${sys.usb.controller}' action=sys.usb.config=adb && sys.usb.configfs=1 && sys.usb.ffs.ready=1 (/system/etc/init/hw/init.usb.configfs.rc:23) took 0ms and failed: Unable to write to file '/config/usb_gadget/g1/UDC': Unable to write file contents: Device or resource busy
05-21 10:55:12.219 3582 3582 W ContextImpl: Calling a method in the system process without a qualified user: android.app.ContextImpl.sendBroadcast:1181 android.content.ContextWrapper.sendBroadcast:479 com.ebensz.appmanager.MainActivity$UpdateAndDownLoadAppsObservable.dispatchUpdateAppsCount:151 com.ebensz.appmanager.MainActivity.onLoadFinished:1059 com.ebensz.appmanager.MainActivity.onLoadFinished:93
05-21 10:55:12.221 627 653 I DropBoxManagerService: add tag=system_server_wtf isTagEnabled=true flags=0x2
05-21 10:55:12.238 627 945 V InputMethodManagerService: startInputOrWindowGainedFocusInternalLocked: reason=WINDOW_FOCUS_GAIN client=android.os.BinderProxy@3398b1f inputContext=null missingMethods= attribute=android.view.inputmethod.EditorInfo@968c14a startInputFlags=VIEW_HAS_FOCUS|INITIAL_CONNECTION softInputMode=STATE_UNSPECIFIED|ADJUST_NOTHING windowFlags=#81810900 unverifiedTargetSdkVersion=23
05-21 10:55:12.238 627 945 V InputMethodManagerService: Unspecified window will hide input
05-21 10:55:12.239 627 647 V InputMethodMenuController: Hide switching menu
05-21 10:55:12.246 3582 3582 W ContextImpl: Calling a method in the system process without a qualified user: android.app.ContextImpl.sendBroadcast:1181 android.content.ContextWrapper.sendBroadcast:479 android.content.ContextWrapper.sendBroadcast:479 com.eben.appupdate.utils.Utils.setBadgeOfDefault:263 com.ebensz.appmanager.receiver.UpdateWdjDataReceiver.onReceive:32
05-21 10:55:12.248 3582 3582 W ContextImpl: Calling a method in the system process without a qualified user: android.app.ContextImpl.startService:1824 android.content.ContextWrapper.startService:774 android.content.ContextWrapper.startService:774 com.ebensz.appmanager.service.WDJDataUpdateService.startUpdateWdjService:67 com.ebensz.appmanager.receiver.UpdateWdjDataReceiver.onReceive:38
05-21 10:55:12.257 627 1116 D InputMethodManagerService: --- calledFromForegroundUserOrSystemProcess ? calling uid = 1000 system uid = 1000 calling userId = 0, foreground user id = 0, calling pid = 0com.android.server.inputmethod.InputMethodManagerService.reportPerceptibleAsync(InputMethodManagerService.java:3162)
05-21 10:55:12.257 627 1116 D InputMethodManagerService: IME window vis: 0 active: 0 inv: 0 displayId: 0
05-21 10:55:13.002 1340 1340 W ContextImpl: Calling a method in the system process without a qualified user: android.app.ContextImpl.sendBroadcast:1181 android.content.ContextWrapper.sendBroadcast:479 cn.eben.newweather.DateWeatherService.a:19 cn.eben.newweather.DateWeatherService.a:0 cn.eben.newweather.DateWeatherService$1.handleMessage:7
05-21 10:55:13.045 627 945 I ActivityTaskManager: START u0 {cmp=com.ebensz.appmanager/.OnlineAppListActivity (has extras)} from uid 1000
05-21 10:55:13.059 627 945 W ActivityTaskManager: Tried to set launchTime (0) < mLastActivityLaunchTime (1815648)
05-21 10:55:13.061 627 647 V InputMethodMenuController: Hide switching menu
05-21 10:55:13.096 3582 3582 W ContextImpl: Calling a method in the system process without a qualified user: android.app.ContextImpl.bindService:1911 android.content.ContextWrapper.bindService:810 com.ebensz.appmanager.views.fragments.OnlineAppListFragment.bindService:339 com.ebensz.appmanager.views.fragments.OnlineAppListFragment.onStart:324 android.app.Fragment.performStart:2531
05-21 10:55:13.099 627 647 V InputMethodMenuController: Hide switching menu
05-21 10:55:13.142 627 1116 V InputMethodManagerService: startInputOrWindowGainedFocusInternalLocked: reason=WINDOW_FOCUS_GAIN client=android.os.BinderProxy@3398b1f inputContext=null missingMethods= attribute=android.view.inputmethod.EditorInfo@906726f startInputFlags=VIEW_HAS_FOCUS|INITIAL_CONNECTION softInputMode=STATE_UNSPECIFIED|ADJUST_PAN|IS_FORWARD_NAVIGATION windowFlags=#81810100 unverifiedTargetSdkVersion=23
05-21 10:55:13.143 627 1116 V InputMethodManagerService: Unspecified window will hide input
05-21 10:55:13.144 627 647 V InputMethodMenuController: Hide switching menu
05-21 10:55:13.145 627 1116 D InputMethodManagerService: --- calledFromForegroundUserOrSystemProcess ? calling uid = 1000 system uid = 1000 calling userId = 0, foreground user id = 0, calling pid = 0com.android.server.inputmethod.InputMethodManagerService.reportPerceptibleAsync(InputMethodManagerService.java:3162)
05-21 10:55:13.145 627 1116 D InputMethodManagerService: IME window vis: 0 active: 0 inv: 0 displayId: 0
05-21 11:04:10.068 543 543 I : read descriptors
05-21 11:04:10.068 543 543 I : read strings
05-21 11:04:10.070 1 1 I init : processing action (sys.usb.config=adb && sys.usb.configfs=1 && sys.usb.ffs.ready=1) from (/system/etc/init/hw/init.usb.configfs.rc:20)
05-21 11:04:10.071 1 1 I init : Command 'symlink /config/usb_gadget/g1/functions/ffs.adb /config/usb_gadget/g1/configs/b.1/f1' action=sys.usb.config=adb && sys.usb.configfs=1 && sys.usb.ffs.ready=1 (/system/etc/init/hw/init.usb.configfs.rc:22) took 0ms and failed: symlink() failed: File exists
05-21 11:04:10.072 1 1 I init : Command 'write /config/usb_gadget/g1/UDC ${sys.usb.controller}' action=sys.usb.config=adb && sys.usb.configfs=1 && sys.usb.ffs.ready=1 (/system/etc/init/hw/init.usb.configfs.rc:23) took 0ms and failed: Unable to write to file '/config/usb_gadget/g1/UDC': Unable to write file contents: Device or resource busy
05-21 10:55:13.448 464 494 I RIL : ---> enter mainloop wait at port
05-21 10:55:13.448 464 494 D RIL-DEV : Get modem info
05-21 10:55:13.448 464 494 D RIL-DEV : [05-21_10:55:13:449] idVendor = 0bda
05-21 10:55:13.448 464 494 D RIL-DEV :
05-21 10:55:13.448 464 494 D RIL-DEV : [05-21_10:55:13:449] idVendor = 05e3
05-21 10:55:13.448 464 494 D RIL-DEV :
05-21 10:55:13.449 464 494 D RIL-DEV : [05-21_10:55:13:449] idVendor = 1d6b
05-21 10:55:13.449 464 494 D RIL-DEV :
05-21 10:55:13.449 464 494 D RIL-DEV : [05-21_10:55:13:450] idVendor = 1d6b
05-21 10:55:13.449 464 494 D RIL-DEV :
05-21 10:55:13.449 464 494 D RIL-DEV : [05-21_10:55:13:450] idVendor = 0bda
05-21 10:55:13.449 464 494 D RIL-DEV :
05-21 10:55:13.450 464 494 D RIL-DEV : [05-21_10:55:13:450] idVendor = 1d6b
05-21 10:55:13.450 464 494 D RIL-DEV :
05-21 10:55:13.450 464 494 D RIL-DEV : [05-21_10:55:13:451] idVendor = 2109
05-21 10:55:13.450 464 494 D RIL-DEV :
05-21 10:55:13.450 464 494 D RIL-DEV : [05-21_10:55:13:451] idVendor = 2109
05-21 10:55:13.450 464 494 D RIL-DEV :
05-21 10:55:13.451 464 494 D RIL-DEV : [05-21_10:55:13:451] idVendor = 1d6b
05-21 10:55:13.451 464 494 D RIL-DEV :
05-21 10:55:13.451 464 494 D RIL-DEV : [05-21_10:55:13:452] idVendor = 0bda
05-21 10:55:13.451 464 494 D RIL-DEV :
05-21 10:55:13.451 464 494 D RIL-DEV : [05-21_10:55:13:452] idVendor = 2109
05-21 10:55:13.451 464 494 D RIL-DEV :
05-21 10:55:13.451 464 494 E RIL-DEV : Cannot find Meig devices
05-21 10:55:13.451 464 494 I RIL : ---> can't find meig usb devices
05-21 10:55:13.652 627 1329 E TaskPersister: File error accessing recents directory (directory doesn't exist?).
05-21 10:55:13.711 627 945 W ContentProviderHelper: Permission Denial: opening provider com.android.providers.contacts.ContactsProvider2 from ProcessRecord{1933406 1690:cn.eben.sync/u0a44} (pid=1690, uid=10044) requires android.permission.READ_CONTACTS or android.permission.WRITE_CONTACTS
05-21 10:55:14.002 1340 1340 W ContextImpl: Calling a method in the system process without a qualified user: android.app.ContextImpl.sendBroadcast:1181 android.content.ContextWrapper.sendBroadcast:479 cn.eben.newweather.DateWeatherService.a:19 cn.eben.newweather.DateWeatherService.a:0 cn.eben.newweather.DateWeatherService$1.handleMessage:7
05-21 11:04:11.145 543 543 I : read descriptors
05-21 11:04:11.145 543 543 I : read strings
05-21 11:04:11.147 1 1 I init : processing action (sys.usb.config=adb && sys.usb.configfs=1 && sys.usb.ffs.ready=1) from (/system/etc/init/hw/init.usb.configfs.rc:20)
05-21 10:55:14.449 627 647 V InputMethodMenuController: Hide switching menu
05-21 10:55:14.469 627 647 V InputMethodMenuController: Hide switching menu
05-21 10:55:14.501 3582 3582 W ContextImpl: Calling a method in the system process without a qualified user: android.app.ContextImpl.sendBroadcast:1181 android.content.ContextWrapper.sendBroadcast:479 com.ebensz.appmanager.MainActivity$UpdateAndDownLoadAppsObservable.dispatchUpdateAppsCount:151 com.ebensz.appmanager.MainActivity.onLoadFinished:1059 com.ebensz.appmanager.MainActivity.onLoadFinished:93
05-21 10:55:14.508 627 1116 V InputMethodManagerService: startInputOrWindowGainedFocusInternalLocked: reason=WINDOW_FOCUS_GAIN client=android.os.BinderProxy@3398b1f inputContext=null missingMethods= attribute=android.view.inputmethod.EditorInfo@64dd44f startInputFlags=VIEW_HAS_FOCUS|INITIAL_CONNECTION softInputMode=STATE_UNSPECIFIED|ADJUST_NOTHING windowFlags=#81810900 unverifiedTargetSdkVersion=23
05-21 10:55:14.508 627 1116 V InputMethodManagerService: Unspecified window will hide input
05-21 10:55:14.509 627 647 V InputMethodMenuController: Hide switching menu
05-21 10:55:14.511 3582 3582 W ContextImpl: Calling a method in the system process without a qualified user: android.app.ContextImpl.sendBroadcast:1181 android.content.ContextWrapper.sendBroadcast:479 android.content.ContextWrapper.sendBroadcast:479 com.eben.appupdate.utils.Utils.setBadgeOfDefault:263 com.ebensz.appmanager.receiver.UpdateWdjDataReceiver.onReceive:32
05-21 10:55:14.512 3582 3582 W ContextImpl: Calling a method in the system process without a qualified user: android.app.ContextImpl.startService:1824 android.content.ContextWrapper.startService:774 android.content.ContextWrapper.startService:774 com.ebensz.appmanager.service.WDJDataUpdateService.startUpdateWdjService:67 com.ebensz.appmanager.receiver.UpdateWdjDataReceiver.onReceive:38
