05-21 11:02:46.186 1 1 I init : Command 'symlink /config/usb_gadget/g1/functions/ffs.adb /config/usb_gadget/g1/configs/b.1/f1' action=sys.usb.config=adb && sys.usb.configfs=1 && sys.usb.ffs.ready=1 (/system/etc/init/hw/init.usb.configfs.rc:22) took 0ms and failed: symlink() failed: File exists
05-21 11:02:46.189 1 1 I init : Command 'write /config/usb_gadget/g1/UDC ${sys.usb.controller}' action=sys.usb.config=adb && sys.usb.configfs=1 && sys.usb.ffs.ready=1 (/system/etc/init/hw/init.usb.configfs.rc:23) took 2ms and failed: Unable to write to file '/config/usb_gadget/g1/UDC': Unable to write file contents: Device or resource busy
05-21 10:53:50.002 1340 1340 W ContextImpl: Calling a method in the system process without a qualified user: android.app.ContextImpl.sendBroadcast:1181 android.content.ContextWrapper.sendBroadcast:479 cn.eben.newweather.DateWeatherService.a:19 cn.eben.newweather.DateWeatherService.a:0 cn.eben.newweather.DateWeatherService$1.handleMessage:7
05-21 11:02:47.224 543 543 I : read descriptors
05-21 11:02:47.225 543 543 I : read strings
05-21 11:02:47.227 1 1 I init : processing action (sys.usb.config=adb && sys.usb.configfs=1 && sys.usb.ffs.ready=1) from (/system/etc/init/hw/init.usb.configfs.rc:20)
05-21 10:53:51.002 1340 1340 W ContextImpl: Calling a method in the system process without a qualified user: android.app.ContextImpl.sendBroadcast:1181 android.content.ContextWrapper.sendBroadcast:479 cn.eben.newweather.DateWeatherService.a:19 cn.eben.newweather.DateWeatherService.a:0 cn.eben.newweather.DateWeatherService$1.handleMessage:7
05-21 10:53:51.256 464 494 I RIL : ---> enter mainloop wait at port
05-21 10:53:51.256 464 494 D RIL-DEV : Get modem info
05-21 10:53:51.256 464 494 D RIL-DEV : [05-21_10:53:51:257] idVendor = 0bda
05-21 10:53:51.256 464 494 D RIL-DEV :
05-21 10:53:51.257 464 494 D RIL-DEV : [05-21_10:53:51:257] idVendor = 05e3
05-21 10:53:51.257 464 494 D RIL-DEV :
05-21 10:53:51.257 464 494 D RIL-DEV : [05-21_10:53:51:257] idVendor = 1d6b
05-21 10:53:51.257 464 494 D RIL-DEV :
05-21 10:53:51.257 464 494 D RIL-DEV : [05-21_10:53:51:257] idVendor = 1d6b
05-21 10:53:51.257 464 494 D RIL-DEV :
05-21 10:53:51.257 464 494 D RIL-DEV : [05-21_10:53:51:258] idVendor = 0bda
05-21 10:53:51.257 464 494 D RIL-DEV :
05-21 10:53:51.258 464 494 D RIL-DEV : [05-21_10:53:51:258] idVendor = 1d6b
05-21 10:53:51.258 464 494 D RIL-DEV :
05-21 10:53:51.258 464 494 D RIL-DEV : [05-21_10:53:51:258] idVendor = 2109
05-21 10:53:51.258 464 494 D RIL-DEV :
05-21 10:53:51.258 464 494 D RIL-DEV : [05-21_10:53:51:258] idVendor = 2109
05-21 10:53:51.258 464 494 D RIL-DEV :
05-21 10:53:51.258 464 494 D RIL-DEV : [05-21_10:53:51:259] idVendor = 1d6b
05-21 10:53:51.258 464 494 D RIL-DEV :
05-21 10:53:51.258 464 494 D RIL-DEV : [05-21_10:53:51:259] idVendor = 0bda
05-21 10:53:51.258 464 494 D RIL-DEV :
05-21 10:53:51.259 464 494 D RIL-DEV : [05-21_10:53:51:259] idVendor = 2109
05-21 10:53:51.259 464 494 D RIL-DEV :
05-21 10:53:51.259 464 494 E RIL-DEV : Cannot find Meig devices
05-21 10:53:51.259 464 494 I RIL : ---> can't find meig usb devices
05-21 11:02:48.288 543 543 I : read descriptors
05-21 11:02:48.288 543 543 I : read strings
05-21 10:53:52.003 1340 1340 W ContextImpl: Calling a method in the system process without a qualified user: android.app.ContextImpl.sendBroadcast:1181 android.content.ContextWrapper.sendBroadcast:479 cn.eben.newweather.DateWeatherService.a:19 cn.eben.newweather.DateWeatherService.a:0 cn.eben.newweather.DateWeatherService$1.handleMessage:7
05-21 11:02:49.344 543 543 I : read descriptors
05-21 11:02:49.344 543 543 I : read strings
05-21 11:02:49.345 1 1 I init : processing action (sys.usb.config=adb && sys.usb.configfs=1 && sys.usb.ffs.ready=1) from (/system/etc/init/hw/init.usb.configfs.rc:20)
05-21 11:02:49.346 1 1 I init : Command 'symlink /config/usb_gadget/g1/functions/ffs.adb /config/usb_gadget/g1/configs/b.1/f1' action=sys.usb.config=adb && sys.usb.configfs=1 && sys.usb.ffs.ready=1 (/system/etc/init/hw/init.usb.configfs.rc:22) took 0ms and failed: symlink() failed: File exists
05-21 11:02:49.347 1 1 I init : Command 'write /config/usb_gadget/g1/UDC ${sys.usb.controller}' action=sys.usb.config=adb && sys.usb.configfs=1 && sys.usb.ffs.ready=1 (/system/etc/init/hw/init.usb.configfs.rc:23) took 0ms and failed: Unable to write to file '/config/usb_gadget/g1/UDC': Unable to write file contents: Device or resource busy
05-21 10:53:53.001 1340 1340 W ContextImpl: Calling a method in the system process without a qualified user: android.app.ContextImpl.sendBroadcast:1181 android.content.ContextWrapper.sendBroadcast:479 cn.eben.newweather.DateWeatherService.a:19 cn.eben.newweather.DateWeatherService.a:0 cn.eben.newweather.DateWeatherService$1.handleMessage:7
05-21 10:53:53.259 464 494 I RIL : ---> enter mainloop wait at port
05-21 10:53:53.259 464 494 D RIL-DEV : Get modem info
05-21 10:53:53.260 464 494 D RIL-DEV : [05-21_10:53:53:261] idVendor = 0bda
05-21 10:53:53.260 464 494 D RIL-DEV :
05-21 10:53:53.261 464 494 D RIL-DEV : [05-21_10:53:53:261] idVendor = 05e3
05-21 10:53:53.261 464 494 D RIL-DEV :
05-21 10:53:53.261 464 494 D RIL-DEV : [05-21_10:53:53:262] idVendor = 1d6b
05-21 10:53:53.261 464 494 D RIL-DEV :
05-21 10:53:53.261 464 494 D RIL-DEV : [05-21_10:53:53:262] idVendor = 1d6b
05-21 10:53:53.261 464 494 D RIL-DEV :
05-21 10:53:53.262 464 494 D RIL-DEV : [05-21_10:53:53:262] idVendor = 0bda
05-21 10:53:53.262 464 494 D RIL-DEV :
05-21 10:53:53.262 464 494 D RIL-DEV : [05-21_10:53:53:263] idVendor = 1d6b
05-21 10:53:53.262 464 494 D RIL-DEV :
05-21 10:53:53.262 464 494 D RIL-DEV : [05-21_10:53:53:263] idVendor = 2109
05-21 10:53:53.262 464 494 D RIL-DEV :
05-21 10:53:53.263 464 494 D RIL-DEV : [05-21_10:53:53:263] idVendor = 2109
05-21 10:53:53.263 464 494 D RIL-DEV :
05-21 10:53:53.263 464 494 D RIL-DEV : [05-21_10:53:53:264] idVendor = 1d6b
05-21 10:53:53.263 464 494 D RIL-DEV :
05-21 10:53:53.263 464 494 D RIL-DEV : [05-21_10:53:53:264] idVendor = 0bda
05-21 10:53:53.263 464 494 D RIL-DEV :
05-21 10:53:53.264 464 494 D RIL-DEV : [05-21_10:53:53:264] idVendor = 2109
05-21 10:53:53.264 464 494 D RIL-DEV :
05-21 10:53:53.264 464 494 E RIL-DEV : Cannot find Meig devices
05-21 10:53:53.264 464 494 I RIL : ---> can't find meig usb devices
05-21 11:02:50.385 543 543 I : read descriptors
05-21 11:02:50.385 543 543 I : read strings
05-21 11:02:50.387 1 1 I init : processing action (sys.usb.config=adb && sys.usb.configfs=1 && sys.usb.ffs.ready=1) from (/system/etc/init/hw/init.usb.configfs.rc:20)
05-21 11:02:50.390 1 1 I init : Command 'symlink /config/usb_gadget/g1/functions/ffs.adb /config/usb_gadget/g1/configs/b.1/f1' action=sys.usb.config=adb && sys.usb.configfs=1 && sys.usb.ffs.ready=1 (/system/etc/init/hw/init.usb.configfs.rc:22) took 0ms and failed: symlink() failed: File exists
05-21 11:02:50.392 1 1 I init : Command 'write /config/usb_gadget/g1/UDC ${sys.usb.controller}' action=sys.usb.config=adb && sys.usb.configfs=1 && sys.usb.ffs.ready=1 (/system/etc/init/hw/init.usb.configfs.rc:23) took 2ms and failed: Unable to write to file '/config/usb_gadget/g1/UDC': Unable to write file contents: Device or resource busy
05-21 10:53:53.629 627 2063 W ContentProviderHelper: Permission Denial: opening provider com.android.providers.contacts.ContactsProvider2 from ProcessRecord{1933406 1690:cn.eben.sync/u0a44} (pid=1690, uid=10044) requires android.permission.READ_CONTACTS or android.permission.WRITE_CONTACTS
05-21 10:53:54.002 1340 1340 W ContextImpl: Calling a method in the system process without a qualified user: android.app.ContextImpl.sendBroadcast:1181 android.content.ContextWrapper.sendBroadcast:479 cn.eben.newweather.DateWeatherService.a:19 cn.eben.newweather.DateWeatherService.a:0 cn.eben.newweather.DateWeatherService$1.handleMessage:7
05-21 11:02:51.438 543 543 I : read descriptors
05-21 11:02:51.438 543 543 I : read strings
05-21 11:02:51.441 1 1 I init : processing action (sys.usb.config=adb && sys.usb.configfs=1 && sys.usb.ffs.ready=1) from (/system/etc/init/hw/init.usb.configfs.rc:20)
05-21 11:02:51.444 1 1 I init : Command 'symlink /config/usb_gadget/g1/functions/ffs.adb /config/usb_gadget/g1/configs/b.1/f1' action=sys.usb.config=adb && sys.usb.configfs=1 && sys.usb.ffs.ready=1 (/system/etc/init/hw/init.usb.configfs.rc:22) took 1ms and failed: symlink() failed: File exists
05-21 11:02:51.446 1 1 I init : Command 'write /config/usb_gadget/g1/UDC ${sys.usb.controller}' action=sys.usb.config=adb && sys.usb.configfs=1 && sys.usb.ffs.ready=1 (/system/etc/init/hw/init.usb.configfs.rc:23) took 1ms and failed: Unable to write to file '/config/usb_gadget/g1/UDC': Unable to write file contents: Device or resource busy
05-21 10:53:55.002 1340 1340 W ContextImpl: Calling a method in the system process without a qualified user: android.app.ContextImpl.sendBroadcast:1181 android.content.ContextWrapper.sendBroadcast:479 cn.eben.newweather.DateWeatherService.a:19 cn.eben.newweather.DateWeatherService.a:0 cn.eben.newweather.DateWeatherService$1.handleMessage:7
05-21 10:53:55.265 464 494 I RIL : ---> enter mainloop wait at port
05-21 10:53:55.265 464 494 D RIL-DEV : Get modem info
05-21 10:53:55.266 464 494 D RIL-DEV : [05-21_10:53:55:266] idVendor = 0bda
05-21 10:53:55.266 464 494 D RIL-DEV :
05-21 10:53:55.266 464 494 D RIL-DEV : [05-21_10:53:55:266] idVendor = 05e3
05-21 10:53:55.266 464 494 D RIL-DEV :
05-21 10:53:55.266 464 494 D RIL-DEV : [05-21_10:53:55:267] idVendor = 1d6b
05-21 10:53:55.266 464 494 D RIL-DEV :
05-21 10:53:55.267 464 494 D RIL-DEV : [05-21_10:53:55:267] idVendor = 1d6b
05-21 10:53:55.267 464 494 D RIL-DEV :
05-21 10:53:55.267 464 494 D RIL-DEV : [05-21_10:53:55:267] idVendor = 0bda
05-21 10:53:55.267 464 494 D RIL-DEV :
05-21 10:53:55.267 464 494 D RIL-DEV : [05-21_10:53:55:268] idVendor = 1d6b
05-21 10:53:55.267 464 494 D RIL-DEV :
05-21 10:53:55.268 464 494 D RIL-DEV : [05-21_10:53:55:268] idVendor = 2109
05-21 10:53:55.268 464 494 D RIL-DEV :
05-21 10:53:55.268 464 494 D RIL-DEV : [05-21_10:53:55:269] idVendor = 2109
05-21 10:53:55.268 464 494 D RIL-DEV :
05-21 10:53:55.268 464 494 D RIL-DEV : [05-21_10:53:55:269] idVendor = 1d6b
05-21 10:53:55.268 464 494 D RIL-DEV :
05-21 10:53:55.269 464 494 D RIL-DEV : [05-21_10:53:55:269] idVendor = 0bda
05-21 10:53:55.269 464 494 D RIL-DEV :
05-21 10:53:55.269 464 494 D RIL-DEV : [05-21_10:53:55:270] idVendor = 2109
05-21 10:53:55.269 464 494 D RIL-DEV :
05-21 10:53:55.269 464 494 E RIL-DEV : Cannot find Meig devices
05-21 10:53:55.270 464 494 I RIL : ---> can't find meig usb devices
05-21 11:02:52.481 543 543 I : read descriptors
05-21 11:02:52.481 543 543 I : read strings
05-21 11:02:52.484 1 1 I init : processing action (sys.usb.config=adb && sys.usb.configfs=1 && sys.usb.ffs.ready=1) from (/system/etc/init/hw/init.usb.configfs.rc:20)
05-21 10:53:56.002 1340 1340 W ContextImpl: Calling a method in the system process without a qualified user: android.app.ContextImpl.sendBroadcast:1181 android.content.ContextWrapper.sendBroadcast:479 cn.eben.newweather.DateWeatherService.a:19 cn.eben.newweather.DateWeatherService.a:0 cn.eben.newweather.DateWeatherService$1.handleMessage:7
05-21 11:02:53.528 543 543 I : read descriptors
05-21 11:02:53.528 543 543 I : read strings
05-21 10:53:57.003 1340 1340 W ContextImpl: Calling a method in the system process without a qualified user: android.app.ContextImpl.sendBroadcast:1181 android.content.ContextWrapper.sendBroadcast:479 cn.eben.newweather.DateWeatherService.a:19 cn.eben.newweather.DateWeatherService.a:0 cn.eben.newweather.DateWeatherService$1.handleMessage:7
05-21 10:53:57.270 464 494 I RIL : ---> enter mainloop wait at port
05-21 10:53:57.270 464 494 D RIL-DEV : Get modem info
05-21 10:53:57.271 464 494 D RIL-DEV : [05-21_10:53:57:271] idVendor = 0bda
05-21 10:53:57.271 464 494 D RIL-DEV :
05-21 10:53:57.271 464 494 D RIL-DEV : [05-21_10:53:57:272] idVendor = 05e3
05-21 10:53:57.271 464 494 D RIL-DEV :
05-21 10:53:57.272 464 494 D RIL-DEV : [05-21_10:53:57:272] idVendor = 1d6b
05-21 10:53:57.272 464 494 D RIL-DEV :
05-21 10:53:57.272 464 494 D RIL-DEV : [05-21_10:53:57:272] idVendor = 1d6b
05-21 10:53:57.272 464 494 D RIL-DEV :
05-21 10:53:57.272 464 494 D RIL-DEV : [05-21_10:53:57:273] idVendor = 0bda
05-21 10:53:57.272 464 494 D RIL-DEV :
05-21 10:53:57.273 464 494 D RIL-DEV : [05-21_10:53:57:273] idVendor = 1d6b
05-21 10:53:57.273 464 494 D RIL-DEV :
05-21 10:53:57.273 464 494 D RIL-DEV : [05-21_10:53:57:273] idVendor = 2109
05-21 10:53:57.273 464 494 D RIL-DEV :
05-21 10:53:57.273 464 494 D RIL-DEV : [05-21_10:53:57:274] idVendor = 2109
05-21 10:53:57.273 464 494 D RIL-DEV :
05-21 10:53:57.274 464 494 D RIL-DEV : [05-21_10:53:57:274] idVendor = 1d6b
05-21 10:53:57.274 464 494 D RIL-DEV :
05-21 10:53:57.274 464 494 D RIL-DEV : [05-21_10:53:57:275] idVendor = 0bda
05-21 10:53:57.274 464 494 D RIL-DEV :
05-21 10:53:57.274 464 494 D RIL-DEV : [05-21_10:53:57:275] idVendor = 2109
05-21 10:53:57.274 464 494 D RIL-DEV :
05-21 10:53:57.275 464 494 E RIL-DEV : Cannot find Meig devices
05-21 10:53:57.275 464 494 I RIL : ---> can't find meig usb devices
05-21 11:02:54.565 543 543 I : read descriptors
05-21 11:02:54.565 543 543 I : read strings
05-21 11:02:54.568 1 1 I init : processing action (sys.usb.config=adb && sys.usb.configfs=1 && sys.usb.ffs.ready=1) from (/system/etc/init/hw/init.usb.configfs.rc:20)
05-21 11:02:54.570 1 1 I init : Command 'symlink /config/usb_gadget/g1/functions/ffs.adb /config/usb_gadget/g1/configs/b.1/f1' action=sys.usb.config=adb && sys.usb.configfs=1 && sys.usb.ffs.ready=1 (/system/etc/init/hw/init.usb.configfs.rc:22) took 0ms and failed: symlink() failed: File exists
05-21 11:02:54.570 1 1 I init : Command 'write /config/usb_gadget/g1/UDC ${sys.usb.controller}' action=sys.usb.config=adb && sys.usb.configfs=1 && sys.usb.ffs.ready=1 (/system/etc/init/hw/init.usb.configfs.rc:23) took 0ms and failed: Unable to write to file '/config/usb_gadget/g1/UDC': Unable to write file contents: Device or resource busy
05-21 10:53:58.002 1340 1340 W ContextImpl: Calling a method in the system process without a qualified user: android.app.ContextImpl.sendBroadcast:1181 android.content.ContextWrapper.sendBroadcast:479 cn.eben.newweather.DateWeatherService.a:19 cn.eben.newweather.DateWeatherService.a:0 cn.eben.newweather.DateWeatherService$1.handleMessage:7
05-21 10:53:58.635 627 2063 W ContentProviderHelper: Permission Denial: opening provider com.android.providers.contacts.ContactsProvider2 from ProcessRecord{1933406 1690:cn.eben.sync/u0a44} (pid=1690, uid=10044) requires android.permission.READ_CONTACTS or android.permission.WRITE_CONTACTS
05-21 11:02:55.608 543 543 I : read descriptors
05-21 11:02:55.608 543 543 I : read strings
05-21 11:02:55.612 1 1 I init : processing action (sys.usb.config=adb && sys.usb.configfs=1 && sys.usb.ffs.ready=1) from (/system/etc/init/hw/init.usb.configfs.rc:20)
05-21 11:02:55.614 1 1 I init : Command 'symlink /config/usb_gadget/g1/functions/ffs.adb /config/usb_gadget/g1/configs/b.1/f1' action=sys.usb.config=adb && sys.usb.configfs=1 && sys.usb.ffs.ready=1 (/system/etc/init/hw/init.usb.configfs.rc:22) took 0ms and failed: symlink() failed: File exists
05-21 11:02:55.614 1 1 I init : Command 'write /config/usb_gadget/g1/UDC ${sys.usb.controller}' action=sys.usb.config=adb && sys.usb.configfs=1 && sys.usb.ffs.ready=1 (/system/etc/init/hw/init.usb.configfs.rc:23) took 0ms and failed: Unable to write to file '/config/usb_gadget/g1/UDC': Unable to write file contents: Device or resource busy
05-21 10:53:59.002 1340 1340 W ContextImpl: Calling a method in the system process without a qualified user: android.app.ContextImpl.sendBroadcast:1181 android.content.ContextWrapper.sendBroadcast:479 cn.eben.newweather.DateWeatherService.a:19 cn.eben.newweather.DateWeatherService.a:0 cn.eben.newweather.DateWeatherService$1.handleMessage:7
05-21 10:53:59.275 464 494 I RIL : ---> enter mainloop wait at port
05-21 10:53:59.275 464 494 D RIL-DEV : Get modem info
05-21 10:53:59.276 464 494 D RIL-DEV : [05-21_10:53:59:277] idVendor = 0bda
05-21 10:53:59.276 464 494 D RIL-DEV :
05-21 10:53:59.277 464 494 D RIL-DEV : [05-21_10:53:59:277] idVendor = 05e3
05-21 10:53:59.277 464 494 D RIL-DEV :
05-21 10:53:59.277 464 494 D RIL-DEV : [05-21_10:53:59:277] idVendor = 1d6b
05-21 10:53:59.277 464 494 D RIL-DEV :
05-21 10:53:59.277 464 494 D RIL-DEV : [05-21_10:53:59:278] idVendor = 1d6b
05-21 10:53:59.277 464 494 D RIL-DEV :
05-21 10:53:59.278 464 494 D RIL-DEV : [05-21_10:53:59:278] idVendor = 0bda
05-21 10:53:59.278 464 494 D RIL-DEV :
05-21 10:53:59.278 464 494 D RIL-DEV : [05-21_10:53:59:279] idVendor = 1d6b
05-21 10:53:59.278 464 494 D RIL-DEV :
05-21 10:53:59.278 464 494 D RIL-DEV : [05-21_10:53:59:279] idVendor = 2109
05-21 10:53:59.278 464 494 D RIL-DEV :
05-21 10:53:59.279 464 494 D RIL-DEV : [05-21_10:53:59:279] idVendor = 2109
05-21 10:53:59.279 464 494 D RIL-DEV :
05-21 10:53:59.279 464 494 D RIL-DEV : [05-21_10:53:59:279] idVendor = 1d6b
05-21 10:53:59.279 464 494 D RIL-DEV :
05-21 10:53:59.279 464 494 D RIL-DEV : [05-21_10:53:59:280] idVendor = 0bda
05-21 10:53:59.279 464 494 D RIL-DEV :
05-21 10:53:59.280 464 494 D RIL-DEV : [05-21_10:53:59:280] idVendor = 2109
05-21 10:53:59.280 464 494 D RIL-DEV :
05-21 10:53:59.280 464 494 E RIL-DEV : Cannot find Meig devices
05-21 10:53:59.280 464 494 I RIL : ---> can't find meig usb devices
05-21 11:02:56.655 543 543 I : read descriptors
05-21 11:02:56.655 543 543 I : read strings
05-21 11:02:56.658 1 1 I init : processing action (sys.usb.config=adb && sys.usb.configfs=1 && sys.usb.ffs.ready=1) from (/system/etc/init/hw/init.usb.configfs.rc:20)
05-21 11:02:56.660 1 1 I init : Command 'symlink /config/usb_gadget/g1/functions/ffs.adb /config/usb_gadget/g1/configs/b.1/f1' action=sys.usb.config=adb && sys.usb.configfs=1 && sys.usb.ffs.ready=1 (/system/etc/init/hw/init.usb.configfs.rc:22) took 0ms and failed: symlink() failed: File exists
05-21 11:02:56.660 1 1 I init : Command 'write /config/usb_gadget/g1/UDC ${sys.usb.controller}' action=sys.usb.config=adb && sys.usb.configfs=1 && sys.usb.ffs.ready=1 (/system/etc/init/hw/init.usb.configfs.rc:23) took 0ms and failed: Unable to write to file '/config/usb_gadget/g1/UDC': Unable to write file contents: Device or resource busy
05-21 10:54:00.002 1340 1340 W ContextImpl: Calling a method in the system process without a qualified user: android.app.ContextImpl.sendBroadcast:1181 android.content.ContextWrapper.sendBroadcast:479 cn.eben.newweather.DateWeatherService.a:19 cn.eben.newweather.DateWeatherService.a:0 cn.eben.newweather.DateWeatherService$1.handleMessage:7
05-21 11:02:57.638 440 440 W healthd : battery l=88 v=8712 t=28.0 h=1 st=2 c=1216000 fc=9700000 cc=10 chg=u
05-21 11:02:57.711 543 543 I : read descriptors
05-21 11:02:57.711 543 543 I : read strings
05-21 11:02:57.714 1 1 I init : processing action (sys.usb.config=adb && sys.usb.configfs=1 && sys.usb.ffs.ready=1) from (/system/etc/init/hw/init.usb.configfs.rc:20)
05-21 10:54:01.002 1340 1340 W ContextImpl: Calling a method in the system process without a qualified user: android.app.ContextImpl.sendBroadcast:1181 android.content.ContextWrapper.sendBroadcast:479 cn.eben.newweather.DateWeatherService.a:19 cn.eben.newweather.DateWeatherService.a:0 cn.eben.newweather.DateWeatherService$1.handleMessage:7
05-21 10:54:01.280 464 494 I RIL : ---> enter mainloop wait at port
05-21 10:54:01.281 464 494 D RIL-DEV : Get modem info
05-21 10:54:01.281 464 494 D RIL-DEV : [05-21_10:54:01:282] idVendor = 0bda
05-21 10:54:01.281 464 494 D RIL-DEV :
05-21 10:54:01.282 464 494 D RIL-DEV : [05-21_10:54:01:282] idVendor = 05e3
05-21 10:54:01.282 464 494 D RIL-DEV :
05-21 10:54:01.282 464 494 D RIL-DEV : [05-21_10:54:01:283] idVendor = 1d6b
05-21 10:54:01.282 464 494 D RIL-DEV :
05-21 10:54:01.282 464 494 D RIL-DEV : [05-21_10:54:01:283] idVendor = 1d6b
05-21 10:54:01.282 464 494 D RIL-DEV :
05-21 10:54:01.283 464 494 D RIL-DEV : [05-21_10:54:01:283] idVendor = 0bda
05-21 10:54:01.283 464 494 D RIL-DEV :
05-21 10:54:01.283 464 494 D RIL-DEV : [05-21_10:54:01:284] idVendor = 1d6b
05-21 10:54:01.283 464 494 D RIL-DEV :
05-21 10:54:01.283 464 494 D RIL-DEV : [05-21_10:54:01:284] idVendor = 2109
05-21 10:54:01.283 464 494 D RIL-DEV :
05-21 10:54:01.284 464 494 D RIL-DEV : [05-21_10:54:01:285] idVendor = 2109
05-21 10:54:01.284 464 494 D RIL-DEV :
05-21 10:54:01.284 464 494 D RIL-DEV : [05-21_10:54:01:285] idVendor = 1d6b
05-21 10:54:01.284 464 494 D RIL-DEV :
05-21 10:54:01.285 464 494 D RIL-DEV : [05-21_10:54:01:285] idVendor = 0bda
05-21 10:54:01.285 464 494 D RIL-DEV :
05-21 10:54:01.285 464 494 D RIL-DEV : [05-21_10:54:01:285] idVendor = 2109
05-21 10:54:01.285 464 494 D RIL-DEV :
05-21 10:54:01.285 464 494 E RIL-DEV : Cannot find Meig devices
05-21 10:54:01.285 464 494 I RIL : ---> can't find meig usb devices
05-21 11:02:58.758 543 543 I : read descriptors
05-21 11:02:58.758 543 543 I : read strings
05-21 10:54:02.002 1340 1340 W ContextImpl: Calling a method in the system process without a qualified user: android.app.ContextImpl.sendBroadcast:1181 android.content.ContextWrapper.sendBroadcast:479 cn.eben.newweather.DateWeatherService.a:19 cn.eben.newweather.DateWeatherService.a:0 cn.eben.newweather.DateWeatherService$1.handleMessage:7
05-21 11:02:59.815 543 543 I : read descriptors
05-21 11:02:59.815 543 543 I : read strings
05-21 11:02:59.817 1 1 I init : processing action (sys.usb.config=adb && sys.usb.configfs=1 && sys.usb.ffs.ready=1) from (/system/etc/init/hw/init.usb.configfs.rc:20)
05-21 11:02:59.819 1 1 I init : Command 'symlink /config/usb_gadget/g1/functions/ffs.adb /config/usb_gadget/g1/configs/b.1/f1' action=sys.usb.config=adb && sys.usb.configfs=1 && sys.usb.ffs.ready=1 (/system/etc/init/hw/init.usb.configfs.rc:22) took 0ms and failed: symlink() failed: File exists
05-21 11:02:59.819 1 1 I init : Command 'write /config/usb_gadget/g1/UDC ${sys.usb.controller}' action=sys.usb.config=adb && sys.usb.configfs=1 && sys.usb.ffs.ready=1 (/system/etc/init/hw/init.usb.configfs.rc:23) took 0ms and failed: Unable to write to file '/config/usb_gadget/g1/UDC': Unable to write file contents: Device or resource busy
05-21 10:54:03.003 1340 1340 W ContextImpl: Calling a method in the system process without a qualified user: android.app.ContextImpl.sendBroadcast:1181 android.content.ContextWrapper.sendBroadcast:479 cn.eben.newweather.DateWeatherService.a:19 cn.eben.newweather.DateWeatherService.a:0 cn.eben.newweather.DateWeatherService$1.handleMessage:7
05-21 10:54:03.286 464 494 I RIL : ---> enter mainloop wait at port
05-21 10:54:03.286 464 494 D RIL-DEV : Get modem info
05-21 10:54:03.287 464 494 D RIL-DEV : [05-21_10:54:03:287] idVendor = 0bda
05-21 10:54:03.287 464 494 D RIL-DEV :
05-21 10:54:03.287 464 494 D RIL-DEV : [05-21_10:54:03:288] idVendor = 05e3
05-21 10:54:03.287 464 494 D RIL-DEV :
05-21 10:54:03.288 464 494 D RIL-DEV : [05-21_10:54:03:288] idVendor = 1d6b
05-21 10:54:03.288 464 494 D RIL-DEV :
05-21 10:54:03.288 464 494 D RIL-DEV : [05-21_10:54:03:288] idVendor = 1d6b
05-21 10:54:03.288 464 494 D RIL-DEV :
05-21 10:54:03.288 464 494 D RIL-DEV : [05-21_10:54:03:289] idVendor = 0bda
05-21 10:54:03.288 464 494 D RIL-DEV :
05-21 10:54:03.289 464 494 D RIL-DEV : [05-21_10:54:03:289] idVendor = 1d6b
05-21 10:54:03.289 464 494 D RIL-DEV :
05-21 10:54:03.289 464 494 D RIL-DEV : [05-21_10:54:03:289] idVendor = 2109
05-21 10:54:03.289 464 494 D RIL-DEV :
05-21 10:54:03.289 464 494 D RIL-DEV : [05-21_10:54:03:290] idVendor = 2109
05-21 10:54:03.289 464 494 D RIL-DEV :
05-21 10:54:03.290 464 494 D RIL-DEV : [05-21_10:54:03:290] idVendor = 1d6b
05-21 10:54:03.290 464 494 D RIL-DEV :
05-21 10:54:03.290 464 494 D RIL-DEV : [05-21_10:54:03:290] idVendor = 0bda
05-21 10:54:03.290 464 494 D RIL-DEV :
05-21 10:54:03.290 464 494 D RIL-DEV : [05-21_10:54:03:291] idVendor = 2109
05-21 10:54:03.290 464 494 D RIL-DEV :
05-21 10:54:03.291 464 494 E RIL-DEV : Cannot find Meig devices
05-21 10:54:03.291 464 494 I RIL : ---> can't find meig usb devices
05-21 10:54:03.640 627 2063 W ContentProviderHelper: Permission Denial: opening provider com.android.providers.contacts.ContactsProvider2 from ProcessRecord{1933406 1690:cn.eben.sync/u0a44} (pid=1690, uid=10044) requires android.permission.READ_CONTACTS or android.permission.WRITE_CONTACTS
05-21 10:54:04.001 1340 1340 W ContextImpl: Calling a method in the system process without a qualified user: android.app.ContextImpl.sendBroadcast:1181 android.content.ContextWrapper.sendBroadcast:479 cn.eben.newweather.DateWeatherService.a:19 cn.eben.newweather.DateWeatherService.a:0 cn.eben.newweather.DateWeatherService$1.handleMessage:7
05-21 11:03:00.858 543 543 I : read descriptors
05-21 11:03:00.858 543 543 I : read strings
05-21 11:03:00.861 1 1 I init : processing action (sys.usb.config=adb && sys.usb.configfs=1 && sys.usb.ffs.ready=1) from (/system/etc/init/hw/init.usb.configfs.rc:20)
05-21 11:03:00.863 1 1 I init : Command 'symlink /config/usb_gadget/g1/functions/ffs.adb /config/usb_gadget/g1/configs/b.1/f1' action=sys.usb.config=adb && sys.usb.configfs=1 && sys.usb.ffs.ready=1 (/system/etc/init/hw/init.usb.configfs.rc:22) took 0ms and failed: symlink() failed: File exists
05-21 11:03:00.864 1 1 I init : Command 'write /config/usb_gadget/g1/UDC ${sys.usb.controller}' action=sys.usb.config=adb && sys.usb.configfs=1 && sys.usb.ffs.ready=1 (/system/etc/init/hw/init.usb.configfs.rc:23) took 0ms and failed: Unable to write to file '/config/usb_gadget/g1/UDC': Unable to write file contents: Device or resource busy
05-21 10:54:05.002 1340 1340 W ContextImpl: Calling a method in the system process without a qualified user: android.app.ContextImpl.sendBroadcast:1181 android.content.ContextWrapper.sendBroadcast:479 cn.eben.newweather.DateWeatherService.a:19 cn.eben.newweather.DateWeatherService.a:0 cn.eben.newweather.DateWeatherService$1.handleMessage:7
05-21 11:03:01.918 543 543 I : read descriptors
05-21 11:03:01.918 543 543 I : read strings
05-21 11:03:01.921 1 1 I init : processing action (sys.usb.config=adb && sys.usb.configfs=1 && sys.usb.ffs.ready=1) from (/system/etc/init/hw/init.usb.configfs.rc:20)
05-21 11:03:01.922 1 1 I init : Command 'symlink /config/usb_gadget/g1/functions/ffs.adb /config/usb_gadget/g1/configs/b.1/f1' action=sys.usb.config=adb && sys.usb.configfs=1 && sys.usb.ffs.ready=1 (/system/etc/init/hw/init.usb.configfs.rc:22) took 0ms and failed: symlink() failed: File exists
05-21 11:03:01.923 1 1 I init : Command 'write /config/usb_gadget/g1/UDC ${sys.usb.controller}' action=sys.usb.config=adb && sys.usb.configfs=1 && sys.usb.ffs.ready=1 (/system/etc/init/hw/init.usb.configfs.rc:23) took 0ms and failed: Unable to write to file '/config/usb_gadget/g1/UDC': Unable to write file contents: Device or resource busy
05-21 10:54:05.291 464 494 I RIL : ---> enter mainloop wait at port
05-21 10:54:05.291 464 494 D RIL-DEV : Get modem info
05-21 10:54:05.292 464 494 D RIL-DEV : [05-21_10:54:05:293] idVendor = 0bda
05-21 10:54:05.292 464 494 D RIL-DEV :
05-21 10:54:05.292 464 494 D RIL-DEV : [05-21_10:54:05:293] idVendor = 05e3
05-21 10:54:05.292 464 494 D RIL-DEV :
05-21 10:54:05.293 464 494 D RIL-DEV : [05-21_10:54:05:293] idVendor = 1d6b
05-21 10:54:05.293 464 494 D RIL-DEV :
05-21 10:54:05.293 464 494 D RIL-DEV : [05-21_10:54:05:294] idVendor = 1d6b
05-21 10:54:05.293 464 494 D RIL-DEV :
05-21 10:54:05.293 464 494 D RIL-DEV : [05-21_10:54:05:294] idVendor = 0bda
05-21 10:54:05.293 464 494 D RIL-DEV :
05-21 10:54:05.294 464 494 D RIL-DEV : [05-21_10:54:05:294] idVendor = 1d6b
05-21 10:54:05.294 464 494 D RIL-DEV :
05-21 10:54:05.294 464 494 D RIL-DEV : [05-21_10:54:05:295] idVendor = 2109
05-21 10:54:05.294 464 494 D RIL-DEV :
05-21 10:54:05.295 464 494 D RIL-DEV : [05-21_10:54:05:295] idVendor = 2109
05-21 10:54:05.295 464 494 D RIL-DEV :
05-21 10:54:05.295 464 494 D RIL-DEV : [05-21_10:54:05:295] idVendor = 1d6b
05-21 10:54:05.295 464 494 D RIL-DEV :
05-21 10:54:05.295 464 494 D RIL-DEV : [05-21_10:54:05:296] idVendor = 0bda
05-21 10:54:05.295 464 494 D RIL-DEV :
05-21 10:54:05.296 464 494 D RIL-DEV : [05-21_10:54:05:296] idVendor = 2109
05-21 10:54:05.296 464 494 D RIL-DEV :
05-21 10:54:05.296 464 494 E RIL-DEV : Cannot find Meig devices
05-21 10:54:05.296 464 494 I RIL : ---> can't find meig usb devices
05-21 10:54:06.002 1340 1340 W ContextImpl: Calling a method in the system process without a qualified user: android.app.ContextImpl.sendBroadcast:1181 android.content.ContextWrapper.sendBroadcast:479 cn.eben.newweather.DateWeatherService.a:19 cn.eben.newweather.DateWeatherService.a:0 cn.eben.newweather.DateWeatherService$1.handleMessage:7
05-21 11:03:02.955 543 543 I : read descriptors
05-21 11:03:02.955 543 543 I : read strings
05-21 11:03:02.958 1 1 I init : processing action (sys.usb.config=adb && sys.usb.configfs=1 && sys.usb.ffs.ready=1) from (/system/etc/init/hw/init.usb.configfs.rc:20)
05-21 10:54:07.002 1340 1340 W ContextImpl: Calling a method in the system process without a qualified user: android.app.ContextImpl.sendBroadcast:1181 android.content.ContextWrapper.sendBroadcast:479 cn.eben.newweather.DateWeatherService.a:19 cn.eben.newweather.DateWeatherService.a:0 cn.eben.newweather.DateWeatherService$1.handleMessage:7
05-21 11:03:04.001 543 543 I : read descriptors
05-21 11:03:04.001 543 543 I : read strings
05-21 10:54:07.296 464 494 I RIL : ---> enter mainloop wait at port
05-21 10:54:07.297 464 494 D RIL-DEV : Get modem info
05-21 10:54:07.297 464 494 D RIL-DEV : [05-21_10:54:07:298] idVendor = 0bda
05-21 10:54:07.297 464 494 D RIL-DEV :
05-21 10:54:07.298 464 494 D RIL-DEV : [05-21_10:54:07:298] idVendor = 05e3
05-21 10:54:07.298 464 494 D RIL-DEV :
05-21 10:54:07.298 464 494 D RIL-DEV : [05-21_10:54:07:299] idVendor = 1d6b
05-21 10:54:07.298 464 494 D RIL-DEV :
05-21 10:54:07.298 464 494 D RIL-DEV : [05-21_10:54:07:299] idVendor = 1d6b
05-21 10:54:07.298 464 494 D RIL-DEV :
05-21 10:54:07.299 464 494 D RIL-DEV : [05-21_10:54:07:299] idVendor = 0bda
05-21 10:54:07.299 464 494 D RIL-DEV :
05-21 10:54:07.299 464 494 D RIL-DEV : [05-21_10:54:07:300] idVendor = 1d6b
05-21 10:54:07.299 464 494 D RIL-DEV :
05-21 10:54:07.300 464 494 D RIL-DEV : [05-21_10:54:07:300] idVendor = 2109
05-21 10:54:07.300 464 494 D RIL-DEV :
05-21 10:54:07.300 464 494 D RIL-DEV : [05-21_10:54:07:300] idVendor = 2109
05-21 10:54:07.300 464 494 D RIL-DEV :
05-21 10:54:07.300 464 494 D RIL-DEV : [05-21_10:54:07:301] idVendor = 1d6b
05-21 10:54:07.300 464 494 D RIL-DEV :
05-21 10:54:07.301 464 494 D RIL-DEV : [05-21_10:54:07:301] idVendor = 0bda
05-21 10:54:07.301 464 494 D RIL-DEV :
05-21 10:54:07.301 464 494 D RIL-DEV : [05-21_10:54:07:301] idVendor = 2109
05-21 10:54:07.301 464 494 D RIL-DEV :
05-21 10:54:07.301 464 494 E RIL-DEV : Cannot find Meig devices
05-21 10:54:07.301 464 494 I RIL : ---> can't find meig usb devices
05-21 10:54:08.003 1340 1340 W ContextImpl: Calling a method in the system process without a qualified user: android.app.ContextImpl.sendBroadcast:1181 android.content.ContextWrapper.sendBroadcast:479 cn.eben.newweather.DateWeatherService.a:19 cn.eben.newweather.DateWeatherService.a:0 cn.eben.newweather.DateWeatherService$1.handleMessage:7
05-21 11:03:05.038 543 543 I : read descriptors
05-21 11:03:05.038 543 543 I : read strings
05-21 11:03:05.041 1 1 I init : processing action (sys.usb.config=adb && sys.usb.configfs=1 && sys.usb.ffs.ready=1) from (/system/etc/init/hw/init.usb.configfs.rc:20)
05-21 11:03:05.042 1 1 I init : Command 'symlink /config/usb_gadget/g1/functions/ffs.adb /config/usb_gadget/g1/configs/b.1/f1' action=sys.usb.config=adb && sys.usb.configfs=1 && sys.usb.ffs.ready=1 (/system/etc/init/hw/init.usb.configfs.rc:22) took 0ms and failed: symlink() failed: File exists
05-21 11:03:05.043 1 1 I init : Command 'write /config/usb_gadget/g1/UDC ${sys.usb.controller}' action=sys.usb.config=adb && sys.usb.configfs=1 && sys.usb.ffs.ready=1 (/system/etc/init/hw/init.usb.configfs.rc:23) took 0ms and failed: Unable to write to file '/config/usb_gadget/g1/UDC': Unable to write file contents: Device or resource busy
05-21 10:54:08.647 627 2063 W ContentProviderHelper: Permission Denial: opening provider com.android.providers.contacts.ContactsProvider2 from ProcessRecord{1933406 1690:cn.eben.sync/u0a44} (pid=1690, uid=10044) requires android.permission.READ_CONTACTS or android.permission.WRITE_CONTACTS
05-21 10:54:09.002 1340 1340 W ContextImpl: Calling a method in the system process without a qualified user: android.app.ContextImpl.sendBroadcast:1181 android.content.ContextWrapper.sendBroadcast:479 cn.eben.newweather.DateWeatherService.a:19 cn.eben.newweather.DateWeatherService.a:0 cn.eben.newweather.DateWeatherService$1.handleMessage:7
05-21 11:03:06.085 543 543 I : read descriptors
05-21 11:03:06.085 543 543 I : read strings
05-21 11:03:06.088 1 1 I init : processing action (sys.usb.config=adb && sys.usb.configfs=1 && sys.usb.ffs.ready=1) from (/system/etc/init/hw/init.usb.configfs.rc:20)
05-21 11:03:06.089 1 1 I init : Command 'symlink /config/usb_gadget/g1/functions/ffs.adb /config/usb_gadget/g1/configs/b.1/f1' action=sys.usb.config=adb && sys.usb.configfs=1 && sys.usb.ffs.ready=1 (/system/etc/init/hw/init.usb.configfs.rc:22) took 0ms and failed: symlink() failed: File exists
05-21 11:03:06.089 1 1 I init : Command 'write /config/usb_gadget/g1/UDC ${sys.usb.controller}' action=sys.usb.config=adb && sys.usb.configfs=1 && sys.usb.ffs.ready=1 (/system/etc/init/hw/init.usb.configfs.rc:23) took 0ms and failed: Unable to write to file '/config/usb_gadget/g1/UDC': Unable to write file contents: Device or resource busy
05-21 10:54:09.302 464 494 I RIL : ---> enter mainloop wait at port
05-21 10:54:09.302 464 494 D RIL-DEV : Get modem info
05-21 10:54:09.302 464 494 D RIL-DEV : [05-21_10:54:09:303] idVendor = 0bda
05-21 10:54:09.302 464 494 D RIL-DEV :
05-21 10:54:09.303 464 494 D RIL-DEV : [05-21_10:54:09:303] idVendor = 05e3
05-21 10:54:09.303 464 494 D RIL-DEV :
05-21 10:54:09.303 464 494 D RIL-DEV : [05-21_10:54:09:303] idVendor = 1d6b
05-21 10:54:09.303 464 494 D RIL-DEV :
05-21 10:54:09.303 464 494 D RIL-DEV : [05-21_10:54:09:303] idVendor = 1d6b
05-21 10:54:09.303 464 494 D RIL-DEV :
05-21 10:54:09.303 464 494 D RIL-DEV : [05-21_10:54:09:304] idVendor = 0bda
05-21 10:54:09.303 464 494 D RIL-DEV :
05-21 10:54:09.303 464 494 D RIL-DEV : [05-21_10:54:09:304] idVendor = 1d6b
05-21 10:54:09.303 464 494 D RIL-DEV :
05-21 10:54:09.304 464 494 D RIL-DEV : [05-21_10:54:09:304] idVendor = 2109
05-21 10:54:09.304 464 494 D RIL-DEV :
05-21 10:54:09.304 464 494 D RIL-DEV : [05-21_10:54:09:305] idVendor = 2109
05-21 10:54:09.304 464 494 D RIL-DEV :
05-21 10:54:09.304 464 494 D RIL-DEV : [05-21_10:54:09:305] idVendor = 1d6b
05-21 10:54:09.304 464 494 D RIL-DEV :
05-21 10:54:09.304 464 494 D RIL-DEV : [05-21_10:54:09:305] idVendor = 0bda
05-21 10:54:09.304 464 494 D RIL-DEV :
05-21 10:54:09.305 464 494 D RIL-DEV : [05-21_10:54:09:305] idVendor = 2109
05-21 10:54:09.305 464 494 D RIL-DEV :
05-21 10:54:09.305 464 494 E RIL-DEV : Cannot find Meig devices
05-21 10:54:09.305 464 494 I RIL : ---> can't find meig usb devices
05-21 10:54:09.973 627 2063 I ActivityTaskManager: START u0 {cmp=com.ebensz.appmanager/.OnlineAppListActivity (has extras)} from uid 1000
05-21 10:54:09.996 627 2426 W ActivityTaskManager: Tried to set launchTime (0) < mLastActivityLaunchTime (1724414)
05-21 10:54:10.001 627 647 V InputMethodMenuController: Hide switching menu
05-21 10:54:10.001 1340 1340 W ContextImpl: Calling a method in the system process without a qualified user: android.app.ContextImpl.sendBroadcast:1181 android.content.ContextWrapper.sendBroadcast:479 cn.eben.newweather.DateWeatherService.a:19 cn.eben.newweather.DateWeatherService.a:0 cn.eben.newweather.DateWeatherService$1.handleMessage:7
05-21 10:54:10.047 3582 3582 W ContextImpl: Calling a method in the system process without a qualified user: android.app.ContextImpl.bindService:1911 android.content.ContextWrapper.bindService:810 com.ebensz.appmanager.views.fragments.OnlineAppListFragment.bindService:339 com.ebensz.appmanager.views.fragments.OnlineAppListFragment.onStart:324 android.app.Fragment.performStart:2531
05-21 10:54:10.051 627 647 V InputMethodMenuController: Hide switching menu
05-21 10:54:10.078 627 2063 V InputMethodManagerService: startInputOrWindowGainedFocusInternalLocked: reason=WINDOW_FOCUS_GAIN client=android.os.BinderProxy@3398b1f inputContext=null missingMethods= attribute=android.view.inputmethod.EditorInfo@4864b34 startInputFlags=VIEW_HAS_FOCUS|INITIAL_CONNECTION softInputMode=STATE_UNSPECIFIED|ADJUST_PAN|IS_FORWARD_NAVIGATION windowFlags=#81810100 unverifiedTargetSdkVersion=23
05-21 10:54:10.078 627 2063 V InputMethodManagerService: Unspecified window will hide input
05-21 10:54:10.079 627 647 V InputMethodMenuController: Hide switching menu
05-21 10:54:10.081 627 2063 D InputMethodManagerService: --- calledFromForegroundUserOrSystemProcess ? calling uid = 1000 system uid = 1000 calling userId = 0, foreground user id = 0, calling pid = 0com.android.server.inputmethod.InputMethodManagerService.reportPerceptibleAsync(InputMethodManagerService.java:3162)
05-21 10:54:10.081 627 2063 D InputMethodManagerService: IME window vis: 0 active: 0 inv: 0 displayId: 0
05-21 11:03:07.137 543 543 I : read descriptors
05-21 11:03:07.137 543 543 I : read strings
05-21 11:03:07.138 1 1 I init : processing action (sys.usb.config=adb && sys.usb.configfs=1 && sys.usb.ffs.ready=1) from (/system/etc/init/hw/init.usb.configfs.rc:20)
05-21 11:03:07.139 1 1 I init : Command 'symlink /config/usb_gadget/g1/functions/ffs.adb /config/usb_gadget/g1/configs/b.1/f1' action=sys.usb.config=adb && sys.usb.configfs=1 && sys.usb.ffs.ready=1 (/system/etc/init/hw/init.usb.configfs.rc:22) took 0ms and failed: symlink() failed: File exists
05-21 11:03:07.139 1 1 I init : Command 'write /config/usb_gadget/g1/UDC ${sys.usb.controller}' action=sys.usb.config=adb && sys.usb.configfs=1 && sys.usb.ffs.ready=1 (/system/etc/init/hw/init.usb.configfs.rc:23) took 0ms and failed: Unable to write to file '/config/usb_gadget/g1/UDC': Unable to write file contents: Device or resource busy
05-21 10:54:11.003 1340 1340 W ContextImpl: Calling a method in the system process without a qualified user: android.app.ContextImpl.sendBroadcast:1181 android.content.ContextWrapper.sendBroadcast:479 cn.eben.newweather.DateWeatherService.a:19 cn.eben.newweather.DateWeatherService.a:0 cn.eben.newweather.DateWeatherService$1.handleMessage:7
05-21 10:54:11.305 464 494 I RIL : ---> enter mainloop wait at port
05-21 10:54:11.305 464 494 D RIL-DEV : Get modem info
05-21 10:54:11.306 464 494 D RIL-DEV : [05-21_10:54:11:307] idVendor = 0bda
05-21 10:54:11.306 464 494 D RIL-DEV :
05-21 10:54:11.307 464 494 D RIL-DEV : [05-21_10:54:11:307] idVendor = 05e3
05-21 10:54:11.307 464 494 D RIL-DEV :
05-21 10:54:11.307 464 494 D RIL-DEV : [05-21_10:54:11:307] idVendor = 1d6b
05-21 10:54:11.307 464 494 D RIL-DEV :
05-21 10:54:11.307 464 494 D RIL-DEV : [05-21_10:54:11:308] idVendor = 1d6b
05-21 10:54:11.307 464 494 D RIL-DEV :
05-21 10:54:11.308 464 494 D RIL-DEV : [05-21_10:54:11:308] idVendor = 0bda
05-21 10:54:11.308 464 494 D RIL-DEV :
05-21 10:54:11.308 464 494 D RIL-DEV : [05-21_10:54:11:309] idVendor = 1d6b
05-21 10:54:11.308 464 494 D RIL-DEV :
05-21 10:54:11.308 464 494 D RIL-DEV : [05-21_10:54:11:309] idVendor = 2109
05-21 10:54:11.308 464 494 D RIL-DEV :
05-21 10:54:11.309 464 494 D RIL-DEV : [05-21_10:54:11:309] idVendor = 2109
05-21 10:54:11.309 464 494 D RIL-DEV :
05-21 10:54:11.309 464 494 D RIL-DEV : [05-21_10:54:11:310] idVendor = 1d6b
05-21 10:54:11.309 464 494 D RIL-DEV :
05-21 10:54:11.309 464 494 D RIL-DEV : [05-21_10:54:11:310] idVendor = 0bda
05-21 10:54:11.309 464 494 D RIL-DEV :
05-21 10:54:11.310 464 494 D RIL-DEV : [05-21_10:54:11:310] idVendor = 2109
05-21 10:54:11.310 464 494 D RIL-DEV :
05-21 10:54:11.310 464 494 E RIL-DEV : Cannot find Meig devices
05-21 10:54:11.310 464 494 I RIL : ---> can't find meig usb devices
05-21 11:03:08.198 543 543 I : read descriptors
05-21 11:03:08.198 543 543 I : read strings
05-21 11:03:08.201 1 1 I init : processing action (sys.usb.config=adb && sys.usb.configfs=1 && sys.usb.ffs.ready=1) from (/system/etc/init/hw/init.usb.configfs.rc:20)
05-21 10:54:12.002 1340 1340 W ContextImpl: Calling a method in the system process without a qualified user: android.app.ContextImpl.sendBroadcast:1181 android.content.ContextWrapper.sendBroadcast:479 cn.eben.newweather.DateWeatherService.a:19 cn.eben.newweather.DateWeatherService.a:0 cn.eben.newweather.DateWeatherService$1.handleMessage:7
05-21 11:03:09.234 543 543 I : read descriptors
05-21 11:03:09.235 543 543 I : read strings
05-21 10:54:12.989 627 1329 E TaskPersister: File error accessing recents directory (directory doesn't exist?).
05-21 10:54:13.002 1340 1340 W ContextImpl: Calling a method in the system process without a qualified user: android.app.ContextImpl.sendBroadcast:1181 android.content.ContextWrapper.sendBroadcast:479 cn.eben.newweather.DateWeatherService.a:19 cn.eben.newweather.DateWeatherService.a:0 cn.eben.newweather.DateWeatherService$1.handleMessage:7
05-21 10:54:13.311 464 494 I RIL : ---> enter mainloop wait at port
05-21 10:54:13.311 464 494 D RIL-DEV : Get modem info
05-21 10:54:13.312 464 494 D RIL-DEV : [05-21_10:54:13:312] idVendor = 0bda
05-21 10:54:13.312 464 494 D RIL-DEV :
05-21 10:54:13.312 464 494 D RIL-DEV : [05-21_10:54:13:312] idVendor = 05e3
05-21 10:54:13.312 464 494 D RIL-DEV :
05-21 10:54:13.312 464 494 D RIL-DEV : [05-21_10:54:13:313] idVendor = 1d6b
05-21 10:54:13.312 464 494 D RIL-DEV :
05-21 10:54:13.313 464 494 D RIL-DEV : [05-21_10:54:13:313] idVendor = 1d6b
05-21 10:54:13.313 464 494 D RIL-DEV :
05-21 10:54:13.313 464 494 D RIL-DEV : [05-21_10:54:13:313] idVendor = 0bda
05-21 10:54:13.313 464 494 D RIL-DEV :
05-21 10:54:13.313 464 494 D RIL-DEV : [05-21_10:54:13:314] idVendor = 1d6b
05-21 10:54:13.313 464 494 D RIL-DEV :
05-21 10:54:13.314 464 494 D RIL-DEV : [05-21_10:54:13:314] idVendor = 2109
05-21 10:54:13.314 464 494 D RIL-DEV :
05-21 10:54:13.314 464 494 D RIL-DEV : [05-21_10:54:13:315] idVendor = 2109
05-21 10:54:13.314 464 494 D RIL-DEV :
05-21 10:54:13.314 464 494 D RIL-DEV : [05-21_10:54:13:315] idVendor = 1d6b
05-21 10:54:13.314 464 494 D RIL-DEV :
05-21 10:54:13.315 464 494 D RIL-DEV : [05-21_10:54:13:315] idVendor = 0bda
05-21 10:54:13.315 464 494 D RIL-DEV :
05-21 10:54:13.315 464 494 D RIL-DEV : [05-21_10:54:13:316] idVendor = 2109
05-21 10:54:13.315 464 494 D RIL-DEV :
05-21 10:54:13.315 464 494 E RIL-DEV : Cannot find Meig devices
05-21 10:54:13.316 464 494 I RIL : ---> can't find meig usb devices
05-21 11:03:10.281 543 543 I : read descriptors
05-21 11:03:10.282 543 543 I : read strings
05-21 11:03:10.284 1 1 I init : processing action (sys.usb.config=adb && sys.usb.configfs=1 && sys.usb.ffs.ready=1) from (/system/etc/init/hw/init.usb.configfs.rc:20)
05-21 11:03:10.286 1 1 I init : Command 'symlink /config/usb_gadget/g1/functions/ffs.adb /config/usb_gadget/g1/configs/b.1/f1' action=sys.usb.config=adb && sys.usb.configfs=1 && sys.usb.ffs.ready=1 (/system/etc/init/hw/init.usb.configfs.rc:22) took 0ms and failed: symlink() failed: File exists
05-21 11:03:10.286 1 1 I init : Command 'write /config/usb_gadget/g1/UDC ${sys.usb.controller}' action=sys.usb.config=adb && sys.usb.configfs=1 && sys.usb.ffs.ready=1 (/system/etc/init/hw/init.usb.configfs.rc:23) took 0ms and failed: Unable to write to file '/config/usb_gadget/g1/UDC': Unable to write file contents: Device or resource busy
05-21 10:54:13.653 627 2063 W ContentProviderHelper: Permission Denial: opening provider com.android.providers.contacts.ContactsProvider2 from ProcessRecord{1933406 1690:cn.eben.sync/u0a44} (pid=1690, uid=10044) requires android.permission.READ_CONTACTS or android.permission.WRITE_CONTACTS
05-21 10:54:14.002 1340 1340 W ContextImpl: Calling a method in the system process without a qualified user: android.app.ContextImpl.sendBroadcast:1181 android.content.ContextWrapper.sendBroadcast:479 cn.eben.newweather.DateWeatherService.a:19 cn.eben.newweather.DateWeatherService.a:0 cn.eben.newweather.DateWeatherService$1.handleMessage:7
05-21 11:03:11.325 543 543 I : read descriptors
05-21 11:03:11.325 543 543 I : read strings
05-21 11:03:11.328 1 1 I init : processing action (sys.usb.config=adb && sys.usb.configfs=1 && sys.usb.ffs.ready=1) from (/system/etc/init/hw/init.usb.configfs.rc:20)
05-21 11:03:11.329 1 1 I init : Command 'symlink /config/usb_gadget/g1/functions/ffs.adb /config/usb_gadget/g1/configs/b.1/f1' action=sys.usb.config=adb && sys.usb.configfs=1 && sys.usb.ffs.ready=1 (/system/etc/init/hw/init.usb.configfs.rc:22) took 0ms and failed: symlink() failed: File exists
05-21 11:03:11.330 1 1 I init : Command 'write /config/usb_gadget/g1/UDC ${sys.usb.controller}' action=sys.usb.config=adb && sys.usb.configfs=1 && sys.usb.ffs.ready=1 (/system/etc/init/hw/init.usb.configfs.rc:23) took 0ms and failed: Unable to write to file '/config/usb_gadget/g1/UDC': Unable to write file contents: Device or resource busy
05-21 10:54:15.002 1340 1340 W ContextImpl: Calling a method in the system process without a qualified user: android.app.ContextImpl.sendBroadcast:1181 android.content.ContextWrapper.sendBroadcast:479 cn.eben.newweather.DateWeatherService.a:19 cn.eben.newweather.DateWeatherService.a:0 cn.eben.newweather.DateWeatherService$1.handleMessage:7
05-21 10:54:15.316 464 494 I RIL : ---> enter mainloop wait at port
05-21 10:54:15.316 464 494 D RIL-DEV : Get modem info
05-21 10:54:15.316 464 494 D RIL-DEV : [05-21_10:54:15:317] idVendor = 0bda
05-21 10:54:15.316 464 494 D RIL-DEV :
05-21 10:54:15.316 464 494 D RIL-DEV : [05-21_10:54:15:317] idVendor = 05e3
05-21 10:54:15.316 464 494 D RIL-DEV :
05-21 10:54:15.317 464 494 D RIL-DEV : [05-21_10:54:15:317] idVendor = 1d6b
05-21 10:54:15.317 464 494 D RIL-DEV :
05-21 10:54:15.317 464 494 D RIL-DEV : [05-21_10:54:15:317] idVendor = 1d6b
05-21 10:54:15.317 464 494 D RIL-DEV :
05-21 10:54:15.317 464 494 D RIL-DEV : [05-21_10:54:15:317] idVendor = 0bda
05-21 10:54:15.317 464 494 D RIL-DEV :
05-21 10:54:15.317 464 494 D RIL-DEV : [05-21_10:54:15:317] idVendor = 1d6b
05-21 10:54:15.317 464 494 D RIL-DEV :
05-21 10:54:15.317 464 494 D RIL-DEV : [05-21_10:54:15:317] idVendor = 2109
05-21 10:54:15.317 464 494 D RIL-DEV :
05-21 10:54:15.317 464 494 D RIL-DEV : [05-21_10:54:15:318] idVendor = 2109
05-21 10:54:15.317 464 494 D RIL-DEV :
05-21 10:54:15.317 464 494 D RIL-DEV : [05-21_10:54:15:318] idVendor = 1d6b
05-21 10:54:15.317 464 494 D RIL-DEV :
05-21 10:54:15.317 464 494 D RIL-DEV : [05-21_10:54:15:318] idVendor = 0bda
05-21 10:54:15.317 464 494 D RIL-DEV :
05-21 10:54:15.318 464 494 D RIL-DEV : [05-21_10:54:15:318] idVendor = 2109
05-21 10:54:15.318 464 494 D RIL-DEV :
05-21 10:54:15.318 464 494 E RIL-DEV : Cannot find Meig devices
05-21 10:54:15.318 464 494 I RIL : ---> can't find meig usb devices
05-21 11:03:12.371 543 543 I : read descriptors
05-21 11:03:12.371 543 543 I : read strings
05-21 11:03:12.374 1 1 I init : processing action (sys.usb.config=adb && sys.usb.configfs=1 && sys.usb.ffs.ready=1) from (/system/etc/init/hw/init.usb.configfs.rc:20)
05-21 11:03:12.376 1 1 I init : Command 'symlink /config/usb_gadget/g1/functions/ffs.adb /config/usb_gadget/g1/configs/b.1/f1' action=sys.usb.config=adb && sys.usb.configfs=1 && sys.usb.ffs.ready=1 (/system/etc/init/hw/init.usb.configfs.rc:22) took 0ms and failed: symlink() failed: File exists
05-21 11:03:12.376 1 1 I init : Command 'write /config/usb_gadget/g1/UDC ${sys.usb.controller}' action=sys.usb.config=adb && sys.usb.configfs=1 && sys.usb.ffs.ready=1 (/system/etc/init/hw/init.usb.configfs.rc:23) took 0ms and failed: Unable to write to file '/config/usb_gadget/g1/UDC': Unable to write file contents: Device or resource busy
05-21 10:54:16.002 1340 1340 W ContextImpl: Calling a method in the system process without a qualified user: android.app.ContextImpl.sendBroadcast:1181 android.content.ContextWrapper.sendBroadcast:479 cn.eben.newweather.DateWeatherService.a:19 cn.eben.newweather.DateWeatherService.a:0 cn.eben.newweather.DateWeatherService$1.handleMessage:7
05-21 11:03:13.408 543 543 I : read descriptors
05-21 11:03:13.408 543 543 I : read strings
05-21 11:03:13.411 1 1 I init : processing action (sys.usb.config=adb && sys.usb.configfs=1 && sys.usb.ffs.ready=1) from (/system/etc/init/hw/init.usb.configfs.rc:20)
05-21 10:54:17.004 1340 1340 W ContextImpl: Calling a method in the system process without a qualified user: android.app.ContextImpl.sendBroadcast:1181 android.content.ContextWrapper.sendBroadcast:479 cn.eben.newweather.DateWeatherService.a:19 cn.eben.newweather.DateWeatherService.a:0 cn.eben.newweather.DateWeatherService$1.handleMessage:7
05-21 10:54:17.318 464 494 I RIL : ---> enter mainloop wait at port
05-21 10:54:17.318 464 494 D RIL-DEV : Get modem info
05-21 10:54:17.319 464 494 D RIL-DEV : [05-21_10:54:17:320] idVendor = 0bda
05-21 10:54:17.319 464 494 D RIL-DEV :
05-21 10:54:17.320 464 494 D RIL-DEV : [05-21_10:54:17:320] idVendor = 05e3
05-21 10:54:17.320 464 494 D RIL-DEV :
05-21 10:54:17.320 464 494 D RIL-DEV : [05-21_10:54:17:320] idVendor = 1d6b
05-21 10:54:17.320 464 494 D RIL-DEV :
05-21 10:54:17.320 464 494 D RIL-DEV : [05-21_10:54:17:321] idVendor = 1d6b
05-21 10:54:17.320 464 494 D RIL-DEV :
05-21 10:54:17.321 464 494 D RIL-DEV : [05-21_10:54:17:321] idVendor = 0bda
05-21 10:54:17.321 464 494 D RIL-DEV :
05-21 10:54:17.321 464 494 D RIL-DEV : [05-21_10:54:17:322] idVendor = 1d6b
05-21 10:54:17.321 464 494 D RIL-DEV :
05-21 10:54:17.321 464 494 D RIL-DEV : [05-21_10:54:17:322] idVendor = 2109
05-21 10:54:17.321 464 494 D RIL-DEV :
05-21 10:54:17.322 464 494 D RIL-DEV : [05-21_10:54:17:322] idVendor = 2109
05-21 10:54:17.322 464 494 D RIL-DEV :
