05-21 11:02:42.002 1340 1340 W ContextImpl: Calling a method in the system process without a qualified user: android.app.ContextImpl.sendBroadcast:1181 android.content.ContextWrapper.sendBroadcast:479 cn.eben.newweather.DateWeatherService.a:19 cn.eben.newweather.DateWeatherService.a:0 cn.eben.newweather.DateWeatherService$1.handleMessage:7
05-21 11:02:42.600 464 494 I RIL : ---> enter mainloop wait at port
05-21 11:02:42.600 464 494 D RIL-DEV : Get modem info
05-21 11:02:42.601 464 494 D RIL-DEV : [05-21_11:02:42:601] idVendor = 0bda
05-21 11:02:42.601 464 494 D RIL-DEV :
05-21 11:02:42.601 464 494 D RIL-DEV : [05-21_11:02:42:602] idVendor = 05e3
05-21 11:02:42.601 464 494 D RIL-DEV :
05-21 11:02:42.602 464 494 D RIL-DEV : [05-21_11:02:42:602] idVendor = 1d6b
05-21 11:02:42.602 464 494 D RIL-DEV :
05-21 11:02:42.602 464 494 D RIL-DEV : [05-21_11:02:42:603] idVendor = 1d6b
05-21 11:02:42.602 464 494 D RIL-DEV :
05-21 11:02:42.602 464 494 D RIL-DEV : [05-21_11:02:42:603] idVendor = 0bda
05-21 11:02:42.602 464 494 D RIL-DEV :
05-21 11:02:42.603 464 494 D RIL-DEV : [05-21_11:02:42:603] idVendor = 1d6b
05-21 11:02:42.603 464 494 D RIL-DEV :
05-21 11:02:42.603 464 494 D RIL-DEV : [05-21_11:02:42:604] idVendor = 2109
05-21 11:02:42.603 464 494 D RIL-DEV :
05-21 11:02:42.604 464 494 D RIL-DEV : [05-21_11:02:42:604] idVendor = 2109
05-21 11:02:42.604 464 494 D RIL-DEV :
05-21 11:02:42.604 464 494 D RIL-DEV : [05-21_11:02:42:604] idVendor = 1d6b
05-21 11:02:42.604 464 494 D RIL-DEV :
05-21 11:02:42.604 464 494 D RIL-DEV : [05-21_11:02:42:605] idVendor = 0bda
05-21 11:02:42.604 464 494 D RIL-DEV :
05-21 11:02:42.605 464 494 D RIL-DEV : [05-21_11:02:42:605] idVendor = 2109
05-21 11:02:42.605 464 494 D RIL-DEV :
05-21 11:02:42.605 464 494 E RIL-DEV : Cannot find Meig devices
05-21 11:02:42.605 464 494 I RIL : ---> can't find meig usb devices
05-21 11:11:39.591 543 543 I : read descriptors
05-21 11:11:39.591 543 543 I : read strings
05-21 11:02:43.002 1340 1340 W ContextImpl: Calling a method in the system process without a qualified user: android.app.ContextImpl.sendBroadcast:1181 android.content.ContextWrapper.sendBroadcast:479 cn.eben.newweather.DateWeatherService.a:19 cn.eben.newweather.DateWeatherService.a:0 cn.eben.newweather.DateWeatherService$1.handleMessage:7
05-21 11:11:40.648 543 543 I : read descriptors
05-21 11:11:40.648 543 543 I : read strings
05-21 11:11:40.650 1 1 I init : processing action (sys.usb.config=adb && sys.usb.configfs=1 && sys.usb.ffs.ready=1) from (/system/etc/init/hw/init.usb.configfs.rc:20)
05-21 11:11:40.652 1 1 I init : Command 'symlink /config/usb_gadget/g1/functions/ffs.adb /config/usb_gadget/g1/configs/b.1/f1' action=sys.usb.config=adb && sys.usb.configfs=1 && sys.usb.ffs.ready=1 (/system/etc/init/hw/init.usb.configfs.rc:22) took 0ms and failed: symlink() failed: File exists
05-21 11:11:40.653 1 1 I init : Command 'write /config/usb_gadget/g1/UDC ${sys.usb.controller}' action=sys.usb.config=adb && sys.usb.configfs=1 && sys.usb.ffs.ready=1 (/system/etc/init/hw/init.usb.configfs.rc:23) took 0ms and failed: Unable to write to file '/config/usb_gadget/g1/UDC': Unable to write file contents: Device or resource busy
05-21 11:02:44.002 1340 1340 W ContextImpl: Calling a method in the system process without a qualified user: android.app.ContextImpl.sendBroadcast:1181 android.content.ContextWrapper.sendBroadcast:479 cn.eben.newweather.DateWeatherService.a:19 cn.eben.newweather.DateWeatherService.a:0 cn.eben.newweather.DateWeatherService$1.handleMessage:7
05-21 11:02:44.165 627 2063 W ContentProviderHelper: Permission Denial: opening provider com.android.providers.contacts.ContactsProvider2 from ProcessRecord{1933406 1690:cn.eben.sync/u0a44} (pid=1690, uid=10044) requires android.permission.READ_CONTACTS or android.permission.WRITE_CONTACTS
05-21 11:02:44.529 627 712 I input_interaction: Interaction with: 245756c com.ebensz.appmanager/com.ebensz.appmanager.OnlineAppListActivity (server), PointerEventDispatcher0 (server),
05-21 11:02:44.592 627 2063 I wm_finish_activity: [0,139734137,42,com.ebensz.appmanager/.OnlineAppListActivity,app-request]
05-21 11:02:44.605 464 494 I RIL : ---> enter mainloop wait at port
05-21 11:02:44.605 464 494 D RIL-DEV : Get modem info
05-21 11:02:44.606 464 494 D RIL-DEV : [05-21_11:02:44:606] idVendor = 0bda
05-21 11:02:44.606 464 494 D RIL-DEV :
05-21 11:02:44.606 464 494 D RIL-DEV : [05-21_11:02:44:606] idVendor = 05e3
05-21 11:02:44.606 464 494 D RIL-DEV :
05-21 11:02:44.606 464 494 D RIL-DEV : [05-21_11:02:44:606] idVendor = 1d6b
05-21 11:02:44.606 464 494 D RIL-DEV :
05-21 11:02:44.606 464 494 D RIL-DEV : [05-21_11:02:44:606] idVendor = 1d6b
05-21 11:02:44.606 464 494 D RIL-DEV :
05-21 11:02:44.606 464 494 D RIL-DEV : [05-21_11:02:44:606] idVendor = 0bda
05-21 11:02:44.606 464 494 D RIL-DEV :
05-21 11:02:44.606 464 494 D RIL-DEV : [05-21_11:02:44:607] idVendor = 1d6b
05-21 11:02:44.606 464 494 D RIL-DEV :
05-21 11:02:44.606 464 494 D RIL-DEV : [05-21_11:02:44:607] idVendor = 2109
05-21 11:02:44.606 464 494 D RIL-DEV :
05-21 11:02:44.606 464 494 D RIL-DEV : [05-21_11:02:44:607] idVendor = 2109
05-21 11:02:44.606 464 494 D RIL-DEV :
05-21 11:02:44.607 464 494 D RIL-DEV : [05-21_11:02:44:607] idVendor = 1d6b
05-21 11:02:44.607 464 494 D RIL-DEV :
05-21 11:02:44.607 464 494 D RIL-DEV : [05-21_11:02:44:607] idVendor = 0bda
05-21 11:02:44.607 464 494 D RIL-DEV :
05-21 11:02:44.607 464 494 D RIL-DEV : [05-21_11:02:44:607] idVendor = 2109
05-21 11:02:44.607 464 494 D RIL-DEV :
05-21 11:02:44.607 464 494 E RIL-DEV : Cannot find Meig devices
05-21 11:02:44.607 464 494 I RIL : ---> can't find meig usb devices
05-21 11:02:44.610 627 2063 I wm_pause_activity: [0,139734137,com.ebensz.appmanager/.OnlineAppListActivity,userLeaving=false,finish]
05-21 11:02:44.619 3582 3582 I wm_on_top_resumed_lost_called: [139734137,com.ebensz.appmanager.OnlineAppListActivity,topStateChangedWhenResumed]
05-21 11:02:44.621 3582 3582 I wm_on_paused_called: [139734137,com.ebensz.appmanager.OnlineAppListActivity,performPause]
05-21 11:02:44.622 627 642 I wm_add_to_stopping: [0,139734137,com.ebensz.appmanager/.OnlineAppListActivity,completeFinishing]
05-21 11:02:44.624 627 642 I wm_set_resumed_activity: [0,com.ebensz.appmanager/.MainActivity,resumeTopActivity]
05-21 11:02:44.626 627 642 I wm_resume_activity: [0,87386935,42,com.ebensz.appmanager/.MainActivity]
05-21 11:02:44.628 627 647 V InputMethodMenuController: Hide switching menu
05-21 11:02:44.635 627 647 I sysui_multi_action: [757,803,799,window_time_0,802,6]
05-21 11:02:44.641 3582 3582 I wm_on_restart_called: [87386935,com.ebensz.appmanager.MainActivity,performRestartActivity]
05-21 11:02:44.642 3582 3582 I wm_on_start_called: [87386935,com.ebensz.appmanager.MainActivity,handleStartActivity]
05-21 11:02:44.645 3582 3582 I wm_on_resume_called: [87386935,com.ebensz.appmanager.MainActivity,RESUME_ACTIVITY]
05-21 11:02:44.645 3582 3582 I wm_on_top_resumed_gained_called: [87386935,com.ebensz.appmanager.MainActivity,topWhenResuming]
05-21 11:02:44.647 627 712 I input_focus: [Focus leaving 245756c com.ebensz.appmanager/com.ebensz.appmanager.OnlineAppListActivity (server),reason=NO_WINDOW]
05-21 11:02:44.657 627 647 V InputMethodMenuController: Hide switching menu
05-21 11:02:44.659 627 648 I input_focus: [Focus request 5ed07c3 com.ebensz.appmanager/com.ebensz.appmanager.MainActivity,reason=UpdateInputWindows]
05-21 11:02:44.699 627 712 I input_focus: [Focus entering 5ed07c3 com.ebensz.appmanager/com.ebensz.appmanager.MainActivity (server),reason=Window became focusable. Previous reason: NOT_VISIBLE]
05-21 11:02:44.715 3582 3582 W ContextImpl: Calling a method in the system process without a qualified user: android.app.ContextImpl.sendBroadcast:1181 android.content.ContextWrapper.sendBroadcast:479 com.ebensz.appmanager.MainActivity$UpdateAndDownLoadAppsObservable.dispatchUpdateAppsCount:151 com.ebensz.appmanager.MainActivity.onLoadFinished:1059 com.ebensz.appmanager.MainActivity.onLoadFinished:93
05-21 11:02:44.716 627 653 I am_wtf : [0,627,system_server,-1,ActivityManager,Sending non-protected broadcast com.ebensz.appmanager.action.canUpdateAppsCount from system 3582:com.ebensz.appmanager/1000 pkg com.ebensz.appmanager]
05-21 11:02:44.717 627 653 I DropBoxManagerService: add tag=system_server_wtf isTagEnabled=true flags=0x2
05-21 11:02:44.738 627 2063 V InputMethodManagerService: startInputOrWindowGainedFocusInternalLocked: reason=WINDOW_FOCUS_GAIN client=android.os.BinderProxy@3398b1f inputContext=null missingMethods= attribute=android.view.inputmethod.EditorInfo@642987e startInputFlags=VIEW_HAS_FOCUS|INITIAL_CONNECTION softInputMode=STATE_UNSPECIFIED|ADJUST_NOTHING windowFlags=#81810900 unverifiedTargetSdkVersion=23
05-21 11:02:44.738 627 2063 V InputMethodManagerService: Unspecified window will hide input
05-21 11:02:44.740 627 647 V InputMethodMenuController: Hide switching menu
05-21 11:02:44.743 3582 3582 W ContextImpl: Calling a method in the system process without a qualified user: android.app.ContextImpl.sendBroadcast:1181 android.content.ContextWrapper.sendBroadcast:479 android.content.ContextWrapper.sendBroadcast:479 com.eben.appupdate.utils.Utils.setBadgeOfDefault:263 com.ebensz.appmanager.receiver.UpdateWdjDataReceiver.onReceive:32
05-21 11:02:44.744 627 653 I am_wtf : [0,627,system_server,-1,ActivityManager,Sending non-protected broadcast android.intent.action.BADGE_COUNT_UPDATE from system 3582:com.ebensz.appmanager/1000 pkg com.ebensz.appmanager]
05-21 11:02:44.744 627 653 I service_manager_stats: [100,53,566351]
05-21 11:02:44.744 3582 3582 W ContextImpl: Calling a method in the system process without a qualified user: android.app.ContextImpl.startService:1824 android.content.ContextWrapper.startService:774 android.content.ContextWrapper.startService:774 com.ebensz.appmanager.service.WDJDataUpdateService.startUpdateWdjService:67 com.ebensz.appmanager.receiver.UpdateWdjDataReceiver.onReceive:38
05-21 11:02:44.744 627 653 I DropBoxManagerService: add tag=system_server_wtf isTagEnabled=true flags=0x2
05-21 11:02:44.748 627 941 D InputMethodManagerService: --- calledFromForegroundUserOrSystemProcess ? calling uid = 1000 system uid = 1000 calling userId = 0, foreground user id = 0, calling pid = 0com.android.server.inputmethod.InputMethodManagerService.reportPerceptibleAsync(InputMethodManagerService.java:3162)
05-21 11:02:44.748 627 941 D InputMethodManagerService: IME window vis: 0 active: 0 inv: 0 displayId: 0
05-21 11:02:44.888 627 647 I wm_destroy_activity: [0,139734137,42,com.ebensz.appmanager/.OnlineAppListActivity,finish-imm:idle]
05-21 11:11:41.724 543 543 I : read descriptors
05-21 11:11:41.724 543 543 I : read strings
05-21 11:11:41.726 1 1 I init : processing action (sys.usb.config=adb && sys.usb.configfs=1 && sys.usb.ffs.ready=1) from (/system/etc/init/hw/init.usb.configfs.rc:20)
05-21 11:11:41.729 1 1 I init : Command 'symlink /config/usb_gadget/g1/functions/ffs.adb /config/usb_gadget/g1/configs/b.1/f1' action=sys.usb.config=adb && sys.usb.configfs=1 && sys.usb.ffs.ready=1 (/system/etc/init/hw/init.usb.configfs.rc:22) took 1ms and failed: symlink() failed: File exists
05-21 11:11:41.730 1 1 I init : Command 'write /config/usb_gadget/g1/UDC ${sys.usb.controller}' action=sys.usb.config=adb && sys.usb.configfs=1 && sys.usb.ffs.ready=1 (/system/etc/init/hw/init.usb.configfs.rc:23) took 0ms and failed: Unable to write to file '/config/usb_gadget/g1/UDC': Unable to write file contents: Device or resource busy
05-21 11:02:44.910 3582 3582 I wm_on_stop_called: [139734137,com.ebensz.appmanager.OnlineAppListActivity,LIFECYCLER_STOP_ACTIVITY]
05-21 11:02:44.913 3582 3582 I wm_on_destroy_called: [139734137,com.ebensz.appmanager.OnlineAppListActivity,performDestroy]
05-21 11:02:45.002 1340 1340 W ContextImpl: Calling a method in the system process without a qualified user: android.app.ContextImpl.sendBroadcast:1181 android.content.ContextWrapper.sendBroadcast:479 cn.eben.newweather.DateWeatherService.a:19 cn.eben.newweather.DateWeatherService.a:0 cn.eben.newweather.DateWeatherService$1.handleMessage:7
05-21 11:02:45.485 627 712 I input_interaction: Interaction with: 5ed07c3 com.ebensz.appmanager/com.ebensz.appmanager.MainActivity (server), PointerEventDispatcher0 (server),
05-21 11:02:45.586 627 642 I ActivityTaskManager: START u0 {cmp=com.ebensz.appmanager/.OnlineAppListActivity (has extras)} from uid 1000
05-21 11:02:45.591 627 642 I wm_task_moved: [42,1,9]
05-21 11:02:45.592 627 642 I wm_set_resumed_activity: [0,com.ebensz.appmanager/.MainActivity,positionChildAt]
05-21 11:02:45.592 627 642 I wm_create_activity: [0,21527275,42,com.ebensz.appmanager/.OnlineAppListActivity,NULL,NULL,NULL,0]
05-21 11:02:45.594 627 642 I wm_pause_activity: [0,87386935,com.ebensz.appmanager/.MainActivity,userLeaving=true,resumeTopActivity]
05-21 11:02:45.601 3582 3582 I wm_on_top_resumed_lost_called: [87386935,com.ebensz.appmanager.MainActivity,topStateChangedWhenResumed]
05-21 11:02:45.601 3582 3582 I wm_on_paused_called: [87386935,com.ebensz.appmanager.MainActivity,performPause]
05-21 11:02:45.602 627 642 W ActivityTaskManager: Tried to set launchTime (0) < mLastActivityLaunchTime (2263321)
05-21 11:02:45.602 627 642 I wm_add_to_stopping: [0,87386935,com.ebensz.appmanager/.MainActivity,makeInvisible]
05-21 11:02:45.602 627 642 I wm_restart_activity: [0,21527275,42,com.ebensz.appmanager/.OnlineAppListActivity]
05-21 11:02:45.603 627 642 I wm_set_resumed_activity: [0,com.ebensz.appmanager/.OnlineAppListActivity,minimalResumeActivityLocked]
05-21 11:02:45.607 627 647 V InputMethodMenuController: Hide switching menu
05-21 11:02:45.608 627 647 I sysui_multi_action: [757,803,799,window_time_0,802,1]
05-21 11:02:45.627 3582 3582 I wm_on_create_called: [21527275,com.ebensz.appmanager.OnlineAppListActivity,performCreate]
05-21 11:02:45.628 3582 3582 I wm_on_start_called: [21527275,com.ebensz.appmanager.OnlineAppListActivity,handleStartActivity]
05-21 11:02:45.628 3582 3582 I wm_on_resume_called: [21527275,com.ebensz.appmanager.OnlineAppListActivity,RESUME_ACTIVITY]
05-21 11:02:45.631 627 712 I input_focus: [Focus leaving 5ed07c3 com.ebensz.appmanager/com.ebensz.appmanager.MainActivity (server),reason=NO_WINDOW]
05-21 11:02:45.631 3582 3582 I wm_on_top_resumed_gained_called: [21527275,com.ebensz.appmanager.OnlineAppListActivity,topStateChangedWhenResumed]
05-21 11:02:45.665 3582 3582 W ContextImpl: Calling a method in the system process without a qualified user: android.app.ContextImpl.bindService:1911 android.content.ContextWrapper.bindService:810 com.ebensz.appmanager.views.fragments.OnlineAppListFragment.bindService:339 com.ebensz.appmanager.views.fragments.OnlineAppListFragment.onStart:324 android.app.Fragment.performStart:2531
05-21 11:02:45.670 627 647 V InputMethodMenuController: Hide switching menu
05-21 11:02:45.672 627 648 I input_focus: [Focus request e46a406 com.ebensz.appmanager/com.ebensz.appmanager.OnlineAppListActivity,reason=UpdateInputWindows]
05-21 11:02:45.684 627 644 I wm_activity_launch_time: [0,21527275,com.ebensz.appmanager/.OnlineAppListActivity,98]
05-21 11:02:45.702 627 712 I input_focus: [Focus entering e46a406 com.ebensz.appmanager/com.ebensz.appmanager.OnlineAppListActivity (server),reason=Window became focusable. Previous reason: NOT_VISIBLE]
05-21 11:02:45.706 627 941 V InputMethodManagerService: startInputOrWindowGainedFocusInternalLocked: reason=WINDOW_FOCUS_GAIN client=android.os.BinderProxy@3398b1f inputContext=null missingMethods= attribute=android.view.inputmethod.EditorInfo@3512c42 startInputFlags=VIEW_HAS_FOCUS|INITIAL_CONNECTION softInputMode=STATE_UNSPECIFIED|ADJUST_PAN|IS_FORWARD_NAVIGATION windowFlags=#81810100 unverifiedTargetSdkVersion=23
05-21 11:02:45.706 627 941 V InputMethodManagerService: Unspecified window will hide input
05-21 11:02:45.708 627 647 V InputMethodMenuController: Hide switching menu
05-21 11:02:45.710 627 642 D InputMethodManagerService: --- calledFromForegroundUserOrSystemProcess ? calling uid = 1000 system uid = 1000 calling userId = 0, foreground user id = 0, calling pid = 0com.android.server.inputmethod.InputMethodManagerService.reportPerceptibleAsync(InputMethodManagerService.java:3162)
05-21 11:02:45.710 627 642 D InputMethodManagerService: IME window vis: 0 active: 0 inv: 0 displayId: 0
05-21 11:02:45.890 627 647 I wm_stop_activity: [0,87386935,com.ebensz.appmanager/.MainActivity]
05-21 11:11:42.784 543 543 I : read descriptors
05-21 11:11:42.784 543 543 I : read strings
05-21 11:11:42.785 1 1 I init : processing action (sys.usb.config=adb && sys.usb.configfs=1 && sys.usb.ffs.ready=1) from (/system/etc/init/hw/init.usb.configfs.rc:20)
05-21 11:11:42.786 1 1 I init : Command 'symlink /config/usb_gadget/g1/functions/ffs.adb /config/usb_gadget/g1/configs/b.1/f1' action=sys.usb.config=adb && sys.usb.configfs=1 && sys.usb.ffs.ready=1 (/system/etc/init/hw/init.usb.configfs.rc:22) took 0ms and failed: symlink() failed: File exists
05-21 11:11:42.787 1 1 I init : Command 'write /config/usb_gadget/g1/UDC ${sys.usb.controller}' action=sys.usb.config=adb && sys.usb.configfs=1 && sys.usb.ffs.ready=1 (/system/etc/init/hw/init.usb.configfs.rc:23) took 0ms and failed: Unable to write to file '/config/usb_gadget/g1/UDC': Unable to write file contents: Device or resource busy
05-21 11:02:45.962 3582 3582 I wm_on_stop_called: [87386935,com.ebensz.appmanager.MainActivity,STOP_ACTIVITY_ITEM]
05-21 11:02:46.001 1340 1340 W ContextImpl: Calling a method in the system process without a qualified user: android.app.ContextImpl.sendBroadcast:1181 android.content.ContextWrapper.sendBroadcast:479 cn.eben.newweather.DateWeatherService.a:19 cn.eben.newweather.DateWeatherService.a:0 cn.eben.newweather.DateWeatherService$1.handleMessage:7
05-21 11:02:46.607 464 494 I RIL : ---> enter mainloop wait at port
05-21 11:02:46.607 464 494 D RIL-DEV : Get modem info
05-21 11:02:46.608 464 494 D RIL-DEV : [05-21_11:02:46:608] idVendor = 0bda
05-21 11:02:46.608 464 494 D RIL-DEV :
05-21 11:02:46.608 464 494 D RIL-DEV : [05-21_11:02:46:609] idVendor = 05e3
05-21 11:02:46.608 464 494 D RIL-DEV :
05-21 11:02:46.609 464 494 D RIL-DEV : [05-21_11:02:46:609] idVendor = 1d6b
05-21 11:02:46.609 464 494 D RIL-DEV :
05-21 11:02:46.609 464 494 D RIL-DEV : [05-21_11:02:46:609] idVendor = 1d6b
05-21 11:02:46.609 464 494 D RIL-DEV :
05-21 11:02:46.609 464 494 D RIL-DEV : [05-21_11:02:46:610] idVendor = 0bda
05-21 11:02:46.609 464 494 D RIL-DEV :
05-21 11:02:46.610 464 494 D RIL-DEV : [05-21_11:02:46:610] idVendor = 1d6b
05-21 11:02:46.610 464 494 D RIL-DEV :
05-21 11:02:46.610 464 494 D RIL-DEV : [05-21_11:02:46:610] idVendor = 2109
05-21 11:02:46.610 464 494 D RIL-DEV :
05-21 11:02:46.610 464 494 D RIL-DEV : [05-21_11:02:46:611] idVendor = 2109
05-21 11:02:46.610 464 494 D RIL-DEV :
05-21 11:02:46.610 464 494 D RIL-DEV : [05-21_11:02:46:611] idVendor = 1d6b
05-21 11:02:46.610 464 494 D RIL-DEV :
05-21 11:02:46.611 464 494 D RIL-DEV : [05-21_11:02:46:611] idVendor = 0bda
05-21 11:02:46.611 464 494 D RIL-DEV :
05-21 11:02:46.611 464 494 D RIL-DEV : [05-21_11:02:46:612] idVendor = 2109
05-21 11:02:46.611 464 494 D RIL-DEV :
05-21 11:02:46.612 464 494 E RIL-DEV : Cannot find Meig devices
05-21 11:02:46.612 464 494 I RIL : ---> can't find meig usb devices
05-21 11:02:46.850 627 712 I input_interaction: Interaction with: e46a406 com.ebensz.appmanager/com.ebensz.appmanager.OnlineAppListActivity (server), PointerEventDispatcher0 (server),
05-21 11:02:46.929 627 941 I wm_finish_activity: [0,21527275,42,com.ebensz.appmanager/.OnlineAppListActivity,app-request]
05-21 11:02:46.942 627 941 I wm_pause_activity: [0,21527275,com.ebensz.appmanager/.OnlineAppListActivity,userLeaving=false,finish]
05-21 11:02:46.948 3582 3582 I wm_on_top_resumed_lost_called: [21527275,com.ebensz.appmanager.OnlineAppListActivity,topStateChangedWhenResumed]
05-21 11:02:46.949 3582 3582 I wm_on_paused_called: [21527275,com.ebensz.appmanager.OnlineAppListActivity,performPause]
05-21 11:02:46.949 627 941 I wm_add_to_stopping: [0,21527275,com.ebensz.appmanager/.OnlineAppListActivity,completeFinishing]
05-21 11:02:46.951 627 647 V InputMethodMenuController: Hide switching menu
05-21 11:02:46.951 627 941 I wm_set_resumed_activity: [0,com.ebensz.appmanager/.MainActivity,resumeTopActivity]
05-21 11:02:46.952 627 941 I wm_resume_activity: [0,87386935,42,com.ebensz.appmanager/.MainActivity]
05-21 11:02:46.955 627 647 I sysui_multi_action: [757,803,799,window_time_0,802,1]
05-21 11:02:46.960 627 712 I input_focus: [Focus leaving e46a406 com.ebensz.appmanager/com.ebensz.appmanager.OnlineAppListActivity (server),reason=NO_WINDOW]
05-21 11:02:46.968 3582 3582 I wm_on_restart_called: [87386935,com.ebensz.appmanager.MainActivity,performRestartActivity]
05-21 11:02:46.968 3582 3582 I wm_on_start_called: [87386935,com.ebensz.appmanager.MainActivity,handleStartActivity]
05-21 11:02:46.969 3582 3582 I wm_on_resume_called: [87386935,com.ebensz.appmanager.MainActivity,RESUME_ACTIVITY]
05-21 11:02:46.970 3582 3582 I wm_on_top_resumed_gained_called: [87386935,com.ebensz.appmanager.MainActivity,topWhenResuming]
05-21 11:02:46.975 627 647 V InputMethodMenuController: Hide switching menu
05-21 11:02:46.977 627 648 I input_focus: [Focus request 5ed07c3 com.ebensz.appmanager/com.ebensz.appmanager.MainActivity,reason=UpdateInputWindows]
05-21 11:02:47.002 1340 1340 W ContextImpl: Calling a method in the system process without a qualified user: android.app.ContextImpl.sendBroadcast:1181 android.content.ContextWrapper.sendBroadcast:479 cn.eben.newweather.DateWeatherService.a:19 cn.eben.newweather.DateWeatherService.a:0 cn.eben.newweather.DateWeatherService$1.handleMessage:7
05-21 11:11:43.837 543 543 I : read descriptors
05-21 11:11:43.837 543 543 I : read strings
05-21 11:11:43.838 1 1 I init : processing action (sys.usb.config=adb && sys.usb.configfs=1 && sys.usb.ffs.ready=1) from (/system/etc/init/hw/init.usb.configfs.rc:20)
05-21 11:02:47.012 627 712 I input_focus: [Focus entering 5ed07c3 com.ebensz.appmanager/com.ebensz.appmanager.MainActivity (server),reason=Window became focusable. Previous reason: NOT_VISIBLE]
05-21 11:02:47.025 3582 3582 W ContextImpl: Calling a method in the system process without a qualified user: android.app.ContextImpl.sendBroadcast:1181 android.content.ContextWrapper.sendBroadcast:479 com.ebensz.appmanager.MainActivity$UpdateAndDownLoadAppsObservable.dispatchUpdateAppsCount:151 com.ebensz.appmanager.MainActivity.onLoadFinished:1059 com.ebensz.appmanager.MainActivity.onLoadFinished:93
05-21 11:02:47.025 627 653 I am_wtf : [0,627,system_server,-1,ActivityManager,Sending non-protected broadcast com.ebensz.appmanager.action.canUpdateAppsCount from system 3582:com.ebensz.appmanager/1000 pkg com.ebensz.appmanager]
05-21 11:02:47.026 627 653 I DropBoxManagerService: add tag=system_server_wtf isTagEnabled=true flags=0x2
05-21 11:02:47.035 627 2411 V InputMethodManagerService: startInputOrWindowGainedFocusInternalLocked: reason=WINDOW_FOCUS_GAIN client=android.os.BinderProxy@3398b1f inputContext=null missingMethods= attribute=android.view.inputmethod.EditorInfo@5b1a7ee startInputFlags=VIEW_HAS_FOCUS|INITIAL_CONNECTION softInputMode=STATE_UNSPECIFIED|ADJUST_NOTHING windowFlags=#81810900 unverifiedTargetSdkVersion=23
05-21 11:02:47.035 627 2411 V InputMethodManagerService: Unspecified window will hide input
05-21 11:02:47.039 627 647 V InputMethodMenuController: Hide switching menu
05-21 11:02:47.042 3582 3582 W ContextImpl: Calling a method in the system process without a qualified user: android.app.ContextImpl.sendBroadcast:1181 android.content.ContextWrapper.sendBroadcast:479 android.content.ContextWrapper.sendBroadcast:479 com.eben.appupdate.utils.Utils.setBadgeOfDefault:263 com.ebensz.appmanager.receiver.UpdateWdjDataReceiver.onReceive:32
05-21 11:02:47.043 627 653 I am_wtf : [0,627,system_server,-1,ActivityManager,Sending non-protected broadcast android.intent.action.BADGE_COUNT_UPDATE from system 3582:com.ebensz.appmanager/1000 pkg com.ebensz.appmanager]
05-21 11:02:47.044 3582 3582 W ContextImpl: Calling a method in the system process without a qualified user: android.app.ContextImpl.startService:1824 android.content.ContextWrapper.startService:774 android.content.ContextWrapper.startService:774 com.ebensz.appmanager.service.WDJDataUpdateService.startUpdateWdjService:67 com.ebensz.appmanager.receiver.UpdateWdjDataReceiver.onReceive:38
05-21 11:02:47.047 627 2411 D InputMethodManagerService: --- calledFromForegroundUserOrSystemProcess ? calling uid = 1000 system uid = 1000 calling userId = 0, foreground user id = 0, calling pid = 0com.android.server.inputmethod.InputMethodManagerService.reportPerceptibleAsync(InputMethodManagerService.java:3162)
05-21 11:02:47.047 627 2411 D InputMethodManagerService: IME window vis: 0 active: 0 inv: 0 displayId: 0
05-21 11:02:47.201 627 647 I wm_destroy_activity: [0,21527275,42,com.ebensz.appmanager/.OnlineAppListActivity,finish-imm:idle]
05-21 11:02:47.218 3582 3582 I wm_on_stop_called: [21527275,com.ebensz.appmanager.OnlineAppListActivity,LIFECYCLER_STOP_ACTIVITY]
05-21 11:02:47.220 3582 3582 I wm_on_destroy_called: [21527275,com.ebensz.appmanager.OnlineAppListActivity,performDestroy]
05-21 11:02:47.744 627 712 I input_interaction: Interaction with: 5ed07c3 com.ebensz.appmanager/com.ebensz.appmanager.MainActivity (server), PointerEventDispatcher0 (server),
05-21 11:02:47.826 627 941 I ActivityTaskManager: START u0 {cmp=com.ebensz.appmanager/.OnlineAppListActivity (has extras)} from uid 1000
05-21 11:02:47.829 627 941 I wm_task_moved: [42,1,9]
05-21 11:02:47.830 627 941 I wm_set_resumed_activity: [0,com.ebensz.appmanager/.MainActivity,positionChildAt]
05-21 11:02:47.830 627 941 I wm_create_activity: [0,163285836,42,com.ebensz.appmanager/.OnlineAppListActivity,NULL,NULL,NULL,0]
05-21 11:02:47.831 627 941 I wm_pause_activity: [0,87386935,com.ebensz.appmanager/.MainActivity,userLeaving=true,resumeTopActivity]
05-21 11:02:47.840 3582 3582 I wm_on_top_resumed_lost_called: [87386935,com.ebensz.appmanager.MainActivity,topStateChangedWhenResumed]
05-21 11:02:47.840 3582 3582 I wm_on_paused_called: [87386935,com.ebensz.appmanager.MainActivity,performPause]
05-21 11:02:47.841 627 642 W ActivityTaskManager: Tried to set launchTime (0) < mLastActivityLaunchTime (2270445)
05-21 11:02:47.841 627 642 I wm_add_to_stopping: [0,87386935,com.ebensz.appmanager/.MainActivity,makeInvisible]
05-21 11:02:47.842 627 642 I wm_restart_activity: [0,163285836,42,com.ebensz.appmanager/.OnlineAppListActivity]
05-21 11:02:47.842 627 642 I wm_set_resumed_activity: [0,com.ebensz.appmanager/.OnlineAppListActivity,minimalResumeActivityLocked]
05-21 11:02:47.844 627 647 V InputMethodMenuController: Hide switching menu
05-21 11:02:47.845 627 647 I sysui_multi_action: [757,803,799,window_time_0,802,1]
05-21 11:02:47.863 3582 3582 I wm_on_create_called: [163285836,com.ebensz.appmanager.OnlineAppListActivity,performCreate]
05-21 11:02:47.864 3582 3582 I wm_on_start_called: [163285836,com.ebensz.appmanager.OnlineAppListActivity,handleStartActivity]
05-21 11:02:47.864 3582 3582 I wm_on_resume_called: [163285836,com.ebensz.appmanager.OnlineAppListActivity,RESUME_ACTIVITY]
05-21 11:02:47.870 627 712 I input_focus: [Focus leaving 5ed07c3 com.ebensz.appmanager/com.ebensz.appmanager.MainActivity (server),reason=NO_WINDOW]
05-21 11:02:47.892 3582 3582 I wm_on_top_resumed_gained_called: [163285836,com.ebensz.appmanager.OnlineAppListActivity,topStateChangedWhenResumed]
05-21 11:02:47.912 3582 3582 W ContextImpl: Calling a method in the system process without a qualified user: android.app.ContextImpl.bindService:1911 android.content.ContextWrapper.bindService:810 com.ebensz.appmanager.views.fragments.OnlineAppListFragment.bindService:339 com.ebensz.appmanager.views.fragments.OnlineAppListFragment.onStart:324 android.app.Fragment.performStart:2531
05-21 11:02:47.918 627 647 V InputMethodMenuController: Hide switching menu
05-21 11:02:47.919 627 648 I input_focus: [Focus request 705749b com.ebensz.appmanager/com.ebensz.appmanager.OnlineAppListActivity,reason=UpdateInputWindows]
05-21 11:02:47.932 627 644 I wm_activity_launch_time: [0,163285836,com.ebensz.appmanager/.OnlineAppListActivity,104]
05-21 11:02:47.943 627 712 I input_focus: [Focus entering 705749b com.ebensz.appmanager/com.ebensz.appmanager.OnlineAppListActivity (server),reason=setFocusedWindow]
05-21 11:02:47.965 627 941 V InputMethodManagerService: startInputOrWindowGainedFocusInternalLocked: reason=WINDOW_FOCUS_GAIN client=android.os.BinderProxy@3398b1f inputContext=null missingMethods= attribute=android.view.inputmethod.EditorInfo@7b18b2 startInputFlags=VIEW_HAS_FOCUS|INITIAL_CONNECTION softInputMode=STATE_UNSPECIFIED|ADJUST_PAN|IS_FORWARD_NAVIGATION windowFlags=#81810100 unverifiedTargetSdkVersion=23
05-21 11:02:47.965 627 941 V InputMethodManagerService: Unspecified window will hide input
05-21 11:02:47.967 627 647 V InputMethodMenuController: Hide switching menu
05-21 11:02:47.969 627 941 D InputMethodManagerService: --- calledFromForegroundUserOrSystemProcess ? calling uid = 1000 system uid = 1000 calling userId = 0, foreground user id = 0, calling pid = 0com.android.server.inputmethod.InputMethodManagerService.reportPerceptibleAsync(InputMethodManagerService.java:3162)
05-21 11:02:47.969 627 941 D InputMethodManagerService: IME window vis: 0 active: 0 inv: 0 displayId: 0
05-21 11:02:48.002 1340 1340 W ContextImpl: Calling a method in the system process without a qualified user: android.app.ContextImpl.sendBroadcast:1181 android.content.ContextWrapper.sendBroadcast:479 cn.eben.newweather.DateWeatherService.a:19 cn.eben.newweather.DateWeatherService.a:0 cn.eben.newweather.DateWeatherService$1.handleMessage:7
05-21 11:11:44.891 543 543 I : read descriptors
05-21 11:11:44.891 543 543 I : read strings
05-21 11:02:48.130 627 647 I wm_stop_activity: [0,87386935,com.ebensz.appmanager/.MainActivity]
05-21 11:02:48.194 3582 3582 I wm_on_stop_called: [87386935,com.ebensz.appmanager.MainActivity,STOP_ACTIVITY_ITEM]
05-21 11:02:48.438 627 1329 E TaskPersister: File error accessing recents directory (directory doesn't exist?).
05-21 11:02:48.612 464 494 I RIL : ---> enter mainloop wait at port
05-21 11:02:48.612 464 494 D RIL-DEV : Get modem info
05-21 11:02:48.613 464 494 D RIL-DEV : [05-21_11:02:48:613] idVendor = 0bda
05-21 11:02:48.613 464 494 D RIL-DEV :
05-21 11:02:48.613 464 494 D RIL-DEV : [05-21_11:02:48:614] idVendor = 05e3
05-21 11:02:48.613 464 494 D RIL-DEV :
05-21 11:02:48.614 464 494 D RIL-DEV : [05-21_11:02:48:614] idVendor = 1d6b
05-21 11:02:48.614 464 494 D RIL-DEV :
05-21 11:02:48.614 464 494 D RIL-DEV : [05-21_11:02:48:615] idVendor = 1d6b
05-21 11:02:48.614 464 494 D RIL-DEV :
05-21 11:02:48.615 464 494 D RIL-DEV : [05-21_11:02:48:615] idVendor = 0bda
05-21 11:02:48.615 464 494 D RIL-DEV :
05-21 11:02:48.615 464 494 D RIL-DEV : [05-21_11:02:48:616] idVendor = 1d6b
05-21 11:02:48.615 464 494 D RIL-DEV :
05-21 11:02:48.615 464 494 D RIL-DEV : [05-21_11:02:48:616] idVendor = 2109
05-21 11:02:48.615 464 494 D RIL-DEV :
05-21 11:02:48.616 464 494 D RIL-DEV : [05-21_11:02:48:616] idVendor = 2109
05-21 11:02:48.616 464 494 D RIL-DEV :
05-21 11:02:48.616 464 494 D RIL-DEV : [05-21_11:02:48:617] idVendor = 1d6b
05-21 11:02:48.616 464 494 D RIL-DEV :
05-21 11:02:48.617 464 494 D RIL-DEV : [05-21_11:02:48:617] idVendor = 0bda
05-21 11:02:48.617 464 494 D RIL-DEV :
05-21 11:02:48.617 464 494 D RIL-DEV : [05-21_11:02:48:617] idVendor = 2109
05-21 11:02:48.617 464 494 D RIL-DEV :
05-21 11:02:48.617 464 494 E RIL-DEV : Cannot find Meig devices
05-21 11:02:48.618 464 494 I RIL : ---> can't find meig usb devices
05-21 11:02:49.003 1340 1340 W ContextImpl: Calling a method in the system process without a qualified user: android.app.ContextImpl.sendBroadcast:1181 android.content.ContextWrapper.sendBroadcast:479 cn.eben.newweather.DateWeatherService.a:19 cn.eben.newweather.DateWeatherService.a:0 cn.eben.newweather.DateWeatherService$1.handleMessage:7
05-21 11:11:45.938 543 543 I : read descriptors
05-21 11:11:45.938 543 543 I : read strings
05-21 11:11:45.940 1 1 I init : processing action (sys.usb.config=adb && sys.usb.configfs=1 && sys.usb.ffs.ready=1) from (/system/etc/init/hw/init.usb.configfs.rc:20)
05-21 11:11:45.942 1 1 I init : Command 'symlink /config/usb_gadget/g1/functions/ffs.adb /config/usb_gadget/g1/configs/b.1/f1' action=sys.usb.config=adb && sys.usb.configfs=1 && sys.usb.ffs.ready=1 (/system/etc/init/hw/init.usb.configfs.rc:22) took 0ms and failed: symlink() failed: File exists
05-21 11:11:45.943 1 1 I init : Command 'write /config/usb_gadget/g1/UDC ${sys.usb.controller}' action=sys.usb.config=adb && sys.usb.configfs=1 && sys.usb.ffs.ready=1 (/system/etc/init/hw/init.usb.configfs.rc:23) took 0ms and failed: Unable to write to file '/config/usb_gadget/g1/UDC': Unable to write file contents: Device or resource busy
05-21 11:02:49.170 627 2411 W ContentProviderHelper: Permission Denial: opening provider com.android.providers.contacts.ContactsProvider2 from ProcessRecord{1933406 1690:cn.eben.sync/u0a44} (pid=1690, uid=10044) requires android.permission.READ_CONTACTS or android.permission.WRITE_CONTACTS
05-21 11:02:49.532 627 712 I input_interaction: Interaction with: 705749b com.ebensz.appmanager/com.ebensz.appmanager.OnlineAppListActivity (server), PointerEventDispatcher0 (server),
05-21 11:02:49.645 627 2411 I wm_finish_activity: [0,163285836,42,com.ebensz.appmanager/.OnlineAppListActivity,app-request]
05-21 11:02:49.658 627 2411 I wm_pause_activity: [0,163285836,com.ebensz.appmanager/.OnlineAppListActivity,userLeaving=false,finish]
05-21 11:02:49.663 3582 3582 I wm_on_top_resumed_lost_called: [163285836,com.ebensz.appmanager.OnlineAppListActivity,topStateChangedWhenResumed]
05-21 11:02:49.663 3582 3582 I wm_on_paused_called: [163285836,com.ebensz.appmanager.OnlineAppListActivity,performPause]
05-21 11:02:49.664 627 642 I wm_add_to_stopping: [0,163285836,com.ebensz.appmanager/.OnlineAppListActivity,completeFinishing]
05-21 11:02:49.666 627 647 V InputMethodMenuController: Hide switching menu
05-21 11:02:49.667 627 642 I wm_set_resumed_activity: [0,com.ebensz.appmanager/.MainActivity,resumeTopActivity]
05-21 11:02:49.669 627 642 I wm_resume_activity: [0,87386935,42,com.ebensz.appmanager/.MainActivity]
05-21 11:02:49.677 627 647 I sysui_multi_action: [757,803,799,window_time_0,802,2]
05-21 11:02:49.703 3582 3582 I wm_on_restart_called: [87386935,com.ebensz.appmanager.MainActivity,performRestartActivity]
05-21 11:02:49.704 3582 3582 I wm_on_start_called: [87386935,com.ebensz.appmanager.MainActivity,handleStartActivity]
05-21 11:02:49.706 3582 3582 I wm_on_resume_called: [87386935,com.ebensz.appmanager.MainActivity,RESUME_ACTIVITY]
05-21 11:02:49.706 3582 3582 I wm_on_top_resumed_gained_called: [87386935,com.ebensz.appmanager.MainActivity,topWhenResuming]
05-21 11:02:49.715 627 712 I input_focus: [Focus leaving 705749b com.ebensz.appmanager/com.ebensz.appmanager.OnlineAppListActivity (server),reason=NO_WINDOW]
05-21 11:02:49.724 627 647 V InputMethodMenuController: Hide switching menu
05-21 11:02:49.729 627 648 I input_focus: [Focus request 5ed07c3 com.ebensz.appmanager/com.ebensz.appmanager.MainActivity,reason=UpdateInputWindows]
05-21 11:02:49.764 627 712 I input_focus: [Focus entering 5ed07c3 com.ebensz.appmanager/com.ebensz.appmanager.MainActivity (server),reason=Window became focusable. Previous reason: NOT_VISIBLE]
05-21 11:02:49.778 3582 3582 W ContextImpl: Calling a method in the system process without a qualified user: android.app.ContextImpl.sendBroadcast:1181 android.content.ContextWrapper.sendBroadcast:479 com.ebensz.appmanager.MainActivity$UpdateAndDownLoadAppsObservable.dispatchUpdateAppsCount:151 com.ebensz.appmanager.MainActivity.onLoadFinished:1059 com.ebensz.appmanager.MainActivity.onLoadFinished:93
05-21 11:02:49.779 627 653 I am_wtf : [0,627,system_server,-1,ActivityManager,Sending non-protected broadcast com.ebensz.appmanager.action.canUpdateAppsCount from system 3582:com.ebensz.appmanager/1000 pkg com.ebensz.appmanager]
05-21 11:02:49.780 627 653 I DropBoxManagerService: add tag=system_server_wtf isTagEnabled=true flags=0x2
05-21 11:02:49.781 627 2411 V InputMethodManagerService: startInputOrWindowGainedFocusInternalLocked: reason=WINDOW_FOCUS_GAIN client=android.os.BinderProxy@3398b1f inputContext=null missingMethods= attribute=android.view.inputmethod.EditorInfo@8e02499 startInputFlags=VIEW_HAS_FOCUS|INITIAL_CONNECTION softInputMode=STATE_UNSPECIFIED|ADJUST_NOTHING windowFlags=#81810900 unverifiedTargetSdkVersion=23
05-21 11:02:49.781 627 2411 V InputMethodManagerService: Unspecified window will hide input
05-21 11:02:49.783 627 647 V InputMethodMenuController: Hide switching menu
05-21 11:02:49.791 3582 3582 W ContextImpl: Calling a method in the system process without a qualified user: android.app.ContextImpl.sendBroadcast:1181 android.content.ContextWrapper.sendBroadcast:479 android.content.ContextWrapper.sendBroadcast:479 com.eben.appupdate.utils.Utils.setBadgeOfDefault:263 com.ebensz.appmanager.receiver.UpdateWdjDataReceiver.onReceive:32
05-21 11:02:49.792 627 653 I am_wtf : [0,627,system_server,-1,ActivityManager,Sending non-protected broadcast android.intent.action.BADGE_COUNT_UPDATE from system 3582:com.ebensz.appmanager/1000 pkg com.ebensz.appmanager]
05-21 11:02:49.792 3582 3582 W ContextImpl: Calling a method in the system process without a qualified user: android.app.ContextImpl.startService:1824 android.content.ContextWrapper.startService:774 android.content.ContextWrapper.startService:774 com.ebensz.appmanager.service.WDJDataUpdateService.startUpdateWdjService:67 com.ebensz.appmanager.receiver.UpdateWdjDataReceiver.onReceive:38
05-21 11:02:49.793 627 653 I DropBoxManagerService: add tag=system_server_wtf isTagEnabled=true flags=0x2
05-21 11:02:49.800 627 941 D InputMethodManagerService: --- calledFromForegroundUserOrSystemProcess ? calling uid = 1000 system uid = 1000 calling userId = 0, foreground user id = 0, calling pid = 0com.android.server.inputmethod.InputMethodManagerService.reportPerceptibleAsync(InputMethodManagerService.java:3162)
05-21 11:02:49.800 627 941 D InputMethodManagerService: IME window vis: 0 active: 0 inv: 0 displayId: 0
05-21 11:02:49.947 627 647 I wm_destroy_activity: [0,163285836,42,com.ebensz.appmanager/.OnlineAppListActivity,finish-imm:idle]
05-21 11:02:49.973 3582 3582 I wm_on_stop_called: [163285836,com.ebensz.appmanager.OnlineAppListActivity,LIFECYCLER_STOP_ACTIVITY]
05-21 11:02:49.975 3582 3582 I wm_on_destroy_called: [163285836,com.ebensz.appmanager.OnlineAppListActivity,performDestroy]
05-21 11:02:50.001 1340 1340 W ContextImpl: Calling a method in the system process without a qualified user: android.app.ContextImpl.sendBroadcast:1181 android.content.ContextWrapper.sendBroadcast:479 cn.eben.newweather.DateWeatherService.a:19 cn.eben.newweather.DateWeatherService.a:0 cn.eben.newweather.DateWeatherService$1.handleMessage:7
05-21 11:11:46.994 543 543 I : read descriptors
05-21 11:11:46.995 543 543 I : read strings
05-21 11:11:46.996 1 1 I init : processing action (sys.usb.config=adb && sys.usb.configfs=1 && sys.usb.ffs.ready=1) from (/system/etc/init/hw/init.usb.configfs.rc:20)
05-21 11:11:46.999 1 1 I init : Command 'symlink /config/usb_gadget/g1/functions/ffs.adb /config/usb_gadget/g1/configs/b.1/f1' action=sys.usb.config=adb && sys.usb.configfs=1 && sys.usb.ffs.ready=1 (/system/etc/init/hw/init.usb.configfs.rc:22) took 0ms and failed: symlink() failed: File exists
05-21 11:11:47.000 1 1 I init : Command 'write /config/usb_gadget/g1/UDC ${sys.usb.controller}' action=sys.usb.config=adb && sys.usb.configfs=1 && sys.usb.ffs.ready=1 (/system/etc/init/hw/init.usb.configfs.rc:23) took 0ms and failed: Unable to write to file '/config/usb_gadget/g1/UDC': Unable to write file contents: Device or resource busy
05-21 11:02:50.618 464 494 I RIL : ---> enter mainloop wait at port
05-21 11:02:50.618 464 494 D RIL-DEV : Get modem info
05-21 11:02:50.619 464 494 D RIL-DEV : [05-21_11:02:50:619] idVendor = 0bda
05-21 11:02:50.619 464 494 D RIL-DEV :
05-21 11:02:50.619 464 494 D RIL-DEV : [05-21_11:02:50:620] idVendor = 05e3
05-21 11:02:50.619 464 494 D RIL-DEV :
05-21 11:02:50.620 464 494 D RIL-DEV : [05-21_11:02:50:620] idVendor = 1d6b
05-21 11:02:50.620 464 494 D RIL-DEV :
05-21 11:02:50.620 464 494 D RIL-DEV : [05-21_11:02:50:620] idVendor = 1d6b
05-21 11:02:50.620 464 494 D RIL-DEV :
05-21 11:02:50.620 464 494 D RIL-DEV : [05-21_11:02:50:621] idVendor = 0bda
05-21 11:02:50.620 464 494 D RIL-DEV :
05-21 11:02:50.621 464 494 D RIL-DEV : [05-21_11:02:50:622] idVendor = 1d6b
05-21 11:02:50.621 464 494 D RIL-DEV :
05-21 11:02:50.621 464 494 D RIL-DEV : [05-21_11:02:50:622] idVendor = 2109
05-21 11:02:50.621 464 494 D RIL-DEV :
05-21 11:02:50.622 464 494 D RIL-DEV : [05-21_11:02:50:622] idVendor = 2109
05-21 11:02:50.622 464 494 D RIL-DEV :
05-21 11:02:50.622 464 494 D RIL-DEV : [05-21_11:02:50:623] idVendor = 1d6b
05-21 11:02:50.622 464 494 D RIL-DEV :
05-21 11:02:50.622 464 494 D RIL-DEV : [05-21_11:02:50:623] idVendor = 0bda
05-21 11:02:50.622 464 494 D RIL-DEV :
05-21 11:02:50.623 464 494 D RIL-DEV : [05-21_11:02:50:623] idVendor = 2109
05-21 11:02:50.623 464 494 D RIL-DEV :
05-21 11:02:50.623 464 494 E RIL-DEV : Cannot find Meig devices
05-21 11:02:50.623 464 494 I RIL : ---> can't find meig usb devices
05-21 11:02:50.943 627 712 I input_interaction: Interaction with: 5ed07c3 com.ebensz.appmanager/com.ebensz.appmanager.MainActivity (server), PointerEventDispatcher0 (server),
05-21 11:02:51.002 1340 1340 W ContextImpl: Calling a method in the system process without a qualified user: android.app.ContextImpl.sendBroadcast:1181 android.content.ContextWrapper.sendBroadcast:479 cn.eben.newweather.DateWeatherService.a:19 cn.eben.newweather.DateWeatherService.a:0 cn.eben.newweather.DateWeatherService$1.handleMessage:7
05-21 11:02:51.032 627 2063 I ActivityTaskManager: START u0 {cmp=com.ebensz.appmanager/.OnlineAppListActivity (has extras)} from uid 1000
05-21 11:02:51.036 627 2063 I wm_task_moved: [42,1,9]
05-21 11:02:51.037 627 2063 I wm_set_resumed_activity: [0,com.ebensz.appmanager/.MainActivity,positionChildAt]
05-21 11:02:51.037 627 2063 I wm_create_activity: [0,228682315,42,com.ebensz.appmanager/.OnlineAppListActivity,NULL,NULL,NULL,0]
05-21 11:02:51.038 627 2063 I wm_pause_activity: [0,87386935,com.ebensz.appmanager/.MainActivity,userLeaving=true,resumeTopActivity]
05-21 11:02:51.044 3582 3582 I wm_on_top_resumed_lost_called: [87386935,com.ebensz.appmanager.MainActivity,topStateChangedWhenResumed]
05-21 11:02:51.044 3582 3582 I wm_on_paused_called: [87386935,com.ebensz.appmanager.MainActivity,performPause]
05-21 11:02:51.045 627 642 W ActivityTaskManager: Tried to set launchTime (0) < mLastActivityLaunchTime (2272684)
05-21 11:02:51.045 627 642 I wm_add_to_stopping: [0,87386935,com.ebensz.appmanager/.MainActivity,makeInvisible]
05-21 11:02:51.045 627 642 I wm_restart_activity: [0,228682315,42,com.ebensz.appmanager/.OnlineAppListActivity]
05-21 11:02:51.046 627 642 I wm_set_resumed_activity: [0,com.ebensz.appmanager/.OnlineAppListActivity,minimalResumeActivityLocked]
05-21 11:02:51.049 627 647 V InputMethodMenuController: Hide switching menu
05-21 11:02:51.049 627 647 I sysui_multi_action: [757,803,799,window_time_0,802,2]
05-21 11:02:51.068 3582 3582 I wm_on_create_called: [228682315,com.ebensz.appmanager.OnlineAppListActivity,performCreate]
05-21 11:02:51.068 3582 3582 I wm_on_start_called: [228682315,com.ebensz.appmanager.OnlineAppListActivity,handleStartActivity]
05-21 11:02:51.068 3582 3582 I wm_on_resume_called: [228682315,com.ebensz.appmanager.OnlineAppListActivity,RESUME_ACTIVITY]
05-21 11:02:51.074 627 712 I input_focus: [Focus leaving 5ed07c3 com.ebensz.appmanager/com.ebensz.appmanager.MainActivity (server),reason=NO_WINDOW]
05-21 11:02:51.078 3582 3582 I wm_on_top_resumed_gained_called: [228682315,com.ebensz.appmanager.OnlineAppListActivity,topStateChangedWhenResumed]
05-21 11:02:51.097 3582 3582 W ContextImpl: Calling a method in the system process without a qualified user: android.app.ContextImpl.bindService:1911 android.content.ContextWrapper.bindService:810 com.ebensz.appmanager.views.fragments.OnlineAppListFragment.bindService:339 com.ebensz.appmanager.views.fragments.OnlineAppListFragment.onStart:324 android.app.Fragment.performStart:2531
05-21 11:02:51.103 627 647 V InputMethodMenuController: Hide switching menu
05-21 11:02:51.105 627 648 I input_focus: [Focus request ad262e6 com.ebensz.appmanager/com.ebensz.appmanager.OnlineAppListActivity,reason=UpdateInputWindows]
05-21 11:02:51.118 627 644 I wm_activity_launch_time: [0,228682315,com.ebensz.appmanager/.OnlineAppListActivity,86]
05-21 11:02:51.130 627 712 I input_focus: [Focus entering ad262e6 com.ebensz.appmanager/com.ebensz.appmanager.OnlineAppListActivity (server),reason=setFocusedWindow]
05-21 11:02:51.133 627 2063 V InputMethodManagerService: startInputOrWindowGainedFocusInternalLocked: reason=WINDOW_FOCUS_GAIN client=android.os.BinderProxy@3398b1f inputContext=null missingMethods= attribute=android.view.inputmethod.EditorInfo@146f122 startInputFlags=VIEW_HAS_FOCUS|INITIAL_CONNECTION softInputMode=STATE_UNSPECIFIED|ADJUST_PAN|IS_FORWARD_NAVIGATION windowFlags=#81810100 unverifiedTargetSdkVersion=23
05-21 11:02:51.134 627 2063 V InputMethodManagerService: Unspecified window will hide input
05-21 11:02:51.135 627 647 V InputMethodMenuController: Hide switching menu
05-21 11:02:51.136 627 2063 D InputMethodManagerService: --- calledFromForegroundUserOrSystemProcess ? calling uid = 1000 system uid = 1000 calling userId = 0, foreground user id = 0, calling pid = 0com.android.server.inputmethod.InputMethodManagerService.reportPerceptibleAsync(InputMethodManagerService.java:3162)
05-21 11:02:51.136 627 2063 D InputMethodManagerService: IME window vis: 0 active: 0 inv: 0 displayId: 0
05-21 11:11:48.067 543 543 I : read descriptors
05-21 11:11:48.067 543 543 I : read strings
05-21 11:11:48.069 1 1 I init : processing action (sys.usb.config=adb && sys.usb.configfs=1 && sys.usb.ffs.ready=1) from (/system/etc/init/hw/init.usb.configfs.rc:20)
05-21 11:11:48.070 1 1 I init : Command 'symlink /config/usb_gadget/g1/functions/ffs.adb /config/usb_gadget/g1/configs/b.1/f1' action=sys.usb.config=adb && sys.usb.configfs=1 && sys.usb.ffs.ready=1 (/system/etc/init/hw/init.usb.configfs.rc:22) took 0ms and failed: symlink() failed: File exists
05-21 11:11:48.071 1 1 I init : Command 'write /config/usb_gadget/g1/UDC ${sys.usb.controller}' action=sys.usb.config=adb && sys.usb.configfs=1 && sys.usb.ffs.ready=1 (/system/etc/init/hw/init.usb.configfs.rc:23) took 0ms and failed: Unable to write to file '/config/usb_gadget/g1/UDC': Unable to write file contents: Device or resource busy
05-21 11:02:51.316 627 647 I wm_stop_activity: [0,87386935,com.ebensz.appmanager/.MainActivity]
05-21 11:02:51.339 3582 3582 I wm_on_stop_called: [87386935,com.ebensz.appmanager.MainActivity,STOP_ACTIVITY_ITEM]
05-21 11:02:52.002 1340 1340 W ContextImpl: Calling a method in the system process without a qualified user: android.app.ContextImpl.sendBroadcast:1181 android.content.ContextWrapper.sendBroadcast:479 cn.eben.newweather.DateWeatherService.a:19 cn.eben.newweather.DateWeatherService.a:0 cn.eben.newweather.DateWeatherService$1.handleMessage:7
05-21 11:11:49.115 543 543 I : read descriptors
05-21 11:11:49.115 543 543 I : read strings
05-21 11:11:49.117 1 1 I init : processing action (sys.usb.config=adb && sys.usb.configfs=1 && sys.usb.ffs.ready=1) from (/system/etc/init/hw/init.usb.configfs.rc:20)
05-21 11:02:52.624 464 494 I RIL : ---> enter mainloop wait at port
05-21 11:02:52.624 464 494 D RIL-DEV : Get modem info
05-21 11:02:52.625 464 494 D RIL-DEV : [05-21_11:02:52:625] idVendor = 0bda
05-21 11:02:52.625 464 494 D RIL-DEV :
05-21 11:02:52.625 464 494 D RIL-DEV : [05-21_11:02:52:626] idVendor = 05e3
05-21 11:02:52.625 464 494 D RIL-DEV :
05-21 11:02:52.626 464 494 D RIL-DEV : [05-21_11:02:52:626] idVendor = 1d6b
05-21 11:02:52.626 464 494 D RIL-DEV :
05-21 11:02:52.626 464 494 D RIL-DEV : [05-21_11:02:52:626] idVendor = 1d6b
05-21 11:02:52.626 464 494 D RIL-DEV :
05-21 11:02:52.626 464 494 D RIL-DEV : [05-21_11:02:52:627] idVendor = 0bda
05-21 11:02:52.626 464 494 D RIL-DEV :
05-21 11:02:52.627 464 494 D RIL-DEV : [05-21_11:02:52:627] idVendor = 1d6b
05-21 11:02:52.627 464 494 D RIL-DEV :
05-21 11:02:52.627 464 494 D RIL-DEV : [05-21_11:02:52:627] idVendor = 2109
05-21 11:02:52.627 464 494 D RIL-DEV :
05-21 11:02:52.627 464 494 D RIL-DEV : [05-21_11:02:52:628] idVendor = 2109
05-21 11:02:52.627 464 494 D RIL-DEV :
05-21 11:02:52.628 464 494 D RIL-DEV : [05-21_11:02:52:628] idVendor = 1d6b
05-21 11:02:52.628 464 494 D RIL-DEV :
05-21 11:02:52.628 464 494 D RIL-DEV : [05-21_11:02:52:628] idVendor = 0bda
05-21 11:02:52.628 464 494 D RIL-DEV :
05-21 11:02:52.628 464 494 D RIL-DEV : [05-21_11:02:52:629] idVendor = 2109
05-21 11:02:52.628 464 494 D RIL-DEV :
05-21 11:02:52.629 464 494 E RIL-DEV : Cannot find Meig devices
05-21 11:02:52.629 464 494 I RIL : ---> can't find meig usb devices
05-21 11:02:53.002 1340 1340 W ContextImpl: Calling a method in the system process without a qualified user: android.app.ContextImpl.sendBroadcast:1181 android.content.ContextWrapper.sendBroadcast:479 cn.eben.newweather.DateWeatherService.a:19 cn.eben.newweather.DateWeatherService.a:0 cn.eben.newweather.DateWeatherService$1.handleMessage:7
05-21 11:02:53.015 627 712 I input_interaction: Interaction with: ad262e6 com.ebensz.appmanager/com.ebensz.appmanager.OnlineAppListActivity (server), PointerEventDispatcher0 (server),
05-21 11:11:50.178 543 543 I : read descriptors
05-21 11:11:50.178 543 543 I : read strings
05-21 11:02:53.500 627 1329 E TaskPersister: File error accessing recents directory (directory doesn't exist?).
