05-21 10:56:50.662 627 647 V InputMethodMenuController: Hide switching menu
05-21 10:56:50.664 627 945 D InputMethodManagerService: --- calledFromForegroundUserOrSystemProcess ? calling uid = 1000 system uid = 1000 calling userId = 0, foreground user id = 0, calling pid = 0com.android.server.inputmethod.InputMethodManagerService.reportPerceptibleAsync(InputMethodManagerService.java:3162)
05-21 10:56:50.664 627 945 D InputMethodManagerService: IME window vis: 0 active: 0 inv: 0 displayId: 0
05-21 10:56:51.002 1340 1340 W ContextImpl: Calling a method in the system process without a qualified user: android.app.ContextImpl.sendBroadcast:1181 android.content.ContextWrapper.sendBroadcast:479 cn.eben.newweather.DateWeatherService.a:19 cn.eben.newweather.DateWeatherService.a:0 cn.eben.newweather.DateWeatherService$1.handleMessage:7
05-21 11:05:47.921 543 543 I : read descriptors
05-21 11:05:47.921 543 543 I : read strings
05-21 11:05:47.923 1 1 I init : processing action (sys.usb.config=adb && sys.usb.configfs=1 && sys.usb.ffs.ready=1) from (/system/etc/init/hw/init.usb.configfs.rc:20)
05-21 11:05:47.925 1 1 I init : Command 'symlink /config/usb_gadget/g1/functions/ffs.adb /config/usb_gadget/g1/configs/b.1/f1' action=sys.usb.config=adb && sys.usb.configfs=1 && sys.usb.ffs.ready=1 (/system/etc/init/hw/init.usb.configfs.rc:22) took 0ms and failed: symlink() failed: File exists
05-21 11:05:47.926 1 1 I init : Command 'write /config/usb_gadget/g1/UDC ${sys.usb.controller}' action=sys.usb.config=adb && sys.usb.configfs=1 && sys.usb.ffs.ready=1 (/system/etc/init/hw/init.usb.configfs.rc:23) took 0ms and failed: Unable to write to file '/config/usb_gadget/g1/UDC': Unable to write file contents: Device or resource busy
05-21 10:56:51.702 464 494 I RIL : ---> enter mainloop wait at port
05-21 10:56:51.702 464 494 D RIL-DEV : Get modem info
05-21 10:56:51.703 464 494 D RIL-DEV : [05-21_10:56:51:703] idVendor = 0bda
05-21 10:56:51.703 464 494 D RIL-DEV :
05-21 10:56:51.703 464 494 D RIL-DEV : [05-21_10:56:51:704] idVendor = 05e3
05-21 10:56:51.703 464 494 D RIL-DEV :
05-21 10:56:51.704 464 494 D RIL-DEV : [05-21_10:56:51:704] idVendor = 1d6b
05-21 10:56:51.704 464 494 D RIL-DEV :
05-21 10:56:51.704 464 494 D RIL-DEV : [05-21_10:56:51:704] idVendor = 1d6b
05-21 10:56:51.704 464 494 D RIL-DEV :
05-21 10:56:51.704 464 494 D RIL-DEV : [05-21_10:56:51:705] idVendor = 0bda
05-21 10:56:51.704 464 494 D RIL-DEV :
05-21 10:56:51.705 464 494 D RIL-DEV : [05-21_10:56:51:705] idVendor = 1d6b
05-21 10:56:51.705 464 494 D RIL-DEV :
05-21 10:56:51.705 464 494 D RIL-DEV : [05-21_10:56:51:705] idVendor = 2109
05-21 10:56:51.705 464 494 D RIL-DEV :
05-21 10:56:51.705 464 494 D RIL-DEV : [05-21_10:56:51:706] idVendor = 2109
05-21 10:56:51.705 464 494 D RIL-DEV :
05-21 10:56:51.706 464 494 D RIL-DEV : [05-21_10:56:51:706] idVendor = 1d6b
05-21 10:56:51.706 464 494 D RIL-DEV :
05-21 10:56:51.706 464 494 D RIL-DEV : [05-21_10:56:51:706] idVendor = 0bda
05-21 10:56:51.706 464 494 D RIL-DEV :
05-21 10:56:51.706 464 494 D RIL-DEV : [05-21_10:56:51:707] idVendor = 2109
05-21 10:56:51.706 464 494 D RIL-DEV :
05-21 10:56:51.706 464 494 E RIL-DEV : Cannot find Meig devices
05-21 10:56:51.707 464 494 I RIL : ---> can't find meig usb devices
05-21 10:56:51.799 627 647 V InputMethodMenuController: Hide switching menu
05-21 10:56:51.822 627 647 V InputMethodMenuController: Hide switching menu
05-21 10:56:51.860 3582 3582 W ContextImpl: Calling a method in the system process without a qualified user: android.app.ContextImpl.sendBroadcast:1181 android.content.ContextWrapper.sendBroadcast:479 com.ebensz.appmanager.MainActivity$UpdateAndDownLoadAppsObservable.dispatchUpdateAppsCount:151 com.ebensz.appmanager.MainActivity.onLoadFinished:1059 com.ebensz.appmanager.MainActivity.onLoadFinished:93
05-21 10:56:51.864 627 653 I DropBoxManagerService: add tag=system_server_wtf isTagEnabled=true flags=0x2
05-21 10:56:51.879 627 945 V InputMethodManagerService: startInputOrWindowGainedFocusInternalLocked: reason=WINDOW_FOCUS_GAIN client=android.os.BinderProxy@3398b1f inputContext=null missingMethods= attribute=android.view.inputmethod.EditorInfo@f6a7d7d startInputFlags=VIEW_HAS_FOCUS|INITIAL_CONNECTION softInputMode=STATE_UNSPECIFIED|ADJUST_NOTHING windowFlags=#81810900 unverifiedTargetSdkVersion=23
05-21 10:56:51.880 627 945 V InputMethodManagerService: Unspecified window will hide input
05-21 10:56:51.883 3582 3582 W ContextImpl: Calling a method in the system process without a qualified user: android.app.ContextImpl.sendBroadcast:1181 android.content.ContextWrapper.sendBroadcast:479 android.content.ContextWrapper.sendBroadcast:479 com.eben.appupdate.utils.Utils.setBadgeOfDefault:263 com.ebensz.appmanager.receiver.UpdateWdjDataReceiver.onReceive:32
05-21 10:56:51.885 3582 3582 W ContextImpl: Calling a method in the system process without a qualified user: android.app.ContextImpl.startService:1824 android.content.ContextWrapper.startService:774 android.content.ContextWrapper.startService:774 com.ebensz.appmanager.service.WDJDataUpdateService.startUpdateWdjService:67 com.ebensz.appmanager.receiver.UpdateWdjDataReceiver.onReceive:38
05-21 10:56:51.885 627 653 I DropBoxManagerService: add tag=system_server_wtf isTagEnabled=true flags=0x2
05-21 10:56:51.889 627 647 V InputMethodMenuController: Hide switching menu
05-21 10:56:51.893 627 945 D InputMethodManagerService: --- calledFromForegroundUserOrSystemProcess ? calling uid = 1000 system uid = 1000 calling userId = 0, foreground user id = 0, calling pid = 0com.android.server.inputmethod.InputMethodManagerService.reportPerceptibleAsync(InputMethodManagerService.java:3162)
05-21 10:56:51.893 627 945 D InputMethodManagerService: IME window vis: 0 active: 0 inv: 0 displayId: 0
05-21 10:56:52.001 1340 1340 W ContextImpl: Calling a method in the system process without a qualified user: android.app.ContextImpl.sendBroadcast:1181 android.content.ContextWrapper.sendBroadcast:479 cn.eben.newweather.DateWeatherService.a:19 cn.eben.newweather.DateWeatherService.a:0 cn.eben.newweather.DateWeatherService$1.handleMessage:7
05-21 11:05:48.975 543 543 I : read descriptors
05-21 11:05:48.975 543 543 I : read strings
05-21 11:05:48.976 1 1 I init : processing action (sys.usb.config=adb && sys.usb.configfs=1 && sys.usb.ffs.ready=1) from (/system/etc/init/hw/init.usb.configfs.rc:20)
05-21 11:05:48.978 1 1 I init : Command 'symlink /config/usb_gadget/g1/functions/ffs.adb /config/usb_gadget/g1/configs/b.1/f1' action=sys.usb.config=adb && sys.usb.configfs=1 && sys.usb.ffs.ready=1 (/system/etc/init/hw/init.usb.configfs.rc:22) took 0ms and failed: symlink() failed: File exists
05-21 11:05:48.978 1 1 I init : Command 'write /config/usb_gadget/g1/UDC ${sys.usb.controller}' action=sys.usb.config=adb && sys.usb.configfs=1 && sys.usb.ffs.ready=1 (/system/etc/init/hw/init.usb.configfs.rc:23) took 0ms and failed: Unable to write to file '/config/usb_gadget/g1/UDC': Unable to write file contents: Device or resource busy
05-21 10:56:52.689 627 945 I ActivityTaskManager: START u0 {cmp=com.ebensz.appmanager/.OnlineAppListActivity (has extras)} from uid 1000
05-21 10:56:52.701 627 2426 W ActivityTaskManager: Tried to set launchTime (0) < mLastActivityLaunchTime (1915423)
05-21 10:56:52.705 627 647 V InputMethodMenuController: Hide switching menu
05-21 10:56:52.749 3582 3582 W ContextImpl: Calling a method in the system process without a qualified user: android.app.ContextImpl.bindService:1911 android.content.ContextWrapper.bindService:810 com.ebensz.appmanager.views.fragments.OnlineAppListFragment.bindService:339 com.ebensz.appmanager.views.fragments.OnlineAppListFragment.onStart:324 android.app.Fragment.performStart:2531
05-21 10:56:52.760 627 647 V InputMethodMenuController: Hide switching menu
05-21 10:56:52.834 627 945 V InputMethodManagerService: startInputOrWindowGainedFocusInternalLocked: reason=WINDOW_FOCUS_GAIN client=android.os.BinderProxy@3398b1f inputContext=null missingMethods= attribute=android.view.inputmethod.EditorInfo@956491 startInputFlags=VIEW_HAS_FOCUS|INITIAL_CONNECTION softInputMode=STATE_UNSPECIFIED|ADJUST_PAN|IS_FORWARD_NAVIGATION windowFlags=#81810100 unverifiedTargetSdkVersion=23
05-21 10:56:52.835 627 945 V InputMethodManagerService: Unspecified window will hide input
05-21 10:56:52.837 627 647 V InputMethodMenuController: Hide switching menu
05-21 10:56:52.852 627 945 D InputMethodManagerService: --- calledFromForegroundUserOrSystemProcess ? calling uid = 1000 system uid = 1000 calling userId = 0, foreground user id = 0, calling pid = 0com.android.server.inputmethod.InputMethodManagerService.reportPerceptibleAsync(InputMethodManagerService.java:3162)
05-21 10:56:52.852 627 945 D InputMethodManagerService: IME window vis: 0 active: 0 inv: 0 displayId: 0
05-21 10:56:53.001 1340 1340 W ContextImpl: Calling a method in the system process without a qualified user: android.app.ContextImpl.sendBroadcast:1181 android.content.ContextWrapper.sendBroadcast:479 cn.eben.newweather.DateWeatherService.a:19 cn.eben.newweather.DateWeatherService.a:0 cn.eben.newweather.DateWeatherService$1.handleMessage:7
05-21 11:05:50.018 543 543 I : read descriptors
05-21 11:05:50.018 543 543 I : read strings
05-21 11:05:50.020 1 1 I init : processing action (sys.usb.config=adb && sys.usb.configfs=1 && sys.usb.ffs.ready=1) from (/system/etc/init/hw/init.usb.configfs.rc:20)
05-21 11:05:50.021 1 1 I init : Command 'symlink /config/usb_gadget/g1/functions/ffs.adb /config/usb_gadget/g1/configs/b.1/f1' action=sys.usb.config=adb && sys.usb.configfs=1 && sys.usb.ffs.ready=1 (/system/etc/init/hw/init.usb.configfs.rc:22) took 0ms and failed: symlink() failed: File exists
05-21 11:05:50.021 1 1 I init : Command 'write /config/usb_gadget/g1/UDC ${sys.usb.controller}' action=sys.usb.config=adb && sys.usb.configfs=1 && sys.usb.ffs.ready=1 (/system/etc/init/hw/init.usb.configfs.rc:23) took 0ms and failed: Unable to write to file '/config/usb_gadget/g1/UDC': Unable to write file contents: Device or resource busy
05-21 10:56:53.580 627 1329 E TaskPersister: File error accessing recents directory (directory doesn't exist?).
05-21 10:56:53.707 464 494 I RIL : ---> enter mainloop wait at port
05-21 10:56:53.707 464 494 D RIL-DEV : Get modem info
05-21 10:56:53.707 464 494 D RIL-DEV : [05-21_10:56:53:708] idVendor = 0bda
05-21 10:56:53.707 464 494 D RIL-DEV :
05-21 10:56:53.707 464 494 D RIL-DEV : [05-21_10:56:53:708] idVendor = 05e3
05-21 10:56:53.707 464 494 D RIL-DEV :
05-21 10:56:53.708 464 494 D RIL-DEV : [05-21_10:56:53:708] idVendor = 1d6b
05-21 10:56:53.708 464 494 D RIL-DEV :
05-21 10:56:53.708 464 494 D RIL-DEV : [05-21_10:56:53:708] idVendor = 1d6b
05-21 10:56:53.708 464 494 D RIL-DEV :
05-21 10:56:53.708 464 494 D RIL-DEV : [05-21_10:56:53:708] idVendor = 0bda
05-21 10:56:53.708 464 494 D RIL-DEV :
05-21 10:56:53.708 464 494 D RIL-DEV : [05-21_10:56:53:708] idVendor = 1d6b
05-21 10:56:53.708 464 494 D RIL-DEV :
05-21 10:56:53.708 464 494 D RIL-DEV : [05-21_10:56:53:709] idVendor = 2109
05-21 10:56:53.708 464 494 D RIL-DEV :
05-21 10:56:53.708 464 494 D RIL-DEV : [05-21_10:56:53:709] idVendor = 2109
05-21 10:56:53.708 464 494 D RIL-DEV :
05-21 10:56:53.708 464 494 D RIL-DEV : [05-21_10:56:53:709] idVendor = 1d6b
05-21 10:56:53.708 464 494 D RIL-DEV :
05-21 10:56:53.709 464 494 D RIL-DEV : [05-21_10:56:53:709] idVendor = 0bda
05-21 10:56:53.709 464 494 D RIL-DEV :
05-21 10:56:53.709 464 494 D RIL-DEV : [05-21_10:56:53:709] idVendor = 2109
05-21 10:56:53.709 464 494 D RIL-DEV :
05-21 10:56:53.709 464 494 E RIL-DEV : Cannot find Meig devices
05-21 10:56:53.709 464 494 I RIL : ---> can't find meig usb devices
05-21 10:56:53.809 627 2426 W ContentProviderHelper: Permission Denial: opening provider com.android.providers.contacts.ContactsProvider2 from ProcessRecord{1933406 1690:cn.eben.sync/u0a44} (pid=1690, uid=10044) requires android.permission.READ_CONTACTS or android.permission.WRITE_CONTACTS
05-21 10:56:54.002 1340 1340 W ContextImpl: Calling a method in the system process without a qualified user: android.app.ContextImpl.sendBroadcast:1181 android.content.ContextWrapper.sendBroadcast:479 cn.eben.newweather.DateWeatherService.a:19 cn.eben.newweather.DateWeatherService.a:0 cn.eben.newweather.DateWeatherService$1.handleMessage:7
05-21 11:05:51.081 543 543 I : read descriptors
05-21 11:05:51.081 543 543 I : read strings
05-21 11:05:51.083 1 1 I init : processing action (sys.usb.config=adb && sys.usb.configfs=1 && sys.usb.ffs.ready=1) from (/system/etc/init/hw/init.usb.configfs.rc:20)
05-21 10:56:55.001 1340 1340 W ContextImpl: Calling a method in the system process without a qualified user: android.app.ContextImpl.sendBroadcast:1181 android.content.ContextWrapper.sendBroadcast:479 cn.eben.newweather.DateWeatherService.a:19 cn.eben.newweather.DateWeatherService.a:0 cn.eben.newweather.DateWeatherService$1.handleMessage:7
05-21 11:05:52.125 543 543 I : read descriptors
05-21 11:05:52.125 543 543 I : read strings
05-21 10:56:55.709 464 494 I RIL : ---> enter mainloop wait at port
05-21 10:56:55.709 464 494 D RIL-DEV : Get modem info
05-21 10:56:55.710 464 494 D RIL-DEV : [05-21_10:56:55:711] idVendor = 0bda
05-21 10:56:55.710 464 494 D RIL-DEV :
05-21 10:56:55.711 464 494 D RIL-DEV : [05-21_10:56:55:711] idVendor = 05e3
05-21 10:56:55.711 464 494 D RIL-DEV :
05-21 10:56:55.711 464 494 D RIL-DEV : [05-21_10:56:55:711] idVendor = 1d6b
05-21 10:56:55.711 464 494 D RIL-DEV :
05-21 10:56:55.711 464 494 D RIL-DEV : [05-21_10:56:55:712] idVendor = 1d6b
05-21 10:56:55.711 464 494 D RIL-DEV :
05-21 10:56:55.712 464 494 D RIL-DEV : [05-21_10:56:55:712] idVendor = 0bda
05-21 10:56:55.712 464 494 D RIL-DEV :
05-21 10:56:55.712 464 494 D RIL-DEV : [05-21_10:56:55:713] idVendor = 1d6b
05-21 10:56:55.712 464 494 D RIL-DEV :
05-21 10:56:55.712 464 494 D RIL-DEV : [05-21_10:56:55:713] idVendor = 2109
05-21 10:56:55.712 464 494 D RIL-DEV :
05-21 10:56:55.713 464 494 D RIL-DEV : [05-21_10:56:55:713] idVendor = 2109
05-21 10:56:55.713 464 494 D RIL-DEV :
05-21 10:56:55.713 464 494 D RIL-DEV : [05-21_10:56:55:713] idVendor = 1d6b
05-21 10:56:55.713 464 494 D RIL-DEV :
05-21 10:56:55.713 464 494 D RIL-DEV : [05-21_10:56:55:714] idVendor = 0bda
05-21 10:56:55.713 464 494 D RIL-DEV :
05-21 10:56:55.714 464 494 D RIL-DEV : [05-21_10:56:55:714] idVendor = 2109
05-21 10:56:55.714 464 494 D RIL-DEV :
05-21 10:56:55.714 464 494 E RIL-DEV : Cannot find Meig devices
05-21 10:56:55.715 464 494 I RIL : ---> can't find meig usb devices
05-21 10:56:56.002 1340 1340 W ContextImpl: Calling a method in the system process without a qualified user: android.app.ContextImpl.sendBroadcast:1181 android.content.ContextWrapper.sendBroadcast:479 cn.eben.newweather.DateWeatherService.a:19 cn.eben.newweather.DateWeatherService.a:0 cn.eben.newweather.DateWeatherService$1.handleMessage:7
05-21 11:05:53.175 543 543 I : read descriptors
05-21 11:05:53.175 543 543 I : read strings
05-21 11:05:53.177 1 1 I init : processing action (sys.usb.config=adb && sys.usb.configfs=1 && sys.usb.ffs.ready=1) from (/system/etc/init/hw/init.usb.configfs.rc:20)
05-21 11:05:53.180 1 1 I init : Command 'symlink /config/usb_gadget/g1/functions/ffs.adb /config/usb_gadget/g1/configs/b.1/f1' action=sys.usb.config=adb && sys.usb.configfs=1 && sys.usb.ffs.ready=1 (/system/etc/init/hw/init.usb.configfs.rc:22) took 1ms and failed: symlink() failed: File exists
05-21 11:05:53.182 1 1 I init : Command 'write /config/usb_gadget/g1/UDC ${sys.usb.controller}' action=sys.usb.config=adb && sys.usb.configfs=1 && sys.usb.ffs.ready=1 (/system/etc/init/hw/init.usb.configfs.rc:23) took 1ms and failed: Unable to write to file '/config/usb_gadget/g1/UDC': Unable to write file contents: Device or resource busy
05-21 10:56:57.002 1340 1340 W ContextImpl: Calling a method in the system process without a qualified user: android.app.ContextImpl.sendBroadcast:1181 android.content.ContextWrapper.sendBroadcast:479 cn.eben.newweather.DateWeatherService.a:19 cn.eben.newweather.DateWeatherService.a:0 cn.eben.newweather.DateWeatherService$1.handleMessage:7
05-21 11:05:54.235 543 543 I : read descriptors
05-21 11:05:54.235 543 543 I : read strings
05-21 11:05:54.238 1 1 I init : processing action (sys.usb.config=adb && sys.usb.configfs=1 && sys.usb.ffs.ready=1) from (/system/etc/init/hw/init.usb.configfs.rc:20)
05-21 11:05:54.240 1 1 I init : Command 'symlink /config/usb_gadget/g1/functions/ffs.adb /config/usb_gadget/g1/configs/b.1/f1' action=sys.usb.config=adb && sys.usb.configfs=1 && sys.usb.ffs.ready=1 (/system/etc/init/hw/init.usb.configfs.rc:22) took 0ms and failed: symlink() failed: File exists
05-21 11:05:54.241 1 1 I init : Command 'write /config/usb_gadget/g1/UDC ${sys.usb.controller}' action=sys.usb.config=adb && sys.usb.configfs=1 && sys.usb.ffs.ready=1 (/system/etc/init/hw/init.usb.configfs.rc:23) took 0ms and failed: Unable to write to file '/config/usb_gadget/g1/UDC': Unable to write file contents: Device or resource busy
05-21 10:56:57.715 464 494 I RIL : ---> enter mainloop wait at port
05-21 10:56:57.715 464 494 D RIL-DEV : Get modem info
05-21 10:56:57.716 464 494 D RIL-DEV : [05-21_10:56:57:716] idVendor = 0bda
05-21 10:56:57.716 464 494 D RIL-DEV :
05-21 10:56:57.716 464 494 D RIL-DEV : [05-21_10:56:57:717] idVendor = 05e3
05-21 10:56:57.716 464 494 D RIL-DEV :
05-21 10:56:57.717 464 494 D RIL-DEV : [05-21_10:56:57:717] idVendor = 1d6b
05-21 10:56:57.717 464 494 D RIL-DEV :
05-21 10:56:57.717 464 494 D RIL-DEV : [05-21_10:56:57:718] idVendor = 1d6b
05-21 10:56:57.717 464 494 D RIL-DEV :
05-21 10:56:57.718 464 494 D RIL-DEV : [05-21_10:56:57:718] idVendor = 0bda
05-21 10:56:57.718 464 494 D RIL-DEV :
05-21 10:56:57.718 464 494 D RIL-DEV : [05-21_10:56:57:718] idVendor = 1d6b
05-21 10:56:57.718 464 494 D RIL-DEV :
05-21 10:56:57.718 464 494 D RIL-DEV : [05-21_10:56:57:719] idVendor = 2109
05-21 10:56:57.718 464 494 D RIL-DEV :
05-21 10:56:57.719 464 494 D RIL-DEV : [05-21_10:56:57:719] idVendor = 2109
05-21 10:56:57.719 464 494 D RIL-DEV :
05-21 10:56:57.719 464 494 D RIL-DEV : [05-21_10:56:57:719] idVendor = 1d6b
05-21 10:56:57.719 464 494 D RIL-DEV :
05-21 10:56:57.719 464 494 D RIL-DEV : [05-21_10:56:57:720] idVendor = 0bda
05-21 10:56:57.719 464 494 D RIL-DEV :
05-21 10:56:57.720 464 494 D RIL-DEV : [05-21_10:56:57:720] idVendor = 2109
05-21 10:56:57.720 464 494 D RIL-DEV :
05-21 10:56:57.720 464 494 E RIL-DEV : Cannot find Meig devices
05-21 10:56:57.720 464 494 I RIL : ---> can't find meig usb devices
05-21 10:56:58.003 1340 1340 W ContextImpl: Calling a method in the system process without a qualified user: android.app.ContextImpl.sendBroadcast:1181 android.content.ContextWrapper.sendBroadcast:479 cn.eben.newweather.DateWeatherService.a:19 cn.eben.newweather.DateWeatherService.a:0 cn.eben.newweather.DateWeatherService$1.handleMessage:7
05-21 11:05:55.291 543 543 I : read descriptors
05-21 11:05:55.291 543 543 I : read strings
05-21 11:05:55.294 1 1 I init : processing action (sys.usb.config=adb && sys.usb.configfs=1 && sys.usb.ffs.ready=1) from (/system/etc/init/hw/init.usb.configfs.rc:20)
05-21 11:05:55.296 1 1 I init : Command 'symlink /config/usb_gadget/g1/functions/ffs.adb /config/usb_gadget/g1/configs/b.1/f1' action=sys.usb.config=adb && sys.usb.configfs=1 && sys.usb.ffs.ready=1 (/system/etc/init/hw/init.usb.configfs.rc:22) took 0ms and failed: symlink() failed: File exists
05-21 11:05:55.297 1 1 I init : Command 'write /config/usb_gadget/g1/UDC ${sys.usb.controller}' action=sys.usb.config=adb && sys.usb.configfs=1 && sys.usb.ffs.ready=1 (/system/etc/init/hw/init.usb.configfs.rc:23) took 0ms and failed: Unable to write to file '/config/usb_gadget/g1/UDC': Unable to write file contents: Device or resource busy
05-21 10:56:58.585 627 704 D ActivityManager: freezing 1667 android.process.media
05-21 10:56:58.587 627 704 D ActivityManager: froze 1667 android.process.media
05-21 10:56:58.815 627 2426 W ContentProviderHelper: Permission Denial: opening provider com.android.providers.contacts.ContactsProvider2 from ProcessRecord{1933406 1690:cn.eben.sync/u0a44} (pid=1690, uid=10044) requires android.permission.READ_CONTACTS or android.permission.WRITE_CONTACTS
05-21 10:56:59.002 1340 1340 W ContextImpl: Calling a method in the system process without a qualified user: android.app.ContextImpl.sendBroadcast:1181 android.content.ContextWrapper.sendBroadcast:479 cn.eben.newweather.DateWeatherService.a:19 cn.eben.newweather.DateWeatherService.a:0 cn.eben.newweather.DateWeatherService$1.handleMessage:7
05-21 11:05:56.341 543 543 I : read descriptors
05-21 11:05:56.342 543 543 I : read strings
05-21 11:05:56.344 1 1 I init : processing action (sys.usb.config=adb && sys.usb.configfs=1 && sys.usb.ffs.ready=1) from (/system/etc/init/hw/init.usb.configfs.rc:20)
05-21 10:56:59.720 464 494 I RIL : ---> enter mainloop wait at port
05-21 10:56:59.721 464 494 D RIL-DEV : Get modem info
05-21 10:56:59.721 464 494 D RIL-DEV : [05-21_10:56:59:722] idVendor = 0bda
05-21 10:56:59.721 464 494 D RIL-DEV :
05-21 10:56:59.722 464 494 D RIL-DEV : [05-21_10:56:59:722] idVendor = 05e3
05-21 10:56:59.722 464 494 D RIL-DEV :
05-21 10:56:59.722 464 494 D RIL-DEV : [05-21_10:56:59:723] idVendor = 1d6b
05-21 10:56:59.722 464 494 D RIL-DEV :
05-21 10:56:59.722 464 494 D RIL-DEV : [05-21_10:56:59:723] idVendor = 1d6b
05-21 10:56:59.722 464 494 D RIL-DEV :
05-21 10:56:59.723 464 494 D RIL-DEV : [05-21_10:56:59:724] idVendor = 0bda
05-21 10:56:59.723 464 494 D RIL-DEV :
05-21 10:56:59.724 464 494 D RIL-DEV : [05-21_10:56:59:724] idVendor = 1d6b
05-21 10:56:59.724 464 494 D RIL-DEV :
05-21 10:56:59.724 464 494 D RIL-DEV : [05-21_10:56:59:724] idVendor = 2109
05-21 10:56:59.724 464 494 D RIL-DEV :
05-21 10:56:59.724 464 494 D RIL-DEV : [05-21_10:56:59:725] idVendor = 2109
05-21 10:56:59.724 464 494 D RIL-DEV :
05-21 10:56:59.725 464 494 D RIL-DEV : [05-21_10:56:59:725] idVendor = 1d6b
05-21 10:56:59.725 464 494 D RIL-DEV :
05-21 10:56:59.725 464 494 D RIL-DEV : [05-21_10:56:59:726] idVendor = 0bda
05-21 10:56:59.725 464 494 D RIL-DEV :
05-21 10:56:59.725 464 494 D RIL-DEV : [05-21_10:56:59:726] idVendor = 2109
05-21 10:56:59.725 464 494 D RIL-DEV :
05-21 10:56:59.726 464 494 E RIL-DEV : Cannot find Meig devices
05-21 10:56:59.726 464 494 I RIL : ---> can't find meig usb devices
05-21 10:57:00.002 1340 1340 W ContextImpl: Calling a method in the system process without a qualified user: android.app.ContextImpl.sendBroadcast:1181 android.content.ContextWrapper.sendBroadcast:479 cn.eben.newweather.DateWeatherService.a:19 cn.eben.newweather.DateWeatherService.a:0 cn.eben.newweather.DateWeatherService$1.handleMessage:7
05-21 11:05:57.388 543 543 I : read descriptors
05-21 11:05:57.388 543 543 I : read strings
05-21 11:05:57.638 440 440 W healthd : battery l=90 v=8710 t=28.0 h=1 st=2 c=1152000 fc=9700000 cc=10 chg=u
05-21 10:57:01.003 1340 1340 W ContextImpl: Calling a method in the system process without a qualified user: android.app.ContextImpl.sendBroadcast:1181 android.content.ContextWrapper.sendBroadcast:479 cn.eben.newweather.DateWeatherService.a:19 cn.eben.newweather.DateWeatherService.a:0 cn.eben.newweather.DateWeatherService$1.handleMessage:7
05-21 11:05:58.431 543 543 I : read descriptors
05-21 11:05:58.431 543 543 I : read strings
05-21 11:05:58.434 1 1 I init : processing action (sys.usb.config=adb && sys.usb.configfs=1 && sys.usb.ffs.ready=1) from (/system/etc/init/hw/init.usb.configfs.rc:20)
05-21 11:05:58.437 1 1 I init : Command 'symlink /config/usb_gadget/g1/functions/ffs.adb /config/usb_gadget/g1/configs/b.1/f1' action=sys.usb.config=adb && sys.usb.configfs=1 && sys.usb.ffs.ready=1 (/system/etc/init/hw/init.usb.configfs.rc:22) took 1ms and failed: symlink() failed: File exists
05-21 11:05:58.438 1 1 I init : Command 'write /config/usb_gadget/g1/UDC ${sys.usb.controller}' action=sys.usb.config=adb && sys.usb.configfs=1 && sys.usb.ffs.ready=1 (/system/etc/init/hw/init.usb.configfs.rc:23) took 1ms and failed: Unable to write to file '/config/usb_gadget/g1/UDC': Unable to write file contents: Device or resource busy
05-21 10:57:01.726 464 494 I RIL : ---> enter mainloop wait at port
05-21 10:57:01.726 464 494 D RIL-DEV : Get modem info
05-21 10:57:01.727 464 494 D RIL-DEV : [05-21_10:57:01:728] idVendor = 0bda
05-21 10:57:01.727 464 494 D RIL-DEV :
05-21 10:57:01.728 464 494 D RIL-DEV : [05-21_10:57:01:728] idVendor = 05e3
05-21 10:57:01.728 464 494 D RIL-DEV :
05-21 10:57:01.728 464 494 D RIL-DEV : [05-21_10:57:01:728] idVendor = 1d6b
05-21 10:57:01.728 464 494 D RIL-DEV :
05-21 10:57:01.728 464 494 D RIL-DEV : [05-21_10:57:01:729] idVendor = 1d6b
05-21 10:57:01.728 464 494 D RIL-DEV :
05-21 10:57:01.729 464 494 D RIL-DEV : [05-21_10:57:01:729] idVendor = 0bda
05-21 10:57:01.729 464 494 D RIL-DEV :
05-21 10:57:01.729 464 494 D RIL-DEV : [05-21_10:57:01:730] idVendor = 1d6b
05-21 10:57:01.729 464 494 D RIL-DEV :
05-21 10:57:01.729 464 494 D RIL-DEV : [05-21_10:57:01:730] idVendor = 2109
05-21 10:57:01.729 464 494 D RIL-DEV :
05-21 10:57:01.730 464 494 D RIL-DEV : [05-21_10:57:01:730] idVendor = 2109
05-21 10:57:01.730 464 494 D RIL-DEV :
05-21 10:57:01.730 464 494 D RIL-DEV : [05-21_10:57:01:730] idVendor = 1d6b
05-21 10:57:01.730 464 494 D RIL-DEV :
05-21 10:57:01.730 464 494 D RIL-DEV : [05-21_10:57:01:731] idVendor = 0bda
05-21 10:57:01.730 464 494 D RIL-DEV :
05-21 10:57:01.731 464 494 D RIL-DEV : [05-21_10:57:01:732] idVendor = 2109
05-21 10:57:01.731 464 494 D RIL-DEV :
05-21 10:57:01.731 464 494 E RIL-DEV : Cannot find Meig devices
05-21 10:57:01.731 464 494 I RIL : ---> can't find meig usb devices
05-21 10:57:02.002 1340 1340 W ContextImpl: Calling a method in the system process without a qualified user: android.app.ContextImpl.sendBroadcast:1181 android.content.ContextWrapper.sendBroadcast:479 cn.eben.newweather.DateWeatherService.a:19 cn.eben.newweather.DateWeatherService.a:0 cn.eben.newweather.DateWeatherService$1.handleMessage:7
05-21 11:05:59.485 543 543 I : read descriptors
05-21 11:05:59.485 543 543 I : read strings
05-21 11:05:59.487 1 1 I init : processing action (sys.usb.config=adb && sys.usb.configfs=1 && sys.usb.ffs.ready=1) from (/system/etc/init/hw/init.usb.configfs.rc:20)
05-21 11:05:59.490 1 1 I init : Command 'symlink /config/usb_gadget/g1/functions/ffs.adb /config/usb_gadget/g1/configs/b.1/f1' action=sys.usb.config=adb && sys.usb.configfs=1 && sys.usb.ffs.ready=1 (/system/etc/init/hw/init.usb.configfs.rc:22) took 0ms and failed: symlink() failed: File exists
05-21 11:05:59.492 1 1 I init : Command 'write /config/usb_gadget/g1/UDC ${sys.usb.controller}' action=sys.usb.config=adb && sys.usb.configfs=1 && sys.usb.ffs.ready=1 (/system/etc/init/hw/init.usb.configfs.rc:23) took 2ms and failed: Unable to write to file '/config/usb_gadget/g1/UDC': Unable to write file contents: Device or resource busy
05-21 10:57:03.003 1340 1340 W ContextImpl: Calling a method in the system process without a qualified user: android.app.ContextImpl.sendBroadcast:1181 android.content.ContextWrapper.sendBroadcast:479 cn.eben.newweather.DateWeatherService.a:19 cn.eben.newweather.DateWeatherService.a:0 cn.eben.newweather.DateWeatherService$1.handleMessage:7
05-21 10:57:03.618 627 704 D ActivityManager: freezing 2040 com.ebensz.enote.notepad
05-21 10:57:03.621 627 704 D ActivityManager: froze 2040 com.ebensz.enote.notepad
05-21 11:06:00.558 543 543 I : read descriptors
05-21 11:06:00.558 543 543 I : read strings
05-21 11:06:00.560 1 1 I init : processing action (sys.usb.config=adb && sys.usb.configfs=1 && sys.usb.ffs.ready=1) from (/system/etc/init/hw/init.usb.configfs.rc:20)
05-21 11:06:00.563 1 1 I init : Command 'symlink /config/usb_gadget/g1/functions/ffs.adb /config/usb_gadget/g1/configs/b.1/f1' action=sys.usb.config=adb && sys.usb.configfs=1 && sys.usb.ffs.ready=1 (/system/etc/init/hw/init.usb.configfs.rc:22) took 0ms and failed: symlink() failed: File exists
05-21 10:57:03.732 464 494 I RIL : ---> enter mainloop wait at port
05-21 10:57:03.732 464 494 D RIL-DEV : Get modem info
05-21 10:57:03.733 464 494 D RIL-DEV : [05-21_10:57:03:733] idVendor = 0bda
05-21 10:57:03.733 464 494 D RIL-DEV :
05-21 10:57:03.733 464 494 D RIL-DEV : [05-21_10:57:03:733] idVendor = 05e3
05-21 10:57:03.733 464 494 D RIL-DEV :
05-21 10:57:03.733 464 494 D RIL-DEV : [05-21_10:57:03:734] idVendor = 1d6b
05-21 10:57:03.733 464 494 D RIL-DEV :
05-21 10:57:03.734 464 494 D RIL-DEV : [05-21_10:57:03:734] idVendor = 1d6b
05-21 10:57:03.734 464 494 D RIL-DEV :
05-21 10:57:03.734 464 494 D RIL-DEV : [05-21_10:57:03:734] idVendor = 0bda
05-21 10:57:03.734 464 494 D RIL-DEV :
05-21 10:57:03.734 464 494 D RIL-DEV : [05-21_10:57:03:735] idVendor = 1d6b
05-21 10:57:03.734 464 494 D RIL-DEV :
05-21 10:57:03.735 464 494 D RIL-DEV : [05-21_10:57:03:735] idVendor = 2109
05-21 10:57:03.735 464 494 D RIL-DEV :
05-21 10:57:03.735 464 494 D RIL-DEV : [05-21_10:57:03:736] idVendor = 2109
05-21 10:57:03.735 464 494 D RIL-DEV :
05-21 11:06:00.566 1 1 I init : Command 'write /config/usb_gadget/g1/UDC ${sys.usb.controller}' action=sys.usb.config=adb && sys.usb.configfs=1 && sys.usb.ffs.ready=1 (/system/etc/init/hw/init.usb.configfs.rc:23) took 2ms and failed: Unable to write to file '/config/usb_gadget/g1/UDC': Unable to write file contents: Device or resource busy
05-21 10:57:03.735 464 494 D RIL-DEV : [05-21_10:57:03:736] idVendor = 1d6b
05-21 10:57:03.735 464 494 D RIL-DEV :
05-21 10:57:03.736 464 494 D RIL-DEV : [05-21_10:57:03:736] idVendor = 0bda
05-21 10:57:03.736 464 494 D RIL-DEV :
05-21 10:57:03.736 464 494 D RIL-DEV : [05-21_10:57:03:737] idVendor = 2109
05-21 10:57:03.736 464 494 D RIL-DEV :
05-21 10:57:03.737 464 494 E RIL-DEV : Cannot find Meig devices
05-21 10:57:03.737 464 494 I RIL : ---> can't find meig usb devices
05-21 10:57:03.821 627 2426 W ContentProviderHelper: Permission Denial: opening provider com.android.providers.contacts.ContactsProvider2 from ProcessRecord{1933406 1690:cn.eben.sync/u0a44} (pid=1690, uid=10044) requires android.permission.READ_CONTACTS or android.permission.WRITE_CONTACTS
05-21 10:57:04.002 1340 1340 W ContextImpl: Calling a method in the system process without a qualified user: android.app.ContextImpl.sendBroadcast:1181 android.content.ContextWrapper.sendBroadcast:479 cn.eben.newweather.DateWeatherService.a:19 cn.eben.newweather.DateWeatherService.a:0 cn.eben.newweather.DateWeatherService$1.handleMessage:7
05-21 11:06:01.631 543 543 I : read descriptors
05-21 11:06:01.631 543 543 I : read strings
05-21 11:06:01.633 1 1 I init : processing action (sys.usb.config=adb && sys.usb.configfs=1 && sys.usb.ffs.ready=1) from (/system/etc/init/hw/init.usb.configfs.rc:20)
05-21 10:57:05.001 1340 1340 W ContextImpl: Calling a method in the system process without a qualified user: android.app.ContextImpl.sendBroadcast:1181 android.content.ContextWrapper.sendBroadcast:479 cn.eben.newweather.DateWeatherService.a:19 cn.eben.newweather.DateWeatherService.a:0 cn.eben.newweather.DateWeatherService$1.handleMessage:7
05-21 10:57:05.737 464 494 I RIL : ---> enter mainloop wait at port
05-21 10:57:05.737 464 494 D RIL-DEV : Get modem info
05-21 10:57:05.738 464 494 D RIL-DEV : [05-21_10:57:05:738] idVendor = 0bda
05-21 10:57:05.738 464 494 D RIL-DEV :
05-21 10:57:05.738 464 494 D RIL-DEV : [05-21_10:57:05:739] idVendor = 05e3
05-21 10:57:05.738 464 494 D RIL-DEV :
05-21 10:57:05.739 464 494 D RIL-DEV : [05-21_10:57:05:739] idVendor = 1d6b
05-21 10:57:05.739 464 494 D RIL-DEV :
05-21 10:57:05.739 464 494 D RIL-DEV : [05-21_10:57:05:739] idVendor = 1d6b
05-21 10:57:05.739 464 494 D RIL-DEV :
05-21 10:57:05.739 464 494 D RIL-DEV : [05-21_10:57:05:740] idVendor = 0bda
05-21 10:57:05.739 464 494 D RIL-DEV :
05-21 10:57:05.740 464 494 D RIL-DEV : [05-21_10:57:05:740] idVendor = 1d6b
05-21 10:57:05.740 464 494 D RIL-DEV :
05-21 10:57:05.740 464 494 D RIL-DEV : [05-21_10:57:05:740] idVendor = 2109
05-21 10:57:05.740 464 494 D RIL-DEV :
05-21 10:57:05.740 464 494 D RIL-DEV : [05-21_10:57:05:741] idVendor = 2109
05-21 10:57:05.740 464 494 D RIL-DEV :
05-21 10:57:05.741 464 494 D RIL-DEV : [05-21_10:57:05:741] idVendor = 1d6b
05-21 10:57:05.741 464 494 D RIL-DEV :
05-21 10:57:05.741 464 494 D RIL-DEV : [05-21_10:57:05:742] idVendor = 0bda
05-21 10:57:05.741 464 494 D RIL-DEV :
05-21 10:57:05.742 464 494 D RIL-DEV : [05-21_10:57:05:742] idVendor = 2109
05-21 10:57:05.742 464 494 D RIL-DEV :
05-21 10:57:05.742 464 494 E RIL-DEV : Cannot find Meig devices
05-21 10:57:05.742 464 494 I RIL : ---> can't find meig usb devices
05-21 11:06:02.708 543 543 I : read descriptors
05-21 11:06:02.708 543 543 I : read strings
05-21 10:57:06.001 1340 1340 W ContextImpl: Calling a method in the system process without a qualified user: android.app.ContextImpl.sendBroadcast:1181 android.content.ContextWrapper.sendBroadcast:479 cn.eben.newweather.DateWeatherService.a:19 cn.eben.newweather.DateWeatherService.a:0 cn.eben.newweather.DateWeatherService$1.handleMessage:7
05-21 11:06:03.754 543 543 I : read descriptors
05-21 11:06:03.754 543 543 I : read strings
05-21 11:06:03.756 1 1 I init : processing action (sys.usb.config=adb && sys.usb.configfs=1 && sys.usb.ffs.ready=1) from (/system/etc/init/hw/init.usb.configfs.rc:20)
05-21 11:06:03.758 1 1 I init : Command 'symlink /config/usb_gadget/g1/functions/ffs.adb /config/usb_gadget/g1/configs/b.1/f1' action=sys.usb.config=adb && sys.usb.configfs=1 && sys.usb.ffs.ready=1 (/system/etc/init/hw/init.usb.configfs.rc:22) took 0ms and failed: symlink() failed: File exists
05-21 11:06:03.759 1 1 I init : Command 'write /config/usb_gadget/g1/UDC ${sys.usb.controller}' action=sys.usb.config=adb && sys.usb.configfs=1 && sys.usb.ffs.ready=1 (/system/etc/init/hw/init.usb.configfs.rc:23) took 0ms and failed: Unable to write to file '/config/usb_gadget/g1/UDC': Unable to write file contents: Device or resource busy
05-21 10:57:07.002 1340 1340 W ContextImpl: Calling a method in the system process without a qualified user: android.app.ContextImpl.sendBroadcast:1181 android.content.ContextWrapper.sendBroadcast:479 cn.eben.newweather.DateWeatherService.a:19 cn.eben.newweather.DateWeatherService.a:0 cn.eben.newweather.DateWeatherService$1.handleMessage:7
05-21 10:57:07.742 464 494 I RIL : ---> enter mainloop wait at port
05-21 10:57:07.742 464 494 D RIL-DEV : Get modem info
05-21 10:57:07.743 464 494 D RIL-DEV : [05-21_10:57:07:744] idVendor = 0bda
05-21 10:57:07.743 464 494 D RIL-DEV :
05-21 10:57:07.744 464 494 D RIL-DEV : [05-21_10:57:07:744] idVendor = 05e3
05-21 10:57:07.744 464 494 D RIL-DEV :
05-21 10:57:07.744 464 494 D RIL-DEV : [05-21_10:57:07:745] idVendor = 1d6b
05-21 10:57:07.744 464 494 D RIL-DEV :
05-21 10:57:07.744 464 494 D RIL-DEV : [05-21_10:57:07:745] idVendor = 1d6b
05-21 10:57:07.744 464 494 D RIL-DEV :
05-21 10:57:07.745 464 494 D RIL-DEV : [05-21_10:57:07:745] idVendor = 0bda
05-21 10:57:07.745 464 494 D RIL-DEV :
05-21 10:57:07.745 464 494 D RIL-DEV : [05-21_10:57:07:746] idVendor = 1d6b
05-21 10:57:07.745 464 494 D RIL-DEV :
05-21 10:57:07.746 464 494 D RIL-DEV : [05-21_10:57:07:746] idVendor = 2109
05-21 10:57:07.746 464 494 D RIL-DEV :
05-21 10:57:07.746 464 494 D RIL-DEV : [05-21_10:57:07:747] idVendor = 2109
05-21 10:57:07.746 464 494 D RIL-DEV :
05-21 10:57:07.746 464 494 D RIL-DEV : [05-21_10:57:07:747] idVendor = 1d6b
05-21 10:57:07.746 464 494 D RIL-DEV :
05-21 10:57:07.747 464 494 D RIL-DEV : [05-21_10:57:07:747] idVendor = 0bda
05-21 10:57:07.747 464 494 D RIL-DEV :
05-21 10:57:07.747 464 494 D RIL-DEV : [05-21_10:57:07:747] idVendor = 2109
05-21 10:57:07.747 464 494 D RIL-DEV :
05-21 10:57:07.747 464 494 E RIL-DEV : Cannot find Meig devices
05-21 10:57:07.748 464 494 I RIL : ---> can't find meig usb devices
05-21 10:57:08.004 1340 1340 W ContextImpl: Calling a method in the system process without a qualified user: android.app.ContextImpl.sendBroadcast:1181 android.content.ContextWrapper.sendBroadcast:479 cn.eben.newweather.DateWeatherService.a:19 cn.eben.newweather.DateWeatherService.a:0 cn.eben.newweather.DateWeatherService$1.handleMessage:7
05-21 11:06:04.831 543 543 I : read descriptors
05-21 11:06:04.831 543 543 I : read strings
05-21 11:06:04.833 1 1 I init : processing action (sys.usb.config=adb && sys.usb.configfs=1 && sys.usb.ffs.ready=1) from (/system/etc/init/hw/init.usb.configfs.rc:20)
05-21 11:06:04.834 1 1 I init : Command 'symlink /config/usb_gadget/g1/functions/ffs.adb /config/usb_gadget/g1/configs/b.1/f1' action=sys.usb.config=adb && sys.usb.configfs=1 && sys.usb.ffs.ready=1 (/system/etc/init/hw/init.usb.configfs.rc:22) took 0ms and failed: symlink() failed: File exists
05-21 11:06:04.834 1 1 I init : Command 'write /config/usb_gadget/g1/UDC ${sys.usb.controller}' action=sys.usb.config=adb && sys.usb.configfs=1 && sys.usb.ffs.ready=1 (/system/etc/init/hw/init.usb.configfs.rc:23) took 0ms and failed: Unable to write to file '/config/usb_gadget/g1/UDC': Unable to write file contents: Device or resource busy
05-21 10:57:08.827 627 2063 W ContentProviderHelper: Permission Denial: opening provider com.android.providers.contacts.ContactsProvider2 from ProcessRecord{1933406 1690:cn.eben.sync/u0a44} (pid=1690, uid=10044) requires android.permission.READ_CONTACTS or android.permission.WRITE_CONTACTS
05-21 10:57:09.002 1340 1340 W ContextImpl: Calling a method in the system process without a qualified user: android.app.ContextImpl.sendBroadcast:1181 android.content.ContextWrapper.sendBroadcast:479 cn.eben.newweather.DateWeatherService.a:19 cn.eben.newweather.DateWeatherService.a:0 cn.eben.newweather.DateWeatherService$1.handleMessage:7
05-21 11:06:05.898 543 543 I : read descriptors
05-21 11:06:05.898 543 543 I : read strings
05-21 11:06:05.901 1 1 I init : processing action (sys.usb.config=adb && sys.usb.configfs=1 && sys.usb.ffs.ready=1) from (/system/etc/init/hw/init.usb.configfs.rc:20)
05-21 11:06:05.904 1 1 I init : Command 'symlink /config/usb_gadget/g1/functions/ffs.adb /config/usb_gadget/g1/configs/b.1/f1' action=sys.usb.config=adb && sys.usb.configfs=1 && sys.usb.ffs.ready=1 (/system/etc/init/hw/init.usb.configfs.rc:22) took 0ms and failed: symlink() failed: File exists
05-21 11:06:05.904 1 1 I init : Command 'write /config/usb_gadget/g1/UDC ${sys.usb.controller}' action=sys.usb.config=adb && sys.usb.configfs=1 && sys.usb.ffs.ready=1 (/system/etc/init/hw/init.usb.configfs.rc:23) took 0ms and failed: Unable to write to file '/config/usb_gadget/g1/UDC': Unable to write file contents: Device or resource busy
05-21 10:57:09.748 464 494 I RIL : ---> enter mainloop wait at port
05-21 10:57:09.748 464 494 D RIL-DEV : Get modem info
05-21 10:57:09.749 464 494 D RIL-DEV : [05-21_10:57:09:749] idVendor = 0bda
05-21 10:57:09.749 464 494 D RIL-DEV :
05-21 10:57:09.749 464 494 D RIL-DEV : [05-21_10:57:09:750] idVendor = 05e3
05-21 10:57:09.749 464 494 D RIL-DEV :
05-21 10:57:09.750 464 494 D RIL-DEV : [05-21_10:57:09:750] idVendor = 1d6b
05-21 10:57:09.750 464 494 D RIL-DEV :
05-21 10:57:09.750 464 494 D RIL-DEV : [05-21_10:57:09:750] idVendor = 1d6b
05-21 10:57:09.750 464 494 D RIL-DEV :
05-21 10:57:09.750 464 494 D RIL-DEV : [05-21_10:57:09:751] idVendor = 0bda
05-21 10:57:09.750 464 494 D RIL-DEV :
05-21 10:57:09.751 464 494 D RIL-DEV : [05-21_10:57:09:751] idVendor = 1d6b
05-21 10:57:09.751 464 494 D RIL-DEV :
05-21 10:57:09.751 464 494 D RIL-DEV : [05-21_10:57:09:752] idVendor = 2109
05-21 10:57:09.751 464 494 D RIL-DEV :
05-21 10:57:09.752 464 494 D RIL-DEV : [05-21_10:57:09:752] idVendor = 2109
05-21 10:57:09.752 464 494 D RIL-DEV :
05-21 10:57:09.752 464 494 D RIL-DEV : [05-21_10:57:09:753] idVendor = 1d6b
05-21 10:57:09.752 464 494 D RIL-DEV :
05-21 10:57:09.753 464 494 D RIL-DEV : [05-21_10:57:09:753] idVendor = 0bda
05-21 10:57:09.753 464 494 D RIL-DEV :
05-21 10:57:09.753 464 494 D RIL-DEV : [05-21_10:57:09:753] idVendor = 2109
05-21 10:57:09.753 464 494 D RIL-DEV :
05-21 10:57:09.753 464 494 E RIL-DEV : Cannot find Meig devices
05-21 10:57:09.753 464 494 I RIL : ---> can't find meig usb devices
05-21 10:57:10.002 1340 1340 W ContextImpl: Calling a method in the system process without a qualified user: android.app.ContextImpl.sendBroadcast:1181 android.content.ContextWrapper.sendBroadcast:479 cn.eben.newweather.DateWeatherService.a:19 cn.eben.newweather.DateWeatherService.a:0 cn.eben.newweather.DateWeatherService$1.handleMessage:7
05-21 11:06:06.975 543 543 I : read descriptors
05-21 11:06:06.975 543 543 I : read strings
05-21 11:06:06.977 1 1 I init : processing action (sys.usb.config=adb && sys.usb.configfs=1 && sys.usb.ffs.ready=1) from (/system/etc/init/hw/init.usb.configfs.rc:20)
05-21 10:57:11.002 1340 1340 W ContextImpl: Calling a method in the system process without a qualified user: android.app.ContextImpl.sendBroadcast:1181 android.content.ContextWrapper.sendBroadcast:479 cn.eben.newweather.DateWeatherService.a:19 cn.eben.newweather.DateWeatherService.a:0 cn.eben.newweather.DateWeatherService$1.handleMessage:7
05-21 11:06:08.028 543 543 I : read descriptors
05-21 11:06:08.028 543 543 I : read strings
05-21 10:57:11.754 464 494 I RIL : ---> enter mainloop wait at port
05-21 10:57:11.754 464 494 D RIL-DEV : Get modem info
05-21 10:57:11.755 464 494 D RIL-DEV : [05-21_10:57:11:755] idVendor = 0bda
05-21 10:57:11.755 464 494 D RIL-DEV :
05-21 10:57:11.755 464 494 D RIL-DEV : [05-21_10:57:11:756] idVendor = 05e3
05-21 10:57:11.755 464 494 D RIL-DEV :
05-21 10:57:11.756 464 494 D RIL-DEV : [05-21_10:57:11:756] idVendor = 1d6b
05-21 10:57:11.756 464 494 D RIL-DEV :
05-21 10:57:11.756 464 494 D RIL-DEV : [05-21_10:57:11:756] idVendor = 1d6b
05-21 10:57:11.756 464 494 D RIL-DEV :
05-21 10:57:11.756 464 494 D RIL-DEV : [05-21_10:57:11:757] idVendor = 0bda
05-21 10:57:11.756 464 494 D RIL-DEV :
05-21 10:57:11.757 464 494 D RIL-DEV : [05-21_10:57:11:757] idVendor = 1d6b
05-21 10:57:11.757 464 494 D RIL-DEV :
05-21 10:57:11.757 464 494 D RIL-DEV : [05-21_10:57:11:757] idVendor = 2109
05-21 10:57:11.757 464 494 D RIL-DEV :
05-21 10:57:11.757 464 494 D RIL-DEV : [05-21_10:57:11:758] idVendor = 2109
05-21 10:57:11.757 464 494 D RIL-DEV :
05-21 10:57:11.758 464 494 D RIL-DEV : [05-21_10:57:11:758] idVendor = 1d6b
05-21 10:57:11.758 464 494 D RIL-DEV :
05-21 10:57:11.758 464 494 D RIL-DEV : [05-21_10:57:11:758] idVendor = 0bda
05-21 10:57:11.758 464 494 D RIL-DEV :
05-21 10:57:11.758 464 494 D RIL-DEV : [05-21_10:57:11:759] idVendor = 2109
05-21 10:57:11.758 464 494 D RIL-DEV :
05-21 10:57:11.759 464 494 E RIL-DEV : Cannot find Meig devices
05-21 10:57:11.759 464 494 I RIL : ---> can't find meig usb devices
05-21 10:57:12.002 1340 1340 W ContextImpl: Calling a method in the system process without a qualified user: android.app.ContextImpl.sendBroadcast:1181 android.content.ContextWrapper.sendBroadcast:479 cn.eben.newweather.DateWeatherService.a:19 cn.eben.newweather.DateWeatherService.a:0 cn.eben.newweather.DateWeatherService$1.handleMessage:7
05-21 11:06:09.095 543 543 I : read descriptors
05-21 11:06:09.095 543 543 I : read strings
05-21 11:06:09.098 1 1 I init : processing action (sys.usb.config=adb && sys.usb.configfs=1 && sys.usb.ffs.ready=1) from (/system/etc/init/hw/init.usb.configfs.rc:20)
05-21 11:06:09.100 1 1 I init : Command 'symlink /config/usb_gadget/g1/functions/ffs.adb /config/usb_gadget/g1/configs/b.1/f1' action=sys.usb.config=adb && sys.usb.configfs=1 && sys.usb.ffs.ready=1 (/system/etc/init/hw/init.usb.configfs.rc:22) took 0ms and failed: symlink() failed: File exists
05-21 11:06:09.100 1 1 I init : Command 'write /config/usb_gadget/g1/UDC ${sys.usb.controller}' action=sys.usb.config=adb && sys.usb.configfs=1 && sys.usb.ffs.ready=1 (/system/etc/init/hw/init.usb.configfs.rc:23) took 0ms and failed: Unable to write to file '/config/usb_gadget/g1/UDC': Unable to write file contents: Device or resource busy
05-21 10:57:13.002 1340 1340 W ContextImpl: Calling a method in the system process without a qualified user: android.app.ContextImpl.sendBroadcast:1181 android.content.ContextWrapper.sendBroadcast:479 cn.eben.newweather.DateWeatherService.a:19 cn.eben.newweather.DateWeatherService.a:0 cn.eben.newweather.DateWeatherService$1.handleMessage:7
05-21 11:06:10.158 543 543 I : read descriptors
05-21 11:06:10.158 543 543 I : read strings
05-21 11:06:10.161 1 1 I init : processing action (sys.usb.config=adb && sys.usb.configfs=1 && sys.usb.ffs.ready=1) from (/system/etc/init/hw/init.usb.configfs.rc:20)
05-21 11:06:10.164 1 1 I init : Command 'symlink /config/usb_gadget/g1/functions/ffs.adb /config/usb_gadget/g1/configs/b.1/f1' action=sys.usb.config=adb && sys.usb.configfs=1 && sys.usb.ffs.ready=1 (/system/etc/init/hw/init.usb.configfs.rc:22) took 0ms and failed: symlink() failed: File exists
05-21 11:06:10.165 1 1 I init : Command 'write /config/usb_gadget/g1/UDC ${sys.usb.controller}' action=sys.usb.config=adb && sys.usb.configfs=1 && sys.usb.ffs.ready=1 (/system/etc/init/hw/init.usb.configfs.rc:23) took 0ms and failed: Unable to write to file '/config/usb_gadget/g1/UDC': Unable to write file contents: Device or resource busy
05-21 10:57:13.759 464 494 I RIL : ---> enter mainloop wait at port
05-21 10:57:13.759 464 494 D RIL-DEV : Get modem info
05-21 10:57:13.760 464 494 D RIL-DEV : [05-21_10:57:13:760] idVendor = 0bda
05-21 10:57:13.760 464 494 D RIL-DEV :
05-21 10:57:13.760 464 494 D RIL-DEV : [05-21_10:57:13:761] idVendor = 05e3
05-21 10:57:13.760 464 494 D RIL-DEV :
05-21 10:57:13.761 464 494 D RIL-DEV : [05-21_10:57:13:761] idVendor = 1d6b
05-21 10:57:13.761 464 494 D RIL-DEV :
05-21 10:57:13.761 464 494 D RIL-DEV : [05-21_10:57:13:762] idVendor = 1d6b
05-21 10:57:13.761 464 494 D RIL-DEV :
05-21 10:57:13.762 464 494 D RIL-DEV : [05-21_10:57:13:762] idVendor = 0bda
05-21 10:57:13.762 464 494 D RIL-DEV :
05-21 10:57:13.762 464 494 D RIL-DEV : [05-21_10:57:13:762] idVendor = 1d6b
05-21 10:57:13.762 464 494 D RIL-DEV :
05-21 10:57:13.762 464 494 D RIL-DEV : [05-21_10:57:13:763] idVendor = 2109
05-21 10:57:13.762 464 494 D RIL-DEV :
05-21 10:57:13.763 464 494 D RIL-DEV : [05-21_10:57:13:763] idVendor = 2109
05-21 10:57:13.763 464 494 D RIL-DEV :
05-21 10:57:13.763 464 494 D RIL-DEV : [05-21_10:57:13:763] idVendor = 1d6b
05-21 10:57:13.763 464 494 D RIL-DEV :
05-21 10:57:13.763 464 494 D RIL-DEV : [05-21_10:57:13:764] idVendor = 0bda
05-21 10:57:13.763 464 494 D RIL-DEV :
05-21 10:57:13.764 464 494 D RIL-DEV : [05-21_10:57:13:764] idVendor = 2109
05-21 10:57:13.764 464 494 D RIL-DEV :
05-21 10:57:13.764 464 494 E RIL-DEV : Cannot find Meig devices
05-21 10:57:13.764 464 494 I RIL : ---> can't find meig usb devices
05-21 10:57:13.832 627 2063 W ContentProviderHelper: Permission Denial: opening provider com.android.providers.contacts.ContactsProvider2 from ProcessRecord{1933406 1690:cn.eben.sync/u0a44} (pid=1690, uid=10044) requires android.permission.READ_CONTACTS or android.permission.WRITE_CONTACTS
05-21 10:57:14.003 1340 1340 W ContextImpl: Calling a method in the system process without a qualified user: android.app.ContextImpl.sendBroadcast:1181 android.content.ContextWrapper.sendBroadcast:479 cn.eben.newweather.DateWeatherService.a:19 cn.eben.newweather.DateWeatherService.a:0 cn.eben.newweather.DateWeatherService$1.handleMessage:7
05-21 11:06:11.231 543 543 I : read descriptors
05-21 11:06:11.231 543 543 I : read strings
05-21 11:06:11.235 1 1 I init : processing action (sys.usb.config=adb && sys.usb.configfs=1 && sys.usb.ffs.ready=1) from (/system/etc/init/hw/init.usb.configfs.rc:20)
05-21 11:06:11.238 1 1 I init : Command 'symlink /config/usb_gadget/g1/functions/ffs.adb /config/usb_gadget/g1/configs/b.1/f1' action=sys.usb.config=adb && sys.usb.configfs=1 && sys.usb.ffs.ready=1 (/system/etc/init/hw/init.usb.configfs.rc:22) took 0ms and failed: symlink() failed: File exists
05-21 11:06:11.238 1 1 I init : Command 'write /config/usb_gadget/g1/UDC ${sys.usb.controller}' action=sys.usb.config=adb && sys.usb.configfs=1 && sys.usb.ffs.ready=1 (/system/etc/init/hw/init.usb.configfs.rc:23) took 0ms and failed: Unable to write to file '/config/usb_gadget/g1/UDC': Unable to write file contents: Device or resource busy
05-21 10:57:15.002 1340 1340 W ContextImpl: Calling a method in the system process without a qualified user: android.app.ContextImpl.sendBroadcast:1181 android.content.ContextWrapper.sendBroadcast:479 cn.eben.newweather.DateWeatherService.a:19 cn.eben.newweather.DateWeatherService.a:0 cn.eben.newweather.DateWeatherService$1.handleMessage:7
05-21 11:06:12.281 543 543 I : read descriptors
05-21 11:06:12.281 543 543 I : read strings
05-21 11:06:12.285 1 1 I init : processing action (sys.usb.config=adb && sys.usb.configfs=1 && sys.usb.ffs.ready=1) from (/system/etc/init/hw/init.usb.configfs.rc:20)
05-21 10:57:15.765 464 494 I RIL : ---> enter mainloop wait at port
05-21 10:57:15.765 464 494 D RIL-DEV : Get modem info
05-21 10:57:15.765 464 494 D RIL-DEV : [05-21_10:57:15:766] idVendor = 0bda
05-21 10:57:15.765 464 494 D RIL-DEV :
05-21 10:57:15.766 464 494 D RIL-DEV : [05-21_10:57:15:766] idVendor = 05e3
05-21 10:57:15.766 464 494 D RIL-DEV :
05-21 10:57:15.766 464 494 D RIL-DEV : [05-21_10:57:15:767] idVendor = 1d6b
05-21 10:57:15.766 464 494 D RIL-DEV :
05-21 10:57:15.766 464 494 D RIL-DEV : [05-21_10:57:15:767] idVendor = 1d6b
05-21 10:57:15.766 464 494 D RIL-DEV :
05-21 10:57:15.767 464 494 D RIL-DEV : [05-21_10:57:15:767] idVendor = 0bda
05-21 10:57:15.767 464 494 D RIL-DEV :
05-21 10:57:15.767 464 494 D RIL-DEV : [05-21_10:57:15:768] idVendor = 1d6b
05-21 10:57:15.767 464 494 D RIL-DEV :
05-21 10:57:15.768 464 494 D RIL-DEV : [05-21_10:57:15:768] idVendor = 2109
05-21 10:57:15.768 464 494 D RIL-DEV :
05-21 10:57:15.768 464 494 D RIL-DEV : [05-21_10:57:15:769] idVendor = 2109
05-21 10:57:15.768 464 494 D RIL-DEV :
05-21 10:57:15.768 464 494 D RIL-DEV : [05-21_10:57:15:769] idVendor = 1d6b
05-21 10:57:15.768 464 494 D RIL-DEV :
05-21 10:57:15.769 464 494 D RIL-DEV : [05-21_10:57:15:769] idVendor = 0bda
05-21 10:57:15.769 464 494 D RIL-DEV :
