05-21 10:54:17.322 464 494 D RIL-DEV : [05-21_10:54:17:323] idVendor = 1d6b
05-21 10:54:17.322 464 494 D RIL-DEV :
05-21 10:54:17.322 464 494 D RIL-DEV : [05-21_10:54:17:323] idVendor = 0bda
05-21 10:54:17.322 464 494 D RIL-DEV :
05-21 10:54:17.323 464 494 D RIL-DEV : [05-21_10:54:17:323] idVendor = 2109
05-21 10:54:17.323 464 494 D RIL-DEV :
05-21 10:54:17.323 464 494 E RIL-DEV : Cannot find Meig devices
05-21 10:54:17.323 464 494 I RIL : ---> can't find meig usb devices
05-21 11:03:14.448 543 543 I : read descriptors
05-21 11:03:14.448 543 543 I : read strings
05-21 10:54:18.002 1340 1340 W ContextImpl: Calling a method in the system process without a qualified user: android.app.ContextImpl.sendBroadcast:1181 android.content.ContextWrapper.sendBroadcast:479 cn.eben.newweather.DateWeatherService.a:19 cn.eben.newweather.DateWeatherService.a:0 cn.eben.newweather.DateWeatherService$1.handleMessage:7
05-21 10:54:18.658 627 2063 W ContentProviderHelper: Permission Denial: opening provider com.android.providers.contacts.ContactsProvider2 from ProcessRecord{1933406 1690:cn.eben.sync/u0a44} (pid=1690, uid=10044) requires android.permission.READ_CONTACTS or android.permission.WRITE_CONTACTS
05-21 11:03:15.488 543 543 I : read descriptors
05-21 11:03:15.488 543 543 I : read strings
05-21 11:03:15.491 1 1 I init : processing action (sys.usb.config=adb && sys.usb.configfs=1 && sys.usb.ffs.ready=1) from (/system/etc/init/hw/init.usb.configfs.rc:20)
05-21 11:03:15.492 1 1 I init : Command 'symlink /config/usb_gadget/g1/functions/ffs.adb /config/usb_gadget/g1/configs/b.1/f1' action=sys.usb.config=adb && sys.usb.configfs=1 && sys.usb.ffs.ready=1 (/system/etc/init/hw/init.usb.configfs.rc:22) took 0ms and failed: symlink() failed: File exists
05-21 11:03:15.492 1 1 I init : Command 'write /config/usb_gadget/g1/UDC ${sys.usb.controller}' action=sys.usb.config=adb && sys.usb.configfs=1 && sys.usb.ffs.ready=1 (/system/etc/init/hw/init.usb.configfs.rc:23) took 0ms and failed: Unable to write to file '/config/usb_gadget/g1/UDC': Unable to write file contents: Device or resource busy
05-21 10:54:19.002 1340 1340 W ContextImpl: Calling a method in the system process without a qualified user: android.app.ContextImpl.sendBroadcast:1181 android.content.ContextWrapper.sendBroadcast:479 cn.eben.newweather.DateWeatherService.a:19 cn.eben.newweather.DateWeatherService.a:0 cn.eben.newweather.DateWeatherService$1.handleMessage:7
05-21 10:54:19.323 464 494 I RIL : ---> enter mainloop wait at port
05-21 10:54:19.324 464 494 D RIL-DEV : Get modem info
05-21 10:54:19.325 464 494 D RIL-DEV : [05-21_10:54:19:325] idVendor = 0bda
05-21 10:54:19.325 464 494 D RIL-DEV :
05-21 10:54:19.325 464 494 D RIL-DEV : [05-21_10:54:19:325] idVendor = 05e3
05-21 10:54:19.325 464 494 D RIL-DEV :
05-21 10:54:19.325 464 494 D RIL-DEV : [05-21_10:54:19:326] idVendor = 1d6b
05-21 10:54:19.325 464 494 D RIL-DEV :
05-21 10:54:19.326 464 494 D RIL-DEV : [05-21_10:54:19:326] idVendor = 1d6b
05-21 10:54:19.326 464 494 D RIL-DEV :
05-21 10:54:19.326 464 494 D RIL-DEV : [05-21_10:54:19:326] idVendor = 0bda
05-21 10:54:19.326 464 494 D RIL-DEV :
05-21 10:54:19.326 464 494 D RIL-DEV : [05-21_10:54:19:327] idVendor = 1d6b
05-21 10:54:19.326 464 494 D RIL-DEV :
05-21 10:54:19.327 464 494 D RIL-DEV : [05-21_10:54:19:327] idVendor = 2109
05-21 10:54:19.327 464 494 D RIL-DEV :
05-21 10:54:19.327 464 494 D RIL-DEV : [05-21_10:54:19:328] idVendor = 2109
05-21 10:54:19.327 464 494 D RIL-DEV :
05-21 10:54:19.327 464 494 D RIL-DEV : [05-21_10:54:19:328] idVendor = 1d6b
05-21 10:54:19.327 464 494 D RIL-DEV :
05-21 10:54:19.328 464 494 D RIL-DEV : [05-21_10:54:19:328] idVendor = 0bda
05-21 10:54:19.328 464 494 D RIL-DEV :
05-21 10:54:19.328 464 494 D RIL-DEV : [05-21_10:54:19:329] idVendor = 2109
05-21 10:54:19.328 464 494 D RIL-DEV :
05-21 10:54:19.329 464 494 E RIL-DEV : Cannot find Meig devices
05-21 10:54:19.329 464 494 I RIL : ---> can't find meig usb devices
05-21 11:03:16.525 543 543 I : read descriptors
05-21 11:03:16.525 543 543 I : read strings
05-21 11:03:16.528 1 1 I init : processing action (sys.usb.config=adb && sys.usb.configfs=1 && sys.usb.ffs.ready=1) from (/system/etc/init/hw/init.usb.configfs.rc:20)
05-21 11:03:16.530 1 1 I init : Command 'symlink /config/usb_gadget/g1/functions/ffs.adb /config/usb_gadget/g1/configs/b.1/f1' action=sys.usb.config=adb && sys.usb.configfs=1 && sys.usb.ffs.ready=1 (/system/etc/init/hw/init.usb.configfs.rc:22) took 0ms and failed: symlink() failed: File exists
05-21 11:03:16.531 1 1 I init : Command 'write /config/usb_gadget/g1/UDC ${sys.usb.controller}' action=sys.usb.config=adb && sys.usb.configfs=1 && sys.usb.ffs.ready=1 (/system/etc/init/hw/init.usb.configfs.rc:23) took 0ms and failed: Unable to write to file '/config/usb_gadget/g1/UDC': Unable to write file contents: Device or resource busy
05-21 10:54:20.002 1340 1340 W ContextImpl: Calling a method in the system process without a qualified user: android.app.ContextImpl.sendBroadcast:1181 android.content.ContextWrapper.sendBroadcast:479 cn.eben.newweather.DateWeatherService.a:19 cn.eben.newweather.DateWeatherService.a:0 cn.eben.newweather.DateWeatherService$1.handleMessage:7
05-21 11:03:17.565 543 543 I : read descriptors
05-21 11:03:17.565 543 543 I : read strings
05-21 11:03:17.568 1 1 I init : processing action (sys.usb.config=adb && sys.usb.configfs=1 && sys.usb.ffs.ready=1) from (/system/etc/init/hw/init.usb.configfs.rc:20)
05-21 11:03:17.569 1 1 I init : Command 'symlink /config/usb_gadget/g1/functions/ffs.adb /config/usb_gadget/g1/configs/b.1/f1' action=sys.usb.config=adb && sys.usb.configfs=1 && sys.usb.ffs.ready=1 (/system/etc/init/hw/init.usb.configfs.rc:22) took 0ms and failed: symlink() failed: File exists
05-21 11:03:17.570 1 1 I init : Command 'write /config/usb_gadget/g1/UDC ${sys.usb.controller}' action=sys.usb.config=adb && sys.usb.configfs=1 && sys.usb.ffs.ready=1 (/system/etc/init/hw/init.usb.configfs.rc:23) took 0ms and failed: Unable to write to file '/config/usb_gadget/g1/UDC': Unable to write file contents: Device or resource busy
05-21 10:54:21.003 1340 1340 W ContextImpl: Calling a method in the system process without a qualified user: android.app.ContextImpl.sendBroadcast:1181 android.content.ContextWrapper.sendBroadcast:479 cn.eben.newweather.DateWeatherService.a:19 cn.eben.newweather.DateWeatherService.a:0 cn.eben.newweather.DateWeatherService$1.handleMessage:7
05-21 10:54:21.329 464 494 I RIL : ---> enter mainloop wait at port
05-21 10:54:21.329 464 494 D RIL-DEV : Get modem info
05-21 10:54:21.330 464 494 D RIL-DEV : [05-21_10:54:21:330] idVendor = 0bda
05-21 10:54:21.330 464 494 D RIL-DEV :
05-21 10:54:21.330 464 494 D RIL-DEV : [05-21_10:54:21:331] idVendor = 05e3
05-21 10:54:21.330 464 494 D RIL-DEV :
05-21 10:54:21.331 464 494 D RIL-DEV : [05-21_10:54:21:331] idVendor = 1d6b
05-21 10:54:21.331 464 494 D RIL-DEV :
05-21 10:54:21.331 464 494 D RIL-DEV : [05-21_10:54:21:331] idVendor = 1d6b
05-21 10:54:21.331 464 494 D RIL-DEV :
05-21 10:54:21.331 464 494 D RIL-DEV : [05-21_10:54:21:332] idVendor = 0bda
05-21 10:54:21.331 464 494 D RIL-DEV :
05-21 10:54:21.332 464 494 D RIL-DEV : [05-21_10:54:21:332] idVendor = 1d6b
05-21 10:54:21.332 464 494 D RIL-DEV :
05-21 10:54:21.332 464 494 D RIL-DEV : [05-21_10:54:21:333] idVendor = 2109
05-21 10:54:21.332 464 494 D RIL-DEV :
05-21 10:54:21.333 464 494 D RIL-DEV : [05-21_10:54:21:333] idVendor = 2109
05-21 10:54:21.333 464 494 D RIL-DEV :
05-21 10:54:21.333 464 494 D RIL-DEV : [05-21_10:54:21:333] idVendor = 1d6b
05-21 10:54:21.333 464 494 D RIL-DEV :
05-21 10:54:21.333 464 494 D RIL-DEV : [05-21_10:54:21:334] idVendor = 0bda
05-21 10:54:21.333 464 494 D RIL-DEV :
05-21 10:54:21.334 464 494 D RIL-DEV : [05-21_10:54:21:334] idVendor = 2109
05-21 10:54:21.334 464 494 D RIL-DEV :
05-21 10:54:21.334 464 494 E RIL-DEV : Cannot find Meig devices
05-21 10:54:21.334 464 494 I RIL : ---> can't find meig usb devices
05-21 11:03:18.608 543 543 I : read descriptors
05-21 11:03:18.608 543 543 I : read strings
05-21 11:03:18.611 1 1 I init : processing action (sys.usb.config=adb && sys.usb.configfs=1 && sys.usb.ffs.ready=1) from (/system/etc/init/hw/init.usb.configfs.rc:20)
05-21 10:54:22.001 1340 1340 W ContextImpl: Calling a method in the system process without a qualified user: android.app.ContextImpl.sendBroadcast:1181 android.content.ContextWrapper.sendBroadcast:479 cn.eben.newweather.DateWeatherService.a:19 cn.eben.newweather.DateWeatherService.a:0 cn.eben.newweather.DateWeatherService$1.handleMessage:7
05-21 11:03:19.645 543 543 I : read descriptors
05-21 11:03:19.645 543 543 I : read strings
05-21 10:54:23.002 1340 1340 W ContextImpl: Calling a method in the system process without a qualified user: android.app.ContextImpl.sendBroadcast:1181 android.content.ContextWrapper.sendBroadcast:479 cn.eben.newweather.DateWeatherService.a:19 cn.eben.newweather.DateWeatherService.a:0 cn.eben.newweather.DateWeatherService$1.handleMessage:7
05-21 10:54:23.335 464 494 I RIL : ---> enter mainloop wait at port
05-21 10:54:23.335 464 494 D RIL-DEV : Get modem info
05-21 10:54:23.336 464 494 D RIL-DEV : [05-21_10:54:23:336] idVendor = 0bda
05-21 10:54:23.336 464 494 D RIL-DEV :
05-21 10:54:23.336 464 494 D RIL-DEV : [05-21_10:54:23:336] idVendor = 05e3
05-21 10:54:23.336 464 494 D RIL-DEV :
05-21 10:54:23.336 464 494 D RIL-DEV : [05-21_10:54:23:337] idVendor = 1d6b
05-21 10:54:23.336 464 494 D RIL-DEV :
05-21 10:54:23.337 464 494 D RIL-DEV : [05-21_10:54:23:337] idVendor = 1d6b
05-21 10:54:23.337 464 494 D RIL-DEV :
05-21 10:54:23.337 464 494 D RIL-DEV : [05-21_10:54:23:337] idVendor = 0bda
05-21 10:54:23.337 464 494 D RIL-DEV :
05-21 10:54:23.338 464 494 D RIL-DEV : [05-21_10:54:23:338] idVendor = 1d6b
05-21 10:54:23.338 464 494 D RIL-DEV :
05-21 10:54:23.338 464 494 D RIL-DEV : [05-21_10:54:23:338] idVendor = 2109
05-21 10:54:23.338 464 494 D RIL-DEV :
05-21 10:54:23.338 464 494 D RIL-DEV : [05-21_10:54:23:339] idVendor = 2109
05-21 10:54:23.338 464 494 D RIL-DEV :
05-21 10:54:23.339 464 494 D RIL-DEV : [05-21_10:54:23:339] idVendor = 1d6b
05-21 10:54:23.339 464 494 D RIL-DEV :
05-21 10:54:23.339 464 494 D RIL-DEV : [05-21_10:54:23:339] idVendor = 0bda
05-21 10:54:23.339 464 494 D RIL-DEV :
05-21 10:54:23.339 464 494 D RIL-DEV : [05-21_10:54:23:340] idVendor = 2109
05-21 10:54:23.339 464 494 D RIL-DEV :
05-21 10:54:23.340 464 494 E RIL-DEV : Cannot find Meig devices
05-21 10:54:23.340 464 494 I RIL : ---> can't find meig usb devices
05-21 10:54:23.663 627 2063 W ContentProviderHelper: Permission Denial: opening provider com.android.providers.contacts.ContactsProvider2 from ProcessRecord{1933406 1690:cn.eben.sync/u0a44} (pid=1690, uid=10044) requires android.permission.READ_CONTACTS or android.permission.WRITE_CONTACTS
05-21 11:03:20.681 543 543 I : read descriptors
05-21 11:03:20.681 543 543 I : read strings
05-21 11:03:20.684 1 1 I init : processing action (sys.usb.config=adb && sys.usb.configfs=1 && sys.usb.ffs.ready=1) from (/system/etc/init/hw/init.usb.configfs.rc:20)
05-21 11:03:20.686 1 1 I init : Command 'symlink /config/usb_gadget/g1/functions/ffs.adb /config/usb_gadget/g1/configs/b.1/f1' action=sys.usb.config=adb && sys.usb.configfs=1 && sys.usb.ffs.ready=1 (/system/etc/init/hw/init.usb.configfs.rc:22) took 0ms and failed: symlink() failed: File exists
05-21 11:03:20.687 1 1 I init : Command 'write /config/usb_gadget/g1/UDC ${sys.usb.controller}' action=sys.usb.config=adb && sys.usb.configfs=1 && sys.usb.ffs.ready=1 (/system/etc/init/hw/init.usb.configfs.rc:23) took 0ms and failed: Unable to write to file '/config/usb_gadget/g1/UDC': Unable to write file contents: Device or resource busy
05-21 10:54:24.002 1340 1340 W ContextImpl: Calling a method in the system process without a qualified user: android.app.ContextImpl.sendBroadcast:1181 android.content.ContextWrapper.sendBroadcast:479 cn.eben.newweather.DateWeatherService.a:19 cn.eben.newweather.DateWeatherService.a:0 cn.eben.newweather.DateWeatherService$1.handleMessage:7
05-21 11:03:21.718 543 543 I : read descriptors
05-21 11:03:21.718 543 543 I : read strings
05-21 11:03:21.721 1 1 I init : processing action (sys.usb.config=adb && sys.usb.configfs=1 && sys.usb.ffs.ready=1) from (/system/etc/init/hw/init.usb.configfs.rc:20)
05-21 11:03:21.723 1 1 I init : Command 'symlink /config/usb_gadget/g1/functions/ffs.adb /config/usb_gadget/g1/configs/b.1/f1' action=sys.usb.config=adb && sys.usb.configfs=1 && sys.usb.ffs.ready=1 (/system/etc/init/hw/init.usb.configfs.rc:22) took 0ms and failed: symlink() failed: File exists
05-21 11:03:21.724 1 1 I init : Command 'write /config/usb_gadget/g1/UDC ${sys.usb.controller}' action=sys.usb.config=adb && sys.usb.configfs=1 && sys.usb.ffs.ready=1 (/system/etc/init/hw/init.usb.configfs.rc:23) took 0ms and failed: Unable to write to file '/config/usb_gadget/g1/UDC': Unable to write file contents: Device or resource busy
05-21 10:54:25.002 1340 1340 W ContextImpl: Calling a method in the system process without a qualified user: android.app.ContextImpl.sendBroadcast:1181 android.content.ContextWrapper.sendBroadcast:479 cn.eben.newweather.DateWeatherService.a:19 cn.eben.newweather.DateWeatherService.a:0 cn.eben.newweather.DateWeatherService$1.handleMessage:7
05-21 10:54:25.340 464 494 I RIL : ---> enter mainloop wait at port
05-21 10:54:25.340 464 494 D RIL-DEV : Get modem info
05-21 10:54:25.341 464 494 D RIL-DEV : [05-21_10:54:25:342] idVendor = 0bda
05-21 10:54:25.341 464 494 D RIL-DEV :
05-21 10:54:25.342 464 494 D RIL-DEV : [05-21_10:54:25:342] idVendor = 05e3
05-21 10:54:25.342 464 494 D RIL-DEV :
05-21 10:54:25.342 464 494 D RIL-DEV : [05-21_10:54:25:343] idVendor = 1d6b
05-21 10:54:25.342 464 494 D RIL-DEV :
05-21 10:54:25.342 464 494 D RIL-DEV : [05-21_10:54:25:343] idVendor = 1d6b
05-21 10:54:25.342 464 494 D RIL-DEV :
05-21 10:54:25.343 464 494 D RIL-DEV : [05-21_10:54:25:343] idVendor = 0bda
05-21 10:54:25.343 464 494 D RIL-DEV :
05-21 10:54:25.343 464 494 D RIL-DEV : [05-21_10:54:25:344] idVendor = 1d6b
05-21 10:54:25.343 464 494 D RIL-DEV :
05-21 10:54:25.343 464 494 D RIL-DEV : [05-21_10:54:25:344] idVendor = 2109
05-21 10:54:25.343 464 494 D RIL-DEV :
05-21 10:54:25.344 464 494 D RIL-DEV : [05-21_10:54:25:344] idVendor = 2109
05-21 10:54:25.344 464 494 D RIL-DEV :
05-21 10:54:25.345 464 494 D RIL-DEV : [05-21_10:54:25:345] idVendor = 1d6b
05-21 10:54:25.345 464 494 D RIL-DEV :
05-21 10:54:25.345 464 494 D RIL-DEV : [05-21_10:54:25:346] idVendor = 0bda
05-21 10:54:25.345 464 494 D RIL-DEV :
05-21 10:54:25.346 464 494 D RIL-DEV : [05-21_10:54:25:346] idVendor = 2109
05-21 10:54:25.346 464 494 D RIL-DEV :
05-21 10:54:25.346 464 494 E RIL-DEV : Cannot find Meig devices
05-21 10:54:25.346 464 494 I RIL : ---> can't find meig usb devices
05-21 11:03:22.755 543 543 I : read descriptors
05-21 11:03:22.755 543 543 I : read strings
05-21 11:03:22.758 1 1 I init : processing action (sys.usb.config=adb && sys.usb.configfs=1 && sys.usb.ffs.ready=1) from (/system/etc/init/hw/init.usb.configfs.rc:20)
05-21 11:03:22.759 1 1 I init : Command 'symlink /config/usb_gadget/g1/functions/ffs.adb /config/usb_gadget/g1/configs/b.1/f1' action=sys.usb.config=adb && sys.usb.configfs=1 && sys.usb.ffs.ready=1 (/system/etc/init/hw/init.usb.configfs.rc:22) took 0ms and failed: symlink() failed: File exists
05-21 11:03:22.760 1 1 I init : Command 'write /config/usb_gadget/g1/UDC ${sys.usb.controller}' action=sys.usb.config=adb && sys.usb.configfs=1 && sys.usb.ffs.ready=1 (/system/etc/init/hw/init.usb.configfs.rc:23) took 0ms and failed: Unable to write to file '/config/usb_gadget/g1/UDC': Unable to write file contents: Device or resource busy
05-21 10:54:26.003 1340 1340 W ContextImpl: Calling a method in the system process without a qualified user: android.app.ContextImpl.sendBroadcast:1181 android.content.ContextWrapper.sendBroadcast:479 cn.eben.newweather.DateWeatherService.a:19 cn.eben.newweather.DateWeatherService.a:0 cn.eben.newweather.DateWeatherService$1.handleMessage:7
05-21 11:03:23.801 543 543 I : read descriptors
05-21 11:03:23.801 543 543 I : read strings
05-21 11:03:23.804 1 1 I init : processing action (sys.usb.config=adb && sys.usb.configfs=1 && sys.usb.ffs.ready=1) from (/system/etc/init/hw/init.usb.configfs.rc:20)
05-21 10:54:27.002 1340 1340 W ContextImpl: Calling a method in the system process without a qualified user: android.app.ContextImpl.sendBroadcast:1181 android.content.ContextWrapper.sendBroadcast:479 cn.eben.newweather.DateWeatherService.a:19 cn.eben.newweather.DateWeatherService.a:0 cn.eben.newweather.DateWeatherService$1.handleMessage:7
05-21 10:54:27.346 464 494 I RIL : ---> enter mainloop wait at port
05-21 10:54:27.347 464 494 D RIL-DEV : Get modem info
05-21 10:54:27.348 464 494 D RIL-DEV : [05-21_10:54:27:348] idVendor = 0bda
05-21 10:54:27.348 464 494 D RIL-DEV :
05-21 10:54:27.348 464 494 D RIL-DEV : [05-21_10:54:27:348] idVendor = 05e3
05-21 10:54:27.348 464 494 D RIL-DEV :
05-21 10:54:27.348 464 494 D RIL-DEV : [05-21_10:54:27:349] idVendor = 1d6b
05-21 10:54:27.348 464 494 D RIL-DEV :
05-21 10:54:27.349 464 494 D RIL-DEV : [05-21_10:54:27:349] idVendor = 1d6b
05-21 10:54:27.349 464 494 D RIL-DEV :
05-21 10:54:27.349 464 494 D RIL-DEV : [05-21_10:54:27:350] idVendor = 0bda
05-21 10:54:27.349 464 494 D RIL-DEV :
05-21 10:54:27.350 464 494 D RIL-DEV : [05-21_10:54:27:350] idVendor = 1d6b
05-21 10:54:27.350 464 494 D RIL-DEV :
05-21 10:54:27.350 464 494 D RIL-DEV : [05-21_10:54:27:350] idVendor = 2109
05-21 10:54:27.350 464 494 D RIL-DEV :
05-21 10:54:27.350 464 494 D RIL-DEV : [05-21_10:54:27:351] idVendor = 2109
05-21 10:54:27.350 464 494 D RIL-DEV :
05-21 10:54:27.351 464 494 D RIL-DEV : [05-21_10:54:27:351] idVendor = 1d6b
05-21 10:54:27.351 464 494 D RIL-DEV :
05-21 10:54:27.351 464 494 D RIL-DEV : [05-21_10:54:27:352] idVendor = 0bda
05-21 10:54:27.351 464 494 D RIL-DEV :
05-21 10:54:27.352 464 494 D RIL-DEV : [05-21_10:54:27:352] idVendor = 2109
05-21 10:54:27.352 464 494 D RIL-DEV :
05-21 10:54:27.352 464 494 E RIL-DEV : Cannot find Meig devices
05-21 10:54:27.352 464 494 I RIL : ---> can't find meig usb devices
05-21 10:54:28.003 1340 1340 W ContextImpl: Calling a method in the system process without a qualified user: android.app.ContextImpl.sendBroadcast:1181 android.content.ContextWrapper.sendBroadcast:479 cn.eben.newweather.DateWeatherService.a:19 cn.eben.newweather.DateWeatherService.a:0 cn.eben.newweather.DateWeatherService$1.handleMessage:7
05-21 11:03:24.845 543 543 I : read descriptors
05-21 11:03:24.845 543 543 I : read strings
05-21 10:54:28.669 627 2063 W ContentProviderHelper: Permission Denial: opening provider com.android.providers.contacts.ContactsProvider2 from ProcessRecord{1933406 1690:cn.eben.sync/u0a44} (pid=1690, uid=10044) requires android.permission.READ_CONTACTS or android.permission.WRITE_CONTACTS
05-21 10:54:29.002 1340 1340 W ContextImpl: Calling a method in the system process without a qualified user: android.app.ContextImpl.sendBroadcast:1181 android.content.ContextWrapper.sendBroadcast:479 cn.eben.newweather.DateWeatherService.a:19 cn.eben.newweather.DateWeatherService.a:0 cn.eben.newweather.DateWeatherService$1.handleMessage:7
05-21 11:03:25.908 543 543 I : read descriptors
05-21 11:03:25.908 543 543 I : read strings
05-21 11:03:25.911 1 1 I init : processing action (sys.usb.config=adb && sys.usb.configfs=1 && sys.usb.ffs.ready=1) from (/system/etc/init/hw/init.usb.configfs.rc:20)
05-21 11:03:25.912 1 1 I init : Command 'symlink /config/usb_gadget/g1/functions/ffs.adb /config/usb_gadget/g1/configs/b.1/f1' action=sys.usb.config=adb && sys.usb.configfs=1 && sys.usb.ffs.ready=1 (/system/etc/init/hw/init.usb.configfs.rc:22) took 0ms and failed: symlink() failed: File exists
05-21 11:03:25.913 1 1 I init : Command 'write /config/usb_gadget/g1/UDC ${sys.usb.controller}' action=sys.usb.config=adb && sys.usb.configfs=1 && sys.usb.ffs.ready=1 (/system/etc/init/hw/init.usb.configfs.rc:23) took 0ms and failed: Unable to write to file '/config/usb_gadget/g1/UDC': Unable to write file contents: Device or resource busy
05-21 10:54:29.353 464 494 I RIL : ---> enter mainloop wait at port
05-21 10:54:29.353 464 494 D RIL-DEV : Get modem info
05-21 10:54:29.354 464 494 D RIL-DEV : [05-21_10:54:29:354] idVendor = 0bda
05-21 10:54:29.354 464 494 D RIL-DEV :
05-21 10:54:29.354 464 494 D RIL-DEV : [05-21_10:54:29:355] idVendor = 05e3
05-21 10:54:29.354 464 494 D RIL-DEV :
05-21 10:54:29.354 464 494 D RIL-DEV : [05-21_10:54:29:355] idVendor = 1d6b
05-21 10:54:29.354 464 494 D RIL-DEV :
05-21 10:54:29.355 464 494 D RIL-DEV : [05-21_10:54:29:355] idVendor = 1d6b
05-21 10:54:29.355 464 494 D RIL-DEV :
05-21 10:54:29.355 464 494 D RIL-DEV : [05-21_10:54:29:356] idVendor = 0bda
05-21 10:54:29.355 464 494 D RIL-DEV :
05-21 10:54:29.356 464 494 D RIL-DEV : [05-21_10:54:29:356] idVendor = 1d6b
05-21 10:54:29.356 464 494 D RIL-DEV :
05-21 10:54:29.356 464 494 D RIL-DEV : [05-21_10:54:29:356] idVendor = 2109
05-21 10:54:29.356 464 494 D RIL-DEV :
05-21 10:54:29.356 464 494 D RIL-DEV : [05-21_10:54:29:357] idVendor = 2109
05-21 10:54:29.356 464 494 D RIL-DEV :
05-21 10:54:29.357 464 494 D RIL-DEV : [05-21_10:54:29:357] idVendor = 1d6b
05-21 10:54:29.357 464 494 D RIL-DEV :
05-21 10:54:29.357 464 494 D RIL-DEV : [05-21_10:54:29:357] idVendor = 0bda
05-21 10:54:29.357 464 494 D RIL-DEV :
05-21 10:54:29.357 464 494 D RIL-DEV : [05-21_10:54:29:358] idVendor = 2109
05-21 10:54:29.357 464 494 D RIL-DEV :
05-21 10:54:29.358 464 494 E RIL-DEV : Cannot find Meig devices
05-21 10:54:29.358 464 494 I RIL : ---> can't find meig usb devices
05-21 10:54:30.002 1340 1340 W ContextImpl: Calling a method in the system process without a qualified user: android.app.ContextImpl.sendBroadcast:1181 android.content.ContextWrapper.sendBroadcast:479 cn.eben.newweather.DateWeatherService.a:19 cn.eben.newweather.DateWeatherService.a:0 cn.eben.newweather.DateWeatherService$1.handleMessage:7
05-21 11:03:26.955 543 543 I : read descriptors
05-21 11:03:26.955 543 543 I : read strings
05-21 11:03:26.957 1 1 I init : processing action (sys.usb.config=adb && sys.usb.configfs=1 && sys.usb.ffs.ready=1) from (/system/etc/init/hw/init.usb.configfs.rc:20)
05-21 11:03:26.960 1 1 I init : Command 'symlink /config/usb_gadget/g1/functions/ffs.adb /config/usb_gadget/g1/configs/b.1/f1' action=sys.usb.config=adb && sys.usb.configfs=1 && sys.usb.ffs.ready=1 (/system/etc/init/hw/init.usb.configfs.rc:22) took 0ms and failed: symlink() failed: File exists
05-21 11:03:26.962 1 1 I init : Command 'write /config/usb_gadget/g1/UDC ${sys.usb.controller}' action=sys.usb.config=adb && sys.usb.configfs=1 && sys.usb.ffs.ready=1 (/system/etc/init/hw/init.usb.configfs.rc:23) took 2ms and failed: Unable to write to file '/config/usb_gadget/g1/UDC': Unable to write file contents: Device or resource busy
05-21 10:54:31.002 1340 1340 W ContextImpl: Calling a method in the system process without a qualified user: android.app.ContextImpl.sendBroadcast:1181 android.content.ContextWrapper.sendBroadcast:479 cn.eben.newweather.DateWeatherService.a:19 cn.eben.newweather.DateWeatherService.a:0 cn.eben.newweather.DateWeatherService$1.handleMessage:7
05-21 11:03:28.005 543 543 I : read descriptors
05-21 11:03:28.005 543 543 I : read strings
05-21 11:03:28.007 1 1 I init : processing action (sys.usb.config=adb && sys.usb.configfs=1 && sys.usb.ffs.ready=1) from (/system/etc/init/hw/init.usb.configfs.rc:20)
05-21 11:03:28.010 1 1 I init : Command 'symlink /config/usb_gadget/g1/functions/ffs.adb /config/usb_gadget/g1/configs/b.1/f1' action=sys.usb.config=adb && sys.usb.configfs=1 && sys.usb.ffs.ready=1 (/system/etc/init/hw/init.usb.configfs.rc:22) took 0ms and failed: symlink() failed: File exists
05-21 11:03:28.013 1 1 I init : Command 'write /config/usb_gadget/g1/UDC ${sys.usb.controller}' action=sys.usb.config=adb && sys.usb.configfs=1 && sys.usb.ffs.ready=1 (/system/etc/init/hw/init.usb.configfs.rc:23) took 2ms and failed: Unable to write to file '/config/usb_gadget/g1/UDC': Unable to write file contents: Device or resource busy
05-21 10:54:31.358 464 494 I RIL : ---> enter mainloop wait at port
05-21 10:54:31.358 464 494 D RIL-DEV : Get modem info
05-21 10:54:31.359 464 494 D RIL-DEV : [05-21_10:54:31:359] idVendor = 0bda
05-21 10:54:31.359 464 494 D RIL-DEV :
05-21 10:54:31.359 464 494 D RIL-DEV : [05-21_10:54:31:360] idVendor = 05e3
05-21 10:54:31.359 464 494 D RIL-DEV :
05-21 10:54:31.360 464 494 D RIL-DEV : [05-21_10:54:31:360] idVendor = 1d6b
05-21 10:54:31.360 464 494 D RIL-DEV :
05-21 10:54:31.360 464 494 D RIL-DEV : [05-21_10:54:31:360] idVendor = 1d6b
05-21 10:54:31.360 464 494 D RIL-DEV :
05-21 10:54:31.360 464 494 D RIL-DEV : [05-21_10:54:31:361] idVendor = 0bda
05-21 10:54:31.360 464 494 D RIL-DEV :
05-21 10:54:31.361 464 494 D RIL-DEV : [05-21_10:54:31:361] idVendor = 1d6b
05-21 10:54:31.361 464 494 D RIL-DEV :
05-21 10:54:31.361 464 494 D RIL-DEV : [05-21_10:54:31:362] idVendor = 2109
05-21 10:54:31.361 464 494 D RIL-DEV :
05-21 10:54:31.362 464 494 D RIL-DEV : [05-21_10:54:31:362] idVendor = 2109
05-21 10:54:31.362 464 494 D RIL-DEV :
05-21 10:54:31.362 464 494 D RIL-DEV : [05-21_10:54:31:362] idVendor = 1d6b
05-21 10:54:31.362 464 494 D RIL-DEV :
05-21 10:54:31.362 464 494 D RIL-DEV : [05-21_10:54:31:363] idVendor = 0bda
05-21 10:54:31.362 464 494 D RIL-DEV :
05-21 10:54:31.363 464 494 D RIL-DEV : [05-21_10:54:31:363] idVendor = 2109
05-21 10:54:31.363 464 494 D RIL-DEV :
05-21 10:54:31.363 464 494 E RIL-DEV : Cannot find Meig devices
05-21 10:54:31.363 464 494 I RIL : ---> can't find meig usb devices
05-21 10:54:32.002 1340 1340 W ContextImpl: Calling a method in the system process without a qualified user: android.app.ContextImpl.sendBroadcast:1181 android.content.ContextWrapper.sendBroadcast:479 cn.eben.newweather.DateWeatherService.a:19 cn.eben.newweather.DateWeatherService.a:0 cn.eben.newweather.DateWeatherService$1.handleMessage:7
05-21 11:03:29.048 543 543 I : read descriptors
05-21 11:03:29.048 543 543 I : read strings
05-21 11:03:29.051 1 1 I init : processing action (sys.usb.config=adb && sys.usb.configfs=1 && sys.usb.ffs.ready=1) from (/system/etc/init/hw/init.usb.configfs.rc:20)
05-21 10:54:33.003 1340 1340 W ContextImpl: Calling a method in the system process without a qualified user: android.app.ContextImpl.sendBroadcast:1181 android.content.ContextWrapper.sendBroadcast:479 cn.eben.newweather.DateWeatherService.a:19 cn.eben.newweather.DateWeatherService.a:0 cn.eben.newweather.DateWeatherService$1.handleMessage:7
05-21 11:03:30.108 543 543 I : read descriptors
05-21 11:03:30.108 543 543 I : read strings
05-21 10:54:33.363 464 494 I RIL : ---> enter mainloop wait at port
05-21 10:54:33.363 464 494 D RIL-DEV : Get modem info
05-21 10:54:33.364 464 494 D RIL-DEV : [05-21_10:54:33:364] idVendor = 0bda
05-21 10:54:33.364 464 494 D RIL-DEV :
05-21 10:54:33.364 464 494 D RIL-DEV : [05-21_10:54:33:365] idVendor = 05e3
05-21 10:54:33.364 464 494 D RIL-DEV :
05-21 10:54:33.364 464 494 D RIL-DEV : [05-21_10:54:33:365] idVendor = 1d6b
05-21 10:54:33.364 464 494 D RIL-DEV :
05-21 10:54:33.365 464 494 D RIL-DEV : [05-21_10:54:33:365] idVendor = 1d6b
05-21 10:54:33.365 464 494 D RIL-DEV :
05-21 10:54:33.365 464 494 D RIL-DEV : [05-21_10:54:33:365] idVendor = 0bda
05-21 10:54:33.365 464 494 D RIL-DEV :
05-21 10:54:33.365 464 494 D RIL-DEV : [05-21_10:54:33:366] idVendor = 1d6b
05-21 10:54:33.365 464 494 D RIL-DEV :
05-21 10:54:33.365 464 494 D RIL-DEV : [05-21_10:54:33:366] idVendor = 2109
05-21 10:54:33.365 464 494 D RIL-DEV :
05-21 10:54:33.366 464 494 D RIL-DEV : [05-21_10:54:33:366] idVendor = 2109
05-21 10:54:33.366 464 494 D RIL-DEV :
05-21 10:54:33.366 464 494 D RIL-DEV : [05-21_10:54:33:366] idVendor = 1d6b
05-21 10:54:33.366 464 494 D RIL-DEV :
05-21 10:54:33.366 464 494 D RIL-DEV : [05-21_10:54:33:367] idVendor = 0bda
05-21 10:54:33.366 464 494 D RIL-DEV :
05-21 10:54:33.366 464 494 D RIL-DEV : [05-21_10:54:33:367] idVendor = 2109
05-21 10:54:33.366 464 494 D RIL-DEV :
05-21 10:54:33.367 464 494 E RIL-DEV : Cannot find Meig devices
05-21 10:54:33.367 464 494 I RIL : ---> can't find meig usb devices
05-21 10:54:33.674 627 945 W ContentProviderHelper: Permission Denial: opening provider com.android.providers.contacts.ContactsProvider2 from ProcessRecord{1933406 1690:cn.eben.sync/u0a44} (pid=1690, uid=10044) requires android.permission.READ_CONTACTS or android.permission.WRITE_CONTACTS
05-21 10:54:34.001 1340 1340 W ContextImpl: Calling a method in the system process without a qualified user: android.app.ContextImpl.sendBroadcast:1181 android.content.ContextWrapper.sendBroadcast:479 cn.eben.newweather.DateWeatherService.a:19 cn.eben.newweather.DateWeatherService.a:0 cn.eben.newweather.DateWeatherService$1.handleMessage:7
05-21 11:03:31.165 543 543 I : read descriptors
05-21 11:03:31.165 543 543 I : read strings
05-21 11:03:31.167 1 1 I init : processing action (sys.usb.config=adb && sys.usb.configfs=1 && sys.usb.ffs.ready=1) from (/system/etc/init/hw/init.usb.configfs.rc:20)
05-21 11:03:31.170 1 1 I init : Command 'symlink /config/usb_gadget/g1/functions/ffs.adb /config/usb_gadget/g1/configs/b.1/f1' action=sys.usb.config=adb && sys.usb.configfs=1 && sys.usb.ffs.ready=1 (/system/etc/init/hw/init.usb.configfs.rc:22) took 0ms and failed: symlink() failed: File exists
05-21 11:03:31.172 1 1 I init : Command 'write /config/usb_gadget/g1/UDC ${sys.usb.controller}' action=sys.usb.config=adb && sys.usb.configfs=1 && sys.usb.ffs.ready=1 (/system/etc/init/hw/init.usb.configfs.rc:23) took 1ms and failed: Unable to write to file '/config/usb_gadget/g1/UDC': Unable to write file contents: Device or resource busy
05-21 10:54:35.002 1340 1340 W ContextImpl: Calling a method in the system process without a qualified user: android.app.ContextImpl.sendBroadcast:1181 android.content.ContextWrapper.sendBroadcast:479 cn.eben.newweather.DateWeatherService.a:19 cn.eben.newweather.DateWeatherService.a:0 cn.eben.newweather.DateWeatherService$1.handleMessage:7
05-21 10:54:35.367 464 494 I RIL : ---> enter mainloop wait at port
05-21 10:54:35.367 464 494 D RIL-DEV : Get modem info
05-21 10:54:35.368 464 494 D RIL-DEV : [05-21_10:54:35:368] idVendor = 0bda
05-21 10:54:35.368 464 494 D RIL-DEV :
05-21 10:54:35.368 464 494 D RIL-DEV : [05-21_10:54:35:369] idVendor = 05e3
05-21 10:54:35.368 464 494 D RIL-DEV :
05-21 10:54:35.369 464 494 D RIL-DEV : [05-21_10:54:35:369] idVendor = 1d6b
05-21 10:54:35.369 464 494 D RIL-DEV :
05-21 10:54:35.369 464 494 D RIL-DEV : [05-21_10:54:35:369] idVendor = 1d6b
05-21 10:54:35.369 464 494 D RIL-DEV :
05-21 10:54:35.369 464 494 D RIL-DEV : [05-21_10:54:35:370] idVendor = 0bda
05-21 10:54:35.369 464 494 D RIL-DEV :
05-21 10:54:35.370 464 494 D RIL-DEV : [05-21_10:54:35:370] idVendor = 1d6b
05-21 10:54:35.370 464 494 D RIL-DEV :
05-21 10:54:35.370 464 494 D RIL-DEV : [05-21_10:54:35:370] idVendor = 2109
05-21 10:54:35.370 464 494 D RIL-DEV :
05-21 10:54:35.370 464 494 D RIL-DEV : [05-21_10:54:35:371] idVendor = 2109
05-21 10:54:35.370 464 494 D RIL-DEV :
05-21 10:54:35.371 464 494 D RIL-DEV : [05-21_10:54:35:371] idVendor = 1d6b
05-21 10:54:35.371 464 494 D RIL-DEV :
05-21 10:54:35.371 464 494 D RIL-DEV : [05-21_10:54:35:371] idVendor = 0bda
05-21 10:54:35.371 464 494 D RIL-DEV :
05-21 10:54:35.371 464 494 D RIL-DEV : [05-21_10:54:35:372] idVendor = 2109
05-21 10:54:35.371 464 494 D RIL-DEV :
05-21 10:54:35.372 464 494 E RIL-DEV : Cannot find Meig devices
05-21 10:54:35.372 464 494 I RIL : ---> can't find meig usb devices
05-21 11:03:32.234 543 543 I : read descriptors
05-21 11:03:32.235 543 543 I : read strings
05-21 11:03:32.238 1 1 I init : processing action (sys.usb.config=adb && sys.usb.configfs=1 && sys.usb.ffs.ready=1) from (/system/etc/init/hw/init.usb.configfs.rc:20)
05-21 11:03:32.240 1 1 I init : Command 'symlink /config/usb_gadget/g1/functions/ffs.adb /config/usb_gadget/g1/configs/b.1/f1' action=sys.usb.config=adb && sys.usb.configfs=1 && sys.usb.ffs.ready=1 (/system/etc/init/hw/init.usb.configfs.rc:22) took 0ms and failed: symlink() failed: File exists
05-21 11:03:32.240 1 1 I init : Command 'write /config/usb_gadget/g1/UDC ${sys.usb.controller}' action=sys.usb.config=adb && sys.usb.configfs=1 && sys.usb.ffs.ready=1 (/system/etc/init/hw/init.usb.configfs.rc:23) took 0ms and failed: Unable to write to file '/config/usb_gadget/g1/UDC': Unable to write file contents: Device or resource busy
05-21 10:54:36.002 1340 1340 W ContextImpl: Calling a method in the system process without a qualified user: android.app.ContextImpl.sendBroadcast:1181 android.content.ContextWrapper.sendBroadcast:479 cn.eben.newweather.DateWeatherService.a:19 cn.eben.newweather.DateWeatherService.a:0 cn.eben.newweather.DateWeatherService$1.handleMessage:7
05-21 11:03:33.281 543 543 I : read descriptors
05-21 11:03:33.281 543 543 I : read strings
05-21 11:03:33.284 1 1 I init : processing action (sys.usb.config=adb && sys.usb.configfs=1 && sys.usb.ffs.ready=1) from (/system/etc/init/hw/init.usb.configfs.rc:20)
05-21 11:03:33.286 1 1 I init : Command 'symlink /config/usb_gadget/g1/functions/ffs.adb /config/usb_gadget/g1/configs/b.1/f1' action=sys.usb.config=adb && sys.usb.configfs=1 && sys.usb.ffs.ready=1 (/system/etc/init/hw/init.usb.configfs.rc:22) took 0ms and failed: symlink() failed: File exists
05-21 11:03:33.286 1 1 I init : Command 'write /config/usb_gadget/g1/UDC ${sys.usb.controller}' action=sys.usb.config=adb && sys.usb.configfs=1 && sys.usb.ffs.ready=1 (/system/etc/init/hw/init.usb.configfs.rc:23) took 0ms and failed: Unable to write to file '/config/usb_gadget/g1/UDC': Unable to write file contents: Device or resource busy
05-21 10:54:37.002 1340 1340 W ContextImpl: Calling a method in the system process without a qualified user: android.app.ContextImpl.sendBroadcast:1181 android.content.ContextWrapper.sendBroadcast:479 cn.eben.newweather.DateWeatherService.a:19 cn.eben.newweather.DateWeatherService.a:0 cn.eben.newweather.DateWeatherService$1.handleMessage:7
05-21 10:54:37.372 464 494 I RIL : ---> enter mainloop wait at port
05-21 10:54:37.372 464 494 D RIL-DEV : Get modem info
05-21 10:54:37.373 464 494 D RIL-DEV : [05-21_10:54:37:374] idVendor = 0bda
05-21 10:54:37.373 464 494 D RIL-DEV :
05-21 10:54:37.374 464 494 D RIL-DEV : [05-21_10:54:37:374] idVendor = 05e3
05-21 10:54:37.374 464 494 D RIL-DEV :
05-21 10:54:37.374 464 494 D RIL-DEV : [05-21_10:54:37:375] idVendor = 1d6b
05-21 10:54:37.374 464 494 D RIL-DEV :
05-21 10:54:37.374 464 494 D RIL-DEV : [05-21_10:54:37:375] idVendor = 1d6b
05-21 10:54:37.374 464 494 D RIL-DEV :
05-21 10:54:37.375 464 494 D RIL-DEV : [05-21_10:54:37:375] idVendor = 0bda
05-21 10:54:37.375 464 494 D RIL-DEV :
05-21 10:54:37.375 464 494 D RIL-DEV : [05-21_10:54:37:376] idVendor = 1d6b
05-21 10:54:37.375 464 494 D RIL-DEV :
05-21 10:54:37.375 464 494 D RIL-DEV : [05-21_10:54:37:376] idVendor = 2109
05-21 10:54:37.375 464 494 D RIL-DEV :
05-21 10:54:37.376 464 494 D RIL-DEV : [05-21_10:54:37:376] idVendor = 2109
05-21 10:54:37.376 464 494 D RIL-DEV :
05-21 10:54:37.376 464 494 D RIL-DEV : [05-21_10:54:37:377] idVendor = 1d6b
05-21 10:54:37.376 464 494 D RIL-DEV :
05-21 10:54:37.376 464 494 D RIL-DEV : [05-21_10:54:37:377] idVendor = 0bda
05-21 10:54:37.376 464 494 D RIL-DEV :
05-21 10:54:37.377 464 494 D RIL-DEV : [05-21_10:54:37:377] idVendor = 2109
05-21 10:54:37.377 464 494 D RIL-DEV :
05-21 10:54:37.377 464 494 E RIL-DEV : Cannot find Meig devices
05-21 10:54:37.377 464 494 I RIL : ---> can't find meig usb devices
05-21 11:03:34.328 543 543 I : read descriptors
05-21 11:03:34.328 543 543 I : read strings
05-21 11:03:34.331 1 1 I init : processing action (sys.usb.config=adb && sys.usb.configfs=1 && sys.usb.ffs.ready=1) from (/system/etc/init/hw/init.usb.configfs.rc:20)
05-21 10:54:38.003 1340 1340 W ContextImpl: Calling a method in the system process without a qualified user: android.app.ContextImpl.sendBroadcast:1181 android.content.ContextWrapper.sendBroadcast:479 cn.eben.newweather.DateWeatherService.a:19 cn.eben.newweather.DateWeatherService.a:0 cn.eben.newweather.DateWeatherService$1.handleMessage:7
05-21 11:03:35.385 543 543 I : read descriptors
05-21 11:03:35.385 543 543 I : read strings
05-21 10:54:38.679 627 945 W ContentProviderHelper: Permission Denial: opening provider com.android.providers.contacts.ContactsProvider2 from ProcessRecord{1933406 1690:cn.eben.sync/u0a44} (pid=1690, uid=10044) requires android.permission.READ_CONTACTS or android.permission.WRITE_CONTACTS
05-21 10:54:39.002 1340 1340 W ContextImpl: Calling a method in the system process without a qualified user: android.app.ContextImpl.sendBroadcast:1181 android.content.ContextWrapper.sendBroadcast:479 cn.eben.newweather.DateWeatherService.a:19 cn.eben.newweather.DateWeatherService.a:0 cn.eben.newweather.DateWeatherService$1.handleMessage:7
05-21 10:54:39.378 464 494 I RIL : ---> enter mainloop wait at port
05-21 10:54:39.378 464 494 D RIL-DEV : Get modem info
05-21 10:54:39.379 464 494 D RIL-DEV : [05-21_10:54:39:379] idVendor = 0bda
05-21 10:54:39.379 464 494 D RIL-DEV :
05-21 10:54:39.379 464 494 D RIL-DEV : [05-21_10:54:39:380] idVendor = 05e3
05-21 10:54:39.379 464 494 D RIL-DEV :
05-21 10:54:39.379 464 494 D RIL-DEV : [05-21_10:54:39:380] idVendor = 1d6b
05-21 10:54:39.379 464 494 D RIL-DEV :
05-21 10:54:39.380 464 494 D RIL-DEV : [05-21_10:54:39:380] idVendor = 1d6b
05-21 10:54:39.380 464 494 D RIL-DEV :
05-21 10:54:39.380 464 494 D RIL-DEV : [05-21_10:54:39:380] idVendor = 0bda
05-21 10:54:39.380 464 494 D RIL-DEV :
05-21 10:54:39.380 464 494 D RIL-DEV : [05-21_10:54:39:381] idVendor = 1d6b
05-21 10:54:39.380 464 494 D RIL-DEV :
05-21 10:54:39.381 464 494 D RIL-DEV : [05-21_10:54:39:381] idVendor = 2109
05-21 10:54:39.381 464 494 D RIL-DEV :
05-21 10:54:39.381 464 494 D RIL-DEV : [05-21_10:54:39:382] idVendor = 2109
05-21 10:54:39.381 464 494 D RIL-DEV :
05-21 10:54:39.382 464 494 D RIL-DEV : [05-21_10:54:39:382] idVendor = 1d6b
05-21 10:54:39.382 464 494 D RIL-DEV :
05-21 10:54:39.382 464 494 D RIL-DEV : [05-21_10:54:39:382] idVendor = 0bda
05-21 10:54:39.382 464 494 D RIL-DEV :
05-21 10:54:39.382 464 494 D RIL-DEV : [05-21_10:54:39:383] idVendor = 2109
05-21 10:54:39.382 464 494 D RIL-DEV :
05-21 10:54:39.383 464 494 E RIL-DEV : Cannot find Meig devices
05-21 10:54:39.383 464 494 I RIL : ---> can't find meig usb devices
05-21 11:03:36.438 543 543 I : read descriptors
05-21 11:03:36.438 543 543 I : read strings
05-21 11:03:36.441 1 1 I init : processing action (sys.usb.config=adb && sys.usb.configfs=1 && sys.usb.ffs.ready=1) from (/system/etc/init/hw/init.usb.configfs.rc:20)
05-21 11:03:36.443 1 1 I init : Command 'symlink /config/usb_gadget/g1/functions/ffs.adb /config/usb_gadget/g1/configs/b.1/f1' action=sys.usb.config=adb && sys.usb.configfs=1 && sys.usb.ffs.ready=1 (/system/etc/init/hw/init.usb.configfs.rc:22) took 0ms and failed: symlink() failed: File exists
05-21 11:03:36.443 1 1 I init : Command 'write /config/usb_gadget/g1/UDC ${sys.usb.controller}' action=sys.usb.config=adb && sys.usb.configfs=1 && sys.usb.ffs.ready=1 (/system/etc/init/hw/init.usb.configfs.rc:23) took 0ms and failed: Unable to write to file '/config/usb_gadget/g1/UDC': Unable to write file contents: Device or resource busy
05-21 10:54:40.002 1340 1340 W ContextImpl: Calling a method in the system process without a qualified user: android.app.ContextImpl.sendBroadcast:1181 android.content.ContextWrapper.sendBroadcast:479 cn.eben.newweather.DateWeatherService.a:19 cn.eben.newweather.DateWeatherService.a:0 cn.eben.newweather.DateWeatherService$1.handleMessage:7
05-21 11:03:37.475 543 543 I : read descriptors
05-21 11:03:37.475 543 543 I : read strings
05-21 11:03:37.478 1 1 I init : processing action (sys.usb.config=adb && sys.usb.configfs=1 && sys.usb.ffs.ready=1) from (/system/etc/init/hw/init.usb.configfs.rc:20)
05-21 11:03:37.479 1 1 I init : Command 'symlink /config/usb_gadget/g1/functions/ffs.adb /config/usb_gadget/g1/configs/b.1/f1' action=sys.usb.config=adb && sys.usb.configfs=1 && sys.usb.ffs.ready=1 (/system/etc/init/hw/init.usb.configfs.rc:22) took 0ms and failed: symlink() failed: File exists
05-21 11:03:37.480 1 1 I init : Command 'write /config/usb_gadget/g1/UDC ${sys.usb.controller}' action=sys.usb.config=adb && sys.usb.configfs=1 && sys.usb.ffs.ready=1 (/system/etc/init/hw/init.usb.configfs.rc:23) took 0ms and failed: Unable to write to file '/config/usb_gadget/g1/UDC': Unable to write file contents: Device or resource busy
05-21 10:54:41.002 1340 1340 W ContextImpl: Calling a method in the system process without a qualified user: android.app.ContextImpl.sendBroadcast:1181 android.content.ContextWrapper.sendBroadcast:479 cn.eben.newweather.DateWeatherService.a:19 cn.eben.newweather.DateWeatherService.a:0 cn.eben.newweather.DateWeatherService$1.handleMessage:7
05-21 10:54:41.383 464 494 I RIL : ---> enter mainloop wait at port
05-21 10:54:41.383 464 494 D RIL-DEV : Get modem info
05-21 10:54:41.384 464 494 D RIL-DEV : [05-21_10:54:41:385] idVendor = 0bda
05-21 10:54:41.384 464 494 D RIL-DEV :
05-21 10:54:41.385 464 494 D RIL-DEV : [05-21_10:54:41:385] idVendor = 05e3
05-21 10:54:41.385 464 494 D RIL-DEV :
05-21 10:54:41.385 464 494 D RIL-DEV : [05-21_10:54:41:385] idVendor = 1d6b
05-21 10:54:41.385 464 494 D RIL-DEV :
05-21 10:54:41.385 464 494 D RIL-DEV : [05-21_10:54:41:386] idVendor = 1d6b
05-21 10:54:41.385 464 494 D RIL-DEV :
05-21 10:54:41.385 464 494 D RIL-DEV : [05-21_10:54:41:386] idVendor = 0bda
05-21 10:54:41.385 464 494 D RIL-DEV :
05-21 10:54:41.386 464 494 D RIL-DEV : [05-21_10:54:41:386] idVendor = 1d6b
05-21 10:54:41.386 464 494 D RIL-DEV :
05-21 10:54:41.386 464 494 D RIL-DEV : [05-21_10:54:41:387] idVendor = 2109
05-21 10:54:41.386 464 494 D RIL-DEV :
05-21 10:54:41.387 464 494 D RIL-DEV : [05-21_10:54:41:387] idVendor = 2109
05-21 10:54:41.387 464 494 D RIL-DEV :
05-21 10:54:41.387 464 494 D RIL-DEV : [05-21_10:54:41:387] idVendor = 1d6b
05-21 10:54:41.387 464 494 D RIL-DEV :
05-21 10:54:41.387 464 494 D RIL-DEV : [05-21_10:54:41:388] idVendor = 0bda
05-21 10:54:41.387 464 494 D RIL-DEV :
05-21 10:54:41.388 464 494 D RIL-DEV : [05-21_10:54:41:388] idVendor = 2109
05-21 10:54:41.388 464 494 D RIL-DEV :
05-21 10:54:41.388 464 494 E RIL-DEV : Cannot find Meig devices
05-21 10:54:41.388 464 494 I RIL : ---> can't find meig usb devices
05-21 11:03:38.518 543 543 I : read descriptors
05-21 11:03:38.518 543 543 I : read strings
05-21 11:03:38.521 1 1 I init : processing action (sys.usb.config=adb && sys.usb.configfs=1 && sys.usb.ffs.ready=1) from (/system/etc/init/hw/init.usb.configfs.rc:20)
05-21 11:03:38.523 1 1 I init : Command 'symlink /config/usb_gadget/g1/functions/ffs.adb /config/usb_gadget/g1/configs/b.1/f1' action=sys.usb.config=adb && sys.usb.configfs=1 && sys.usb.ffs.ready=1 (/system/etc/init/hw/init.usb.configfs.rc:22) took 0ms and failed: symlink() failed: File exists
05-21 11:03:38.523 1 1 I init : Command 'write /config/usb_gadget/g1/UDC ${sys.usb.controller}' action=sys.usb.config=adb && sys.usb.configfs=1 && sys.usb.ffs.ready=1 (/system/etc/init/hw/init.usb.configfs.rc:23) took 0ms and failed: Unable to write to file '/config/usb_gadget/g1/UDC': Unable to write file contents: Device or resource busy
05-21 10:54:42.002 1340 1340 W ContextImpl: Calling a method in the system process without a qualified user: android.app.ContextImpl.sendBroadcast:1181 android.content.ContextWrapper.sendBroadcast:479 cn.eben.newweather.DateWeatherService.a:19 cn.eben.newweather.DateWeatherService.a:0 cn.eben.newweather.DateWeatherService$1.handleMessage:7
05-21 11:03:39.561 543 543 I : read descriptors
05-21 11:03:39.561 543 543 I : read strings
05-21 11:03:39.565 1 1 I init : processing action (sys.usb.config=adb && sys.usb.configfs=1 && sys.usb.ffs.ready=1) from (/system/etc/init/hw/init.usb.configfs.rc:20)
05-21 10:54:43.002 1340 1340 W ContextImpl: Calling a method in the system process without a qualified user: android.app.ContextImpl.sendBroadcast:1181 android.content.ContextWrapper.sendBroadcast:479 cn.eben.newweather.DateWeatherService.a:19 cn.eben.newweather.DateWeatherService.a:0 cn.eben.newweather.DateWeatherService$1.handleMessage:7
05-21 10:54:43.388 464 494 I RIL : ---> enter mainloop wait at port
05-21 10:54:43.389 464 494 D RIL-DEV : Get modem info
05-21 10:54:43.389 464 494 D RIL-DEV : [05-21_10:54:43:390] idVendor = 0bda
05-21 10:54:43.389 464 494 D RIL-DEV :
05-21 10:54:43.390 464 494 D RIL-DEV : [05-21_10:54:43:390] idVendor = 05e3
05-21 10:54:43.390 464 494 D RIL-DEV :
05-21 10:54:43.390 464 494 D RIL-DEV : [05-21_10:54:43:391] idVendor = 1d6b
05-21 10:54:43.390 464 494 D RIL-DEV :
05-21 10:54:43.390 464 494 D RIL-DEV : [05-21_10:54:43:391] idVendor = 1d6b
05-21 10:54:43.390 464 494 D RIL-DEV :
05-21 10:54:43.391 464 494 D RIL-DEV : [05-21_10:54:43:391] idVendor = 0bda
05-21 10:54:43.391 464 494 D RIL-DEV :
05-21 10:54:43.391 464 494 D RIL-DEV : [05-21_10:54:43:392] idVendor = 1d6b
05-21 10:54:43.391 464 494 D RIL-DEV :
05-21 10:54:43.392 464 494 D RIL-DEV : [05-21_10:54:43:392] idVendor = 2109
05-21 10:54:43.392 464 494 D RIL-DEV :
05-21 10:54:43.392 464 494 D RIL-DEV : [05-21_10:54:43:392] idVendor = 2109
05-21 10:54:43.392 464 494 D RIL-DEV :
05-21 10:54:43.392 464 494 D RIL-DEV : [05-21_10:54:43:393] idVendor = 1d6b
05-21 10:54:43.392 464 494 D RIL-DEV :
05-21 10:54:43.393 464 494 D RIL-DEV : [05-21_10:54:43:393] idVendor = 0bda
05-21 10:54:43.393 464 494 D RIL-DEV :
05-21 10:54:43.393 464 494 D RIL-DEV : [05-21_10:54:43:393] idVendor = 2109
05-21 10:54:43.393 464 494 D RIL-DEV :
05-21 10:54:43.393 464 494 E RIL-DEV : Cannot find Meig devices
05-21 10:54:43.393 464 494 I RIL : ---> can't find meig usb devices
05-21 10:54:43.685 627 945 W ContentProviderHelper: Permission Denial: opening provider com.android.providers.contacts.ContactsProvider2 from ProcessRecord{1933406 1690:cn.eben.sync/u0a44} (pid=1690, uid=10044) requires android.permission.READ_CONTACTS or android.permission.WRITE_CONTACTS
05-21 11:03:40.605 543 543 I : read descriptors
05-21 11:03:40.605 543 543 I : read strings
05-21 10:54:44.002 1340 1340 W ContextImpl: Calling a method in the system process without a qualified user: android.app.ContextImpl.sendBroadcast:1181 android.content.ContextWrapper.sendBroadcast:479 cn.eben.newweather.DateWeatherService.a:19 cn.eben.newweather.DateWeatherService.a:0 cn.eben.newweather.DateWeatherService$1.handleMessage:7
05-21 10:54:44.456 627 647 V InputMethodMenuController: Hide switching menu
05-21 10:54:44.498 627 647 V InputMethodMenuController: Hide switching menu
05-21 10:54:44.562 3582 3582 W ContextImpl: Calling a method in the system process without a qualified user: android.app.ContextImpl.sendBroadcast:1181 android.content.ContextWrapper.sendBroadcast:479 com.ebensz.appmanager.MainActivity$UpdateAndDownLoadAppsObservable.dispatchUpdateAppsCount:151 com.ebensz.appmanager.MainActivity.onLoadFinished:1059 com.ebensz.appmanager.MainActivity.onLoadFinished:93
05-21 10:54:44.565 627 653 I DropBoxManagerService: add tag=system_server_wtf isTagEnabled=true flags=0x2
05-21 10:54:44.582 627 2411 V InputMethodManagerService: startInputOrWindowGainedFocusInternalLocked: reason=WINDOW_FOCUS_GAIN client=android.os.BinderProxy@3398b1f inputContext=null missingMethods= attribute=android.view.inputmethod.EditorInfo@8d15019 startInputFlags=VIEW_HAS_FOCUS|INITIAL_CONNECTION softInputMode=STATE_UNSPECIFIED|ADJUST_NOTHING windowFlags=#81810900 unverifiedTargetSdkVersion=23
05-21 10:54:44.582 627 2411 V InputMethodManagerService: Unspecified window will hide input
05-21 10:54:44.587 3582 3582 W ContextImpl: Calling a method in the system process without a qualified user: android.app.ContextImpl.sendBroadcast:1181 android.content.ContextWrapper.sendBroadcast:479 android.content.ContextWrapper.sendBroadcast:479 com.eben.appupdate.utils.Utils.setBadgeOfDefault:263 com.ebensz.appmanager.receiver.UpdateWdjDataReceiver.onReceive:32
05-21 10:54:44.587 627 647 V InputMethodMenuController: Hide switching menu
05-21 10:54:44.590 3582 3582 W ContextImpl: Calling a method in the system process without a qualified user: android.app.ContextImpl.startService:1824 android.content.ContextWrapper.startService:774 android.content.ContextWrapper.startService:774 com.ebensz.appmanager.service.WDJDataUpdateService.startUpdateWdjService:67 com.ebensz.appmanager.receiver.UpdateWdjDataReceiver.onReceive:38
05-21 10:54:44.590 627 653 I DropBoxManagerService: add tag=system_server_wtf isTagEnabled=true flags=0x2
05-21 10:54:44.602 627 2411 D InputMethodManagerService: --- calledFromForegroundUserOrSystemProcess ? calling uid = 1000 system uid = 1000 calling userId = 0, foreground user id = 0, calling pid = 0com.android.server.inputmethod.InputMethodManagerService.reportPerceptibleAsync(InputMethodManagerService.java:3162)
05-21 10:54:44.602 627 2411 D InputMethodManagerService: IME window vis: 0 active: 0 inv: 0 displayId: 0
05-21 11:03:41.661 543 543 I : read descriptors
05-21 11:03:41.661 543 543 I : read strings
05-21 11:03:41.663 1 1 I init : processing action (sys.usb.config=adb && sys.usb.configfs=1 && sys.usb.ffs.ready=1) from (/system/etc/init/hw/init.usb.configfs.rc:20)
05-21 11:03:41.666 1 1 I init : Command 'symlink /config/usb_gadget/g1/functions/ffs.adb /config/usb_gadget/g1/configs/b.1/f1' action=sys.usb.config=adb && sys.usb.configfs=1 && sys.usb.ffs.ready=1 (/system/etc/init/hw/init.usb.configfs.rc:22) took 0ms and failed: symlink() failed: File exists
05-21 11:03:41.667 1 1 I init : Command 'write /config/usb_gadget/g1/UDC ${sys.usb.controller}' action=sys.usb.config=adb && sys.usb.configfs=1 && sys.usb.ffs.ready=1 (/system/etc/init/hw/init.usb.configfs.rc:23) took 0ms and failed: Unable to write to file '/config/usb_gadget/g1/UDC': Unable to write file contents: Device or resource busy
