06-09 15:07:10.219 851 1064 D RILJ : [0060]< SET_UNSOLICITED_RESPONSE_FILTER error 6 [PHONE0]
06-09 15:07:10.219 851 1064 D RilRequest: [0060]< SET_UNSOLICITED_RESPONSE_FILTER error: com.android.internal.telephony.CommandException: REQUEST_NOT_SUPPORTED ret= result=null
06-09 15:07:10.223 851 851 E RILJ : setSignalStrengthReportingCriteria ignored on IRadio version less than 1.2 [PHONE0]
06-09 15:07:10.223 851 851 E RILJ : setSignalStrengthReportingCriteria ignored on IRadio version less than 1.2 [PHONE0]
06-09 15:07:10.223 851 851 E RILJ : setSignalStrengthReportingCriteria ignored on IRadio version less than 1.2 [PHONE0]
06-09 15:07:10.223 851 851 D NetworkTypeController: [0] LegacyState: process EVENT_PHYSICAL_CHANNEL_CONFIG_NOTIF_CHANGED
06-09 15:07:10.223 851 851 D NetworkTypeController: [0] Remove all timers
06-09 15:07:10.223 851 851 D NetworkTypeController: [0] DefaultState: process EVENT_PHYSICAL_CHANNEL_CONFIG_NOTIF_CHANGED
06-09 15:07:10.223 851 851 D NetworkTypeController: [0] mIsPhysicalChannelConfigOn changed to: false
06-09 15:07:10.224 851 851 D NetworkTypeController: [0] Remove all timers
06-09 15:07:13.997 1 1 I init : processing action (debug.beidou_leavesuspend=*) from (/system/etc/init/hw/init.rc:1293)
06-09 15:07:10.294 851 851 D DCT-C-0 : screen off
06-09 15:07:10.294 851 851 D DCT-C-0 : stopNetStatPoll
06-09 15:07:14.005 1 1 W : debug.beidou_leavesuspend wakeup
06-09 15:07:14.024 439 439 W healthd : battery l=56 v=7572 t=34.0 h=1 st=3 c=-512000 fc=9700000 chg=
06-09 15:07:14.029 444 444 I gsensor_mxc6655 5-0015: set sensor poll time to 200ms
06-09 15:07:14.030 444 444 I gsensor_mxc6655 5-0015: sensor on: starting poll sensor data 196ms
06-09 15:07:10.322 851 851 D DCT-C-0 : screen on
06-09 15:07:10.322 851 851 D DCT-C-0 : stopNetStatPoll
06-09 15:07:14.056 444 444 I gsensor_mxc6655 5-0015: set sensor poll time to 66ms
06-09 15:07:14.275 347 347 I rockchip-vop2 fdd90000.vop: [drm:vop2_crtc_atomic_disable] Crtc atomic disable vp2
06-09 15:07:14.287 347 347 E rockchip-vop2 fdd90000.vop: [drm:vop2_crtc_atomic_disable] *ERROR* unexpected power on pd7
06-09 15:07:10.574 851 851 D RILJ : [0061]> SEND_DEVICE_STATE 2:false [PHONE0]
06-09 15:07:10.575 526 526 D RILC : sendDeviceState: calling screen state 1
06-09 15:07:10.575 526 526 D RILC : onRequest: SCREEN_STATE datalen=4 request_value:61
06-09 15:07:10.576 851 851 D RILJ : [0062]> SET_UNSOLICITED_RESPONSE_FILTER 127 [PHONE0]
06-09 15:07:10.576 851 1064 D RILJ : [0061]< SEND_DEVICE_STATE [PHONE0]
06-09 15:07:10.576 851 851 E RILJ : setSignalStrengthReportingCriteria ignored on IRadio version less than 1.2 [PHONE0]
06-09 15:07:10.576 851 1064 D RILJ : [0062]< SET_UNSOLICITED_RESPONSE_FILTER error 6 [PHONE0]
06-09 15:07:10.576 851 851 E RILJ : setSignalStrengthReportingCriteria ignored on IRadio version less than 1.2 [PHONE0]
06-09 15:07:10.576 851 1064 D RilRequest: [0062]< SET_UNSOLICITED_RESPONSE_FILTER error: com.android.internal.telephony.CommandException: REQUEST_NOT_SUPPORTED ret= result=null
06-09 15:07:10.576 851 851 E RILJ : setSignalStrengthReportingCriteria ignored on IRadio version less than 1.2 [PHONE0]
06-09 15:07:10.577 851 851 D NetworkTypeController: [0] LegacyState: process EVENT_PHYSICAL_CHANNEL_CONFIG_NOTIF_CHANGED
06-09 15:07:10.577 851 851 D NetworkTypeController: [0] Remove all timers
06-09 15:07:10.577 851 851 D NetworkTypeController: [0] DefaultState: process EVENT_PHYSICAL_CHANNEL_CONFIG_NOTIF_CHANGED
06-09 15:07:10.577 851 851 D NetworkTypeController: [0] mIsPhysicalChannelConfigOn changed to: true
06-09 15:07:14.360 347 347 I rockchip-vop2 fdd90000.vop: [drm:vop2_crtc_atomic_enable] Update mode to 1536x2048p55, type: 16(if:60) for vp2 dclk: 192000000
06-09 15:07:14.360 347 347 I rockchip-vop2 fdd90000.vop: [drm:vop2_crtc_atomic_enable] dclk_out2 div: 2 dclk_core2 div: 1
06-09 15:07:14.360 347 347 I rockchip-vop2 fdd90000.vop: [drm:vop2_crtc_atomic_enable] set dclk_vop2 to 96000000, get 96000000
06-09 15:07:14.736 4266 4266 W : abc audioDBG [es8323_mute] start mute:1
06-09 15:07:14.736 4266 4266 I [Awinic] [3-0058]aw_acf_get_prof_desc_form_name: get prof desc down
06-09 15:07:14.737 4266 4266 I [Awinic] [3-005b]aw_acf_get_prof_desc_form_name: get prof desc down
06-09 15:07:14.865 347 347 I dw-mipi-dsi2 fde20000.dsi: [drm:dw_mipi_dsi2_encoder_enable] final DSI-Link bandwidth: 639999 x 8 Kbps
06-09 15:07:14.954 357 357 E rockchip-vop2 fdd90000.vop: [drm:vop2_wait_power_domain_off] *ERROR* wait pd7 off timeout power_ctrl: 0x7f
06-09 15:07:12.878 526 549 D RILU : find_pci_device is 0
06-09 15:07:12.878 526 549 D RILC : PCI can't find at device
06-09 15:07:12.880 526 549 D RILC : USB can't find at device
06-09 15:07:17.119 18417 18417 W : abc audioDBG [es8323_mute] start mute:0
06-09 15:07:17.129 18417 18417 I [Awinic] [3-0058]aw_acf_get_prof_desc_form_name: get prof desc down
06-09 15:07:17.143 18417 18417 I [Awinic] [3-005b]aw_acf_get_prof_desc_form_name: get prof desc down
06-09 15:07:18.439 4266 4266 W : abc audioDBG [es8323_mute] start mute:1
06-09 15:07:18.439 4266 4266 I [Awinic] [3-0058]aw_acf_get_prof_desc_form_name: get prof desc down
06-09 15:07:18.440 4266 4266 I [Awinic] [3-005b]aw_acf_get_prof_desc_form_name: get prof desc down
06-09 15:07:15.880 526 549 D RILU : find_pci_device is 0
06-09 15:07:15.880 526 549 D RILC : PCI can't find at device
06-09 15:07:15.881 526 549 D RILC : USB can't find at device
06-09 15:07:18.882 526 549 D RILU : find_pci_device is 0
06-09 15:07:18.882 526 549 D RILC : PCI can't find at device
06-09 15:07:18.885 526 549 D RILC : USB can't find at device
06-09 15:07:21.885 526 549 D RILU : find_pci_device is 0
06-09 15:07:21.886 526 549 D RILC : PCI can't find at device
06-09 15:07:21.889 526 549 D RILC : USB can't find at device
06-09 15:07:24.889 526 549 D RILU : find_pci_device is 0
06-09 15:07:24.889 526 549 D RILC : PCI can't find at device
06-09 15:07:24.891 526 549 D RILC : USB can't find at device
06-09 15:07:27.894 526 549 D RILU : find_pci_device is 0
06-09 15:07:27.894 526 549 D RILC : PCI can't find at device
06-09 15:07:27.896 526 549 D RILC : USB can't find at device
06-09 15:07:30.896 526 549 D RILU : find_pci_device is 0
06-09 15:07:30.897 526 549 D RILC : PCI can't find at device
06-09 15:07:30.899 526 549 D RILC : USB can't find at device
06-09 15:07:33.900 526 549 D RILU : find_pci_device is 0
06-09 15:07:33.900 526 549 D RILC : PCI can't find at device
06-09 15:07:33.904 526 549 D RILC : USB can't find at device
06-09 15:07:38.074 1 1 I init : starting service 'bugreportd'...
06-09 15:07:38.077 1 1 I init : Control message: Processed ctl.start for 'bugreportd' from pid: 620 (system_server)
06-09 15:07:39.087 289 289 I logd : logdr: UID=0 GID=0 PID=23454 n tail=0 logMask=99 pid=0 start=0ns deadline=0ns
06-09 15:07:39.323 289 289 I logd : logdr: UID=0 GID=0 PID=23461 n tail=0 logMask=4 pid=0 start=0ns deadline=0ns
06-09 15:07:39.455 289 289 I logd : logdr: UID=0 GID=0 PID=23483 n tail=0 logMask=20 pid=0 start=0ns deadline=0ns
06-09 15:07:39.473 289 289 I logd : logdr: UID=0 GID=0 PID=23485 n tail=0 logMask=2 pid=0 start=0ns deadline=0ns
06-09 15:07:39.574 291 291 E logd : FrameworkListener: read() failed (Connection reset by peer)
06-09 15:07:39.757 1 1 I init : Untracked pid 23492 exited with status 0
06-09 15:07:39.758 1 1 I init : Untracked pid 23494 exited with status 0
06-09 15:07:39.791 1 1 I init : Untracked pid 23497 exited with status 0
06-09 15:07:39.803 1 1 I init : Untracked pid 23499 exited with status 0
06-09 15:07:39.949 1 1 I init : Untracked pid 23502 exited with status 0
06-09 15:07:39.954 1 1 I init : Untracked pid 23504 exited with status 0
06-09 15:07:39.986 1 1 I init : Untracked pid 23507 exited with status 0
06-09 15:07:39.990 1 1 I init : Untracked pid 23509 exited with status 0
06-09 15:07:36.905 526 549 D RILU : find_pci_device is 0
06-09 15:07:36.905 526 549 D RILC : PCI can't find at device
06-09 15:07:36.906 526 549 D RILC : USB can't find at device
06-09 15:07:39.906 526 549 D RILU : find_pci_device is 0
06-09 15:07:39.906 526 549 D RILC : PCI can't find at device
06-09 15:07:39.907 526 549 D RILC : USB can't find at device
06-09 15:07:42.907 526 549 D RILU : find_pci_device is 0
06-09 15:07:42.907 526 549 D RILC : PCI can't find at device
06-09 15:07:42.908 526 549 D RILC : USB can't find at device
06-09 15:07:45.910 526 549 D RILU : find_pci_device is 0
06-09 15:07:45.910 526 549 D RILC : PCI can't find at device
06-09 15:07:45.911 526 549 D RILC : USB can't find at device
06-09 15:07:48.911 526 549 D RILU : find_pci_device is 0
06-09 15:07:48.911 526 549 D RILC : PCI can't find at device
06-09 15:07:48.912 526 549 D RILC : USB can't find at device
06-09 15:07:51.912 526 549 D RILU : find_pci_device is 0
06-09 15:07:51.913 526 549 D RILC : PCI can't find at device
06-09 15:07:51.914 526 549 D RILC : USB can't find at device
06-09 15:07:54.914 526 549 D RILU : find_pci_device is 0
06-09 15:07:54.914 526 549 D RILC : PCI can't find at device
06-09 15:07:54.915 526 549 D RILC : USB can't find at device
06-09 15:07:57.915 526 549 D RILU : find_pci_device is 0
06-09 15:07:57.915 526 549 D RILC : PCI can't find at device
06-09 15:07:57.916 526 549 D RILC : USB can't find at device
06-09 15:08:00.916 526 549 D RILU : find_pci_device is 0
06-09 15:08:00.917 526 549 D RILC : PCI can't find at device
06-09 15:08:00.917 526 549 D RILC : USB can't find at device
06-09 15:08:03.917 526 549 D RILU : find_pci_device is 0
06-09 15:08:03.917 526 549 D RILC : PCI can't find at device
06-09 15:08:03.918 526 549 D RILC : USB can't find at device
06-09 15:08:06.918 526 549 D RILU : find_pci_device is 0
06-09 15:08:06.918 526 549 D RILC : PCI can't find at device
06-09 15:08:06.919 526 549 D RILC : USB can't find at device
06-09 15:08:09.919 526 549 D RILU : find_pci_device is 0
06-09 15:08:09.919 526 549 D RILC : PCI can't find at device
06-09 15:08:09.920 526 549 D RILC : USB can't find at device
06-09 15:08:13.679 1 1 I init : processing action (sys.lpdumpd=start) from (/system/etc/init/lpdumpd.rc:31)
06-09 15:08:13.680 1 1 I init : starting service 'lpdumpd'...
06-09 15:08:13.680 1 1 I init : Opened file '/dev/block/by-name/super', flags 0
06-09 15:08:13.680 1 1 I init : Could not open file '/dev/block/by-name/NO_SUCH_DEVICE_NO_SUCH_SUFFIX': Failed to open file '/dev/block/by-name/NO_SUCH_DEVICE_NO_SUCH_SUFFIX': No such file or directory
06-09 15:08:14.697 1 1 I init : processing action (sys.lpdumpd=stop) from (/system/etc/init/lpdumpd.rc:34)
06-09 15:08:14.697 1 1 I init : Sending signal 9 to service 'lpdumpd' (pid 24016) process group...
06-09 15:08:14.704 1 1 I libprocessgroup: Successfully killed process cgroup uid 1000 pid 24016 in 6ms
06-09 15:08:14.706 1 1 I init : Service 'lpdumpd' (pid 24016) received signal 9 oneshot service took 1.023000 seconds in background
06-09 15:08:14.707 1 1 I init : processing action (sys.lpdumpd=stop) from (/system/etc/init/lpdumpd.rc:34)
06-09 15:08:14.732 1 1 I init : starting service 'gsid'...
06-09 15:08:15.735 9786 9786 I binder : undelivered transaction 495223, process died.
06-09 15:08:12.921 526 549 D RILU : find_pci_device is 0
06-09 15:08:12.922 526 549 D RILC : PCI can't find at device
06-09 15:08:12.925 526 549 D RILC : USB can't find at device
06-09 15:08:18.846 1 1 I init : Service 'gsid' (pid 24045) exited with status 0 oneshot service took 4.111000 seconds in background
06-09 15:08:18.846 1 1 I init : Sending signal 9 to service 'gsid' (pid 24045) process group...
06-09 15:08:18.846 1 1 I libprocessgroup: Successfully killed process cgroup uid 0 pid 24045 in 0ms
06-09 15:08:15.925 526 549 D RILU : find_pci_device is 0
06-09 15:08:15.926 526 549 D RILC : PCI can't find at device
06-09 15:08:15.929 526 549 D RILC : USB can't find at device
06-09 15:08:18.929 526 549 D RILU : find_pci_device is 0
06-09 15:08:18.929 526 549 D RILC : PCI can't find at device
06-09 15:08:18.932 526 549 D RILC : USB can't find at device
06-09 15:08:21.933 526 549 D RILU : find_pci_device is 0
06-09 15:08:21.933 526 549 D RILC : PCI can't find at device
06-09 15:08:21.936 526 549 D RILC : USB can't find at device
06-09 15:08:24.937 526 549 D RILU : find_pci_device is 0
06-09 15:08:24.937 526 549 D RILC : PCI can't find at device
06-09 15:08:24.940 526 549 D RILC : USB can't find at device
06-09 15:08:29.912 23427 23427 W audit : audit_lost=1 audit_rate_limit=5 audit_backlog_limit=64
06-09 15:08:29.912 23427 23427 E audit : rate limit exceeded
06-09 15:08:27.940 526 549 D RILU : find_pci_device is 0
06-09 15:08:27.941 526 549 D RILC : PCI can't find at device
06-09 15:08:27.941 526 549 D RILC : USB can't find at device
06-09 15:08:29.869 851 851 D RILJ : [0063]> GET_ACTIVITY_INFO [PHONE0]
06-09 15:08:29.869 526 526 D RILC : onRequest: GET_ACTIVITY_INFO
06-09 15:08:29.869 526 526 E RILC : getModemActivityInfoResponse Invalid response: NULL
06-09 15:08:29.869 851 1064 D RILJ : [0063]< GET_ACTIVITY_INFO ModemActivityInfo{ mTimestamp=0 mSleepTimeMs=0 mIdleTimeMs=0 mTxTimeMs[]=[0, 0, 0, 0, 0] mRxTimeMs=0} [PHONE0]
06-09 15:08:30.942 526 549 D RILU : find_pci_device is 0
06-09 15:08:30.942 526 549 D RILC : PCI can't find at device
06-09 15:08:30.943 526 549 D RILC : USB can't find at device
06-09 15:08:33.943 526 549 D RILU : find_pci_device is 0
06-09 15:08:33.943 526 549 D RILC : PCI can't find at device
06-09 15:08:33.945 526 549 D RILC : USB can't find at device
06-09 15:08:38.363 289 289 I logd : logdr: UID=2000 GID=2000 PID=24933 n tail=0 logMask=80 pid=0 start=0ns deadline=0ns
06-09 15:08:36.945 526 549 D RILU : find_pci_device is 0
06-09 15:08:36.946 526 549 D RILC : PCI can't find at device
06-09 15:08:36.950 526 549 D RILC : USB can't find at device
06-09 15:08:38.728 851 851 D RILJ : [0064]> GET_ACTIVITY_INFO [PHONE0]
06-09 15:08:38.728 526 526 D RILC : onRequest: GET_ACTIVITY_INFO
06-09 15:08:38.728 526 526 E RILC : getModemActivityInfoResponse Invalid response: NULL
06-09 15:08:38.729 851 1064 D RILJ : [0064]< GET_ACTIVITY_INFO ModemActivityInfo{ mTimestamp=0 mSleepTimeMs=0 mIdleTimeMs=0 mTxTimeMs[]=[0, 0, 0, 0, 0] mRxTimeMs=0} [PHONE0]
06-09 15:08:39.950 526 549 D RILU : find_pci_device is 0
06-09 15:08:39.950 526 549 D RILC : PCI can't find at device
06-09 15:08:39.951 526 549 D RILC : USB can't find at device
06-09 15:08:42.951 526 549 D RILU : find_pci_device is 0
06-09 15:08:42.952 526 549 D RILC : PCI can't find at device
06-09 15:08:42.953 526 549 D RILC : USB can't find at device
06-09 15:08:43.566 851 851 D RILJ : [0065]> GET_ACTIVITY_INFO [PHONE0]
06-09 15:08:43.566 526 526 D RILC : onRequest: GET_ACTIVITY_INFO
06-09 15:08:43.566 526 526 E RILC : getModemActivityInfoResponse Invalid response: NULL
06-09 15:08:43.567 851 1064 D RILJ : [0065]< GET_ACTIVITY_INFO ModemActivityInfo{ mTimestamp=0 mSleepTimeMs=0 mIdleTimeMs=0 mTxTimeMs[]=[0, 0, 0, 0, 0] mRxTimeMs=0} [PHONE0]
06-09 15:08:47.809 511 511 I binder : 511:511 transaction failed 29189/-22, size 100-0 line 2729
06-09 15:08:45.953 526 549 D RILU : find_pci_device is 0
06-09 15:08:45.953 526 549 D RILC : PCI can't find at device
06-09 15:08:45.954 526 549 D RILC : USB can't find at device
06-09 15:08:47.180 851 851 D RILJ : [0066]> GET_ACTIVITY_INFO [PHONE0]
06-09 15:08:47.181 526 526 D RILC : onRequest: GET_ACTIVITY_INFO
06-09 15:08:47.181 526 526 E RILC : getModemActivityInfoResponse Invalid response: NULL
06-09 15:08:47.181 851 1064 D RILJ : [0066]< GET_ACTIVITY_INFO ModemActivityInfo{ mTimestamp=0 mSleepTimeMs=0 mIdleTimeMs=0 mTxTimeMs[]=[0, 0, 0, 0, 0] mRxTimeMs=0} [PHONE0]
06-09 15:08:48.954 526 549 D RILU : find_pci_device is 0
06-09 15:08:48.954 526 549 D RILC : PCI can't find at device
06-09 15:08:48.955 526 549 D RILC : USB can't find at device
06-09 15:08:54.671 439 439 W healthd : battery l=55 v=7588 t=34.5 h=1 st=3 c=-512000 fc=9700000 chg=
06-09 15:08:51.956 526 549 D RILU : find_pci_device is 0
06-09 15:08:51.956 526 549 D RILC : PCI can't find at device
06-09 15:08:51.957 526 549 D RILC : USB can't find at device
06-09 15:08:56.118 439 439 W healthd : battery l=55 v=7588 t=34.5 h=1 st=3 c=-512000 fc=9700000 chg=
06-09 15:08:54.958 526 549 D RILU : find_pci_device is 0
06-09 15:08:54.958 526 549 D RILC : PCI can't find at device
06-09 15:08:54.961 526 549 D RILC : USB can't find at device
06-09 15:08:57.962 526 549 D RILU : find_pci_device is 0
06-09 15:08:57.962 526 549 D RILC : PCI can't find at device
06-09 15:08:57.965 526 549 D RILC : USB can't find at device
06-09 15:08:58.956 851 851 D RILJ : [0067]> GET_ACTIVITY_INFO [PHONE0]
06-09 15:08:58.957 526 526 D RILC : onRequest: GET_ACTIVITY_INFO
06-09 15:08:58.957 526 526 E RILC : getModemActivityInfoResponse Invalid response: NULL
06-09 15:08:58.957 851 1064 D RILJ : [0067]< GET_ACTIVITY_INFO ModemActivityInfo{ mTimestamp=0 mSleepTimeMs=0 mIdleTimeMs=0 mTxTimeMs[]=[0, 0, 0, 0, 0] mRxTimeMs=0} [PHONE0]
06-09 15:09:04.254 1 1 I init : starting service 'idmap2d'...
06-09 15:09:04.258 1 1 I init : Control message: Processed ctl.start for 'idmap2d' from pid: 620 (system_server)
06-09 15:09:00.966 526 549 D RILU : find_pci_device is 0
06-09 15:09:00.966 526 549 D RILC : PCI can't find at device
06-09 15:09:00.966 526 549 D RILC : USB can't find at device
06-09 15:09:05.233 289 289 I logd : logdr: UID=1000 GID=1000 PID=26112 n tail=127 logMask=19 pid=0 start=0ns deadline=0ns
06-09 15:09:05.350 289 289 I logd : logdr: UID=1000 GID=1000 PID=26115 n tail=127 logMask=80 pid=0 start=0ns deadline=0ns
06-09 15:09:02.158 851 851 D DebugService: DebugService Dump telephony.
06-09 15:09:02.160 851 851 E Phone : getCallForwardingIndicatorFromSharedPref: invalid subId -1
06-09 15:09:02.160 851 851 E Phone : getCallForwardingIndicatorFromSharedPref: invalid subId -1
06-09 15:09:02.160 851 851 V Phone : getCallForwardingIndicator: iccForwardingFlag=null, sharedPrefFlag=0
06-09 15:09:02.160 851 851 D DCT-C-0 : get all active apn types
06-09 15:09:02.161 851 851 D SubscriptionController: [getActiveSubscriptionInfo]- subId=-1 subList=[] subInfo=null
06-09 15:09:02.162 851 851 D DataEnabledSettings: [0]getDataEnabled during provisioning retVal=false - (false, 0)
06-09 15:09:02.162 851 851 D DCT-C-0 : shouldRestrictDataForEcbm: isInEcm=false isInImsEcm=false
06-09 15:09:02.168 851 851 D SubscriptionController: [getSlotIndex]- subId invalid
06-09 15:09:02.168 851 851 D SubscriptionController: [getSlotIndex]- subId invalid
06-09 15:09:02.168 851 851 D SubscriptionController: [getSlotIndex]- subId invalid
06-09 15:09:06.599 289 289 I logd : logdr: UID=2000 GID=2000 PID=26244 n tail=0 logMask=99 pid=0 start=1749452855000000000ns deadline=0ns
06-09 15:09:03.967 526 549 D RILU : find_pci_device is 0
06-09 15:09:03.967 526 549 D RILC : PCI can't find at device
06-09 15:09:03.968 526 549 D RILC : USB can't find at device
06-09 15:09:09.324 1 1 I init : Service 'bugreportd' (pid 23424) exited with status 0 oneshot service took 91.248001 seconds in background
06-09 15:09:09.324 1 1 I init : Sending signal 9 to service 'bugreportd' (pid 23424) process group...
06-09 15:09:09.324 1 1 I libprocessgroup: Successfully killed process cgroup uid 0 pid 23424 in 0ms
06-09 15:09:06.968 526 549 D RILU : find_pci_device is 0
06-09 15:09:06.968 526 549 D RILC : PCI can't find at device
06-09 15:09:06.970 526 549 D RILC : USB can't find at device
06-09 15:09:09.971 526 549 D RILU : find_pci_device is 0
06-09 15:09:09.971 526 549 D RILC : PCI can't find at device
06-09 15:09:09.974 526 549 D RILC : USB can't find at device
06-09 15:09:14.322 1 1 I init : Sending signal 9 to service 'idmap2d' (pid 26000) process group...
06-09 15:09:14.329 1 1 I libprocessgroup: Successfully killed process cgroup uid 1000 pid 26000 in 5ms
06-09 15:09:14.329 1 1 I init : Control message: Processed ctl.stop for 'idmap2d' from pid: 620 (system_server)
06-09 15:09:14.330 1 1 I init : Service 'idmap2d' (pid 26000) received signal 9
06-09 15:09:12.975 526 549 D RILU : find_pci_device is 0
06-09 15:09:12.975 526 549 D RILC : PCI can't find at device
06-09 15:09:12.978 526 549 D RILC : USB can't find at device
06-09 15:09:15.979 526 549 D RILU : find_pci_device is 0
06-09 15:09:15.979 526 549 D RILC : PCI can't find at device
06-09 15:09:15.982 526 549 D RILC : USB can't find at device
06-09 15:09:18.983 526 549 D RILU : find_pci_device is 0
06-09 15:09:18.983 526 549 D RILC : PCI can't find at device
06-09 15:09:18.986 526 549 D RILC : USB can't find at device
06-09 15:09:21.987 526 549 D RILU : find_pci_device is 0
06-09 15:09:21.987 526 549 D RILC : PCI can't find at device
06-09 15:09:21.990 526 549 D RILC : USB can't find at device
06-09 15:09:24.990 526 549 D RILU : find_pci_device is 0
06-09 15:09:24.991 526 549 D RILC : PCI can't find at device
06-09 15:09:24.994 526 549 D RILC : USB can't find at device
06-09 15:09:27.994 526 549 D RILU : find_pci_device is 0
06-09 15:09:27.995 526 549 D RILC : PCI can't find at device
06-09 15:09:27.998 526 549 D RILC : USB can't find at device
06-09 15:09:30.998 526 549 D RILU : find_pci_device is 0
06-09 15:09:30.999 526 549 D RILC : PCI can't find at device
06-09 15:09:31.002 526 549 D RILC : USB can't find at device
06-09 15:09:34.002 526 549 D RILU : find_pci_device is 0
06-09 15:09:34.002 526 549 D RILC : PCI can't find at device
06-09 15:09:34.003 526 549 D RILC : USB can't find at device
06-09 15:09:37.004 526 549 D RILU : find_pci_device is 0
06-09 15:09:37.004 526 549 D RILC : PCI can't find at device
06-09 15:09:37.007 526 549 D RILC : USB can't find at device
06-09 15:09:40.007 526 549 D RILU : find_pci_device is 0
06-09 15:09:40.008 526 549 D RILC : PCI can't find at device
06-09 15:09:40.009 526 549 D RILC : USB can't find at device
06-09 15:09:43.009 526 549 D RILU : find_pci_device is 0
06-09 15:09:43.009 526 549 D RILC : PCI can't find at device
06-09 15:09:43.010 526 549 D RILC : USB can't find at device
06-09 15:09:46.011 526 549 D RILU : find_pci_device is 0
06-09 15:09:46.011 526 549 D RILC : PCI can't find at device
06-09 15:09:46.014 526 549 D RILC : USB can't find at device
06-09 15:09:49.015 526 549 D RILU : find_pci_device is 0
06-09 15:09:49.015 526 549 D RILC : PCI can't find at device
06-09 15:09:49.018 526 549 D RILC : USB can't find at device
06-09 15:09:52.019 526 549 D RILU : find_pci_device is 0
06-09 15:09:52.019 526 549 D RILC : PCI can't find at device
06-09 15:09:52.022 526 549 D RILC : USB can't find at device
06-09 15:09:55.022 526 549 D RILU : find_pci_device is 0
06-09 15:09:55.022 526 549 D RILC : PCI can't find at device
06-09 15:09:55.026 526 549 D RILC : USB can't find at device
06-09 15:09:58.026 526 549 D RILU : find_pci_device is 0
06-09 15:09:58.026 526 549 D RILC : PCI can't find at device
06-09 15:09:58.029 526 549 D RILC : USB can't find at device
06-09 15:10:01.030 526 549 D RILU : find_pci_device is 0
06-09 15:10:01.030 526 549 D RILC : PCI can't find at device
06-09 15:10:01.033 526 549 D RILC : USB can't find at device
06-09 15:10:04.034 526 549 D RILU : find_pci_device is 0
06-09 15:10:04.034 526 549 D RILC : PCI can't find at device
06-09 15:10:04.037 526 549 D RILC : USB can't find at device
06-09 15:10:05.123 851 851 D TelephonyNetworkFactory[0]: onNeedNetworkFor NetworkRequest [ REQUEST id=34, [ Capabilities: INTERNET&NOT_RESTRICTED&TRUSTED&NOT_VCN_MANAGED Uid: 1000 RequestorUid: 1000 RequestorPkg: com.ebensz.ota] ] shouldApply false
06-09 15:10:05.123 851 851 D TelephonyNetworkFactory[0]: onNeedNetworkFor NetworkRequest [ REQUEST id=18, [ Capabilities: INTERNET&NOT_RESTRICTED&TRUSTED&NOT_VCN_MANAGED Uid: 10080 RequestorUid: 10080 RequestorPkg: com.android.systemui] ] shouldApply false
06-09 15:10:05.123 851 851 D TelephonyNetworkFactory[0]: onNeedNetworkFor NetworkRequest [ REQUEST id=1, [ Capabilities: INTERNET&NOT_RESTRICTED&TRUSTED&NOT_VPN&NOT_VCN_MANAGED RequestorUid: 1000 RequestorPkg: android] ] shouldApply false
06-09 15:10:05.124 851 851 D TelephonyNetworkFactory[0]: onNeedNetworkFor NetworkRequest [ REQUEST id=20, [ Capabilities: INTERNET&NOT_RESTRICTED&TRUSTED&NOT_VCN_MANAGED Uid: 10080 RequestorUid: 10080 RequestorPkg: com.android.systemui] ] shouldApply false
06-09 15:10:05.124 851 851 D TelephonyNetworkFactory[0]: onNeedNetworkFor NetworkRequest [ REQUEST id=23, [ Capabilities: INTERNET&NOT_RESTRICTED&TRUSTED&NOT_VCN_MANAGED Uid: 1000 RequestorUid: 1000 RequestorPkg: com.android.networkstack.inprocess] ] shouldApply false
06-09 15:10:05.124 851 851 D TelephonyNetworkFactory[0]: onNeedNetworkFor NetworkRequest [ REQUEST id=15, [ Capabilities: INTERNET&NOT_RESTRICTED&TRUSTED&NOT_VCN_MANAGED Uid: 1000 RequestorUid: 1000 RequestorPkg: android] ] shouldApply false
06-09 15:10:05.124 851 851 D TelephonyNetworkFactory[0]: onNeedNetworkFor NetworkRequest [ REQUEST id=28, [ Capabilities: INTERNET&NOT_RESTRICTED&TRUSTED&NOT_VCN_MANAGED Uid: 1001 RequestorUid: 1001 RequestorPkg: com.android.phone] ] shouldApply false
06-09 15:10:05.125 851 851 D TelephonyNetworkFactory[0]: onNeedNetworkFor NetworkRequest [ REQUEST id=32, [ Capabilities: INTERNET&NOT_RESTRICTED&TRUSTED&NOT_VCN_MANAGED Uid: 1000 RequestorUid: 1000 RequestorPkg: android] ] shouldApply false
06-09 15:10:05.125 851 851 D TelephonyNetworkFactory[0]: onNeedNetworkFor NetworkRequest [ REQUEST id=7, [ Capabilities: INTERNET&NOT_RESTRICTED&TRUSTED&NOT_VCN_MANAGED Uid: 1000 RequestorUid: 1000 RequestorPkg: android] ] shouldApply false
06-09 15:10:05.128 851 851 D TelephonyNetworkFactory[0]: onNeedNetworkFor NetworkRequest [ REQUEST id=38, [ Capabilities: INTERNET&NOT_RESTRICTED&TRUSTED&NOT_VCN_MANAGED Uid: 10024 RequestorUid: 1000 RequestorPkg: android] ] shouldApply false
06-09 15:10:05.128 851 851 D TelephonyNetworkFactory[0]: onNeedNetworkFor NetworkRequest [ REQUEST id=36, [ Capabilities: INTERNET&NOT_RESTRICTED&TRUSTED&NOT_VCN_MANAGED Uid: 10079 RequestorUid: 1000 RequestorPkg: android] ] shouldApply false
06-09 15:10:07.038 526 549 D RILU : find_pci_device is 0
06-09 15:10:07.038 526 549 D RILC : PCI can't find at device
06-09 15:10:07.041 526 549 D RILC : USB can't find at device
06-09 15:10:11.810 1 1 I init : processing action (debug.beidou_entersuspend=*) from (/system/etc/init/hw/init.rc:1286)
06-09 15:10:11.819 1 1 W : debug.beidou_entersuspend $PMTK161,0*28\r\n
06-09 15:10:11.822 1 1 I init : starting service 'gps_suspend'...
06-09 15:10:11.860 1 1 I init : Service 'gps_suspend' (pid 27030) exited with status 0 oneshot service took 0.016000 seconds in background
06-09 15:10:11.860 1 1 I init : Sending signal 9 to service 'gps_suspend' (pid 27030) process group...
06-09 15:10:11.861 1 1 I libprocessgroup: Successfully killed process cgroup uid 0 pid 27030 in 0ms
06-09 15:10:12.349 444 444 I gsensor_mxc6655 5-0015: set sensor poll time to 200ms
06-09 15:10:12.368 439 439 W healthd : battery l=55 v=7624 t=34.0 h=1 st=3 c=-512000 fc=9700000 chg=
06-09 15:10:08.676 851 851 D RILJ : [0068]> SEND_DEVICE_STATE 2:true [PHONE0]
06-09 15:10:08.676 526 526 D RILC : sendDeviceState: calling screen state 0
06-09 15:10:08.676 526 526 D RILC : onRequest: SCREEN_STATE datalen=4 request_value:61
06-09 15:10:08.677 851 1064 D RILJ : [0068]< SEND_DEVICE_STATE [PHONE0]
06-09 15:10:08.680 851 851 D RILJ : [0069]> SET_UNSOLICITED_RESPONSE_FILTER 32 [PHONE0]
06-09 15:10:08.681 851 1064 D RILJ : [0069]< SET_UNSOLICITED_RESPONSE_FILTER error 6 [PHONE0]
06-09 15:10:08.681 851 1064 D RilRequest: [0069]< SET_UNSOLICITED_RESPONSE_FILTER error: com.android.internal.telephony.CommandException: REQUEST_NOT_SUPPORTED ret= result=null
06-09 15:10:08.683 851 851 E RILJ : setSignalStrengthReportingCriteria ignored on IRadio version less than 1.2 [PHONE0]
06-09 15:10:08.684 851 851 E RILJ : setSignalStrengthReportingCriteria ignored on IRadio version less than 1.2 [PHONE0]
06-09 15:10:08.684 851 851 E RILJ : setSignalStrengthReportingCriteria ignored on IRadio version less than 1.2 [PHONE0]
06-09 15:10:08.684 851 851 D NetworkTypeController: [0] LegacyState: process EVENT_PHYSICAL_CHANNEL_CONFIG_NOTIF_CHANGED
06-09 15:10:08.684 851 851 D NetworkTypeController: [0] Remove all timers
06-09 15:10:08.684 851 851 D NetworkTypeController: [0] DefaultState: process EVENT_PHYSICAL_CHANNEL_CONFIG_NOTIF_CHANGED
06-09 15:10:08.684 851 851 D NetworkTypeController: [0] mIsPhysicalChannelConfigOn changed to: false
06-09 15:10:08.684 851 851 D NetworkTypeController: [0] Remove all timers
06-09 15:10:12.699 347 347 I rockchip-vop2 fdd90000.vop: [drm:vop2_crtc_atomic_disable] Crtc atomic disable vp2
06-09 15:10:12.710 347 347 E rockchip-vop2 fdd90000.vop: [drm:vop2_crtc_atomic_disable] *ERROR* unexpected power on pd7
06-09 15:10:09.033 851 851 D DCT-C-0 : screen off
06-09 15:10:09.034 851 851 D DCT-C-0 : stopNetStatPoll
06-09 15:10:10.042 526 549 D RILU : find_pci_device is 0
06-09 15:10:10.042 526 549 D RILC : PCI can't find at device
06-09 15:10:10.045 526 549 D RILC : USB can't find at device
06-09 15:10:13.046 526 549 D RILU : find_pci_device is 0
06-09 15:10:13.046 526 549 D RILC : PCI can't find at device
06-09 15:10:13.049 526 549 D RILC : USB can't find at device
06-09 15:10:16.050 526 549 D RILU : find_pci_device is 0
06-09 15:10:16.050 526 549 D RILC : PCI can't find at device
06-09 15:10:16.050 526 549 D RILC : USB can't find at device
06-09 15:10:19.051 526 549 D RILU : find_pci_device is 0
06-09 15:10:19.051 526 549 D RILC : PCI can't find at device
06-09 15:10:19.054 526 549 D RILC : USB can't find at device
06-09 15:10:25.551 186 186 I android_work: did not send uevent (0 0 0000000000000000)
06-09 15:10:25.595 539 539 I : read descriptors
06-09 15:10:25.595 539 539 I : read strings
06-09 15:10:25.597 1 1 I init : processing action (sys.usb.config=adb && sys.usb.configfs=1 && sys.usb.ffs.ready=1) from (/system/etc/init/hw/init.usb.configfs.rc:20)
06-09 15:10:25.598 1 1 I init : Command 'symlink /config/usb_gadget/g1/functions/ffs.adb /config/usb_gadget/g1/configs/b.1/f1' action=sys.usb.config=adb && sys.usb.configfs=1 && sys.usb.ffs.ready=1 (/system/etc/init/hw/init.usb.configfs.rc:22) took 0ms and failed: symlink() failed: File exists
06-09 15:10:25.599 1 1 I init : Command 'write /config/usb_gadget/g1/UDC ${sys.usb.controller}' action=sys.usb.config=adb && sys.usb.configfs=1 && sys.usb.ffs.ready=1 (/system/etc/init/hw/init.usb.configfs.rc:23) took 0ms and failed: Unable to write to file '/config/usb_gadget/g1/UDC': Unable to write file contents: Device or resource busy
06-09 15:10:25.656 10885 10885 I xhci-hcd.8.auto: xHCI Host Controller
06-09 15:10:25.656 10885 10885 I xhci-hcd.8.auto: new USB bus registered, assigned bus number 3
06-09 15:10:25.656 10885 10885 I xhci-hcd.8.auto: hcc params 0x0220fe64 hci version 0x110 quirks 0x0000002002010010
06-09 15:10:25.656 10885 10885 I xhci-hcd.8.auto: irq 108, io mem 0xfc000000
06-09 15:10:25.657 10885 10885 I usb3 : New USB device found, idVendor=1d6b, idProduct=0002, bcdDevice= 5.10
06-09 15:10:25.657 10885 10885 I usb3 : New USB device strings: Mfr=3, Product=2, SerialNumber=1
06-09 15:10:25.657 10885 10885 I usb3 : Product: xHCI Host Controller
06-09 15:10:25.657 10885 10885 I usb3 : Manufacturer: Linux 5.10.66 xhci-hcd
06-09 15:10:25.657 10885 10885 I usb3 : SerialNumber: xhci-hcd.8.auto
06-09 15:10:25.658 10885 10885 I hub 3-0 : 1.0: USB hub found
06-09 15:10:25.658 10885 10885 I hub 3-0 : 1.0: 1 port detected
06-09 15:10:25.658 10885 10885 I xhci-hcd.8.auto: xHCI Host Controller
06-09 15:10:25.658 10885 10885 I xhci-hcd.8.auto: new USB bus registered, assigned bus number 4
06-09 15:10:25.658 10885 10885 I xhci-hcd.8.auto: Host supports USB 3.0 SuperSpeed
06-09 15:10:25.658 10885 10885 I usb4 : We don't know the algorithms for LPM for this host, disabling LPM.
06-09 15:10:25.658 10885 10885 I usb4 : New USB device found, idVendor=1d6b, idProduct=0003, bcdDevice= 5.10
06-09 15:10:25.658 10885 10885 I usb4 : New USB device strings: Mfr=3, Product=2, SerialNumber=1
06-09 15:10:25.658 10885 10885 I usb4 : Product: xHCI Host Controller
06-09 15:10:25.658 10885 10885 I usb4 : Manufacturer: Linux 5.10.66 xhci-hcd
06-09 15:10:25.658 10885 10885 I usb4 : SerialNumber: xhci-hcd.8.auto
06-09 15:10:25.659 10885 10885 I hub 4-0 : 1.0: USB hub found
06-09 15:10:25.659 10885 10885 I hub 4-0 : 1.0: 1 port detected
06-09 15:10:22.055 526 549 D RILU : find_pci_device is 0
06-09 15:10:22.055 526 549 D RILC : PCI can't find at device
06-09 15:10:22.056 526 549 D RILC : USB can't find at device
06-09 15:10:26.562 186 186 W : usb_suspend_both will suspend just return ...
06-09 15:10:26.662 539 539 I : read descriptors
06-09 15:10:26.662 539 539 I : read strings
06-09 15:10:26.664 1 1 I init : processing action (sys.usb.config=adb && sys.usb.configfs=1 && sys.usb.ffs.ready=1) from (/system/etc/init/hw/init.usb.configfs.rc:20)
06-09 15:10:26.666 1 1 I init : Command 'symlink /config/usb_gadget/g1/functions/ffs.adb /config/usb_gadget/g1/configs/b.1/f1' action=sys.usb.config=adb && sys.usb.configfs=1 && sys.usb.ffs.ready=1 (/system/etc/init/hw/init.usb.configfs.rc:22) took 0ms and failed: symlink() failed: File exists
06-09 15:10:26.667 1 1 I init : Command 'write /config/usb_gadget/g1/UDC ${sys.usb.controller}' action=sys.usb.config=adb && sys.usb.configfs=1 && sys.usb.ffs.ready=1 (/system/etc/init/hw/init.usb.configfs.rc:23) took 0ms and failed: Unable to write to file '/config/usb_gadget/g1/UDC': Unable to write file contents: Device or resource busy
06-09 15:10:26.789 186 186 I usb 4-1 : new SuperSpeed Gen 1 USB device number 2 using xhci-hcd
06-09 15:10:26.810 186 186 I usb 4-1 : New USB device found, idVendor=0781, idProduct=55a9, bcdDevice= 1.00
06-09 15:10:26.811 186 186 I usb 4-1 : New USB device strings: Mfr=1, Product=2, SerialNumber=3
06-09 15:10:26.811 186 186 I usb 4-1 : Product: Dual Drive
06-09 15:10:26.811 186 186 I usb 4-1 : Manufacturer: SanDisk
06-09 15:10:26.811 186 186 I usb 4-1 : SerialNumber: 0101b48ac55d731301b5e3b75878358a7006e937a5eb3f66543f109f22f539459ab7000000000000000000005010c27500951c00a95581072c28a194
06-09 15:10:26.817 186 186 I usb-storage 4-1: 1.0: USB Mass Storage device detected
06-09 15:10:26.822 186 186 I scsi host0: usb-storage 4-1:1.0
06-09 15:10:26.834 1 1 I init : processing action (debug.beidou_leavesuspend=*) from (/system/etc/init/hw/init.rc:1293)
06-09 15:10:23.128 851 851 D RILJ : [0070]> SEND_DEVICE_STATE 2:false [PHONE0]
06-09 15:10:23.130 851 851 D RILJ : [0071]> SET_UNSOLICITED_RESPONSE_FILTER 127 [PHONE0]
06-09 15:10:23.130 526 526 D RILC : sendDeviceState: calling screen state 1
06-09 15:10:23.131 526 526 D RILC : onRequest: SCREEN_STATE datalen=4 request_value:61
06-09 15:10:23.131 851 1064 D RILJ : [0070]< SEND_DEVICE_STATE [PHONE0]
06-09 15:10:23.131 851 1064 D RILJ : [0071]< SET_UNSOLICITED_RESPONSE_FILTER error 6 [PHONE0]
06-09 15:10:23.131 851 1064 D RilRequest: [0071]< SET_UNSOLICITED_RESPONSE_FILTER error: com.android.internal.telephony.CommandException: REQUEST_NOT_SUPPORTED ret= result=null
06-09 15:10:23.133 851 851 E RILJ : setSignalStrengthReportingCriteria ignored on IRadio version less than 1.2 [PHONE0]
06-09 15:10:23.133 851 851 E RILJ : setSignalStrengthReportingCriteria ignored on IRadio version less than 1.2 [PHONE0]
06-09 15:10:23.133 851 851 E RILJ : setSignalStrengthReportingCriteria ignored on IRadio version less than 1.2 [PHONE0]
06-09 15:10:23.133 851 851 D NetworkTypeController: [0] LegacyState: process EVENT_PHYSICAL_CHANNEL_CONFIG_NOTIF_CHANGED
06-09 15:10:23.133 851 851 D NetworkTypeController: [0] Remove all timers
06-09 15:10:23.133 851 851 D NetworkTypeController: [0] DefaultState: process EVENT_PHYSICAL_CHANNEL_CONFIG_NOTIF_CHANGED
06-09 15:10:23.133 851 851 D NetworkTypeController: [0] mIsPhysicalChannelConfigOn changed to: true
06-09 15:10:26.837 1 1 W : debug.beidou_leavesuspend wakeup
06-09 15:10:26.873 444 444 I gsensor_mxc6655 5-0015: set sensor poll time to 200ms
06-09 15:10:26.875 444 444 I gsensor_mxc6655 5-0015: sensor on: starting poll sensor data 196ms
06-09 15:10:26.882 439 439 W healthd : battery l=55 v=7620 t=34.0 h=1 st=3 c=-256000 fc=9700000 chg=
06-09 15:10:23.179 851 851 D DCT-C-0 : screen on
06-09 15:10:23.179 851 851 D DCT-C-0 : stopNetStatPoll
06-09 15:10:26.907 347 347 I rockchip-vop2 fdd90000.vop: [drm:vop2_crtc_atomic_enable] Update mode to 1536x2048p55, type: 16(if:60) for vp2 dclk: 192000000
06-09 15:10:26.908 347 347 I rockchip-vop2 fdd90000.vop: [drm:vop2_crtc_atomic_enable] dclk_out2 div: 2 dclk_core2 div: 1
06-09 15:10:26.908 347 347 I rockchip-vop2 fdd90000.vop: [drm:vop2_crtc_atomic_enable] set dclk_vop2 to 96000000, get 96000000
06-09 15:10:26.921 444 444 I gsensor_mxc6655 5-0015: set sensor poll time to 66ms
06-09 15:10:27.412 347 347 I dw-mipi-dsi2 fde20000.dsi: [drm:dw_mipi_dsi2_encoder_enable] final DSI-Link bandwidth: 639999 x 8 Kbps
06-09 15:10:27.519 357 357 E rockchip-vop2 fdd90000.vop: [drm:vop2_wait_power_domain_off] *ERROR* wait pd7 off timeout power_ctrl: 0x7a
06-09 15:10:27.569 1 1 I init : processing action (debug.beidou_entersuspend=*) from (/system/etc/init/hw/init.rc:1286)
06-09 15:10:27.570 1 1 W : debug.beidou_entersuspend $PMTK161,0*28\r\n
06-09 15:10:27.570 1 1 I init : starting service 'gps_suspend'...
06-09 15:10:27.581 1 1 I init : Service 'gps_suspend' (pid 27226) exited with status 0 oneshot service took 0.003000 seconds in background
06-09 15:10:27.733 539 539 I : read descriptors
06-09 15:10:27.733 539 539 I : read strings
06-09 15:10:27.846 7 7 I scsi 0 : 0:0:0: Direct-Access SanDisk Dual Drive 1.00 PQ: 0 ANSI: 6
06-09 15:10:27.854 21734 21734 I sd 0 : 0:0:0: [sda] 120176640 512-byte logical blocks: (61.5 GB/57.3 GiB)
06-09 15:10:27.855 21734 21734 I sd 0 : 0:0:0: [sda] Write Protect is off
06-09 15:10:27.855 21734 21734 D sd 0 : 0:0:0: [sda] Mode Sense: 43 00 00 00
06-09 15:10:27.856 21734 21734 I sd 0 : 0:0:0: [sda] Write cache: disabled, read cache: enabled, doesn't support DPO or FUA
06-09 15:10:27.862 7 7 I sd 0 : 0:0:0: Attached scsi generic sg0 type 0
06-09 15:10:27.890 21734 21734 I sda : sda1
06-09 15:10:27.905 21734 21734 I sd 0 : 0:0:0: [sda] Attached SCSI removable disk
06-09 15:10:28.036 460 460 I gsensor_mxc6655 5-0015: set sensor poll time to 200ms
06-09 15:10:24.325 851 851 D RILJ : [0072]> SEND_DEVICE_STATE 2:true [PHONE0]
06-09 15:10:24.326 851 851 D RILJ : [0073]> SET_UNSOLICITED_RESPONSE_FILTER 32 [PHONE0]
06-09 15:10:24.326 526 526 D RILC : sendDeviceState: calling screen state 0
06-09 15:10:24.326 526 526 D RILC : onRequest: SCREEN_STATE datalen=4 request_value:61
06-09 15:10:24.326 851 1064 D RILJ : [0072]< SEND_DEVICE_STATE [PHONE0]
06-09 15:10:24.326 851 1064 D RILJ : [0073]< SET_UNSOLICITED_RESPONSE_FILTER error 6 [PHONE0]
06-09 15:10:24.327 851 1064 D RilRequest: [0073]< SET_UNSOLICITED_RESPONSE_FILTER error: com.android.internal.telephony.CommandException: REQUEST_NOT_SUPPORTED ret= result=null
06-09 15:10:24.327 851 851 E RILJ : setSignalStrengthReportingCriteria ignored on IRadio version less than 1.2 [PHONE0]
06-09 15:10:24.327 851 851 E RILJ : setSignalStrengthReportingCriteria ignored on IRadio version less than 1.2 [PHONE0]
06-09 15:10:24.327 851 851 E RILJ : setSignalStrengthReportingCriteria ignored on IRadio version less than 1.2 [PHONE0]
06-09 15:10:24.327 851 851 D NetworkTypeController: [0] LegacyState: process EVENT_PHYSICAL_CHANNEL_CONFIG_NOTIF_CHANGED
06-09 15:10:24.327 851 851 D NetworkTypeController: [0] Remove all timers
06-09 15:10:24.327 851 851 D NetworkTypeController: [0] DefaultState: process EVENT_PHYSICAL_CHANNEL_CONFIG_NOTIF_CHANGED
06-09 15:10:24.327 851 851 D NetworkTypeController: [0] mIsPhysicalChannelConfigOn changed to: false
06-09 15:10:24.327 851 851 D NetworkTypeController: [0] Remove all timers
06-09 15:10:28.075 439 439 W healthd : battery l=55 v=7620 t=34.0 h=1 st=3 c=-256000 fc=9700000 chg=
06-09 15:10:28.335 347 347 I rockchip-vop2 fdd90000.vop: [drm:vop2_crtc_atomic_disable] Crtc atomic disable vp2
06-09 15:10:24.658 851 851 D DCT-C-0 : screen off
06-09 15:10:24.658 851 851 D DCT-C-0 : stopNetStatPoll
06-09 15:10:24.676 851 851 D RILJ : [0074]> SEND_DEVICE_STATE 2:false [PHONE0]
06-09 15:10:24.676 851 851 D RILJ : [0075]> SET_UNSOLICITED_RESPONSE_FILTER 127 [PHONE0]
06-09 15:10:24.677 851 851 E RILJ : setSignalStrengthReportingCriteria ignored on IRadio version less than 1.2 [PHONE0]
06-09 15:10:24.677 851 851 E RILJ : setSignalStrengthReportingCriteria ignored on IRadio version less than 1.2 [PHONE0]
06-09 15:10:24.677 851 851 E RILJ : setSignalStrengthReportingCriteria ignored on IRadio version less than 1.2 [PHONE0]
06-09 15:10:24.677 526 526 D RILC : sendDeviceState: calling screen state 1
06-09 15:10:24.677 526 526 D RILC : onRequest: SCREEN_STATE datalen=4 request_value:61
06-09 15:10:24.677 851 851 D NetworkTypeController: [0] LegacyState: process EVENT_PHYSICAL_CHANNEL_CONFIG_NOTIF_CHANGED
06-09 15:10:24.677 851 851 D NetworkTypeController: [0] Remove all timers
06-09 15:10:24.677 851 851 D NetworkTypeController: [0] DefaultState: process EVENT_PHYSICAL_CHANNEL_CONFIG_NOTIF_CHANGED
06-09 15:10:24.677 851 851 D NetworkTypeController: [0] mIsPhysicalChannelConfigOn changed to: true
06-09 15:10:24.678 851 1064 D RILJ : [0074]< SEND_DEVICE_STATE [PHONE0]
06-09 15:10:24.678 851 1064 D RILJ : [0075]< SET_UNSOLICITED_RESPONSE_FILTER error 6 [PHONE0]
06-09 15:10:24.678 851 1064 D RilRequest: [0075]< SET_UNSOLICITED_RESPONSE_FILTER error: com.android.internal.telephony.CommandException: REQUEST_NOT_SUPPORTED ret= result=null
06-09 15:10:28.396 1 1 W : debug.beidou_leavesuspend wakeup
06-09 15:10:28.424 439 439 W healthd : battery l=55 v=7620 t=34.0 h=1 st=3 c=-512000 fc=9700000 chg=
06-09 15:10:28.460 347 347 I rockchip-vop2 fdd90000.vop: [drm:vop2_crtc_atomic_enable] Update mode to 1536x2048p55, type: 16(if:60) for vp2 dclk: 192000000
06-09 15:10:28.461 347 347 I rockchip-vop2 fdd90000.vop: [drm:vop2_crtc_atomic_enable] dclk_out2 div: 2 dclk_core2 div: 1
06-09 15:10:28.461 347 347 I rockchip-vop2 fdd90000.vop: [drm:vop2_crtc_atomic_enable] set dclk_vop2 to 96000000, get 96000000
06-09 15:10:28.465 460 460 I gsensor_mxc6655 5-0015: set sensor poll time to 66ms
06-09 15:10:28.467 460 460 I gsensor_mxc6655 5-0015: sensor on: starting poll sensor data 62ms
06-09 15:10:24.779 851 851 D DCT-C-0 : screen on
06-09 15:10:24.780 851 851 D DCT-C-0 : stopNetStatPoll
06-09 15:10:25.057 526 549 D RILU : find_pci_device is 0
06-09 15:10:25.057 526 549 D RILC : PCI can't find at device
06-09 15:10:25.062 526 549 D RILC : USB can't find at device
06-09 15:10:28.809 539 539 I : read descriptors
06-09 15:10:28.809 539 539 I : read strings
06-09 15:10:28.969 347 347 I dw-mipi-dsi2 fde20000.dsi: [drm:dw_mipi_dsi2_encoder_enable] final DSI-Link bandwidth: 639999 x 8 Kbps
06-09 15:10:29.856 539 539 I : read descriptors
06-09 15:10:29.856 539 539 I : read strings
06-09 15:10:30.909 539 539 I : read descriptors
06-09 15:10:30.909 539 539 I : read strings
06-09 15:10:30.911 1 1 I init : processing action (sys.usb.config=adb && sys.usb.configfs=1 && sys.usb.ffs.ready=1) from (/system/etc/init/hw/init.usb.configfs.rc:20)
06-09 15:10:30.915 1 1 I init : Command 'symlink /config/usb_gadget/g1/functions/ffs.adb /config/usb_gadget/g1/configs/b.1/f1' action=sys.usb.config=adb && sys.usb.configfs=1 && sys.usb.ffs.ready=1 (/system/etc/init/hw/init.usb.configfs.rc:22) took 0ms and failed: symlink() failed: File exists
06-09 15:10:30.916 1 1 I init : Command 'write /config/usb_gadget/g1/UDC ${sys.usb.controller}' action=sys.usb.config=adb && sys.usb.configfs=1 && sys.usb.ffs.ready=1 (/system/etc/init/hw/init.usb.configfs.rc:23) took 0ms and failed: Unable to write to file '/config/usb_gadget/g1/UDC': Unable to write file contents: Device or resource busy
06-09 15:10:28.063 526 549 D RILU : find_pci_device is 0
06-09 15:10:28.063 526 549 D RILC : PCI can't find at device
06-09 15:10:28.066 526 549 D RILC : USB can't find at device
06-09 15:10:31.972 539 539 I : read descriptors
06-09 15:10:31.973 539 539 I : read strings
06-09 15:10:31.975 1 1 I init : processing action (sys.usb.config=adb && sys.usb.configfs=1 && sys.usb.ffs.ready=1) from (/system/etc/init/hw/init.usb.configfs.rc:20)
06-09 15:10:31.978 1 1 I init : Command 'symlink /config/usb_gadget/g1/functions/ffs.adb /config/usb_gadget/g1/configs/b.1/f1' action=sys.usb.config=adb && sys.usb.configfs=1 && sys.usb.ffs.ready=1 (/system/etc/init/hw/init.usb.configfs.rc:22) took 0ms and failed: symlink() failed: File exists
06-09 15:10:31.980 1 1 I init : Command 'write /config/usb_gadget/g1/UDC ${sys.usb.controller}' action=sys.usb.config=adb && sys.usb.configfs=1 && sys.usb.ffs.ready=1 (/system/etc/init/hw/init.usb.configfs.rc:23) took 2ms and failed: Unable to write to file '/config/usb_gadget/g1/UDC': Unable to write file contents: Device or resource busy
06-09 15:10:31.997 18417 18417 W : abc audioDBG [es8323_mute] start mute:0
06-09 15:10:32.007 18417 18417 I [Awinic] [3-0058]aw_acf_get_prof_desc_form_name: get prof desc down
06-09 15:10:32.021 18417 18417 I [Awinic] [3-005b]aw_acf_get_prof_desc_form_name: get prof desc down
06-09 15:10:33.042 539 539 I : read descriptors
06-09 15:10:33.043 539 539 I : read strings
06-09 15:10:33.044 1 1 I init : processing action (sys.usb.config=adb && sys.usb.configfs=1 && sys.usb.ffs.ready=1) from (/system/etc/init/hw/init.usb.configfs.rc:20)
06-09 15:10:33.045 1 1 I init : Command 'symlink /config/usb_gadget/g1/functions/ffs.adb /config/usb_gadget/g1/configs/b.1/f1' action=sys.usb.config=adb && sys.usb.configfs=1 && sys.usb.ffs.ready=1 (/system/etc/init/hw/init.usb.configfs.rc:22) took 0ms and failed: symlink() failed: File exists
06-09 15:10:33.045 1 1 I init : Command 'write /config/usb_gadget/g1/UDC ${sys.usb.controller}' action=sys.usb.config=adb && sys.usb.configfs=1 && sys.usb.ffs.ready=1 (/system/etc/init/hw/init.usb.configfs.rc:23) took 0ms and failed: Unable to write to file '/config/usb_gadget/g1/UDC': Unable to write file contents: Device or resource busy
06-09 15:10:33.319 4266 4266 W : abc audioDBG [es8323_mute] start mute:1
06-09 15:10:33.319 4266 4266 I [Awinic] [3-0058]aw_acf_get_prof_desc_form_name: get prof desc down
06-09 15:10:33.319 4266 4266 I [Awinic] [3-005b]aw_acf_get_prof_desc_form_name: get prof desc down
06-09 15:10:34.089 539 539 I : read descriptors
06-09 15:10:34.089 539 539 I : read strings
06-09 15:10:34.090 1 1 I init : processing action (sys.usb.config=adb && sys.usb.configfs=1 && sys.usb.ffs.ready=1) from (/system/etc/init/hw/init.usb.configfs.rc:20)
06-09 15:10:31.066 526 549 D RILU : find_pci_device is 0
06-09 15:10:31.067 526 549 D RILC : PCI can't find at device
06-09 15:10:31.073 526 549 D RILC : USB can't find at device
06-09 15:10:35.146 539 539 I : read descriptors
06-09 15:10:35.146 539 539 I : read strings
06-09 15:10:35.680 286 286 W FAT-fs (sda1): Volume was not properly unmounted. Some data may be corrupt. Please run fsck.
06-09 15:10:36.199 539 539 I : read descriptors
06-09 15:10:36.200 539 539 I : read strings
06-09 15:10:36.202 1 1 I init : processing action (sys.usb.config=adb && sys.usb.configfs=1 && sys.usb.ffs.ready=1) from (/system/etc/init/hw/init.usb.configfs.rc:20)
06-09 15:10:36.204 1 1 I init : Command 'symlink /config/usb_gadget/g1/functions/ffs.adb /config/usb_gadget/g1/configs/b.1/f1' action=sys.usb.config=adb && sys.usb.configfs=1 && sys.usb.ffs.ready=1 (/system/etc/init/hw/init.usb.configfs.rc:22) took 0ms and failed: symlink() failed: File exists
06-09 15:10:36.205 1 1 I init : Command 'write /config/usb_gadget/g1/UDC ${sys.usb.controller}' action=sys.usb.config=adb && sys.usb.configfs=1 && sys.usb.ffs.ready=1 (/system/etc/init/hw/init.usb.configfs.rc:23) took 0ms and failed: Unable to write to file '/config/usb_gadget/g1/UDC': Unable to write file contents: Device or resource busy
06-09 15:10:37.262 539 539 I : read descriptors
06-09 15:10:37.262 539 539 I : read strings
06-09 15:10:37.264 1 1 I init : processing action (sys.usb.config=adb && sys.usb.configfs=1 && sys.usb.ffs.ready=1) from (/system/etc/init/hw/init.usb.configfs.rc:20)
06-09 15:10:37.265 1 1 I init : Command 'symlink /config/usb_gadget/g1/functions/ffs.adb /config/usb_gadget/g1/configs/b.1/f1' action=sys.usb.config=adb && sys.usb.configfs=1 && sys.usb.ffs.ready=1 (/system/etc/init/hw/init.usb.configfs.rc:22) took 0ms and failed: symlink() failed: File exists
06-09 15:10:37.265 1 1 I init : Command 'write /config/usb_gadget/g1/UDC ${sys.usb.controller}' action=sys.usb.config=adb && sys.usb.configfs=1 && sys.usb.ffs.ready=1 (/system/etc/init/hw/init.usb.configfs.rc:23) took 0ms and failed: Unable to write to file '/config/usb_gadget/g1/UDC': Unable to write file contents: Device or resource busy
06-09 15:10:34.074 526 549 D RILU : find_pci_device is 0
06-09 15:10:34.074 526 549 D RILC : PCI can't find at device
06-09 15:10:34.075 526 549 D RILC : USB can't find at device
06-09 15:10:38.315 539 539 I : read descriptors
06-09 15:10:38.315 539 539 I : read strings
06-09 15:10:38.317 1 1 I init : processing action (sys.usb.config=adb && sys.usb.configfs=1 && sys.usb.ffs.ready=1) from (/system/etc/init/hw/init.usb.configfs.rc:20)
06-09 15:10:38.318 1 1 I init : Command 'symlink /config/usb_gadget/g1/functions/ffs.adb /config/usb_gadget/g1/configs/b.1/f1' action=sys.usb.config=adb && sys.usb.configfs=1 && sys.usb.ffs.ready=1 (/system/etc/init/hw/init.usb.configfs.rc:22) took 0ms and failed: symlink() failed: File exists
06-09 15:10:38.319 1 1 I init : Command 'write /config/usb_gadget/g1/UDC ${sys.usb.controller}' action=sys.usb.config=adb && sys.usb.configfs=1 && sys.usb.ffs.ready=1 (/system/etc/init/hw/init.usb.configfs.rc:23) took 0ms and failed: Unable to write to file '/config/usb_gadget/g1/UDC': Unable to write file contents: Device or resource busy
06-09 15:10:39.379 539 539 I : read descriptors
06-09 15:10:39.379 539 539 I : read strings
06-09 15:10:39.380 1 1 I init : processing action (sys.usb.config=adb && sys.usb.configfs=1 && sys.usb.ffs.ready=1) from (/system/etc/init/hw/init.usb.configfs.rc:20)
06-09 15:10:40.419 539 539 I : read descriptors
06-09 15:10:40.419 539 539 I : read strings
