06-09 15:36:26.467 347 347 I rockchip-vop2 fdd90000.vop: [drm:vop2_crtc_atomic_enable] set dclk_vop2 to 96000000, get 96000000
06-09 15:36:26.501 444 444 I gsensor_mxc6655 5-0015: set sensor poll time to 66ms
06-09 15:36:26.978 347 347 I dw-mipi-dsi2 fde20000.dsi: [drm:dw_mipi_dsi2_encoder_enable] final DSI-Link bandwidth: 639999 x 8 Kbps
06-09 15:36:27.067 357 357 E rockchip-vop2 fdd90000.vop: [drm:vop2_wait_power_domain_off] *ERROR* wait pd7 off timeout power_ctrl: 0x7f
06-09 15:36:23.991 526 549 D RILU : find_pci_device is 0
06-09 15:36:23.991 526 549 D RILC : PCI can't find at device
06-09 15:36:23.992 526 549 D RILC : USB can't find at device
06-09 15:36:27.821 427 427 W : abc audioDBG [es8323_mute] start mute:1
06-09 15:36:27.821 427 427 I [Awinic] [3-0058]aw_acf_get_prof_desc_form_name: get prof desc down
06-09 15:36:27.824 427 427 I [Awinic] [3-005b]aw_acf_get_prof_desc_form_name: get prof desc down
06-09 15:36:27.972 1 1 I init : processing action (debug.beidou_entersuspend=*) from (/system/etc/init/hw/init.rc:1286)
06-09 15:36:27.973 1 1 W : debug.beidou_entersuspend $PMTK161,0*28\r\n
06-09 15:36:27.973 1 1 I init : starting service 'gps_suspend'...
06-09 15:36:27.985 1 1 I init : Service 'gps_suspend' (pid 15601) exited with status 0 oneshot service took 0.009000 seconds in background
06-09 15:36:27.985 1 1 I init : Sending signal 9 to service 'gps_suspend' (pid 15601) process group...
06-09 15:36:28.007 18417 18417 W : abc audioDBG [es8323_mute] start mute:0
06-09 15:36:28.017 18417 18417 I [Awinic] [3-0058]aw_acf_get_prof_desc_form_name: get prof desc down
06-09 15:36:28.033 18417 18417 I [Awinic] [3-005b]aw_acf_get_prof_desc_form_name: get prof desc down
06-09 15:36:28.460 444 444 I gsensor_mxc6655 5-0015: set sensor poll time to 200ms
06-09 15:36:28.462 439 439 W healthd : battery l=50 v=7540 t=34.0 h=1 st=3 c=-512000 fc=9700000 chg=
06-09 15:36:24.748 851 851 D RILJ : [0599]> SEND_DEVICE_STATE 2:true [PHONE0]
06-09 15:36:24.748 526 526 D RILC : sendDeviceState: calling screen state 0
06-09 15:36:24.748 526 526 D RILC : onRequest: SCREEN_STATE datalen=4 request_value:61
06-09 15:36:24.749 851 1064 D RILJ : [0599]< SEND_DEVICE_STATE [PHONE0]
06-09 15:36:24.749 851 851 D RILJ : [0600]> SET_UNSOLICITED_RESPONSE_FILTER 32 [PHONE0]
06-09 15:36:24.750 851 1064 D RILJ : [0600]< SET_UNSOLICITED_RESPONSE_FILTER error 6 [PHONE0]
06-09 15:36:24.750 851 1064 D RilRequest: [0600]< SET_UNSOLICITED_RESPONSE_FILTER error: com.android.internal.telephony.CommandException: REQUEST_NOT_SUPPORTED ret= result=null
06-09 15:36:24.752 851 851 E RILJ : setSignalStrengthReportingCriteria ignored on IRadio version less than 1.2 [PHONE0]
06-09 15:36:24.752 851 851 E RILJ : setSignalStrengthReportingCriteria ignored on IRadio version less than 1.2 [PHONE0]
06-09 15:36:24.753 851 851 E RILJ : setSignalStrengthReportingCriteria ignored on IRadio version less than 1.2 [PHONE0]
06-09 15:36:24.753 851 851 D NetworkTypeController: [0] LegacyState: process EVENT_PHYSICAL_CHANNEL_CONFIG_NOTIF_CHANGED
06-09 15:36:24.753 851 851 D NetworkTypeController: [0] Remove all timers
06-09 15:36:24.753 851 851 D NetworkTypeController: [0] DefaultState: process EVENT_PHYSICAL_CHANNEL_CONFIG_NOTIF_CHANGED
06-09 15:36:24.753 851 851 D NetworkTypeController: [0] mIsPhysicalChannelConfigOn changed to: false
06-09 15:36:24.753 851 851 D NetworkTypeController: [0] Remove all timers
06-09 15:36:28.808 347 347 I rockchip-vop2 fdd90000.vop: [drm:vop2_crtc_atomic_disable] Crtc atomic disable vp2
06-09 15:36:28.818 347 347 E rockchip-vop2 fdd90000.vop: [drm:vop2_crtc_atomic_disable] *ERROR* unexpected power on pd7
06-09 15:36:25.125 851 851 D DCT-C-0 : screen off
06-09 15:36:25.125 851 851 D DCT-C-0 : stopNetStatPoll
06-09 15:36:25.269 851 851 D RILJ : [0601]> SEND_DEVICE_STATE 2:false [PHONE0]
06-09 15:36:25.272 851 851 D RILJ : [0602]> SET_UNSOLICITED_RESPONSE_FILTER 127 [PHONE0]
06-09 15:36:25.273 851 851 E RILJ : setSignalStrengthReportingCriteria ignored on IRadio version less than 1.2 [PHONE0]
06-09 15:36:25.273 851 851 E RILJ : setSignalStrengthReportingCriteria ignored on IRadio version less than 1.2 [PHONE0]
06-09 15:36:25.273 851 851 E RILJ : setSignalStrengthReportingCriteria ignored on IRadio version less than 1.2 [PHONE0]
06-09 15:36:25.274 851 851 D NetworkTypeController: [0] LegacyState: process EVENT_PHYSICAL_CHANNEL_CONFIG_NOTIF_CHANGED
06-09 15:36:25.274 851 851 D NetworkTypeController: [0] Remove all timers
06-09 15:36:25.274 851 851 D NetworkTypeController: [0] DefaultState: process EVENT_PHYSICAL_CHANNEL_CONFIG_NOTIF_CHANGED
06-09 15:36:25.274 851 851 D NetworkTypeController: [0] mIsPhysicalChannelConfigOn changed to: true
06-09 15:36:28.980 1 1 W : debug.beidou_leavesuspend wakeup
06-09 15:36:28.995 439 439 W healthd : battery l=50 v=7540 t=34.0 h=1 st=3 c=-512000 fc=9700000 chg=
06-09 15:36:28.998 444 444 I gsensor_mxc6655 5-0015: set sensor poll time to 200ms
06-09 15:36:25.277 526 526 D RILC : sendDeviceState: calling screen state 1
06-09 15:36:25.277 526 526 D RILC : onRequest: SCREEN_STATE datalen=4 request_value:61
06-09 15:36:25.278 851 1064 D RILJ : [0601]< SEND_DEVICE_STATE [PHONE0]
06-09 15:36:25.278 851 1064 D RILJ : [0602]< SET_UNSOLICITED_RESPONSE_FILTER error 6 [PHONE0]
06-09 15:36:25.278 851 1064 D RilRequest: [0602]< SET_UNSOLICITED_RESPONSE_FILTER error: com.android.internal.telephony.CommandException: REQUEST_NOT_SUPPORTED ret= result=null
06-09 15:36:28.999 444 444 I gsensor_mxc6655 5-0015: sensor on: starting poll sensor data 196ms
06-09 15:36:25.307 851 851 D DCT-C-0 : screen on
06-09 15:36:25.307 851 851 D DCT-C-0 : stopNetStatPoll
06-09 15:36:29.043 347 347 I rockchip-vop2 fdd90000.vop: [drm:vop2_crtc_atomic_enable] Update mode to 1536x2048p55, type: 16(if:60) for vp2 dclk: 192000000
06-09 15:36:29.044 347 347 I rockchip-vop2 fdd90000.vop: [drm:vop2_crtc_atomic_enable] dclk_out2 div: 2 dclk_core2 div: 1
06-09 15:36:29.044 347 347 I rockchip-vop2 fdd90000.vop: [drm:vop2_crtc_atomic_enable] set dclk_vop2 to 96000000, get 96000000
06-09 15:36:29.087 444 444 I gsensor_mxc6655 5-0015: set sensor poll time to 66ms
06-09 15:36:29.548 347 347 I dw-mipi-dsi2 fde20000.dsi: [drm:dw_mipi_dsi2_encoder_enable] final DSI-Link bandwidth: 639999 x 8 Kbps
06-09 15:36:29.965 357 357 E rockchip-vop2 fdd90000.vop: [drm:vop2_wait_power_domain_off] *ERROR* wait pd7 off timeout power_ctrl: 0x7a
06-09 15:36:30.552 1 1 I init : processing action (debug.beidou_entersuspend=*) from (/system/etc/init/hw/init.rc:1286)
06-09 15:36:30.553 1 1 W : debug.beidou_entersuspend $PMTK161,0*28\r\n
06-09 15:36:30.553 1 1 I init : starting service 'gps_suspend'...
06-09 15:36:30.600 1 1 I init : Service 'gps_suspend' (pid 15636) exited with status 0 oneshot service took 0.023000 seconds in background
06-09 15:36:30.600 1 1 I init : Sending signal 9 to service 'gps_suspend' (pid 15636) process group...
06-09 15:36:30.600 1 1 I libprocessgroup: Successfully killed process cgroup uid 0 pid 15636 in 0ms
06-09 15:36:26.992 526 549 D RILU : find_pci_device is 0
06-09 15:36:26.992 526 549 D RILC : PCI can't find at device
06-09 15:36:26.993 526 549 D RILC : USB can't find at device
06-09 15:36:31.039 460 460 I gsensor_mxc6655 5-0015: set sensor poll time to 200ms
06-09 15:36:27.337 851 851 D RILJ : [0603]> SEND_DEVICE_STATE 2:true [PHONE0]
06-09 15:36:27.338 851 851 D RILJ : [0604]> SET_UNSOLICITED_RESPONSE_FILTER 32 [PHONE0]
06-09 15:36:27.338 526 526 D RILC : sendDeviceState: calling screen state 0
06-09 15:36:27.338 526 526 D RILC : onRequest: SCREEN_STATE datalen=4 request_value:61
06-09 15:36:27.338 851 1064 D RILJ : [0603]< SEND_DEVICE_STATE [PHONE0]
06-09 15:36:27.339 851 1064 D RILJ : [0604]< SET_UNSOLICITED_RESPONSE_FILTER error 6 [PHONE0]
06-09 15:36:27.339 851 851 E RILJ : setSignalStrengthReportingCriteria ignored on IRadio version less than 1.2 [PHONE0]
06-09 15:36:27.339 851 1064 D RilRequest: [0604]< SET_UNSOLICITED_RESPONSE_FILTER error: com.android.internal.telephony.CommandException: REQUEST_NOT_SUPPORTED ret= result=null
06-09 15:36:27.339 851 851 E RILJ : setSignalStrengthReportingCriteria ignored on IRadio version less than 1.2 [PHONE0]
06-09 15:36:27.339 851 851 E RILJ : setSignalStrengthReportingCriteria ignored on IRadio version less than 1.2 [PHONE0]
06-09 15:36:27.339 851 851 D NetworkTypeController: [0] LegacyState: process EVENT_PHYSICAL_CHANNEL_CONFIG_NOTIF_CHANGED
06-09 15:36:27.339 851 851 D NetworkTypeController: [0] Remove all timers
06-09 15:36:27.340 851 851 D NetworkTypeController: [0] DefaultState: process EVENT_PHYSICAL_CHANNEL_CONFIG_NOTIF_CHANGED
06-09 15:36:27.340 851 851 D NetworkTypeController: [0] mIsPhysicalChannelConfigOn changed to: false
06-09 15:36:27.340 851 851 D NetworkTypeController: [0] Remove all timers
06-09 15:36:31.071 439 439 W healthd : battery l=50 v=7540 t=34.0 h=1 st=3 c=-768000 fc=9700000 chg=
06-09 15:36:31.405 347 347 I rockchip-vop2 fdd90000.vop: [drm:vop2_crtc_atomic_disable] Crtc atomic disable vp2
06-09 15:36:31.412 347 347 E rockchip-vop2 fdd90000.vop: [drm:vop2_crtc_atomic_disable] *ERROR* unexpected power on pd7
06-09 15:36:27.715 851 851 D DCT-C-0 : screen off
06-09 15:36:27.716 851 851 D DCT-C-0 : stopNetStatPoll
06-09 15:36:27.753 851 851 D RILJ : [0605]> GET_ACTIVITY_INFO [PHONE0]
06-09 15:36:27.753 526 526 D RILC : onRequest: GET_ACTIVITY_INFO
06-09 15:36:27.753 526 526 E RILC : getModemActivityInfoResponse Invalid response: NULL
06-09 15:36:27.754 851 1064 D RILJ : [0605]< GET_ACTIVITY_INFO ModemActivityInfo{ mTimestamp=0 mSleepTimeMs=0 mIdleTimeMs=0 mTxTimeMs[]=[0, 0, 0, 0, 0] mRxTimeMs=0} [PHONE0]
06-09 15:36:31.522 1 1 I init : processing action (debug.beidou_leavesuspend=*) from (/system/etc/init/hw/init.rc:1293)
06-09 15:36:31.528 1 1 W : debug.beidou_leavesuspend wakeup
06-09 15:36:31.531 444 444 I gsensor_mxc6655 5-0015: set sensor poll time to 200ms
06-09 15:36:31.532 444 444 I gsensor_mxc6655 5-0015: sensor on: starting poll sensor data 196ms
06-09 15:36:27.814 851 851 D RILJ : [0606]> SEND_DEVICE_STATE 2:false [PHONE0]
06-09 15:36:27.814 526 526 D RILC : sendDeviceState: calling screen state 1
06-09 15:36:27.814 526 526 D RILC : onRequest: SCREEN_STATE datalen=4 request_value:61
06-09 15:36:27.815 851 1064 D RILJ : [0606]< SEND_DEVICE_STATE [PHONE0]
06-09 15:36:27.815 851 851 D RILJ : [0607]> SET_UNSOLICITED_RESPONSE_FILTER 127 [PHONE0]
06-09 15:36:27.815 851 1064 D RILJ : [0607]< SET_UNSOLICITED_RESPONSE_FILTER error 6 [PHONE0]
06-09 15:36:27.815 851 1064 D RilRequest: [0607]< SET_UNSOLICITED_RESPONSE_FILTER error: com.android.internal.telephony.CommandException: REQUEST_NOT_SUPPORTED ret= result=null
06-09 15:36:27.816 851 851 E RILJ : setSignalStrengthReportingCriteria ignored on IRadio version less than 1.2 [PHONE0]
06-09 15:36:27.816 851 851 E RILJ : setSignalStrengthReportingCriteria ignored on IRadio version less than 1.2 [PHONE0]
06-09 15:36:27.816 851 851 E RILJ : setSignalStrengthReportingCriteria ignored on IRadio version less than 1.2 [PHONE0]
06-09 15:36:27.816 851 851 D NetworkTypeController: [0] LegacyState: process EVENT_PHYSICAL_CHANNEL_CONFIG_NOTIF_CHANGED
06-09 15:36:27.816 851 851 D NetworkTypeController: [0] Remove all timers
06-09 15:36:27.816 851 851 D NetworkTypeController: [0] DefaultState: process EVENT_PHYSICAL_CHANNEL_CONFIG_NOTIF_CHANGED
06-09 15:36:27.816 851 851 D NetworkTypeController: [0] mIsPhysicalChannelConfigOn changed to: true
06-09 15:36:31.538 439 439 W healthd : battery l=50 v=7540 t=34.0 h=1 st=3 c=-256000 fc=9700000 chg=
06-09 15:36:27.828 851 851 D DCT-C-0 : screen on
06-09 15:36:27.828 851 851 D DCT-C-0 : stopNetStatPoll
06-09 15:36:31.599 347 347 I rockchip-vop2 fdd90000.vop: [drm:vop2_crtc_atomic_enable] Update mode to 1536x2048p55, type: 16(if:60) for vp2 dclk: 192000000
06-09 15:36:31.600 347 347 I rockchip-vop2 fdd90000.vop: [drm:vop2_crtc_atomic_enable] dclk_out2 div: 2 dclk_core2 div: 1
06-09 15:36:31.600 347 347 I rockchip-vop2 fdd90000.vop: [drm:vop2_crtc_atomic_enable] set dclk_vop2 to 96000000, get 96000000
06-09 15:36:31.625 444 444 I gsensor_mxc6655 5-0015: set sensor poll time to 66ms
06-09 15:36:32.105 347 347 I dw-mipi-dsi2 fde20000.dsi: [drm:dw_mipi_dsi2_encoder_enable] final DSI-Link bandwidth: 639999 x 8 Kbps
06-09 15:36:32.466 357 357 E rockchip-vop2 fdd90000.vop: [drm:vop2_wait_power_domain_off] *ERROR* wait pd7 off timeout power_ctrl: 0x7a
06-09 15:36:33.029 1 1 I init : processing action (debug.beidou_entersuspend=*) from (/system/etc/init/hw/init.rc:1286)
06-09 15:36:33.030 1 1 W : debug.beidou_entersuspend $PMTK161,0*28\r\n
06-09 15:36:33.030 1 1 I init : starting service 'gps_suspend'...
06-09 15:36:33.043 1 1 I init : Service 'gps_suspend' (pid 15669) exited with status 0 oneshot service took 0.010000 seconds in background
06-09 15:36:33.043 1 1 I init : Sending signal 9 to service 'gps_suspend' (pid 15669) process group...
06-09 15:36:33.520 460 460 I gsensor_mxc6655 5-0015: set sensor poll time to 200ms
06-09 15:36:33.523 439 439 W healthd : battery l=50 v=7540 t=34.0 h=1 st=3 c=-512000 fc=9700000 chg=
06-09 15:36:29.818 851 851 D RILJ : [0608]> SEND_DEVICE_STATE 2:true [PHONE0]
06-09 15:36:29.818 526 526 D RILC : sendDeviceState: calling screen state 0
06-09 15:36:29.818 526 526 D RILC : onRequest: SCREEN_STATE datalen=4 request_value:61
06-09 15:36:29.818 851 1064 D RILJ : [0608]< SEND_DEVICE_STATE [PHONE0]
06-09 15:36:29.819 851 851 D RILJ : [0609]> SET_UNSOLICITED_RESPONSE_FILTER 32 [PHONE0]
06-09 15:36:29.819 851 1064 D RILJ : [0609]< SET_UNSOLICITED_RESPONSE_FILTER error 6 [PHONE0]
06-09 15:36:29.819 851 851 E RILJ : setSignalStrengthReportingCriteria ignored on IRadio version less than 1.2 [PHONE0]
06-09 15:36:29.819 851 851 E RILJ : setSignalStrengthReportingCriteria ignored on IRadio version less than 1.2 [PHONE0]
06-09 15:36:29.819 851 851 E RILJ : setSignalStrengthReportingCriteria ignored on IRadio version less than 1.2 [PHONE0]
06-09 15:36:29.819 851 1064 D RilRequest: [0609]< SET_UNSOLICITED_RESPONSE_FILTER error: com.android.internal.telephony.CommandException: REQUEST_NOT_SUPPORTED ret= result=null
06-09 15:36:29.819 851 851 D NetworkTypeController: [0] LegacyState: process EVENT_PHYSICAL_CHANNEL_CONFIG_NOTIF_CHANGED
06-09 15:36:29.819 851 851 D NetworkTypeController: [0] Remove all timers
06-09 15:36:29.819 851 851 D NetworkTypeController: [0] DefaultState: process EVENT_PHYSICAL_CHANNEL_CONFIG_NOTIF_CHANGED
06-09 15:36:29.819 851 851 D NetworkTypeController: [0] mIsPhysicalChannelConfigOn changed to: false
06-09 15:36:29.819 851 851 D NetworkTypeController: [0] Remove all timers
06-09 15:36:29.994 526 549 D RILU : find_pci_device is 0
06-09 15:36:29.994 526 549 D RILC : PCI can't find at device
06-09 15:36:29.994 526 549 D RILC : USB can't find at device
06-09 15:36:33.882 347 347 I rockchip-vop2 fdd90000.vop: [drm:vop2_crtc_atomic_disable] Crtc atomic disable vp2
06-09 15:36:33.895 347 347 E rockchip-vop2 fdd90000.vop: [drm:vop2_crtc_atomic_disable] *ERROR* unexpected power on pd7
06-09 15:36:30.213 851 851 D DCT-C-0 : screen off
06-09 15:36:30.213 851 851 D DCT-C-0 : stopNetStatPoll
06-09 15:36:34.074 460 460 I gsensor_mxc6655 5-0015: set sensor poll time to 200ms
06-09 15:36:34.075 460 460 I gsensor_mxc6655 5-0015: sensor on: starting poll sensor data 196ms
06-09 15:36:30.353 851 851 D RILJ : [0610]> SEND_DEVICE_STATE 2:false [PHONE0]
06-09 15:36:30.354 526 526 D RILC : sendDeviceState: calling screen state 1
06-09 15:36:30.354 526 526 D RILC : onRequest: SCREEN_STATE datalen=4 request_value:61
06-09 15:36:30.354 851 1064 D RILJ : [0610]< SEND_DEVICE_STATE [PHONE0]
06-09 15:36:30.355 851 851 D RILJ : [0611]> SET_UNSOLICITED_RESPONSE_FILTER 127 [PHONE0]
06-09 15:36:30.356 851 1064 D RILJ : [0611]< SET_UNSOLICITED_RESPONSE_FILTER error 6 [PHONE0]
06-09 15:36:30.356 851 1064 D RilRequest: [0611]< SET_UNSOLICITED_RESPONSE_FILTER error: com.android.internal.telephony.CommandException: REQUEST_NOT_SUPPORTED ret= result=null
06-09 15:36:30.361 851 851 E RILJ : setSignalStrengthReportingCriteria ignored on IRadio version less than 1.2 [PHONE0]
06-09 15:36:30.361 851 851 E RILJ : setSignalStrengthReportingCriteria ignored on IRadio version less than 1.2 [PHONE0]
06-09 15:36:30.361 851 851 E RILJ : setSignalStrengthReportingCriteria ignored on IRadio version less than 1.2 [PHONE0]
06-09 15:36:30.361 851 851 D NetworkTypeController: [0] LegacyState: process EVENT_PHYSICAL_CHANNEL_CONFIG_NOTIF_CHANGED
06-09 15:36:30.361 851 851 D NetworkTypeController: [0] Remove all timers
06-09 15:36:30.361 851 851 D NetworkTypeController: [0] DefaultState: process EVENT_PHYSICAL_CHANNEL_CONFIG_NOTIF_CHANGED
06-09 15:36:30.361 851 851 D NetworkTypeController: [0] mIsPhysicalChannelConfigOn changed to: true
06-09 15:36:30.368 851 851 D DCT-C-0 : screen on
06-09 15:36:30.368 851 851 D DCT-C-0 : stopNetStatPoll
06-09 15:36:34.076 1 1 W : debug.beidou_leavesuspend wakeup
06-09 15:36:34.110 439 439 W healthd : battery l=50 v=7516 t=34.5 h=1 st=3 c=-512000 fc=9700000 chg=
06-09 15:36:34.137 347 347 I rockchip-vop2 fdd90000.vop: [drm:vop2_crtc_atomic_enable] Update mode to 1536x2048p55, type: 16(if:60) for vp2 dclk: 192000000
06-09 15:36:34.138 347 347 I rockchip-vop2 fdd90000.vop: [drm:vop2_crtc_atomic_enable] dclk_out2 div: 2 dclk_core2 div: 1
06-09 15:36:34.138 347 347 I rockchip-vop2 fdd90000.vop: [drm:vop2_crtc_atomic_enable] set dclk_vop2 to 96000000, get 96000000
06-09 15:36:34.175 460 460 I gsensor_mxc6655 5-0015: set sensor poll time to 66ms
06-09 15:36:34.648 347 347 I dw-mipi-dsi2 fde20000.dsi: [drm:dw_mipi_dsi2_encoder_enable] final DSI-Link bandwidth: 639999 x 8 Kbps
06-09 15:36:35.044 357 357 E rockchip-vop2 fdd90000.vop: [drm:vop2_wait_power_domain_off] *ERROR* wait pd7 off timeout power_ctrl: 0x7a
06-09 15:36:35.647 1 1 I init : processing action (debug.beidou_entersuspend=*) from (/system/etc/init/hw/init.rc:1286)
06-09 15:36:35.648 1 1 W : debug.beidou_entersuspend $PMTK161,0*28\r\n
06-09 15:36:35.651 1 1 I init : starting service 'gps_suspend'...
06-09 15:36:35.687 1 1 I init : Service 'gps_suspend' (pid 15703) exited with status 0 oneshot service took 0.021000 seconds in background
06-09 15:36:35.688 1 1 I init : Sending signal 9 to service 'gps_suspend' (pid 15703) process group...
06-09 15:36:35.688 1 1 I libprocessgroup: Successfully killed process cgroup uid 0 pid 15703 in 0ms
06-09 15:36:36.130 444 444 I gsensor_mxc6655 5-0015: set sensor poll time to 200ms
06-09 15:36:36.136 439 439 W healthd : battery l=50 v=7516 t=34.5 h=1 st=3 c=-1024000 fc=9700000 chg=
06-09 15:36:32.416 851 851 D RILJ : [0612]> SEND_DEVICE_STATE 2:true [PHONE0]
06-09 15:36:32.416 526 526 D RILC : sendDeviceState: calling screen state 0
06-09 15:36:32.417 526 526 D RILC : onRequest: SCREEN_STATE datalen=4 request_value:61
06-09 15:36:32.417 851 851 D RILJ : [0613]> SET_UNSOLICITED_RESPONSE_FILTER 32 [PHONE0]
06-09 15:36:32.417 851 1064 D RILJ : [0612]< SEND_DEVICE_STATE [PHONE0]
06-09 15:36:32.418 851 1064 D RILJ : [0613]< SET_UNSOLICITED_RESPONSE_FILTER error 6 [PHONE0]
06-09 15:36:32.418 851 1064 D RilRequest: [0613]< SET_UNSOLICITED_RESPONSE_FILTER error: com.android.internal.telephony.CommandException: REQUEST_NOT_SUPPORTED ret= result=null
06-09 15:36:32.418 851 851 E RILJ : setSignalStrengthReportingCriteria ignored on IRadio version less than 1.2 [PHONE0]
06-09 15:36:32.418 851 851 E RILJ : setSignalStrengthReportingCriteria ignored on IRadio version less than 1.2 [PHONE0]
06-09 15:36:32.418 851 851 E RILJ : setSignalStrengthReportingCriteria ignored on IRadio version less than 1.2 [PHONE0]
06-09 15:36:32.419 851 851 D NetworkTypeController: [0] LegacyState: process EVENT_PHYSICAL_CHANNEL_CONFIG_NOTIF_CHANGED
06-09 15:36:32.419 851 851 D NetworkTypeController: [0] Remove all timers
06-09 15:36:32.419 851 851 D NetworkTypeController: [0] DefaultState: process EVENT_PHYSICAL_CHANNEL_CONFIG_NOTIF_CHANGED
06-09 15:36:32.419 851 851 D NetworkTypeController: [0] mIsPhysicalChannelConfigOn changed to: false
06-09 15:36:32.419 851 851 D NetworkTypeController: [0] Remove all timers
06-09 15:36:36.498 347 347 I rockchip-vop2 fdd90000.vop: [drm:vop2_crtc_atomic_disable] Crtc atomic disable vp2
06-09 15:36:36.506 347 347 E rockchip-vop2 fdd90000.vop: [drm:vop2_crtc_atomic_disable] *ERROR* unexpected power on pd7
06-09 15:36:32.807 851 851 D DCT-C-0 : screen off
06-09 15:36:32.807 851 851 D DCT-C-0 : stopNetStatPoll
06-09 15:36:36.629 1 1 I init : processing action (debug.beidou_leavesuspend=*) from (/system/etc/init/hw/init.rc:1293)
06-09 15:36:32.912 851 851 D RILJ : [0614]> SEND_DEVICE_STATE 2:false [PHONE0]
06-09 15:36:32.913 851 851 D RILJ : [0615]> SET_UNSOLICITED_RESPONSE_FILTER 127 [PHONE0]
06-09 15:36:32.913 526 526 D RILC : sendDeviceState: calling screen state 1
06-09 15:36:32.913 526 526 D RILC : onRequest: SCREEN_STATE datalen=4 request_value:61
06-09 15:36:32.913 851 1064 D RILJ : [0614]< SEND_DEVICE_STATE [PHONE0]
06-09 15:36:32.913 851 1064 D RILJ : [0615]< SET_UNSOLICITED_RESPONSE_FILTER error 6 [PHONE0]
06-09 15:36:32.913 851 1064 D RilRequest: [0615]< SET_UNSOLICITED_RESPONSE_FILTER error: com.android.internal.telephony.CommandException: REQUEST_NOT_SUPPORTED ret= result=null
06-09 15:36:32.914 851 851 E RILJ : setSignalStrengthReportingCriteria ignored on IRadio version less than 1.2 [PHONE0]
06-09 15:36:32.914 851 851 E RILJ : setSignalStrengthReportingCriteria ignored on IRadio version less than 1.2 [PHONE0]
06-09 15:36:32.914 851 851 E RILJ : setSignalStrengthReportingCriteria ignored on IRadio version less than 1.2 [PHONE0]
06-09 15:36:32.914 851 851 D NetworkTypeController: [0] LegacyState: process EVENT_PHYSICAL_CHANNEL_CONFIG_NOTIF_CHANGED
06-09 15:36:32.914 851 851 D NetworkTypeController: [0] Remove all timers
06-09 15:36:32.914 851 851 D NetworkTypeController: [0] DefaultState: process EVENT_PHYSICAL_CHANNEL_CONFIG_NOTIF_CHANGED
06-09 15:36:32.914 851 851 D NetworkTypeController: [0] mIsPhysicalChannelConfigOn changed to: true
06-09 15:36:36.632 1 1 W : debug.beidou_leavesuspend wakeup
06-09 15:36:36.639 439 439 W healthd : battery l=50 v=7516 t=34.5 h=1 st=3 c=0 fc=9700000 chg=
06-09 15:36:36.639 444 444 I gsensor_mxc6655 5-0015: set sensor poll time to 200ms
06-09 15:36:36.640 444 444 I gsensor_mxc6655 5-0015: sensor on: starting poll sensor data 196ms
06-09 15:36:32.934 851 851 D DCT-C-0 : screen on
06-09 15:36:32.934 851 851 D DCT-C-0 : stopNetStatPoll
06-09 15:36:36.693 347 347 I rockchip-vop2 fdd90000.vop: [drm:vop2_crtc_atomic_enable] Update mode to 1536x2048p55, type: 16(if:60) for vp2 dclk: 192000000
06-09 15:36:36.693 347 347 I rockchip-vop2 fdd90000.vop: [drm:vop2_crtc_atomic_enable] dclk_out2 div: 2 dclk_core2 div: 1
06-09 15:36:36.693 347 347 I rockchip-vop2 fdd90000.vop: [drm:vop2_crtc_atomic_enable] set dclk_vop2 to 96000000, get 96000000
06-09 15:36:32.995 526 549 D RILU : find_pci_device is 0
06-09 15:36:32.995 526 549 D RILC : PCI can't find at device
06-09 15:36:32.995 526 549 D RILC : USB can't find at device
06-09 15:36:36.734 444 444 I gsensor_mxc6655 5-0015: set sensor poll time to 66ms
06-09 15:36:37.201 347 347 I dw-mipi-dsi2 fde20000.dsi: [drm:dw_mipi_dsi2_encoder_enable] final DSI-Link bandwidth: 639999 x 8 Kbps
06-09 15:36:37.297 357 357 E rockchip-vop2 fdd90000.vop: [drm:vop2_wait_power_domain_off] *ERROR* wait pd7 off timeout power_ctrl: 0x7f
06-09 15:36:38.270 1 1 I init : processing action (debug.beidou_entersuspend=*) from (/system/etc/init/hw/init.rc:1286)
06-09 15:36:38.271 1 1 W : debug.beidou_entersuspend $PMTK161,0*28\r\n
06-09 15:36:38.271 1 1 I init : starting service 'gps_suspend'...
06-09 15:36:38.304 1 1 I init : Service 'gps_suspend' (pid 15762) exited with status 0 oneshot service took 0.015000 seconds in background
06-09 15:36:38.304 1 1 I init : Sending signal 9 to service 'gps_suspend' (pid 15762) process group...
06-09 15:36:38.764 444 444 I gsensor_mxc6655 5-0015: set sensor poll time to 200ms
06-09 15:36:38.766 439 439 W healthd : battery l=50 v=7540 t=34.5 h=1 st=3 c=-512000 fc=9700000 chg=
06-09 15:36:35.067 851 851 D RILJ : [0616]> SEND_DEVICE_STATE 2:true [PHONE0]
06-09 15:36:35.067 526 526 D RILC : sendDeviceState: calling screen state 0
06-09 15:36:35.067 526 526 D RILC : onRequest: SCREEN_STATE datalen=4 request_value:61
06-09 15:36:35.068 851 1064 D RILJ : [0616]< SEND_DEVICE_STATE [PHONE0]
06-09 15:36:35.068 851 851 D RILJ : [0617]> SET_UNSOLICITED_RESPONSE_FILTER 32 [PHONE0]
06-09 15:36:35.069 851 851 E RILJ : setSignalStrengthReportingCriteria ignored on IRadio version less than 1.2 [PHONE0]
06-09 15:36:35.069 851 851 E RILJ : setSignalStrengthReportingCriteria ignored on IRadio version less than 1.2 [PHONE0]
06-09 15:36:35.069 851 851 E RILJ : setSignalStrengthReportingCriteria ignored on IRadio version less than 1.2 [PHONE0]
06-09 15:36:35.069 851 851 D NetworkTypeController: [0] LegacyState: process EVENT_PHYSICAL_CHANNEL_CONFIG_NOTIF_CHANGED
06-09 15:36:35.069 851 851 D NetworkTypeController: [0] Remove all timers
06-09 15:36:35.070 851 851 D NetworkTypeController: [0] DefaultState: process EVENT_PHYSICAL_CHANNEL_CONFIG_NOTIF_CHANGED
06-09 15:36:35.070 851 851 D NetworkTypeController: [0] mIsPhysicalChannelConfigOn changed to: false
06-09 15:36:35.070 851 851 D NetworkTypeController: [0] Remove all timers
06-09 15:36:35.073 851 1064 D RILJ : [0617]< SET_UNSOLICITED_RESPONSE_FILTER error 6 [PHONE0]
06-09 15:36:35.073 851 1064 D RilRequest: [0617]< SET_UNSOLICITED_RESPONSE_FILTER error: com.android.internal.telephony.CommandException: REQUEST_NOT_SUPPORTED ret= result=null
06-09 15:36:39.141 347 347 I rockchip-vop2 fdd90000.vop: [drm:vop2_crtc_atomic_disable] Crtc atomic disable vp2
06-09 15:36:39.153 347 347 E rockchip-vop2 fdd90000.vop: [drm:vop2_crtc_atomic_disable] *ERROR* unexpected power on pd7
06-09 15:36:35.469 851 851 D DCT-C-0 : screen off
06-09 15:36:35.469 851 851 D DCT-C-0 : stopNetStatPoll
06-09 15:36:39.274 1 1 W : debug.beidou_leavesuspend wakeup
06-09 15:36:39.281 460 460 I gsensor_mxc6655 5-0015: set sensor poll time to 200ms
06-09 15:36:39.284 460 460 I gsensor_mxc6655 5-0015: sensor on: starting poll sensor data 196ms
06-09 15:36:39.288 439 439 W healthd : battery l=50 v=7540 t=34.5 h=1 st=3 c=-512000 fc=9700000 chg=
06-09 15:36:35.564 851 851 D RILJ : [0618]> SEND_DEVICE_STATE 2:false [PHONE0]
06-09 15:36:35.564 526 526 D RILC : sendDeviceState: calling screen state 1
06-09 15:36:35.564 526 526 D RILC : onRequest: SCREEN_STATE datalen=4 request_value:61
06-09 15:36:35.565 851 1064 D RILJ : [0618]< SEND_DEVICE_STATE [PHONE0]
06-09 15:36:35.568 851 851 D RILJ : [0619]> SET_UNSOLICITED_RESPONSE_FILTER 127 [PHONE0]
06-09 15:36:35.568 851 1064 D RILJ : [0619]< SET_UNSOLICITED_RESPONSE_FILTER error 6 [PHONE0]
06-09 15:36:35.569 851 1064 D RilRequest: [0619]< SET_UNSOLICITED_RESPONSE_FILTER error: com.android.internal.telephony.CommandException: REQUEST_NOT_SUPPORTED ret= result=null
06-09 15:36:35.571 851 851 E RILJ : setSignalStrengthReportingCriteria ignored on IRadio version less than 1.2 [PHONE0]
06-09 15:36:35.571 851 851 E RILJ : setSignalStrengthReportingCriteria ignored on IRadio version less than 1.2 [PHONE0]
06-09 15:36:35.571 851 851 E RILJ : setSignalStrengthReportingCriteria ignored on IRadio version less than 1.2 [PHONE0]
06-09 15:36:35.571 851 851 D NetworkTypeController: [0] LegacyState: process EVENT_PHYSICAL_CHANNEL_CONFIG_NOTIF_CHANGED
06-09 15:36:35.571 851 851 D NetworkTypeController: [0] Remove all timers
06-09 15:36:35.571 851 851 D NetworkTypeController: [0] DefaultState: process EVENT_PHYSICAL_CHANNEL_CONFIG_NOTIF_CHANGED
06-09 15:36:35.571 851 851 D NetworkTypeController: [0] mIsPhysicalChannelConfigOn changed to: true
06-09 15:36:35.583 851 851 D DCT-C-0 : screen on
06-09 15:36:35.583 851 851 D DCT-C-0 : stopNetStatPoll
06-09 15:36:39.339 347 347 I rockchip-vop2 fdd90000.vop: [drm:vop2_crtc_atomic_enable] Update mode to 1536x2048p55, type: 16(if:60) for vp2 dclk: 192000000
06-09 15:36:39.340 347 347 I rockchip-vop2 fdd90000.vop: [drm:vop2_crtc_atomic_enable] dclk_out2 div: 2 dclk_core2 div: 1
06-09 15:36:39.340 347 347 I rockchip-vop2 fdd90000.vop: [drm:vop2_crtc_atomic_enable] set dclk_vop2 to 96000000, get 96000000
06-09 15:36:39.384 460 460 I gsensor_mxc6655 5-0015: set sensor poll time to 66ms
06-09 15:36:35.995 526 549 D RILU : find_pci_device is 0
06-09 15:36:35.996 526 549 D RILC : PCI can't find at device
06-09 15:36:35.997 526 549 D RILC : USB can't find at device
06-09 15:36:39.845 347 347 I dw-mipi-dsi2 fde20000.dsi: [drm:dw_mipi_dsi2_encoder_enable] final DSI-Link bandwidth: 639999 x 8 Kbps
06-09 15:36:40.243 357 357 E rockchip-vop2 fdd90000.vop: [drm:vop2_wait_power_domain_off] *ERROR* wait pd7 off timeout power_ctrl: 0x7a
06-09 15:36:40.802 1 1 I init : processing action (debug.beidou_entersuspend=*) from (/system/etc/init/hw/init.rc:1286)
06-09 15:36:40.803 1 1 W : debug.beidou_entersuspend $PMTK161,0*28\r\n
06-09 15:36:40.803 1 1 I init : starting service 'gps_suspend'...
06-09 15:36:40.826 1 1 I init : Service 'gps_suspend' (pid 15796) exited with status 0 oneshot service took 0.020000 seconds in background
06-09 15:36:40.826 1 1 I init : Sending signal 9 to service 'gps_suspend' (pid 15796) process group...
06-09 15:36:40.826 1 1 I libprocessgroup: Successfully killed process cgroup uid 0 pid 15796 in 0ms
06-09 15:36:41.316 460 460 I gsensor_mxc6655 5-0015: set sensor poll time to 200ms
06-09 15:36:41.335 439 439 W healthd : battery l=50 v=7540 t=34.5 h=1 st=3 c=-1024000 fc=9700000 chg=
06-09 15:36:37.606 851 851 D RILJ : [0620]> SEND_DEVICE_STATE 2:true [PHONE0]
06-09 15:36:37.608 851 851 D RILJ : [0621]> SET_UNSOLICITED_RESPONSE_FILTER 32 [PHONE0]
06-09 15:36:37.609 526 526 D RILC : sendDeviceState: calling screen state 0
06-09 15:36:37.609 526 526 D RILC : onRequest: SCREEN_STATE datalen=4 request_value:61
06-09 15:36:37.609 851 1064 D RILJ : [0620]< SEND_DEVICE_STATE [PHONE0]
06-09 15:36:37.609 851 1064 D RILJ : [0621]< SET_UNSOLICITED_RESPONSE_FILTER error 6 [PHONE0]
06-09 15:36:37.609 851 1064 D RilRequest: [0621]< SET_UNSOLICITED_RESPONSE_FILTER error: com.android.internal.telephony.CommandException: REQUEST_NOT_SUPPORTED ret= result=null
06-09 15:36:37.613 851 851 E RILJ : setSignalStrengthReportingCriteria ignored on IRadio version less than 1.2 [PHONE0]
06-09 15:36:37.613 851 851 E RILJ : setSignalStrengthReportingCriteria ignored on IRadio version less than 1.2 [PHONE0]
06-09 15:36:37.613 851 851 E RILJ : setSignalStrengthReportingCriteria ignored on IRadio version less than 1.2 [PHONE0]
06-09 15:36:37.613 851 851 D NetworkTypeController: [0] LegacyState: process EVENT_PHYSICAL_CHANNEL_CONFIG_NOTIF_CHANGED
06-09 15:36:37.613 851 851 D NetworkTypeController: [0] Remove all timers
06-09 15:36:37.613 851 851 D NetworkTypeController: [0] DefaultState: process EVENT_PHYSICAL_CHANNEL_CONFIG_NOTIF_CHANGED
06-09 15:36:37.614 851 851 D NetworkTypeController: [0] mIsPhysicalChannelConfigOn changed to: false
06-09 15:36:37.614 851 851 D NetworkTypeController: [0] Remove all timers
06-09 15:36:41.678 347 347 I rockchip-vop2 fdd90000.vop: [drm:vop2_crtc_atomic_disable] Crtc atomic disable vp2
06-09 15:36:41.690 347 347 E rockchip-vop2 fdd90000.vop: [drm:vop2_crtc_atomic_disable] *ERROR* unexpected power on pd7
06-09 15:36:38.026 851 851 D DCT-C-0 : screen off
06-09 15:36:38.026 851 851 D DCT-C-0 : stopNetStatPoll
06-09 15:36:42.052 1 1 I init : processing action (debug.beidou_leavesuspend=*) from (/system/etc/init/hw/init.rc:1293)
06-09 15:36:38.338 851 851 D RILJ : [0622]> SEND_DEVICE_STATE 2:false [PHONE0]
06-09 15:36:38.339 526 526 D RILC : sendDeviceState: calling screen state 1
06-09 15:36:38.339 526 526 D RILC : onRequest: SCREEN_STATE datalen=4 request_value:61
06-09 15:36:38.339 851 851 D RILJ : [0623]> SET_UNSOLICITED_RESPONSE_FILTER 127 [PHONE0]
06-09 15:36:38.339 851 1064 D RILJ : [0622]< SEND_DEVICE_STATE [PHONE0]
06-09 15:36:38.340 851 1064 D RILJ : [0623]< SET_UNSOLICITED_RESPONSE_FILTER error 6 [PHONE0]
06-09 15:36:38.340 851 1064 D RilRequest: [0623]< SET_UNSOLICITED_RESPONSE_FILTER error: com.android.internal.telephony.CommandException: REQUEST_NOT_SUPPORTED ret= result=null
06-09 15:36:38.342 851 851 E RILJ : setSignalStrengthReportingCriteria ignored on IRadio version less than 1.2 [PHONE0]
06-09 15:36:38.342 851 851 E RILJ : setSignalStrengthReportingCriteria ignored on IRadio version less than 1.2 [PHONE0]
06-09 15:36:38.342 851 851 E RILJ : setSignalStrengthReportingCriteria ignored on IRadio version less than 1.2 [PHONE0]
06-09 15:36:38.342 851 851 D NetworkTypeController: [0] LegacyState: process EVENT_PHYSICAL_CHANNEL_CONFIG_NOTIF_CHANGED
06-09 15:36:38.342 851 851 D NetworkTypeController: [0] Remove all timers
06-09 15:36:38.342 851 851 D NetworkTypeController: [0] DefaultState: process EVENT_PHYSICAL_CHANNEL_CONFIG_NOTIF_CHANGED
06-09 15:36:38.342 851 851 D NetworkTypeController: [0] mIsPhysicalChannelConfigOn changed to: true
06-09 15:36:42.054 1 1 W : debug.beidou_leavesuspend wakeup
06-09 15:36:42.062 460 460 I gsensor_mxc6655 5-0015: set sensor poll time to 200ms
06-09 15:36:42.064 460 460 I gsensor_mxc6655 5-0015: sensor on: starting poll sensor data 196ms
06-09 15:36:42.075 439 439 W healthd : battery l=50 v=7540 t=34.5 h=1 st=3 c=0 fc=9700000 chg=
06-09 15:36:38.377 851 851 D DCT-C-0 : screen on
06-09 15:36:38.377 851 851 D DCT-C-0 : stopNetStatPoll
06-09 15:36:42.116 347 347 I rockchip-vop2 fdd90000.vop: [drm:vop2_crtc_atomic_enable] Update mode to 1536x2048p55, type: 16(if:60) for vp2 dclk: 192000000
06-09 15:36:42.117 347 347 I rockchip-vop2 fdd90000.vop: [drm:vop2_crtc_atomic_enable] dclk_out2 div: 2 dclk_core2 div: 1
06-09 15:36:42.117 347 347 I rockchip-vop2 fdd90000.vop: [drm:vop2_crtc_atomic_enable] set dclk_vop2 to 96000000, get 96000000
06-09 15:36:42.136 427 427 W : abc audioDBG [es8323_mute] start mute:1
06-09 15:36:42.137 427 427 I [Awinic] [3-0058]aw_acf_get_prof_desc_form_name: get prof desc down
06-09 15:36:42.137 427 427 I [Awinic] [3-005b]aw_acf_get_prof_desc_form_name: get prof desc down
06-09 15:36:42.149 460 460 I gsensor_mxc6655 5-0015: set sensor poll time to 66ms
06-09 15:36:42.178 18417 18417 W : abc audioDBG [es8323_mute] start mute:0
06-09 15:36:42.188 18417 18417 I [Awinic] [3-0058]aw_acf_get_prof_desc_form_name: get prof desc down
06-09 15:36:42.202 18417 18417 I [Awinic] [3-005b]aw_acf_get_prof_desc_form_name: get prof desc down
06-09 15:36:42.628 347 347 I dw-mipi-dsi2 fde20000.dsi: [drm:dw_mipi_dsi2_encoder_enable] final DSI-Link bandwidth: 639999 x 8 Kbps
06-09 15:36:39.000 526 549 D RILU : find_pci_device is 0
06-09 15:36:39.000 526 549 D RILC : PCI can't find at device
06-09 15:36:39.001 526 549 D RILC : USB can't find at device
06-09 15:36:42.725 357 357 E rockchip-vop2 fdd90000.vop: [drm:vop2_wait_power_domain_off] *ERROR* wait pd7 off timeout power_ctrl: 0x7f
06-09 15:36:43.493 427 427 W : abc audioDBG [es8323_mute] start mute:1
06-09 15:36:43.493 427 427 I [Awinic] [3-0058]aw_acf_get_prof_desc_form_name: get prof desc down
06-09 15:36:43.494 427 427 I [Awinic] [3-005b]aw_acf_get_prof_desc_form_name: get prof desc down
06-09 15:36:43.735 1 1 I init : processing action (debug.beidou_entersuspend=*) from (/system/etc/init/hw/init.rc:1286)
06-09 15:36:43.736 1 1 W : debug.beidou_entersuspend $PMTK161,0*28\r\n
06-09 15:36:43.736 1 1 I init : starting service 'gps_suspend'...
06-09 15:36:43.760 1 1 I init : Service 'gps_suspend' (pid 15831) exited with status 0 oneshot service took 0.021000 seconds in background
06-09 15:36:43.760 1 1 I init : Sending signal 9 to service 'gps_suspend' (pid 15831) process group...
06-09 15:36:43.773 18417 18417 W : abc audioDBG [es8323_mute] start mute:0
06-09 15:36:43.783 18417 18417 I [Awinic] [3-0058]aw_acf_get_prof_desc_form_name: get prof desc down
06-09 15:36:43.796 18417 18417 I [Awinic] [3-005b]aw_acf_get_prof_desc_form_name: get prof desc down
06-09 15:36:44.230 439 439 W healthd : battery l=50 v=7530 t=34.5 h=1 st=3 c=-768000 fc=9700000 chg=
06-09 15:36:44.232 444 444 I gsensor_mxc6655 5-0015: set sensor poll time to 200ms
06-09 15:36:40.530 851 851 D RILJ : [0624]> SEND_DEVICE_STATE 2:true [PHONE0]
06-09 15:36:40.530 526 526 D RILC : sendDeviceState: calling screen state 0
06-09 15:36:40.530 526 526 D RILC : onRequest: SCREEN_STATE datalen=4 request_value:61
06-09 15:36:40.531 851 851 D RILJ : [0625]> SET_UNSOLICITED_RESPONSE_FILTER 32 [PHONE0]
06-09 15:36:40.531 851 1064 D RILJ : [0624]< SEND_DEVICE_STATE [PHONE0]
06-09 15:36:40.531 851 1064 D RILJ : [0625]< SET_UNSOLICITED_RESPONSE_FILTER error 6 [PHONE0]
06-09 15:36:40.531 851 1064 D RilRequest: [0625]< SET_UNSOLICITED_RESPONSE_FILTER error: com.android.internal.telephony.CommandException: REQUEST_NOT_SUPPORTED ret= result=null
06-09 15:36:40.531 851 851 E RILJ : setSignalStrengthReportingCriteria ignored on IRadio version less than 1.2 [PHONE0]
06-09 15:36:40.531 851 851 E RILJ : setSignalStrengthReportingCriteria ignored on IRadio version less than 1.2 [PHONE0]
06-09 15:36:40.531 851 851 E RILJ : setSignalStrengthReportingCriteria ignored on IRadio version less than 1.2 [PHONE0]
06-09 15:36:40.531 851 851 D NetworkTypeController: [0] LegacyState: process EVENT_PHYSICAL_CHANNEL_CONFIG_NOTIF_CHANGED
06-09 15:36:40.531 851 851 D NetworkTypeController: [0] Remove all timers
06-09 15:36:40.531 851 851 D NetworkTypeController: [0] DefaultState: process EVENT_PHYSICAL_CHANNEL_CONFIG_NOTIF_CHANGED
06-09 15:36:40.531 851 851 D NetworkTypeController: [0] mIsPhysicalChannelConfigOn changed to: false
06-09 15:36:40.531 851 851 D NetworkTypeController: [0] Remove all timers
06-09 15:36:44.602 360 360 I rockchip-vop2 fdd90000.vop: [drm:vop2_crtc_atomic_disable] Crtc atomic disable vp2
06-09 15:36:44.613 360 360 E rockchip-vop2 fdd90000.vop: [drm:vop2_crtc_atomic_disable] *ERROR* unexpected power on pd7
06-09 15:36:40.947 851 851 D DCT-C-0 : screen off
06-09 15:36:40.947 851 851 D DCT-C-0 : stopNetStatPoll
06-09 15:36:41.087 851 851 D RILJ : [0626]> SEND_DEVICE_STATE 2:false [PHONE0]
06-09 15:36:41.088 526 526 D RILC : sendDeviceState: calling screen state 1
06-09 15:36:41.088 526 526 D RILC : onRequest: SCREEN_STATE datalen=4 request_value:61
06-09 15:36:41.088 851 1064 D RILJ : [0626]< SEND_DEVICE_STATE [PHONE0]
06-09 15:36:41.090 851 851 D RILJ : [0627]> SET_UNSOLICITED_RESPONSE_FILTER 127 [PHONE0]
06-09 15:36:44.803 1 1 W : debug.beidou_leavesuspend wakeup
06-09 15:36:41.090 851 1064 D RILJ : [0627]< SET_UNSOLICITED_RESPONSE_FILTER error 6 [PHONE0]
06-09 15:36:44.811 444 444 I gsensor_mxc6655 5-0015: set sensor poll time to 200ms
06-09 15:36:44.813 444 444 I gsensor_mxc6655 5-0015: sensor on: starting poll sensor data 196ms
06-09 15:36:44.814 439 439 W healthd : battery l=50 v=7530 t=34.5 h=1 st=3 c=-768000 fc=9700000 chg=
06-09 15:36:41.090 851 1064 D RilRequest: [0627]< SET_UNSOLICITED_RESPONSE_FILTER error: com.android.internal.telephony.CommandException: REQUEST_NOT_SUPPORTED ret= result=null
06-09 15:36:41.090 851 851 E RILJ : setSignalStrengthReportingCriteria ignored on IRadio version less than 1.2 [PHONE0]
06-09 15:36:41.090 851 851 E RILJ : setSignalStrengthReportingCriteria ignored on IRadio version less than 1.2 [PHONE0]
06-09 15:36:41.090 851 851 E RILJ : setSignalStrengthReportingCriteria ignored on IRadio version less than 1.2 [PHONE0]
06-09 15:36:41.090 851 851 D NetworkTypeController: [0] LegacyState: process EVENT_PHYSICAL_CHANNEL_CONFIG_NOTIF_CHANGED
06-09 15:36:41.091 851 851 D NetworkTypeController: [0] Remove all timers
06-09 15:36:41.091 851 851 D NetworkTypeController: [0] DefaultState: process EVENT_PHYSICAL_CHANNEL_CONFIG_NOTIF_CHANGED
06-09 15:36:41.091 851 851 D NetworkTypeController: [0] mIsPhysicalChannelConfigOn changed to: true
06-09 15:36:41.107 851 851 D DCT-C-0 : screen on
06-09 15:36:41.107 851 851 D DCT-C-0 : stopNetStatPoll
06-09 15:36:44.861 444 444 I gsensor_mxc6655 5-0015: set sensor poll time to 66ms
06-09 15:36:44.869 360 360 I rockchip-vop2 fdd90000.vop: [drm:vop2_crtc_atomic_enable] Update mode to 1536x2048p55, type: 16(if:60) for vp2 dclk: 192000000
06-09 15:36:44.869 360 360 I rockchip-vop2 fdd90000.vop: [drm:vop2_crtc_atomic_enable] dclk_out2 div: 2 dclk_core2 div: 1
06-09 15:36:44.869 360 360 I rockchip-vop2 fdd90000.vop: [drm:vop2_crtc_atomic_enable] set dclk_vop2 to 96000000, get 96000000
06-09 15:36:45.375 360 360 I dw-mipi-dsi2 fde20000.dsi: [drm:dw_mipi_dsi2_encoder_enable] final DSI-Link bandwidth: 639999 x 8 Kbps
06-09 15:36:42.001 526 549 D RILU : find_pci_device is 0
06-09 15:36:42.001 526 549 D RILC : PCI can't find at device
06-09 15:36:42.002 526 549 D RILC : USB can't find at device
06-09 15:36:45.735 357 357 E rockchip-vop2 fdd90000.vop: [drm:vop2_wait_power_domain_off] *ERROR* wait pd7 off timeout power_ctrl: 0x7a
06-09 15:36:46.185 544 544 W : abc audioDBG [es8323_mute] start mute:1
06-09 15:36:46.186 544 544 I [Awinic] [3-0058]aw_acf_get_prof_desc_form_name: get prof desc down
06-09 15:36:46.186 544 544 I [Awinic] [3-005b]aw_acf_get_prof_desc_form_name: get prof desc down
06-09 15:36:46.569 1 1 I init : processing action (debug.beidou_entersuspend=*) from (/system/etc/init/hw/init.rc:1286)
06-09 15:36:46.570 1 1 W : debug.beidou_entersuspend $PMTK161,0*28\r\n
06-09 15:36:46.571 1 1 I init : starting service 'gps_suspend'...
06-09 15:36:46.591 1 1 I init : Service 'gps_suspend' (pid 15865) exited with status 0 oneshot service took 0.014000 seconds in background
06-09 15:36:46.591 1 1 I init : Sending signal 9 to service 'gps_suspend' (pid 15865) process group...
06-09 15:36:46.591 1 1 I libprocessgroup: Successfully killed process cgroup uid 0 pid 15865 in 0ms
06-09 15:36:46.606 18417 18417 W : abc audioDBG [es8323_mute] start mute:0
06-09 15:36:46.616 18417 18417 I [Awinic] [3-0058]aw_acf_get_prof_desc_form_name: get prof desc down
06-09 15:36:46.630 18417 18417 I [Awinic] [3-005b]aw_acf_get_prof_desc_form_name: get prof desc down
06-09 15:36:47.057 460 460 I gsensor_mxc6655 5-0015: set sensor poll time to 200ms
06-09 15:36:47.080 439 439 W healthd : battery l=50 v=7530 t=34.5 h=1 st=3 c=-512000 fc=9700000 chg=
06-09 15:36:43.369 851 851 D RILJ : [0628]> SEND_DEVICE_STATE 2:true [PHONE0]
06-09 15:36:43.370 526 526 D RILC : sendDeviceState: calling screen state 0
06-09 15:36:43.370 526 526 D RILC : onRequest: SCREEN_STATE datalen=4 request_value:61
06-09 15:36:43.371 851 1064 D RILJ : [0628]< SEND_DEVICE_STATE [PHONE0]
06-09 15:36:43.371 851 851 D RILJ : [0629]> SET_UNSOLICITED_RESPONSE_FILTER 32 [PHONE0]
06-09 15:36:43.371 851 1064 D RILJ : [0629]< SET_UNSOLICITED_RESPONSE_FILTER error 6 [PHONE0]
06-09 15:36:43.372 851 1064 D RilRequest: [0629]< SET_UNSOLICITED_RESPONSE_FILTER error: com.android.internal.telephony.CommandException: REQUEST_NOT_SUPPORTED ret= result=null
06-09 15:36:43.373 851 851 E RILJ : setSignalStrengthReportingCriteria ignored on IRadio version less than 1.2 [PHONE0]
06-09 15:36:43.373 851 851 E RILJ : setSignalStrengthReportingCriteria ignored on IRadio version less than 1.2 [PHONE0]
06-09 15:36:43.373 851 851 E RILJ : setSignalStrengthReportingCriteria ignored on IRadio version less than 1.2 [PHONE0]
06-09 15:36:43.374 851 851 D NetworkTypeController: [0] LegacyState: process EVENT_PHYSICAL_CHANNEL_CONFIG_NOTIF_CHANGED
06-09 15:36:43.374 851 851 D NetworkTypeController: [0] Remove all timers
06-09 15:36:43.374 851 851 D NetworkTypeController: [0] DefaultState: process EVENT_PHYSICAL_CHANNEL_CONFIG_NOTIF_CHANGED
06-09 15:36:43.374 851 851 D NetworkTypeController: [0] mIsPhysicalChannelConfigOn changed to: false
06-09 15:36:43.374 851 851 D NetworkTypeController: [0] Remove all timers
06-09 15:36:47.408 360 360 I rockchip-vop2 fdd90000.vop: [drm:vop2_crtc_atomic_disable] Crtc atomic disable vp2
06-09 15:36:47.420 360 360 E rockchip-vop2 fdd90000.vop: [drm:vop2_crtc_atomic_disable] *ERROR* unexpected power on pd7
06-09 15:36:43.745 851 851 D DCT-C-0 : screen off
06-09 15:36:43.745 851 851 D DCT-C-0 : stopNetStatPoll
06-09 15:36:47.953 544 544 W : abc audioDBG [es8323_mute] start mute:1
06-09 15:36:47.953 544 544 I [Awinic] [3-0058]aw_acf_get_prof_desc_form_name: get prof desc down
06-09 15:36:47.954 544 544 I [Awinic] [3-005b]aw_acf_get_prof_desc_form_name: get prof desc down
06-09 15:36:48.438 1 1 I init : processing action (debug.beidou_leavesuspend=*) from (/system/etc/init/hw/init.rc:1293)
06-09 15:36:48.440 1 1 W : debug.beidou_leavesuspend wakeup
06-09 15:36:48.447 460 460 I gsensor_mxc6655 5-0015: set sensor poll time to 200ms
06-09 15:36:48.450 460 460 I gsensor_mxc6655 5-0015: sensor on: starting poll sensor data 196ms
06-09 15:36:44.728 851 851 D RILJ : [0630]> SEND_DEVICE_STATE 2:false [PHONE0]
06-09 15:36:44.728 526 526 D RILC : sendDeviceState: calling screen state 1
06-09 15:36:44.728 526 526 D RILC : onRequest: SCREEN_STATE datalen=4 request_value:61
06-09 15:36:44.728 851 1064 D RILJ : [0630]< SEND_DEVICE_STATE [PHONE0]
06-09 15:36:44.729 851 851 D RILJ : [0631]> SET_UNSOLICITED_RESPONSE_FILTER 127 [PHONE0]
06-09 15:36:44.730 851 1064 D RILJ : [0631]< SET_UNSOLICITED_RESPONSE_FILTER error 6 [PHONE0]
06-09 15:36:44.730 851 1064 D RilRequest: [0631]< SET_UNSOLICITED_RESPONSE_FILTER error: com.android.internal.telephony.CommandException: REQUEST_NOT_SUPPORTED ret= result=null
06-09 15:36:44.732 851 851 E RILJ : setSignalStrengthReportingCriteria ignored on IRadio version less than 1.2 [PHONE0]
06-09 15:36:44.733 851 851 E RILJ : setSignalStrengthReportingCriteria ignored on IRadio version less than 1.2 [PHONE0]
06-09 15:36:44.733 851 851 E RILJ : setSignalStrengthReportingCriteria ignored on IRadio version less than 1.2 [PHONE0]
06-09 15:36:44.733 851 851 D NetworkTypeController: [0] LegacyState: process EVENT_PHYSICAL_CHANNEL_CONFIG_NOTIF_CHANGED
06-09 15:36:44.733 851 851 D NetworkTypeController: [0] Remove all timers
06-09 15:36:44.733 851 851 D NetworkTypeController: [0] DefaultState: process EVENT_PHYSICAL_CHANNEL_CONFIG_NOTIF_CHANGED
06-09 15:36:44.733 851 851 D NetworkTypeController: [0] mIsPhysicalChannelConfigOn changed to: true
06-09 15:36:44.746 851 851 D DCT-C-0 : screen on
06-09 15:36:44.746 851 851 D DCT-C-0 : stopNetStatPoll
06-09 15:36:48.479 439 439 W healthd : battery l=50 v=7530 t=34.5 h=1 st=3 c=0 fc=9700000 chg=
06-09 15:36:48.510 360 360 I rockchip-vop2 fdd90000.vop: [drm:vop2_crtc_atomic_enable] Update mode to 1536x2048p55, type: 16(if:60) for vp2 dclk: 192000000
06-09 15:36:48.511 360 360 I rockchip-vop2 fdd90000.vop: [drm:vop2_crtc_atomic_enable] dclk_out2 div: 2 dclk_core2 div: 1
06-09 15:36:48.511 360 360 I rockchip-vop2 fdd90000.vop: [drm:vop2_crtc_atomic_enable] set dclk_vop2 to 96000000, get 96000000
06-09 15:36:48.523 460 460 I gsensor_mxc6655 5-0015: set sensor poll time to 66ms
06-09 15:36:45.002 526 549 D RILU : find_pci_device is 0
06-09 15:36:45.002 526 549 D RILC : PCI can't find at device
06-09 15:36:45.004 526 549 D RILC : USB can't find at device
06-09 15:36:49.018 360 360 I dw-mipi-dsi2 fde20000.dsi: [drm:dw_mipi_dsi2_encoder_enable] final DSI-Link bandwidth: 639999 x 8 Kbps
06-09 15:36:49.113 357 357 E rockchip-vop2 fdd90000.vop: [drm:vop2_wait_power_domain_off] *ERROR* wait pd7 off timeout power_ctrl: 0x7f
06-09 15:36:49.979 18417 18417 W : abc audioDBG [es8323_mute] start mute:0
06-09 15:36:49.989 18417 18417 I [Awinic] [3-0058]aw_acf_get_prof_desc_form_name: get prof desc down
06-09 15:36:50.004 18417 18417 I [Awinic] [3-005b]aw_acf_get_prof_desc_form_name: get prof desc down
06-09 15:36:50.692 1 1 I init : processing action (debug.beidou_entersuspend=*) from (/system/etc/init/hw/init.rc:1286)
06-09 15:36:50.693 1 1 W : debug.beidou_entersuspend $PMTK161,0*28\r\n
06-09 15:36:50.694 1 1 I init : starting service 'gps_suspend'...
06-09 15:36:50.721 1 1 I init : Service 'gps_suspend' (pid 15927) exited with status 0 oneshot service took 0.024000 seconds in background
06-09 15:36:50.721 1 1 I init : Sending signal 9 to service 'gps_suspend' (pid 15927) process group...
06-09 15:36:51.231 460 460 I gsensor_mxc6655 5-0015: set sensor poll time to 200ms
06-09 15:36:51.248 439 439 W healthd : battery l=50 v=7580 t=33.5 h=1 st=3 c=-768000 fc=9700000 chg=
06-09 15:36:47.544 851 851 D RILJ : [0632]> SEND_DEVICE_STATE 2:true [PHONE0]
06-09 15:36:47.544 526 526 D RILC : sendDeviceState: calling screen state 0
06-09 15:36:47.544 526 526 D RILC : onRequest: SCREEN_STATE datalen=4 request_value:61
06-09 15:36:47.545 851 1064 D RILJ : [0632]< SEND_DEVICE_STATE [PHONE0]
06-09 15:36:47.545 851 851 D RILJ : [0633]> SET_UNSOLICITED_RESPONSE_FILTER 32 [PHONE0]
06-09 15:36:47.546 851 1064 D RILJ : [0633]< SET_UNSOLICITED_RESPONSE_FILTER error 6 [PHONE0]
06-09 15:36:47.546 851 1064 D RilRequest: [0633]< SET_UNSOLICITED_RESPONSE_FILTER error: com.android.internal.telephony.CommandException: REQUEST_NOT_SUPPORTED ret= result=null
06-09 15:36:47.547 851 851 E RILJ : setSignalStrengthReportingCriteria ignored on IRadio version less than 1.2 [PHONE0]
06-09 15:36:47.547 851 851 E RILJ : setSignalStrengthReportingCriteria ignored on IRadio version less than 1.2 [PHONE0]
06-09 15:36:47.547 851 851 E RILJ : setSignalStrengthReportingCriteria ignored on IRadio version less than 1.2 [PHONE0]
06-09 15:36:47.547 851 851 D NetworkTypeController: [0] LegacyState: process EVENT_PHYSICAL_CHANNEL_CONFIG_NOTIF_CHANGED
06-09 15:36:47.547 851 851 D NetworkTypeController: [0] Remove all timers
06-09 15:36:47.547 851 851 D NetworkTypeController: [0] DefaultState: process EVENT_PHYSICAL_CHANNEL_CONFIG_NOTIF_CHANGED
06-09 15:36:47.547 851 851 D NetworkTypeController: [0] mIsPhysicalChannelConfigOn changed to: false
06-09 15:36:47.547 851 851 D NetworkTypeController: [0] Remove all timers
06-09 15:36:51.595 360 360 I rockchip-vop2 fdd90000.vop: [drm:vop2_crtc_atomic_disable] Crtc atomic disable vp2
06-09 15:36:51.608 360 360 E rockchip-vop2 fdd90000.vop: [drm:vop2_crtc_atomic_disable] *ERROR* unexpected power on pd7
06-09 15:36:47.950 851 851 D DCT-C-0 : screen off
06-09 15:36:47.951 851 851 D DCT-C-0 : stopNetStatPoll
