06-09 15:34:08.163 851 851 D NetworkTypeController: [0] mIsPhysicalChannelConfigOn changed to: true
06-09 15:34:11.886 444 444 I gsensor_mxc6655 5-0015: set sensor poll time to 200ms
06-09 15:34:11.887 444 444 I gsensor_mxc6655 5-0015: sensor on: starting poll sensor data 196ms
06-09 15:34:08.182 851 851 D DCT-C-0 : screen on
06-09 15:34:08.182 851 851 D DCT-C-0 : stopNetStatPoll
06-09 15:34:11.936 347 347 I rockchip-vop2 fdd90000.vop: [drm:vop2_crtc_atomic_enable] Update mode to 1536x2048p55, type: 16(if:60) for vp2 dclk: 192000000
06-09 15:34:11.937 347 347 I rockchip-vop2 fdd90000.vop: [drm:vop2_crtc_atomic_enable] dclk_out2 div: 2 dclk_core2 div: 1
06-09 15:34:11.937 347 347 I rockchip-vop2 fdd90000.vop: [drm:vop2_crtc_atomic_enable] set dclk_vop2 to 96000000, get 96000000
06-09 15:34:11.965 18417 18417 W : abc audioDBG [es8323_mute] start mute:0
06-09 15:34:11.975 18417 18417 I [Awinic] [3-0058]aw_acf_get_prof_desc_form_name: get prof desc down
06-09 15:34:11.989 18417 18417 I [Awinic] [3-005b]aw_acf_get_prof_desc_form_name: get prof desc down
06-09 15:34:12.001 444 444 I gsensor_mxc6655 5-0015: set sensor poll time to 66ms
06-09 15:34:12.448 347 347 I dw-mipi-dsi2 fde20000.dsi: [drm:dw_mipi_dsi2_encoder_enable] final DSI-Link bandwidth: 639999 x 8 Kbps
06-09 15:34:08.832 526 549 D RILU : find_pci_device is 0
06-09 15:34:08.832 526 549 D RILC : PCI can't find at device
06-09 15:34:08.837 526 549 D RILC : USB can't find at device
06-09 15:34:12.820 357 357 E rockchip-vop2 fdd90000.vop: [drm:vop2_wait_power_domain_off] *ERROR* wait pd7 off timeout power_ctrl: 0x7a
06-09 15:34:13.243 1 1 I init : processing action (debug.beidou_entersuspend=*) from (/system/etc/init/hw/init.rc:1286)
06-09 15:34:13.244 1 1 W : debug.beidou_entersuspend $PMTK161,0*28\r\n
06-09 15:34:13.244 1 1 I init : starting service 'gps_suspend'...
06-09 15:34:13.253 1 1 I init : Service 'gps_suspend' (pid 13717) exited with status 0 oneshot service took 0.006000 seconds in background
06-09 15:34:13.253 1 1 I init : Sending signal 9 to service 'gps_suspend' (pid 13717) process group...
06-09 15:34:13.253 1 1 I libprocessgroup: Successfully killed process cgroup uid 0 pid 13717 in 0ms
06-09 15:34:13.778 460 460 I gsensor_mxc6655 5-0015: set sensor poll time to 200ms
06-09 15:34:10.071 851 851 D RILJ : [0467]> SEND_DEVICE_STATE 2:true [PHONE0]
06-09 15:34:10.072 526 526 D RILC : sendDeviceState: calling screen state 0
06-09 15:34:10.072 526 526 D RILC : onRequest: SCREEN_STATE datalen=4 request_value:61
06-09 15:34:10.073 851 1064 D RILJ : [0467]< SEND_DEVICE_STATE [PHONE0]
06-09 15:34:10.075 851 851 D RILJ : [0468]> SET_UNSOLICITED_RESPONSE_FILTER 32 [PHONE0]
06-09 15:34:10.076 851 1064 D RILJ : [0468]< SET_UNSOLICITED_RESPONSE_FILTER error 6 [PHONE0]
06-09 15:34:10.076 851 1064 D RilRequest: [0468]< SET_UNSOLICITED_RESPONSE_FILTER error: com.android.internal.telephony.CommandException: REQUEST_NOT_SUPPORTED ret= result=null
06-09 15:34:10.079 851 851 E RILJ : setSignalStrengthReportingCriteria ignored on IRadio version less than 1.2 [PHONE0]
06-09 15:34:10.079 851 851 E RILJ : setSignalStrengthReportingCriteria ignored on IRadio version less than 1.2 [PHONE0]
06-09 15:34:10.079 851 851 E RILJ : setSignalStrengthReportingCriteria ignored on IRadio version less than 1.2 [PHONE0]
06-09 15:34:10.079 851 851 D NetworkTypeController: [0] LegacyState: process EVENT_PHYSICAL_CHANNEL_CONFIG_NOTIF_CHANGED
06-09 15:34:10.079 851 851 D NetworkTypeController: [0] Remove all timers
06-09 15:34:10.080 851 851 D NetworkTypeController: [0] DefaultState: process EVENT_PHYSICAL_CHANNEL_CONFIG_NOTIF_CHANGED
06-09 15:34:10.080 851 851 D NetworkTypeController: [0] mIsPhysicalChannelConfigOn changed to: false
06-09 15:34:10.080 851 851 D NetworkTypeController: [0] Remove all timers
06-09 15:34:13.816 439 439 W healthd : battery l=51 v=7606 t=33.5 h=1 st=3 c=-512000 fc=9700000 chg=
06-09 15:34:14.131 347 347 I rockchip-vop2 fdd90000.vop: [drm:vop2_crtc_atomic_disable] Crtc atomic disable vp2
06-09 15:34:14.141 347 347 E rockchip-vop2 fdd90000.vop: [drm:vop2_crtc_atomic_disable] *ERROR* unexpected power on pd7
06-09 15:34:10.447 851 851 D DCT-C-0 : screen off
06-09 15:34:10.447 851 851 D DCT-C-0 : stopNetStatPoll
06-09 15:34:14.286 1 1 I init : processing action (debug.beidou_leavesuspend=*) from (/system/etc/init/hw/init.rc:1293)
06-09 15:34:14.286 1 1 W : debug.beidou_leavesuspend wakeup
06-09 15:34:14.290 444 444 I gsensor_mxc6655 5-0015: set sensor poll time to 200ms
06-09 15:34:14.291 444 444 I gsensor_mxc6655 5-0015: sensor on: starting poll sensor data 196ms
06-09 15:34:10.575 851 851 D RILJ : [0469]> SEND_DEVICE_STATE 2:false [PHONE0]
06-09 15:34:10.576 526 526 D RILC : sendDeviceState: calling screen state 1
06-09 15:34:10.576 526 526 D RILC : onRequest: SCREEN_STATE datalen=4 request_value:61
06-09 15:34:10.576 851 1064 D RILJ : [0469]< SEND_DEVICE_STATE [PHONE0]
06-09 15:34:10.577 851 851 D RILJ : [0470]> SET_UNSOLICITED_RESPONSE_FILTER 127 [PHONE0]
06-09 15:34:10.577 851 1064 D RILJ : [0470]< SET_UNSOLICITED_RESPONSE_FILTER error 6 [PHONE0]
06-09 15:34:10.577 851 1064 D RilRequest: [0470]< SET_UNSOLICITED_RESPONSE_FILTER error: com.android.internal.telephony.CommandException: REQUEST_NOT_SUPPORTED ret= result=null
06-09 15:34:10.578 851 851 E RILJ : setSignalStrengthReportingCriteria ignored on IRadio version less than 1.2 [PHONE0]
06-09 15:34:10.578 851 851 E RILJ : setSignalStrengthReportingCriteria ignored on IRadio version less than 1.2 [PHONE0]
06-09 15:34:10.578 851 851 E RILJ : setSignalStrengthReportingCriteria ignored on IRadio version less than 1.2 [PHONE0]
06-09 15:34:10.578 851 851 D NetworkTypeController: [0] LegacyState: process EVENT_PHYSICAL_CHANNEL_CONFIG_NOTIF_CHANGED
06-09 15:34:10.579 851 851 D NetworkTypeController: [0] Remove all timers
06-09 15:34:10.579 851 851 D NetworkTypeController: [0] DefaultState: process EVENT_PHYSICAL_CHANNEL_CONFIG_NOTIF_CHANGED
06-09 15:34:10.579 851 851 D NetworkTypeController: [0] mIsPhysicalChannelConfigOn changed to: true
06-09 15:34:14.314 439 439 W healthd : battery l=51 v=7606 t=33.5 h=1 st=3 c=-256000 fc=9700000 chg=
06-09 15:34:10.592 851 851 D DCT-C-0 : screen on
06-09 15:34:10.592 851 851 D DCT-C-0 : stopNetStatPoll
06-09 15:34:14.356 347 347 I rockchip-vop2 fdd90000.vop: [drm:vop2_crtc_atomic_enable] Update mode to 1536x2048p55, type: 16(if:60) for vp2 dclk: 192000000
06-09 15:34:14.357 347 347 I rockchip-vop2 fdd90000.vop: [drm:vop2_crtc_atomic_enable] dclk_out2 div: 2 dclk_core2 div: 1
06-09 15:34:14.357 347 347 I rockchip-vop2 fdd90000.vop: [drm:vop2_crtc_atomic_enable] set dclk_vop2 to 96000000, get 96000000
06-09 15:34:14.376 444 444 I gsensor_mxc6655 5-0015: set sensor poll time to 66ms
06-09 15:34:14.865 347 347 I dw-mipi-dsi2 fde20000.dsi: [drm:dw_mipi_dsi2_encoder_enable] final DSI-Link bandwidth: 639999 x 8 Kbps
06-09 15:34:15.278 357 357 E rockchip-vop2 fdd90000.vop: [drm:vop2_wait_power_domain_off] *ERROR* wait pd7 off timeout power_ctrl: 0x7a
06-09 15:34:11.837 526 549 D RILU : find_pci_device is 0
06-09 15:34:11.837 526 549 D RILC : PCI can't find at device
06-09 15:34:11.840 526 549 D RILC : USB can't find at device
06-09 15:34:15.868 1 1 I init : processing action (debug.beidou_entersuspend=*) from (/system/etc/init/hw/init.rc:1286)
06-09 15:34:15.869 1 1 W : debug.beidou_entersuspend $PMTK161,0*28\r\n
06-09 15:34:15.870 1 1 I init : starting service 'gps_suspend'...
06-09 15:34:15.885 1 1 I init : Service 'gps_suspend' (pid 13751) exited with status 0 oneshot service took 0.008000 seconds in background
06-09 15:34:16.369 444 444 I gsensor_mxc6655 5-0015: set sensor poll time to 200ms
06-09 15:34:16.384 439 439 W healthd : battery l=51 v=7512 t=33.5 h=1 st=3 c=-512000 fc=9700000 chg=
06-09 15:34:12.661 851 851 D RILJ : [0471]> SEND_DEVICE_STATE 2:true [PHONE0]
06-09 15:34:12.661 526 526 D RILC : sendDeviceState: calling screen state 0
06-09 15:34:12.661 851 851 D RILJ : [0472]> SET_UNSOLICITED_RESPONSE_FILTER 32 [PHONE0]
06-09 15:34:12.661 526 526 D RILC : onRequest: SCREEN_STATE datalen=4 request_value:61
06-09 15:34:12.662 851 1064 D RILJ : [0471]< SEND_DEVICE_STATE [PHONE0]
06-09 15:34:12.662 851 1064 D RILJ : [0472]< SET_UNSOLICITED_RESPONSE_FILTER error 6 [PHONE0]
06-09 15:34:12.662 851 1064 D RilRequest: [0472]< SET_UNSOLICITED_RESPONSE_FILTER error: com.android.internal.telephony.CommandException: REQUEST_NOT_SUPPORTED ret= result=null
06-09 15:34:12.662 851 851 E RILJ : setSignalStrengthReportingCriteria ignored on IRadio version less than 1.2 [PHONE0]
06-09 15:34:12.662 851 851 E RILJ : setSignalStrengthReportingCriteria ignored on IRadio version less than 1.2 [PHONE0]
06-09 15:34:12.662 851 851 E RILJ : setSignalStrengthReportingCriteria ignored on IRadio version less than 1.2 [PHONE0]
06-09 15:34:12.662 851 851 D NetworkTypeController: [0] LegacyState: process EVENT_PHYSICAL_CHANNEL_CONFIG_NOTIF_CHANGED
06-09 15:34:12.662 851 851 D NetworkTypeController: [0] Remove all timers
06-09 15:34:12.662 851 851 D NetworkTypeController: [0] DefaultState: process EVENT_PHYSICAL_CHANNEL_CONFIG_NOTIF_CHANGED
06-09 15:34:12.662 851 851 D NetworkTypeController: [0] mIsPhysicalChannelConfigOn changed to: false
06-09 15:34:12.662 851 851 D NetworkTypeController: [0] Remove all timers
06-09 15:34:16.715 347 347 I rockchip-vop2 fdd90000.vop: [drm:vop2_crtc_atomic_disable] Crtc atomic disable vp2
06-09 15:34:16.726 347 347 E rockchip-vop2 fdd90000.vop: [drm:vop2_crtc_atomic_disable] *ERROR* unexpected power on pd7
06-09 15:34:13.029 851 851 D DCT-C-0 : screen off
06-09 15:34:13.029 851 851 D DCT-C-0 : stopNetStatPoll
06-09 15:34:16.864 1 1 I init : processing action (debug.beidou_leavesuspend=*) from (/system/etc/init/hw/init.rc:1293)
06-09 15:34:16.866 1 1 W : debug.beidou_leavesuspend wakeup
06-09 15:34:16.880 439 439 W healthd : battery l=51 v=7512 t=33.5 h=1 st=3 c=-512000 fc=9700000 chg=
06-09 15:34:16.885 444 444 I gsensor_mxc6655 5-0015: set sensor poll time to 200ms
06-09 15:34:16.886 444 444 I gsensor_mxc6655 5-0015: sensor on: starting poll sensor data 196ms
06-09 15:34:13.165 851 851 D RILJ : [0473]> SEND_DEVICE_STATE 2:false [PHONE0]
06-09 15:34:13.165 526 526 D RILC : sendDeviceState: calling screen state 1
06-09 15:34:13.165 526 526 D RILC : onRequest: SCREEN_STATE datalen=4 request_value:61
06-09 15:34:13.165 851 1064 D RILJ : [0473]< SEND_DEVICE_STATE [PHONE0]
06-09 15:34:13.166 851 851 D RILJ : [0474]> SET_UNSOLICITED_RESPONSE_FILTER 127 [PHONE0]
06-09 15:34:13.167 851 851 E RILJ : setSignalStrengthReportingCriteria ignored on IRadio version less than 1.2 [PHONE0]
06-09 15:34:13.167 851 851 E RILJ : setSignalStrengthReportingCriteria ignored on IRadio version less than 1.2 [PHONE0]
06-09 15:34:13.167 851 1064 D RILJ : [0474]< SET_UNSOLICITED_RESPONSE_FILTER error 6 [PHONE0]
06-09 15:34:13.167 851 1064 D RilRequest: [0474]< SET_UNSOLICITED_RESPONSE_FILTER error: com.android.internal.telephony.CommandException: REQUEST_NOT_SUPPORTED ret= result=null
06-09 15:34:13.167 851 851 E RILJ : setSignalStrengthReportingCriteria ignored on IRadio version less than 1.2 [PHONE0]
06-09 15:34:13.167 851 851 D NetworkTypeController: [0] LegacyState: process EVENT_PHYSICAL_CHANNEL_CONFIG_NOTIF_CHANGED
06-09 15:34:13.168 851 851 D NetworkTypeController: [0] Remove all timers
06-09 15:34:13.168 851 851 D NetworkTypeController: [0] DefaultState: process EVENT_PHYSICAL_CHANNEL_CONFIG_NOTIF_CHANGED
06-09 15:34:13.168 851 851 D NetworkTypeController: [0] mIsPhysicalChannelConfigOn changed to: true
06-09 15:34:13.179 851 851 D DCT-C-0 : screen on
06-09 15:34:13.179 851 851 D DCT-C-0 : stopNetStatPoll
06-09 15:34:16.946 347 347 I rockchip-vop2 fdd90000.vop: [drm:vop2_crtc_atomic_enable] Update mode to 1536x2048p55, type: 16(if:60) for vp2 dclk: 192000000
06-09 15:34:16.947 347 347 I rockchip-vop2 fdd90000.vop: [drm:vop2_crtc_atomic_enable] dclk_out2 div: 2 dclk_core2 div: 1
06-09 15:34:16.947 347 347 I rockchip-vop2 fdd90000.vop: [drm:vop2_crtc_atomic_enable] set dclk_vop2 to 96000000, get 96000000
06-09 15:34:17.026 444 444 I gsensor_mxc6655 5-0015: set sensor poll time to 66ms
06-09 15:34:17.455 347 347 I dw-mipi-dsi2 fde20000.dsi: [drm:dw_mipi_dsi2_encoder_enable] final DSI-Link bandwidth: 639999 x 8 Kbps
06-09 15:34:17.870 357 357 E rockchip-vop2 fdd90000.vop: [drm:vop2_wait_power_domain_off] *ERROR* wait pd7 off timeout power_ctrl: 0x7a
06-09 15:34:18.471 1 1 I init : processing action (debug.beidou_entersuspend=*) from (/system/etc/init/hw/init.rc:1286)
06-09 15:34:18.471 1 1 W : debug.beidou_entersuspend $PMTK161,0*28\r\n
06-09 15:34:18.472 1 1 I init : starting service 'gps_suspend'...
06-09 15:34:18.496 1 1 I init : Service 'gps_suspend' (pid 13804) exited with status 0 oneshot service took 0.021000 seconds in background
06-09 15:34:18.496 1 1 I init : Sending signal 9 to service 'gps_suspend' (pid 13804) process group...
06-09 15:34:18.496 1 1 I libprocessgroup: Successfully killed process cgroup uid 0 pid 13804 in 0ms
06-09 15:34:14.841 526 549 D RILU : find_pci_device is 0
06-09 15:34:14.841 526 549 D RILC : PCI can't find at device
06-09 15:34:14.843 526 549 D RILC : USB can't find at device
06-09 15:34:18.920 460 460 I gsensor_mxc6655 5-0015: set sensor poll time to 200ms
06-09 15:34:15.200 851 851 D RILJ : [0475]> SEND_DEVICE_STATE 2:true [PHONE0]
06-09 15:34:15.201 526 526 D RILC : sendDeviceState: calling screen state 0
06-09 15:34:15.201 526 526 D RILC : onRequest: SCREEN_STATE datalen=4 request_value:61
06-09 15:34:15.201 851 851 D RILJ : [0476]> SET_UNSOLICITED_RESPONSE_FILTER 32 [PHONE0]
06-09 15:34:15.201 851 851 E RILJ : setSignalStrengthReportingCriteria ignored on IRadio version less than 1.2 [PHONE0]
06-09 15:34:15.201 851 851 E RILJ : setSignalStrengthReportingCriteria ignored on IRadio version less than 1.2 [PHONE0]
06-09 15:34:15.201 851 851 E RILJ : setSignalStrengthReportingCriteria ignored on IRadio version less than 1.2 [PHONE0]
06-09 15:34:15.201 851 851 D NetworkTypeController: [0] LegacyState: process EVENT_PHYSICAL_CHANNEL_CONFIG_NOTIF_CHANGED
06-09 15:34:15.201 851 851 D NetworkTypeController: [0] Remove all timers
06-09 15:34:15.201 851 851 D NetworkTypeController: [0] DefaultState: process EVENT_PHYSICAL_CHANNEL_CONFIG_NOTIF_CHANGED
06-09 15:34:15.201 851 851 D NetworkTypeController: [0] mIsPhysicalChannelConfigOn changed to: false
06-09 15:34:15.201 851 851 D NetworkTypeController: [0] Remove all timers
06-09 15:34:15.201 851 1064 D RILJ : [0475]< SEND_DEVICE_STATE [PHONE0]
06-09 15:34:15.201 851 1064 D RILJ : [0476]< SET_UNSOLICITED_RESPONSE_FILTER error 6 [PHONE0]
06-09 15:34:15.202 851 1064 D RilRequest: [0476]< SET_UNSOLICITED_RESPONSE_FILTER error: com.android.internal.telephony.CommandException: REQUEST_NOT_SUPPORTED ret= result=null
06-09 15:34:18.929 439 439 W healthd : battery l=51 v=7512 t=33.5 h=1 st=3 c=-512000 fc=9700000 chg=
06-09 15:34:19.268 347 347 I rockchip-vop2 fdd90000.vop: [drm:vop2_crtc_atomic_disable] Crtc atomic disable vp2
06-09 15:34:19.279 347 347 E rockchip-vop2 fdd90000.vop: [drm:vop2_crtc_atomic_disable] *ERROR* unexpected power on pd7
06-09 15:34:15.597 851 851 D DCT-C-0 : screen off
06-09 15:34:15.598 851 851 D DCT-C-0 : stopNetStatPoll
06-09 15:34:19.823 4266 4266 W : abc audioDBG [es8323_mute] start mute:1
06-09 15:34:19.823 4266 4266 I [Awinic] [3-0058]aw_acf_get_prof_desc_form_name: get prof desc down
06-09 15:34:19.824 4266 4266 I [Awinic] [3-005b]aw_acf_get_prof_desc_form_name: get prof desc down
06-09 15:34:21.159 1 1 I init : processing action (debug.beidou_leavesuspend=*) from (/system/etc/init/hw/init.rc:1293)
06-09 15:34:17.447 851 851 D RILJ : [0477]> SEND_DEVICE_STATE 2:false [PHONE0]
06-09 15:34:17.448 526 526 D RILC : sendDeviceState: calling screen state 1
06-09 15:34:17.448 526 526 D RILC : onRequest: SCREEN_STATE datalen=4 request_value:61
06-09 15:34:17.449 851 1064 D RILJ : [0477]< SEND_DEVICE_STATE [PHONE0]
06-09 15:34:17.449 851 851 D RILJ : [0478]> SET_UNSOLICITED_RESPONSE_FILTER 127 [PHONE0]
06-09 15:34:17.450 851 1064 D RILJ : [0478]< SET_UNSOLICITED_RESPONSE_FILTER error 6 [PHONE0]
06-09 15:34:17.450 851 1064 D RilRequest: [0478]< SET_UNSOLICITED_RESPONSE_FILTER error: com.android.internal.telephony.CommandException: REQUEST_NOT_SUPPORTED ret= result=null
06-09 15:34:17.451 851 851 E RILJ : setSignalStrengthReportingCriteria ignored on IRadio version less than 1.2 [PHONE0]
06-09 15:34:17.451 851 851 E RILJ : setSignalStrengthReportingCriteria ignored on IRadio version less than 1.2 [PHONE0]
06-09 15:34:17.452 851 851 E RILJ : setSignalStrengthReportingCriteria ignored on IRadio version less than 1.2 [PHONE0]
06-09 15:34:17.452 851 851 D NetworkTypeController: [0] LegacyState: process EVENT_PHYSICAL_CHANNEL_CONFIG_NOTIF_CHANGED
06-09 15:34:17.452 851 851 D NetworkTypeController: [0] Remove all timers
06-09 15:34:17.452 851 851 D NetworkTypeController: [0] DefaultState: process EVENT_PHYSICAL_CHANNEL_CONFIG_NOTIF_CHANGED
06-09 15:34:17.452 851 851 D NetworkTypeController: [0] mIsPhysicalChannelConfigOn changed to: true
06-09 15:34:21.162 1 1 W : debug.beidou_leavesuspend wakeup
06-09 15:34:21.176 439 439 W healthd : battery l=51 v=7608 t=33.5 h=1 st=3 c=0 fc=9700000 chg=
06-09 15:34:21.188 444 444 I gsensor_mxc6655 5-0015: set sensor poll time to 200ms
06-09 15:34:21.189 444 444 I gsensor_mxc6655 5-0015: sensor on: starting poll sensor data 196ms
06-09 15:34:21.240 347 347 I rockchip-vop2 fdd90000.vop: [drm:vop2_crtc_atomic_enable] Update mode to 1536x2048p55, type: 16(if:60) for vp2 dclk: 192000000
06-09 15:34:21.241 347 347 I rockchip-vop2 fdd90000.vop: [drm:vop2_crtc_atomic_enable] dclk_out2 div: 2 dclk_core2 div: 1
06-09 15:34:21.241 347 347 I rockchip-vop2 fdd90000.vop: [drm:vop2_crtc_atomic_enable] set dclk_vop2 to 96000000, get 96000000
06-09 15:34:17.525 851 851 D DCT-C-0 : screen on
06-09 15:34:17.525 851 851 D DCT-C-0 : stopNetStatPoll
06-09 15:34:21.297 18417 18417 W : abc audioDBG [es8323_mute] start mute:0
06-09 15:34:21.307 18417 18417 I [Awinic] [3-0058]aw_acf_get_prof_desc_form_name: get prof desc down
06-09 15:34:21.321 18417 18417 I [Awinic] [3-005b]aw_acf_get_prof_desc_form_name: get prof desc down
06-09 15:34:21.359 444 444 I gsensor_mxc6655 5-0015: set sensor poll time to 66ms
06-09 15:34:17.844 526 549 D RILU : find_pci_device is 0
06-09 15:34:17.844 526 549 D RILC : PCI can't find at device
06-09 15:34:17.847 526 549 D RILC : USB can't find at device
06-09 15:34:21.751 347 347 I dw-mipi-dsi2 fde20000.dsi: [drm:dw_mipi_dsi2_encoder_enable] final DSI-Link bandwidth: 639999 x 8 Kbps
06-09 15:34:21.888 357 357 E rockchip-vop2 fdd90000.vop: [drm:vop2_wait_power_domain_off] *ERROR* wait pd7 off timeout power_ctrl: 0x7a
06-09 15:34:22.642 427 427 W : abc audioDBG [es8323_mute] start mute:1
06-09 15:34:22.642 427 427 I [Awinic] [3-0058]aw_acf_get_prof_desc_form_name: get prof desc down
06-09 15:34:22.643 427 427 I [Awinic] [3-005b]aw_acf_get_prof_desc_form_name: get prof desc down
06-09 15:34:22.844 1 1 I init : processing action (debug.beidou_entersuspend=*) from (/system/etc/init/hw/init.rc:1286)
06-09 15:34:22.844 1 1 W : debug.beidou_entersuspend $PMTK161,0*28\r\n
06-09 15:34:22.844 1 1 I init : starting service 'gps_suspend'...
06-09 15:34:22.859 1 1 I init : Service 'gps_suspend' (pid 13863) exited with status 0 oneshot service took 0.011000 seconds in background
06-09 15:34:22.859 1 1 I init : Sending signal 9 to service 'gps_suspend' (pid 13863) process group...
06-09 15:34:22.860 1 1 I libprocessgroup: Successfully killed process cgroup uid 0 pid 13863 in 0ms
06-09 15:34:22.872 18417 18417 W : abc audioDBG [es8323_mute] start mute:0
06-09 15:34:22.882 18417 18417 I [Awinic] [3-0058]aw_acf_get_prof_desc_form_name: get prof desc down
06-09 15:34:22.896 18417 18417 I [Awinic] [3-005b]aw_acf_get_prof_desc_form_name: get prof desc down
06-09 15:34:23.345 444 444 I gsensor_mxc6655 5-0015: set sensor poll time to 200ms
06-09 15:34:23.371 439 439 W healthd : battery l=51 v=7608 t=33.5 h=1 st=3 c=-512000 fc=9700000 chg=
06-09 15:34:19.643 851 851 D RILJ : [0479]> SEND_DEVICE_STATE 2:true [PHONE0]
06-09 15:34:19.644 526 526 D RILC : sendDeviceState: calling screen state 0
06-09 15:34:19.644 526 526 D RILC : onRequest: SCREEN_STATE datalen=4 request_value:61
06-09 15:34:19.644 851 1064 D RILJ : [0479]< SEND_DEVICE_STATE [PHONE0]
06-09 15:34:19.646 851 851 D RILJ : [0480]> SET_UNSOLICITED_RESPONSE_FILTER 32 [PHONE0]
06-09 15:34:19.646 851 1064 D RILJ : [0480]< SET_UNSOLICITED_RESPONSE_FILTER error 6 [PHONE0]
06-09 15:34:19.647 851 1064 D RilRequest: [0480]< SET_UNSOLICITED_RESPONSE_FILTER error: com.android.internal.telephony.CommandException: REQUEST_NOT_SUPPORTED ret= result=null
06-09 15:34:19.649 851 851 E RILJ : setSignalStrengthReportingCriteria ignored on IRadio version less than 1.2 [PHONE0]
06-09 15:34:19.650 851 851 E RILJ : setSignalStrengthReportingCriteria ignored on IRadio version less than 1.2 [PHONE0]
06-09 15:34:19.650 851 851 E RILJ : setSignalStrengthReportingCriteria ignored on IRadio version less than 1.2 [PHONE0]
06-09 15:34:19.650 851 851 D NetworkTypeController: [0] LegacyState: process EVENT_PHYSICAL_CHANNEL_CONFIG_NOTIF_CHANGED
06-09 15:34:19.650 851 851 D NetworkTypeController: [0] Remove all timers
06-09 15:34:19.650 851 851 D NetworkTypeController: [0] DefaultState: process EVENT_PHYSICAL_CHANNEL_CONFIG_NOTIF_CHANGED
06-09 15:34:19.650 851 851 D NetworkTypeController: [0] mIsPhysicalChannelConfigOn changed to: false
06-09 15:34:19.650 851 851 D NetworkTypeController: [0] Remove all timers
06-09 15:34:23.688 347 347 I rockchip-vop2 fdd90000.vop: [drm:vop2_crtc_atomic_disable] Crtc atomic disable vp2
06-09 15:34:23.701 347 347 E rockchip-vop2 fdd90000.vop: [drm:vop2_crtc_atomic_disable] *ERROR* unexpected power on pd7
06-09 15:34:20.035 851 851 D DCT-C-0 : screen off
06-09 15:34:20.036 851 851 D DCT-C-0 : stopNetStatPoll
06-09 15:34:24.252 4266 4266 W : abc audioDBG [es8323_mute] start mute:1
06-09 15:34:24.252 4266 4266 I [Awinic] [3-0058]aw_acf_get_prof_desc_form_name: get prof desc down
06-09 15:34:24.252 4266 4266 I [Awinic] [3-005b]aw_acf_get_prof_desc_form_name: get prof desc down
06-09 15:34:24.262 1 1 I init : processing action (debug.beidou_leavesuspend=*) from (/system/etc/init/hw/init.rc:1293)
06-09 15:34:20.558 851 851 D RILJ : [0481]> SEND_DEVICE_STATE 2:false [PHONE0]
06-09 15:34:20.558 526 526 D RILC : sendDeviceState: calling screen state 1
06-09 15:34:20.558 526 526 D RILC : onRequest: SCREEN_STATE datalen=4 request_value:61
06-09 15:34:20.559 851 1064 D RILJ : [0481]< SEND_DEVICE_STATE [PHONE0]
06-09 15:34:20.561 851 851 D RILJ : [0482]> SET_UNSOLICITED_RESPONSE_FILTER 127 [PHONE0]
06-09 15:34:20.562 851 1064 D RILJ : [0482]< SET_UNSOLICITED_RESPONSE_FILTER error 6 [PHONE0]
06-09 15:34:20.562 851 1064 D RilRequest: [0482]< SET_UNSOLICITED_RESPONSE_FILTER error: com.android.internal.telephony.CommandException: REQUEST_NOT_SUPPORTED ret= result=null
06-09 15:34:20.563 851 851 E RILJ : setSignalStrengthReportingCriteria ignored on IRadio version less than 1.2 [PHONE0]
06-09 15:34:20.563 851 851 E RILJ : setSignalStrengthReportingCriteria ignored on IRadio version less than 1.2 [PHONE0]
06-09 15:34:20.563 851 851 E RILJ : setSignalStrengthReportingCriteria ignored on IRadio version less than 1.2 [PHONE0]
06-09 15:34:20.563 851 851 D NetworkTypeController: [0] LegacyState: process EVENT_PHYSICAL_CHANNEL_CONFIG_NOTIF_CHANGED
06-09 15:34:20.563 851 851 D NetworkTypeController: [0] Remove all timers
06-09 15:34:20.563 851 851 D NetworkTypeController: [0] DefaultState: process EVENT_PHYSICAL_CHANNEL_CONFIG_NOTIF_CHANGED
06-09 15:34:20.563 851 851 D NetworkTypeController: [0] mIsPhysicalChannelConfigOn changed to: true
06-09 15:34:24.264 1 1 W : debug.beidou_leavesuspend wakeup
06-09 15:34:24.298 444 444 I gsensor_mxc6655 5-0015: set sensor poll time to 200ms
06-09 15:34:24.299 444 444 I gsensor_mxc6655 5-0015: sensor on: starting poll sensor data 196ms
06-09 15:34:24.316 439 439 W healthd : battery l=51 v=7608 t=33.5 h=1 st=3 c=-768000 fc=9700000 chg=
06-09 15:34:20.608 851 851 D DCT-C-0 : screen on
06-09 15:34:20.608 851 851 D DCT-C-0 : stopNetStatPoll
06-09 15:34:24.333 347 347 I rockchip-vop2 fdd90000.vop: [drm:vop2_crtc_atomic_enable] Update mode to 1536x2048p55, type: 16(if:60) for vp2 dclk: 192000000
06-09 15:34:24.334 347 347 I rockchip-vop2 fdd90000.vop: [drm:vop2_crtc_atomic_enable] dclk_out2 div: 2 dclk_core2 div: 1
06-09 15:34:24.334 347 347 I rockchip-vop2 fdd90000.vop: [drm:vop2_crtc_atomic_enable] set dclk_vop2 to 96000000, get 96000000
06-09 15:34:24.393 18417 18417 W : abc audioDBG [es8323_mute] start mute:0
06-09 15:34:24.403 18417 18417 I [Awinic] [3-0058]aw_acf_get_prof_desc_form_name: get prof desc down
06-09 15:34:24.417 18417 18417 I [Awinic] [3-005b]aw_acf_get_prof_desc_form_name: get prof desc down
06-09 15:34:24.426 444 444 I gsensor_mxc6655 5-0015: set sensor poll time to 66ms
06-09 15:34:20.848 526 549 D RILU : find_pci_device is 0
06-09 15:34:20.848 526 549 D RILC : PCI can't find at device
06-09 15:34:20.851 526 549 D RILC : USB can't find at device
06-09 15:34:24.838 347 347 I dw-mipi-dsi2 fde20000.dsi: [drm:dw_mipi_dsi2_encoder_enable] final DSI-Link bandwidth: 639999 x 8 Kbps
06-09 15:34:24.922 357 357 E rockchip-vop2 fdd90000.vop: [drm:vop2_wait_power_domain_off] *ERROR* wait pd7 off timeout power_ctrl: 0x7f
06-09 15:34:25.736 4266 4266 W : abc audioDBG [es8323_mute] start mute:1
06-09 15:34:25.736 4266 4266 I [Awinic] [3-0058]aw_acf_get_prof_desc_form_name: get prof desc down
06-09 15:34:25.737 4266 4266 I [Awinic] [3-005b]aw_acf_get_prof_desc_form_name: get prof desc down
06-09 15:34:26.312 1 1 I init : processing action (debug.beidou_entersuspend=*) from (/system/etc/init/hw/init.rc:1286)
06-09 15:34:26.313 1 1 W : debug.beidou_entersuspend $PMTK161,0*28\r\n
06-09 15:34:26.314 1 1 I init : starting service 'gps_suspend'...
06-09 15:34:26.325 1 1 I init : Service 'gps_suspend' (pid 13905) exited with status 0 oneshot service took 0.006000 seconds in background
06-09 15:34:26.325 1 1 I init : Sending signal 9 to service 'gps_suspend' (pid 13905) process group...
06-09 15:34:26.351 18417 18417 W : abc audioDBG [es8323_mute] start mute:0
06-09 15:34:26.361 18417 18417 I [Awinic] [3-0058]aw_acf_get_prof_desc_form_name: get prof desc down
06-09 15:34:26.375 18417 18417 I [Awinic] [3-005b]aw_acf_get_prof_desc_form_name: get prof desc down
06-09 15:34:26.829 444 444 I gsensor_mxc6655 5-0015: set sensor poll time to 200ms
06-09 15:34:23.142 851 851 D RILJ : [0483]> SEND_DEVICE_STATE 2:true [PHONE0]
06-09 15:34:23.142 526 526 D RILC : sendDeviceState: calling screen state 0
06-09 15:34:23.142 526 526 D RILC : onRequest: SCREEN_STATE datalen=4 request_value:61
06-09 15:34:23.143 851 1064 D RILJ : [0483]< SEND_DEVICE_STATE [PHONE0]
06-09 15:34:23.143 851 851 D RILJ : [0484]> SET_UNSOLICITED_RESPONSE_FILTER 32 [PHONE0]
06-09 15:34:23.143 851 1064 D RILJ : [0484]< SET_UNSOLICITED_RESPONSE_FILTER error 6 [PHONE0]
06-09 15:34:23.144 851 1064 D RilRequest: [0484]< SET_UNSOLICITED_RESPONSE_FILTER error: com.android.internal.telephony.CommandException: REQUEST_NOT_SUPPORTED ret= result=null
06-09 15:34:23.148 851 851 E RILJ : setSignalStrengthReportingCriteria ignored on IRadio version less than 1.2 [PHONE0]
06-09 15:34:23.149 851 851 E RILJ : setSignalStrengthReportingCriteria ignored on IRadio version less than 1.2 [PHONE0]
06-09 15:34:23.149 851 851 E RILJ : setSignalStrengthReportingCriteria ignored on IRadio version less than 1.2 [PHONE0]
06-09 15:34:23.149 851 851 D NetworkTypeController: [0] LegacyState: process EVENT_PHYSICAL_CHANNEL_CONFIG_NOTIF_CHANGED
06-09 15:34:23.149 851 851 D NetworkTypeController: [0] Remove all timers
06-09 15:34:23.149 851 851 D NetworkTypeController: [0] DefaultState: process EVENT_PHYSICAL_CHANNEL_CONFIG_NOTIF_CHANGED
06-09 15:34:23.149 851 851 D NetworkTypeController: [0] mIsPhysicalChannelConfigOn changed to: false
06-09 15:34:23.149 851 851 D NetworkTypeController: [0] Remove all timers
06-09 15:34:26.873 439 439 W healthd : battery l=51 v=7526 t=33.5 h=1 st=3 c=-512000 fc=9700000 chg=
06-09 15:34:27.182 347 347 I rockchip-vop2 fdd90000.vop: [drm:vop2_crtc_atomic_disable] Crtc atomic disable vp2
06-09 15:34:27.194 347 347 E rockchip-vop2 fdd90000.vop: [drm:vop2_crtc_atomic_disable] *ERROR* unexpected power on pd7
06-09 15:34:23.494 851 851 D DCT-C-0 : screen off
06-09 15:34:23.494 851 851 D DCT-C-0 : stopNetStatPoll
06-09 15:34:27.346 1 1 W : debug.beidou_leavesuspend wakeup
06-09 15:34:27.354 444 444 I gsensor_mxc6655 5-0015: set sensor poll time to 200ms
06-09 15:34:27.356 444 444 I gsensor_mxc6655 5-0015: sensor on: starting poll sensor data 196ms
06-09 15:34:27.376 439 439 W healthd : battery l=51 v=7526 t=33.5 h=1 st=3 c=-512000 fc=9700000 chg=
06-09 15:34:23.654 851 851 D RILJ : [0485]> SEND_DEVICE_STATE 2:false [PHONE0]
06-09 15:34:23.654 526 526 D RILC : sendDeviceState: calling screen state 1
06-09 15:34:23.655 526 526 D RILC : onRequest: SCREEN_STATE datalen=4 request_value:61
06-09 15:34:23.655 851 1064 D RILJ : [0485]< SEND_DEVICE_STATE [PHONE0]
06-09 15:34:23.657 851 851 D RILJ : [0486]> SET_UNSOLICITED_RESPONSE_FILTER 127 [PHONE0]
06-09 15:34:23.658 851 1064 D RILJ : [0486]< SET_UNSOLICITED_RESPONSE_FILTER error 6 [PHONE0]
06-09 15:34:23.658 851 1064 D RilRequest: [0486]< SET_UNSOLICITED_RESPONSE_FILTER error: com.android.internal.telephony.CommandException: REQUEST_NOT_SUPPORTED ret= result=null
06-09 15:34:23.659 851 851 E RILJ : setSignalStrengthReportingCriteria ignored on IRadio version less than 1.2 [PHONE0]
06-09 15:34:23.660 851 851 E RILJ : setSignalStrengthReportingCriteria ignored on IRadio version less than 1.2 [PHONE0]
06-09 15:34:23.660 851 851 E RILJ : setSignalStrengthReportingCriteria ignored on IRadio version less than 1.2 [PHONE0]
06-09 15:34:23.660 851 851 D NetworkTypeController: [0] LegacyState: process EVENT_PHYSICAL_CHANNEL_CONFIG_NOTIF_CHANGED
06-09 15:34:23.660 851 851 D NetworkTypeController: [0] Remove all timers
06-09 15:34:23.660 851 851 D NetworkTypeController: [0] DefaultState: process EVENT_PHYSICAL_CHANNEL_CONFIG_NOTIF_CHANGED
06-09 15:34:23.660 851 851 D NetworkTypeController: [0] mIsPhysicalChannelConfigOn changed to: true
06-09 15:34:23.662 851 851 D DCT-C-0 : screen on
06-09 15:34:23.662 851 851 D DCT-C-0 : stopNetStatPoll
06-09 15:34:27.416 347 347 I rockchip-vop2 fdd90000.vop: [drm:vop2_crtc_atomic_enable] Update mode to 1536x2048p55, type: 16(if:60) for vp2 dclk: 192000000
06-09 15:34:27.417 347 347 I rockchip-vop2 fdd90000.vop: [drm:vop2_crtc_atomic_enable] dclk_out2 div: 2 dclk_core2 div: 1
06-09 15:34:27.417 347 347 I rockchip-vop2 fdd90000.vop: [drm:vop2_crtc_atomic_enable] set dclk_vop2 to 96000000, get 96000000
06-09 15:34:27.453 444 444 I gsensor_mxc6655 5-0015: set sensor poll time to 66ms
06-09 15:34:23.852 526 549 D RILU : find_pci_device is 0
06-09 15:34:23.852 526 549 D RILC : PCI can't find at device
06-09 15:34:23.854 526 549 D RILC : USB can't find at device
06-09 15:34:27.921 347 347 I dw-mipi-dsi2 fde20000.dsi: [drm:dw_mipi_dsi2_encoder_enable] final DSI-Link bandwidth: 639999 x 8 Kbps
06-09 15:34:28.337 357 357 E rockchip-vop2 fdd90000.vop: [drm:vop2_wait_power_domain_off] *ERROR* wait pd7 off timeout power_ctrl: 0x7a
06-09 15:34:28.943 1 1 I init : processing action (debug.beidou_entersuspend=*) from (/system/etc/init/hw/init.rc:1286)
06-09 15:34:28.945 1 1 W : debug.beidou_entersuspend $PMTK161,0*28\r\n
06-09 15:34:28.946 1 1 I init : starting service 'gps_suspend'...
06-09 15:34:28.983 1 1 I init : Service 'gps_suspend' (pid 13939) exited with status 0 oneshot service took 0.024000 seconds in background
06-09 15:34:28.983 1 1 I init : Sending signal 9 to service 'gps_suspend' (pid 13939) process group...
06-09 15:34:28.983 1 1 I libprocessgroup: Successfully killed process cgroup uid 0 pid 13939 in 0ms
06-09 15:34:29.436 444 444 I gsensor_mxc6655 5-0015: set sensor poll time to 200ms
06-09 15:34:29.445 439 439 W healthd : battery l=51 v=7526 t=33.5 h=1 st=3 c=-512000 fc=9700000 chg=
06-09 15:34:25.732 851 851 D RILJ : [0487]> SEND_DEVICE_STATE 2:true [PHONE0]
06-09 15:34:25.732 526 526 D RILC : sendDeviceState: calling screen state 0
06-09 15:34:25.732 526 526 D RILC : onRequest: SCREEN_STATE datalen=4 request_value:61
06-09 15:34:25.732 851 851 D RILJ : [0488]> SET_UNSOLICITED_RESPONSE_FILTER 32 [PHONE0]
06-09 15:34:25.733 851 1064 D RILJ : [0487]< SEND_DEVICE_STATE [PHONE0]
06-09 15:34:25.733 851 1064 D RILJ : [0488]< SET_UNSOLICITED_RESPONSE_FILTER error 6 [PHONE0]
06-09 15:34:25.733 851 1064 D RilRequest: [0488]< SET_UNSOLICITED_RESPONSE_FILTER error: com.android.internal.telephony.CommandException: REQUEST_NOT_SUPPORTED ret= result=null
06-09 15:34:25.733 851 851 E RILJ : setSignalStrengthReportingCriteria ignored on IRadio version less than 1.2 [PHONE0]
06-09 15:34:25.733 851 851 E RILJ : setSignalStrengthReportingCriteria ignored on IRadio version less than 1.2 [PHONE0]
06-09 15:34:25.733 851 851 E RILJ : setSignalStrengthReportingCriteria ignored on IRadio version less than 1.2 [PHONE0]
06-09 15:34:25.733 851 851 D NetworkTypeController: [0] LegacyState: process EVENT_PHYSICAL_CHANNEL_CONFIG_NOTIF_CHANGED
06-09 15:34:25.733 851 851 D NetworkTypeController: [0] Remove all timers
06-09 15:34:25.733 851 851 D NetworkTypeController: [0] DefaultState: process EVENT_PHYSICAL_CHANNEL_CONFIG_NOTIF_CHANGED
06-09 15:34:25.733 851 851 D NetworkTypeController: [0] mIsPhysicalChannelConfigOn changed to: false
06-09 15:34:25.733 851 851 D NetworkTypeController: [0] Remove all timers
06-09 15:34:29.792 347 347 I rockchip-vop2 fdd90000.vop: [drm:vop2_crtc_atomic_disable] Crtc atomic disable vp2
06-09 15:34:29.804 347 347 E rockchip-vop2 fdd90000.vop: [drm:vop2_crtc_atomic_disable] *ERROR* unexpected power on pd7
06-09 15:34:26.145 851 851 D DCT-C-0 : screen off
06-09 15:34:26.145 851 851 D DCT-C-0 : stopNetStatPoll
06-09 15:34:30.269 1 1 I init : processing action (debug.beidou_leavesuspend=*) from (/system/etc/init/hw/init.rc:1293)
06-09 15:34:30.271 1 1 W : debug.beidou_leavesuspend wakeup
06-09 15:34:30.276 444 444 I gsensor_mxc6655 5-0015: set sensor poll time to 200ms
06-09 15:34:30.277 444 444 I gsensor_mxc6655 5-0015: sensor on: starting poll sensor data 196ms
06-09 15:34:30.288 439 439 W healthd : battery l=51 v=7526 t=33.5 h=1 st=3 c=-256000 fc=9700000 chg=
06-09 15:34:26.568 851 851 D RILJ : [0489]> SEND_DEVICE_STATE 2:false [PHONE0]
06-09 15:34:26.568 526 526 D RILC : sendDeviceState: calling screen state 1
06-09 15:34:26.568 526 526 D RILC : onRequest: SCREEN_STATE datalen=4 request_value:61
06-09 15:34:26.569 851 1064 D RILJ : [0489]< SEND_DEVICE_STATE [PHONE0]
06-09 15:34:30.296 427 427 W : abc audioDBG [es8323_mute] start mute:1
06-09 15:34:30.296 427 427 I [Awinic] [3-0058]aw_acf_get_prof_desc_form_name: get prof desc down
06-09 15:34:30.297 427 427 I [Awinic] [3-005b]aw_acf_get_prof_desc_form_name: get prof desc down
06-09 15:34:26.575 851 851 D RILJ : [0490]> SET_UNSOLICITED_RESPONSE_FILTER 127 [PHONE0]
06-09 15:34:26.576 851 851 E RILJ : setSignalStrengthReportingCriteria ignored on IRadio version less than 1.2 [PHONE0]
06-09 15:34:26.576 851 851 E RILJ : setSignalStrengthReportingCriteria ignored on IRadio version less than 1.2 [PHONE0]
06-09 15:34:26.576 851 851 E RILJ : setSignalStrengthReportingCriteria ignored on IRadio version less than 1.2 [PHONE0]
06-09 15:34:26.581 851 1064 D RILJ : [0490]< SET_UNSOLICITED_RESPONSE_FILTER error 6 [PHONE0]
06-09 15:34:26.581 851 1064 D RilRequest: [0490]< SET_UNSOLICITED_RESPONSE_FILTER error: com.android.internal.telephony.CommandException: REQUEST_NOT_SUPPORTED ret= result=null
06-09 15:34:26.581 851 851 D NetworkTypeController: [0] LegacyState: process EVENT_PHYSICAL_CHANNEL_CONFIG_NOTIF_CHANGED
06-09 15:34:26.581 851 851 D NetworkTypeController: [0] Remove all timers
06-09 15:34:26.582 851 851 D NetworkTypeController: [0] DefaultState: process EVENT_PHYSICAL_CHANNEL_CONFIG_NOTIF_CHANGED
06-09 15:34:26.582 851 851 D NetworkTypeController: [0] mIsPhysicalChannelConfigOn changed to: true
06-09 15:34:26.594 851 851 D DCT-C-0 : screen on
06-09 15:34:26.594 851 851 D DCT-C-0 : stopNetStatPoll
06-09 15:34:30.343 347 347 I rockchip-vop2 fdd90000.vop: [drm:vop2_crtc_atomic_enable] Update mode to 1536x2048p55, type: 16(if:60) for vp2 dclk: 192000000
06-09 15:34:30.344 347 347 I rockchip-vop2 fdd90000.vop: [drm:vop2_crtc_atomic_enable] dclk_out2 div: 2 dclk_core2 div: 1
06-09 15:34:30.344 347 347 I rockchip-vop2 fdd90000.vop: [drm:vop2_crtc_atomic_enable] set dclk_vop2 to 96000000, get 96000000
06-09 15:34:30.401 18417 18417 W : abc audioDBG [es8323_mute] start mute:0
06-09 15:34:30.411 18417 18417 I [Awinic] [3-0058]aw_acf_get_prof_desc_form_name: get prof desc down
06-09 15:34:30.425 18417 18417 I [Awinic] [3-005b]aw_acf_get_prof_desc_form_name: get prof desc down
06-09 15:34:30.432 444 444 I gsensor_mxc6655 5-0015: set sensor poll time to 66ms
06-09 15:34:26.855 526 549 D RILU : find_pci_device is 0
06-09 15:34:26.855 526 549 D RILC : PCI can't find at device
06-09 15:34:26.859 526 549 D RILC : USB can't find at device
06-09 15:34:30.851 347 347 I dw-mipi-dsi2 fde20000.dsi: [drm:dw_mipi_dsi2_encoder_enable] final DSI-Link bandwidth: 639999 x 8 Kbps
06-09 15:34:31.209 357 357 E rockchip-vop2 fdd90000.vop: [drm:vop2_wait_power_domain_off] *ERROR* wait pd7 off timeout power_ctrl: 0x7a
06-09 15:34:31.734 427 427 W : abc audioDBG [es8323_mute] start mute:1
06-09 15:34:31.734 427 427 I [Awinic] [3-0058]aw_acf_get_prof_desc_form_name: get prof desc down
06-09 15:34:31.734 427 427 I [Awinic] [3-005b]aw_acf_get_prof_desc_form_name: get prof desc down
06-09 15:34:32.035 1 1 I init : processing action (debug.beidou_entersuspend=*) from (/system/etc/init/hw/init.rc:1286)
06-09 15:34:32.037 1 1 W : debug.beidou_entersuspend $PMTK161,0*28\r\n
06-09 15:34:32.040 1 1 I init : starting service 'gps_suspend'...
06-09 15:34:32.060 1 1 I init : Service 'gps_suspend' (pid 14000) exited with status 0 oneshot service took 0.008000 seconds in background
06-09 15:34:32.060 1 1 I init : Sending signal 9 to service 'gps_suspend' (pid 14000) process group...
06-09 15:34:32.084 18417 18417 W : abc audioDBG [es8323_mute] start mute:0
06-09 15:34:32.094 18417 18417 I [Awinic] [3-0058]aw_acf_get_prof_desc_form_name: get prof desc down
06-09 15:34:32.108 18417 18417 I [Awinic] [3-005b]aw_acf_get_prof_desc_form_name: get prof desc down
06-09 15:34:32.524 460 460 I gsensor_mxc6655 5-0015: set sensor poll time to 200ms
06-09 15:34:28.821 851 851 D RILJ : [0491]> SEND_DEVICE_STATE 2:true [PHONE0]
06-09 15:34:28.821 526 526 D RILC : sendDeviceState: calling screen state 0
06-09 15:34:28.821 526 526 D RILC : onRequest: SCREEN_STATE datalen=4 request_value:61
06-09 15:34:28.822 851 1064 D RILJ : [0491]< SEND_DEVICE_STATE [PHONE0]
06-09 15:34:28.822 851 851 D RILJ : [0492]> SET_UNSOLICITED_RESPONSE_FILTER 32 [PHONE0]
06-09 15:34:28.823 851 851 E RILJ : setSignalStrengthReportingCriteria ignored on IRadio version less than 1.2 [PHONE0]
06-09 15:34:28.823 851 851 E RILJ : setSignalStrengthReportingCriteria ignored on IRadio version less than 1.2 [PHONE0]
06-09 15:34:28.823 851 851 E RILJ : setSignalStrengthReportingCriteria ignored on IRadio version less than 1.2 [PHONE0]
06-09 15:34:28.823 851 851 D NetworkTypeController: [0] LegacyState: process EVENT_PHYSICAL_CHANNEL_CONFIG_NOTIF_CHANGED
06-09 15:34:28.823 851 851 D NetworkTypeController: [0] Remove all timers
06-09 15:34:28.823 851 851 D NetworkTypeController: [0] DefaultState: process EVENT_PHYSICAL_CHANNEL_CONFIG_NOTIF_CHANGED
06-09 15:34:28.823 851 851 D NetworkTypeController: [0] mIsPhysicalChannelConfigOn changed to: false
06-09 15:34:28.823 851 851 D NetworkTypeController: [0] Remove all timers
06-09 15:34:28.833 851 1064 D RILJ : [0492]< SET_UNSOLICITED_RESPONSE_FILTER error 6 [PHONE0]
06-09 15:34:28.833 851 1064 D RilRequest: [0492]< SET_UNSOLICITED_RESPONSE_FILTER error: com.android.internal.telephony.CommandException: REQUEST_NOT_SUPPORTED ret= result=null
06-09 15:34:32.569 439 439 W healthd : battery l=51 v=7604 t=34.0 h=1 st=3 c=-512000 fc=9700000 chg=
06-09 15:34:32.902 347 347 I rockchip-vop2 fdd90000.vop: [drm:vop2_crtc_atomic_disable] Crtc atomic disable vp2
06-09 15:34:32.913 347 347 E rockchip-vop2 fdd90000.vop: [drm:vop2_crtc_atomic_disable] *ERROR* unexpected power on pd7
06-09 15:34:29.229 851 851 D DCT-C-0 : screen off
06-09 15:34:29.230 851 851 D DCT-C-0 : stopNetStatPoll
06-09 15:34:33.431 427 427 W : abc audioDBG [es8323_mute] start mute:1
06-09 15:34:33.431 427 427 I [Awinic] [3-0058]aw_acf_get_prof_desc_form_name: get prof desc down
06-09 15:34:33.432 427 427 I [Awinic] [3-005b]aw_acf_get_prof_desc_form_name: get prof desc down
06-09 15:34:29.859 526 549 D RILU : find_pci_device is 0
06-09 15:34:29.860 526 549 D RILC : PCI can't find at device
06-09 15:34:29.863 526 549 D RILC : USB can't find at device
06-09 15:34:35.728 1 1 I init : processing action (debug.beidou_leavesuspend=*) from (/system/etc/init/hw/init.rc:1293)
06-09 15:34:32.023 851 851 D RILJ : [0493]> SEND_DEVICE_STATE 2:false [PHONE0]
06-09 15:34:32.023 526 526 D RILC : sendDeviceState: calling screen state 1
06-09 15:34:32.023 526 526 D RILC : onRequest: SCREEN_STATE datalen=4 request_value:61
06-09 15:34:32.024 851 1064 D RILJ : [0493]< SEND_DEVICE_STATE [PHONE0]
06-09 15:34:32.024 851 851 D RILJ : [0494]> SET_UNSOLICITED_RESPONSE_FILTER 127 [PHONE0]
06-09 15:34:35.731 1 1 W : debug.beidou_leavesuspend wakeup
06-09 15:34:35.751 460 460 I gsensor_mxc6655 5-0015: set sensor poll time to 200ms
06-09 15:34:32.027 851 851 E RILJ : setSignalStrengthReportingCriteria ignored on IRadio version less than 1.2 [PHONE0]
06-09 15:34:32.027 851 851 E RILJ : setSignalStrengthReportingCriteria ignored on IRadio version less than 1.2 [PHONE0]
06-09 15:34:32.027 851 851 E RILJ : setSignalStrengthReportingCriteria ignored on IRadio version less than 1.2 [PHONE0]
06-09 15:34:32.027 851 851 D NetworkTypeController: [0] LegacyState: process EVENT_PHYSICAL_CHANNEL_CONFIG_NOTIF_CHANGED
06-09 15:34:32.028 851 851 D NetworkTypeController: [0] Remove all timers
06-09 15:34:32.028 851 851 D NetworkTypeController: [0] DefaultState: process EVENT_PHYSICAL_CHANNEL_CONFIG_NOTIF_CHANGED
06-09 15:34:32.028 851 851 D NetworkTypeController: [0] mIsPhysicalChannelConfigOn changed to: true
06-09 15:34:35.752 460 460 I gsensor_mxc6655 5-0015: sensor on: starting poll sensor data 196ms
06-09 15:34:32.028 851 1064 D RILJ : [0494]< SET_UNSOLICITED_RESPONSE_FILTER error 6 [PHONE0]
06-09 15:34:32.028 851 1064 D RilRequest: [0494]< SET_UNSOLICITED_RESPONSE_FILTER error: com.android.internal.telephony.CommandException: REQUEST_NOT_SUPPORTED ret= result=null
06-09 15:34:35.761 439 439 W healthd : battery l=51 v=7604 t=34.0 h=1 st=3 c=0 fc=9700000 chg=
06-09 15:34:32.063 851 851 D DCT-C-0 : screen on
06-09 15:34:32.063 851 851 D DCT-C-0 : stopNetStatPoll
06-09 15:34:35.796 347 347 I rockchip-vop2 fdd90000.vop: [drm:vop2_crtc_atomic_enable] Update mode to 1536x2048p55, type: 16(if:60) for vp2 dclk: 192000000
06-09 15:34:35.797 347 347 I rockchip-vop2 fdd90000.vop: [drm:vop2_crtc_atomic_enable] dclk_out2 div: 2 dclk_core2 div: 1
06-09 15:34:35.797 347 347 I rockchip-vop2 fdd90000.vop: [drm:vop2_crtc_atomic_enable] set dclk_vop2 to 96000000, get 96000000
06-09 15:34:35.870 18417 18417 W : abc audioDBG [es8323_mute] start mute:0
06-09 15:34:35.880 18417 18417 I [Awinic] [3-0058]aw_acf_get_prof_desc_form_name: get prof desc down
06-09 15:34:35.893 18417 18417 I [Awinic] [3-005b]aw_acf_get_prof_desc_form_name: get prof desc down
06-09 15:34:35.920 460 460 I gsensor_mxc6655 5-0015: set sensor poll time to 66ms
06-09 15:34:36.302 347 347 I dw-mipi-dsi2 fde20000.dsi: [drm:dw_mipi_dsi2_encoder_enable] final DSI-Link bandwidth: 639999 x 8 Kbps
06-09 15:34:32.866 526 549 D RILU : find_pci_device is 0
06-09 15:34:32.866 526 549 D RILC : PCI can't find at device
06-09 15:34:32.869 526 549 D RILC : USB can't find at device
06-09 15:34:36.676 357 357 E rockchip-vop2 fdd90000.vop: [drm:vop2_wait_power_domain_off] *ERROR* wait pd7 off timeout power_ctrl: 0x7a
06-09 15:34:37.213 427 427 W : abc audioDBG [es8323_mute] start mute:1
06-09 15:34:37.214 427 427 I [Awinic] [3-0058]aw_acf_get_prof_desc_form_name: get prof desc down
06-09 15:34:37.214 427 427 I [Awinic] [3-005b]aw_acf_get_prof_desc_form_name: get prof desc down
06-09 15:34:37.270 1 1 I init : processing action (debug.beidou_entersuspend=*) from (/system/etc/init/hw/init.rc:1286)
06-09 15:34:37.271 1 1 W : debug.beidou_entersuspend $PMTK161,0*28\r\n
06-09 15:34:37.272 1 1 I init : starting service 'gps_suspend'...
06-09 15:34:37.283 1 1 I init : Service 'gps_suspend' (pid 14060) exited with status 0 oneshot service took 0.007000 seconds in background
06-09 15:34:37.283 1 1 I init : Sending signal 9 to service 'gps_suspend' (pid 14060) process group...
06-09 15:34:37.284 1 1 I libprocessgroup: Successfully killed process cgroup uid 0 pid 14060 in 0ms
06-09 15:34:37.303 18417 18417 W : abc audioDBG [es8323_mute] start mute:0
06-09 15:34:37.313 18417 18417 I [Awinic] [3-0058]aw_acf_get_prof_desc_form_name: get prof desc down
06-09 15:34:37.327 18417 18417 I [Awinic] [3-005b]aw_acf_get_prof_desc_form_name: get prof desc down
06-09 15:34:37.801 460 460 I gsensor_mxc6655 5-0015: set sensor poll time to 200ms
06-09 15:34:37.815 439 439 W healthd : battery l=51 v=7602 t=33.5 h=1 st=3 c=-512000 fc=9700000 chg=
06-09 15:34:34.120 851 851 D RILJ : [0495]> SEND_DEVICE_STATE 2:true [PHONE0]
06-09 15:34:34.120 526 526 D RILC : sendDeviceState: calling screen state 0
06-09 15:34:34.120 526 526 D RILC : onRequest: SCREEN_STATE datalen=4 request_value:61
06-09 15:34:34.121 851 1064 D RILJ : [0495]< SEND_DEVICE_STATE [PHONE0]
06-09 15:34:34.124 851 851 D RILJ : [0496]> SET_UNSOLICITED_RESPONSE_FILTER 32 [PHONE0]
06-09 15:34:34.124 851 1064 D RILJ : [0496]< SET_UNSOLICITED_RESPONSE_FILTER error 6 [PHONE0]
06-09 15:34:34.125 851 1064 D RilRequest: [0496]< SET_UNSOLICITED_RESPONSE_FILTER error: com.android.internal.telephony.CommandException: REQUEST_NOT_SUPPORTED ret= result=null
06-09 15:34:34.126 851 851 E RILJ : setSignalStrengthReportingCriteria ignored on IRadio version less than 1.2 [PHONE0]
06-09 15:34:34.127 851 851 E RILJ : setSignalStrengthReportingCriteria ignored on IRadio version less than 1.2 [PHONE0]
06-09 15:34:34.127 851 851 E RILJ : setSignalStrengthReportingCriteria ignored on IRadio version less than 1.2 [PHONE0]
06-09 15:34:34.128 851 851 D NetworkTypeController: [0] LegacyState: process EVENT_PHYSICAL_CHANNEL_CONFIG_NOTIF_CHANGED
06-09 15:34:34.128 851 851 D NetworkTypeController: [0] Remove all timers
06-09 15:34:34.128 851 851 D NetworkTypeController: [0] DefaultState: process EVENT_PHYSICAL_CHANNEL_CONFIG_NOTIF_CHANGED
06-09 15:34:34.128 851 851 D NetworkTypeController: [0] mIsPhysicalChannelConfigOn changed to: false
06-09 15:34:34.128 851 851 D NetworkTypeController: [0] Remove all timers
06-09 15:34:38.155 347 347 I rockchip-vop2 fdd90000.vop: [drm:vop2_crtc_atomic_disable] Crtc atomic disable vp2
06-09 15:34:38.166 347 347 E rockchip-vop2 fdd90000.vop: [drm:vop2_crtc_atomic_disable] *ERROR* unexpected power on pd7
06-09 15:34:34.464 851 851 D DCT-C-0 : screen off
06-09 15:34:34.464 851 851 D DCT-C-0 : stopNetStatPoll
06-09 15:34:38.517 1 1 I init : processing action (debug.beidou_leavesuspend=*) from (/system/etc/init/hw/init.rc:1293)
06-09 15:34:38.524 460 460 I gsensor_mxc6655 5-0015: set sensor poll time to 200ms
06-09 15:34:38.525 1 1 W : debug.beidou_leavesuspend wakeup
06-09 15:34:38.526 460 460 I gsensor_mxc6655 5-0015: sensor on: starting poll sensor data 196ms
06-09 15:34:34.803 851 851 D RILJ : [0497]> SEND_DEVICE_STATE 2:false [PHONE0]
06-09 15:34:34.804 526 526 D RILC : sendDeviceState: calling screen state 1
06-09 15:34:34.804 526 526 D RILC : onRequest: SCREEN_STATE datalen=4 request_value:61
06-09 15:34:34.804 851 1064 D RILJ : [0497]< SEND_DEVICE_STATE [PHONE0]
06-09 15:34:34.804 851 851 D RILJ : [0498]> SET_UNSOLICITED_RESPONSE_FILTER 127 [PHONE0]
06-09 15:34:34.805 851 1064 D RILJ : [0498]< SET_UNSOLICITED_RESPONSE_FILTER error 6 [PHONE0]
06-09 15:34:34.805 851 1064 D RilRequest: [0498]< SET_UNSOLICITED_RESPONSE_FILTER error: com.android.internal.telephony.CommandException: REQUEST_NOT_SUPPORTED ret= result=null
06-09 15:34:34.807 851 851 E RILJ : setSignalStrengthReportingCriteria ignored on IRadio version less than 1.2 [PHONE0]
06-09 15:34:34.807 851 851 E RILJ : setSignalStrengthReportingCriteria ignored on IRadio version less than 1.2 [PHONE0]
06-09 15:34:34.807 851 851 E RILJ : setSignalStrengthReportingCriteria ignored on IRadio version less than 1.2 [PHONE0]
06-09 15:34:34.808 851 851 D NetworkTypeController: [0] LegacyState: process EVENT_PHYSICAL_CHANNEL_CONFIG_NOTIF_CHANGED
06-09 15:34:34.808 851 851 D NetworkTypeController: [0] Remove all timers
06-09 15:34:34.808 851 851 D NetworkTypeController: [0] DefaultState: process EVENT_PHYSICAL_CHANNEL_CONFIG_NOTIF_CHANGED
06-09 15:34:34.808 851 851 D NetworkTypeController: [0] mIsPhysicalChannelConfigOn changed to: true
06-09 15:34:38.538 439 439 W healthd : battery l=51 v=7602 t=33.5 h=1 st=3 c=-256000 fc=9700000 chg=
06-09 15:34:34.829 851 851 D DCT-C-0 : screen on
06-09 15:34:34.829 851 851 D DCT-C-0 : stopNetStatPoll
06-09 15:34:38.583 347 347 I rockchip-vop2 fdd90000.vop: [drm:vop2_crtc_atomic_enable] Update mode to 1536x2048p55, type: 16(if:60) for vp2 dclk: 192000000
06-09 15:34:38.584 347 347 I rockchip-vop2 fdd90000.vop: [drm:vop2_crtc_atomic_enable] dclk_out2 div: 2 dclk_core2 div: 1
06-09 15:34:38.584 347 347 I rockchip-vop2 fdd90000.vop: [drm:vop2_crtc_atomic_enable] set dclk_vop2 to 96000000, get 96000000
06-09 15:34:38.644 427 427 W : abc audioDBG [es8323_mute] start mute:1
06-09 15:34:38.644 427 427 I [Awinic] [3-0058]aw_acf_get_prof_desc_form_name: get prof desc down
