06-09 15:41:42.635 347 347 I dw-mipi-dsi2 fde20000.dsi: [drm:dw_mipi_dsi2_encoder_enable] final DSI-Link bandwidth: 639999 x 8 Kbps
06-09 15:41:42.728 357 357 E rockchip-vop2 fdd90000.vop: [drm:vop2_wait_power_domain_off] *ERROR* wait pd7 off timeout power_ctrl: 0x7f
06-09 15:41:39.335 526 549 D RILU : find_pci_device is 0
06-09 15:41:39.335 526 549 D RILC : PCI can't find at device
06-09 15:41:39.337 526 549 D RILC : USB can't find at device
06-09 15:41:43.485 427 427 W : abc audioDBG [es8323_mute] start mute:1
06-09 15:41:43.485 427 427 I [Awinic] [3-0058]aw_acf_get_prof_desc_form_name: get prof desc down
06-09 15:41:43.486 427 427 I [Awinic] [3-005b]aw_acf_get_prof_desc_form_name: get prof desc down
06-09 15:41:43.544 1 1 I init : processing action (debug.beidou_entersuspend=*) from (/system/etc/init/hw/init.rc:1286)
06-09 15:41:43.546 1 1 W : debug.beidou_entersuspend $PMTK161,0*28\r\n
06-09 15:41:43.547 1 1 I init : starting service 'gps_suspend'...
06-09 15:41:43.570 1 1 I init : Service 'gps_suspend' (pid 20110) exited with status 0 oneshot service took 0.012000 seconds in background
06-09 15:41:43.570 1 1 I init : Sending signal 9 to service 'gps_suspend' (pid 20110) process group...
06-09 15:41:43.590 18417 18417 W : abc audioDBG [es8323_mute] start mute:0
06-09 15:41:43.600 18417 18417 I [Awinic] [3-0058]aw_acf_get_prof_desc_form_name: get prof desc down
06-09 15:41:43.615 18417 18417 I [Awinic] [3-005b]aw_acf_get_prof_desc_form_name: get prof desc down
06-09 15:41:44.048 444 444 I gsensor_mxc6655 5-0015: set sensor poll time to 200ms
06-09 15:41:44.068 439 439 W healthd : battery l=49 v=7506 t=34.5 h=1 st=3 c=-512000 fc=9700000 chg=
06-09 15:41:40.350 851 851 D RILJ : [0833]> SEND_DEVICE_STATE 2:true [PHONE0]
06-09 15:41:40.351 526 526 D RILC : sendDeviceState: calling screen state 0
06-09 15:41:40.351 526 526 D RILC : onRequest: SCREEN_STATE datalen=4 request_value:61
06-09 15:41:40.351 851 1064 D RILJ : [0833]< SEND_DEVICE_STATE [PHONE0]
06-09 15:41:40.354 851 851 D RILJ : [0834]> SET_UNSOLICITED_RESPONSE_FILTER 32 [PHONE0]
06-09 15:41:40.354 851 1064 D RILJ : [0834]< SET_UNSOLICITED_RESPONSE_FILTER error 6 [PHONE0]
06-09 15:41:40.354 851 1064 D RilRequest: [0834]< SET_UNSOLICITED_RESPONSE_FILTER error: com.android.internal.telephony.CommandException: REQUEST_NOT_SUPPORTED ret= result=null
06-09 15:41:40.356 851 851 E RILJ : setSignalStrengthReportingCriteria ignored on IRadio version less than 1.2 [PHONE0]
06-09 15:41:40.356 851 851 E RILJ : setSignalStrengthReportingCriteria ignored on IRadio version less than 1.2 [PHONE0]
06-09 15:41:40.356 851 851 E RILJ : setSignalStrengthReportingCriteria ignored on IRadio version less than 1.2 [PHONE0]
06-09 15:41:40.356 851 851 D NetworkTypeController: [0] LegacyState: process EVENT_PHYSICAL_CHANNEL_CONFIG_NOTIF_CHANGED
06-09 15:41:40.356 851 851 D NetworkTypeController: [0] Remove all timers
06-09 15:41:40.356 851 851 D NetworkTypeController: [0] DefaultState: process EVENT_PHYSICAL_CHANNEL_CONFIG_NOTIF_CHANGED
06-09 15:41:40.356 851 851 D NetworkTypeController: [0] mIsPhysicalChannelConfigOn changed to: false
06-09 15:41:40.356 851 851 D NetworkTypeController: [0] Remove all timers
06-09 15:41:44.395 347 347 I rockchip-vop2 fdd90000.vop: [drm:vop2_crtc_atomic_disable] Crtc atomic disable vp2
06-09 15:41:44.408 347 347 E rockchip-vop2 fdd90000.vop: [drm:vop2_crtc_atomic_disable] *ERROR* unexpected power on pd7
06-09 15:41:40.753 851 851 D DCT-C-0 : screen off
06-09 15:41:40.753 851 851 D DCT-C-0 : stopNetStatPoll
06-09 15:41:44.607 1 1 W : debug.beidou_leavesuspend wakeup
06-09 15:41:44.612 444 444 I gsensor_mxc6655 5-0015: set sensor poll time to 200ms
06-09 15:41:44.614 444 444 I gsensor_mxc6655 5-0015: sensor on: starting poll sensor data 196ms
06-09 15:41:40.893 851 851 D RILJ : [0835]> SEND_DEVICE_STATE 2:false [PHONE0]
06-09 15:41:40.894 526 526 D RILC : sendDeviceState: calling screen state 1
06-09 15:41:40.894 526 526 D RILC : onRequest: SCREEN_STATE datalen=4 request_value:61
06-09 15:41:40.894 851 1064 D RILJ : [0835]< SEND_DEVICE_STATE [PHONE0]
06-09 15:41:40.897 851 851 D RILJ : [0836]> SET_UNSOLICITED_RESPONSE_FILTER 127 [PHONE0]
06-09 15:41:40.897 851 1064 D RILJ : [0836]< SET_UNSOLICITED_RESPONSE_FILTER error 6 [PHONE0]
06-09 15:41:40.897 851 1064 D RilRequest: [0836]< SET_UNSOLICITED_RESPONSE_FILTER error: com.android.internal.telephony.CommandException: REQUEST_NOT_SUPPORTED ret= result=null
06-09 15:41:40.898 851 851 E RILJ : setSignalStrengthReportingCriteria ignored on IRadio version less than 1.2 [PHONE0]
06-09 15:41:40.898 851 851 E RILJ : setSignalStrengthReportingCriteria ignored on IRadio version less than 1.2 [PHONE0]
06-09 15:41:40.898 851 851 E RILJ : setSignalStrengthReportingCriteria ignored on IRadio version less than 1.2 [PHONE0]
06-09 15:41:40.898 851 851 D NetworkTypeController: [0] LegacyState: process EVENT_PHYSICAL_CHANNEL_CONFIG_NOTIF_CHANGED
06-09 15:41:40.899 851 851 D NetworkTypeController: [0] Remove all timers
06-09 15:41:40.899 851 851 D NetworkTypeController: [0] DefaultState: process EVENT_PHYSICAL_CHANNEL_CONFIG_NOTIF_CHANGED
06-09 15:41:40.899 851 851 D NetworkTypeController: [0] mIsPhysicalChannelConfigOn changed to: true
06-09 15:41:44.623 439 439 W healthd : battery l=49 v=7506 t=34.5 h=1 st=3 c=-512000 fc=9700000 chg=
06-09 15:41:40.915 851 851 D DCT-C-0 : screen on
06-09 15:41:40.915 851 851 D DCT-C-0 : stopNetStatPoll
06-09 15:41:44.672 347 347 I rockchip-vop2 fdd90000.vop: [drm:vop2_crtc_atomic_enable] Update mode to 1536x2048p55, type: 16(if:60) for vp2 dclk: 192000000
06-09 15:41:44.673 347 347 I rockchip-vop2 fdd90000.vop: [drm:vop2_crtc_atomic_enable] dclk_out2 div: 2 dclk_core2 div: 1
06-09 15:41:44.673 347 347 I rockchip-vop2 fdd90000.vop: [drm:vop2_crtc_atomic_enable] set dclk_vop2 to 96000000, get 96000000
06-09 15:41:44.697 444 444 I gsensor_mxc6655 5-0015: set sensor poll time to 66ms
06-09 15:41:45.178 347 347 I dw-mipi-dsi2 fde20000.dsi: [drm:dw_mipi_dsi2_encoder_enable] final DSI-Link bandwidth: 639999 x 8 Kbps
06-09 15:41:45.575 357 357 E rockchip-vop2 fdd90000.vop: [drm:vop2_wait_power_domain_off] *ERROR* wait pd7 off timeout power_ctrl: 0x7a
06-09 15:41:42.338 526 549 D RILU : find_pci_device is 0
06-09 15:41:42.338 526 549 D RILC : PCI can't find at device
06-09 15:41:42.341 526 549 D RILC : USB can't find at device
06-09 15:41:46.156 1 1 I init : processing action (debug.beidou_entersuspend=*) from (/system/etc/init/hw/init.rc:1286)
06-09 15:41:46.157 1 1 W : debug.beidou_entersuspend $PMTK161,0*28\r\n
06-09 15:41:46.157 1 1 I init : starting service 'gps_suspend'...
06-09 15:41:46.190 1 1 I init : Service 'gps_suspend' (pid 20146) exited with status 0 oneshot service took 0.027000 seconds in background
06-09 15:41:46.190 1 1 I init : Sending signal 9 to service 'gps_suspend' (pid 20146) process group...
06-09 15:41:46.191 1 1 I libprocessgroup: Successfully killed process cgroup uid 0 pid 20146 in 0ms
06-09 15:41:46.668 444 444 I gsensor_mxc6655 5-0015: set sensor poll time to 200ms
06-09 15:41:46.672 439 439 W healthd : battery l=49 v=7514 t=34.5 h=1 st=3 c=-512000 fc=9700000 chg=
06-09 15:41:42.958 851 851 D RILJ : [0837]> SEND_DEVICE_STATE 2:true [PHONE0]
06-09 15:41:42.958 526 526 D RILC : sendDeviceState: calling screen state 0
06-09 15:41:42.959 526 526 D RILC : onRequest: SCREEN_STATE datalen=4 request_value:61
06-09 15:41:42.959 851 1064 D RILJ : [0837]< SEND_DEVICE_STATE [PHONE0]
06-09 15:41:42.959 851 851 D RILJ : [0838]> SET_UNSOLICITED_RESPONSE_FILTER 32 [PHONE0]
06-09 15:41:42.960 851 1064 D RILJ : [0838]< SET_UNSOLICITED_RESPONSE_FILTER error 6 [PHONE0]
06-09 15:41:42.960 851 1064 D RilRequest: [0838]< SET_UNSOLICITED_RESPONSE_FILTER error: com.android.internal.telephony.CommandException: REQUEST_NOT_SUPPORTED ret= result=null
06-09 15:41:42.960 851 851 E RILJ : setSignalStrengthReportingCriteria ignored on IRadio version less than 1.2 [PHONE0]
06-09 15:41:42.960 851 851 E RILJ : setSignalStrengthReportingCriteria ignored on IRadio version less than 1.2 [PHONE0]
06-09 15:41:42.960 851 851 E RILJ : setSignalStrengthReportingCriteria ignored on IRadio version less than 1.2 [PHONE0]
06-09 15:41:42.960 851 851 D NetworkTypeController: [0] LegacyState: process EVENT_PHYSICAL_CHANNEL_CONFIG_NOTIF_CHANGED
06-09 15:41:42.960 851 851 D NetworkTypeController: [0] Remove all timers
06-09 15:41:42.960 851 851 D NetworkTypeController: [0] DefaultState: process EVENT_PHYSICAL_CHANNEL_CONFIG_NOTIF_CHANGED
06-09 15:41:42.960 851 851 D NetworkTypeController: [0] mIsPhysicalChannelConfigOn changed to: false
06-09 15:41:42.960 851 851 D NetworkTypeController: [0] Remove all timers
06-09 15:41:47.048 347 347 I rockchip-vop2 fdd90000.vop: [drm:vop2_crtc_atomic_disable] Crtc atomic disable vp2
06-09 15:41:47.060 347 347 E rockchip-vop2 fdd90000.vop: [drm:vop2_crtc_atomic_disable] *ERROR* unexpected power on pd7
06-09 15:41:43.376 851 851 D DCT-C-0 : screen off
06-09 15:41:43.376 851 851 D DCT-C-0 : stopNetStatPoll
06-09 15:41:47.468 544 544 W : abc audioDBG [es8323_mute] start mute:1
06-09 15:41:47.468 544 544 I [Awinic] [3-0058]aw_acf_get_prof_desc_form_name: get prof desc down
06-09 15:41:47.469 544 544 I [Awinic] [3-005b]aw_acf_get_prof_desc_form_name: get prof desc down
06-09 15:41:45.342 526 549 D RILU : find_pci_device is 0
06-09 15:41:45.342 526 549 D RILC : PCI can't find at device
06-09 15:41:45.345 526 549 D RILC : USB can't find at device
06-09 15:41:49.587 1 1 I init : processing action (debug.beidou_leavesuspend=*) from (/system/etc/init/hw/init.rc:1293)
06-09 15:41:45.889 851 851 D RILJ : [0839]> SEND_DEVICE_STATE 2:false [PHONE0]
06-09 15:41:45.890 526 526 D RILC : sendDeviceState: calling screen state 1
06-09 15:41:45.890 526 526 D RILC : onRequest: SCREEN_STATE datalen=4 request_value:61
06-09 15:41:45.890 851 1064 D RILJ : [0839]< SEND_DEVICE_STATE [PHONE0]
06-09 15:41:45.890 851 851 D RILJ : [0840]> SET_UNSOLICITED_RESPONSE_FILTER 127 [PHONE0]
06-09 15:41:45.891 851 1064 D RILJ : [0840]< SET_UNSOLICITED_RESPONSE_FILTER error 6 [PHONE0]
06-09 15:41:45.891 851 1064 D RilRequest: [0840]< SET_UNSOLICITED_RESPONSE_FILTER error: com.android.internal.telephony.CommandException: REQUEST_NOT_SUPPORTED ret= result=null
06-09 15:41:45.891 851 851 E RILJ : setSignalStrengthReportingCriteria ignored on IRadio version less than 1.2 [PHONE0]
06-09 15:41:45.891 851 851 E RILJ : setSignalStrengthReportingCriteria ignored on IRadio version less than 1.2 [PHONE0]
06-09 15:41:45.891 851 851 E RILJ : setSignalStrengthReportingCriteria ignored on IRadio version less than 1.2 [PHONE0]
06-09 15:41:45.892 851 851 D NetworkTypeController: [0] LegacyState: process EVENT_PHYSICAL_CHANNEL_CONFIG_NOTIF_CHANGED
06-09 15:41:45.892 851 851 D NetworkTypeController: [0] Remove all timers
06-09 15:41:45.892 851 851 D NetworkTypeController: [0] DefaultState: process EVENT_PHYSICAL_CHANNEL_CONFIG_NOTIF_CHANGED
06-09 15:41:45.892 851 851 D NetworkTypeController: [0] mIsPhysicalChannelConfigOn changed to: true
06-09 15:41:49.610 1 1 W : debug.beidou_leavesuspend wakeup
06-09 15:41:49.617 444 444 I gsensor_mxc6655 5-0015: set sensor poll time to 200ms
06-09 15:41:49.618 444 444 I gsensor_mxc6655 5-0015: sensor on: starting poll sensor data 196ms
06-09 15:41:49.626 439 439 W healthd : battery l=49 v=7514 t=34.5 h=1 st=3 c=0 fc=9700000 chg=
06-09 15:41:45.933 851 851 D DCT-C-0 : screen on
06-09 15:41:45.933 851 851 D DCT-C-0 : stopNetStatPoll
06-09 15:41:49.670 347 347 I rockchip-vop2 fdd90000.vop: [drm:vop2_crtc_atomic_enable] Update mode to 1536x2048p55, type: 16(if:60) for vp2 dclk: 192000000
06-09 15:41:49.671 347 347 I rockchip-vop2 fdd90000.vop: [drm:vop2_crtc_atomic_enable] dclk_out2 div: 2 dclk_core2 div: 1
06-09 15:41:49.671 347 347 I rockchip-vop2 fdd90000.vop: [drm:vop2_crtc_atomic_enable] set dclk_vop2 to 96000000, get 96000000
06-09 15:41:49.672 444 444 I gsensor_mxc6655 5-0015: set sensor poll time to 66ms
06-09 15:41:49.715 18417 18417 W : abc audioDBG [es8323_mute] start mute:0
06-09 15:41:49.725 18417 18417 I [Awinic] [3-0058]aw_acf_get_prof_desc_form_name: get prof desc down
06-09 15:41:49.739 18417 18417 I [Awinic] [3-005b]aw_acf_get_prof_desc_form_name: get prof desc down
06-09 15:41:50.175 347 347 I dw-mipi-dsi2 fde20000.dsi: [drm:dw_mipi_dsi2_encoder_enable] final DSI-Link bandwidth: 639999 x 8 Kbps
06-09 15:41:50.299 357 357 E rockchip-vop2 fdd90000.vop: [drm:vop2_wait_power_domain_off] *ERROR* wait pd7 off timeout power_ctrl: 0x7a
06-09 15:41:51.059 427 427 W : abc audioDBG [es8323_mute] start mute:1
06-09 15:41:51.059 427 427 I [Awinic] [3-0058]aw_acf_get_prof_desc_form_name: get prof desc down
06-09 15:41:51.059 427 427 I [Awinic] [3-005b]aw_acf_get_prof_desc_form_name: get prof desc down
06-09 15:41:51.167 1 1 I init : processing action (debug.beidou_entersuspend=*) from (/system/etc/init/hw/init.rc:1286)
06-09 15:41:51.169 1 1 W : debug.beidou_entersuspend $PMTK161,0*28\r\n
06-09 15:41:51.170 1 1 I init : starting service 'gps_suspend'...
06-09 15:41:51.182 1 1 I init : Service 'gps_suspend' (pid 20206) exited with status 0 oneshot service took 0.008000 seconds in background
06-09 15:41:51.182 1 1 I init : Sending signal 9 to service 'gps_suspend' (pid 20206) process group...
06-09 15:41:51.183 1 1 I libprocessgroup: Successfully killed process cgroup uid 0 pid 20206 in 0ms
06-09 15:41:51.215 18417 18417 W : abc audioDBG [es8323_mute] start mute:0
06-09 15:41:51.225 18417 18417 I [Awinic] [3-0058]aw_acf_get_prof_desc_form_name: get prof desc down
06-09 15:41:51.241 18417 18417 I [Awinic] [3-005b]aw_acf_get_prof_desc_form_name: get prof desc down
06-09 15:41:51.665 444 444 I gsensor_mxc6655 5-0015: set sensor poll time to 200ms
06-09 15:41:47.965 851 851 D RILJ : [0841]> SEND_DEVICE_STATE 2:true [PHONE0]
06-09 15:41:47.965 526 526 D RILC : sendDeviceState: calling screen state 0
06-09 15:41:47.965 526 526 D RILC : onRequest: SCREEN_STATE datalen=4 request_value:61
06-09 15:41:47.966 851 1064 D RILJ : [0841]< SEND_DEVICE_STATE [PHONE0]
06-09 15:41:47.966 851 851 D RILJ : [0842]> SET_UNSOLICITED_RESPONSE_FILTER 32 [PHONE0]
06-09 15:41:47.966 851 1064 D RILJ : [0842]< SET_UNSOLICITED_RESPONSE_FILTER error 6 [PHONE0]
06-09 15:41:47.966 851 1064 D RilRequest: [0842]< SET_UNSOLICITED_RESPONSE_FILTER error: com.android.internal.telephony.CommandException: REQUEST_NOT_SUPPORTED ret= result=null
06-09 15:41:47.967 851 851 E RILJ : setSignalStrengthReportingCriteria ignored on IRadio version less than 1.2 [PHONE0]
06-09 15:41:47.967 851 851 E RILJ : setSignalStrengthReportingCriteria ignored on IRadio version less than 1.2 [PHONE0]
06-09 15:41:47.967 851 851 E RILJ : setSignalStrengthReportingCriteria ignored on IRadio version less than 1.2 [PHONE0]
06-09 15:41:47.967 851 851 D NetworkTypeController: [0] LegacyState: process EVENT_PHYSICAL_CHANNEL_CONFIG_NOTIF_CHANGED
06-09 15:41:47.967 851 851 D NetworkTypeController: [0] Remove all timers
06-09 15:41:47.967 851 851 D NetworkTypeController: [0] DefaultState: process EVENT_PHYSICAL_CHANNEL_CONFIG_NOTIF_CHANGED
06-09 15:41:47.967 851 851 D NetworkTypeController: [0] mIsPhysicalChannelConfigOn changed to: false
06-09 15:41:47.967 851 851 D NetworkTypeController: [0] Remove all timers
06-09 15:41:51.704 439 439 W healthd : battery l=49 v=7500 t=34.0 h=1 st=3 c=-1024000 fc=9700000 chg=
06-09 15:41:52.008 347 347 I rockchip-vop2 fdd90000.vop: [drm:vop2_crtc_atomic_disable] Crtc atomic disable vp2
06-09 15:41:52.021 347 347 E rockchip-vop2 fdd90000.vop: [drm:vop2_crtc_atomic_disable] *ERROR* unexpected power on pd7
06-09 15:41:48.346 526 549 D RILU : find_pci_device is 0
06-09 15:41:48.346 526 549 D RILC : PCI can't find at device
06-09 15:41:48.348 851 851 D DCT-C-0 : screen off
06-09 15:41:48.349 526 549 D RILC : USB can't find at device
06-09 15:41:48.349 851 851 D DCT-C-0 : stopNetStatPoll
06-09 15:41:52.309 1 1 I init : processing action (debug.beidou_leavesuspend=*) from (/system/etc/init/hw/init.rc:1293)
06-09 15:41:48.598 851 851 D RILJ : [0843]> SEND_DEVICE_STATE 2:false [PHONE0]
06-09 15:41:48.599 526 526 D RILC : sendDeviceState: calling screen state 1
06-09 15:41:48.599 526 526 D RILC : onRequest: SCREEN_STATE datalen=4 request_value:61
06-09 15:41:48.599 851 1064 D RILJ : [0843]< SEND_DEVICE_STATE [PHONE0]
06-09 15:41:48.600 851 851 D RILJ : [0844]> SET_UNSOLICITED_RESPONSE_FILTER 127 [PHONE0]
06-09 15:41:52.311 1 1 W : debug.beidou_leavesuspend wakeup
06-09 15:41:52.323 460 460 I gsensor_mxc6655 5-0015: set sensor poll time to 200ms
06-09 15:41:52.325 460 460 I gsensor_mxc6655 5-0015: sensor on: starting poll sensor data 196ms
06-09 15:41:48.600 851 1064 D RILJ : [0844]< SET_UNSOLICITED_RESPONSE_FILTER error 6 [PHONE0]
06-09 15:41:48.600 851 1064 D RilRequest: [0844]< SET_UNSOLICITED_RESPONSE_FILTER error: com.android.internal.telephony.CommandException: REQUEST_NOT_SUPPORTED ret= result=null
06-09 15:41:48.601 851 851 E RILJ : setSignalStrengthReportingCriteria ignored on IRadio version less than 1.2 [PHONE0]
06-09 15:41:48.601 851 851 E RILJ : setSignalStrengthReportingCriteria ignored on IRadio version less than 1.2 [PHONE0]
06-09 15:41:48.601 851 851 E RILJ : setSignalStrengthReportingCriteria ignored on IRadio version less than 1.2 [PHONE0]
06-09 15:41:48.601 851 851 D NetworkTypeController: [0] LegacyState: process EVENT_PHYSICAL_CHANNEL_CONFIG_NOTIF_CHANGED
06-09 15:41:48.601 851 851 D NetworkTypeController: [0] Remove all timers
06-09 15:41:48.601 851 851 D NetworkTypeController: [0] DefaultState: process EVENT_PHYSICAL_CHANNEL_CONFIG_NOTIF_CHANGED
06-09 15:41:48.602 851 851 D NetworkTypeController: [0] mIsPhysicalChannelConfigOn changed to: true
06-09 15:41:52.340 439 439 W healthd : battery l=49 v=7500 t=34.0 h=1 st=3 c=-256000 fc=9700000 chg=
06-09 15:41:48.624 851 851 D DCT-C-0 : screen on
06-09 15:41:48.624 851 851 D DCT-C-0 : stopNetStatPoll
06-09 15:41:52.374 460 460 I gsensor_mxc6655 5-0015: set sensor poll time to 66ms
06-09 15:41:52.380 347 347 I rockchip-vop2 fdd90000.vop: [drm:vop2_crtc_atomic_enable] Update mode to 1536x2048p55, type: 16(if:60) for vp2 dclk: 192000000
06-09 15:41:52.381 347 347 I rockchip-vop2 fdd90000.vop: [drm:vop2_crtc_atomic_enable] dclk_out2 div: 2 dclk_core2 div: 1
06-09 15:41:52.381 347 347 I rockchip-vop2 fdd90000.vop: [drm:vop2_crtc_atomic_enable] set dclk_vop2 to 96000000, get 96000000
06-09 15:41:52.573 427 427 W : abc audioDBG [es8323_mute] start mute:1
06-09 15:41:52.573 427 427 I [Awinic] [3-0058]aw_acf_get_prof_desc_form_name: get prof desc down
06-09 15:41:52.574 427 427 I [Awinic] [3-005b]aw_acf_get_prof_desc_form_name: get prof desc down
06-09 15:41:52.891 347 347 I dw-mipi-dsi2 fde20000.dsi: [drm:dw_mipi_dsi2_encoder_enable] final DSI-Link bandwidth: 639999 x 8 Kbps
06-09 15:41:52.997 357 357 E rockchip-vop2 fdd90000.vop: [drm:vop2_wait_power_domain_off] *ERROR* wait pd7 off timeout power_ctrl: 0x7f
06-09 15:41:51.349 526 549 D RILU : find_pci_device is 0
06-09 15:41:51.349 526 549 D RILC : PCI can't find at device
06-09 15:41:51.351 526 549 D RILC : USB can't find at device
06-09 15:41:55.095 18417 18417 W : abc audioDBG [es8323_mute] start mute:0
06-09 15:41:55.105 18417 18417 I [Awinic] [3-0058]aw_acf_get_prof_desc_form_name: get prof desc down
06-09 15:41:55.119 18417 18417 I [Awinic] [3-005b]aw_acf_get_prof_desc_form_name: get prof desc down
06-09 15:41:56.417 427 427 W : abc audioDBG [es8323_mute] start mute:1
06-09 15:41:56.417 427 427 I [Awinic] [3-0058]aw_acf_get_prof_desc_form_name: get prof desc down
06-09 15:41:56.418 427 427 I [Awinic] [3-005b]aw_acf_get_prof_desc_form_name: get prof desc down
06-09 15:41:54.352 526 549 D RILU : find_pci_device is 0
06-09 15:41:54.352 526 549 D RILC : PCI can't find at device
06-09 15:41:54.355 526 549 D RILC : USB can't find at device
06-09 15:41:57.356 526 549 D RILU : find_pci_device is 0
06-09 15:41:57.356 526 549 D RILC : PCI can't find at device
06-09 15:41:57.359 526 549 D RILC : USB can't find at device
06-09 15:42:00.360 526 549 D RILU : find_pci_device is 0
06-09 15:42:00.360 526 549 D RILC : PCI can't find at device
06-09 15:42:00.363 526 549 D RILC : USB can't find at device
06-09 15:42:03.364 526 549 D RILU : find_pci_device is 0
06-09 15:42:03.364 526 549 D RILC : PCI can't find at device
06-09 15:42:03.367 526 549 D RILC : USB can't find at device
06-09 15:42:06.367 526 549 D RILU : find_pci_device is 0
06-09 15:42:06.367 526 549 D RILC : PCI can't find at device
06-09 15:42:06.368 526 549 D RILC : USB can't find at device
06-09 15:42:09.369 526 549 D RILU : find_pci_device is 0
06-09 15:42:09.369 526 549 D RILC : PCI can't find at device
06-09 15:42:09.382 526 549 D RILC : USB can't find at device
06-09 15:42:15.762 460 460 I light_ltrx1303 5-0053: set sensor poll time to 200ms
06-09 15:42:15.778 460 460 I light_ltrx1303 5-0053: sensor on: starting poll sensor data 196ms
06-09 15:42:12.383 526 549 D RILU : find_pci_device is 0
06-09 15:42:12.383 526 549 D RILC : PCI can't find at device
06-09 15:42:12.384 526 549 D RILC : USB can't find at device
06-09 15:42:15.387 526 549 D RILU : find_pci_device is 0
06-09 15:42:15.387 526 549 D RILC : PCI can't find at device
06-09 15:42:15.388 526 549 D RILC : USB can't find at device
06-09 15:42:18.389 526 549 D RILU : find_pci_device is 0
06-09 15:42:18.393 526 549 D RILC : PCI can't find at device
06-09 15:42:18.395 526 549 D RILC : USB can't find at device
06-09 15:42:21.398 526 549 D RILU : find_pci_device is 0
06-09 15:42:21.398 526 549 D RILC : PCI can't find at device
06-09 15:42:21.400 526 549 D RILC : USB can't find at device
06-09 15:42:24.400 526 549 D RILU : find_pci_device is 0
06-09 15:42:24.400 526 549 D RILC : PCI can't find at device
06-09 15:42:24.405 526 549 D RILC : USB can't find at device
06-09 15:42:28.867 460 460 I gsensor_mxc6655 5-0015: set sensor poll time to 66ms
06-09 15:42:27.406 526 549 D RILU : find_pci_device is 0
06-09 15:42:27.406 526 549 D RILC : PCI can't find at device
06-09 15:42:27.409 526 549 D RILC : USB can't find at device
06-09 15:42:31.227 460 460 I light_ltrx1303 5-0053: set sensor poll time to 200ms
06-09 15:42:31.245 460 460 I light_ltrx1303 5-0053: sensor on: starting poll sensor data 196ms
06-09 15:42:30.409 526 549 D RILU : find_pci_device is 0
06-09 15:42:30.409 526 549 D RILC : PCI can't find at device
06-09 15:42:30.411 526 549 D RILC : USB can't find at device
06-09 15:42:33.411 526 549 D RILU : find_pci_device is 0
06-09 15:42:33.411 526 549 D RILC : PCI can't find at device
06-09 15:42:33.413 526 549 D RILC : USB can't find at device
06-09 15:42:36.413 526 549 D RILU : find_pci_device is 0
06-09 15:42:36.413 526 549 D RILC : PCI can't find at device
06-09 15:42:36.415 526 549 D RILC : USB can't find at device
06-09 15:42:39.417 526 549 D RILU : find_pci_device is 0
06-09 15:42:39.417 526 549 D RILC : PCI can't find at device
06-09 15:42:39.419 526 549 D RILC : USB can't find at device
06-09 15:42:42.421 526 549 D RILU : find_pci_device is 0
06-09 15:42:42.421 526 549 D RILC : PCI can't find at device
06-09 15:42:42.422 526 549 D RILC : USB can't find at device
06-09 15:42:48.402 460 460 I gsensor_mxc6655 5-0015: set sensor poll time to 66ms
06-09 15:42:45.424 526 549 D RILU : find_pci_device is 0
06-09 15:42:45.424 526 549 D RILC : PCI can't find at device
06-09 15:42:45.427 526 549 D RILC : USB can't find at device
06-09 15:42:48.427 526 549 D RILU : find_pci_device is 0
06-09 15:42:48.427 526 549 D RILC : PCI can't find at device
06-09 15:42:48.430 526 549 D RILC : USB can't find at device
06-09 15:42:51.431 526 549 D RILU : find_pci_device is 0
06-09 15:42:51.431 526 549 D RILC : PCI can't find at device
06-09 15:42:51.434 526 549 D RILC : USB can't find at device
06-09 15:42:54.435 526 549 D RILU : find_pci_device is 0
06-09 15:42:54.435 526 549 D RILC : PCI can't find at device
06-09 15:42:54.438 526 549 D RILC : USB can't find at device
06-09 15:42:57.439 526 549 D RILU : find_pci_device is 0
06-09 15:42:57.439 526 549 D RILC : PCI can't find at device
06-09 15:42:57.442 526 549 D RILC : USB can't find at device
06-09 15:43:00.442 526 549 D RILU : find_pci_device is 0
06-09 15:43:00.442 526 549 D RILC : PCI can't find at device
06-09 15:43:00.443 526 549 D RILC : USB can't find at device
06-09 15:43:05.436 1 1 I init : processing action (debug.beidou_entersuspend=*) from (/system/etc/init/hw/init.rc:1286)
06-09 15:43:05.438 1 1 W : debug.beidou_entersuspend $PMTK161,0*28\r\n
06-09 15:43:05.447 1 1 I init : starting service 'gps_suspend'...
06-09 15:43:05.459 1 1 I init : Service 'gps_suspend' (pid 21191) exited with status 0 oneshot service took 0.006000 seconds in background
06-09 15:43:05.459 1 1 I init : Sending signal 9 to service 'gps_suspend' (pid 21191) process group...
06-09 15:43:05.459 1 1 I libprocessgroup: Successfully killed process cgroup uid 0 pid 21191 in 0ms
06-09 15:43:05.471 18417 18417 W : abc audioDBG [es8323_mute] start mute:0
06-09 15:43:05.482 18417 18417 I [Awinic] [3-0058]aw_acf_get_prof_desc_form_name: get prof desc down
06-09 15:43:05.496 18417 18417 I [Awinic] [3-005b]aw_acf_get_prof_desc_form_name: get prof desc down
06-09 15:43:05.917 460 460 I gsensor_mxc6655 5-0015: set sensor poll time to 200ms
06-09 15:43:05.941 439 439 W healthd : battery l=49 v=7540 t=34.0 h=1 st=3 c=-512000 fc=9700000 chg=
06-09 15:43:02.240 851 851 D RILJ : [0845]> SEND_DEVICE_STATE 2:true [PHONE0]
06-09 15:43:02.240 526 526 D RILC : sendDeviceState: calling screen state 0
06-09 15:43:02.240 526 526 D RILC : onRequest: SCREEN_STATE datalen=4 request_value:61
06-09 15:43:02.241 851 1064 D RILJ : [0845]< SEND_DEVICE_STATE [PHONE0]
06-09 15:43:02.241 851 851 D RILJ : [0846]> SET_UNSOLICITED_RESPONSE_FILTER 32 [PHONE0]
06-09 15:43:02.242 851 1064 D RILJ : [0846]< SET_UNSOLICITED_RESPONSE_FILTER error 6 [PHONE0]
06-09 15:43:02.242 851 1064 D RilRequest: [0846]< SET_UNSOLICITED_RESPONSE_FILTER error: com.android.internal.telephony.CommandException: REQUEST_NOT_SUPPORTED ret= result=null
06-09 15:43:02.242 851 851 E RILJ : setSignalStrengthReportingCriteria ignored on IRadio version less than 1.2 [PHONE0]
06-09 15:43:02.243 851 851 E RILJ : setSignalStrengthReportingCriteria ignored on IRadio version less than 1.2 [PHONE0]
06-09 15:43:02.243 851 851 E RILJ : setSignalStrengthReportingCriteria ignored on IRadio version less than 1.2 [PHONE0]
06-09 15:43:02.243 851 851 D NetworkTypeController: [0] LegacyState: process EVENT_PHYSICAL_CHANNEL_CONFIG_NOTIF_CHANGED
06-09 15:43:02.243 851 851 D NetworkTypeController: [0] Remove all timers
06-09 15:43:02.243 851 851 D NetworkTypeController: [0] DefaultState: process EVENT_PHYSICAL_CHANNEL_CONFIG_NOTIF_CHANGED
06-09 15:43:02.243 851 851 D NetworkTypeController: [0] mIsPhysicalChannelConfigOn changed to: false
06-09 15:43:02.243 851 851 D NetworkTypeController: [0] Remove all timers
06-09 15:43:06.278 347 347 I rockchip-vop2 fdd90000.vop: [drm:vop2_crtc_atomic_disable] Crtc atomic disable vp2
06-09 15:43:06.290 347 347 E rockchip-vop2 fdd90000.vop: [drm:vop2_crtc_atomic_disable] *ERROR* unexpected power on pd7
06-09 15:43:02.621 851 851 D DCT-C-0 : screen off
06-09 15:43:02.621 851 851 D DCT-C-0 : stopNetStatPoll
06-09 15:43:06.851 544 544 W : abc audioDBG [es8323_mute] start mute:1
06-09 15:43:06.851 544 544 I [Awinic] [3-0058]aw_acf_get_prof_desc_form_name: get prof desc down
06-09 15:43:06.852 544 544 I [Awinic] [3-005b]aw_acf_get_prof_desc_form_name: get prof desc down
06-09 15:43:03.444 526 549 D RILU : find_pci_device is 0
06-09 15:43:03.444 526 549 D RILC : PCI can't find at device
06-09 15:43:03.445 526 549 D RILC : USB can't find at device
06-09 15:43:07.839 1 1 I init : processing action (debug.beidou_leavesuspend=*) from (/system/etc/init/hw/init.rc:1293)
06-09 15:43:04.129 851 851 D RILJ : [0847]> SEND_DEVICE_STATE 2:false [PHONE0]
06-09 15:43:04.129 526 526 D RILC : sendDeviceState: calling screen state 1
06-09 15:43:04.129 526 526 D RILC : onRequest: SCREEN_STATE datalen=4 request_value:61
06-09 15:43:04.130 851 1064 D RILJ : [0847]< SEND_DEVICE_STATE [PHONE0]
06-09 15:43:04.130 851 851 D RILJ : [0848]> SET_UNSOLICITED_RESPONSE_FILTER 127 [PHONE0]
06-09 15:43:04.131 851 851 E RILJ : setSignalStrengthReportingCriteria ignored on IRadio version less than 1.2 [PHONE0]
06-09 15:43:04.131 851 851 E RILJ : setSignalStrengthReportingCriteria ignored on IRadio version less than 1.2 [PHONE0]
06-09 15:43:04.132 851 851 E RILJ : setSignalStrengthReportingCriteria ignored on IRadio version less than 1.2 [PHONE0]
06-09 15:43:04.132 851 1064 D RILJ : [0848]< SET_UNSOLICITED_RESPONSE_FILTER error 6 [PHONE0]
06-09 15:43:04.132 851 851 D NetworkTypeController: [0] LegacyState: process EVENT_PHYSICAL_CHANNEL_CONFIG_NOTIF_CHANGED
06-09 15:43:04.132 851 1064 D RilRequest: [0848]< SET_UNSOLICITED_RESPONSE_FILTER error: com.android.internal.telephony.CommandException: REQUEST_NOT_SUPPORTED ret= result=null
06-09 15:43:04.132 851 851 D NetworkTypeController: [0] Remove all timers
06-09 15:43:04.132 851 851 D NetworkTypeController: [0] DefaultState: process EVENT_PHYSICAL_CHANNEL_CONFIG_NOTIF_CHANGED
06-09 15:43:04.132 851 851 D NetworkTypeController: [0] mIsPhysicalChannelConfigOn changed to: true
06-09 15:43:07.842 1 1 W : debug.beidou_leavesuspend wakeup
06-09 15:43:07.865 444 444 I gsensor_mxc6655 5-0015: set sensor poll time to 200ms
06-09 15:43:07.867 444 444 I gsensor_mxc6655 5-0015: sensor on: starting poll sensor data 196ms
06-09 15:43:07.884 439 439 W healthd : battery l=49 v=7576 t=33.5 h=1 st=3 c=0 fc=9700000 chg=
06-09 15:43:07.914 347 347 I rockchip-vop2 fdd90000.vop: [drm:vop2_crtc_atomic_enable] Update mode to 1536x2048p55, type: 16(if:60) for vp2 dclk: 192000000
06-09 15:43:07.915 347 347 I rockchip-vop2 fdd90000.vop: [drm:vop2_crtc_atomic_enable] dclk_out2 div: 2 dclk_core2 div: 1
06-09 15:43:07.915 347 347 I rockchip-vop2 fdd90000.vop: [drm:vop2_crtc_atomic_enable] set dclk_vop2 to 96000000, get 96000000
06-09 15:43:04.199 851 851 D DCT-C-0 : screen on
06-09 15:43:04.199 851 851 D DCT-C-0 : stopNetStatPoll
06-09 15:43:07.954 18417 18417 W : abc audioDBG [es8323_mute] start mute:0
06-09 15:43:07.964 18417 18417 I [Awinic] [3-0058]aw_acf_get_prof_desc_form_name: get prof desc down
06-09 15:43:07.978 18417 18417 I [Awinic] [3-005b]aw_acf_get_prof_desc_form_name: get prof desc down
06-09 15:43:08.004 444 444 I gsensor_mxc6655 5-0015: set sensor poll time to 66ms
06-09 15:43:08.425 347 347 I dw-mipi-dsi2 fde20000.dsi: [drm:dw_mipi_dsi2_encoder_enable] final DSI-Link bandwidth: 639999 x 8 Kbps
06-09 15:43:08.780 357 357 E rockchip-vop2 fdd90000.vop: [drm:vop2_wait_power_domain_off] *ERROR* wait pd7 off timeout power_ctrl: 0x7a
06-09 15:43:09.276 544 544 W : abc audioDBG [es8323_mute] start mute:1
06-09 15:43:09.276 544 544 I [Awinic] [3-0058]aw_acf_get_prof_desc_form_name: get prof desc down
06-09 15:43:09.276 544 544 I [Awinic] [3-005b]aw_acf_get_prof_desc_form_name: get prof desc down
06-09 15:43:06.445 526 549 D RILU : find_pci_device is 0
06-09 15:43:06.445 526 549 D RILC : PCI can't find at device
06-09 15:43:06.448 526 549 D RILC : USB can't find at device
06-09 15:43:12.470 1 1 I init : processing action (debug.beidou_entersuspend=*) from (/system/etc/init/hw/init.rc:1286)
06-09 15:43:12.474 1 1 W : debug.beidou_entersuspend $PMTK161,0*28\r\n
06-09 15:43:12.475 1 1 I init : starting service 'gps_suspend'...
06-09 15:43:12.494 1 1 I init : Service 'gps_suspend' (pid 21278) exited with status 0 oneshot service took 0.007000 seconds in background
06-09 15:43:12.494 1 1 I init : Sending signal 9 to service 'gps_suspend' (pid 21278) process group...
06-09 15:43:12.494 1 1 I libprocessgroup: Successfully killed process cgroup uid 0 pid 21278 in 0ms
06-09 15:43:12.513 18417 18417 W : abc audioDBG [es8323_mute] start mute:0
06-09 15:43:12.523 18417 18417 I [Awinic] [3-0058]aw_acf_get_prof_desc_form_name: get prof desc down
06-09 15:43:12.537 18417 18417 I [Awinic] [3-005b]aw_acf_get_prof_desc_form_name: get prof desc down
06-09 15:43:12.996 439 439 W healthd : battery l=49 v=7504 t=34.0 h=1 st=3 c=-768000 fc=9700000 chg=
06-09 15:43:13.000 444 444 I gsensor_mxc6655 5-0015: set sensor poll time to 200ms
06-09 15:43:09.314 851 851 D RILJ : [0849]> SEND_DEVICE_STATE 2:true [PHONE0]
06-09 15:43:09.314 526 526 D RILC : sendDeviceState: calling screen state 0
06-09 15:43:09.314 526 526 D RILC : onRequest: SCREEN_STATE datalen=4 request_value:61
06-09 15:43:09.315 851 1064 D RILJ : [0849]< SEND_DEVICE_STATE [PHONE0]
06-09 15:43:09.315 851 851 D RILJ : [0850]> SET_UNSOLICITED_RESPONSE_FILTER 32 [PHONE0]
06-09 15:43:09.315 851 1064 D RILJ : [0850]< SET_UNSOLICITED_RESPONSE_FILTER error 6 [PHONE0]
06-09 15:43:09.316 851 1064 D RilRequest: [0850]< SET_UNSOLICITED_RESPONSE_FILTER error: com.android.internal.telephony.CommandException: REQUEST_NOT_SUPPORTED ret= result=null
06-09 15:43:09.318 851 851 E RILJ : setSignalStrengthReportingCriteria ignored on IRadio version less than 1.2 [PHONE0]
06-09 15:43:09.318 851 851 E RILJ : setSignalStrengthReportingCriteria ignored on IRadio version less than 1.2 [PHONE0]
06-09 15:43:09.318 851 851 E RILJ : setSignalStrengthReportingCriteria ignored on IRadio version less than 1.2 [PHONE0]
06-09 15:43:09.318 851 851 D NetworkTypeController: [0] LegacyState: process EVENT_PHYSICAL_CHANNEL_CONFIG_NOTIF_CHANGED
06-09 15:43:09.318 851 851 D NetworkTypeController: [0] Remove all timers
06-09 15:43:09.318 851 851 D NetworkTypeController: [0] DefaultState: process EVENT_PHYSICAL_CHANNEL_CONFIG_NOTIF_CHANGED
06-09 15:43:09.318 851 851 D NetworkTypeController: [0] mIsPhysicalChannelConfigOn changed to: false
06-09 15:43:09.318 851 851 D NetworkTypeController: [0] Remove all timers
06-09 15:43:09.448 526 549 D RILU : find_pci_device is 0
06-09 15:43:09.448 526 549 D RILC : PCI can't find at device
06-09 15:43:09.449 526 549 D RILC : USB can't find at device
06-09 15:43:13.352 347 347 I rockchip-vop2 fdd90000.vop: [drm:vop2_crtc_atomic_disable] Crtc atomic disable vp2
06-09 15:43:13.362 347 347 E rockchip-vop2 fdd90000.vop: [drm:vop2_crtc_atomic_disable] *ERROR* unexpected power on pd7
06-09 15:43:09.692 851 851 D DCT-C-0 : screen off
06-09 15:43:09.692 851 851 D DCT-C-0 : stopNetStatPoll
06-09 15:43:13.702 1 1 I init : processing action (debug.beidou_leavesuspend=*) from (/system/etc/init/hw/init.rc:1293)
06-09 15:43:13.703 1 1 W : debug.beidou_leavesuspend wakeup
06-09 15:43:13.709 444 444 I gsensor_mxc6655 5-0015: set sensor poll time to 200ms
06-09 15:43:13.710 444 444 I gsensor_mxc6655 5-0015: sensor on: starting poll sensor data 196ms
06-09 15:43:10.006 851 851 D RILJ : [0851]> SEND_DEVICE_STATE 2:false [PHONE0]
06-09 15:43:10.006 526 526 D RILC : sendDeviceState: calling screen state 1
06-09 15:43:10.007 526 526 D RILC : onRequest: SCREEN_STATE datalen=4 request_value:61
06-09 15:43:10.007 851 1064 D RILJ : [0851]< SEND_DEVICE_STATE [PHONE0]
06-09 15:43:10.009 851 851 D RILJ : [0852]> SET_UNSOLICITED_RESPONSE_FILTER 127 [PHONE0]
06-09 15:43:10.012 851 1064 D RILJ : [0852]< SET_UNSOLICITED_RESPONSE_FILTER error 6 [PHONE0]
06-09 15:43:10.012 851 1064 D RilRequest: [0852]< SET_UNSOLICITED_RESPONSE_FILTER error: com.android.internal.telephony.CommandException: REQUEST_NOT_SUPPORTED ret= result=null
06-09 15:43:10.015 851 851 E RILJ : setSignalStrengthReportingCriteria ignored on IRadio version less than 1.2 [PHONE0]
06-09 15:43:10.015 851 851 E RILJ : setSignalStrengthReportingCriteria ignored on IRadio version less than 1.2 [PHONE0]
06-09 15:43:10.015 851 851 E RILJ : setSignalStrengthReportingCriteria ignored on IRadio version less than 1.2 [PHONE0]
06-09 15:43:10.015 851 851 D NetworkTypeController: [0] LegacyState: process EVENT_PHYSICAL_CHANNEL_CONFIG_NOTIF_CHANGED
06-09 15:43:10.015 851 851 D NetworkTypeController: [0] Remove all timers
06-09 15:43:10.015 851 851 D NetworkTypeController: [0] DefaultState: process EVENT_PHYSICAL_CHANNEL_CONFIG_NOTIF_CHANGED
06-09 15:43:10.016 851 851 D NetworkTypeController: [0] mIsPhysicalChannelConfigOn changed to: true
06-09 15:43:13.758 439 439 W healthd : battery l=49 v=7504 t=34.0 h=1 st=3 c=-256000 fc=9700000 chg=
06-09 15:43:10.036 851 851 D DCT-C-0 : screen on
06-09 15:43:10.036 851 851 D DCT-C-0 : stopNetStatPoll
06-09 15:43:13.773 347 347 I rockchip-vop2 fdd90000.vop: [drm:vop2_crtc_atomic_enable] Update mode to 1536x2048p55, type: 16(if:60) for vp2 dclk: 192000000
06-09 15:43:13.774 347 347 I rockchip-vop2 fdd90000.vop: [drm:vop2_crtc_atomic_enable] dclk_out2 div: 2 dclk_core2 div: 1
06-09 15:43:13.774 347 347 I rockchip-vop2 fdd90000.vop: [drm:vop2_crtc_atomic_enable] set dclk_vop2 to 96000000, get 96000000
06-09 15:43:13.849 444 444 I gsensor_mxc6655 5-0015: set sensor poll time to 66ms
06-09 15:43:14.278 347 347 I dw-mipi-dsi2 fde20000.dsi: [drm:dw_mipi_dsi2_encoder_enable] final DSI-Link bandwidth: 639999 x 8 Kbps
06-09 15:43:14.378 357 357 E rockchip-vop2 fdd90000.vop: [drm:vop2_wait_power_domain_off] *ERROR* wait pd7 off timeout power_ctrl: 0x7f
06-09 15:43:15.159 427 427 W : abc audioDBG [es8323_mute] start mute:1
06-09 15:43:15.159 427 427 I [Awinic] [3-0058]aw_acf_get_prof_desc_form_name: get prof desc down
06-09 15:43:15.160 427 427 I [Awinic] [3-005b]aw_acf_get_prof_desc_form_name: get prof desc down
06-09 15:43:15.724 1 1 I init : processing action (debug.beidou_entersuspend=*) from (/system/etc/init/hw/init.rc:1286)
06-09 15:43:15.725 1 1 W : debug.beidou_entersuspend $PMTK161,0*28\r\n
06-09 15:43:15.726 1 1 I init : starting service 'gps_suspend'...
06-09 15:43:15.744 1 1 I init : Service 'gps_suspend' (pid 21312) exited with status 0 oneshot service took 0.012000 seconds in background
06-09 15:43:15.745 1 1 I init : Sending signal 9 to service 'gps_suspend' (pid 21312) process group...
06-09 15:43:15.761 18417 18417 W : abc audioDBG [es8323_mute] start mute:0
06-09 15:43:15.771 18417 18417 I [Awinic] [3-0058]aw_acf_get_prof_desc_form_name: get prof desc down
06-09 15:43:15.785 18417 18417 I [Awinic] [3-005b]aw_acf_get_prof_desc_form_name: get prof desc down
06-09 15:43:12.450 526 549 D RILU : find_pci_device is 0
06-09 15:43:12.450 526 549 D RILC : PCI can't find at device
06-09 15:43:12.452 526 549 D RILC : USB can't find at device
06-09 15:43:16.200 460 460 I gsensor_mxc6655 5-0015: set sensor poll time to 200ms
06-09 15:43:12.493 851 851 D RILJ : [0853]> SEND_DEVICE_STATE 2:true [PHONE0]
06-09 15:43:12.493 526 526 D RILC : sendDeviceState: calling screen state 0
06-09 15:43:12.493 526 526 D RILC : onRequest: SCREEN_STATE datalen=4 request_value:61
06-09 15:43:12.494 851 851 D RILJ : [0854]> SET_UNSOLICITED_RESPONSE_FILTER 32 [PHONE0]
06-09 15:43:12.494 851 1064 D RILJ : [0853]< SEND_DEVICE_STATE [PHONE0]
06-09 15:43:12.494 851 1064 D RILJ : [0854]< SET_UNSOLICITED_RESPONSE_FILTER error 6 [PHONE0]
06-09 15:43:12.494 851 1064 D RilRequest: [0854]< SET_UNSOLICITED_RESPONSE_FILTER error: com.android.internal.telephony.CommandException: REQUEST_NOT_SUPPORTED ret= result=null
06-09 15:43:12.494 851 851 E RILJ : setSignalStrengthReportingCriteria ignored on IRadio version less than 1.2 [PHONE0]
06-09 15:43:12.494 851 851 E RILJ : setSignalStrengthReportingCriteria ignored on IRadio version less than 1.2 [PHONE0]
06-09 15:43:12.494 851 851 E RILJ : setSignalStrengthReportingCriteria ignored on IRadio version less than 1.2 [PHONE0]
06-09 15:43:12.494 851 851 D NetworkTypeController: [0] LegacyState: process EVENT_PHYSICAL_CHANNEL_CONFIG_NOTIF_CHANGED
06-09 15:43:12.494 851 851 D NetworkTypeController: [0] Remove all timers
06-09 15:43:12.494 851 851 D NetworkTypeController: [0] DefaultState: process EVENT_PHYSICAL_CHANNEL_CONFIG_NOTIF_CHANGED
06-09 15:43:12.494 851 851 D NetworkTypeController: [0] mIsPhysicalChannelConfigOn changed to: false
06-09 15:43:12.494 851 851 D NetworkTypeController: [0] Remove all timers
06-09 15:43:16.234 439 439 W healthd : battery l=49 v=7504 t=34.0 h=1 st=3 c=-512000 fc=9700000 chg=
06-09 15:43:16.548 347 347 I rockchip-vop2 fdd90000.vop: [drm:vop2_crtc_atomic_disable] Crtc atomic disable vp2
06-09 15:43:16.562 347 347 E rockchip-vop2 fdd90000.vop: [drm:vop2_crtc_atomic_disable] *ERROR* unexpected power on pd7
06-09 15:43:12.871 851 851 D DCT-C-0 : screen off
06-09 15:43:12.871 851 851 D DCT-C-0 : stopNetStatPoll
06-09 15:43:17.113 427 427 W : abc audioDBG [es8323_mute] start mute:1
06-09 15:43:17.113 427 427 I [Awinic] [3-0058]aw_acf_get_prof_desc_form_name: get prof desc down
06-09 15:43:17.114 427 427 I [Awinic] [3-005b]aw_acf_get_prof_desc_form_name: get prof desc down
06-09 15:43:17.553 1 1 I init : processing action (debug.beidou_leavesuspend=*) from (/system/etc/init/hw/init.rc:1293)
06-09 15:43:13.843 851 851 D RILJ : [0855]> SEND_DEVICE_STATE 2:false [PHONE0]
06-09 15:43:13.844 526 526 D RILC : sendDeviceState: calling screen state 1
06-09 15:43:13.844 526 526 D RILC : onRequest: SCREEN_STATE datalen=4 request_value:61
06-09 15:43:13.844 851 1064 D RILJ : [0855]< SEND_DEVICE_STATE [PHONE0]
06-09 15:43:13.845 851 851 D RILJ : [0856]> SET_UNSOLICITED_RESPONSE_FILTER 127 [PHONE0]
06-09 15:43:13.845 851 1064 D RILJ : [0856]< SET_UNSOLICITED_RESPONSE_FILTER error 6 [PHONE0]
06-09 15:43:13.845 851 1064 D RilRequest: [0856]< SET_UNSOLICITED_RESPONSE_FILTER error: com.android.internal.telephony.CommandException: REQUEST_NOT_SUPPORTED ret= result=null
06-09 15:43:13.846 851 851 E RILJ : setSignalStrengthReportingCriteria ignored on IRadio version less than 1.2 [PHONE0]
06-09 15:43:13.846 851 851 E RILJ : setSignalStrengthReportingCriteria ignored on IRadio version less than 1.2 [PHONE0]
06-09 15:43:13.846 851 851 E RILJ : setSignalStrengthReportingCriteria ignored on IRadio version less than 1.2 [PHONE0]
06-09 15:43:13.846 851 851 D NetworkTypeController: [0] LegacyState: process EVENT_PHYSICAL_CHANNEL_CONFIG_NOTIF_CHANGED
06-09 15:43:13.846 851 851 D NetworkTypeController: [0] Remove all timers
06-09 15:43:13.846 851 851 D NetworkTypeController: [0] DefaultState: process EVENT_PHYSICAL_CHANNEL_CONFIG_NOTIF_CHANGED
06-09 15:43:13.846 851 851 D NetworkTypeController: [0] mIsPhysicalChannelConfigOn changed to: true
06-09 15:43:17.555 1 1 W : debug.beidou_leavesuspend wakeup
06-09 15:43:17.577 460 460 I gsensor_mxc6655 5-0015: set sensor poll time to 200ms
06-09 15:43:17.578 460 460 I gsensor_mxc6655 5-0015: sensor on: starting poll sensor data 196ms
06-09 15:43:17.602 439 439 W healthd : battery l=49 v=7504 t=34.0 h=1 st=3 c=0 fc=9700000 chg=
06-09 15:43:13.890 851 851 D DCT-C-0 : screen on
06-09 15:43:13.890 851 851 D DCT-C-0 : stopNetStatPoll
06-09 15:43:17.619 347 347 I rockchip-vop2 fdd90000.vop: [drm:vop2_crtc_atomic_enable] Update mode to 1536x2048p55, type: 16(if:60) for vp2 dclk: 192000000
06-09 15:43:17.620 347 347 I rockchip-vop2 fdd90000.vop: [drm:vop2_crtc_atomic_enable] dclk_out2 div: 2 dclk_core2 div: 1
06-09 15:43:17.620 347 347 I rockchip-vop2 fdd90000.vop: [drm:vop2_crtc_atomic_enable] set dclk_vop2 to 96000000, get 96000000
06-09 15:43:17.711 18417 18417 W : abc audioDBG [es8323_mute] start mute:0
06-09 15:43:17.721 18417 18417 I [Awinic] [3-0058]aw_acf_get_prof_desc_form_name: get prof desc down
06-09 15:43:17.725 460 460 I gsensor_mxc6655 5-0015: set sensor poll time to 66ms
06-09 15:43:17.736 18417 18417 I [Awinic] [3-005b]aw_acf_get_prof_desc_form_name: get prof desc down
06-09 15:43:18.125 347 347 I dw-mipi-dsi2 fde20000.dsi: [drm:dw_mipi_dsi2_encoder_enable] final DSI-Link bandwidth: 639999 x 8 Kbps
06-09 15:43:18.486 357 357 E rockchip-vop2 fdd90000.vop: [drm:vop2_wait_power_domain_off] *ERROR* wait pd7 off timeout power_ctrl: 0x7a
06-09 15:43:19.058 427 427 W : abc audioDBG [es8323_mute] start mute:1
06-09 15:43:19.058 427 427 I [Awinic] [3-0058]aw_acf_get_prof_desc_form_name: get prof desc down
06-09 15:43:19.058 427 427 I [Awinic] [3-005b]aw_acf_get_prof_desc_form_name: get prof desc down
06-09 15:43:15.452 526 549 D RILU : find_pci_device is 0
06-09 15:43:15.452 526 549 D RILC : PCI can't find at device
06-09 15:43:15.454 526 549 D RILC : USB can't find at device
06-09 15:43:19.654 1 1 I init : processing action (debug.beidou_entersuspend=*) from (/system/etc/init/hw/init.rc:1286)
06-09 15:43:19.656 1 1 W : debug.beidou_entersuspend $PMTK161,0*28\r\n
06-09 15:43:19.657 1 1 I init : starting service 'gps_suspend'...
06-09 15:43:19.682 1 1 I init : Service 'gps_suspend' (pid 21373) exited with status 0 oneshot service took 0.006000 seconds in background
06-09 15:43:19.682 1 1 I init : Sending signal 9 to service 'gps_suspend' (pid 21373) process group...
06-09 15:43:19.682 1 1 I libprocessgroup: Successfully killed process cgroup uid 0 pid 21373 in 0ms
06-09 15:43:19.702 18417 18417 W : abc audioDBG [es8323_mute] start mute:0
06-09 15:43:19.712 18417 18417 I [Awinic] [3-0058]aw_acf_get_prof_desc_form_name: get prof desc down
06-09 15:43:19.727 18417 18417 I [Awinic] [3-005b]aw_acf_get_prof_desc_form_name: get prof desc down
06-09 15:43:20.152 444 444 I gsensor_mxc6655 5-0015: set sensor poll time to 200ms
06-09 15:43:16.449 851 851 D RILJ : [0857]> SEND_DEVICE_STATE 2:true [PHONE0]
06-09 15:43:16.449 526 526 D RILC : sendDeviceState: calling screen state 0
06-09 15:43:16.450 526 526 D RILC : onRequest: SCREEN_STATE datalen=4 request_value:61
06-09 15:43:16.450 851 851 D RILJ : [0858]> SET_UNSOLICITED_RESPONSE_FILTER 32 [PHONE0]
06-09 15:43:16.451 851 1064 D RILJ : [0857]< SEND_DEVICE_STATE [PHONE0]
06-09 15:43:16.452 851 851 E RILJ : setSignalStrengthReportingCriteria ignored on IRadio version less than 1.2 [PHONE0]
06-09 15:43:16.452 851 851 E RILJ : setSignalStrengthReportingCriteria ignored on IRadio version less than 1.2 [PHONE0]
06-09 15:43:16.452 851 851 E RILJ : setSignalStrengthReportingCriteria ignored on IRadio version less than 1.2 [PHONE0]
06-09 15:43:16.452 851 851 D NetworkTypeController: [0] LegacyState: process EVENT_PHYSICAL_CHANNEL_CONFIG_NOTIF_CHANGED
06-09 15:43:16.452 851 851 D NetworkTypeController: [0] Remove all timers
06-09 15:43:16.452 851 851 D NetworkTypeController: [0] DefaultState: process EVENT_PHYSICAL_CHANNEL_CONFIG_NOTIF_CHANGED
06-09 15:43:16.452 851 851 D NetworkTypeController: [0] mIsPhysicalChannelConfigOn changed to: false
06-09 15:43:16.452 851 851 D NetworkTypeController: [0] Remove all timers
06-09 15:43:16.454 851 1064 D RILJ : [0858]< SET_UNSOLICITED_RESPONSE_FILTER error 6 [PHONE0]
06-09 15:43:16.454 851 1064 D RilRequest: [0858]< SET_UNSOLICITED_RESPONSE_FILTER error: com.android.internal.telephony.CommandException: REQUEST_NOT_SUPPORTED ret= result=null
06-09 15:43:20.179 439 439 W healthd : battery l=49 v=7556 t=33.5 h=1 st=3 c=-768000 fc=9700000 chg=
06-09 15:43:20.521 347 347 I rockchip-vop2 fdd90000.vop: [drm:vop2_crtc_atomic_disable] Crtc atomic disable vp2
06-09 15:43:20.536 347 347 E rockchip-vop2 fdd90000.vop: [drm:vop2_crtc_atomic_disable] *ERROR* unexpected power on pd7
06-09 15:43:16.855 851 851 D DCT-C-0 : screen off
06-09 15:43:16.855 851 851 D DCT-C-0 : stopNetStatPoll
06-09 15:43:20.778 1 1 I init : processing action (debug.beidou_leavesuspend=*) from (/system/etc/init/hw/init.rc:1293)
06-09 15:43:17.072 851 851 D RILJ : [0859]> SEND_DEVICE_STATE 2:false [PHONE0]
06-09 15:43:17.072 526 526 D RILC : sendDeviceState: calling screen state 1
06-09 15:43:17.072 526 526 D RILC : onRequest: SCREEN_STATE datalen=4 request_value:61
06-09 15:43:17.073 851 1064 D RILJ : [0859]< SEND_DEVICE_STATE [PHONE0]
06-09 15:43:20.793 1 1 W : debug.beidou_leavesuspend wakeup
06-09 15:43:20.799 444 444 I gsensor_mxc6655 5-0015: set sensor poll time to 200ms
06-09 15:43:20.800 444 444 I gsensor_mxc6655 5-0015: sensor on: starting poll sensor data 196ms
06-09 15:43:17.074 851 851 D RILJ : [0860]> SET_UNSOLICITED_RESPONSE_FILTER 127 [PHONE0]
06-09 15:43:17.074 851 1064 D RILJ : [0860]< SET_UNSOLICITED_RESPONSE_FILTER error 6 [PHONE0]
06-09 15:43:17.075 851 1064 D RilRequest: [0860]< SET_UNSOLICITED_RESPONSE_FILTER error: com.android.internal.telephony.CommandException: REQUEST_NOT_SUPPORTED ret= result=null
06-09 15:43:17.085 851 851 E RILJ : setSignalStrengthReportingCriteria ignored on IRadio version less than 1.2 [PHONE0]
06-09 15:43:17.085 851 851 E RILJ : setSignalStrengthReportingCriteria ignored on IRadio version less than 1.2 [PHONE0]
06-09 15:43:17.085 851 851 E RILJ : setSignalStrengthReportingCriteria ignored on IRadio version less than 1.2 [PHONE0]
06-09 15:43:17.085 851 851 D NetworkTypeController: [0] LegacyState: process EVENT_PHYSICAL_CHANNEL_CONFIG_NOTIF_CHANGED
06-09 15:43:17.085 851 851 D NetworkTypeController: [0] Remove all timers
06-09 15:43:17.085 851 851 D NetworkTypeController: [0] DefaultState: process EVENT_PHYSICAL_CHANNEL_CONFIG_NOTIF_CHANGED
06-09 15:43:17.085 851 851 D NetworkTypeController: [0] mIsPhysicalChannelConfigOn changed to: true
06-09 15:43:20.830 439 439 W healthd : battery l=49 v=7556 t=33.5 h=1 st=3 c=-768000 fc=9700000 chg=
06-09 15:43:17.112 851 851 D DCT-C-0 : screen on
06-09 15:43:17.112 851 851 D DCT-C-0 : stopNetStatPoll
06-09 15:43:20.850 347 347 I rockchip-vop2 fdd90000.vop: [drm:vop2_crtc_atomic_enable] Update mode to 1536x2048p55, type: 16(if:60) for vp2 dclk: 192000000
06-09 15:43:20.851 347 347 I rockchip-vop2 fdd90000.vop: [drm:vop2_crtc_atomic_enable] dclk_out2 div: 2 dclk_core2 div: 1
06-09 15:43:20.851 347 347 I rockchip-vop2 fdd90000.vop: [drm:vop2_crtc_atomic_enable] set dclk_vop2 to 96000000, get 96000000
06-09 15:43:20.894 444 444 I gsensor_mxc6655 5-0015: set sensor poll time to 66ms
06-09 15:43:21.361 347 347 I dw-mipi-dsi2 fde20000.dsi: [drm:dw_mipi_dsi2_encoder_enable] final DSI-Link bandwidth: 639999 x 8 Kbps
06-09 15:43:21.461 357 357 E rockchip-vop2 fdd90000.vop: [drm:vop2_wait_power_domain_off] *ERROR* wait pd7 off timeout power_ctrl: 0x7f
06-09 15:43:18.455 526 549 D RILU : find_pci_device is 0
06-09 15:43:18.456 526 549 D RILC : PCI can't find at device
06-09 15:43:18.458 526 549 D RILC : USB can't find at device
06-09 15:43:22.256 427 427 W : abc audioDBG [es8323_mute] start mute:1
