06-09 15:24:27.173 1 1 W : debug.beidou_entersuspend $PMTK161,0*28\r\n
06-09 15:24:27.174 1 1 I init : starting service 'gps_suspend'...
06-09 15:24:27.187 1 1 I init : Service 'gps_suspend' (pid 6184) exited with status 0 oneshot service took 0.007000 seconds in background
06-09 15:24:27.187 1 1 I init : Sending signal 9 to service 'gps_suspend' (pid 6184) process group...
06-09 15:24:27.205 18417 18417 W : abc audioDBG [es8323_mute] start mute:0
06-09 15:24:27.215 18417 18417 I [Awinic] [3-0058]aw_acf_get_prof_desc_form_name: get prof desc down
06-09 15:24:27.230 18417 18417 I [Awinic] [3-005b]aw_acf_get_prof_desc_form_name: get prof desc down
06-09 15:24:27.685 460 460 I gsensor_mxc6655 5-0015: set sensor poll time to 200ms
06-09 15:24:23.980 851 851 D RILJ : [0142]> SEND_DEVICE_STATE 2:true [PHONE0]
06-09 15:24:23.980 526 526 D RILC : sendDeviceState: calling screen state 0
06-09 15:24:23.980 526 526 D RILC : onRequest: SCREEN_STATE datalen=4 request_value:61
06-09 15:24:23.980 851 1064 D RILJ : [0142]< SEND_DEVICE_STATE [PHONE0]
06-09 15:24:23.981 851 851 D RILJ : [0143]> SET_UNSOLICITED_RESPONSE_FILTER 32 [PHONE0]
06-09 15:24:23.981 851 1064 D RILJ : [0143]< SET_UNSOLICITED_RESPONSE_FILTER error 6 [PHONE0]
06-09 15:24:23.981 851 1064 D RilRequest: [0143]< SET_UNSOLICITED_RESPONSE_FILTER error: com.android.internal.telephony.CommandException: REQUEST_NOT_SUPPORTED ret= result=null
06-09 15:24:23.992 851 851 E RILJ : setSignalStrengthReportingCriteria ignored on IRadio version less than 1.2 [PHONE0]
06-09 15:24:23.993 851 851 E RILJ : setSignalStrengthReportingCriteria ignored on IRadio version less than 1.2 [PHONE0]
06-09 15:24:23.993 851 851 E RILJ : setSignalStrengthReportingCriteria ignored on IRadio version less than 1.2 [PHONE0]
06-09 15:24:23.993 851 851 D NetworkTypeController: [0] LegacyState: process EVENT_PHYSICAL_CHANNEL_CONFIG_NOTIF_CHANGED
06-09 15:24:23.993 851 851 D NetworkTypeController: [0] Remove all timers
06-09 15:24:23.993 851 851 D NetworkTypeController: [0] DefaultState: process EVENT_PHYSICAL_CHANNEL_CONFIG_NOTIF_CHANGED
06-09 15:24:23.993 851 851 D NetworkTypeController: [0] mIsPhysicalChannelConfigOn changed to: false
06-09 15:24:23.993 851 851 D NetworkTypeController: [0] Remove all timers
06-09 15:24:27.715 439 439 W healthd : battery l=53 v=7534 t=34.0 h=1 st=3 c=-512000 fc=9700000 chg=
06-09 15:24:28.032 347 347 I rockchip-vop2 fdd90000.vop: [drm:vop2_crtc_atomic_disable] Crtc atomic disable vp2
06-09 15:24:28.043 347 347 E rockchip-vop2 fdd90000.vop: [drm:vop2_crtc_atomic_disable] *ERROR* unexpected power on pd7
06-09 15:24:24.350 851 851 D DCT-C-0 : screen off
06-09 15:24:24.350 851 851 D DCT-C-0 : stopNetStatPoll
06-09 15:24:24.524 851 851 D RILJ : [0144]> SEND_DEVICE_STATE 2:false [PHONE0]
06-09 15:24:24.524 526 526 D RILC : sendDeviceState: calling screen state 1
06-09 15:24:24.524 526 526 D RILC : onRequest: SCREEN_STATE datalen=4 request_value:61
06-09 15:24:24.524 851 1064 D RILJ : [0144]< SEND_DEVICE_STATE [PHONE0]
06-09 15:24:24.527 851 851 D RILJ : [0145]> SET_UNSOLICITED_RESPONSE_FILTER 127 [PHONE0]
06-09 15:24:24.528 851 1064 D RILJ : [0145]< SET_UNSOLICITED_RESPONSE_FILTER error 6 [PHONE0]
06-09 15:24:24.528 851 1064 D RilRequest: [0145]< SET_UNSOLICITED_RESPONSE_FILTER error: com.android.internal.telephony.CommandException: REQUEST_NOT_SUPPORTED ret= result=null
06-09 15:24:28.226 1 1 W : debug.beidou_leavesuspend wakeup
06-09 15:24:28.246 460 460 I gsensor_mxc6655 5-0015: set sensor poll time to 200ms
06-09 15:24:28.248 460 460 I gsensor_mxc6655 5-0015: sensor on: starting poll sensor data 196ms
06-09 15:24:24.531 851 851 E RILJ : setSignalStrengthReportingCriteria ignored on IRadio version less than 1.2 [PHONE0]
06-09 15:24:24.531 851 851 E RILJ : setSignalStrengthReportingCriteria ignored on IRadio version less than 1.2 [PHONE0]
06-09 15:24:24.531 851 851 E RILJ : setSignalStrengthReportingCriteria ignored on IRadio version less than 1.2 [PHONE0]
06-09 15:24:24.531 851 851 D NetworkTypeController: [0] LegacyState: process EVENT_PHYSICAL_CHANNEL_CONFIG_NOTIF_CHANGED
06-09 15:24:24.531 851 851 D NetworkTypeController: [0] Remove all timers
06-09 15:24:24.531 851 851 D NetworkTypeController: [0] DefaultState: process EVENT_PHYSICAL_CHANNEL_CONFIG_NOTIF_CHANGED
06-09 15:24:24.531 851 851 D NetworkTypeController: [0] mIsPhysicalChannelConfigOn changed to: true
06-09 15:24:28.263 439 439 W healthd : battery l=53 v=7534 t=34.0 h=1 st=3 c=-768000 fc=9700000 chg=
06-09 15:24:24.553 851 851 D DCT-C-0 : screen on
06-09 15:24:24.553 851 851 D DCT-C-0 : stopNetStatPoll
06-09 15:24:28.304 347 347 I rockchip-vop2 fdd90000.vop: [drm:vop2_crtc_atomic_enable] Update mode to 1536x2048p55, type: 16(if:60) for vp2 dclk: 192000000
06-09 15:24:28.305 347 347 I rockchip-vop2 fdd90000.vop: [drm:vop2_crtc_atomic_enable] dclk_out2 div: 2 dclk_core2 div: 1
06-09 15:24:28.305 347 347 I rockchip-vop2 fdd90000.vop: [drm:vop2_crtc_atomic_enable] set dclk_vop2 to 96000000, get 96000000
06-09 15:24:28.357 460 460 I gsensor_mxc6655 5-0015: set sensor poll time to 66ms
06-09 15:24:28.815 347 347 I dw-mipi-dsi2 fde20000.dsi: [drm:dw_mipi_dsi2_encoder_enable] final DSI-Link bandwidth: 639999 x 8 Kbps
06-09 15:24:29.244 357 357 E rockchip-vop2 fdd90000.vop: [drm:vop2_wait_power_domain_off] *ERROR* wait pd7 off timeout power_ctrl: 0x7a
06-09 15:24:26.182 526 549 D RILU : find_pci_device is 0
06-09 15:24:26.182 526 549 D RILC : PCI can't find at device
06-09 15:24:26.185 526 549 D RILC : USB can't find at device
06-09 15:24:29.945 1 1 I init : processing action (debug.beidou_entersuspend=*) from (/system/etc/init/hw/init.rc:1286)
06-09 15:24:29.946 1 1 W : debug.beidou_entersuspend $PMTK161,0*28\r\n
06-09 15:24:29.961 1 1 I init : starting service 'gps_suspend'...
06-09 15:24:29.971 1 1 I init : Service 'gps_suspend' (pid 6219) exited with status 0 oneshot service took 0.006000 seconds in background
06-09 15:24:29.971 1 1 I init : Sending signal 9 to service 'gps_suspend' (pid 6219) process group...
06-09 15:24:29.971 1 1 I libprocessgroup: Successfully killed process cgroup uid 0 pid 6219 in 0ms
06-09 15:24:30.457 460 460 I gsensor_mxc6655 5-0015: set sensor poll time to 200ms
06-09 15:24:30.472 439 439 W healthd : battery l=53 v=7534 t=34.0 h=1 st=3 c=-512000 fc=9700000 chg=
06-09 15:24:26.795 851 851 D RILJ : [0146]> SEND_DEVICE_STATE 2:true [PHONE0]
06-09 15:24:26.796 526 526 D RILC : sendDeviceState: calling screen state 0
06-09 15:24:26.796 526 526 D RILC : onRequest: SCREEN_STATE datalen=4 request_value:61
06-09 15:24:26.796 851 1064 D RILJ : [0146]< SEND_DEVICE_STATE [PHONE0]
06-09 15:24:26.797 851 851 D RILJ : [0147]> SET_UNSOLICITED_RESPONSE_FILTER 32 [PHONE0]
06-09 15:24:26.797 851 1064 D RILJ : [0147]< SET_UNSOLICITED_RESPONSE_FILTER error 6 [PHONE0]
06-09 15:24:26.797 851 1064 D RilRequest: [0147]< SET_UNSOLICITED_RESPONSE_FILTER error: com.android.internal.telephony.CommandException: REQUEST_NOT_SUPPORTED ret= result=null
06-09 15:24:26.798 851 851 E RILJ : setSignalStrengthReportingCriteria ignored on IRadio version less than 1.2 [PHONE0]
06-09 15:24:26.798 851 851 E RILJ : setSignalStrengthReportingCriteria ignored on IRadio version less than 1.2 [PHONE0]
06-09 15:24:26.799 851 851 E RILJ : setSignalStrengthReportingCriteria ignored on IRadio version less than 1.2 [PHONE0]
06-09 15:24:26.799 851 851 D NetworkTypeController: [0] LegacyState: process EVENT_PHYSICAL_CHANNEL_CONFIG_NOTIF_CHANGED
06-09 15:24:26.799 851 851 D NetworkTypeController: [0] Remove all timers
06-09 15:24:26.799 851 851 D NetworkTypeController: [0] DefaultState: process EVENT_PHYSICAL_CHANNEL_CONFIG_NOTIF_CHANGED
06-09 15:24:26.799 851 851 D NetworkTypeController: [0] mIsPhysicalChannelConfigOn changed to: false
06-09 15:24:26.799 851 851 D NetworkTypeController: [0] Remove all timers
06-09 15:24:30.825 347 347 I rockchip-vop2 fdd90000.vop: [drm:vop2_crtc_atomic_disable] Crtc atomic disable vp2
06-09 15:24:30.837 347 347 E rockchip-vop2 fdd90000.vop: [drm:vop2_crtc_atomic_disable] *ERROR* unexpected power on pd7
06-09 15:24:27.148 851 851 D DCT-C-0 : screen off
06-09 15:24:27.148 851 851 D DCT-C-0 : stopNetStatPoll
06-09 15:24:31.016 1 1 I init : processing action (debug.beidou_leavesuspend=*) from (/system/etc/init/hw/init.rc:1293)
06-09 15:24:31.018 1 1 W : debug.beidou_leavesuspend wakeup
06-09 15:24:31.031 444 444 I gsensor_mxc6655 5-0015: set sensor poll time to 200ms
06-09 15:24:31.032 444 444 I gsensor_mxc6655 5-0015: sensor on: starting poll sensor data 196ms
06-09 15:24:27.309 851 851 D RILJ : [0148]> SEND_DEVICE_STATE 2:false [PHONE0]
06-09 15:24:27.309 526 526 D RILC : sendDeviceState: calling screen state 1
06-09 15:24:27.309 526 526 D RILC : onRequest: SCREEN_STATE datalen=4 request_value:61
06-09 15:24:27.309 851 1064 D RILJ : [0148]< SEND_DEVICE_STATE [PHONE0]
06-09 15:24:27.310 851 851 D RILJ : [0149]> SET_UNSOLICITED_RESPONSE_FILTER 127 [PHONE0]
06-09 15:24:27.310 851 1064 D RILJ : [0149]< SET_UNSOLICITED_RESPONSE_FILTER error 6 [PHONE0]
06-09 15:24:27.311 851 1064 D RilRequest: [0149]< SET_UNSOLICITED_RESPONSE_FILTER error: com.android.internal.telephony.CommandException: REQUEST_NOT_SUPPORTED ret= result=null
06-09 15:24:27.312 851 851 E RILJ : setSignalStrengthReportingCriteria ignored on IRadio version less than 1.2 [PHONE0]
06-09 15:24:27.312 851 851 E RILJ : setSignalStrengthReportingCriteria ignored on IRadio version less than 1.2 [PHONE0]
06-09 15:24:27.312 851 851 E RILJ : setSignalStrengthReportingCriteria ignored on IRadio version less than 1.2 [PHONE0]
06-09 15:24:27.312 851 851 D NetworkTypeController: [0] LegacyState: process EVENT_PHYSICAL_CHANNEL_CONFIG_NOTIF_CHANGED
06-09 15:24:27.312 851 851 D NetworkTypeController: [0] Remove all timers
06-09 15:24:27.312 851 851 D NetworkTypeController: [0] DefaultState: process EVENT_PHYSICAL_CHANNEL_CONFIG_NOTIF_CHANGED
06-09 15:24:27.312 851 851 D NetworkTypeController: [0] mIsPhysicalChannelConfigOn changed to: true
06-09 15:24:31.061 439 439 W healthd : battery l=53 v=7534 t=34.0 h=1 st=3 c=-256000 fc=9700000 chg=
06-09 15:24:27.339 851 851 D DCT-C-0 : screen on
06-09 15:24:27.339 851 851 D DCT-C-0 : stopNetStatPoll
06-09 15:24:31.090 347 347 I rockchip-vop2 fdd90000.vop: [drm:vop2_crtc_atomic_enable] Update mode to 1536x2048p55, type: 16(if:60) for vp2 dclk: 192000000
06-09 15:24:31.091 347 347 I rockchip-vop2 fdd90000.vop: [drm:vop2_crtc_atomic_enable] dclk_out2 div: 2 dclk_core2 div: 1
06-09 15:24:31.091 347 347 I rockchip-vop2 fdd90000.vop: [drm:vop2_crtc_atomic_enable] set dclk_vop2 to 96000000, get 96000000
06-09 15:24:31.139 444 444 I gsensor_mxc6655 5-0015: set sensor poll time to 66ms
06-09 15:24:31.602 347 347 I dw-mipi-dsi2 fde20000.dsi: [drm:dw_mipi_dsi2_encoder_enable] final DSI-Link bandwidth: 639999 x 8 Kbps
06-09 15:24:31.721 357 357 E rockchip-vop2 fdd90000.vop: [drm:vop2_wait_power_domain_off] *ERROR* wait pd7 off timeout power_ctrl: 0x7f
06-09 15:24:32.476 544 544 W : abc audioDBG [es8323_mute] start mute:1
06-09 15:24:32.476 544 544 I [Awinic] [3-0058]aw_acf_get_prof_desc_form_name: get prof desc down
06-09 15:24:32.476 544 544 I [Awinic] [3-005b]aw_acf_get_prof_desc_form_name: get prof desc down
06-09 15:24:32.890 1 1 I init : processing action (debug.beidou_entersuspend=*) from (/system/etc/init/hw/init.rc:1286)
06-09 15:24:32.891 1 1 W : debug.beidou_entersuspend $PMTK161,0*28\r\n
06-09 15:24:32.892 1 1 I init : starting service 'gps_suspend'...
06-09 15:24:32.907 1 1 I init : Service 'gps_suspend' (pid 6278) exited with status 0 oneshot service took 0.010000 seconds in background
06-09 15:24:32.907 1 1 I init : Sending signal 9 to service 'gps_suspend' (pid 6278) process group...
06-09 15:24:29.185 526 549 D RILU : find_pci_device is 0
06-09 15:24:29.185 526 549 D RILC : PCI can't find at device
06-09 15:24:29.187 526 549 D RILC : USB can't find at device
06-09 15:24:32.924 18417 18417 W : abc audioDBG [es8323_mute] start mute:0
06-09 15:24:32.934 18417 18417 I [Awinic] [3-0058]aw_acf_get_prof_desc_form_name: get prof desc down
06-09 15:24:32.949 18417 18417 I [Awinic] [3-005b]aw_acf_get_prof_desc_form_name: get prof desc down
06-09 15:24:33.378 460 460 I gsensor_mxc6655 5-0015: set sensor poll time to 200ms
06-09 15:24:29.681 851 851 D RILJ : [0150]> SEND_DEVICE_STATE 2:true [PHONE0]
06-09 15:24:29.682 526 526 D RILC : sendDeviceState: calling screen state 0
06-09 15:24:29.682 526 526 D RILC : onRequest: SCREEN_STATE datalen=4 request_value:61
06-09 15:24:29.682 851 851 D RILJ : [0151]> SET_UNSOLICITED_RESPONSE_FILTER 32 [PHONE0]
06-09 15:24:29.682 851 1064 D RILJ : [0150]< SEND_DEVICE_STATE [PHONE0]
06-09 15:24:29.682 851 851 E RILJ : setSignalStrengthReportingCriteria ignored on IRadio version less than 1.2 [PHONE0]
06-09 15:24:29.682 851 851 E RILJ : setSignalStrengthReportingCriteria ignored on IRadio version less than 1.2 [PHONE0]
06-09 15:24:29.682 851 1064 D RILJ : [0151]< SET_UNSOLICITED_RESPONSE_FILTER error 6 [PHONE0]
06-09 15:24:29.682 851 851 E RILJ : setSignalStrengthReportingCriteria ignored on IRadio version less than 1.2 [PHONE0]
06-09 15:24:29.682 851 851 D NetworkTypeController: [0] LegacyState: process EVENT_PHYSICAL_CHANNEL_CONFIG_NOTIF_CHANGED
06-09 15:24:29.683 851 1064 D RilRequest: [0151]< SET_UNSOLICITED_RESPONSE_FILTER error: com.android.internal.telephony.CommandException: REQUEST_NOT_SUPPORTED ret= result=null
06-09 15:24:29.683 851 851 D NetworkTypeController: [0] Remove all timers
06-09 15:24:29.683 851 851 D NetworkTypeController: [0] DefaultState: process EVENT_PHYSICAL_CHANNEL_CONFIG_NOTIF_CHANGED
06-09 15:24:29.683 851 851 D NetworkTypeController: [0] mIsPhysicalChannelConfigOn changed to: false
06-09 15:24:29.683 851 851 D NetworkTypeController: [0] Remove all timers
06-09 15:24:33.409 439 439 W healthd : battery l=53 v=7624 t=34.5 h=1 st=3 c=-768000 fc=9700000 chg=
06-09 15:24:33.719 347 347 I rockchip-vop2 fdd90000.vop: [drm:vop2_crtc_atomic_disable] Crtc atomic disable vp2
06-09 15:24:33.733 347 347 E rockchip-vop2 fdd90000.vop: [drm:vop2_crtc_atomic_disable] *ERROR* unexpected power on pd7
06-09 15:24:30.053 851 851 D DCT-C-0 : screen off
06-09 15:24:30.053 851 851 D DCT-C-0 : stopNetStatPoll
06-09 15:24:34.294 544 544 W : abc audioDBG [es8323_mute] start mute:1
06-09 15:24:34.294 544 544 I [Awinic] [3-0058]aw_acf_get_prof_desc_form_name: get prof desc down
06-09 15:24:34.295 544 544 I [Awinic] [3-005b]aw_acf_get_prof_desc_form_name: get prof desc down
06-09 15:24:32.188 526 549 D RILU : find_pci_device is 0
06-09 15:24:32.188 526 549 D RILC : PCI can't find at device
06-09 15:24:32.191 526 549 D RILC : USB can't find at device
06-09 15:24:35.191 526 549 D RILU : find_pci_device is 0
06-09 15:24:35.192 526 549 D RILC : PCI can't find at device
06-09 15:24:35.193 526 549 D RILC : USB can't find at device
06-09 15:24:38.194 526 549 D RILU : find_pci_device is 0
06-09 15:24:38.195 526 549 D RILC : PCI can't find at device
06-09 15:24:38.198 526 549 D RILC : USB can't find at device
06-09 15:24:41.198 526 549 D RILU : find_pci_device is 0
06-09 15:24:41.199 526 549 D RILC : PCI can't find at device
06-09 15:24:41.202 526 549 D RILC : USB can't find at device
06-09 15:24:46.993 439 439 W healthd : battery l=52 v=7628 t=33.5 h=1 st=3 c=0 fc=9700000 chg=
06-09 15:24:44.202 526 549 D RILU : find_pci_device is 0
06-09 15:24:44.202 526 549 D RILC : PCI can't find at device
06-09 15:24:44.204 526 549 D RILC : USB can't find at device
06-09 15:24:47.204 526 549 D RILU : find_pci_device is 0
06-09 15:24:47.205 526 549 D RILC : PCI can't find at device
06-09 15:24:47.208 526 549 D RILC : USB can't find at device
06-09 15:24:50.209 526 549 D RILU : find_pci_device is 0
06-09 15:24:50.209 526 549 D RILC : PCI can't find at device
06-09 15:24:50.212 526 549 D RILC : USB can't find at device
06-09 15:24:53.213 526 549 D RILU : find_pci_device is 0
06-09 15:24:53.213 526 549 D RILC : PCI can't find at device
06-09 15:24:53.216 526 549 D RILC : USB can't find at device
06-09 15:24:56.217 526 549 D RILU : find_pci_device is 0
06-09 15:24:56.217 526 549 D RILC : PCI can't find at device
06-09 15:24:56.220 526 549 D RILC : USB can't find at device
06-09 15:24:59.221 526 549 D RILU : find_pci_device is 0
06-09 15:24:59.221 526 549 D RILC : PCI can't find at device
06-09 15:24:59.224 526 549 D RILC : USB can't find at device
06-09 15:25:02.225 526 549 D RILU : find_pci_device is 0
06-09 15:25:02.225 526 549 D RILC : PCI can't find at device
06-09 15:25:02.228 526 549 D RILC : USB can't find at device
06-09 15:25:05.229 526 549 D RILU : find_pci_device is 0
06-09 15:25:05.229 526 549 D RILC : PCI can't find at device
06-09 15:25:05.232 526 549 D RILC : USB can't find at device
06-09 15:25:08.233 526 549 D RILU : find_pci_device is 0
06-09 15:25:08.233 526 549 D RILC : PCI can't find at device
06-09 15:25:08.236 526 549 D RILC : USB can't find at device
06-09 15:25:11.237 526 549 D RILU : find_pci_device is 0
06-09 15:25:11.237 526 549 D RILC : PCI can't find at device
06-09 15:25:11.240 526 549 D RILC : USB can't find at device
06-09 15:25:14.241 526 549 D RILU : find_pci_device is 0
06-09 15:25:14.241 526 549 D RILC : PCI can't find at device
06-09 15:25:14.244 526 549 D RILC : USB can't find at device
06-09 15:25:17.244 526 549 D RILU : find_pci_device is 0
06-09 15:25:17.245 526 549 D RILC : PCI can't find at device
06-09 15:25:17.246 526 549 D RILC : USB can't find at device
06-09 15:25:20.247 526 549 D RILU : find_pci_device is 0
06-09 15:25:20.247 526 549 D RILC : PCI can't find at device
06-09 15:25:20.250 526 549 D RILC : USB can't find at device
06-09 15:25:23.251 526 549 D RILU : find_pci_device is 0
06-09 15:25:23.251 526 549 D RILC : PCI can't find at device
06-09 15:25:23.254 526 549 D RILC : USB can't find at device
06-09 15:25:26.255 526 549 D RILU : find_pci_device is 0
06-09 15:25:26.255 526 549 D RILC : PCI can't find at device
06-09 15:25:26.259 526 549 D RILC : USB can't find at device
06-09 15:25:29.260 526 549 D RILU : find_pci_device is 0
06-09 15:25:29.260 526 549 D RILC : PCI can't find at device
06-09 15:25:29.263 526 549 D RILC : USB can't find at device
06-09 15:25:32.264 526 549 D RILU : find_pci_device is 0
06-09 15:25:32.264 526 549 D RILC : PCI can't find at device
06-09 15:25:32.267 526 549 D RILC : USB can't find at device
06-09 15:25:35.268 526 549 D RILU : find_pci_device is 0
06-09 15:25:35.268 526 549 D RILC : PCI can't find at device
06-09 15:25:35.271 526 549 D RILC : USB can't find at device
06-09 15:25:38.272 526 549 D RILU : find_pci_device is 0
06-09 15:25:38.272 526 549 D RILC : PCI can't find at device
06-09 15:25:38.275 526 549 D RILC : USB can't find at device
06-09 15:25:41.276 526 549 D RILU : find_pci_device is 0
06-09 15:25:41.276 526 549 D RILC : PCI can't find at device
06-09 15:25:41.279 526 549 D RILC : USB can't find at device
06-09 15:25:44.280 526 549 D RILU : find_pci_device is 0
06-09 15:25:44.280 526 549 D RILC : PCI can't find at device
06-09 15:25:44.283 526 549 D RILC : USB can't find at device
06-09 15:25:47.284 526 549 D RILU : find_pci_device is 0
06-09 15:25:47.284 526 549 D RILC : PCI can't find at device
06-09 15:25:47.288 526 549 D RILC : USB can't find at device
06-09 15:25:50.288 526 549 D RILU : find_pci_device is 0
06-09 15:25:50.288 526 549 D RILC : PCI can't find at device
06-09 15:25:50.289 526 549 D RILC : USB can't find at device
06-09 15:25:53.290 526 549 D RILU : find_pci_device is 0
06-09 15:25:53.290 526 549 D RILC : PCI can't find at device
06-09 15:25:53.293 526 549 D RILC : USB can't find at device
06-09 15:25:56.294 526 549 D RILU : find_pci_device is 0
06-09 15:25:56.294 526 549 D RILC : PCI can't find at device
06-09 15:25:56.297 526 549 D RILC : USB can't find at device
06-09 15:25:59.297 526 549 D RILU : find_pci_device is 0
06-09 15:25:59.297 526 549 D RILC : PCI can't find at device
06-09 15:25:59.298 526 549 D RILC : USB can't find at device
06-09 15:26:02.299 526 549 D RILU : find_pci_device is 0
06-09 15:26:02.299 526 549 D RILC : PCI can't find at device
06-09 15:26:02.303 526 549 D RILC : USB can't find at device
06-09 15:26:05.303 526 549 D RILU : find_pci_device is 0
06-09 15:26:05.303 526 549 D RILC : PCI can't find at device
06-09 15:26:05.306 526 549 D RILC : USB can't find at device
06-09 15:26:08.307 526 549 D RILU : find_pci_device is 0
06-09 15:26:08.307 526 549 D RILC : PCI can't find at device
06-09 15:26:08.310 526 549 D RILC : USB can't find at device
06-09 15:26:11.311 526 549 D RILU : find_pci_device is 0
06-09 15:26:11.311 526 549 D RILC : PCI can't find at device
06-09 15:26:11.314 526 549 D RILC : USB can't find at device
06-09 15:26:14.315 526 549 D RILU : find_pci_device is 0
06-09 15:26:14.315 526 549 D RILC : PCI can't find at device
06-09 15:26:14.318 526 549 D RILC : USB can't find at device
06-09 15:26:17.319 526 549 D RILU : find_pci_device is 0
06-09 15:26:17.319 526 549 D RILC : PCI can't find at device
06-09 15:26:17.322 526 549 D RILC : USB can't find at device
06-09 15:26:20.323 526 549 D RILU : find_pci_device is 0
06-09 15:26:20.323 526 549 D RILC : PCI can't find at device
06-09 15:26:20.326 526 549 D RILC : USB can't find at device
06-09 15:26:23.327 526 549 D RILU : find_pci_device is 0
06-09 15:26:23.327 526 549 D RILC : PCI can't find at device
06-09 15:26:23.330 526 549 D RILC : USB can't find at device
06-09 15:26:26.331 526 549 D RILU : find_pci_device is 0
06-09 15:26:26.331 526 549 D RILC : PCI can't find at device
06-09 15:26:26.334 526 549 D RILC : USB can't find at device
06-09 15:26:29.335 526 549 D RILU : find_pci_device is 0
06-09 15:26:29.335 526 549 D RILC : PCI can't find at device
06-09 15:26:29.338 526 549 D RILC : USB can't find at device
06-09 15:26:32.338 526 549 D RILU : find_pci_device is 0
06-09 15:26:32.338 526 549 D RILC : PCI can't find at device
06-09 15:26:32.339 526 549 D RILC : USB can't find at device
06-09 15:26:35.340 526 549 D RILU : find_pci_device is 0
06-09 15:26:35.340 526 549 D RILC : PCI can't find at device
06-09 15:26:35.343 526 549 D RILC : USB can't find at device
06-09 15:26:38.344 526 549 D RILU : find_pci_device is 0
06-09 15:26:38.344 526 549 D RILC : PCI can't find at device
06-09 15:26:38.347 526 549 D RILC : USB can't find at device
06-09 15:26:41.348 526 549 D RILU : find_pci_device is 0
06-09 15:26:41.348 526 549 D RILC : PCI can't find at device
06-09 15:26:41.352 526 549 D RILC : USB can't find at device
06-09 15:26:44.353 526 549 D RILU : find_pci_device is 0
06-09 15:26:44.353 526 549 D RILC : PCI can't find at device
06-09 15:26:44.356 526 549 D RILC : USB can't find at device
06-09 15:26:47.357 526 549 D RILU : find_pci_device is 0
06-09 15:26:47.357 526 549 D RILC : PCI can't find at device
06-09 15:26:47.360 526 549 D RILC : USB can't find at device
06-09 15:26:50.361 526 549 D RILU : find_pci_device is 0
06-09 15:26:50.361 526 549 D RILC : PCI can't find at device
06-09 15:26:50.364 526 549 D RILC : USB can't find at device
06-09 15:26:53.365 526 549 D RILU : find_pci_device is 0
06-09 15:26:53.365 526 549 D RILC : PCI can't find at device
06-09 15:26:53.368 526 549 D RILC : USB can't find at device
06-09 15:26:59.520 439 439 W healthd : battery l=52 v=7640 t=33.5 h=1 st=3 c=0 fc=9700000 chg=
06-09 15:26:56.369 526 549 D RILU : find_pci_device is 0
06-09 15:26:56.369 526 549 D RILC : PCI can't find at device
06-09 15:26:56.372 526 549 D RILC : USB can't find at device
06-09 15:26:59.373 526 549 D RILU : find_pci_device is 0
06-09 15:26:59.373 526 549 D RILC : PCI can't find at device
06-09 15:26:59.376 526 549 D RILC : USB can't find at device
06-09 15:27:02.377 526 549 D RILU : find_pci_device is 0
06-09 15:27:02.377 526 549 D RILC : PCI can't find at device
06-09 15:27:02.380 526 549 D RILC : USB can't find at device
06-09 15:27:05.380 526 549 D RILU : find_pci_device is 0
06-09 15:27:05.381 526 549 D RILC : PCI can't find at device
06-09 15:27:05.381 526 549 D RILC : USB can't find at device
06-09 15:27:08.382 526 549 D RILU : find_pci_device is 0
06-09 15:27:08.382 526 549 D RILC : PCI can't find at device
06-09 15:27:08.386 526 549 D RILC : USB can't find at device
06-09 15:27:11.386 526 549 D RILU : find_pci_device is 0
06-09 15:27:11.386 526 549 D RILC : PCI can't find at device
06-09 15:27:11.389 526 549 D RILC : USB can't find at device
06-09 15:27:14.390 526 549 D RILU : find_pci_device is 0
06-09 15:27:14.390 526 549 D RILC : PCI can't find at device
06-09 15:27:14.391 526 549 D RILC : USB can't find at device
06-09 15:27:17.392 526 549 D RILU : find_pci_device is 0
06-09 15:27:17.392 526 549 D RILC : PCI can't find at device
06-09 15:27:17.395 526 549 D RILC : USB can't find at device
06-09 15:27:20.396 526 549 D RILU : find_pci_device is 0
06-09 15:27:20.396 526 549 D RILC : PCI can't find at device
06-09 15:27:20.399 526 549 D RILC : USB can't find at device
06-09 15:27:23.400 526 549 D RILU : find_pci_device is 0
06-09 15:27:23.400 526 549 D RILC : PCI can't find at device
06-09 15:27:23.403 526 549 D RILC : USB can't find at device
06-09 15:27:26.404 526 549 D RILU : find_pci_device is 0
06-09 15:27:26.404 526 549 D RILC : PCI can't find at device
06-09 15:27:26.407 526 549 D RILC : USB can't find at device
06-09 15:27:29.408 526 549 D RILU : find_pci_device is 0
06-09 15:27:29.408 526 549 D RILC : PCI can't find at device
06-09 15:27:29.411 526 549 D RILC : USB can't find at device
06-09 15:27:32.412 526 549 D RILU : find_pci_device is 0
06-09 15:27:32.412 526 549 D RILC : PCI can't find at device
06-09 15:27:32.415 526 549 D RILC : USB can't find at device
06-09 15:27:35.416 526 549 D RILU : find_pci_device is 0
06-09 15:27:35.416 526 549 D RILC : PCI can't find at device
06-09 15:27:35.419 526 549 D RILC : USB can't find at device
06-09 15:27:38.420 526 549 D RILU : find_pci_device is 0
06-09 15:27:38.420 526 549 D RILC : PCI can't find at device
06-09 15:27:38.423 526 549 D RILC : USB can't find at device
06-09 15:27:41.424 526 549 D RILU : find_pci_device is 0
06-09 15:27:41.424 526 549 D RILC : PCI can't find at device
06-09 15:27:41.427 526 549 D RILC : USB can't find at device
06-09 15:27:44.428 526 549 D RILU : find_pci_device is 0
06-09 15:27:44.428 526 549 D RILC : PCI can't find at device
06-09 15:27:44.431 526 549 D RILC : USB can't find at device
06-09 15:27:47.432 526 549 D RILU : find_pci_device is 0
06-09 15:27:47.432 526 549 D RILC : PCI can't find at device
06-09 15:27:47.433 526 549 D RILC : USB can't find at device
06-09 15:27:50.433 526 549 D RILU : find_pci_device is 0
06-09 15:27:50.433 526 549 D RILC : PCI can't find at device
06-09 15:27:50.436 526 549 D RILC : USB can't find at device
06-09 15:27:53.437 526 549 D RILU : find_pci_device is 0
06-09 15:27:53.437 526 549 D RILC : PCI can't find at device
06-09 15:27:53.441 526 549 D RILC : USB can't find at device
06-09 15:27:56.441 526 549 D RILU : find_pci_device is 0
06-09 15:27:56.442 526 549 D RILC : PCI can't find at device
06-09 15:27:56.445 526 549 D RILC : USB can't find at device
06-09 15:27:59.446 526 549 D RILU : find_pci_device is 0
06-09 15:27:59.446 526 549 D RILC : PCI can't find at device
06-09 15:27:59.449 526 549 D RILC : USB can't find at device
06-09 15:28:02.450 526 549 D RILU : find_pci_device is 0
06-09 15:28:02.450 526 549 D RILC : PCI can't find at device
06-09 15:28:02.453 526 549 D RILC : USB can't find at device
06-09 15:28:05.454 526 549 D RILU : find_pci_device is 0
06-09 15:28:05.454 526 549 D RILC : PCI can't find at device
06-09 15:28:05.457 526 549 D RILC : USB can't find at device
06-09 15:28:08.458 526 549 D RILU : find_pci_device is 0
06-09 15:28:08.458 526 549 D RILC : PCI can't find at device
06-09 15:28:08.462 526 549 D RILC : USB can't find at device
06-09 15:28:11.462 526 549 D RILU : find_pci_device is 0
06-09 15:28:11.463 526 549 D RILC : PCI can't find at device
06-09 15:28:11.466 526 549 D RILC : USB can't find at device
06-09 15:28:14.466 526 549 D RILU : find_pci_device is 0
06-09 15:28:14.467 526 549 D RILC : PCI can't find at device
06-09 15:28:14.470 526 549 D RILC : USB can't find at device
06-09 15:28:17.471 526 549 D RILU : find_pci_device is 0
06-09 15:28:17.471 526 549 D RILC : PCI can't find at device
06-09 15:28:17.474 526 549 D RILC : USB can't find at device
06-09 15:28:20.474 526 549 D RILU : find_pci_device is 0
06-09 15:28:20.474 526 549 D RILC : PCI can't find at device
06-09 15:28:20.475 526 549 D RILC : USB can't find at device
06-09 15:28:23.476 526 549 D RILU : find_pci_device is 0
06-09 15:28:23.476 526 549 D RILC : PCI can't find at device
06-09 15:28:23.479 526 549 D RILC : USB can't find at device
06-09 15:28:26.480 526 549 D RILU : find_pci_device is 0
06-09 15:28:26.480 526 549 D RILC : PCI can't find at device
06-09 15:28:26.483 526 549 D RILC : USB can't find at device
06-09 15:28:29.483 526 549 D RILU : find_pci_device is 0
06-09 15:28:29.483 526 549 D RILC : PCI can't find at device
06-09 15:28:29.484 526 549 D RILC : USB can't find at device
06-09 15:28:32.485 526 549 D RILU : find_pci_device is 0
06-09 15:28:32.485 526 549 D RILC : PCI can't find at device
06-09 15:28:32.488 526 549 D RILC : USB can't find at device
06-09 15:28:35.489 526 549 D RILU : find_pci_device is 0
06-09 15:28:35.489 526 549 D RILC : PCI can't find at device
06-09 15:28:35.492 526 549 D RILC : USB can't find at device
06-09 15:28:38.493 526 549 D RILU : find_pci_device is 0
06-09 15:28:38.493 526 549 D RILC : PCI can't find at device
06-09 15:28:38.496 526 549 D RILC : USB can't find at device
06-09 15:28:41.497 526 549 D RILU : find_pci_device is 0
06-09 15:28:41.497 526 549 D RILC : PCI can't find at device
06-09 15:28:41.500 526 549 D RILC : USB can't find at device
06-09 15:28:44.500 526 549 D RILU : find_pci_device is 0
06-09 15:28:44.501 526 549 D RILC : PCI can't find at device
06-09 15:28:44.504 526 549 D RILC : USB can't find at device
06-09 15:28:47.504 526 549 D RILU : find_pci_device is 0
06-09 15:28:47.504 526 549 D RILC : PCI can't find at device
06-09 15:28:47.507 526 549 D RILC : USB can't find at device
06-09 15:28:50.508 526 549 D RILU : find_pci_device is 0
06-09 15:28:50.508 526 549 D RILC : PCI can't find at device
06-09 15:28:50.511 526 549 D RILC : USB can't find at device
06-09 15:28:56.119 439 439 W healthd : battery l=52 v=7646 t=33.5 h=1 st=3 c=0 fc=9700000 chg=
06-09 15:28:53.512 526 549 D RILU : find_pci_device is 0
06-09 15:28:53.512 526 549 D RILC : PCI can't find at device
06-09 15:28:53.515 526 549 D RILC : USB can't find at device
06-09 15:28:56.516 526 549 D RILU : find_pci_device is 0
06-09 15:28:56.516 526 549 D RILC : PCI can't find at device
06-09 15:28:56.519 526 549 D RILC : USB can't find at device
06-09 15:28:59.520 526 549 D RILU : find_pci_device is 0
06-09 15:28:59.520 526 549 D RILC : PCI can't find at device
06-09 15:28:59.523 526 549 D RILC : USB can't find at device
06-09 15:29:02.524 526 549 D RILU : find_pci_device is 0
06-09 15:29:02.524 526 549 D RILC : PCI can't find at device
06-09 15:29:02.525 526 549 D RILC : USB can't find at device
06-09 15:29:08.016 1 1 I init : processing action (debug.beidou_leavesuspend=*) from (/system/etc/init/hw/init.rc:1293)
06-09 15:29:04.316 851 851 D RILJ : [0152]> SEND_DEVICE_STATE 2:false [PHONE0]
06-09 15:29:04.316 526 526 D RILC : sendDeviceState: calling screen state 1
06-09 15:29:04.316 526 526 D RILC : onRequest: SCREEN_STATE datalen=4 request_value:61
06-09 15:29:04.317 851 1064 D RILJ : [0152]< SEND_DEVICE_STATE [PHONE0]
06-09 15:29:04.318 851 851 D RILJ : [0153]> SET_UNSOLICITED_RESPONSE_FILTER 127 [PHONE0]
06-09 15:29:04.318 851 1064 D RILJ : [0153]< SET_UNSOLICITED_RESPONSE_FILTER error 6 [PHONE0]
06-09 15:29:04.319 851 1064 D RilRequest: [0153]< SET_UNSOLICITED_RESPONSE_FILTER error: com.android.internal.telephony.CommandException: REQUEST_NOT_SUPPORTED ret= result=null
06-09 15:29:04.321 851 851 E RILJ : setSignalStrengthReportingCriteria ignored on IRadio version less than 1.2 [PHONE0]
06-09 15:29:04.323 851 851 E RILJ : setSignalStrengthReportingCriteria ignored on IRadio version less than 1.2 [PHONE0]
06-09 15:29:04.323 851 851 E RILJ : setSignalStrengthReportingCriteria ignored on IRadio version less than 1.2 [PHONE0]
06-09 15:29:04.323 851 851 D NetworkTypeController: [0] LegacyState: process EVENT_PHYSICAL_CHANNEL_CONFIG_NOTIF_CHANGED
06-09 15:29:04.323 851 851 D NetworkTypeController: [0] Remove all timers
06-09 15:29:04.323 851 851 D NetworkTypeController: [0] DefaultState: process EVENT_PHYSICAL_CHANNEL_CONFIG_NOTIF_CHANGED
06-09 15:29:04.323 851 851 D NetworkTypeController: [0] mIsPhysicalChannelConfigOn changed to: true
06-09 15:29:08.017 1 1 W : debug.beidou_leavesuspend wakeup
06-09 15:29:08.056 460 460 I gsensor_mxc6655 5-0015: set sensor poll time to 200ms
06-09 15:29:08.057 460 460 I gsensor_mxc6655 5-0015: sensor on: starting poll sensor data 196ms
06-09 15:29:08.058 439 439 W healthd : battery l=52 v=7644 t=33.5 h=1 st=3 c=0 fc=9700000 chg=
06-09 15:29:04.362 851 851 D DCT-C-0 : screen on
06-09 15:29:04.362 851 851 D DCT-C-0 : stopNetStatPoll
06-09 15:29:08.090 347 347 I rockchip-vop2 fdd90000.vop: [drm:vop2_crtc_atomic_enable] Update mode to 1536x2048p55, type: 16(if:60) for vp2 dclk: 192000000
06-09 15:29:08.091 347 347 I rockchip-vop2 fdd90000.vop: [drm:vop2_crtc_atomic_enable] dclk_out2 div: 2 dclk_core2 div: 1
06-09 15:29:08.091 347 347 I rockchip-vop2 fdd90000.vop: [drm:vop2_crtc_atomic_enable] set dclk_vop2 to 96000000, get 96000000
06-09 15:29:08.134 17690 17690 I binder : undelivered transaction 556735, process died.
06-09 15:29:08.134 17690 17690 I binder : undelivered transaction 557247, process died.
06-09 15:29:08.134 17690 17690 I binder : undelivered transaction 558212, process died.
06-09 15:29:08.134 17690 17690 I binder : undelivered transaction 558836, process died.
06-09 15:29:08.134 17690 17690 I binder : undelivered transaction 563037, process died.
06-09 15:29:08.134 17690 17690 I binder : undelivered transaction 563264, process died.
06-09 15:29:08.134 17690 17690 I binder : undelivered transaction 564158, process died.
06-09 15:29:08.134 17690 17690 I binder : undelivered transaction 568305, process died.
06-09 15:29:08.134 17690 17690 I binder : undelivered transaction 590151, process died.
06-09 15:29:08.134 17690 17690 I binder : undelivered transaction 590316, process died.
06-09 15:29:08.159 18417 18417 W : abc audioDBG [es8323_mute] start mute:0
06-09 15:29:08.169 18417 18417 I [Awinic] [3-0058]aw_acf_get_prof_desc_form_name: get prof desc down
06-09 15:29:08.171 460 460 I gsensor_mxc6655 5-0015: set sensor poll time to 66ms
06-09 15:29:08.183 18417 18417 I [Awinic] [3-005b]aw_acf_get_prof_desc_form_name: get prof desc down
06-09 15:29:08.608 347 347 I dw-mipi-dsi2 fde20000.dsi: [drm:dw_mipi_dsi2_encoder_enable] final DSI-Link bandwidth: 639999 x 8 Kbps
06-09 15:29:08.974 357 357 E rockchip-vop2 fdd90000.vop: [drm:vop2_wait_power_domain_off] *ERROR* wait pd7 off timeout power_ctrl: 0x7a
06-09 15:29:05.526 526 549 D RILU : find_pci_device is 0
06-09 15:29:05.526 526 549 D RILC : PCI can't find at device
06-09 15:29:05.529 526 549 D RILC : USB can't find at device
06-09 15:29:09.504 544 544 W : abc audioDBG [es8323_mute] start mute:1
06-09 15:29:09.505 544 544 I [Awinic] [3-0058]aw_acf_get_prof_desc_form_name: get prof desc down
06-09 15:29:09.505 544 544 I [Awinic] [3-005b]aw_acf_get_prof_desc_form_name: get prof desc down
06-09 15:29:08.530 526 549 D RILU : find_pci_device is 0
06-09 15:29:08.530 526 549 D RILC : PCI can't find at device
06-09 15:29:08.533 526 549 D RILC : USB can't find at device
06-09 15:29:12.993 1 1 I init : processing action (debug.beidou_entersuspend=*) from (/system/etc/init/hw/init.rc:1286)
06-09 15:29:12.993 1 1 W : debug.beidou_entersuspend $PMTK161,0*28\r\n
06-09 15:29:12.994 1 1 I init : starting service 'gps_suspend'...
06-09 15:29:13.003 1 1 I init : Service 'gps_suspend' (pid 9526) exited with status 0 oneshot service took 0.007000 seconds in background
06-09 15:29:13.004 1 1 I init : Sending signal 9 to service 'gps_suspend' (pid 9526) process group...
06-09 15:29:13.004 1 1 I libprocessgroup: Successfully killed process cgroup uid 0 pid 9526 in 0ms
06-09 15:29:13.022 18417 18417 W : abc audioDBG [es8323_mute] start mute:0
06-09 15:29:13.032 18417 18417 I [Awinic] [3-0058]aw_acf_get_prof_desc_form_name: get prof desc down
06-09 15:29:13.046 18417 18417 I [Awinic] [3-005b]aw_acf_get_prof_desc_form_name: get prof desc down
06-09 15:29:13.479 444 444 I gsensor_mxc6655 5-0015: set sensor poll time to 200ms
06-09 15:29:09.781 851 851 D RILJ : [0154]> SEND_DEVICE_STATE 2:true [PHONE0]
06-09 15:29:09.782 526 526 D RILC : sendDeviceState: calling screen state 0
06-09 15:29:09.782 526 526 D RILC : onRequest: SCREEN_STATE datalen=4 request_value:61
06-09 15:29:09.782 851 1064 D RILJ : [0154]< SEND_DEVICE_STATE [PHONE0]
06-09 15:29:09.783 851 851 D RILJ : [0155]> SET_UNSOLICITED_RESPONSE_FILTER 32 [PHONE0]
06-09 15:29:09.783 851 851 E RILJ : setSignalStrengthReportingCriteria ignored on IRadio version less than 1.2 [PHONE0]
06-09 15:29:09.783 851 851 E RILJ : setSignalStrengthReportingCriteria ignored on IRadio version less than 1.2 [PHONE0]
06-09 15:29:09.783 851 851 E RILJ : setSignalStrengthReportingCriteria ignored on IRadio version less than 1.2 [PHONE0]
06-09 15:29:09.783 851 851 D NetworkTypeController: [0] LegacyState: process EVENT_PHYSICAL_CHANNEL_CONFIG_NOTIF_CHANGED
06-09 15:29:09.784 851 851 D NetworkTypeController: [0] Remove all timers
06-09 15:29:09.784 851 851 D NetworkTypeController: [0] DefaultState: process EVENT_PHYSICAL_CHANNEL_CONFIG_NOTIF_CHANGED
06-09 15:29:09.784 851 851 D NetworkTypeController: [0] mIsPhysicalChannelConfigOn changed to: false
06-09 15:29:09.784 851 851 D NetworkTypeController: [0] Remove all timers
06-09 15:29:09.784 851 1064 D RILJ : [0155]< SET_UNSOLICITED_RESPONSE_FILTER error 6 [PHONE0]
06-09 15:29:09.784 851 1064 D RilRequest: [0155]< SET_UNSOLICITED_RESPONSE_FILTER error: com.android.internal.telephony.CommandException: REQUEST_NOT_SUPPORTED ret= result=null
06-09 15:29:13.509 439 439 W healthd : battery l=52 v=7568 t=33.5 h=1 st=3 c=-512000 fc=9700000 chg=
06-09 15:29:13.835 347 347 I rockchip-vop2 fdd90000.vop: [drm:vop2_crtc_atomic_disable] Crtc atomic disable vp2
06-09 15:29:13.848 347 347 E rockchip-vop2 fdd90000.vop: [drm:vop2_crtc_atomic_disable] *ERROR* unexpected power on pd7
06-09 15:29:10.183 851 851 D DCT-C-0 : screen off
06-09 15:29:10.183 851 851 D DCT-C-0 : stopNetStatPoll
06-09 15:29:14.087 1 1 I init : processing action (debug.beidou_leavesuspend=*) from (/system/etc/init/hw/init.rc:1293)
06-09 15:29:14.089 1 1 W : debug.beidou_leavesuspend wakeup
06-09 15:29:14.104 439 439 W healthd : battery l=52 v=7568 t=33.5 h=1 st=3 c=-256000 fc=9700000 chg=
06-09 15:29:10.380 851 851 D RILJ : [0156]> SEND_DEVICE_STATE 2:false [PHONE0]
06-09 15:29:10.380 526 526 D RILC : sendDeviceState: calling screen state 1
06-09 15:29:10.381 526 526 D RILC : onRequest: SCREEN_STATE datalen=4 request_value:61
06-09 15:29:10.381 851 1064 D RILJ : [0156]< SEND_DEVICE_STATE [PHONE0]
06-09 15:29:10.381 851 851 D RILJ : [0157]> SET_UNSOLICITED_RESPONSE_FILTER 127 [PHONE0]
06-09 15:29:14.106 460 460 I gsensor_mxc6655 5-0015: set sensor poll time to 200ms
06-09 15:29:14.107 460 460 I gsensor_mxc6655 5-0015: sensor on: starting poll sensor data 196ms
06-09 15:29:10.383 851 1064 D RILJ : [0157]< SET_UNSOLICITED_RESPONSE_FILTER error 6 [PHONE0]
06-09 15:29:10.384 851 1064 D RilRequest: [0157]< SET_UNSOLICITED_RESPONSE_FILTER error: com.android.internal.telephony.CommandException: REQUEST_NOT_SUPPORTED ret= result=null
06-09 15:29:10.386 851 851 E RILJ : setSignalStrengthReportingCriteria ignored on IRadio version less than 1.2 [PHONE0]
06-09 15:29:10.387 851 851 E RILJ : setSignalStrengthReportingCriteria ignored on IRadio version less than 1.2 [PHONE0]
06-09 15:29:10.387 851 851 E RILJ : setSignalStrengthReportingCriteria ignored on IRadio version less than 1.2 [PHONE0]
06-09 15:29:10.387 851 851 D NetworkTypeController: [0] LegacyState: process EVENT_PHYSICAL_CHANNEL_CONFIG_NOTIF_CHANGED
06-09 15:29:10.387 851 851 D NetworkTypeController: [0] Remove all timers
06-09 15:29:10.387 851 851 D NetworkTypeController: [0] DefaultState: process EVENT_PHYSICAL_CHANNEL_CONFIG_NOTIF_CHANGED
06-09 15:29:10.387 851 851 D NetworkTypeController: [0] mIsPhysicalChannelConfigOn changed to: true
06-09 15:29:10.419 851 851 D DCT-C-0 : screen on
06-09 15:29:10.419 851 851 D DCT-C-0 : stopNetStatPoll
06-09 15:29:14.163 347 347 I rockchip-vop2 fdd90000.vop: [drm:vop2_crtc_atomic_enable] Update mode to 1536x2048p55, type: 16(if:60) for vp2 dclk: 192000000
06-09 15:29:14.164 347 347 I rockchip-vop2 fdd90000.vop: [drm:vop2_crtc_atomic_enable] dclk_out2 div: 2 dclk_core2 div: 1
06-09 15:29:14.164 347 347 I rockchip-vop2 fdd90000.vop: [drm:vop2_crtc_atomic_enable] set dclk_vop2 to 96000000, get 96000000
06-09 15:29:14.174 460 460 I gsensor_mxc6655 5-0015: set sensor poll time to 66ms
06-09 15:29:14.668 347 347 I dw-mipi-dsi2 fde20000.dsi: [drm:dw_mipi_dsi2_encoder_enable] final DSI-Link bandwidth: 639999 x 8 Kbps
06-09 15:29:14.751 357 357 E rockchip-vop2 fdd90000.vop: [drm:vop2_wait_power_domain_off] *ERROR* wait pd7 off timeout power_ctrl: 0x7f
06-09 15:29:11.534 526 549 D RILU : find_pci_device is 0
06-09 15:29:11.534 526 549 D RILC : PCI can't find at device
06-09 15:29:11.535 526 549 D RILC : USB can't find at device
06-09 15:29:15.589 4266 4266 W : abc audioDBG [es8323_mute] start mute:1
06-09 15:29:15.589 4266 4266 I [Awinic] [3-0058]aw_acf_get_prof_desc_form_name: get prof desc down
06-09 15:29:15.590 4266 4266 I [Awinic] [3-005b]aw_acf_get_prof_desc_form_name: get prof desc down
06-09 15:29:17.170 1 1 I init : processing action (debug.beidou_entersuspend=*) from (/system/etc/init/hw/init.rc:1286)
06-09 15:29:17.171 1 1 W : debug.beidou_entersuspend $PMTK161,0*28\r\n
06-09 15:29:17.172 1 1 I init : starting service 'gps_suspend'...
06-09 15:29:17.204 1 1 I init : Service 'gps_suspend' (pid 9563) exited with status 0 oneshot service took 0.026000 seconds in background
06-09 15:29:17.204 1 1 I init : Sending signal 9 to service 'gps_suspend' (pid 9563) process group...
06-09 15:29:17.204 1 1 I libprocessgroup: Successfully killed process cgroup uid 0 pid 9563 in 0ms
06-09 15:29:17.207 18417 18417 W : abc audioDBG [es8323_mute] start mute:0
06-09 15:29:17.217 18417 18417 I [Awinic] [3-0058]aw_acf_get_prof_desc_form_name: get prof desc down
06-09 15:29:17.232 18417 18417 I [Awinic] [3-005b]aw_acf_get_prof_desc_form_name: get prof desc down
06-09 15:29:17.656 460 460 I gsensor_mxc6655 5-0015: set sensor poll time to 200ms
06-09 15:29:13.956 851 851 D RILJ : [0158]> SEND_DEVICE_STATE 2:true [PHONE0]
06-09 15:29:13.956 526 526 D RILC : sendDeviceState: calling screen state 0
06-09 15:29:13.956 526 526 D RILC : onRequest: SCREEN_STATE datalen=4 request_value:61
06-09 15:29:13.956 851 1064 D RILJ : [0158]< SEND_DEVICE_STATE [PHONE0]
06-09 15:29:13.957 851 851 D RILJ : [0159]> SET_UNSOLICITED_RESPONSE_FILTER 32 [PHONE0]
06-09 15:29:13.958 851 1064 D RILJ : [0159]< SET_UNSOLICITED_RESPONSE_FILTER error 6 [PHONE0]
06-09 15:29:13.958 851 1064 D RilRequest: [0159]< SET_UNSOLICITED_RESPONSE_FILTER error: com.android.internal.telephony.CommandException: REQUEST_NOT_SUPPORTED ret= result=null
06-09 15:29:13.958 851 851 E RILJ : setSignalStrengthReportingCriteria ignored on IRadio version less than 1.2 [PHONE0]
06-09 15:29:13.958 851 851 E RILJ : setSignalStrengthReportingCriteria ignored on IRadio version less than 1.2 [PHONE0]
06-09 15:29:13.959 851 851 E RILJ : setSignalStrengthReportingCriteria ignored on IRadio version less than 1.2 [PHONE0]
06-09 15:29:13.959 851 851 D NetworkTypeController: [0] LegacyState: process EVENT_PHYSICAL_CHANNEL_CONFIG_NOTIF_CHANGED
06-09 15:29:13.959 851 851 D NetworkTypeController: [0] Remove all timers
06-09 15:29:13.959 851 851 D NetworkTypeController: [0] DefaultState: process EVENT_PHYSICAL_CHANNEL_CONFIG_NOTIF_CHANGED
06-09 15:29:13.959 851 851 D NetworkTypeController: [0] mIsPhysicalChannelConfigOn changed to: false
06-09 15:29:13.959 851 851 D NetworkTypeController: [0] Remove all timers
06-09 15:29:17.660 439 439 W healthd : battery l=52 v=7568 t=33.5 h=1 st=3 c=-512000 fc=9700000 chg=
06-09 15:29:18.015 347 347 I rockchip-vop2 fdd90000.vop: [drm:vop2_crtc_atomic_disable] Crtc atomic disable vp2
06-09 15:29:18.026 347 347 E rockchip-vop2 fdd90000.vop: [drm:vop2_crtc_atomic_disable] *ERROR* unexpected power on pd7
06-09 15:29:14.356 851 851 D DCT-C-0 : screen off
06-09 15:29:14.356 851 851 D DCT-C-0 : stopNetStatPoll
06-09 15:29:14.536 526 549 D RILU : find_pci_device is 0
06-09 15:29:14.536 526 549 D RILC : PCI can't find at device
06-09 15:29:14.538 526 549 D RILC : USB can't find at device
06-09 15:29:18.532 1 1 I init : processing action (debug.beidou_leavesuspend=*) from (/system/etc/init/hw/init.rc:1293)
06-09 15:29:14.822 851 851 D RILJ : [0160]> SEND_DEVICE_STATE 2:false [PHONE0]
06-09 15:29:14.822 526 526 D RILC : sendDeviceState: calling screen state 1
06-09 15:29:14.822 526 526 D RILC : onRequest: SCREEN_STATE datalen=4 request_value:61
06-09 15:29:14.822 851 1064 D RILJ : [0160]< SEND_DEVICE_STATE [PHONE0]
06-09 15:29:14.825 851 851 D RILJ : [0161]> SET_UNSOLICITED_RESPONSE_FILTER 127 [PHONE0]
06-09 15:29:14.825 851 1064 D RILJ : [0161]< SET_UNSOLICITED_RESPONSE_FILTER error 6 [PHONE0]
06-09 15:29:14.825 851 1064 D RilRequest: [0161]< SET_UNSOLICITED_RESPONSE_FILTER error: com.android.internal.telephony.CommandException: REQUEST_NOT_SUPPORTED ret= result=null
06-09 15:29:14.826 851 851 E RILJ : setSignalStrengthReportingCriteria ignored on IRadio version less than 1.2 [PHONE0]
06-09 15:29:14.826 851 851 E RILJ : setSignalStrengthReportingCriteria ignored on IRadio version less than 1.2 [PHONE0]
06-09 15:29:14.826 851 851 E RILJ : setSignalStrengthReportingCriteria ignored on IRadio version less than 1.2 [PHONE0]
06-09 15:29:14.826 851 851 D NetworkTypeController: [0] LegacyState: process EVENT_PHYSICAL_CHANNEL_CONFIG_NOTIF_CHANGED
06-09 15:29:14.826 851 851 D NetworkTypeController: [0] Remove all timers
06-09 15:29:14.826 851 851 D NetworkTypeController: [0] DefaultState: process EVENT_PHYSICAL_CHANNEL_CONFIG_NOTIF_CHANGED
06-09 15:29:14.826 851 851 D NetworkTypeController: [0] mIsPhysicalChannelConfigOn changed to: true
06-09 15:29:18.534 1 1 W : debug.beidou_leavesuspend wakeup
06-09 15:29:18.564 439 439 W healthd : battery l=52 v=7636 t=33.5 h=1 st=3 c=-256000 fc=9700000 chg=
06-09 15:29:18.576 460 460 I gsensor_mxc6655 5-0015: set sensor poll time to 200ms
06-09 15:29:18.577 460 460 I gsensor_mxc6655 5-0015: sensor on: starting poll sensor data 196ms
06-09 15:29:18.599 347 347 I rockchip-vop2 fdd90000.vop: [drm:vop2_crtc_atomic_enable] Update mode to 1536x2048p55, type: 16(if:60) for vp2 dclk: 192000000
06-09 15:29:14.885 851 851 D DCT-C-0 : screen on
06-09 15:29:14.885 851 851 D DCT-C-0 : stopNetStatPoll
06-09 15:29:18.600 347 347 I rockchip-vop2 fdd90000.vop: [drm:vop2_crtc_atomic_enable] dclk_out2 div: 2 dclk_core2 div: 1
06-09 15:29:18.600 347 347 I rockchip-vop2 fdd90000.vop: [drm:vop2_crtc_atomic_enable] set dclk_vop2 to 96000000, get 96000000
06-09 15:29:18.669 460 460 I gsensor_mxc6655 5-0015: set sensor poll time to 66ms
06-09 15:29:19.105 347 347 I dw-mipi-dsi2 fde20000.dsi: [drm:dw_mipi_dsi2_encoder_enable] final DSI-Link bandwidth: 639999 x 8 Kbps
06-09 15:29:19.184 357 357 E rockchip-vop2 fdd90000.vop: [drm:vop2_wait_power_domain_off] *ERROR* wait pd7 off timeout power_ctrl: 0x7f
06-09 15:29:19.933 4266 4266 W : abc audioDBG [es8323_mute] start mute:1
06-09 15:29:19.934 4266 4266 I [Awinic] [3-0058]aw_acf_get_prof_desc_form_name: get prof desc down
06-09 15:29:19.934 4266 4266 I [Awinic] [3-005b]aw_acf_get_prof_desc_form_name: get prof desc down
06-09 15:29:20.647 1 1 I init : processing action (debug.beidou_entersuspend=*) from (/system/etc/init/hw/init.rc:1286)
06-09 15:29:20.648 1 1 W : debug.beidou_entersuspend $PMTK161,0*28\r\n
06-09 15:29:20.648 1 1 I init : starting service 'gps_suspend'...
06-09 15:29:20.672 1 1 I init : Service 'gps_suspend' (pid 9635) exited with status 0 oneshot service took 0.021000 seconds in background
06-09 15:29:20.672 1 1 I init : Sending signal 9 to service 'gps_suspend' (pid 9635) process group...
06-09 15:29:20.672 1 1 I libprocessgroup: Successfully killed process cgroup uid 0 pid 9635 in 0ms
06-09 15:29:20.692 18417 18417 W : abc audioDBG [es8323_mute] start mute:0
06-09 15:29:20.702 18417 18417 I [Awinic] [3-0058]aw_acf_get_prof_desc_form_name: get prof desc down
06-09 15:29:20.716 18417 18417 I [Awinic] [3-005b]aw_acf_get_prof_desc_form_name: get prof desc down
06-09 15:29:21.130 460 460 I gsensor_mxc6655 5-0015: set sensor poll time to 200ms
06-09 15:29:17.427 851 851 D RILJ : [0162]> SEND_DEVICE_STATE 2:true [PHONE0]
06-09 15:29:17.427 526 526 D RILC : sendDeviceState: calling screen state 0
06-09 15:29:17.427 526 526 D RILC : onRequest: SCREEN_STATE datalen=4 request_value:61
06-09 15:29:17.428 851 1064 D RILJ : [0162]< SEND_DEVICE_STATE [PHONE0]
06-09 15:29:17.429 851 851 D RILJ : [0163]> SET_UNSOLICITED_RESPONSE_FILTER 32 [PHONE0]
06-09 15:29:17.429 851 1064 D RILJ : [0163]< SET_UNSOLICITED_RESPONSE_FILTER error 6 [PHONE0]
06-09 15:29:17.429 851 1064 D RilRequest: [0163]< SET_UNSOLICITED_RESPONSE_FILTER error: com.android.internal.telephony.CommandException: REQUEST_NOT_SUPPORTED ret= result=null
06-09 15:29:17.429 851 851 E RILJ : setSignalStrengthReportingCriteria ignored on IRadio version less than 1.2 [PHONE0]
06-09 15:29:17.430 851 851 E RILJ : setSignalStrengthReportingCriteria ignored on IRadio version less than 1.2 [PHONE0]
06-09 15:29:17.430 851 851 E RILJ : setSignalStrengthReportingCriteria ignored on IRadio version less than 1.2 [PHONE0]
06-09 15:29:17.430 851 851 D NetworkTypeController: [0] LegacyState: process EVENT_PHYSICAL_CHANNEL_CONFIG_NOTIF_CHANGED
