06-09 15:29:47.372 851 851 D NetworkTypeController: [0] LegacyState: process EVENT_PHYSICAL_CHANNEL_CONFIG_NOTIF_CHANGED
06-09 15:29:47.372 851 851 D NetworkTypeController: [0] Remove all timers
06-09 15:29:47.372 851 851 D NetworkTypeController: [0] DefaultState: process EVENT_PHYSICAL_CHANNEL_CONFIG_NOTIF_CHANGED
06-09 15:29:47.372 851 851 D NetworkTypeController: [0] mIsPhysicalChannelConfigOn changed to: true
06-09 15:29:51.084 1 1 W : debug.beidou_leavesuspend wakeup
06-09 15:29:51.101 439 439 W healthd : battery l=52 v=7610 t=33.5 h=1 st=3 c=0 fc=9700000 chg=
06-09 15:29:51.106 460 460 I gsensor_mxc6655 5-0015: set sensor poll time to 200ms
06-09 15:29:51.107 460 460 I gsensor_mxc6655 5-0015: sensor on: starting poll sensor data 196ms
06-09 15:29:47.412 851 851 D DCT-C-0 : screen on
06-09 15:29:47.413 851 851 D DCT-C-0 : stopNetStatPoll
06-09 15:29:51.150 347 347 I rockchip-vop2 fdd90000.vop: [drm:vop2_crtc_atomic_enable] Update mode to 1536x2048p55, type: 16(if:60) for vp2 dclk: 192000000
06-09 15:29:51.151 347 347 I rockchip-vop2 fdd90000.vop: [drm:vop2_crtc_atomic_enable] dclk_out2 div: 2 dclk_core2 div: 1
06-09 15:29:51.151 347 347 I rockchip-vop2 fdd90000.vop: [drm:vop2_crtc_atomic_enable] set dclk_vop2 to 96000000, get 96000000
06-09 15:29:51.156 460 460 I gsensor_mxc6655 5-0015: set sensor poll time to 66ms
06-09 15:29:47.576 526 549 D RILU : find_pci_device is 0
06-09 15:29:47.576 526 549 D RILC : PCI can't find at device
06-09 15:29:47.578 526 549 D RILC : USB can't find at device
06-09 15:29:51.658 347 347 I dw-mipi-dsi2 fde20000.dsi: [drm:dw_mipi_dsi2_encoder_enable] final DSI-Link bandwidth: 639999 x 8 Kbps
06-09 15:29:52.107 357 357 E rockchip-vop2 fdd90000.vop: [drm:vop2_wait_power_domain_off] *ERROR* wait pd7 off timeout power_ctrl: 0x7a
06-09 15:29:52.516 4266 4266 W : abc audioDBG [es8323_mute] start mute:1
06-09 15:29:52.516 4266 4266 I [Awinic] [3-0058]aw_acf_get_prof_desc_form_name: get prof desc down
06-09 15:29:52.516 4266 4266 I [Awinic] [3-005b]aw_acf_get_prof_desc_form_name: get prof desc down
06-09 15:29:52.805 1 1 I init : processing action (debug.beidou_entersuspend=*) from (/system/etc/init/hw/init.rc:1286)
06-09 15:29:52.806 1 1 W : debug.beidou_entersuspend $PMTK161,0*28\r\n
06-09 15:29:52.806 1 1 I init : starting service 'gps_suspend'...
06-09 15:29:52.820 1 1 I init : Service 'gps_suspend' (pid 10103) exited with status 0 oneshot service took 0.006000 seconds in background
06-09 15:29:52.820 1 1 I init : Sending signal 9 to service 'gps_suspend' (pid 10103) process group...
06-09 15:29:52.821 1 1 I libprocessgroup: Successfully killed process cgroup uid 0 pid 10103 in 0ms
06-09 15:29:52.851 18417 18417 W : abc audioDBG [es8323_mute] start mute:0
06-09 15:29:52.861 18417 18417 I [Awinic] [3-0058]aw_acf_get_prof_desc_form_name: get prof desc down
06-09 15:29:52.874 18417 18417 I [Awinic] [3-005b]aw_acf_get_prof_desc_form_name: get prof desc down
06-09 15:29:53.273 460 460 I gsensor_mxc6655 5-0015: set sensor poll time to 200ms
06-09 15:29:49.569 851 851 D RILJ : [0199]> SEND_DEVICE_STATE 2:true [PHONE0]
06-09 15:29:49.570 526 526 D RILC : sendDeviceState: calling screen state 0
06-09 15:29:49.570 526 526 D RILC : onRequest: SCREEN_STATE datalen=4 request_value:61
06-09 15:29:49.570 851 1064 D RILJ : [0199]< SEND_DEVICE_STATE [PHONE0]
06-09 15:29:49.570 851 851 D RILJ : [0200]> SET_UNSOLICITED_RESPONSE_FILTER 32 [PHONE0]
06-09 15:29:49.570 851 1064 D RILJ : [0200]< SET_UNSOLICITED_RESPONSE_FILTER error 6 [PHONE0]
06-09 15:29:49.570 851 1064 D RilRequest: [0200]< SET_UNSOLICITED_RESPONSE_FILTER error: com.android.internal.telephony.CommandException: REQUEST_NOT_SUPPORTED ret= result=null
06-09 15:29:49.570 851 851 E RILJ : setSignalStrengthReportingCriteria ignored on IRadio version less than 1.2 [PHONE0]
06-09 15:29:49.571 851 851 E RILJ : setSignalStrengthReportingCriteria ignored on IRadio version less than 1.2 [PHONE0]
06-09 15:29:49.571 851 851 E RILJ : setSignalStrengthReportingCriteria ignored on IRadio version less than 1.2 [PHONE0]
06-09 15:29:49.571 851 851 D NetworkTypeController: [0] LegacyState: process EVENT_PHYSICAL_CHANNEL_CONFIG_NOTIF_CHANGED
06-09 15:29:49.571 851 851 D NetworkTypeController: [0] Remove all timers
06-09 15:29:49.571 851 851 D NetworkTypeController: [0] DefaultState: process EVENT_PHYSICAL_CHANNEL_CONFIG_NOTIF_CHANGED
06-09 15:29:49.571 851 851 D NetworkTypeController: [0] mIsPhysicalChannelConfigOn changed to: false
06-09 15:29:49.571 851 851 D NetworkTypeController: [0] Remove all timers
06-09 15:29:53.302 439 439 W healthd : battery l=52 v=7610 t=33.5 h=1 st=3 c=-512000 fc=9700000 chg=
06-09 15:29:53.615 347 347 I rockchip-vop2 fdd90000.vop: [drm:vop2_crtc_atomic_disable] Crtc atomic disable vp2
06-09 15:29:53.629 347 347 E rockchip-vop2 fdd90000.vop: [drm:vop2_crtc_atomic_disable] *ERROR* unexpected power on pd7
06-09 15:29:49.956 851 851 D DCT-C-0 : screen off
06-09 15:29:49.956 851 851 D DCT-C-0 : stopNetStatPoll
06-09 15:29:53.836 1 1 I init : processing action (debug.beidou_leavesuspend=*) from (/system/etc/init/hw/init.rc:1293)
06-09 15:29:53.838 1 1 W : debug.beidou_leavesuspend wakeup
06-09 15:29:53.841 460 460 I gsensor_mxc6655 5-0015: set sensor poll time to 200ms
06-09 15:29:53.842 460 460 I gsensor_mxc6655 5-0015: sensor on: starting poll sensor data 196ms
06-09 15:29:50.131 851 851 D RILJ : [0201]> SEND_DEVICE_STATE 2:false [PHONE0]
06-09 15:29:50.132 526 526 D RILC : sendDeviceState: calling screen state 1
06-09 15:29:50.132 526 526 D RILC : onRequest: SCREEN_STATE datalen=4 request_value:61
06-09 15:29:50.132 851 1064 D RILJ : [0201]< SEND_DEVICE_STATE [PHONE0]
06-09 15:29:50.136 851 851 D RILJ : [0202]> SET_UNSOLICITED_RESPONSE_FILTER 127 [PHONE0]
06-09 15:29:50.137 851 1064 D RILJ : [0202]< SET_UNSOLICITED_RESPONSE_FILTER error 6 [PHONE0]
06-09 15:29:50.137 851 1064 D RilRequest: [0202]< SET_UNSOLICITED_RESPONSE_FILTER error: com.android.internal.telephony.CommandException: REQUEST_NOT_SUPPORTED ret= result=null
06-09 15:29:50.137 851 851 E RILJ : setSignalStrengthReportingCriteria ignored on IRadio version less than 1.2 [PHONE0]
06-09 15:29:50.138 851 851 E RILJ : setSignalStrengthReportingCriteria ignored on IRadio version less than 1.2 [PHONE0]
06-09 15:29:50.138 851 851 E RILJ : setSignalStrengthReportingCriteria ignored on IRadio version less than 1.2 [PHONE0]
06-09 15:29:50.138 851 851 D NetworkTypeController: [0] LegacyState: process EVENT_PHYSICAL_CHANNEL_CONFIG_NOTIF_CHANGED
06-09 15:29:50.138 851 851 D NetworkTypeController: [0] Remove all timers
06-09 15:29:50.138 851 851 D NetworkTypeController: [0] DefaultState: process EVENT_PHYSICAL_CHANNEL_CONFIG_NOTIF_CHANGED
06-09 15:29:50.138 851 851 D NetworkTypeController: [0] mIsPhysicalChannelConfigOn changed to: true
06-09 15:29:50.143 851 851 D DCT-C-0 : screen on
06-09 15:29:50.143 851 851 D DCT-C-0 : stopNetStatPoll
06-09 15:29:53.877 439 439 W healthd : battery l=52 v=7610 t=33.5 h=1 st=3 c=-512000 fc=9700000 chg=
06-09 15:29:53.911 347 347 I rockchip-vop2 fdd90000.vop: [drm:vop2_crtc_atomic_enable] Update mode to 1536x2048p55, type: 16(if:60) for vp2 dclk: 192000000
06-09 15:29:53.912 347 347 I rockchip-vop2 fdd90000.vop: [drm:vop2_crtc_atomic_enable] dclk_out2 div: 2 dclk_core2 div: 1
06-09 15:29:53.912 347 347 I rockchip-vop2 fdd90000.vop: [drm:vop2_crtc_atomic_enable] set dclk_vop2 to 96000000, get 96000000
06-09 15:29:53.925 460 460 I gsensor_mxc6655 5-0015: set sensor poll time to 66ms
06-09 15:29:50.579 526 549 D RILU : find_pci_device is 0
06-09 15:29:50.579 526 549 D RILC : PCI can't find at device
06-09 15:29:50.582 526 549 D RILC : USB can't find at device
06-09 15:29:54.422 347 347 I dw-mipi-dsi2 fde20000.dsi: [drm:dw_mipi_dsi2_encoder_enable] final DSI-Link bandwidth: 639999 x 8 Kbps
06-09 15:29:54.517 357 357 E rockchip-vop2 fdd90000.vop: [drm:vop2_wait_power_domain_off] *ERROR* wait pd7 off timeout power_ctrl: 0x7f
06-09 15:29:55.481 1 1 I init : processing action (debug.beidou_entersuspend=*) from (/system/etc/init/hw/init.rc:1286)
06-09 15:29:55.482 1 1 W : debug.beidou_entersuspend $PMTK161,0*28\r\n
06-09 15:29:55.482 1 1 I init : starting service 'gps_suspend'...
06-09 15:29:55.495 1 1 I init : Service 'gps_suspend' (pid 10141) exited with status 0 oneshot service took 0.007000 seconds in background
06-09 15:29:55.961 460 460 I gsensor_mxc6655 5-0015: set sensor poll time to 200ms
06-09 15:29:55.974 439 439 W healthd : battery l=52 v=7616 t=34.0 h=1 st=3 c=-512000 fc=9700000 chg=
06-09 15:29:52.262 851 851 D RILJ : [0203]> SEND_DEVICE_STATE 2:true [PHONE0]
06-09 15:29:52.262 526 526 D RILC : sendDeviceState: calling screen state 0
06-09 15:29:52.262 526 526 D RILC : onRequest: SCREEN_STATE datalen=4 request_value:61
06-09 15:29:52.262 851 1064 D RILJ : [0203]< SEND_DEVICE_STATE [PHONE0]
06-09 15:29:52.263 851 851 D RILJ : [0204]> SET_UNSOLICITED_RESPONSE_FILTER 32 [PHONE0]
06-09 15:29:52.263 851 1064 D RILJ : [0204]< SET_UNSOLICITED_RESPONSE_FILTER error 6 [PHONE0]
06-09 15:29:52.263 851 1064 D RilRequest: [0204]< SET_UNSOLICITED_RESPONSE_FILTER error: com.android.internal.telephony.CommandException: REQUEST_NOT_SUPPORTED ret= result=null
06-09 15:29:52.264 851 851 E RILJ : setSignalStrengthReportingCriteria ignored on IRadio version less than 1.2 [PHONE0]
06-09 15:29:52.264 851 851 E RILJ : setSignalStrengthReportingCriteria ignored on IRadio version less than 1.2 [PHONE0]
06-09 15:29:52.264 851 851 E RILJ : setSignalStrengthReportingCriteria ignored on IRadio version less than 1.2 [PHONE0]
06-09 15:29:52.264 851 851 D NetworkTypeController: [0] LegacyState: process EVENT_PHYSICAL_CHANNEL_CONFIG_NOTIF_CHANGED
06-09 15:29:52.264 851 851 D NetworkTypeController: [0] Remove all timers
06-09 15:29:52.264 851 851 D NetworkTypeController: [0] DefaultState: process EVENT_PHYSICAL_CHANNEL_CONFIG_NOTIF_CHANGED
06-09 15:29:52.265 851 851 D NetworkTypeController: [0] mIsPhysicalChannelConfigOn changed to: false
06-09 15:29:52.265 851 851 D NetworkTypeController: [0] Remove all timers
06-09 15:29:56.305 347 347 I rockchip-vop2 fdd90000.vop: [drm:vop2_crtc_atomic_disable] Crtc atomic disable vp2
06-09 15:29:56.317 347 347 E rockchip-vop2 fdd90000.vop: [drm:vop2_crtc_atomic_disable] *ERROR* unexpected power on pd7
06-09 15:29:52.639 851 851 D DCT-C-0 : screen off
06-09 15:29:52.640 851 851 D DCT-C-0 : stopNetStatPoll
06-09 15:29:56.514 1 1 I init : processing action (debug.beidou_leavesuspend=*) from (/system/etc/init/hw/init.rc:1293)
06-09 15:29:52.800 851 851 D RILJ : [0205]> SEND_DEVICE_STATE 2:false [PHONE0]
06-09 15:29:52.801 526 526 D RILC : sendDeviceState: calling screen state 1
06-09 15:29:52.801 526 526 D RILC : onRequest: SCREEN_STATE datalen=4 request_value:61
06-09 15:29:52.801 851 1064 D RILJ : [0205]< SEND_DEVICE_STATE [PHONE0]
06-09 15:29:52.801 851 851 D RILJ : [0206]> SET_UNSOLICITED_RESPONSE_FILTER 127 [PHONE0]
06-09 15:29:52.802 851 1064 D RILJ : [0206]< SET_UNSOLICITED_RESPONSE_FILTER error 6 [PHONE0]
06-09 15:29:52.802 851 1064 D RilRequest: [0206]< SET_UNSOLICITED_RESPONSE_FILTER error: com.android.internal.telephony.CommandException: REQUEST_NOT_SUPPORTED ret= result=null
06-09 15:29:52.802 851 851 E RILJ : setSignalStrengthReportingCriteria ignored on IRadio version less than 1.2 [PHONE0]
06-09 15:29:52.802 851 851 E RILJ : setSignalStrengthReportingCriteria ignored on IRadio version less than 1.2 [PHONE0]
06-09 15:29:52.802 851 851 E RILJ : setSignalStrengthReportingCriteria ignored on IRadio version less than 1.2 [PHONE0]
06-09 15:29:52.802 851 851 D NetworkTypeController: [0] LegacyState: process EVENT_PHYSICAL_CHANNEL_CONFIG_NOTIF_CHANGED
06-09 15:29:52.802 851 851 D NetworkTypeController: [0] Remove all timers
06-09 15:29:52.802 851 851 D NetworkTypeController: [0] DefaultState: process EVENT_PHYSICAL_CHANNEL_CONFIG_NOTIF_CHANGED
06-09 15:29:52.802 851 851 D NetworkTypeController: [0] mIsPhysicalChannelConfigOn changed to: true
06-09 15:29:56.515 1 1 W : debug.beidou_leavesuspend wakeup
06-09 15:29:56.526 444 444 I gsensor_mxc6655 5-0015: set sensor poll time to 200ms
06-09 15:29:56.528 444 444 I gsensor_mxc6655 5-0015: sensor on: starting poll sensor data 196ms
06-09 15:29:56.537 439 439 W healthd : battery l=52 v=7616 t=34.0 h=1 st=3 c=-256000 fc=9700000 chg=
06-09 15:29:52.834 851 851 D DCT-C-0 : screen on
06-09 15:29:52.834 851 851 D DCT-C-0 : stopNetStatPoll
06-09 15:29:56.579 347 347 I rockchip-vop2 fdd90000.vop: [drm:vop2_crtc_atomic_enable] Update mode to 1536x2048p55, type: 16(if:60) for vp2 dclk: 192000000
06-09 15:29:56.580 347 347 I rockchip-vop2 fdd90000.vop: [drm:vop2_crtc_atomic_enable] dclk_out2 div: 2 dclk_core2 div: 1
06-09 15:29:56.580 347 347 I rockchip-vop2 fdd90000.vop: [drm:vop2_crtc_atomic_enable] set dclk_vop2 to 96000000, get 96000000
06-09 15:29:56.606 444 444 I gsensor_mxc6655 5-0015: set sensor poll time to 66ms
06-09 15:29:57.088 347 347 I dw-mipi-dsi2 fde20000.dsi: [drm:dw_mipi_dsi2_encoder_enable] final DSI-Link bandwidth: 639999 x 8 Kbps
06-09 15:29:53.583 526 549 D RILU : find_pci_device is 0
06-09 15:29:53.583 526 549 D RILC : PCI can't find at device
06-09 15:29:53.584 526 549 D RILC : USB can't find at device
06-09 15:29:57.482 357 357 E rockchip-vop2 fdd90000.vop: [drm:vop2_wait_power_domain_off] *ERROR* wait pd7 off timeout power_ctrl: 0x7a
06-09 15:29:57.928 1 1 I init : processing action (debug.beidou_entersuspend=*) from (/system/etc/init/hw/init.rc:1286)
06-09 15:29:57.930 1 1 W : debug.beidou_entersuspend $PMTK161,0*28\r\n
06-09 15:29:57.930 1 1 I init : starting service 'gps_suspend'...
06-09 15:29:57.968 1 1 I init : Service 'gps_suspend' (pid 10176) exited with status 0 oneshot service took 0.011000 seconds in background
06-09 15:29:57.968 1 1 I init : Sending signal 9 to service 'gps_suspend' (pid 10176) process group...
06-09 15:29:57.969 1 1 I libprocessgroup: Successfully killed process cgroup uid 0 pid 10176 in 0ms
06-09 15:29:58.456 460 460 I gsensor_mxc6655 5-0015: set sensor poll time to 200ms
06-09 15:29:58.467 439 439 W healthd : battery l=52 v=7616 t=34.0 h=1 st=3 c=-512000 fc=9700000 chg=
06-09 15:29:54.762 851 851 D RILJ : [0207]> SEND_DEVICE_STATE 2:true [PHONE0]
06-09 15:29:54.762 526 526 D RILC : sendDeviceState: calling screen state 0
06-09 15:29:54.762 526 526 D RILC : onRequest: SCREEN_STATE datalen=4 request_value:61
06-09 15:29:54.763 851 1064 D RILJ : [0207]< SEND_DEVICE_STATE [PHONE0]
06-09 15:29:54.763 851 851 D RILJ : [0208]> SET_UNSOLICITED_RESPONSE_FILTER 32 [PHONE0]
06-09 15:29:54.764 851 1064 D RILJ : [0208]< SET_UNSOLICITED_RESPONSE_FILTER error 6 [PHONE0]
06-09 15:29:54.764 851 1064 D RilRequest: [0208]< SET_UNSOLICITED_RESPONSE_FILTER error: com.android.internal.telephony.CommandException: REQUEST_NOT_SUPPORTED ret= result=null
06-09 15:29:54.764 851 851 E RILJ : setSignalStrengthReportingCriteria ignored on IRadio version less than 1.2 [PHONE0]
06-09 15:29:54.765 851 851 E RILJ : setSignalStrengthReportingCriteria ignored on IRadio version less than 1.2 [PHONE0]
06-09 15:29:54.765 851 851 E RILJ : setSignalStrengthReportingCriteria ignored on IRadio version less than 1.2 [PHONE0]
06-09 15:29:54.765 851 851 D NetworkTypeController: [0] LegacyState: process EVENT_PHYSICAL_CHANNEL_CONFIG_NOTIF_CHANGED
06-09 15:29:54.765 851 851 D NetworkTypeController: [0] Remove all timers
06-09 15:29:54.765 851 851 D NetworkTypeController: [0] DefaultState: process EVENT_PHYSICAL_CHANNEL_CONFIG_NOTIF_CHANGED
06-09 15:29:54.765 851 851 D NetworkTypeController: [0] mIsPhysicalChannelConfigOn changed to: false
06-09 15:29:54.765 851 851 D NetworkTypeController: [0] Remove all timers
06-09 15:29:58.845 347 347 I rockchip-vop2 fdd90000.vop: [drm:vop2_crtc_atomic_disable] Crtc atomic disable vp2
06-09 15:29:58.858 347 347 E rockchip-vop2 fdd90000.vop: [drm:vop2_crtc_atomic_disable] *ERROR* unexpected power on pd7
06-09 15:29:55.190 851 851 D DCT-C-0 : screen off
06-09 15:29:55.190 851 851 D DCT-C-0 : stopNetStatPoll
06-09 15:29:59.040 1 1 I init : processing action (debug.beidou_leavesuspend=*) from (/system/etc/init/hw/init.rc:1293)
06-09 15:29:59.042 1 1 W : debug.beidou_leavesuspend wakeup
06-09 15:29:59.047 444 444 I gsensor_mxc6655 5-0015: set sensor poll time to 200ms
06-09 15:29:59.048 444 444 I gsensor_mxc6655 5-0015: sensor on: starting poll sensor data 196ms
06-09 15:29:55.330 851 851 D RILJ : [0209]> SEND_DEVICE_STATE 2:false [PHONE0]
06-09 15:29:55.330 526 526 D RILC : sendDeviceState: calling screen state 1
06-09 15:29:55.330 526 526 D RILC : onRequest: SCREEN_STATE datalen=4 request_value:61
06-09 15:29:55.330 851 851 D RILJ : [0210]> SET_UNSOLICITED_RESPONSE_FILTER 127 [PHONE0]
06-09 15:29:55.331 851 851 E RILJ : setSignalStrengthReportingCriteria ignored on IRadio version less than 1.2 [PHONE0]
06-09 15:29:55.331 851 851 E RILJ : setSignalStrengthReportingCriteria ignored on IRadio version less than 1.2 [PHONE0]
06-09 15:29:55.331 851 851 E RILJ : setSignalStrengthReportingCriteria ignored on IRadio version less than 1.2 [PHONE0]
06-09 15:29:55.331 851 851 D NetworkTypeController: [0] LegacyState: process EVENT_PHYSICAL_CHANNEL_CONFIG_NOTIF_CHANGED
06-09 15:29:55.331 851 851 D NetworkTypeController: [0] Remove all timers
06-09 15:29:55.331 851 851 D NetworkTypeController: [0] DefaultState: process EVENT_PHYSICAL_CHANNEL_CONFIG_NOTIF_CHANGED
06-09 15:29:55.332 851 851 D NetworkTypeController: [0] mIsPhysicalChannelConfigOn changed to: true
06-09 15:29:55.332 851 1064 D RILJ : [0209]< SEND_DEVICE_STATE [PHONE0]
06-09 15:29:55.333 851 1064 D RILJ : [0210]< SET_UNSOLICITED_RESPONSE_FILTER error 6 [PHONE0]
06-09 15:29:55.333 851 1064 D RilRequest: [0210]< SET_UNSOLICITED_RESPONSE_FILTER error: com.android.internal.telephony.CommandException: REQUEST_NOT_SUPPORTED ret= result=null
06-09 15:29:59.065 439 439 W healthd : battery l=52 v=7616 t=34.0 h=1 st=3 c=-512000 fc=9700000 chg=
06-09 15:29:55.353 851 851 D DCT-C-0 : screen on
06-09 15:29:55.353 851 851 D DCT-C-0 : stopNetStatPoll
06-09 15:29:59.117 347 347 I rockchip-vop2 fdd90000.vop: [drm:vop2_crtc_atomic_enable] Update mode to 1536x2048p55, type: 16(if:60) for vp2 dclk: 192000000
06-09 15:29:59.118 347 347 I rockchip-vop2 fdd90000.vop: [drm:vop2_crtc_atomic_enable] dclk_out2 div: 2 dclk_core2 div: 1
06-09 15:29:59.118 347 347 I rockchip-vop2 fdd90000.vop: [drm:vop2_crtc_atomic_enable] set dclk_vop2 to 96000000, get 96000000
06-09 15:29:59.132 444 444 I gsensor_mxc6655 5-0015: set sensor poll time to 66ms
06-09 15:29:59.625 347 347 I dw-mipi-dsi2 fde20000.dsi: [drm:dw_mipi_dsi2_encoder_enable] final DSI-Link bandwidth: 639999 x 8 Kbps
06-09 15:29:59.716 357 357 E rockchip-vop2 fdd90000.vop: [drm:vop2_wait_power_domain_off] *ERROR* wait pd7 off timeout power_ctrl: 0x7f
06-09 15:29:56.585 526 549 D RILU : find_pci_device is 0
06-09 15:29:56.585 526 549 D RILC : PCI can't find at device
06-09 15:29:56.588 526 549 D RILC : USB can't find at device
06-09 15:30:00.475 4266 4266 W : abc audioDBG [es8323_mute] start mute:1
06-09 15:30:00.475 4266 4266 I [Awinic] [3-0058]aw_acf_get_prof_desc_form_name: get prof desc down
06-09 15:30:00.475 4266 4266 I [Awinic] [3-005b]aw_acf_get_prof_desc_form_name: get prof desc down
06-09 15:30:00.668 1 1 I init : processing action (debug.beidou_entersuspend=*) from (/system/etc/init/hw/init.rc:1286)
06-09 15:30:00.669 1 1 W : debug.beidou_entersuspend $PMTK161,0*28\r\n
06-09 15:30:00.670 1 1 I init : starting service 'gps_suspend'...
06-09 15:30:00.692 1 1 I init : Service 'gps_suspend' (pid 10211) exited with status 0 oneshot service took 0.012000 seconds in background
06-09 15:30:00.739 18417 18417 W : abc audioDBG [es8323_mute] start mute:0
06-09 15:30:00.749 18417 18417 I [Awinic] [3-0058]aw_acf_get_prof_desc_form_name: get prof desc down
06-09 15:30:00.764 18417 18417 I [Awinic] [3-005b]aw_acf_get_prof_desc_form_name: get prof desc down
06-09 15:30:01.150 444 444 I gsensor_mxc6655 5-0015: set sensor poll time to 200ms
06-09 15:29:57.441 851 851 D RILJ : [0211]> SEND_DEVICE_STATE 2:true [PHONE0]
06-09 15:29:57.442 526 526 D RILC : sendDeviceState: calling screen state 0
06-09 15:29:57.442 526 526 D RILC : onRequest: SCREEN_STATE datalen=4 request_value:61
06-09 15:29:57.443 851 1064 D RILJ : [0211]< SEND_DEVICE_STATE [PHONE0]
06-09 15:29:57.443 851 851 D RILJ : [0212]> SET_UNSOLICITED_RESPONSE_FILTER 32 [PHONE0]
06-09 15:29:57.443 851 1064 D RILJ : [0212]< SET_UNSOLICITED_RESPONSE_FILTER error 6 [PHONE0]
06-09 15:29:57.443 851 1064 D RilRequest: [0212]< SET_UNSOLICITED_RESPONSE_FILTER error: com.android.internal.telephony.CommandException: REQUEST_NOT_SUPPORTED ret= result=null
06-09 15:29:57.444 851 851 E RILJ : setSignalStrengthReportingCriteria ignored on IRadio version less than 1.2 [PHONE0]
06-09 15:29:57.445 851 851 E RILJ : setSignalStrengthReportingCriteria ignored on IRadio version less than 1.2 [PHONE0]
06-09 15:29:57.445 851 851 E RILJ : setSignalStrengthReportingCriteria ignored on IRadio version less than 1.2 [PHONE0]
06-09 15:29:57.445 851 851 D NetworkTypeController: [0] LegacyState: process EVENT_PHYSICAL_CHANNEL_CONFIG_NOTIF_CHANGED
06-09 15:29:57.445 851 851 D NetworkTypeController: [0] Remove all timers
06-09 15:29:57.445 851 851 D NetworkTypeController: [0] DefaultState: process EVENT_PHYSICAL_CHANNEL_CONFIG_NOTIF_CHANGED
06-09 15:29:57.445 851 851 D NetworkTypeController: [0] mIsPhysicalChannelConfigOn changed to: false
06-09 15:29:57.445 851 851 D NetworkTypeController: [0] Remove all timers
06-09 15:30:01.178 439 439 W healthd : battery l=52 v=7600 t=34.0 h=1 st=3 c=-768000 fc=9700000 chg=
06-09 15:30:01.492 347 347 I rockchip-vop2 fdd90000.vop: [drm:vop2_crtc_atomic_disable] Crtc atomic disable vp2
06-09 15:30:01.505 347 347 E rockchip-vop2 fdd90000.vop: [drm:vop2_crtc_atomic_disable] *ERROR* unexpected power on pd7
06-09 15:29:57.844 851 851 D DCT-C-0 : screen off
06-09 15:29:57.844 851 851 D DCT-C-0 : stopNetStatPoll
06-09 15:30:01.706 1 1 I init : processing action (debug.beidou_leavesuspend=*) from (/system/etc/init/hw/init.rc:1293)
06-09 15:30:01.707 444 444 I gsensor_mxc6655 5-0015: set sensor poll time to 200ms
06-09 15:29:57.984 851 851 D RILJ : [0213]> SEND_DEVICE_STATE 2:false [PHONE0]
06-09 15:29:57.985 526 526 D RILC : sendDeviceState: calling screen state 1
06-09 15:29:57.985 526 526 D RILC : onRequest: SCREEN_STATE datalen=4 request_value:61
06-09 15:29:57.985 851 1064 D RILJ : [0213]< SEND_DEVICE_STATE [PHONE0]
06-09 15:29:57.985 851 851 D RILJ : [0214]> SET_UNSOLICITED_RESPONSE_FILTER 127 [PHONE0]
06-09 15:29:57.985 851 1064 D RILJ : [0214]< SET_UNSOLICITED_RESPONSE_FILTER error 6 [PHONE0]
06-09 15:29:57.985 851 1064 D RilRequest: [0214]< SET_UNSOLICITED_RESPONSE_FILTER error: com.android.internal.telephony.CommandException: REQUEST_NOT_SUPPORTED ret= result=null
06-09 15:29:57.985 851 851 E RILJ : setSignalStrengthReportingCriteria ignored on IRadio version less than 1.2 [PHONE0]
06-09 15:29:57.986 851 851 E RILJ : setSignalStrengthReportingCriteria ignored on IRadio version less than 1.2 [PHONE0]
06-09 15:29:57.986 851 851 E RILJ : setSignalStrengthReportingCriteria ignored on IRadio version less than 1.2 [PHONE0]
06-09 15:29:57.986 851 851 D NetworkTypeController: [0] LegacyState: process EVENT_PHYSICAL_CHANNEL_CONFIG_NOTIF_CHANGED
06-09 15:29:57.986 851 851 D NetworkTypeController: [0] Remove all timers
06-09 15:29:57.986 851 851 D NetworkTypeController: [0] DefaultState: process EVENT_PHYSICAL_CHANNEL_CONFIG_NOTIF_CHANGED
06-09 15:29:57.986 851 851 D NetworkTypeController: [0] mIsPhysicalChannelConfigOn changed to: true
06-09 15:30:01.708 1 1 W : debug.beidou_leavesuspend wakeup
06-09 15:30:01.709 444 444 I gsensor_mxc6655 5-0015: sensor on: starting poll sensor data 196ms
06-09 15:30:01.721 439 439 W healthd : battery l=52 v=7600 t=34.0 h=1 st=3 c=-256000 fc=9700000 chg=
06-09 15:29:57.997 851 851 D DCT-C-0 : screen on
06-09 15:29:57.997 851 851 D DCT-C-0 : stopNetStatPoll
06-09 15:30:01.766 347 347 I rockchip-vop2 fdd90000.vop: [drm:vop2_crtc_atomic_enable] Update mode to 1536x2048p55, type: 16(if:60) for vp2 dclk: 192000000
06-09 15:30:01.766 347 347 I rockchip-vop2 fdd90000.vop: [drm:vop2_crtc_atomic_enable] dclk_out2 div: 2 dclk_core2 div: 1
06-09 15:30:01.766 347 347 I rockchip-vop2 fdd90000.vop: [drm:vop2_crtc_atomic_enable] set dclk_vop2 to 96000000, get 96000000
06-09 15:30:01.785 444 444 I gsensor_mxc6655 5-0015: set sensor poll time to 66ms
06-09 15:30:02.275 347 347 I dw-mipi-dsi2 fde20000.dsi: [drm:dw_mipi_dsi2_encoder_enable] final DSI-Link bandwidth: 639999 x 8 Kbps
06-09 15:30:02.360 357 357 E rockchip-vop2 fdd90000.vop: [drm:vop2_wait_power_domain_off] *ERROR* wait pd7 off timeout power_ctrl: 0x7f
06-09 15:30:03.088 4266 4266 W : abc audioDBG [es8323_mute] start mute:1
06-09 15:30:03.088 4266 4266 I [Awinic] [3-0058]aw_acf_get_prof_desc_form_name: get prof desc down
06-09 15:30:03.088 4266 4266 I [Awinic] [3-005b]aw_acf_get_prof_desc_form_name: get prof desc down
06-09 15:30:03.269 1 1 I init : processing action (debug.beidou_entersuspend=*) from (/system/etc/init/hw/init.rc:1286)
06-09 15:30:03.270 1 1 W : debug.beidou_entersuspend $PMTK161,0*28\r\n
06-09 15:30:03.271 1 1 I init : starting service 'gps_suspend'...
06-09 15:30:03.301 18417 18417 W : abc audioDBG [es8323_mute] start mute:0
06-09 15:30:03.308 1 1 I init : Service 'gps_suspend' (pid 10246) exited with status 0 oneshot service took 0.031000 seconds in background
06-09 15:30:03.308 1 1 I init : Sending signal 9 to service 'gps_suspend' (pid 10246) process group...
06-09 15:30:03.309 1 1 I libprocessgroup: Successfully killed process cgroup uid 0 pid 10246 in 0ms
06-09 15:30:03.311 18417 18417 I [Awinic] [3-0058]aw_acf_get_prof_desc_form_name: get prof desc down
06-09 15:29:59.588 526 549 D RILU : find_pci_device is 0
06-09 15:29:59.588 526 549 D RILC : PCI can't find at device
06-09 15:29:59.589 526 549 D RILC : USB can't find at device
06-09 15:30:03.325 18417 18417 I [Awinic] [3-005b]aw_acf_get_prof_desc_form_name: get prof desc down
06-09 15:30:03.766 444 444 I gsensor_mxc6655 5-0015: set sensor poll time to 200ms
06-09 15:30:03.767 439 439 W healthd : battery l=52 v=7600 t=34.0 h=1 st=3 c=-512000 fc=9700000 chg=
06-09 15:30:00.062 851 851 D RILJ : [0215]> SEND_DEVICE_STATE 2:true [PHONE0]
06-09 15:30:00.062 526 526 D RILC : sendDeviceState: calling screen state 0
06-09 15:30:00.063 526 526 D RILC : onRequest: SCREEN_STATE datalen=4 request_value:61
06-09 15:30:00.063 851 1064 D RILJ : [0215]< SEND_DEVICE_STATE [PHONE0]
06-09 15:30:00.063 851 851 D RILJ : [0216]> SET_UNSOLICITED_RESPONSE_FILTER 32 [PHONE0]
06-09 15:30:00.064 851 1064 D RILJ : [0216]< SET_UNSOLICITED_RESPONSE_FILTER error 6 [PHONE0]
06-09 15:30:00.064 851 1064 D RilRequest: [0216]< SET_UNSOLICITED_RESPONSE_FILTER error: com.android.internal.telephony.CommandException: REQUEST_NOT_SUPPORTED ret= result=null
06-09 15:30:00.065 851 851 E RILJ : setSignalStrengthReportingCriteria ignored on IRadio version less than 1.2 [PHONE0]
06-09 15:30:00.065 851 851 E RILJ : setSignalStrengthReportingCriteria ignored on IRadio version less than 1.2 [PHONE0]
06-09 15:30:00.066 851 851 E RILJ : setSignalStrengthReportingCriteria ignored on IRadio version less than 1.2 [PHONE0]
06-09 15:30:00.067 851 851 D NetworkTypeController: [0] LegacyState: process EVENT_PHYSICAL_CHANNEL_CONFIG_NOTIF_CHANGED
06-09 15:30:00.067 851 851 D NetworkTypeController: [0] Remove all timers
06-09 15:30:00.067 851 851 D NetworkTypeController: [0] DefaultState: process EVENT_PHYSICAL_CHANNEL_CONFIG_NOTIF_CHANGED
06-09 15:30:00.067 851 851 D NetworkTypeController: [0] mIsPhysicalChannelConfigOn changed to: false
06-09 15:30:00.067 851 851 D NetworkTypeController: [0] Remove all timers
06-09 15:30:04.105 347 347 I rockchip-vop2 fdd90000.vop: [drm:vop2_crtc_atomic_disable] Crtc atomic disable vp2
06-09 15:30:04.117 347 347 E rockchip-vop2 fdd90000.vop: [drm:vop2_crtc_atomic_disable] *ERROR* unexpected power on pd7
06-09 15:30:00.446 851 851 D DCT-C-0 : screen off
06-09 15:30:00.447 851 851 D DCT-C-0 : stopNetStatPoll
06-09 15:30:04.371 1 1 I init : processing action (debug.beidou_leavesuspend=*) from (/system/etc/init/hw/init.rc:1293)
06-09 15:30:04.373 1 1 W : debug.beidou_leavesuspend wakeup
06-09 15:30:04.385 444 444 I gsensor_mxc6655 5-0015: set sensor poll time to 200ms
06-09 15:30:00.661 851 851 D RILJ : [0217]> SEND_DEVICE_STATE 2:false [PHONE0]
06-09 15:30:00.662 526 526 D RILC : sendDeviceState: calling screen state 1
06-09 15:30:00.662 526 526 D RILC : onRequest: SCREEN_STATE datalen=4 request_value:61
06-09 15:30:00.662 851 1064 D RILJ : [0217]< SEND_DEVICE_STATE [PHONE0]
06-09 15:30:00.662 851 851 D RILJ : [0218]> SET_UNSOLICITED_RESPONSE_FILTER 127 [PHONE0]
06-09 15:30:04.386 444 444 I gsensor_mxc6655 5-0015: sensor on: starting poll sensor data 196ms
06-09 15:30:00.665 851 1064 D RILJ : [0218]< SET_UNSOLICITED_RESPONSE_FILTER error 6 [PHONE0]
06-09 15:30:00.665 851 1064 D RilRequest: [0218]< SET_UNSOLICITED_RESPONSE_FILTER error: com.android.internal.telephony.CommandException: REQUEST_NOT_SUPPORTED ret= result=null
06-09 15:30:00.665 851 851 E RILJ : setSignalStrengthReportingCriteria ignored on IRadio version less than 1.2 [PHONE0]
06-09 15:30:00.666 851 851 E RILJ : setSignalStrengthReportingCriteria ignored on IRadio version less than 1.2 [PHONE0]
06-09 15:30:00.666 851 851 E RILJ : setSignalStrengthReportingCriteria ignored on IRadio version less than 1.2 [PHONE0]
06-09 15:30:00.666 851 851 D NetworkTypeController: [0] LegacyState: process EVENT_PHYSICAL_CHANNEL_CONFIG_NOTIF_CHANGED
06-09 15:30:00.666 851 851 D NetworkTypeController: [0] Remove all timers
06-09 15:30:00.666 851 851 D NetworkTypeController: [0] DefaultState: process EVENT_PHYSICAL_CHANNEL_CONFIG_NOTIF_CHANGED
06-09 15:30:00.666 851 851 D NetworkTypeController: [0] mIsPhysicalChannelConfigOn changed to: true
06-09 15:30:04.404 439 439 W healthd : battery l=52 v=7600 t=34.0 h=1 st=3 c=-512000 fc=9700000 chg=
06-09 15:30:00.691 851 851 D DCT-C-0 : screen on
06-09 15:30:00.692 851 851 D DCT-C-0 : stopNetStatPoll
06-09 15:30:04.442 347 347 I rockchip-vop2 fdd90000.vop: [drm:vop2_crtc_atomic_enable] Update mode to 1536x2048p55, type: 16(if:60) for vp2 dclk: 192000000
06-09 15:30:04.443 347 347 I rockchip-vop2 fdd90000.vop: [drm:vop2_crtc_atomic_enable] dclk_out2 div: 2 dclk_core2 div: 1
06-09 15:30:04.443 347 347 I rockchip-vop2 fdd90000.vop: [drm:vop2_crtc_atomic_enable] set dclk_vop2 to 96000000, get 96000000
06-09 15:30:04.464 444 444 I gsensor_mxc6655 5-0015: set sensor poll time to 66ms
06-09 15:30:04.948 347 347 I dw-mipi-dsi2 fde20000.dsi: [drm:dw_mipi_dsi2_encoder_enable] final DSI-Link bandwidth: 639999 x 8 Kbps
06-09 15:30:05.329 357 357 E rockchip-vop2 fdd90000.vop: [drm:vop2_wait_power_domain_off] *ERROR* wait pd7 off timeout power_ctrl: 0x7a
06-09 15:30:05.962 1 1 I init : processing action (debug.beidou_entersuspend=*) from (/system/etc/init/hw/init.rc:1286)
06-09 15:30:05.962 1 1 W : debug.beidou_entersuspend $PMTK161,0*28\r\n
06-09 15:30:05.963 1 1 I init : starting service 'gps_suspend'...
06-09 15:30:05.990 1 1 I init : Service 'gps_suspend' (pid 10282) exited with status 0 oneshot service took 0.026000 seconds in background
06-09 15:30:02.589 526 549 D RILU : find_pci_device is 0
06-09 15:30:02.589 526 549 D RILC : PCI can't find at device
06-09 15:30:02.590 526 549 D RILC : USB can't find at device
06-09 15:30:06.431 444 444 I gsensor_mxc6655 5-0015: set sensor poll time to 200ms
06-09 15:30:06.438 439 439 W healthd : battery l=52 v=7600 t=33.5 h=1 st=3 c=-768000 fc=9700000 chg=
06-09 15:30:02.727 851 851 D RILJ : [0219]> SEND_DEVICE_STATE 2:true [PHONE0]
06-09 15:30:02.728 526 526 D RILC : sendDeviceState: calling screen state 0
06-09 15:30:02.728 526 526 D RILC : onRequest: SCREEN_STATE datalen=4 request_value:61
06-09 15:30:02.728 851 1064 D RILJ : [0219]< SEND_DEVICE_STATE [PHONE0]
06-09 15:30:02.730 851 851 D RILJ : [0220]> SET_UNSOLICITED_RESPONSE_FILTER 32 [PHONE0]
06-09 15:30:02.731 851 1064 D RILJ : [0220]< SET_UNSOLICITED_RESPONSE_FILTER error 6 [PHONE0]
06-09 15:30:02.731 851 1064 D RilRequest: [0220]< SET_UNSOLICITED_RESPONSE_FILTER error: com.android.internal.telephony.CommandException: REQUEST_NOT_SUPPORTED ret= result=null
06-09 15:30:02.732 851 851 E RILJ : setSignalStrengthReportingCriteria ignored on IRadio version less than 1.2 [PHONE0]
06-09 15:30:02.732 851 851 E RILJ : setSignalStrengthReportingCriteria ignored on IRadio version less than 1.2 [PHONE0]
06-09 15:30:02.732 851 851 E RILJ : setSignalStrengthReportingCriteria ignored on IRadio version less than 1.2 [PHONE0]
06-09 15:30:02.732 851 851 D NetworkTypeController: [0] LegacyState: process EVENT_PHYSICAL_CHANNEL_CONFIG_NOTIF_CHANGED
06-09 15:30:02.732 851 851 D NetworkTypeController: [0] Remove all timers
06-09 15:30:02.732 851 851 D NetworkTypeController: [0] DefaultState: process EVENT_PHYSICAL_CHANNEL_CONFIG_NOTIF_CHANGED
06-09 15:30:02.732 851 851 D NetworkTypeController: [0] mIsPhysicalChannelConfigOn changed to: false
06-09 15:30:02.732 851 851 D NetworkTypeController: [0] Remove all timers
06-09 15:30:06.782 347 347 I rockchip-vop2 fdd90000.vop: [drm:vop2_crtc_atomic_disable] Crtc atomic disable vp2
06-09 15:30:06.793 347 347 E rockchip-vop2 fdd90000.vop: [drm:vop2_crtc_atomic_disable] *ERROR* unexpected power on pd7
06-09 15:30:03.099 851 851 D DCT-C-0 : screen off
06-09 15:30:03.100 851 851 D DCT-C-0 : stopNetStatPoll
06-09 15:30:06.964 1 1 I init : processing action (debug.beidou_leavesuspend=*) from (/system/etc/init/hw/init.rc:1293)
06-09 15:30:06.966 1 1 W : debug.beidou_leavesuspend wakeup
06-09 15:30:06.977 444 444 I gsensor_mxc6655 5-0015: set sensor poll time to 200ms
06-09 15:30:03.255 851 851 D RILJ : [0221]> SEND_DEVICE_STATE 2:false [PHONE0]
06-09 15:30:03.255 526 526 D RILC : sendDeviceState: calling screen state 1
06-09 15:30:03.255 526 526 D RILC : onRequest: SCREEN_STATE datalen=4 request_value:61
06-09 15:30:03.255 851 1064 D RILJ : [0221]< SEND_DEVICE_STATE [PHONE0]
06-09 15:30:03.256 851 851 D RILJ : [0222]> SET_UNSOLICITED_RESPONSE_FILTER 127 [PHONE0]
06-09 15:30:03.256 851 1064 D RILJ : [0222]< SET_UNSOLICITED_RESPONSE_FILTER error 6 [PHONE0]
06-09 15:30:03.256 851 1064 D RilRequest: [0222]< SET_UNSOLICITED_RESPONSE_FILTER error: com.android.internal.telephony.CommandException: REQUEST_NOT_SUPPORTED ret= result=null
06-09 15:30:06.979 444 444 I gsensor_mxc6655 5-0015: sensor on: starting poll sensor data 196ms
06-09 15:30:03.258 851 851 E RILJ : setSignalStrengthReportingCriteria ignored on IRadio version less than 1.2 [PHONE0]
06-09 15:30:03.258 851 851 E RILJ : setSignalStrengthReportingCriteria ignored on IRadio version less than 1.2 [PHONE0]
06-09 15:30:03.258 851 851 E RILJ : setSignalStrengthReportingCriteria ignored on IRadio version less than 1.2 [PHONE0]
06-09 15:30:03.259 851 851 D NetworkTypeController: [0] LegacyState: process EVENT_PHYSICAL_CHANNEL_CONFIG_NOTIF_CHANGED
06-09 15:30:03.259 851 851 D NetworkTypeController: [0] Remove all timers
06-09 15:30:03.259 851 851 D NetworkTypeController: [0] DefaultState: process EVENT_PHYSICAL_CHANNEL_CONFIG_NOTIF_CHANGED
06-09 15:30:03.259 851 851 D NetworkTypeController: [0] mIsPhysicalChannelConfigOn changed to: true
06-09 15:30:06.991 439 439 W healthd : battery l=52 v=7600 t=33.5 h=1 st=3 c=-256000 fc=9700000 chg=
06-09 15:30:03.286 851 851 D DCT-C-0 : screen on
06-09 15:30:03.286 851 851 D DCT-C-0 : stopNetStatPoll
06-09 15:30:07.033 347 347 I rockchip-vop2 fdd90000.vop: [drm:vop2_crtc_atomic_enable] Update mode to 1536x2048p55, type: 16(if:60) for vp2 dclk: 192000000
06-09 15:30:07.034 347 347 I rockchip-vop2 fdd90000.vop: [drm:vop2_crtc_atomic_enable] dclk_out2 div: 2 dclk_core2 div: 1
06-09 15:30:07.034 347 347 I rockchip-vop2 fdd90000.vop: [drm:vop2_crtc_atomic_enable] set dclk_vop2 to 96000000, get 96000000
06-09 15:30:07.131 444 444 I gsensor_mxc6655 5-0015: set sensor poll time to 66ms
06-09 15:30:07.538 347 347 I dw-mipi-dsi2 fde20000.dsi: [drm:dw_mipi_dsi2_encoder_enable] final DSI-Link bandwidth: 639999 x 8 Kbps
06-09 15:30:07.619 357 357 E rockchip-vop2 fdd90000.vop: [drm:vop2_wait_power_domain_off] *ERROR* wait pd7 off timeout power_ctrl: 0x7f
06-09 15:30:08.411 1 1 I init : processing action (debug.beidou_entersuspend=*) from (/system/etc/init/hw/init.rc:1286)
06-09 15:30:08.412 1 1 W : debug.beidou_entersuspend $PMTK161,0*28\r\n
06-09 15:30:08.412 1 1 I init : starting service 'gps_suspend'...
06-09 15:30:08.420 1 1 I init : Service 'gps_suspend' (pid 10339) exited with status 0 oneshot service took 0.006000 seconds in background
06-09 15:30:08.421 1 1 I init : Sending signal 9 to service 'gps_suspend' (pid 10339) process group...
06-09 15:30:08.421 1 1 I libprocessgroup: Successfully killed process cgroup uid 0 pid 10339 in 0ms
06-09 15:30:08.893 460 460 I gsensor_mxc6655 5-0015: set sensor poll time to 200ms
06-09 15:30:05.183 851 851 D RILJ : [0223]> SEND_DEVICE_STATE 2:true [PHONE0]
06-09 15:30:05.183 526 526 D RILC : sendDeviceState: calling screen state 0
06-09 15:30:05.183 526 526 D RILC : onRequest: SCREEN_STATE datalen=4 request_value:61
06-09 15:30:05.183 851 1064 D RILJ : [0223]< SEND_DEVICE_STATE [PHONE0]
06-09 15:30:05.184 851 851 D RILJ : [0224]> SET_UNSOLICITED_RESPONSE_FILTER 32 [PHONE0]
06-09 15:30:05.184 851 1064 D RILJ : [0224]< SET_UNSOLICITED_RESPONSE_FILTER error 6 [PHONE0]
06-09 15:30:05.184 851 1064 D RilRequest: [0224]< SET_UNSOLICITED_RESPONSE_FILTER error: com.android.internal.telephony.CommandException: REQUEST_NOT_SUPPORTED ret= result=null
06-09 15:30:05.184 851 851 E RILJ : setSignalStrengthReportingCriteria ignored on IRadio version less than 1.2 [PHONE0]
06-09 15:30:05.185 851 851 E RILJ : setSignalStrengthReportingCriteria ignored on IRadio version less than 1.2 [PHONE0]
06-09 15:30:05.185 851 851 E RILJ : setSignalStrengthReportingCriteria ignored on IRadio version less than 1.2 [PHONE0]
06-09 15:30:05.185 851 851 D NetworkTypeController: [0] LegacyState: process EVENT_PHYSICAL_CHANNEL_CONFIG_NOTIF_CHANGED
06-09 15:30:05.185 851 851 D NetworkTypeController: [0] Remove all timers
06-09 15:30:05.185 851 851 D NetworkTypeController: [0] DefaultState: process EVENT_PHYSICAL_CHANNEL_CONFIG_NOTIF_CHANGED
06-09 15:30:05.185 851 851 D NetworkTypeController: [0] mIsPhysicalChannelConfigOn changed to: false
06-09 15:30:05.185 851 851 D NetworkTypeController: [0] Remove all timers
06-09 15:30:08.925 439 439 W healthd : battery l=52 v=7600 t=33.5 h=1 st=3 c=-768000 fc=9700000 chg=
06-09 15:30:09.245 347 347 I rockchip-vop2 fdd90000.vop: [drm:vop2_crtc_atomic_disable] Crtc atomic disable vp2
06-09 15:30:09.256 347 347 E rockchip-vop2 fdd90000.vop: [drm:vop2_crtc_atomic_disable] *ERROR* unexpected power on pd7
06-09 15:30:05.555 851 851 D DCT-C-0 : screen off
06-09 15:30:05.555 851 851 D DCT-C-0 : stopNetStatPoll
06-09 15:30:05.591 526 549 D RILU : find_pci_device is 0
06-09 15:30:05.591 526 549 D RILC : PCI can't find at device
06-09 15:30:05.591 526 549 D RILC : USB can't find at device
06-09 15:30:09.346 1 1 I init : processing action (debug.beidou_leavesuspend=*) from (/system/etc/init/hw/init.rc:1293)
06-09 15:30:09.350 1 1 W : debug.beidou_leavesuspend wakeup
06-09 15:30:09.368 460 460 I gsensor_mxc6655 5-0015: set sensor poll time to 200ms
06-09 15:30:09.369 460 460 I gsensor_mxc6655 5-0015: sensor on: starting poll sensor data 196ms
06-09 15:30:05.646 851 851 D RILJ : [0225]> SEND_DEVICE_STATE 2:false [PHONE0]
06-09 15:30:05.646 526 526 D RILC : sendDeviceState: calling screen state 1
06-09 15:30:05.646 526 526 D RILC : onRequest: SCREEN_STATE datalen=4 request_value:61
06-09 15:30:05.647 851 1064 D RILJ : [0225]< SEND_DEVICE_STATE [PHONE0]
06-09 15:30:05.647 851 851 D RILJ : [0226]> SET_UNSOLICITED_RESPONSE_FILTER 127 [PHONE0]
06-09 15:30:05.648 851 1064 D RILJ : [0226]< SET_UNSOLICITED_RESPONSE_FILTER error 6 [PHONE0]
06-09 15:30:05.648 851 1064 D RilRequest: [0226]< SET_UNSOLICITED_RESPONSE_FILTER error: com.android.internal.telephony.CommandException: REQUEST_NOT_SUPPORTED ret= result=null
06-09 15:30:09.372 439 439 W healthd : battery l=52 v=7600 t=33.5 h=1 st=3 c=-768000 fc=9700000 chg=
06-09 15:30:05.648 851 851 E RILJ : setSignalStrengthReportingCriteria ignored on IRadio version less than 1.2 [PHONE0]
06-09 15:30:05.649 851 851 E RILJ : setSignalStrengthReportingCriteria ignored on IRadio version less than 1.2 [PHONE0]
06-09 15:30:05.650 851 851 E RILJ : setSignalStrengthReportingCriteria ignored on IRadio version less than 1.2 [PHONE0]
06-09 15:30:05.650 851 851 D NetworkTypeController: [0] LegacyState: process EVENT_PHYSICAL_CHANNEL_CONFIG_NOTIF_CHANGED
06-09 15:30:05.650 851 851 D NetworkTypeController: [0] Remove all timers
06-09 15:30:05.650 851 851 D NetworkTypeController: [0] DefaultState: process EVENT_PHYSICAL_CHANNEL_CONFIG_NOTIF_CHANGED
06-09 15:30:05.650 851 851 D NetworkTypeController: [0] mIsPhysicalChannelConfigOn changed to: true
06-09 15:30:05.680 851 851 D DCT-C-0 : screen on
06-09 15:30:05.680 851 851 D DCT-C-0 : stopNetStatPoll
06-09 15:30:09.420 347 347 I rockchip-vop2 fdd90000.vop: [drm:vop2_crtc_atomic_enable] Update mode to 1536x2048p55, type: 16(if:60) for vp2 dclk: 192000000
06-09 15:30:09.420 347 347 I rockchip-vop2 fdd90000.vop: [drm:vop2_crtc_atomic_enable] dclk_out2 div: 2 dclk_core2 div: 1
06-09 15:30:09.420 347 347 I rockchip-vop2 fdd90000.vop: [drm:vop2_crtc_atomic_enable] set dclk_vop2 to 96000000, get 96000000
06-09 15:30:09.531 460 460 I gsensor_mxc6655 5-0015: set sensor poll time to 66ms
06-09 15:30:09.928 347 347 I dw-mipi-dsi2 fde20000.dsi: [drm:dw_mipi_dsi2_encoder_enable] final DSI-Link bandwidth: 639999 x 8 Kbps
06-09 15:30:10.006 357 357 E rockchip-vop2 fdd90000.vop: [drm:vop2_wait_power_domain_off] *ERROR* wait pd7 off timeout power_ctrl: 0x7f
06-09 15:30:10.722 1 1 I init : processing action (debug.beidou_entersuspend=*) from (/system/etc/init/hw/init.rc:1286)
06-09 15:30:10.722 1 1 W : debug.beidou_entersuspend $PMTK161,0*28\r\n
06-09 15:30:10.723 1 1 I init : starting service 'gps_suspend'...
06-09 15:30:10.749 1 1 I init : Service 'gps_suspend' (pid 10372) exited with status 0 oneshot service took 0.010000 seconds in background
06-09 15:30:11.196 444 444 I gsensor_mxc6655 5-0015: set sensor poll time to 200ms
06-09 15:30:07.487 851 851 D RILJ : [0227]> SEND_DEVICE_STATE 2:true [PHONE0]
06-09 15:30:07.487 526 526 D RILC : sendDeviceState: calling screen state 0
06-09 15:30:07.487 526 526 D RILC : onRequest: SCREEN_STATE datalen=4 request_value:61
06-09 15:30:07.487 851 1064 D RILJ : [0227]< SEND_DEVICE_STATE [PHONE0]
06-09 15:30:07.489 851 851 D RILJ : [0228]> SET_UNSOLICITED_RESPONSE_FILTER 32 [PHONE0]
06-09 15:30:07.489 851 1064 D RILJ : [0228]< SET_UNSOLICITED_RESPONSE_FILTER error 6 [PHONE0]
06-09 15:30:07.489 851 1064 D RilRequest: [0228]< SET_UNSOLICITED_RESPONSE_FILTER error: com.android.internal.telephony.CommandException: REQUEST_NOT_SUPPORTED ret= result=null
06-09 15:30:07.490 851 851 E RILJ : setSignalStrengthReportingCriteria ignored on IRadio version less than 1.2 [PHONE0]
06-09 15:30:07.490 851 851 E RILJ : setSignalStrengthReportingCriteria ignored on IRadio version less than 1.2 [PHONE0]
06-09 15:30:07.490 851 851 E RILJ : setSignalStrengthReportingCriteria ignored on IRadio version less than 1.2 [PHONE0]
06-09 15:30:07.490 851 851 D NetworkTypeController: [0] LegacyState: process EVENT_PHYSICAL_CHANNEL_CONFIG_NOTIF_CHANGED
06-09 15:30:07.490 851 851 D NetworkTypeController: [0] Remove all timers
06-09 15:30:07.490 851 851 D NetworkTypeController: [0] DefaultState: process EVENT_PHYSICAL_CHANNEL_CONFIG_NOTIF_CHANGED
06-09 15:30:07.490 851 851 D NetworkTypeController: [0] mIsPhysicalChannelConfigOn changed to: false
06-09 15:30:07.490 851 851 D NetworkTypeController: [0] Remove all timers
06-09 15:30:11.219 439 439 W healthd : battery l=52 v=7612 t=34.0 h=1 st=3 c=-512000 fc=9700000 chg=
06-09 15:30:11.542 347 347 I rockchip-vop2 fdd90000.vop: [drm:vop2_crtc_atomic_disable] Crtc atomic disable vp2
06-09 15:30:11.552 347 347 E rockchip-vop2 fdd90000.vop: [drm:vop2_crtc_atomic_disable] *ERROR* unexpected power on pd7
06-09 15:30:07.848 851 851 D DCT-C-0 : screen off
06-09 15:30:07.848 851 851 D DCT-C-0 : stopNetStatPoll
06-09 15:30:11.701 1 1 W : debug.beidou_leavesuspend wakeup
06-09 15:30:11.706 460 460 I gsensor_mxc6655 5-0015: set sensor poll time to 200ms
06-09 15:30:11.708 460 460 I gsensor_mxc6655 5-0015: sensor on: starting poll sensor data 196ms
06-09 15:30:07.989 851 851 D RILJ : [0229]> SEND_DEVICE_STATE 2:false [PHONE0]
06-09 15:30:07.990 851 851 D RILJ : [0230]> SET_UNSOLICITED_RESPONSE_FILTER 127 [PHONE0]
06-09 15:30:07.990 526 526 D RILC : sendDeviceState: calling screen state 1
06-09 15:30:07.990 526 526 D RILC : onRequest: SCREEN_STATE datalen=4 request_value:61
06-09 15:30:07.990 851 851 E RILJ : setSignalStrengthReportingCriteria ignored on IRadio version less than 1.2 [PHONE0]
06-09 15:30:07.990 851 851 E RILJ : setSignalStrengthReportingCriteria ignored on IRadio version less than 1.2 [PHONE0]
06-09 15:30:07.990 851 1064 D RILJ : [0229]< SEND_DEVICE_STATE [PHONE0]
06-09 15:30:07.990 851 851 E RILJ : setSignalStrengthReportingCriteria ignored on IRadio version less than 1.2 [PHONE0]
06-09 15:30:07.990 851 851 D NetworkTypeController: [0] LegacyState: process EVENT_PHYSICAL_CHANNEL_CONFIG_NOTIF_CHANGED
06-09 15:30:07.990 851 851 D NetworkTypeController: [0] Remove all timers
06-09 15:30:07.991 851 851 D NetworkTypeController: [0] DefaultState: process EVENT_PHYSICAL_CHANNEL_CONFIG_NOTIF_CHANGED
06-09 15:30:07.991 851 1064 D RILJ : [0230]< SET_UNSOLICITED_RESPONSE_FILTER error 6 [PHONE0]
06-09 15:30:07.991 851 851 D NetworkTypeController: [0] mIsPhysicalChannelConfigOn changed to: true
06-09 15:30:07.991 851 1064 D RilRequest: [0230]< SET_UNSOLICITED_RESPONSE_FILTER error: com.android.internal.telephony.CommandException: REQUEST_NOT_SUPPORTED ret= result=null
06-09 15:30:07.999 851 851 D DCT-C-0 : screen on
06-09 15:30:07.999 851 851 D DCT-C-0 : stopNetStatPoll
06-09 15:30:11.729 439 439 W healthd : battery l=52 v=7612 t=34.0 h=1 st=3 c=-512000 fc=9700000 chg=
06-09 15:30:11.770 347 347 I rockchip-vop2 fdd90000.vop: [drm:vop2_crtc_atomic_enable] Update mode to 1536x2048p55, type: 16(if:60) for vp2 dclk: 192000000
06-09 15:30:11.771 347 347 I rockchip-vop2 fdd90000.vop: [drm:vop2_crtc_atomic_enable] dclk_out2 div: 2 dclk_core2 div: 1
06-09 15:30:11.771 347 347 I rockchip-vop2 fdd90000.vop: [drm:vop2_crtc_atomic_enable] set dclk_vop2 to 96000000, get 96000000
06-09 15:30:11.807 460 460 I gsensor_mxc6655 5-0015: set sensor poll time to 66ms
06-09 15:30:12.285 347 347 I dw-mipi-dsi2 fde20000.dsi: [drm:dw_mipi_dsi2_encoder_enable] final DSI-Link bandwidth: 639999 x 8 Kbps
06-09 15:30:08.592 526 549 D RILU : find_pci_device is 0
06-09 15:30:08.592 526 549 D RILC : PCI can't find at device
06-09 15:30:08.593 526 549 D RILC : USB can't find at device
06-09 15:30:12.674 357 357 E rockchip-vop2 fdd90000.vop: [drm:vop2_wait_power_domain_off] *ERROR* wait pd7 off timeout power_ctrl: 0x7a
06-09 15:30:13.168 544 544 W : abc audioDBG [es8323_mute] start mute:1
06-09 15:30:13.168 544 544 I [Awinic] [3-0058]aw_acf_get_prof_desc_form_name: get prof desc down
06-09 15:30:13.169 544 544 I [Awinic] [3-005b]aw_acf_get_prof_desc_form_name: get prof desc down
06-09 15:30:13.482 1 1 I init : processing action (debug.beidou_entersuspend=*) from (/system/etc/init/hw/init.rc:1286)
06-09 15:30:13.483 1 1 W : debug.beidou_entersuspend $PMTK161,0*28\r\n
06-09 15:30:13.484 1 1 I init : starting service 'gps_suspend'...
06-09 15:30:13.497 1 1 I init : Service 'gps_suspend' (pid 10406) exited with status 0 oneshot service took 0.007000 seconds in background
06-09 15:30:13.497 1 1 I init : Sending signal 9 to service 'gps_suspend' (pid 10406) process group...
06-09 15:30:13.498 1 1 I libprocessgroup: Successfully killed process cgroup uid 0 pid 10406 in 0ms
06-09 15:30:13.525 18417 18417 W : abc audioDBG [es8323_mute] start mute:0
06-09 15:30:13.535 18417 18417 I [Awinic] [3-0058]aw_acf_get_prof_desc_form_name: get prof desc down
06-09 15:30:13.549 18417 18417 I [Awinic] [3-005b]aw_acf_get_prof_desc_form_name: get prof desc down
06-09 15:30:14.028 460 460 I gsensor_mxc6655 5-0015: set sensor poll time to 200ms
06-09 15:30:14.065 439 439 W healthd : battery l=52 v=7612 t=34.0 h=1 st=3 c=-512000 fc=9700000 chg=
06-09 15:30:10.347 851 851 D RILJ : [0231]> SEND_DEVICE_STATE 2:true [PHONE0]
06-09 15:30:10.347 526 526 D RILC : sendDeviceState: calling screen state 0
06-09 15:30:10.347 526 526 D RILC : onRequest: SCREEN_STATE datalen=4 request_value:61
06-09 15:30:10.347 851 1064 D RILJ : [0231]< SEND_DEVICE_STATE [PHONE0]
06-09 15:30:10.348 851 851 D RILJ : [0232]> SET_UNSOLICITED_RESPONSE_FILTER 32 [PHONE0]
06-09 15:30:10.348 851 1064 D RILJ : [0232]< SET_UNSOLICITED_RESPONSE_FILTER error 6 [PHONE0]
06-09 15:30:10.348 851 1064 D RilRequest: [0232]< SET_UNSOLICITED_RESPONSE_FILTER error: com.android.internal.telephony.CommandException: REQUEST_NOT_SUPPORTED ret= result=null
06-09 15:30:10.351 851 851 E RILJ : setSignalStrengthReportingCriteria ignored on IRadio version less than 1.2 [PHONE0]
06-09 15:30:10.351 851 851 E RILJ : setSignalStrengthReportingCriteria ignored on IRadio version less than 1.2 [PHONE0]
06-09 15:30:10.351 851 851 E RILJ : setSignalStrengthReportingCriteria ignored on IRadio version less than 1.2 [PHONE0]
06-09 15:30:10.351 851 851 D NetworkTypeController: [0] LegacyState: process EVENT_PHYSICAL_CHANNEL_CONFIG_NOTIF_CHANGED
06-09 15:30:10.351 851 851 D NetworkTypeController: [0] Remove all timers
06-09 15:30:10.351 851 851 D NetworkTypeController: [0] DefaultState: process EVENT_PHYSICAL_CHANNEL_CONFIG_NOTIF_CHANGED
06-09 15:30:10.351 851 851 D NetworkTypeController: [0] mIsPhysicalChannelConfigOn changed to: false
06-09 15:30:10.352 851 851 D NetworkTypeController: [0] Remove all timers
