06-09 14:56:57.566 1 1 I init : Service 'gps_suspend' (pid 15148) exited with status 0 oneshot service took 0.007000 seconds in background
06-09 14:56:57.566 1 1 I init : Sending signal 9 to service 'gps_suspend' (pid 15148) process group...
06-09 14:56:57.567 1 1 I libprocessgroup: Successfully killed process cgroup uid 0 pid 15148 in 0ms
06-09 14:56:58.113 444 444 I gsensor_mxc6655 5-0015: set sensor poll time to 200ms
06-09 14:56:58.165 439 439 W healthd : battery l=59 v=7632 t=33.5 h=1 st=3 c=-512000 fc=9700000 chg=
06-09 14:56:58.509 347 347 I rockchip-vop2 fdd90000.vop: [drm:vop2_crtc_atomic_disable] Crtc atomic disable vp2
06-09 14:56:58.512 347 347 E rockchip-vop2 fdd90000.vop: [drm:vop2_crtc_atomic_disable] *ERROR* unexpected power on pd7
06-09 14:57:49.075 439 439 W healthd : battery l=58 v=7684 t=33.0 h=1 st=3 c=0 fc=9700000 chg=
06-09 14:58:03.366 1 1 I init : processing action (debug.beidou_leavesuspend=*) from (/system/etc/init/hw/init.rc:1293)
06-09 14:58:03.368 1 1 W : debug.beidou_leavesuspend wakeup
06-09 14:58:03.385 460 460 I gsensor_mxc6655 5-0015: set sensor poll time to 66ms
06-09 14:58:03.389 460 460 I gsensor_mxc6655 5-0015: sensor on: starting poll sensor data 62ms
06-09 14:58:03.426 439 439 W healthd : battery l=58 v=7706 t=33.0 h=1 st=3 c=-256000 fc=9700000 chg=
06-09 14:58:03.464 347 347 I rockchip-vop2 fdd90000.vop: [drm:vop2_crtc_atomic_enable] Update mode to 1536x2048p55, type: 16(if:60) for vp2 dclk: 192000000
06-09 14:58:03.464 347 347 I rockchip-vop2 fdd90000.vop: [drm:vop2_crtc_atomic_enable] dclk_out2 div: 2 dclk_core2 div: 1
06-09 14:58:03.464 347 347 I rockchip-vop2 fdd90000.vop: [drm:vop2_crtc_atomic_enable] set dclk_vop2 to 96000000, get 96000000
06-09 14:58:03.969 347 347 I dw-mipi-dsi2 fde20000.dsi: [drm:dw_mipi_dsi2_encoder_enable] final DSI-Link bandwidth: 639999 x 8 Kbps
06-09 14:58:04.056 357 357 E rockchip-vop2 fdd90000.vop: [drm:vop2_wait_power_domain_off] *ERROR* wait pd7 off timeout power_ctrl: 0x7a
06-09 14:58:22.154 1741 1741 I logd : start watching /data/system/packages.list ...
06-09 14:58:22.157 1741 1741 I logd : ReadPackageList, total packages: 96
06-09 14:58:56.120 439 439 W healthd : battery l=58 v=7556 t=33.5 h=1 st=3 c=-1024000 fc=9700000 chg=
06-09 14:59:05.152 1741 1741 I logd : start watching /data/system/packages.list ...
06-09 14:59:05.157 1741 1741 I logd : ReadPackageList, total packages: 96
06-09 14:59:17.818 1741 1741 I logd : start watching /data/system/packages.list ...
06-09 14:59:17.824 1741 1741 I logd : ReadPackageList, total packages: 96
06-09 14:59:59.481 439 439 W healthd : battery l=58 v=7640 t=33.5 h=1 st=3 c=-512000 fc=9700000 chg=
06-09 15:00:26.151 1 1 I init : processing action (debug.beidou_entersuspend=*) from (/system/etc/init/hw/init.rc:1286)
06-09 15:00:26.153 1 1 W : debug.beidou_entersuspend $PMTK161,0*28\r\n
06-09 15:00:26.166 1 1 I init : starting service 'gps_suspend'...
06-09 15:00:26.193 1 1 I init : Service 'gps_suspend' (pid 17785) exited with status 0 oneshot service took 0.009000 seconds in background
06-09 15:00:26.193 1 1 I init : Sending signal 9 to service 'gps_suspend' (pid 17785) process group...
06-09 15:00:26.193 1 1 I libprocessgroup: Successfully killed process cgroup uid 0 pid 17785 in 0ms
06-09 15:00:26.704 460 460 I gsensor_mxc6655 5-0015: set sensor poll time to 200ms
06-09 15:00:26.740 439 439 W healthd : battery l=58 v=7656 t=33.5 h=1 st=3 c=-512000 fc=9700000 chg=
06-09 15:00:26.969 347 347 I rockchip-vop2 fdd90000.vop: [drm:vop2_crtc_atomic_disable] Crtc atomic disable vp2
06-09 15:00:26.982 347 347 E rockchip-vop2 fdd90000.vop: [drm:vop2_crtc_atomic_disable] *ERROR* unexpected power on pd7
06-09 15:00:54.220 1 1 I init : processing action (debug.beidou_leavesuspend=*) from (/system/etc/init/hw/init.rc:1293)
06-09 15:00:54.221 1 1 W : debug.beidou_leavesuspend wakeup
06-09 15:00:54.238 460 460 I gsensor_mxc6655 5-0015: set sensor poll time to 66ms
06-09 15:00:54.239 460 460 I gsensor_mxc6655 5-0015: sensor on: starting poll sensor data 62ms
06-09 15:00:54.257 439 439 W healthd : battery l=58 v=7692 t=33.0 h=1 st=3 c=0 fc=9700000 chg=
06-09 15:00:54.303 347 347 I rockchip-vop2 fdd90000.vop: [drm:vop2_crtc_atomic_enable] Update mode to 1536x2048p55, type: 16(if:60) for vp2 dclk: 192000000
06-09 15:00:54.304 347 347 I rockchip-vop2 fdd90000.vop: [drm:vop2_crtc_atomic_enable] dclk_out2 div: 2 dclk_core2 div: 1
06-09 15:00:54.304 347 347 I rockchip-vop2 fdd90000.vop: [drm:vop2_crtc_atomic_enable] set dclk_vop2 to 96000000, get 96000000
06-09 15:00:54.809 347 347 I dw-mipi-dsi2 fde20000.dsi: [drm:dw_mipi_dsi2_encoder_enable] final DSI-Link bandwidth: 639999 x 8 Kbps
06-09 15:00:56.007 357 357 E rockchip-vop2 fdd90000.vop: [drm:vop2_wait_power_domain_off] *ERROR* wait pd7 off timeout power_ctrl: 0x7a
06-09 15:01:11.814 1 1 I init : processing action (debug.beidou_entersuspend=*) from (/system/etc/init/hw/init.rc:1286)
06-09 15:01:11.815 1 1 W : debug.beidou_entersuspend $PMTK161,0*28\r\n
06-09 15:01:11.816 1 1 I init : starting service 'gps_suspend'...
06-09 15:01:11.838 1 1 I init : Service 'gps_suspend' (pid 18415) exited with status 0 oneshot service took 0.019000 seconds in background
06-09 15:01:11.838 1 1 I init : Sending signal 9 to service 'gps_suspend' (pid 18415) process group...
06-09 15:01:11.838 1 1 I libprocessgroup: Successfully killed process cgroup uid 0 pid 18415 in 0ms
06-09 15:01:11.847 18417 18417 W : abc audioDBG [es8323_mute] start mute:0
06-09 15:01:11.857 18417 18417 I [Awinic] [3-0058]aw_acf_get_prof_desc_form_name: get prof desc down
06-09 15:01:11.872 18417 18417 I [Awinic] [3-005b]aw_acf_get_prof_desc_form_name: get prof desc down
06-09 15:01:12.297 460 460 I gsensor_mxc6655 5-0015: set sensor poll time to 200ms
06-09 15:01:12.331 439 439 W healthd : battery l=58 v=7622 t=33.5 h=1 st=3 c=-512000 fc=9700000 chg=
06-09 15:01:12.377 1 1 I init : processing action (debug.beidou_leavesuspend=*) from (/system/etc/init/hw/init.rc:1293)
06-09 15:01:12.378 1 1 W : debug.beidou_leavesuspend wakeup
06-09 15:01:12.401 439 439 W healthd : battery l=58 v=7622 t=33.5 h=1 st=3 c=-512000 fc=9700000 chg=
06-09 15:01:12.440 460 460 I gsensor_mxc6655 5-0015: set sensor poll time to 66ms
06-09 15:01:12.441 460 460 I gsensor_mxc6655 5-0015: sensor on: starting poll sensor data 62ms
06-09 15:01:12.655 347 347 I rockchip-vop2 fdd90000.vop: [drm:vop2_crtc_atomic_disable] Crtc atomic disable vp2
06-09 15:01:12.667 347 347 E rockchip-vop2 fdd90000.vop: [drm:vop2_crtc_atomic_disable] *ERROR* unexpected power on pd7
06-09 15:01:12.747 347 347 I rockchip-vop2 fdd90000.vop: [drm:vop2_crtc_atomic_enable] Update mode to 1536x2048p55, type: 16(if:60) for vp2 dclk: 192000000
06-09 15:01:12.748 347 347 I rockchip-vop2 fdd90000.vop: [drm:vop2_crtc_atomic_enable] dclk_out2 div: 2 dclk_core2 div: 1
06-09 15:01:12.748 347 347 I rockchip-vop2 fdd90000.vop: [drm:vop2_crtc_atomic_enable] set dclk_vop2 to 96000000, get 96000000
06-09 15:01:13.238 427 427 W : abc audioDBG [es8323_mute] start mute:1
06-09 15:01:13.239 427 427 I [Awinic] [3-0058]aw_acf_get_prof_desc_form_name: get prof desc down
06-09 15:01:13.239 427 427 I [Awinic] [3-005b]aw_acf_get_prof_desc_form_name: get prof desc down
06-09 15:01:13.252 347 347 I dw-mipi-dsi2 fde20000.dsi: [drm:dw_mipi_dsi2_encoder_enable] final DSI-Link bandwidth: 639999 x 8 Kbps
06-09 15:01:13.354 357 357 E rockchip-vop2 fdd90000.vop: [drm:vop2_wait_power_domain_off] *ERROR* wait pd7 off timeout power_ctrl: 0x7f
06-09 15:01:19.407 18417 18417 W : abc audioDBG [es8323_mute] start mute:0
06-09 15:01:19.417 18417 18417 I [Awinic] [3-0058]aw_acf_get_prof_desc_form_name: get prof desc down
06-09 15:01:19.431 18417 18417 I [Awinic] [3-005b]aw_acf_get_prof_desc_form_name: get prof desc down
06-09 15:01:20.743 427 427 W : abc audioDBG [es8323_mute] start mute:1
06-09 15:01:20.743 427 427 I [Awinic] [3-0058]aw_acf_get_prof_desc_form_name: get prof desc down
06-09 15:01:20.744 427 427 I [Awinic] [3-005b]aw_acf_get_prof_desc_form_name: get prof desc down
06-09 15:01:25.518 444 444 I light_ltrx1303 5-0053: set sensor poll time to 200ms
06-09 15:01:25.535 444 444 I light_ltrx1303 5-0053: sensor on: starting poll sensor data 196ms
06-09 15:01:48.024 460 460 I gsensor_mxc6655 5-0015: set sensor poll time to 66ms
06-09 15:01:50.930 1 1 I init : processing action (debug.beidou_entersuspend=*) from (/system/etc/init/hw/init.rc:1286)
06-09 15:01:50.930 1 1 W : debug.beidou_entersuspend $PMTK161,0*28\r\n
06-09 15:01:50.930 1 1 I init : starting service 'gps_suspend'...
06-09 15:01:50.950 18417 18417 W : abc audioDBG [es8323_mute] start mute:0
06-09 15:01:50.957 1 1 I init : Service 'gps_suspend' (pid 18941) exited with status 0 oneshot service took 0.025000 seconds in background
06-09 15:01:50.957 1 1 I init : Sending signal 9 to service 'gps_suspend' (pid 18941) process group...
06-09 15:01:50.957 1 1 I libprocessgroup: Successfully killed process cgroup uid 0 pid 18941 in 0ms
06-09 15:01:50.960 18417 18417 I [Awinic] [3-0058]aw_acf_get_prof_desc_form_name: get prof desc down
06-09 15:01:50.973 18417 18417 I [Awinic] [3-005b]aw_acf_get_prof_desc_form_name: get prof desc down
06-09 15:01:51.328 444 444 I gsensor_mxc6655 5-0015: set sensor poll time to 200ms
06-09 15:01:51.334 1 1 I init : processing action (debug.beidou_leavesuspend=*) from (/system/etc/init/hw/init.rc:1293)
06-09 15:01:51.335 444 444 I gsensor_mxc6655 5-0015: set sensor poll time to 66ms
06-09 15:01:51.335 1 1 W : debug.beidou_leavesuspend wakeup
06-09 15:01:51.340 444 444 I gsensor_mxc6655 5-0015: set sensor poll time to 66ms
06-09 15:01:52.306 427 427 W : abc audioDBG [es8323_mute] start mute:1
06-09 15:01:52.307 427 427 I [Awinic] [3-0058]aw_acf_get_prof_desc_form_name: get prof desc down
06-09 15:01:52.307 427 427 I [Awinic] [3-005b]aw_acf_get_prof_desc_form_name: get prof desc down
06-09 15:01:54.839 439 439 W healthd : battery l=57 v=7616 t=34.0 h=1 st=3 c=-512000 fc=9700000 chg=
06-09 15:02:00.466 18417 18417 W : abc audioDBG [es8323_mute] start mute:0
06-09 15:02:00.476 18417 18417 I [Awinic] [3-0058]aw_acf_get_prof_desc_form_name: get prof desc down
06-09 15:02:00.490 18417 18417 I [Awinic] [3-005b]aw_acf_get_prof_desc_form_name: get prof desc down
06-09 15:02:00.760 1 1 I init : processing action (debug.beidou_entersuspend=*) from (/system/etc/init/hw/init.rc:1286)
06-09 15:02:00.760 1 1 W : debug.beidou_entersuspend $PMTK161,0*28\r\n
06-09 15:02:00.761 1 1 I init : starting service 'gps_suspend'...
06-09 15:02:00.795 1 1 I init : Service 'gps_suspend' (pid 19093) exited with status 0 oneshot service took 0.031000 seconds in background
06-09 15:02:00.795 1 1 I init : Sending signal 9 to service 'gps_suspend' (pid 19093) process group...
06-09 15:02:00.796 1 1 I libprocessgroup: Successfully killed process cgroup uid 0 pid 19093 in 0ms
06-09 15:02:01.028 444 444 I gsensor_mxc6655 5-0015: set sensor poll time to 200ms
06-09 15:02:01.030 1 1 I init : processing action (debug.beidou_leavesuspend=*) from (/system/etc/init/hw/init.rc:1293)
06-09 15:02:01.037 1 1 W : debug.beidou_leavesuspend wakeup
06-09 15:02:01.040 444 444 I gsensor_mxc6655 5-0015: set sensor poll time to 66ms
06-09 15:02:01.049 444 444 I gsensor_mxc6655 5-0015: set sensor poll time to 66ms
06-09 15:02:02.113 544 544 W : abc audioDBG [es8323_mute] start mute:1
06-09 15:02:02.113 544 544 I [Awinic] [3-0058]aw_acf_get_prof_desc_form_name: get prof desc down
06-09 15:02:02.114 544 544 I [Awinic] [3-005b]aw_acf_get_prof_desc_form_name: get prof desc down
06-09 15:02:02.822 18417 18417 W : abc audioDBG [es8323_mute] start mute:0
06-09 15:02:02.832 18417 18417 I [Awinic] [3-0058]aw_acf_get_prof_desc_form_name: get prof desc down
06-09 15:02:02.846 18417 18417 I [Awinic] [3-005b]aw_acf_get_prof_desc_form_name: get prof desc down
06-09 15:02:04.175 544 544 W : abc audioDBG [es8323_mute] start mute:1
06-09 15:02:04.175 544 544 I [Awinic] [3-0058]aw_acf_get_prof_desc_form_name: get prof desc down
06-09 15:02:04.176 544 544 I [Awinic] [3-005b]aw_acf_get_prof_desc_form_name: get prof desc down
06-09 15:02:32.402 444 444 I light_ltrx1303 5-0053: set sensor poll time to 200ms
06-09 15:02:32.421 444 444 I light_ltrx1303 5-0053: sensor on: starting poll sensor data 196ms
06-09 15:02:56.609 460 460 I gsensor_mxc6655 5-0015: set sensor poll time to 66ms
06-09 15:03:38.182 1 1 I init : processing action (debug.beidou_entersuspend=*) from (/system/etc/init/hw/init.rc:1286)
06-09 15:03:38.183 1 1 W : debug.beidou_entersuspend $PMTK161,0*28\r\n
06-09 15:03:38.185 1 1 I init : starting service 'gps_suspend'...
06-09 15:03:38.194 1 1 I init : Service 'gps_suspend' (pid 20310) exited with status 0 oneshot service took 0.005000 seconds in background
06-09 15:03:38.194 1 1 I init : Sending signal 9 to service 'gps_suspend' (pid 20310) process group...
06-09 15:03:38.194 1 1 I libprocessgroup: Successfully killed process cgroup uid 0 pid 20310 in 0ms
06-09 15:03:38.223 18417 18417 W : abc audioDBG [es8323_mute] start mute:0
06-09 15:03:38.233 18417 18417 I [Awinic] [3-0058]aw_acf_get_prof_desc_form_name: get prof desc down
06-09 15:03:38.248 18417 18417 I [Awinic] [3-005b]aw_acf_get_prof_desc_form_name: get prof desc down
06-09 15:03:38.680 444 444 I gsensor_mxc6655 5-0015: set sensor poll time to 200ms
06-09 15:03:38.719 439 439 W healthd : battery l=57 v=7624 t=33.5 h=1 st=3 c=-512000 fc=9700000 chg=
06-09 15:03:39.042 347 347 I rockchip-vop2 fdd90000.vop: [drm:vop2_crtc_atomic_disable] Crtc atomic disable vp2
06-09 15:03:39.053 347 347 E rockchip-vop2 fdd90000.vop: [drm:vop2_crtc_atomic_disable] *ERROR* unexpected power on pd7
06-09 15:03:39.463 1 1 I init : processing action (debug.beidou_leavesuspend=*) from (/system/etc/init/hw/init.rc:1293)
06-09 15:03:39.474 1 1 W : debug.beidou_leavesuspend wakeup
06-09 15:03:39.499 439 439 W healthd : battery l=57 v=7624 t=33.5 h=1 st=3 c=-256000 fc=9700000 chg=
06-09 15:03:39.517 444 444 I gsensor_mxc6655 5-0015: set sensor poll time to 200ms
06-09 15:03:39.521 444 444 I gsensor_mxc6655 5-0015: sensor on: starting poll sensor data 196ms
06-09 15:03:39.527 347 347 I rockchip-vop2 fdd90000.vop: [drm:vop2_crtc_atomic_enable] Update mode to 1536x2048p55, type: 16(if:60) for vp2 dclk: 192000000
06-09 15:03:39.527 347 347 I rockchip-vop2 fdd90000.vop: [drm:vop2_crtc_atomic_enable] dclk_out2 div: 2 dclk_core2 div: 1
06-09 15:03:39.527 347 347 I rockchip-vop2 fdd90000.vop: [drm:vop2_crtc_atomic_enable] set dclk_vop2 to 96000000, get 96000000
06-09 15:03:40.039 347 347 I dw-mipi-dsi2 fde20000.dsi: [drm:dw_mipi_dsi2_encoder_enable] final DSI-Link bandwidth: 639999 x 8 Kbps
06-09 15:03:40.139 357 357 E rockchip-vop2 fdd90000.vop: [drm:vop2_wait_power_domain_off] *ERROR* wait pd7 off timeout power_ctrl: 0x7f
06-09 15:03:40.243 460 460 I gsensor_mxc6655 5-0015: set sensor poll time to 66ms
06-09 15:03:41.533 544 544 W : abc audioDBG [es8323_mute] start mute:1
06-09 15:03:41.533 544 544 I [Awinic] [3-0058]aw_acf_get_prof_desc_form_name: get prof desc down
06-09 15:03:41.533 544 544 I [Awinic] [3-005b]aw_acf_get_prof_desc_form_name: get prof desc down
06-09 15:03:41.970 1 1 I init : processing action (debug.beidou_entersuspend=*) from (/system/etc/init/hw/init.rc:1286)
06-09 15:03:41.971 1 1 W : debug.beidou_entersuspend $PMTK161,0*28\r\n
06-09 15:03:41.972 1 1 I init : starting service 'gps_suspend'...
06-09 15:03:41.992 1 1 I init : Service 'gps_suspend' (pid 20377) exited with status 0 oneshot service took 0.018000 seconds in background
06-09 15:03:41.992 1 1 I init : Sending signal 9 to service 'gps_suspend' (pid 20377) process group...
06-09 15:03:42.006 18417 18417 W : abc audioDBG [es8323_mute] start mute:0
06-09 15:03:42.016 18417 18417 I [Awinic] [3-0058]aw_acf_get_prof_desc_form_name: get prof desc down
06-09 15:03:42.030 18417 18417 I [Awinic] [3-005b]aw_acf_get_prof_desc_form_name: get prof desc down
06-09 15:03:42.442 444 444 I gsensor_mxc6655 5-0015: set sensor poll time to 200ms
06-09 15:03:42.469 439 439 W healthd : battery l=57 v=7602 t=34.0 h=1 st=3 c=-512000 fc=9700000 chg=
06-09 15:03:42.795 347 347 I rockchip-vop2 fdd90000.vop: [drm:vop2_crtc_atomic_disable] Crtc atomic disable vp2
06-09 15:03:42.806 347 347 E rockchip-vop2 fdd90000.vop: [drm:vop2_crtc_atomic_disable] *ERROR* unexpected power on pd7
06-09 15:03:42.956 1 1 W : debug.beidou_leavesuspend wakeup
06-09 15:03:42.962 444 444 I gsensor_mxc6655 5-0015: set sensor poll time to 200ms
06-09 15:03:42.963 444 444 I gsensor_mxc6655 5-0015: sensor on: starting poll sensor data 196ms
06-09 15:03:42.988 439 439 W healthd : battery l=57 v=7602 t=34.0 h=1 st=3 c=-256000 fc=9700000 chg=
06-09 15:03:43.027 347 347 I rockchip-vop2 fdd90000.vop: [drm:vop2_crtc_atomic_enable] Update mode to 1536x2048p55, type: 16(if:60) for vp2 dclk: 192000000
06-09 15:03:43.028 347 347 I rockchip-vop2 fdd90000.vop: [drm:vop2_crtc_atomic_enable] dclk_out2 div: 2 dclk_core2 div: 1
06-09 15:03:43.028 347 347 I rockchip-vop2 fdd90000.vop: [drm:vop2_crtc_atomic_enable] set dclk_vop2 to 96000000, get 96000000
06-09 15:03:43.031 444 444 I gsensor_mxc6655 5-0015: set sensor poll time to 66ms
06-09 15:03:43.398 544 544 W : abc audioDBG [es8323_mute] start mute:1
06-09 15:03:43.398 544 544 I [Awinic] [3-0058]aw_acf_get_prof_desc_form_name: get prof desc down
06-09 15:03:43.399 544 544 I [Awinic] [3-005b]aw_acf_get_prof_desc_form_name: get prof desc down
06-09 15:03:43.535 347 347 I dw-mipi-dsi2 fde20000.dsi: [drm:dw_mipi_dsi2_encoder_enable] final DSI-Link bandwidth: 639999 x 8 Kbps
06-09 15:03:43.614 357 357 E rockchip-vop2 fdd90000.vop: [drm:vop2_wait_power_domain_off] *ERROR* wait pd7 off timeout power_ctrl: 0x7f
06-09 15:03:54.023 1 1 I init : processing action (debug.beidou_entersuspend=*) from (/system/etc/init/hw/init.rc:1286)
06-09 15:03:54.025 1 1 W : debug.beidou_entersuspend $PMTK161,0*28\r\n
06-09 15:03:54.029 1 1 I init : starting service 'gps_suspend'...
06-09 15:03:54.053 1 1 I init : Service 'gps_suspend' (pid 20518) exited with status 0 oneshot service took 0.016000 seconds in background
06-09 15:03:54.054 1 1 I init : Sending signal 9 to service 'gps_suspend' (pid 20518) process group...
06-09 15:03:54.055 1 1 I libprocessgroup: Successfully killed process cgroup uid 0 pid 20518 in 0ms
06-09 15:03:54.228 1 1 I init : processing action (debug.beidou_leavesuspend=*) from (/system/etc/init/hw/init.rc:1293)
06-09 15:03:54.231 460 460 I gsensor_mxc6655 5-0015: set sensor poll time to 200ms
06-09 15:03:54.231 1 1 W : debug.beidou_leavesuspend wakeup
06-09 15:03:54.239 460 460 I gsensor_mxc6655 5-0015: set sensor poll time to 66ms
06-09 15:03:54.244 444 444 I gsensor_mxc6655 5-0015: set sensor poll time to 66ms
06-09 15:04:01.081 18417 18417 W : abc audioDBG [es8323_mute] start mute:0
06-09 15:04:01.091 18417 18417 I [Awinic] [3-0058]aw_acf_get_prof_desc_form_name: get prof desc down
06-09 15:04:01.109 18417 18417 I [Awinic] [3-005b]aw_acf_get_prof_desc_form_name: get prof desc down
06-09 15:04:01.391 1 1 I init : processing action (debug.beidou_entersuspend=*) from (/system/etc/init/hw/init.rc:1286)
06-09 15:04:01.392 1 1 W : debug.beidou_entersuspend $PMTK161,0*28\r\n
06-09 15:04:01.392 1 1 I init : starting service 'gps_suspend'...
06-09 15:04:01.422 1 1 I init : Service 'gps_suspend' (pid 20612) exited with status 0 oneshot service took 0.026000 seconds in background
06-09 15:04:01.422 1 1 I init : Sending signal 9 to service 'gps_suspend' (pid 20612) process group...
06-09 15:04:01.422 1 1 I libprocessgroup: Successfully killed process cgroup uid 0 pid 20612 in 0ms
06-09 15:04:01.822 1 1 I init : processing action (debug.beidou_leavesuspend=*) from (/system/etc/init/hw/init.rc:1293)
06-09 15:04:01.823 1 1 W : debug.beidou_leavesuspend wakeup
06-09 15:04:01.828 460 460 I gsensor_mxc6655 5-0015: set sensor poll time to 200ms
06-09 15:04:01.832 460 460 I gsensor_mxc6655 5-0015: set sensor poll time to 66ms
06-09 15:04:01.842 444 444 I gsensor_mxc6655 5-0015: set sensor poll time to 66ms
06-09 15:04:02.710 544 544 W : abc audioDBG [es8323_mute] start mute:1
06-09 15:04:02.710 544 544 I [Awinic] [3-0058]aw_acf_get_prof_desc_form_name: get prof desc down
06-09 15:04:02.710 544 544 I [Awinic] [3-005b]aw_acf_get_prof_desc_form_name: get prof desc down
06-09 15:04:14.524 18417 18417 W : abc audioDBG [es8323_mute] start mute:0
06-09 15:04:14.534 18417 18417 I [Awinic] [3-0058]aw_acf_get_prof_desc_form_name: get prof desc down
06-09 15:04:14.548 18417 18417 I [Awinic] [3-005b]aw_acf_get_prof_desc_form_name: get prof desc down
06-09 15:04:14.594 1 1 I init : processing action (debug.beidou_entersuspend=*) from (/system/etc/init/hw/init.rc:1286)
06-09 15:04:14.595 1 1 W : debug.beidou_entersuspend $PMTK161,0*28\r\n
06-09 15:04:14.595 1 1 I init : starting service 'gps_suspend'...
06-09 15:04:14.616 1 1 I init : Service 'gps_suspend' (pid 20787) exited with status 0 oneshot service took 0.017000 seconds in background
06-09 15:04:14.616 1 1 I init : Sending signal 9 to service 'gps_suspend' (pid 20787) process group...
06-09 15:04:14.617 1 1 I libprocessgroup: Successfully killed process cgroup uid 0 pid 20787 in 0ms
06-09 15:04:14.904 1 1 I init : processing action (debug.beidou_leavesuspend=*) from (/system/etc/init/hw/init.rc:1293)
06-09 15:04:14.906 1 1 W : debug.beidou_leavesuspend wakeup
06-09 15:04:14.919 460 460 I gsensor_mxc6655 5-0015: set sensor poll time to 200ms
06-09 15:04:14.953 460 460 I gsensor_mxc6655 5-0015: set sensor poll time to 66ms
06-09 15:04:14.966 444 444 I gsensor_mxc6655 5-0015: set sensor poll time to 66ms
06-09 15:04:15.963 544 544 W : abc audioDBG [es8323_mute] start mute:1
06-09 15:04:15.963 544 544 I [Awinic] [3-0058]aw_acf_get_prof_desc_form_name: get prof desc down
06-09 15:04:15.964 544 544 I [Awinic] [3-005b]aw_acf_get_prof_desc_form_name: get prof desc down
06-09 15:04:25.510 18417 18417 W : abc audioDBG [es8323_mute] start mute:0
06-09 15:04:25.520 18417 18417 I [Awinic] [3-0058]aw_acf_get_prof_desc_form_name: get prof desc down
06-09 15:04:25.534 18417 18417 I [Awinic] [3-005b]aw_acf_get_prof_desc_form_name: get prof desc down
06-09 15:04:26.819 544 544 W : abc audioDBG [es8323_mute] start mute:1
06-09 15:04:26.819 544 544 I [Awinic] [3-0058]aw_acf_get_prof_desc_form_name: get prof desc down
06-09 15:04:26.820 544 544 I [Awinic] [3-005b]aw_acf_get_prof_desc_form_name: get prof desc down
06-09 15:04:27.434 1 1 I init : processing action (debug.beidou_entersuspend=*) from (/system/etc/init/hw/init.rc:1286)
06-09 15:04:27.435 1 1 W : debug.beidou_entersuspend $PMTK161,0*28\r\n
06-09 15:04:27.437 1 1 I init : starting service 'gps_suspend'...
06-09 15:04:27.453 1 1 I init : Service 'gps_suspend' (pid 20962) exited with status 0 oneshot service took 0.012000 seconds in background
06-09 15:04:27.453 1 1 I init : Sending signal 9 to service 'gps_suspend' (pid 20962) process group...
06-09 15:04:27.454 1 1 I libprocessgroup: Successfully killed process cgroup uid 0 pid 20962 in 1ms
06-09 15:04:27.486 18417 18417 W : abc audioDBG [es8323_mute] start mute:0
06-09 15:04:27.496 18417 18417 I [Awinic] [3-0058]aw_acf_get_prof_desc_form_name: get prof desc down
06-09 15:04:27.510 18417 18417 I [Awinic] [3-005b]aw_acf_get_prof_desc_form_name: get prof desc down
06-09 15:04:27.870 1 1 I init : processing action (debug.beidou_leavesuspend=*) from (/system/etc/init/hw/init.rc:1293)
06-09 15:04:27.874 1 1 W : debug.beidou_leavesuspend wakeup
06-09 15:04:27.876 460 460 I gsensor_mxc6655 5-0015: set sensor poll time to 200ms
06-09 15:04:27.891 460 460 I gsensor_mxc6655 5-0015: set sensor poll time to 66ms
06-09 15:04:27.897 444 444 I gsensor_mxc6655 5-0015: set sensor poll time to 66ms
06-09 15:04:28.833 4266 4266 W : abc audioDBG [es8323_mute] start mute:1
06-09 15:04:28.833 4266 4266 I [Awinic] [3-0058]aw_acf_get_prof_desc_form_name: get prof desc down
06-09 15:04:28.833 4266 4266 I [Awinic] [3-005b]aw_acf_get_prof_desc_form_name: get prof desc down
06-09 15:04:37.234 18417 18417 W : abc audioDBG [es8323_mute] start mute:0
06-09 15:04:37.244 18417 18417 I [Awinic] [3-0058]aw_acf_get_prof_desc_form_name: get prof desc down
06-09 15:04:37.258 18417 18417 I [Awinic] [3-005b]aw_acf_get_prof_desc_form_name: get prof desc down
06-09 15:04:37.478 1 1 I init : processing action (debug.beidou_entersuspend=*) from (/system/etc/init/hw/init.rc:1286)
06-09 15:04:37.478 1 1 W : debug.beidou_entersuspend $PMTK161,0*28\r\n
06-09 15:04:37.479 1 1 I init : starting service 'gps_suspend'...
06-09 15:04:37.490 1 1 I init : Service 'gps_suspend' (pid 21110) exited with status 0 oneshot service took 0.009000 seconds in background
06-09 15:04:37.491 1 1 I init : Sending signal 9 to service 'gps_suspend' (pid 21110) process group...
06-09 15:04:37.491 1 1 I libprocessgroup: Successfully killed process cgroup uid 0 pid 21110 in 0ms
06-09 15:04:37.750 1 1 I init : processing action (debug.beidou_leavesuspend=*) from (/system/etc/init/hw/init.rc:1293)
06-09 15:04:37.752 460 460 I gsensor_mxc6655 5-0015: set sensor poll time to 200ms
06-09 15:04:37.752 1 1 W : debug.beidou_leavesuspend wakeup
06-09 15:04:37.760 460 460 I gsensor_mxc6655 5-0015: set sensor poll time to 66ms
06-09 15:04:37.767 460 460 I gsensor_mxc6655 5-0015: set sensor poll time to 66ms
06-09 15:04:38.820 544 544 W : abc audioDBG [es8323_mute] start mute:1
06-09 15:04:38.820 544 544 I [Awinic] [3-0058]aw_acf_get_prof_desc_form_name: get prof desc down
06-09 15:04:38.820 544 544 I [Awinic] [3-005b]aw_acf_get_prof_desc_form_name: get prof desc down
06-09 15:04:48.065 18417 18417 W : abc audioDBG [es8323_mute] start mute:0
06-09 15:04:48.075 18417 18417 I [Awinic] [3-0058]aw_acf_get_prof_desc_form_name: get prof desc down
06-09 15:04:48.090 18417 18417 I [Awinic] [3-005b]aw_acf_get_prof_desc_form_name: get prof desc down
06-09 15:04:49.154 1 1 I init : processing action (debug.beidou_entersuspend=*) from (/system/etc/init/hw/init.rc:1286)
06-09 15:04:49.155 1 1 W : debug.beidou_entersuspend $PMTK161,0*28\r\n
06-09 15:04:49.156 1 1 I init : starting service 'gps_suspend'...
06-09 15:04:49.170 1 1 I init : Service 'gps_suspend' (pid 21258) exited with status 0 oneshot service took 0.010000 seconds in background
06-09 15:04:49.170 1 1 I init : Sending signal 9 to service 'gps_suspend' (pid 21258) process group...
06-09 15:04:49.170 1 1 I libprocessgroup: Successfully killed process cgroup uid 0 pid 21258 in 0ms
06-09 15:04:49.644 444 444 I gsensor_mxc6655 5-0015: set sensor poll time to 200ms
06-09 15:04:49.676 439 439 W healthd : battery l=57 v=7620 t=34.0 h=1 st=3 c=-512000 fc=9700000 chg=
06-09 15:04:49.700 1 1 I init : processing action (debug.beidou_leavesuspend=*) from (/system/etc/init/hw/init.rc:1293)
06-09 15:04:49.701 1 1 W : debug.beidou_leavesuspend wakeup
06-09 15:04:49.744 444 444 I gsensor_mxc6655 5-0015: set sensor poll time to 200ms
06-09 15:04:49.745 444 444 I gsensor_mxc6655 5-0015: sensor on: starting poll sensor data 196ms
06-09 15:04:49.755 439 439 W healthd : battery l=57 v=7620 t=34.0 h=1 st=3 c=-512000 fc=9700000 chg=
06-09 15:04:49.782 444 444 I gsensor_mxc6655 5-0015: set sensor poll time to 66ms
06-09 15:04:50.005 347 347 I rockchip-vop2 fdd90000.vop: [drm:vop2_crtc_atomic_disable] Crtc atomic disable vp2
06-09 15:04:50.014 347 347 E rockchip-vop2 fdd90000.vop: [drm:vop2_crtc_atomic_disable] *ERROR* unexpected power on pd7
06-09 15:04:50.091 347 347 I rockchip-vop2 fdd90000.vop: [drm:vop2_crtc_atomic_enable] Update mode to 1536x2048p55, type: 16(if:60) for vp2 dclk: 192000000
06-09 15:04:50.092 347 347 I rockchip-vop2 fdd90000.vop: [drm:vop2_crtc_atomic_enable] dclk_out2 div: 2 dclk_core2 div: 1
06-09 15:04:50.092 347 347 I rockchip-vop2 fdd90000.vop: [drm:vop2_crtc_atomic_enable] set dclk_vop2 to 96000000, get 96000000
06-09 15:04:50.503 544 544 W : abc audioDBG [es8323_mute] start mute:1
06-09 15:04:50.504 544 544 I [Awinic] [3-0058]aw_acf_get_prof_desc_form_name: get prof desc down
06-09 15:04:50.504 544 544 I [Awinic] [3-005b]aw_acf_get_prof_desc_form_name: get prof desc down
06-09 15:04:50.605 347 347 I dw-mipi-dsi2 fde20000.dsi: [drm:dw_mipi_dsi2_encoder_enable] final DSI-Link bandwidth: 639999 x 8 Kbps
06-09 15:04:50.694 357 357 E rockchip-vop2 fdd90000.vop: [drm:vop2_wait_power_domain_off] *ERROR* wait pd7 off timeout power_ctrl: 0x7f
06-09 15:04:55.526 165 165 I destory-key: auto destroy triggered
06-09 15:05:01.309 1 1 I init : processing action (debug.beidou_entersuspend=*) from (/system/etc/init/hw/init.rc:1286)
06-09 15:05:01.311 1 1 W : debug.beidou_entersuspend $PMTK161,0*28\r\n
06-09 15:05:01.312 1 1 I init : starting service 'gps_suspend'...
06-09 15:05:01.339 1 1 I init : Service 'gps_suspend' (pid 21391) exited with status 0 oneshot service took 0.022000 seconds in background
06-09 15:05:01.339 1 1 I init : Sending signal 9 to service 'gps_suspend' (pid 21391) process group...
06-09 15:05:01.339 1 1 I libprocessgroup: Successfully killed process cgroup uid 0 pid 21391 in 0ms
06-09 15:05:01.800 460 460 I gsensor_mxc6655 5-0015: set sensor poll time to 200ms
06-09 15:05:01.828 439 439 W healthd : battery l=57 v=7618 t=34.0 h=1 st=3 c=-768000 fc=9700000 chg=
06-09 15:05:02.105 347 347 I rockchip-vop2 fdd90000.vop: [drm:vop2_crtc_atomic_disable] Crtc atomic disable vp2
06-09 15:05:05.920 165 165 I destory-key: auto destroy triggered
06-09 15:05:05.932 1 1 I init : processing action (debug.beidou_leavesuspend=*) from (/system/etc/init/hw/init.rc:1293)
06-09 15:05:05.934 1 1 W : debug.beidou_leavesuspend wakeup
06-09 15:05:05.951 460 460 I gsensor_mxc6655 5-0015: set sensor poll time to 200ms
06-09 15:05:05.952 460 460 I gsensor_mxc6655 5-0015: sensor on: starting poll sensor data 196ms
06-09 15:05:05.990 439 439 W healthd : battery l=57 v=7664 t=33.5 h=1 st=3 c=0 fc=9700000 chg=
06-09 15:05:06.003 347 347 I rockchip-vop2 fdd90000.vop: [drm:vop2_crtc_atomic_enable] Update mode to 1536x2048p55, type: 16(if:60) for vp2 dclk: 192000000
06-09 15:05:06.004 347 347 I rockchip-vop2 fdd90000.vop: [drm:vop2_crtc_atomic_enable] dclk_out2 div: 2 dclk_core2 div: 1
06-09 15:05:06.004 347 347 I rockchip-vop2 fdd90000.vop: [drm:vop2_crtc_atomic_enable] set dclk_vop2 to 96000000, get 96000000
06-09 15:05:06.011 460 460 I gsensor_mxc6655 5-0015: set sensor poll time to 66ms
06-09 15:05:06.512 347 347 I dw-mipi-dsi2 fde20000.dsi: [drm:dw_mipi_dsi2_encoder_enable] final DSI-Link bandwidth: 639999 x 8 Kbps
06-09 15:05:16.765 1 1 I init : processing action (debug.beidou_entersuspend=*) from (/system/etc/init/hw/init.rc:1286)
06-09 15:05:16.766 1 1 W : debug.beidou_entersuspend $PMTK161,0*28\r\n
06-09 15:05:16.766 1 1 I init : starting service 'gps_suspend'...
06-09 15:05:16.775 1 1 I init : Service 'gps_suspend' (pid 21585) exited with status 0 oneshot service took 0.007000 seconds in background
06-09 15:05:16.776 1 1 I init : Sending signal 9 to service 'gps_suspend' (pid 21585) process group...
06-09 15:05:16.776 1 1 I libprocessgroup: Successfully killed process cgroup uid 0 pid 21585 in 0ms
06-09 15:05:16.796 18417 18417 W : abc audioDBG [es8323_mute] start mute:0
06-09 15:05:16.806 18417 18417 I [Awinic] [3-0058]aw_acf_get_prof_desc_form_name: get prof desc down
06-09 15:05:16.820 18417 18417 I [Awinic] [3-005b]aw_acf_get_prof_desc_form_name: get prof desc down
06-09 15:05:17.062 1 1 I init : processing action (debug.beidou_leavesuspend=*) from (/system/etc/init/hw/init.rc:1293)
06-09 15:05:17.063 460 460 I gsensor_mxc6655 5-0015: set sensor poll time to 200ms
06-09 15:05:17.064 1 1 W : debug.beidou_leavesuspend wakeup
06-09 15:05:17.069 460 460 I gsensor_mxc6655 5-0015: set sensor poll time to 66ms
06-09 15:05:17.074 444 444 I gsensor_mxc6655 5-0015: set sensor poll time to 66ms
06-09 15:05:18.150 4266 4266 W : abc audioDBG [es8323_mute] start mute:1
06-09 15:05:18.150 4266 4266 I [Awinic] [3-0058]aw_acf_get_prof_desc_form_name: get prof desc down
06-09 15:05:18.150 4266 4266 I [Awinic] [3-005b]aw_acf_get_prof_desc_form_name: get prof desc down
06-09 15:05:28.150 18417 18417 W : abc audioDBG [es8323_mute] start mute:0
06-09 15:05:28.160 18417 18417 I [Awinic] [3-0058]aw_acf_get_prof_desc_form_name: get prof desc down
06-09 15:05:28.175 18417 18417 I [Awinic] [3-005b]aw_acf_get_prof_desc_form_name: get prof desc down
06-09 15:05:28.700 1 1 I init : processing action (debug.beidou_entersuspend=*) from (/system/etc/init/hw/init.rc:1286)
06-09 15:05:28.701 1 1 W : debug.beidou_entersuspend $PMTK161,0*28\r\n
06-09 15:05:28.718 1 1 I init : starting service 'gps_suspend'...
06-09 15:05:28.750 1 1 I init : Service 'gps_suspend' (pid 21762) exited with status 0 oneshot service took 0.027000 seconds in background
06-09 15:05:28.750 1 1 I init : Sending signal 9 to service 'gps_suspend' (pid 21762) process group...
06-09 15:05:28.750 1 1 I libprocessgroup: Successfully killed process cgroup uid 0 pid 21762 in 0ms
06-09 15:05:28.861 1 1 I init : processing action (debug.beidou_leavesuspend=*) from (/system/etc/init/hw/init.rc:1293)
06-09 15:05:28.863 444 444 I gsensor_mxc6655 5-0015: set sensor poll time to 200ms
06-09 15:05:28.864 1 1 W : debug.beidou_leavesuspend wakeup
06-09 15:05:28.871 444 444 I gsensor_mxc6655 5-0015: set sensor poll time to 66ms
06-09 15:05:28.887 460 460 I gsensor_mxc6655 5-0015: set sensor poll time to 66ms
06-09 15:05:30.030 544 544 W : abc audioDBG [es8323_mute] start mute:1
06-09 15:05:30.031 544 544 I [Awinic] [3-0058]aw_acf_get_prof_desc_form_name: get prof desc down
06-09 15:05:30.031 544 544 I [Awinic] [3-005b]aw_acf_get_prof_desc_form_name: get prof desc down
06-09 15:05:39.407 18417 18417 W : abc audioDBG [es8323_mute] start mute:0
06-09 15:05:39.417 18417 18417 I [Awinic] [3-0058]aw_acf_get_prof_desc_form_name: get prof desc down
06-09 15:05:39.431 18417 18417 I [Awinic] [3-005b]aw_acf_get_prof_desc_form_name: get prof desc down
06-09 15:05:40.060 1 1 I init : processing action (debug.beidou_entersuspend=*) from (/system/etc/init/hw/init.rc:1286)
06-09 15:05:40.061 1 1 W : debug.beidou_entersuspend $PMTK161,0*28\r\n
06-09 15:05:40.062 1 1 I init : starting service 'gps_suspend'...
06-09 15:05:40.072 1 1 I init : Service 'gps_suspend' (pid 21909) exited with status 0 oneshot service took 0.006000 seconds in background
06-09 15:05:40.072 1 1 I init : Sending signal 9 to service 'gps_suspend' (pid 21909) process group...
06-09 15:05:40.072 1 1 I libprocessgroup: Successfully killed process cgroup uid 0 pid 21909 in 0ms
06-09 15:05:40.138 439 439 W healthd : battery l=56 v=7612 t=34.0 h=1 st=3 c=-512000 fc=9700000 chg=
06-09 15:05:40.395 1 1 I init : processing action (debug.beidou_leavesuspend=*) from (/system/etc/init/hw/init.rc:1293)
06-09 15:05:40.397 460 460 I gsensor_mxc6655 5-0015: set sensor poll time to 200ms
06-09 15:05:40.399 1 1 W : debug.beidou_leavesuspend wakeup
06-09 15:05:40.405 460 460 I gsensor_mxc6655 5-0015: set sensor poll time to 66ms
06-09 15:05:40.419 460 460 I gsensor_mxc6655 5-0015: set sensor poll time to 66ms
06-09 15:05:41.460 544 544 W : abc audioDBG [es8323_mute] start mute:1
06-09 15:05:41.460 544 544 I [Awinic] [3-0058]aw_acf_get_prof_desc_form_name: get prof desc down
06-09 15:05:41.460 544 544 I [Awinic] [3-005b]aw_acf_get_prof_desc_form_name: get prof desc down
06-09 15:06:06.106 18417 18417 W : abc audioDBG [es8323_mute] start mute:0
06-09 15:06:06.116 18417 18417 I [Awinic] [3-0058]aw_acf_get_prof_desc_form_name: get prof desc down
06-09 15:06:06.130 18417 18417 I [Awinic] [3-005b]aw_acf_get_prof_desc_form_name: get prof desc down
06-09 15:06:06.263 1 1 I init : processing action (debug.beidou_entersuspend=*) from (/system/etc/init/hw/init.rc:1286)
06-09 15:06:06.264 1 1 W : debug.beidou_entersuspend $PMTK161,0*28\r\n
06-09 15:06:06.264 1 1 I init : starting service 'gps_suspend'...
06-09 15:06:06.293 1 1 I init : Service 'gps_suspend' (pid 22240) exited with status 0 oneshot service took 0.027000 seconds in background
06-09 15:06:06.293 1 1 I init : Sending signal 9 to service 'gps_suspend' (pid 22240) process group...
06-09 15:06:06.294 1 1 I libprocessgroup: Successfully killed process cgroup uid 0 pid 22240 in 0ms
06-09 15:06:06.659 1 1 I init : processing action (debug.beidou_leavesuspend=*) from (/system/etc/init/hw/init.rc:1293)
06-09 15:06:06.661 444 444 I gsensor_mxc6655 5-0015: set sensor poll time to 200ms
06-09 15:06:06.661 1 1 W : debug.beidou_leavesuspend wakeup
06-09 15:06:06.674 444 444 I gsensor_mxc6655 5-0015: set sensor poll time to 66ms
06-09 15:06:06.690 460 460 I gsensor_mxc6655 5-0015: set sensor poll time to 66ms
06-09 15:06:07.614 544 544 W : abc audioDBG [es8323_mute] start mute:1
06-09 15:06:07.614 544 544 I [Awinic] [3-0058]aw_acf_get_prof_desc_form_name: get prof desc down
06-09 15:06:07.614 544 544 I [Awinic] [3-005b]aw_acf_get_prof_desc_form_name: get prof desc down
06-09 15:06:16.011 18417 18417 W : abc audioDBG [es8323_mute] start mute:0
06-09 15:06:16.021 18417 18417 I [Awinic] [3-0058]aw_acf_get_prof_desc_form_name: get prof desc down
06-09 15:06:16.037 18417 18417 I [Awinic] [3-005b]aw_acf_get_prof_desc_form_name: get prof desc down
06-09 15:06:17.326 544 544 W : abc audioDBG [es8323_mute] start mute:1
06-09 15:06:17.326 544 544 I [Awinic] [3-0058]aw_acf_get_prof_desc_form_name: get prof desc down
06-09 15:06:17.327 544 544 I [Awinic] [3-005b]aw_acf_get_prof_desc_form_name: get prof desc down
06-09 15:06:20.754 1 1 I init : processing action (debug.beidou_entersuspend=*) from (/system/etc/init/hw/init.rc:1286)
06-09 15:06:20.755 1 1 W : debug.beidou_entersuspend $PMTK161,0*28\r\n
06-09 15:06:20.756 1 1 I init : starting service 'gps_suspend'...
06-09 15:06:20.783 1 1 I init : Service 'gps_suspend' (pid 22413) exited with status 0 oneshot service took 0.021000 seconds in background
06-09 15:06:20.783 1 1 I init : Sending signal 9 to service 'gps_suspend' (pid 22413) process group...
06-09 15:06:20.784 1 1 I libprocessgroup: Successfully killed process cgroup uid 0 pid 22413 in 0ms
06-09 15:06:20.785 18417 18417 W : abc audioDBG [es8323_mute] start mute:0
06-09 15:06:20.795 18417 18417 I [Awinic] [3-0058]aw_acf_get_prof_desc_form_name: get prof desc down
06-09 15:06:20.809 18417 18417 I [Awinic] [3-005b]aw_acf_get_prof_desc_form_name: get prof desc down
06-09 15:06:21.258 444 444 I gsensor_mxc6655 5-0015: set sensor poll time to 200ms
06-09 15:06:21.284 439 439 W healthd : battery l=56 v=7574 t=34.0 h=1 st=3 c=-512000 fc=9700000 chg=
06-09 15:06:21.615 347 347 I rockchip-vop2 fdd90000.vop: [drm:vop2_crtc_atomic_disable] Crtc atomic disable vp2
06-09 15:06:21.625 347 347 E rockchip-vop2 fdd90000.vop: [drm:vop2_crtc_atomic_disable] *ERROR* unexpected power on pd7
06-09 15:06:22.143 544 544 W : abc audioDBG [es8323_mute] start mute:1
06-09 15:06:22.143 544 544 I [Awinic] [3-0058]aw_acf_get_prof_desc_form_name: get prof desc down
06-09 15:06:22.144 544 544 I [Awinic] [3-005b]aw_acf_get_prof_desc_form_name: get prof desc down
06-09 15:06:22.799 1 1 I init : processing action (debug.beidou_leavesuspend=*) from (/system/etc/init/hw/init.rc:1293)
06-09 15:06:22.807 444 444 I gsensor_mxc6655 5-0015: set sensor poll time to 200ms
06-09 15:06:22.809 444 444 I gsensor_mxc6655 5-0015: sensor on: starting poll sensor data 196ms
06-09 15:06:22.812 1 1 W : debug.beidou_leavesuspend wakeup
06-09 15:06:22.823 439 439 W healthd : battery l=56 v=7574 t=34.0 h=1 st=3 c=0 fc=9700000 chg=
06-09 15:06:22.860 347 347 I rockchip-vop2 fdd90000.vop: [drm:vop2_crtc_atomic_enable] Update mode to 1536x2048p55, type: 16(if:60) for vp2 dclk: 192000000
06-09 15:06:22.861 347 347 I rockchip-vop2 fdd90000.vop: [drm:vop2_crtc_atomic_enable] dclk_out2 div: 2 dclk_core2 div: 1
06-09 15:06:22.862 347 347 I rockchip-vop2 fdd90000.vop: [drm:vop2_crtc_atomic_enable] set dclk_vop2 to 96000000, get 96000000
06-09 15:06:22.883 444 444 I gsensor_mxc6655 5-0015: set sensor poll time to 66ms
06-09 15:06:23.369 347 347 I dw-mipi-dsi2 fde20000.dsi: [drm:dw_mipi_dsi2_encoder_enable] final DSI-Link bandwidth: 639999 x 8 Kbps
06-09 15:06:23.446 357 357 E rockchip-vop2 fdd90000.vop: [drm:vop2_wait_power_domain_off] *ERROR* wait pd7 off timeout power_ctrl: 0x7f
06-09 15:06:36.352 18417 18417 W : abc audioDBG [es8323_mute] start mute:0
06-09 15:06:36.362 18417 18417 I [Awinic] [3-0058]aw_acf_get_prof_desc_form_name: get prof desc down
06-09 15:06:36.376 18417 18417 I [Awinic] [3-005b]aw_acf_get_prof_desc_form_name: get prof desc down
06-09 15:06:36.694 1 1 I init : processing action (debug.beidou_entersuspend=*) from (/system/etc/init/hw/init.rc:1286)
06-09 15:06:36.694 1 1 W : debug.beidou_entersuspend $PMTK161,0*28\r\n
06-09 15:06:36.695 1 1 I init : starting service 'gps_suspend'...
06-09 15:06:36.722 1 1 I init : Service 'gps_suspend' (pid 22616) exited with status 0 oneshot service took 0.018000 seconds in background
06-09 15:06:36.722 1 1 I init : Sending signal 9 to service 'gps_suspend' (pid 22616) process group...
06-09 15:06:36.723 1 1 I libprocessgroup: Successfully killed process cgroup uid 0 pid 22616 in 0ms
06-09 15:06:37.159 460 460 I gsensor_mxc6655 5-0015: set sensor poll time to 200ms
06-09 15:06:37.179 439 439 W healthd : battery l=56 v=7568 t=34.0 h=1 st=3 c=-512000 fc=9700000 chg=
06-09 15:06:37.222 1 1 I init : processing action (debug.beidou_leavesuspend=*) from (/system/etc/init/hw/init.rc:1293)
06-09 15:06:37.223 1 1 W : debug.beidou_leavesuspend wakeup
06-09 15:06:37.234 439 439 W healthd : battery l=56 v=7568 t=34.0 h=1 st=3 c=-512000 fc=9700000 chg=
06-09 15:06:37.266 460 460 I gsensor_mxc6655 5-0015: set sensor poll time to 200ms
06-09 15:06:37.268 460 460 I gsensor_mxc6655 5-0015: sensor on: starting poll sensor data 196ms
06-09 15:06:37.309 460 460 I gsensor_mxc6655 5-0015: set sensor poll time to 66ms
06-09 15:06:37.515 347 347 I rockchip-vop2 fdd90000.vop: [drm:vop2_crtc_atomic_disable] Crtc atomic disable vp2
06-09 15:06:37.527 347 347 E rockchip-vop2 fdd90000.vop: [drm:vop2_crtc_atomic_disable] *ERROR* unexpected power on pd7
06-09 15:06:37.607 347 347 I rockchip-vop2 fdd90000.vop: [drm:vop2_crtc_atomic_enable] Update mode to 1536x2048p55, type: 16(if:60) for vp2 dclk: 192000000
06-09 15:06:37.609 347 347 I rockchip-vop2 fdd90000.vop: [drm:vop2_crtc_atomic_enable] dclk_out2 div: 2 dclk_core2 div: 1
06-09 15:06:37.609 347 347 I rockchip-vop2 fdd90000.vop: [drm:vop2_crtc_atomic_enable] set dclk_vop2 to 96000000, get 96000000
06-09 15:06:38.069 4266 4266 W : abc audioDBG [es8323_mute] start mute:1
06-09 15:06:38.069 4266 4266 I [Awinic] [3-0058]aw_acf_get_prof_desc_form_name: get prof desc down
06-09 15:06:38.070 4266 4266 I [Awinic] [3-005b]aw_acf_get_prof_desc_form_name: get prof desc down
06-09 15:06:38.115 347 347 I dw-mipi-dsi2 fde20000.dsi: [drm:dw_mipi_dsi2_encoder_enable] final DSI-Link bandwidth: 639999 x 8 Kbps
06-09 15:06:38.209 357 357 E rockchip-vop2 fdd90000.vop: [drm:vop2_wait_power_domain_off] *ERROR* wait pd7 off timeout power_ctrl: 0x7f
06-09 15:06:48.204 18417 18417 W : abc audioDBG [es8323_mute] start mute:0
06-09 15:06:48.214 18417 18417 I [Awinic] [3-0058]aw_acf_get_prof_desc_form_name: get prof desc down
06-09 15:06:48.228 18417 18417 I [Awinic] [3-005b]aw_acf_get_prof_desc_form_name: get prof desc down
06-09 15:06:49.526 4266 4266 W : abc audioDBG [es8323_mute] start mute:1
06-09 15:06:49.526 4266 4266 I [Awinic] [3-0058]aw_acf_get_prof_desc_form_name: get prof desc down
06-09 15:06:49.527 4266 4266 I [Awinic] [3-005b]aw_acf_get_prof_desc_form_name: get prof desc down
06-09 15:06:53.429 1 1 I init : processing action (debug.beidou_entersuspend=*) from (/system/etc/init/hw/init.rc:1286)
06-09 15:06:53.431 1 1 W : debug.beidou_entersuspend $PMTK161,0*28\r\n
06-09 15:06:53.432 1 1 I init : starting service 'gps_suspend'...
06-09 15:06:53.445 1 1 I init : Service 'gps_suspend' (pid 22838) exited with status 0 oneshot service took 0.006000 seconds in background
06-09 15:06:53.445 1 1 I init : Sending signal 9 to service 'gps_suspend' (pid 22838) process group...
06-09 15:06:53.445 1 1 I libprocessgroup: Successfully killed process cgroup uid 0 pid 22838 in 0ms
06-09 15:06:53.472 18417 18417 W : abc audioDBG [es8323_mute] start mute:0
06-09 15:06:53.482 18417 18417 I [Awinic] [3-0058]aw_acf_get_prof_desc_form_name: get prof desc down
06-09 15:06:53.496 18417 18417 I [Awinic] [3-005b]aw_acf_get_prof_desc_form_name: get prof desc down
06-09 15:06:53.928 444 444 I gsensor_mxc6655 5-0015: set sensor poll time to 200ms
06-09 15:06:53.930 439 439 W healthd : battery l=56 v=7598 t=34.0 h=1 st=3 c=-768000 fc=9700000 chg=
06-09 15:06:53.988 1 1 I init : processing action (debug.beidou_leavesuspend=*) from (/system/etc/init/hw/init.rc:1293)
06-09 15:06:53.989 1 1 W : debug.beidou_leavesuspend wakeup
06-09 15:06:54.019 439 439 W healthd : battery l=56 v=7598 t=34.0 h=1 st=3 c=-768000 fc=9700000 chg=
06-09 15:06:54.042 444 444 I gsensor_mxc6655 5-0015: set sensor poll time to 200ms
06-09 15:06:54.042 444 444 I gsensor_mxc6655 5-0015: sensor on: starting poll sensor data 196ms
06-09 15:06:54.064 444 444 I gsensor_mxc6655 5-0015: set sensor poll time to 66ms
06-09 15:06:54.282 347 347 I rockchip-vop2 fdd90000.vop: [drm:vop2_crtc_atomic_disable] Crtc atomic disable vp2
06-09 15:06:54.297 347 347 E rockchip-vop2 fdd90000.vop: [drm:vop2_crtc_atomic_disable] *ERROR* unexpected power on pd7 --------- beginning of radio
06-09 15:06:50.599 851 851 E RILJ : setSignalStrengthReportingCriteria ignored on IRadio version less than 1.2 [PHONE0]
06-09 15:06:50.600 851 851 E RILJ : setSignalStrengthReportingCriteria ignored on IRadio version less than 1.2 [PHONE0]
06-09 15:06:50.600 851 851 D NetworkTypeController: [0] LegacyState: process EVENT_PHYSICAL_CHANNEL_CONFIG_NOTIF_CHANGED
06-09 15:06:50.601 851 851 D NetworkTypeController: [0] Remove all timers
06-09 15:06:50.601 851 851 D NetworkTypeController: [0] DefaultState: process EVENT_PHYSICAL_CHANNEL_CONFIG_NOTIF_CHANGED
06-09 15:06:50.601 851 851 D NetworkTypeController: [0] mIsPhysicalChannelConfigOn changed to: true
06-09 15:06:54.374 347 347 I rockchip-vop2 fdd90000.vop: [drm:vop2_crtc_atomic_enable] Update mode to 1536x2048p55, type: 16(if:60) for vp2 dclk: 192000000
06-09 15:06:54.375 347 347 I rockchip-vop2 fdd90000.vop: [drm:vop2_crtc_atomic_enable] dclk_out2 div: 2 dclk_core2 div: 1
06-09 15:06:54.375 347 347 I rockchip-vop2 fdd90000.vop: [drm:vop2_crtc_atomic_enable] set dclk_vop2 to 96000000, get 96000000
06-09 15:06:51.133 851 851 D RILJ : [0058]> GET_ACTIVITY_INFO [PHONE0]
06-09 15:06:54.856 544 544 W : abc audioDBG [es8323_mute] start mute:1
06-09 15:06:54.856 544 544 I [Awinic] [3-0058]aw_acf_get_prof_desc_form_name: get prof desc down
06-09 15:06:54.857 544 544 I [Awinic] [3-005b]aw_acf_get_prof_desc_form_name: get prof desc down
06-09 15:06:51.143 526 526 D RILC : onRequest: GET_ACTIVITY_INFO
06-09 15:06:51.143 526 526 E RILC : getModemActivityInfoResponse Invalid response: NULL
06-09 15:06:51.144 851 1064 D RILJ : [0058]< GET_ACTIVITY_INFO ModemActivityInfo{ mTimestamp=0 mSleepTimeMs=0 mIdleTimeMs=0 mTxTimeMs[]=[0, 0, 0, 0, 0] mRxTimeMs=0} [PHONE0]
06-09 15:06:54.885 347 347 I dw-mipi-dsi2 fde20000.dsi: [drm:dw_mipi_dsi2_encoder_enable] final DSI-Link bandwidth: 639999 x 8 Kbps
06-09 15:06:54.991 357 357 E rockchip-vop2 fdd90000.vop: [drm:vop2_wait_power_domain_off] *ERROR* wait pd7 off timeout power_ctrl: 0x7f
06-09 15:06:51.849 526 549 D RILU : find_pci_device is 0
06-09 15:06:51.850 526 549 D RILC : PCI can't find at device
06-09 15:06:51.853 526 549 D RILC : USB can't find at device
06-09 15:06:54.853 526 549 D RILU : find_pci_device is 0
06-09 15:06:54.854 526 549 D RILC : PCI can't find at device
06-09 15:06:54.857 526 549 D RILC : USB can't find at device
06-09 15:06:57.858 526 549 D RILU : find_pci_device is 0
06-09 15:06:57.858 526 549 D RILC : PCI can't find at device
06-09 15:06:57.860 526 549 D RILC : USB can't find at device
06-09 15:07:00.861 526 549 D RILU : find_pci_device is 0
06-09 15:07:00.861 526 549 D RILC : PCI can't find at device
06-09 15:07:00.864 526 549 D RILC : USB can't find at device
06-09 15:07:03.865 526 549 D RILU : find_pci_device is 0
06-09 15:07:03.865 526 549 D RILC : PCI can't find at device
06-09 15:07:03.867 526 549 D RILC : USB can't find at device
06-09 15:07:06.868 526 549 D RILU : find_pci_device is 0
06-09 15:07:06.868 526 549 D RILC : PCI can't find at device
06-09 15:07:06.869 526 549 D RILC : USB can't find at device
06-09 15:07:12.892 18417 18417 W : abc audioDBG [es8323_mute] start mute:0
06-09 15:07:12.902 18417 18417 I [Awinic] [3-0058]aw_acf_get_prof_desc_form_name: get prof desc down
06-09 15:07:12.916 18417 18417 I [Awinic] [3-005b]aw_acf_get_prof_desc_form_name: get prof desc down
06-09 15:07:13.415 1 1 I init : processing action (debug.beidou_entersuspend=*) from (/system/etc/init/hw/init.rc:1286)
06-09 15:07:13.416 1 1 W : debug.beidou_entersuspend $PMTK161,0*28\r\n
06-09 15:07:13.416 1 1 I init : starting service 'gps_suspend'...
06-09 15:07:13.438 1 1 I init : Service 'gps_suspend' (pid 23090) exited with status 0 oneshot service took 0.008000 seconds in background
06-09 15:07:13.439 1 1 I init : Sending signal 9 to service 'gps_suspend' (pid 23090) process group...
06-09 15:07:13.440 1 1 I libprocessgroup: Successfully killed process cgroup uid 0 pid 23090 in 0ms
06-09 15:07:09.870 526 549 D RILU : find_pci_device is 0
06-09 15:07:09.870 526 549 D RILC : PCI can't find at device
06-09 15:07:09.876 526 549 D RILC : USB can't find at device
06-09 15:07:13.914 444 444 I gsensor_mxc6655 5-0015: set sensor poll time to 200ms
06-09 15:07:13.935 439 439 W healthd : battery l=56 v=7572 t=34.0 h=1 st=3 c=-512000 fc=9700000 chg=
06-09 15:07:10.215 851 851 D RILJ : [0059]> SEND_DEVICE_STATE 2:true [PHONE0]
06-09 15:07:10.215 526 526 D RILC : sendDeviceState: calling screen state 0
06-09 15:07:10.215 526 526 D RILC : onRequest: SCREEN_STATE datalen=4 request_value:61
06-09 15:07:10.216 851 1064 D RILJ : [0059]< SEND_DEVICE_STATE [PHONE0]
06-09 15:07:10.218 851 851 D RILJ : [0060]> SET_UNSOLICITED_RESPONSE_FILTER 32 [PHONE0]
