06-09 15:30:14.385 347 347 I rockchip-vop2 fdd90000.vop: [drm:vop2_crtc_atomic_disable] Crtc atomic disable vp2
06-09 15:30:14.395 347 347 E rockchip-vop2 fdd90000.vop: [drm:vop2_crtc_atomic_disable] *ERROR* unexpected power on pd7
06-09 15:30:10.730 851 851 D DCT-C-0 : screen off
06-09 15:30:10.730 851 851 D DCT-C-0 : stopNetStatPoll
06-09 15:30:14.583 1 1 I init : processing action (debug.beidou_leavesuspend=*) from (/system/etc/init/hw/init.rc:1293)
06-09 15:30:14.584 1 1 W : debug.beidou_leavesuspend wakeup
06-09 15:30:14.588 444 444 I gsensor_mxc6655 5-0015: set sensor poll time to 200ms
06-09 15:30:10.874 851 851 D RILJ : [0233]> SEND_DEVICE_STATE 2:false [PHONE0]
06-09 15:30:10.875 526 526 D RILC : sendDeviceState: calling screen state 1
06-09 15:30:10.875 526 526 D RILC : onRequest: SCREEN_STATE datalen=4 request_value:61
06-09 15:30:10.875 851 1064 D RILJ : [0233]< SEND_DEVICE_STATE [PHONE0]
06-09 15:30:10.875 851 851 D RILJ : [0234]> SET_UNSOLICITED_RESPONSE_FILTER 127 [PHONE0]
06-09 15:30:10.876 851 1064 D RILJ : [0234]< SET_UNSOLICITED_RESPONSE_FILTER error 6 [PHONE0]
06-09 15:30:10.876 851 1064 D RilRequest: [0234]< SET_UNSOLICITED_RESPONSE_FILTER error: com.android.internal.telephony.CommandException: REQUEST_NOT_SUPPORTED ret= result=null
06-09 15:30:14.598 444 444 I gsensor_mxc6655 5-0015: sensor on: starting poll sensor data 196ms
06-09 15:30:10.878 851 851 E RILJ : setSignalStrengthReportingCriteria ignored on IRadio version less than 1.2 [PHONE0]
06-09 15:30:10.878 851 851 E RILJ : setSignalStrengthReportingCriteria ignored on IRadio version less than 1.2 [PHONE0]
06-09 15:30:10.878 851 851 E RILJ : setSignalStrengthReportingCriteria ignored on IRadio version less than 1.2 [PHONE0]
06-09 15:30:10.878 851 851 D NetworkTypeController: [0] LegacyState: process EVENT_PHYSICAL_CHANNEL_CONFIG_NOTIF_CHANGED
06-09 15:30:10.878 851 851 D NetworkTypeController: [0] Remove all timers
06-09 15:30:10.878 851 851 D NetworkTypeController: [0] DefaultState: process EVENT_PHYSICAL_CHANNEL_CONFIG_NOTIF_CHANGED
06-09 15:30:10.879 851 851 D NetworkTypeController: [0] mIsPhysicalChannelConfigOn changed to: true
06-09 15:30:14.622 439 439 W healthd : battery l=52 v=7612 t=34.0 h=1 st=3 c=-512000 fc=9700000 chg=
06-09 15:30:10.919 851 851 D DCT-C-0 : screen on
06-09 15:30:10.919 851 851 D DCT-C-0 : stopNetStatPoll
06-09 15:30:14.656 347 347 I rockchip-vop2 fdd90000.vop: [drm:vop2_crtc_atomic_enable] Update mode to 1536x2048p55, type: 16(if:60) for vp2 dclk: 192000000
06-09 15:30:14.657 347 347 I rockchip-vop2 fdd90000.vop: [drm:vop2_crtc_atomic_enable] dclk_out2 div: 2 dclk_core2 div: 1
06-09 15:30:14.657 347 347 I rockchip-vop2 fdd90000.vop: [drm:vop2_crtc_atomic_enable] set dclk_vop2 to 96000000, get 96000000
06-09 15:30:14.718 444 444 I gsensor_mxc6655 5-0015: set sensor poll time to 66ms
06-09 15:30:15.165 347 347 I dw-mipi-dsi2 fde20000.dsi: [drm:dw_mipi_dsi2_encoder_enable] final DSI-Link bandwidth: 639999 x 8 Kbps
06-09 15:30:15.257 357 357 E rockchip-vop2 fdd90000.vop: [drm:vop2_wait_power_domain_off] *ERROR* wait pd7 off timeout power_ctrl: 0x7f
06-09 15:30:11.594 526 549 D RILU : find_pci_device is 0
06-09 15:30:11.594 526 549 D RILC : PCI can't find at device
06-09 15:30:11.595 526 549 D RILC : USB can't find at device
06-09 15:30:16.056 544 544 W : abc audioDBG [es8323_mute] start mute:1
06-09 15:30:16.056 544 544 I [Awinic] [3-0058]aw_acf_get_prof_desc_form_name: get prof desc down
06-09 15:30:16.056 544 544 I [Awinic] [3-005b]aw_acf_get_prof_desc_form_name: get prof desc down
06-09 15:30:16.090 1 1 I init : processing action (debug.beidou_entersuspend=*) from (/system/etc/init/hw/init.rc:1286)
06-09 15:30:16.092 1 1 W : debug.beidou_entersuspend $PMTK161,0*28\r\n
06-09 15:30:16.093 1 1 I init : starting service 'gps_suspend'...
06-09 15:30:16.108 1 1 I init : Service 'gps_suspend' (pid 10440) exited with status 0 oneshot service took 0.009000 seconds in background
06-09 15:30:16.108 1 1 I init : Sending signal 9 to service 'gps_suspend' (pid 10440) process group...
06-09 15:30:16.129 18417 18417 W : abc audioDBG [es8323_mute] start mute:0
06-09 15:30:16.139 18417 18417 I [Awinic] [3-0058]aw_acf_get_prof_desc_form_name: get prof desc down
06-09 15:30:16.154 18417 18417 I [Awinic] [3-005b]aw_acf_get_prof_desc_form_name: get prof desc down
06-09 15:30:16.600 460 460 I gsensor_mxc6655 5-0015: set sensor poll time to 200ms
06-09 15:30:16.626 439 439 W healthd : battery l=52 v=7612 t=34.0 h=1 st=3 c=-512000 fc=9700000 chg=
06-09 15:30:12.904 851 851 D RILJ : [0235]> SEND_DEVICE_STATE 2:true [PHONE0]
06-09 15:30:12.904 526 526 D RILC : sendDeviceState: calling screen state 0
06-09 15:30:12.904 526 526 D RILC : onRequest: SCREEN_STATE datalen=4 request_value:61
06-09 15:30:12.904 851 1064 D RILJ : [0235]< SEND_DEVICE_STATE [PHONE0]
06-09 15:30:12.907 851 851 D RILJ : [0236]> SET_UNSOLICITED_RESPONSE_FILTER 32 [PHONE0]
06-09 15:30:12.907 851 1064 D RILJ : [0236]< SET_UNSOLICITED_RESPONSE_FILTER error 6 [PHONE0]
06-09 15:30:12.907 851 1064 D RilRequest: [0236]< SET_UNSOLICITED_RESPONSE_FILTER error: com.android.internal.telephony.CommandException: REQUEST_NOT_SUPPORTED ret= result=null
06-09 15:30:12.908 851 851 E RILJ : setSignalStrengthReportingCriteria ignored on IRadio version less than 1.2 [PHONE0]
06-09 15:30:12.908 851 851 E RILJ : setSignalStrengthReportingCriteria ignored on IRadio version less than 1.2 [PHONE0]
06-09 15:30:12.909 851 851 E RILJ : setSignalStrengthReportingCriteria ignored on IRadio version less than 1.2 [PHONE0]
06-09 15:30:12.909 851 851 D NetworkTypeController: [0] LegacyState: process EVENT_PHYSICAL_CHANNEL_CONFIG_NOTIF_CHANGED
06-09 15:30:12.909 851 851 D NetworkTypeController: [0] Remove all timers
06-09 15:30:12.909 851 851 D NetworkTypeController: [0] DefaultState: process EVENT_PHYSICAL_CHANNEL_CONFIG_NOTIF_CHANGED
06-09 15:30:12.909 851 851 D NetworkTypeController: [0] mIsPhysicalChannelConfigOn changed to: false
06-09 15:30:12.909 851 851 D NetworkTypeController: [0] Remove all timers
06-09 15:30:16.958 347 347 I rockchip-vop2 fdd90000.vop: [drm:vop2_crtc_atomic_disable] Crtc atomic disable vp2
06-09 15:30:16.971 347 347 E rockchip-vop2 fdd90000.vop: [drm:vop2_crtc_atomic_disable] *ERROR* unexpected power on pd7
06-09 15:30:13.290 851 851 D DCT-C-0 : screen off
06-09 15:30:13.290 851 851 D DCT-C-0 : stopNetStatPoll
06-09 15:30:17.128 1 1 W : debug.beidou_leavesuspend wakeup
06-09 15:30:17.134 460 460 I gsensor_mxc6655 5-0015: set sensor poll time to 200ms
06-09 15:30:17.136 460 460 I gsensor_mxc6655 5-0015: sensor on: starting poll sensor data 196ms
06-09 15:30:13.417 851 851 D RILJ : [0237]> SEND_DEVICE_STATE 2:false [PHONE0]
06-09 15:30:13.417 526 526 D RILC : sendDeviceState: calling screen state 1
06-09 15:30:13.417 526 526 D RILC : onRequest: SCREEN_STATE datalen=4 request_value:61
06-09 15:30:13.417 851 1064 D RILJ : [0237]< SEND_DEVICE_STATE [PHONE0]
06-09 15:30:13.418 851 851 D RILJ : [0238]> SET_UNSOLICITED_RESPONSE_FILTER 127 [PHONE0]
06-09 15:30:13.418 851 1064 D RILJ : [0238]< SET_UNSOLICITED_RESPONSE_FILTER error 6 [PHONE0]
06-09 15:30:13.418 851 1064 D RilRequest: [0238]< SET_UNSOLICITED_RESPONSE_FILTER error: com.android.internal.telephony.CommandException: REQUEST_NOT_SUPPORTED ret= result=null
06-09 15:30:13.419 851 851 E RILJ : setSignalStrengthReportingCriteria ignored on IRadio version less than 1.2 [PHONE0]
06-09 15:30:13.419 851 851 E RILJ : setSignalStrengthReportingCriteria ignored on IRadio version less than 1.2 [PHONE0]
06-09 15:30:13.419 851 851 E RILJ : setSignalStrengthReportingCriteria ignored on IRadio version less than 1.2 [PHONE0]
06-09 15:30:13.419 851 851 D NetworkTypeController: [0] LegacyState: process EVENT_PHYSICAL_CHANNEL_CONFIG_NOTIF_CHANGED
06-09 15:30:13.419 851 851 D NetworkTypeController: [0] Remove all timers
06-09 15:30:13.419 851 851 D NetworkTypeController: [0] DefaultState: process EVENT_PHYSICAL_CHANNEL_CONFIG_NOTIF_CHANGED
06-09 15:30:13.419 851 851 D NetworkTypeController: [0] mIsPhysicalChannelConfigOn changed to: true
06-09 15:30:17.148 439 439 W healthd : battery l=52 v=7612 t=34.0 h=1 st=3 c=-512000 fc=9700000 chg=
06-09 15:30:13.439 851 851 D DCT-C-0 : screen on
06-09 15:30:13.439 851 851 D DCT-C-0 : stopNetStatPoll
06-09 15:30:17.196 347 347 I rockchip-vop2 fdd90000.vop: [drm:vop2_crtc_atomic_enable] Update mode to 1536x2048p55, type: 16(if:60) for vp2 dclk: 192000000
06-09 15:30:17.197 347 347 I rockchip-vop2 fdd90000.vop: [drm:vop2_crtc_atomic_enable] dclk_out2 div: 2 dclk_core2 div: 1
06-09 15:30:17.197 347 347 I rockchip-vop2 fdd90000.vop: [drm:vop2_crtc_atomic_enable] set dclk_vop2 to 96000000, get 96000000
06-09 15:30:17.260 460 460 I gsensor_mxc6655 5-0015: set sensor poll time to 66ms
06-09 15:30:17.705 347 347 I dw-mipi-dsi2 fde20000.dsi: [drm:dw_mipi_dsi2_encoder_enable] final DSI-Link bandwidth: 639999 x 8 Kbps
06-09 15:30:17.783 357 357 E rockchip-vop2 fdd90000.vop: [drm:vop2_wait_power_domain_off] *ERROR* wait pd7 off timeout power_ctrl: 0x7f
06-09 15:30:14.596 526 549 D RILU : find_pci_device is 0
06-09 15:30:14.596 526 549 D RILC : PCI can't find at device
06-09 15:30:14.599 526 549 D RILC : USB can't find at device
06-09 15:30:18.566 4266 4266 W : abc audioDBG [es8323_mute] start mute:1
06-09 15:30:18.566 4266 4266 I [Awinic] [3-0058]aw_acf_get_prof_desc_form_name: get prof desc down
06-09 15:30:18.566 4266 4266 I [Awinic] [3-005b]aw_acf_get_prof_desc_form_name: get prof desc down
06-09 15:30:18.584 1 1 I init : processing action (debug.beidou_entersuspend=*) from (/system/etc/init/hw/init.rc:1286)
06-09 15:30:18.585 1 1 W : debug.beidou_entersuspend $PMTK161,0*28\r\n
06-09 15:30:18.595 1 1 I init : starting service 'gps_suspend'...
06-09 15:30:18.608 1 1 I init : Service 'gps_suspend' (pid 10475) exited with status 0 oneshot service took 0.009000 seconds in background
06-09 15:30:18.608 1 1 I init : Sending signal 9 to service 'gps_suspend' (pid 10475) process group...
06-09 15:30:18.609 1 1 I libprocessgroup: Successfully killed process cgroup uid 0 pid 10475 in 0ms
06-09 15:30:18.642 18417 18417 W : abc audioDBG [es8323_mute] start mute:0
06-09 15:30:18.652 18417 18417 I [Awinic] [3-0058]aw_acf_get_prof_desc_form_name: get prof desc down
06-09 15:30:18.667 18417 18417 I [Awinic] [3-005b]aw_acf_get_prof_desc_form_name: get prof desc down
06-09 15:30:19.101 460 460 I gsensor_mxc6655 5-0015: set sensor poll time to 200ms
06-09 15:30:19.104 439 439 W healthd : battery l=52 v=7612 t=34.0 h=1 st=3 c=-512000 fc=9700000 chg=
06-09 15:30:15.403 851 851 D RILJ : [0239]> SEND_DEVICE_STATE 2:true [PHONE0]
06-09 15:30:15.403 526 526 D RILC : sendDeviceState: calling screen state 0
06-09 15:30:15.403 526 526 D RILC : onRequest: SCREEN_STATE datalen=4 request_value:61
06-09 15:30:15.403 851 1064 D RILJ : [0239]< SEND_DEVICE_STATE [PHONE0]
06-09 15:30:15.404 851 851 D RILJ : [0240]> SET_UNSOLICITED_RESPONSE_FILTER 32 [PHONE0]
06-09 15:30:15.405 851 1064 D RILJ : [0240]< SET_UNSOLICITED_RESPONSE_FILTER error 6 [PHONE0]
06-09 15:30:15.405 851 1064 D RilRequest: [0240]< SET_UNSOLICITED_RESPONSE_FILTER error: com.android.internal.telephony.CommandException: REQUEST_NOT_SUPPORTED ret= result=null
06-09 15:30:15.405 851 851 E RILJ : setSignalStrengthReportingCriteria ignored on IRadio version less than 1.2 [PHONE0]
06-09 15:30:15.405 851 851 E RILJ : setSignalStrengthReportingCriteria ignored on IRadio version less than 1.2 [PHONE0]
06-09 15:30:15.406 851 851 E RILJ : setSignalStrengthReportingCriteria ignored on IRadio version less than 1.2 [PHONE0]
06-09 15:30:15.406 851 851 D NetworkTypeController: [0] LegacyState: process EVENT_PHYSICAL_CHANNEL_CONFIG_NOTIF_CHANGED
06-09 15:30:15.406 851 851 D NetworkTypeController: [0] Remove all timers
06-09 15:30:15.406 851 851 D NetworkTypeController: [0] DefaultState: process EVENT_PHYSICAL_CHANNEL_CONFIG_NOTIF_CHANGED
06-09 15:30:15.406 851 851 D NetworkTypeController: [0] mIsPhysicalChannelConfigOn changed to: false
06-09 15:30:15.406 851 851 D NetworkTypeController: [0] Remove all timers
06-09 15:30:19.445 347 347 I rockchip-vop2 fdd90000.vop: [drm:vop2_crtc_atomic_disable] Crtc atomic disable vp2
06-09 15:30:19.456 347 347 E rockchip-vop2 fdd90000.vop: [drm:vop2_crtc_atomic_disable] *ERROR* unexpected power on pd7
06-09 15:30:15.760 851 851 D DCT-C-0 : screen off
06-09 15:30:15.760 851 851 D DCT-C-0 : stopNetStatPoll
06-09 15:30:19.597 1 1 I init : processing action (debug.beidou_leavesuspend=*) from (/system/etc/init/hw/init.rc:1293)
06-09 15:30:15.885 851 851 D RILJ : [0241]> SEND_DEVICE_STATE 2:false [PHONE0]
06-09 15:30:15.886 526 526 D RILC : sendDeviceState: calling screen state 1
06-09 15:30:15.886 526 526 D RILC : onRequest: SCREEN_STATE datalen=4 request_value:61
06-09 15:30:15.886 851 1064 D RILJ : [0241]< SEND_DEVICE_STATE [PHONE0]
06-09 15:30:15.887 851 851 D RILJ : [0242]> SET_UNSOLICITED_RESPONSE_FILTER 127 [PHONE0]
06-09 15:30:15.887 851 1064 D RILJ : [0242]< SET_UNSOLICITED_RESPONSE_FILTER error 6 [PHONE0]
06-09 15:30:15.887 851 1064 D RilRequest: [0242]< SET_UNSOLICITED_RESPONSE_FILTER error: com.android.internal.telephony.CommandException: REQUEST_NOT_SUPPORTED ret= result=null
06-09 15:30:19.599 1 1 W : debug.beidou_leavesuspend wakeup
06-09 15:30:19.609 460 460 I gsensor_mxc6655 5-0015: set sensor poll time to 200ms
06-09 15:30:19.610 460 460 I gsensor_mxc6655 5-0015: sensor on: starting poll sensor data 196ms
06-09 15:30:15.888 851 851 E RILJ : setSignalStrengthReportingCriteria ignored on IRadio version less than 1.2 [PHONE0]
06-09 15:30:15.888 851 851 E RILJ : setSignalStrengthReportingCriteria ignored on IRadio version less than 1.2 [PHONE0]
06-09 15:30:15.888 851 851 E RILJ : setSignalStrengthReportingCriteria ignored on IRadio version less than 1.2 [PHONE0]
06-09 15:30:15.889 851 851 D NetworkTypeController: [0] LegacyState: process EVENT_PHYSICAL_CHANNEL_CONFIG_NOTIF_CHANGED
06-09 15:30:15.889 851 851 D NetworkTypeController: [0] Remove all timers
06-09 15:30:15.889 851 851 D NetworkTypeController: [0] DefaultState: process EVENT_PHYSICAL_CHANNEL_CONFIG_NOTIF_CHANGED
06-09 15:30:15.889 851 851 D NetworkTypeController: [0] mIsPhysicalChannelConfigOn changed to: true
06-09 15:30:19.629 439 439 W healthd : battery l=52 v=7612 t=34.0 h=1 st=3 c=-256000 fc=9700000 chg=
06-09 15:30:15.917 851 851 D DCT-C-0 : screen on
06-09 15:30:15.917 851 851 D DCT-C-0 : stopNetStatPoll
06-09 15:30:19.666 347 347 I rockchip-vop2 fdd90000.vop: [drm:vop2_crtc_atomic_enable] Update mode to 1536x2048p55, type: 16(if:60) for vp2 dclk: 192000000
06-09 15:30:19.667 347 347 I rockchip-vop2 fdd90000.vop: [drm:vop2_crtc_atomic_enable] dclk_out2 div: 2 dclk_core2 div: 1
06-09 15:30:19.667 347 347 I rockchip-vop2 fdd90000.vop: [drm:vop2_crtc_atomic_enable] set dclk_vop2 to 96000000, get 96000000
06-09 15:30:19.727 460 460 I gsensor_mxc6655 5-0015: set sensor poll time to 66ms
06-09 15:30:20.172 347 347 I dw-mipi-dsi2 fde20000.dsi: [drm:dw_mipi_dsi2_encoder_enable] final DSI-Link bandwidth: 639999 x 8 Kbps
06-09 15:30:20.551 357 357 E rockchip-vop2 fdd90000.vop: [drm:vop2_wait_power_domain_off] *ERROR* wait pd7 off timeout power_ctrl: 0x7a
06-09 15:30:21.125 1 1 I init : processing action (debug.beidou_entersuspend=*) from (/system/etc/init/hw/init.rc:1286)
06-09 15:30:21.126 1 1 W : debug.beidou_entersuspend $PMTK161,0*28\r\n
06-09 15:30:21.127 1 1 I init : starting service 'gps_suspend'...
06-09 15:30:21.143 1 1 I init : Service 'gps_suspend' (pid 10508) exited with status 0 oneshot service took 0.011000 seconds in background
06-09 15:30:21.143 1 1 I init : Sending signal 9 to service 'gps_suspend' (pid 10508) process group...
06-09 15:30:17.600 526 549 D RILU : find_pci_device is 0
06-09 15:30:17.600 526 549 D RILC : PCI can't find at device
06-09 15:30:17.604 526 549 D RILC : USB can't find at device
06-09 15:30:21.592 444 444 I gsensor_mxc6655 5-0015: set sensor poll time to 200ms
06-09 15:30:21.607 439 439 W healthd : battery l=52 v=7616 t=34.0 h=1 st=3 c=-512000 fc=9700000 chg=
06-09 15:30:17.895 851 851 D RILJ : [0243]> SEND_DEVICE_STATE 2:true [PHONE0]
06-09 15:30:17.895 526 526 D RILC : sendDeviceState: calling screen state 0
06-09 15:30:17.895 526 526 D RILC : onRequest: SCREEN_STATE datalen=4 request_value:61
06-09 15:30:17.895 851 1064 D RILJ : [0243]< SEND_DEVICE_STATE [PHONE0]
06-09 15:30:17.896 851 851 D RILJ : [0244]> SET_UNSOLICITED_RESPONSE_FILTER 32 [PHONE0]
06-09 15:30:17.896 851 1064 D RILJ : [0244]< SET_UNSOLICITED_RESPONSE_FILTER error 6 [PHONE0]
06-09 15:30:17.896 851 1064 D RilRequest: [0244]< SET_UNSOLICITED_RESPONSE_FILTER error: com.android.internal.telephony.CommandException: REQUEST_NOT_SUPPORTED ret= result=null
06-09 15:30:17.897 851 851 E RILJ : setSignalStrengthReportingCriteria ignored on IRadio version less than 1.2 [PHONE0]
06-09 15:30:17.897 851 851 E RILJ : setSignalStrengthReportingCriteria ignored on IRadio version less than 1.2 [PHONE0]
06-09 15:30:17.897 851 851 E RILJ : setSignalStrengthReportingCriteria ignored on IRadio version less than 1.2 [PHONE0]
06-09 15:30:17.897 851 851 D NetworkTypeController: [0] LegacyState: process EVENT_PHYSICAL_CHANNEL_CONFIG_NOTIF_CHANGED
06-09 15:30:17.897 851 851 D NetworkTypeController: [0] Remove all timers
06-09 15:30:17.897 851 851 D NetworkTypeController: [0] DefaultState: process EVENT_PHYSICAL_CHANNEL_CONFIG_NOTIF_CHANGED
06-09 15:30:17.897 851 851 D NetworkTypeController: [0] mIsPhysicalChannelConfigOn changed to: false
06-09 15:30:17.897 851 851 D NetworkTypeController: [0] Remove all timers
06-09 15:30:21.948 347 347 I rockchip-vop2 fdd90000.vop: [drm:vop2_crtc_atomic_disable] Crtc atomic disable vp2
06-09 15:30:21.962 347 347 E rockchip-vop2 fdd90000.vop: [drm:vop2_crtc_atomic_disable] *ERROR* unexpected power on pd7
06-09 15:30:18.268 851 851 D DCT-C-0 : screen off
06-09 15:30:18.268 851 851 D DCT-C-0 : stopNetStatPoll
06-09 15:30:22.090 1 1 W : debug.beidou_leavesuspend wakeup
06-09 15:30:22.097 444 444 I gsensor_mxc6655 5-0015: set sensor poll time to 200ms
06-09 15:30:22.098 444 444 I gsensor_mxc6655 5-0015: sensor on: starting poll sensor data 196ms
06-09 15:30:18.391 851 851 D RILJ : [0245]> SEND_DEVICE_STATE 2:false [PHONE0]
06-09 15:30:18.391 526 526 D RILC : sendDeviceState: calling screen state 1
06-09 15:30:18.391 526 526 D RILC : onRequest: SCREEN_STATE datalen=4 request_value:61
06-09 15:30:18.392 851 1064 D RILJ : [0245]< SEND_DEVICE_STATE [PHONE0]
06-09 15:30:18.393 851 851 D RILJ : [0246]> SET_UNSOLICITED_RESPONSE_FILTER 127 [PHONE0]
06-09 15:30:18.395 851 851 E RILJ : setSignalStrengthReportingCriteria ignored on IRadio version less than 1.2 [PHONE0]
06-09 15:30:18.395 851 851 E RILJ : setSignalStrengthReportingCriteria ignored on IRadio version less than 1.2 [PHONE0]
06-09 15:30:18.395 851 851 E RILJ : setSignalStrengthReportingCriteria ignored on IRadio version less than 1.2 [PHONE0]
06-09 15:30:18.395 851 851 D NetworkTypeController: [0] LegacyState: process EVENT_PHYSICAL_CHANNEL_CONFIG_NOTIF_CHANGED
06-09 15:30:18.395 851 851 D NetworkTypeController: [0] Remove all timers
06-09 15:30:18.395 851 851 D NetworkTypeController: [0] DefaultState: process EVENT_PHYSICAL_CHANNEL_CONFIG_NOTIF_CHANGED
06-09 15:30:18.395 851 851 D NetworkTypeController: [0] mIsPhysicalChannelConfigOn changed to: true
06-09 15:30:18.396 851 1064 D RILJ : [0246]< SET_UNSOLICITED_RESPONSE_FILTER error 6 [PHONE0]
06-09 15:30:18.396 851 1064 D RilRequest: [0246]< SET_UNSOLICITED_RESPONSE_FILTER error: com.android.internal.telephony.CommandException: REQUEST_NOT_SUPPORTED ret= result=null
06-09 15:30:22.134 439 439 W healthd : battery l=52 v=7616 t=34.0 h=1 st=3 c=-512000 fc=9700000 chg=
06-09 15:30:18.405 851 851 D DCT-C-0 : screen on
06-09 15:30:18.405 851 851 D DCT-C-0 : stopNetStatPoll
06-09 15:30:22.171 444 444 I gsensor_mxc6655 5-0015: set sensor poll time to 66ms
06-09 15:30:22.179 347 347 I rockchip-vop2 fdd90000.vop: [drm:vop2_crtc_atomic_enable] Update mode to 1536x2048p55, type: 16(if:60) for vp2 dclk: 192000000
06-09 15:30:22.180 347 347 I rockchip-vop2 fdd90000.vop: [drm:vop2_crtc_atomic_enable] dclk_out2 div: 2 dclk_core2 div: 1
06-09 15:30:22.180 347 347 I rockchip-vop2 fdd90000.vop: [drm:vop2_crtc_atomic_enable] set dclk_vop2 to 96000000, get 96000000
06-09 15:30:22.685 347 347 I dw-mipi-dsi2 fde20000.dsi: [drm:dw_mipi_dsi2_encoder_enable] final DSI-Link bandwidth: 639999 x 8 Kbps
06-09 15:30:23.046 357 357 E rockchip-vop2 fdd90000.vop: [drm:vop2_wait_power_domain_off] *ERROR* wait pd7 off timeout power_ctrl: 0x7a
06-09 15:30:23.566 4266 4266 W : abc audioDBG [es8323_mute] start mute:1
06-09 15:30:23.566 4266 4266 I [Awinic] [3-0058]aw_acf_get_prof_desc_form_name: get prof desc down
06-09 15:30:23.567 4266 4266 I [Awinic] [3-005b]aw_acf_get_prof_desc_form_name: get prof desc down
06-09 15:30:24.095 1 1 I init : processing action (debug.beidou_entersuspend=*) from (/system/etc/init/hw/init.rc:1286)
06-09 15:30:24.096 1 1 W : debug.beidou_entersuspend $PMTK161,0*28\r\n
06-09 15:30:24.097 1 1 I init : starting service 'gps_suspend'...
06-09 15:30:24.120 1 1 I init : Service 'gps_suspend' (pid 10566) exited with status 0 oneshot service took 0.017000 seconds in background
06-09 15:30:24.120 1 1 I init : Sending signal 9 to service 'gps_suspend' (pid 10566) process group...
06-09 15:30:24.120 1 1 I libprocessgroup: Successfully killed process cgroup uid 0 pid 10566 in 0ms
06-09 15:30:24.135 18417 18417 W : abc audioDBG [es8323_mute] start mute:0
06-09 15:30:24.145 18417 18417 I [Awinic] [3-0058]aw_acf_get_prof_desc_form_name: get prof desc down
06-09 15:30:24.160 18417 18417 I [Awinic] [3-005b]aw_acf_get_prof_desc_form_name: get prof desc down
06-09 15:30:20.604 526 549 D RILU : find_pci_device is 0
06-09 15:30:20.604 526 549 D RILC : PCI can't find at device
06-09 15:30:20.608 526 549 D RILC : USB can't find at device
06-09 15:30:24.609 444 444 I gsensor_mxc6655 5-0015: set sensor poll time to 200ms
06-09 15:30:24.610 439 439 W healthd : battery l=52 v=7616 t=34.0 h=1 st=3 c=-512000 fc=9700000 chg=
06-09 15:30:20.928 851 851 D RILJ : [0247]> SEND_DEVICE_STATE 2:true [PHONE0]
06-09 15:30:20.928 526 526 D RILC : sendDeviceState: calling screen state 0
06-09 15:30:20.928 526 526 D RILC : onRequest: SCREEN_STATE datalen=4 request_value:61
06-09 15:30:20.929 851 1064 D RILJ : [0247]< SEND_DEVICE_STATE [PHONE0]
06-09 15:30:20.932 851 851 D RILJ : [0248]> SET_UNSOLICITED_RESPONSE_FILTER 32 [PHONE0]
06-09 15:30:20.935 851 1064 D RILJ : [0248]< SET_UNSOLICITED_RESPONSE_FILTER error 6 [PHONE0]
06-09 15:30:20.935 851 1064 D RilRequest: [0248]< SET_UNSOLICITED_RESPONSE_FILTER error: com.android.internal.telephony.CommandException: REQUEST_NOT_SUPPORTED ret= result=null
06-09 15:30:20.935 851 851 E RILJ : setSignalStrengthReportingCriteria ignored on IRadio version less than 1.2 [PHONE0]
06-09 15:30:20.935 851 851 E RILJ : setSignalStrengthReportingCriteria ignored on IRadio version less than 1.2 [PHONE0]
06-09 15:30:20.936 851 851 E RILJ : setSignalStrengthReportingCriteria ignored on IRadio version less than 1.2 [PHONE0]
06-09 15:30:20.936 851 851 D NetworkTypeController: [0] LegacyState: process EVENT_PHYSICAL_CHANNEL_CONFIG_NOTIF_CHANGED
06-09 15:30:20.936 851 851 D NetworkTypeController: [0] Remove all timers
06-09 15:30:20.936 851 851 D NetworkTypeController: [0] DefaultState: process EVENT_PHYSICAL_CHANNEL_CONFIG_NOTIF_CHANGED
06-09 15:30:20.936 851 851 D NetworkTypeController: [0] mIsPhysicalChannelConfigOn changed to: false
06-09 15:30:20.936 851 851 D NetworkTypeController: [0] Remove all timers
06-09 15:30:24.978 347 347 I rockchip-vop2 fdd90000.vop: [drm:vop2_crtc_atomic_disable] Crtc atomic disable vp2
06-09 15:30:24.986 347 347 E rockchip-vop2 fdd90000.vop: [drm:vop2_crtc_atomic_disable] *ERROR* unexpected power on pd7
06-09 15:30:21.299 851 851 D DCT-C-0 : screen off
06-09 15:30:21.299 851 851 D DCT-C-0 : stopNetStatPoll
06-09 15:30:25.142 1 1 I init : processing action (debug.beidou_leavesuspend=*) from (/system/etc/init/hw/init.rc:1293)
06-09 15:30:21.436 851 851 D RILJ : [0249]> SEND_DEVICE_STATE 2:false [PHONE0]
06-09 15:30:21.437 526 526 D RILC : sendDeviceState: calling screen state 1
06-09 15:30:21.437 526 526 D RILC : onRequest: SCREEN_STATE datalen=4 request_value:61
06-09 15:30:21.437 851 1064 D RILJ : [0249]< SEND_DEVICE_STATE [PHONE0]
06-09 15:30:25.143 1 1 W : debug.beidou_leavesuspend wakeup
06-09 15:30:25.158 439 439 W healthd : battery l=52 v=7580 t=34.0 h=1 st=3 c=-512000 fc=9700000 chg=
06-09 15:30:25.161 444 444 I gsensor_mxc6655 5-0015: set sensor poll time to 200ms
06-09 15:30:25.162 444 444 I gsensor_mxc6655 5-0015: sensor on: starting poll sensor data 196ms
06-09 15:30:21.440 851 851 D RILJ : [0250]> SET_UNSOLICITED_RESPONSE_FILTER 127 [PHONE0]
06-09 15:30:21.440 851 1064 D RILJ : [0250]< SET_UNSOLICITED_RESPONSE_FILTER error 6 [PHONE0]
06-09 15:30:21.440 851 1064 D RilRequest: [0250]< SET_UNSOLICITED_RESPONSE_FILTER error: com.android.internal.telephony.CommandException: REQUEST_NOT_SUPPORTED ret= result=null
06-09 15:30:21.441 851 851 E RILJ : setSignalStrengthReportingCriteria ignored on IRadio version less than 1.2 [PHONE0]
06-09 15:30:21.442 851 851 E RILJ : setSignalStrengthReportingCriteria ignored on IRadio version less than 1.2 [PHONE0]
06-09 15:30:21.442 851 851 E RILJ : setSignalStrengthReportingCriteria ignored on IRadio version less than 1.2 [PHONE0]
06-09 15:30:21.442 851 851 D NetworkTypeController: [0] LegacyState: process EVENT_PHYSICAL_CHANNEL_CONFIG_NOTIF_CHANGED
06-09 15:30:21.442 851 851 D NetworkTypeController: [0] Remove all timers
06-09 15:30:21.442 851 851 D NetworkTypeController: [0] DefaultState: process EVENT_PHYSICAL_CHANNEL_CONFIG_NOTIF_CHANGED
06-09 15:30:21.442 851 851 D NetworkTypeController: [0] mIsPhysicalChannelConfigOn changed to: true
06-09 15:30:21.455 851 851 D DCT-C-0 : screen on
06-09 15:30:21.455 851 851 D DCT-C-0 : stopNetStatPoll
06-09 15:30:25.216 347 347 I rockchip-vop2 fdd90000.vop: [drm:vop2_crtc_atomic_enable] Update mode to 1536x2048p55, type: 16(if:60) for vp2 dclk: 192000000
06-09 15:30:25.217 347 347 I rockchip-vop2 fdd90000.vop: [drm:vop2_crtc_atomic_enable] dclk_out2 div: 2 dclk_core2 div: 1
06-09 15:30:25.217 347 347 I rockchip-vop2 fdd90000.vop: [drm:vop2_crtc_atomic_enable] set dclk_vop2 to 96000000, get 96000000
06-09 15:30:25.235 444 444 I gsensor_mxc6655 5-0015: set sensor poll time to 66ms
06-09 15:30:25.725 347 347 I dw-mipi-dsi2 fde20000.dsi: [drm:dw_mipi_dsi2_encoder_enable] final DSI-Link bandwidth: 639999 x 8 Kbps
06-09 15:30:25.829 357 357 E rockchip-vop2 fdd90000.vop: [drm:vop2_wait_power_domain_off] *ERROR* wait pd7 off timeout power_ctrl: 0x7f
06-09 15:30:26.619 544 544 W : abc audioDBG [es8323_mute] start mute:1
06-09 15:30:26.620 544 544 I [Awinic] [3-0058]aw_acf_get_prof_desc_form_name: get prof desc down
06-09 15:30:26.620 544 544 I [Awinic] [3-005b]aw_acf_get_prof_desc_form_name: get prof desc down
06-09 15:30:23.609 526 549 D RILU : find_pci_device is 0
06-09 15:30:23.609 526 549 D RILC : PCI can't find at device
06-09 15:30:23.612 526 549 D RILC : USB can't find at device
06-09 15:30:28.703 1 1 I init : processing action (debug.beidou_entersuspend=*) from (/system/etc/init/hw/init.rc:1286)
06-09 15:30:28.703 1 1 W : debug.beidou_entersuspend $PMTK161,0*28\r\n
06-09 15:30:28.704 1 1 I init : starting service 'gps_suspend'...
06-09 15:30:28.717 1 1 I init : Service 'gps_suspend' (pid 10626) exited with status 0 oneshot service took 0.007000 seconds in background
06-09 15:30:28.717 1 1 I init : Sending signal 9 to service 'gps_suspend' (pid 10626) process group...
06-09 15:30:28.756 18417 18417 W : abc audioDBG [es8323_mute] start mute:0
06-09 15:30:28.766 18417 18417 I [Awinic] [3-0058]aw_acf_get_prof_desc_form_name: get prof desc down
06-09 15:30:28.780 18417 18417 I [Awinic] [3-005b]aw_acf_get_prof_desc_form_name: get prof desc down
06-09 15:30:29.201 460 460 I gsensor_mxc6655 5-0015: set sensor poll time to 200ms
06-09 15:30:29.207 439 439 W healthd : battery l=52 v=7580 t=34.0 h=1 st=3 c=-512000 fc=9700000 chg=
06-09 15:30:25.512 851 851 D RILJ : [0251]> SEND_DEVICE_STATE 2:true [PHONE0]
06-09 15:30:25.512 526 526 D RILC : sendDeviceState: calling screen state 0
06-09 15:30:25.512 526 526 D RILC : onRequest: SCREEN_STATE datalen=4 request_value:61
06-09 15:30:25.513 851 1064 D RILJ : [0251]< SEND_DEVICE_STATE [PHONE0]
06-09 15:30:25.517 851 851 D RILJ : [0252]> SET_UNSOLICITED_RESPONSE_FILTER 32 [PHONE0]
06-09 15:30:25.518 851 1064 D RILJ : [0252]< SET_UNSOLICITED_RESPONSE_FILTER error 6 [PHONE0]
06-09 15:30:25.518 851 1064 D RilRequest: [0252]< SET_UNSOLICITED_RESPONSE_FILTER error: com.android.internal.telephony.CommandException: REQUEST_NOT_SUPPORTED ret= result=null
06-09 15:30:25.519 851 851 E RILJ : setSignalStrengthReportingCriteria ignored on IRadio version less than 1.2 [PHONE0]
06-09 15:30:25.519 851 851 E RILJ : setSignalStrengthReportingCriteria ignored on IRadio version less than 1.2 [PHONE0]
06-09 15:30:25.520 851 851 E RILJ : setSignalStrengthReportingCriteria ignored on IRadio version less than 1.2 [PHONE0]
06-09 15:30:25.520 851 851 D NetworkTypeController: [0] LegacyState: process EVENT_PHYSICAL_CHANNEL_CONFIG_NOTIF_CHANGED
06-09 15:30:25.520 851 851 D NetworkTypeController: [0] Remove all timers
06-09 15:30:25.520 851 851 D NetworkTypeController: [0] DefaultState: process EVENT_PHYSICAL_CHANNEL_CONFIG_NOTIF_CHANGED
06-09 15:30:25.520 851 851 D NetworkTypeController: [0] mIsPhysicalChannelConfigOn changed to: false
06-09 15:30:25.520 851 851 D NetworkTypeController: [0] Remove all timers
06-09 15:30:29.559 347 347 I rockchip-vop2 fdd90000.vop: [drm:vop2_crtc_atomic_disable] Crtc atomic disable vp2
06-09 15:30:29.571 347 347 E rockchip-vop2 fdd90000.vop: [drm:vop2_crtc_atomic_disable] *ERROR* unexpected power on pd7
06-09 15:30:25.947 851 851 D DCT-C-0 : screen off
06-09 15:30:25.947 851 851 D DCT-C-0 : stopNetStatPoll
06-09 15:30:29.776 1 1 I init : processing action (debug.beidou_leavesuspend=*) from (/system/etc/init/hw/init.rc:1293)
06-09 15:30:29.781 1 1 W : debug.beidou_leavesuspend wakeup
06-09 15:30:29.790 460 460 I gsensor_mxc6655 5-0015: set sensor poll time to 200ms
06-09 15:30:29.791 460 460 I gsensor_mxc6655 5-0015: sensor on: starting poll sensor data 196ms
06-09 15:30:29.791 439 439 W healthd : battery l=52 v=7580 t=34.0 h=1 st=3 c=-512000 fc=9700000 chg=
06-09 15:30:26.070 851 851 D RILJ : [0253]> SEND_DEVICE_STATE 2:false [PHONE0]
06-09 15:30:26.071 526 526 D RILC : sendDeviceState: calling screen state 1
06-09 15:30:26.071 526 526 D RILC : onRequest: SCREEN_STATE datalen=4 request_value:61
06-09 15:30:26.073 851 851 D RILJ : [0254]> SET_UNSOLICITED_RESPONSE_FILTER 127 [PHONE0]
06-09 15:30:26.074 851 851 E RILJ : setSignalStrengthReportingCriteria ignored on IRadio version less than 1.2 [PHONE0]
06-09 15:30:26.075 851 851 E RILJ : setSignalStrengthReportingCriteria ignored on IRadio version less than 1.2 [PHONE0]
06-09 15:30:26.075 851 1064 D RILJ : [0253]< SEND_DEVICE_STATE [PHONE0]
06-09 15:30:26.075 851 851 E RILJ : setSignalStrengthReportingCriteria ignored on IRadio version less than 1.2 [PHONE0]
06-09 15:30:26.075 851 851 D NetworkTypeController: [0] LegacyState: process EVENT_PHYSICAL_CHANNEL_CONFIG_NOTIF_CHANGED
06-09 15:30:26.075 851 851 D NetworkTypeController: [0] Remove all timers
06-09 15:30:26.075 851 851 D NetworkTypeController: [0] DefaultState: process EVENT_PHYSICAL_CHANNEL_CONFIG_NOTIF_CHANGED
06-09 15:30:26.075 851 851 D NetworkTypeController: [0] mIsPhysicalChannelConfigOn changed to: true
06-09 15:30:26.075 851 1064 D RILJ : [0254]< SET_UNSOLICITED_RESPONSE_FILTER error 6 [PHONE0]
06-09 15:30:26.075 851 1064 D RilRequest: [0254]< SET_UNSOLICITED_RESPONSE_FILTER error: com.android.internal.telephony.CommandException: REQUEST_NOT_SUPPORTED ret= result=null
06-09 15:30:26.105 851 851 D DCT-C-0 : screen on
06-09 15:30:26.105 851 851 D DCT-C-0 : stopNetStatPoll
06-09 15:30:29.849 347 347 I rockchip-vop2 fdd90000.vop: [drm:vop2_crtc_atomic_enable] Update mode to 1536x2048p55, type: 16(if:60) for vp2 dclk: 192000000
06-09 15:30:29.850 347 347 I rockchip-vop2 fdd90000.vop: [drm:vop2_crtc_atomic_enable] dclk_out2 div: 2 dclk_core2 div: 1
06-09 15:30:29.850 347 347 I rockchip-vop2 fdd90000.vop: [drm:vop2_crtc_atomic_enable] set dclk_vop2 to 96000000, get 96000000
06-09 15:30:29.877 460 460 I gsensor_mxc6655 5-0015: set sensor poll time to 66ms
06-09 15:30:26.612 526 549 D RILU : find_pci_device is 0
06-09 15:30:26.612 526 549 D RILC : PCI can't find at device
06-09 15:30:26.613 526 549 D RILC : USB can't find at device
06-09 15:30:30.355 347 347 I dw-mipi-dsi2 fde20000.dsi: [drm:dw_mipi_dsi2_encoder_enable] final DSI-Link bandwidth: 639999 x 8 Kbps
06-09 15:30:30.439 357 357 E rockchip-vop2 fdd90000.vop: [drm:vop2_wait_power_domain_off] *ERROR* wait pd7 off timeout power_ctrl: 0x7f
06-09 15:30:31.208 4266 4266 W : abc audioDBG [es8323_mute] start mute:1
06-09 15:30:31.208 4266 4266 I [Awinic] [3-0058]aw_acf_get_prof_desc_form_name: get prof desc down
06-09 15:30:31.209 4266 4266 I [Awinic] [3-005b]aw_acf_get_prof_desc_form_name: get prof desc down
06-09 15:30:31.812 1 1 I init : processing action (debug.beidou_entersuspend=*) from (/system/etc/init/hw/init.rc:1286)
06-09 15:30:31.813 1 1 W : debug.beidou_entersuspend $PMTK161,0*28\r\n
06-09 15:30:31.813 1 1 I init : starting service 'gps_suspend'...
06-09 15:30:31.828 1 1 I init : Service 'gps_suspend' (pid 10661) exited with status 0 oneshot service took 0.007000 seconds in background
06-09 15:30:31.828 1 1 I init : Sending signal 9 to service 'gps_suspend' (pid 10661) process group...
06-09 15:30:31.828 1 1 I libprocessgroup: Successfully killed process cgroup uid 0 pid 10661 in 0ms
06-09 15:30:31.851 18417 18417 W : abc audioDBG [es8323_mute] start mute:0
06-09 15:30:31.861 18417 18417 I [Awinic] [3-0058]aw_acf_get_prof_desc_form_name: get prof desc down
06-09 15:30:31.878 18417 18417 I [Awinic] [3-005b]aw_acf_get_prof_desc_form_name: get prof desc down
06-09 15:30:32.319 444 444 I gsensor_mxc6655 5-0015: set sensor poll time to 200ms
06-09 15:30:28.614 851 851 D RILJ : [0255]> SEND_DEVICE_STATE 2:true [PHONE0]
06-09 15:30:28.614 526 526 D RILC : sendDeviceState: calling screen state 0
06-09 15:30:28.614 526 526 D RILC : onRequest: SCREEN_STATE datalen=4 request_value:61
06-09 15:30:28.614 851 1064 D RILJ : [0255]< SEND_DEVICE_STATE [PHONE0]
06-09 15:30:28.617 851 851 D RILJ : [0256]> SET_UNSOLICITED_RESPONSE_FILTER 32 [PHONE0]
06-09 15:30:28.618 851 1064 D RILJ : [0256]< SET_UNSOLICITED_RESPONSE_FILTER error 6 [PHONE0]
06-09 15:30:28.618 851 1064 D RilRequest: [0256]< SET_UNSOLICITED_RESPONSE_FILTER error: com.android.internal.telephony.CommandException: REQUEST_NOT_SUPPORTED ret= result=null
06-09 15:30:28.619 851 851 E RILJ : setSignalStrengthReportingCriteria ignored on IRadio version less than 1.2 [PHONE0]
06-09 15:30:28.619 851 851 E RILJ : setSignalStrengthReportingCriteria ignored on IRadio version less than 1.2 [PHONE0]
06-09 15:30:28.619 851 851 E RILJ : setSignalStrengthReportingCriteria ignored on IRadio version less than 1.2 [PHONE0]
06-09 15:30:28.619 851 851 D NetworkTypeController: [0] LegacyState: process EVENT_PHYSICAL_CHANNEL_CONFIG_NOTIF_CHANGED
06-09 15:30:28.619 851 851 D NetworkTypeController: [0] Remove all timers
06-09 15:30:28.619 851 851 D NetworkTypeController: [0] DefaultState: process EVENT_PHYSICAL_CHANNEL_CONFIG_NOTIF_CHANGED
06-09 15:30:28.620 851 851 D NetworkTypeController: [0] mIsPhysicalChannelConfigOn changed to: false
06-09 15:30:28.620 851 851 D NetworkTypeController: [0] Remove all timers
06-09 15:30:32.348 439 439 W healthd : battery l=52 v=7612 t=34.0 h=1 st=3 c=-512000 fc=9700000 chg=
06-09 15:30:32.682 347 347 I rockchip-vop2 fdd90000.vop: [drm:vop2_crtc_atomic_disable] Crtc atomic disable vp2
06-09 15:30:32.692 347 347 E rockchip-vop2 fdd90000.vop: [drm:vop2_crtc_atomic_disable] *ERROR* unexpected power on pd7
06-09 15:30:28.996 851 851 D DCT-C-0 : screen off
06-09 15:30:28.996 851 851 D DCT-C-0 : stopNetStatPoll
06-09 15:30:33.043 1 1 I init : processing action (debug.beidou_leavesuspend=*) from (/system/etc/init/hw/init.rc:1293)
06-09 15:30:29.332 851 851 D RILJ : [0257]> SEND_DEVICE_STATE 2:false [PHONE0]
06-09 15:30:33.044 1 1 W : debug.beidou_leavesuspend wakeup
06-09 15:30:33.058 444 444 I gsensor_mxc6655 5-0015: set sensor poll time to 200ms
06-09 15:30:33.059 444 444 I gsensor_mxc6655 5-0015: sensor on: starting poll sensor data 196ms
06-09 15:30:29.332 526 526 D RILC : sendDeviceState: calling screen state 1
06-09 15:30:29.332 526 526 D RILC : onRequest: SCREEN_STATE datalen=4 request_value:61
06-09 15:30:29.332 851 1064 D RILJ : [0257]< SEND_DEVICE_STATE [PHONE0]
06-09 15:30:29.333 851 851 D RILJ : [0258]> SET_UNSOLICITED_RESPONSE_FILTER 127 [PHONE0]
06-09 15:30:29.333 851 1064 D RILJ : [0258]< SET_UNSOLICITED_RESPONSE_FILTER error 6 [PHONE0]
06-09 15:30:29.334 851 1064 D RilRequest: [0258]< SET_UNSOLICITED_RESPONSE_FILTER error: com.android.internal.telephony.CommandException: REQUEST_NOT_SUPPORTED ret= result=null
06-09 15:30:29.335 851 851 E RILJ : setSignalStrengthReportingCriteria ignored on IRadio version less than 1.2 [PHONE0]
06-09 15:30:29.335 851 851 E RILJ : setSignalStrengthReportingCriteria ignored on IRadio version less than 1.2 [PHONE0]
06-09 15:30:29.335 851 851 E RILJ : setSignalStrengthReportingCriteria ignored on IRadio version less than 1.2 [PHONE0]
06-09 15:30:29.336 851 851 D NetworkTypeController: [0] LegacyState: process EVENT_PHYSICAL_CHANNEL_CONFIG_NOTIF_CHANGED
06-09 15:30:29.337 851 851 D NetworkTypeController: [0] Remove all timers
06-09 15:30:29.337 851 851 D NetworkTypeController: [0] DefaultState: process EVENT_PHYSICAL_CHANNEL_CONFIG_NOTIF_CHANGED
06-09 15:30:29.337 851 851 D NetworkTypeController: [0] mIsPhysicalChannelConfigOn changed to: true
06-09 15:30:29.365 851 851 D DCT-C-0 : screen on
06-09 15:30:29.365 851 851 D DCT-C-0 : stopNetStatPoll
06-09 15:30:33.090 439 439 W healthd : battery l=52 v=7612 t=34.0 h=1 st=3 c=-512000 fc=9700000 chg=
06-09 15:30:33.119 347 347 I rockchip-vop2 fdd90000.vop: [drm:vop2_crtc_atomic_enable] Update mode to 1536x2048p55, type: 16(if:60) for vp2 dclk: 192000000
06-09 15:30:33.120 347 347 I rockchip-vop2 fdd90000.vop: [drm:vop2_crtc_atomic_enable] dclk_out2 div: 2 dclk_core2 div: 1
06-09 15:30:33.120 347 347 I rockchip-vop2 fdd90000.vop: [drm:vop2_crtc_atomic_enable] set dclk_vop2 to 96000000, get 96000000
06-09 15:30:33.140 444 444 I gsensor_mxc6655 5-0015: set sensor poll time to 66ms
06-09 15:30:29.613 526 549 D RILU : find_pci_device is 0
06-09 15:30:29.614 526 549 D RILC : PCI can't find at device
06-09 15:30:29.615 526 549 D RILC : USB can't find at device
06-09 15:30:33.628 347 347 I dw-mipi-dsi2 fde20000.dsi: [drm:dw_mipi_dsi2_encoder_enable] final DSI-Link bandwidth: 639999 x 8 Kbps
06-09 15:30:33.705 357 357 E rockchip-vop2 fdd90000.vop: [drm:vop2_wait_power_domain_off] *ERROR* wait pd7 off timeout power_ctrl: 0x7f
06-09 15:30:34.479 544 544 W : abc audioDBG [es8323_mute] start mute:1
06-09 15:30:34.479 544 544 I [Awinic] [3-0058]aw_acf_get_prof_desc_form_name: get prof desc down
06-09 15:30:34.480 544 544 I [Awinic] [3-005b]aw_acf_get_prof_desc_form_name: get prof desc down
06-09 15:30:34.849 1 1 I init : processing action (debug.beidou_entersuspend=*) from (/system/etc/init/hw/init.rc:1286)
06-09 15:30:34.850 1 1 W : debug.beidou_entersuspend $PMTK161,0*28\r\n
06-09 15:30:34.850 1 1 I init : starting service 'gps_suspend'...
06-09 15:30:34.893 18417 18417 W : abc audioDBG [es8323_mute] start mute:0
06-09 15:30:34.895 1 1 I init : Service 'gps_suspend' (pid 10709) exited with status 0 oneshot service took 0.040000 seconds in background
06-09 15:30:34.895 1 1 I init : Sending signal 9 to service 'gps_suspend' (pid 10709) process group...
06-09 15:30:34.895 1 1 I libprocessgroup: Successfully killed process cgroup uid 0 pid 10709 in 0ms
06-09 15:30:34.903 18417 18417 I [Awinic] [3-0058]aw_acf_get_prof_desc_form_name: get prof desc down
06-09 15:30:34.917 18417 18417 I [Awinic] [3-005b]aw_acf_get_prof_desc_form_name: get prof desc down
06-09 15:30:35.313 460 460 I gsensor_mxc6655 5-0015: set sensor poll time to 200ms
06-09 15:30:31.614 851 851 D RILJ : [0259]> SEND_DEVICE_STATE 2:true [PHONE0]
06-09 15:30:31.614 526 526 D RILC : sendDeviceState: calling screen state 0
06-09 15:30:31.614 526 526 D RILC : onRequest: SCREEN_STATE datalen=4 request_value:61
06-09 15:30:31.615 851 1064 D RILJ : [0259]< SEND_DEVICE_STATE [PHONE0]
06-09 15:30:31.615 851 851 D RILJ : [0260]> SET_UNSOLICITED_RESPONSE_FILTER 32 [PHONE0]
06-09 15:30:31.616 851 1064 D RILJ : [0260]< SET_UNSOLICITED_RESPONSE_FILTER error 6 [PHONE0]
06-09 15:30:31.616 851 1064 D RilRequest: [0260]< SET_UNSOLICITED_RESPONSE_FILTER error: com.android.internal.telephony.CommandException: REQUEST_NOT_SUPPORTED ret= result=null
06-09 15:30:31.616 851 851 E RILJ : setSignalStrengthReportingCriteria ignored on IRadio version less than 1.2 [PHONE0]
06-09 15:30:31.617 851 851 E RILJ : setSignalStrengthReportingCriteria ignored on IRadio version less than 1.2 [PHONE0]
06-09 15:30:31.617 851 851 E RILJ : setSignalStrengthReportingCriteria ignored on IRadio version less than 1.2 [PHONE0]
06-09 15:30:31.617 851 851 D NetworkTypeController: [0] LegacyState: process EVENT_PHYSICAL_CHANNEL_CONFIG_NOTIF_CHANGED
06-09 15:30:31.617 851 851 D NetworkTypeController: [0] Remove all timers
06-09 15:30:31.617 851 851 D NetworkTypeController: [0] DefaultState: process EVENT_PHYSICAL_CHANNEL_CONFIG_NOTIF_CHANGED
06-09 15:30:31.617 851 851 D NetworkTypeController: [0] mIsPhysicalChannelConfigOn changed to: false
06-09 15:30:31.617 851 851 D NetworkTypeController: [0] Remove all timers
06-09 15:30:35.349 439 439 W healthd : battery l=52 v=7554 t=34.0 h=1 st=3 c=-512000 fc=9700000 chg=
06-09 15:30:35.659 347 347 I rockchip-vop2 fdd90000.vop: [drm:vop2_crtc_atomic_disable] Crtc atomic disable vp2
06-09 15:30:35.671 347 347 E rockchip-vop2 fdd90000.vop: [drm:vop2_crtc_atomic_disable] *ERROR* unexpected power on pd7
06-09 15:30:32.013 851 851 D DCT-C-0 : screen off
06-09 15:30:32.013 851 851 D DCT-C-0 : stopNetStatPoll
06-09 15:30:36.189 1 1 I init : processing action (debug.beidou_leavesuspend=*) from (/system/etc/init/hw/init.rc:1293)
06-09 15:30:32.474 851 851 D RILJ : [0261]> SEND_DEVICE_STATE 2:false [PHONE0]
06-09 15:30:32.474 526 526 D RILC : sendDeviceState: calling screen state 1
06-09 15:30:32.474 526 526 D RILC : onRequest: SCREEN_STATE datalen=4 request_value:61
06-09 15:30:32.475 851 1064 D RILJ : [0261]< SEND_DEVICE_STATE [PHONE0]
06-09 15:30:32.486 851 851 D RILJ : [0262]> SET_UNSOLICITED_RESPONSE_FILTER 127 [PHONE0]
06-09 15:30:32.486 851 1064 D RILJ : [0262]< SET_UNSOLICITED_RESPONSE_FILTER error 6 [PHONE0]
06-09 15:30:32.487 851 1064 D RilRequest: [0262]< SET_UNSOLICITED_RESPONSE_FILTER error: com.android.internal.telephony.CommandException: REQUEST_NOT_SUPPORTED ret= result=null
06-09 15:30:32.487 851 851 E RILJ : setSignalStrengthReportingCriteria ignored on IRadio version less than 1.2 [PHONE0]
06-09 15:30:32.487 851 851 E RILJ : setSignalStrengthReportingCriteria ignored on IRadio version less than 1.2 [PHONE0]
06-09 15:30:32.487 851 851 E RILJ : setSignalStrengthReportingCriteria ignored on IRadio version less than 1.2 [PHONE0]
06-09 15:30:32.488 851 851 D NetworkTypeController: [0] LegacyState: process EVENT_PHYSICAL_CHANNEL_CONFIG_NOTIF_CHANGED
06-09 15:30:32.488 851 851 D NetworkTypeController: [0] Remove all timers
06-09 15:30:32.488 851 851 D NetworkTypeController: [0] DefaultState: process EVENT_PHYSICAL_CHANNEL_CONFIG_NOTIF_CHANGED
06-09 15:30:32.488 851 851 D NetworkTypeController: [0] mIsPhysicalChannelConfigOn changed to: true
06-09 15:30:36.190 1 1 W : debug.beidou_leavesuspend wakeup
06-09 15:30:36.212 460 460 I gsensor_mxc6655 5-0015: set sensor poll time to 200ms
06-09 15:30:36.213 460 460 I gsensor_mxc6655 5-0015: sensor on: starting poll sensor data 196ms
06-09 15:30:36.224 439 439 W healthd : battery l=52 v=7554 t=34.0 h=1 st=3 c=-512000 fc=9700000 chg=
06-09 15:30:36.248 4266 4266 W : abc audioDBG [es8323_mute] start mute:1
06-09 15:30:36.248 4266 4266 I [Awinic] [3-0058]aw_acf_get_prof_desc_form_name: get prof desc down
06-09 15:30:36.248 4266 4266 I [Awinic] [3-005b]aw_acf_get_prof_desc_form_name: get prof desc down
06-09 15:30:36.258 347 347 I rockchip-vop2 fdd90000.vop: [drm:vop2_crtc_atomic_enable] Update mode to 1536x2048p55, type: 16(if:60) for vp2 dclk: 192000000
06-09 15:30:36.258 347 347 I rockchip-vop2 fdd90000.vop: [drm:vop2_crtc_atomic_enable] dclk_out2 div: 2 dclk_core2 div: 1
06-09 15:30:36.258 347 347 I rockchip-vop2 fdd90000.vop: [drm:vop2_crtc_atomic_enable] set dclk_vop2 to 96000000, get 96000000
06-09 15:30:32.565 851 851 D DCT-C-0 : screen on
06-09 15:30:32.565 851 851 D DCT-C-0 : stopNetStatPoll
06-09 15:30:36.298 18417 18417 W : abc audioDBG [es8323_mute] start mute:0
06-09 15:30:36.308 18417 18417 I [Awinic] [3-0058]aw_acf_get_prof_desc_form_name: get prof desc down
06-09 15:30:36.323 18417 18417 I [Awinic] [3-005b]aw_acf_get_prof_desc_form_name: get prof desc down
06-09 15:30:32.615 526 549 D RILU : find_pci_device is 0
06-09 15:30:32.615 526 549 D RILC : PCI can't find at device
06-09 15:30:32.616 526 549 D RILC : USB can't find at device
06-09 15:30:36.346 460 460 I gsensor_mxc6655 5-0015: set sensor poll time to 66ms
06-09 15:30:36.765 347 347 I dw-mipi-dsi2 fde20000.dsi: [drm:dw_mipi_dsi2_encoder_enable] final DSI-Link bandwidth: 639999 x 8 Kbps
06-09 15:30:36.851 357 357 E rockchip-vop2 fdd90000.vop: [drm:vop2_wait_power_domain_off] *ERROR* wait pd7 off timeout power_ctrl: 0x7f
06-09 15:30:37.655 4266 4266 W : abc audioDBG [es8323_mute] start mute:1
06-09 15:30:37.655 4266 4266 I [Awinic] [3-0058]aw_acf_get_prof_desc_form_name: get prof desc down
06-09 15:30:37.655 4266 4266 I [Awinic] [3-005b]aw_acf_get_prof_desc_form_name: get prof desc down
06-09 15:30:38.144 1 1 I init : processing action (debug.beidou_entersuspend=*) from (/system/etc/init/hw/init.rc:1286)
06-09 15:30:38.145 1 1 W : debug.beidou_entersuspend $PMTK161,0*28\r\n
06-09 15:30:38.147 1 1 I init : starting service 'gps_suspend'...
06-09 15:30:38.167 1 1 I init : Service 'gps_suspend' (pid 10757) exited with status 0 oneshot service took 0.012000 seconds in background
06-09 15:30:38.167 1 1 I init : Sending signal 9 to service 'gps_suspend' (pid 10757) process group...
06-09 15:30:38.208 18417 18417 W : abc audioDBG [es8323_mute] start mute:0
06-09 15:30:38.219 18417 18417 I [Awinic] [3-0058]aw_acf_get_prof_desc_form_name: get prof desc down
06-09 15:30:38.236 18417 18417 I [Awinic] [3-005b]aw_acf_get_prof_desc_form_name: get prof desc down
06-09 15:30:38.629 444 444 I gsensor_mxc6655 5-0015: set sensor poll time to 200ms
06-09 15:30:34.923 851 851 D RILJ : [0263]> SEND_DEVICE_STATE 2:true [PHONE0]
06-09 15:30:34.923 526 526 D RILC : sendDeviceState: calling screen state 0
06-09 15:30:34.923 526 526 D RILC : onRequest: SCREEN_STATE datalen=4 request_value:61
06-09 15:30:34.924 851 1064 D RILJ : [0263]< SEND_DEVICE_STATE [PHONE0]
06-09 15:30:34.924 851 851 D RILJ : [0264]> SET_UNSOLICITED_RESPONSE_FILTER 32 [PHONE0]
06-09 15:30:34.925 851 1064 D RILJ : [0264]< SET_UNSOLICITED_RESPONSE_FILTER error 6 [PHONE0]
06-09 15:30:34.925 851 1064 D RilRequest: [0264]< SET_UNSOLICITED_RESPONSE_FILTER error: com.android.internal.telephony.CommandException: REQUEST_NOT_SUPPORTED ret= result=null
06-09 15:30:34.925 851 851 E RILJ : setSignalStrengthReportingCriteria ignored on IRadio version less than 1.2 [PHONE0]
06-09 15:30:34.925 851 851 E RILJ : setSignalStrengthReportingCriteria ignored on IRadio version less than 1.2 [PHONE0]
06-09 15:30:34.926 851 851 E RILJ : setSignalStrengthReportingCriteria ignored on IRadio version less than 1.2 [PHONE0]
06-09 15:30:34.926 851 851 D NetworkTypeController: [0] LegacyState: process EVENT_PHYSICAL_CHANNEL_CONFIG_NOTIF_CHANGED
06-09 15:30:34.926 851 851 D NetworkTypeController: [0] Remove all timers
06-09 15:30:34.926 851 851 D NetworkTypeController: [0] DefaultState: process EVENT_PHYSICAL_CHANNEL_CONFIG_NOTIF_CHANGED
06-09 15:30:34.926 851 851 D NetworkTypeController: [0] mIsPhysicalChannelConfigOn changed to: false
06-09 15:30:34.926 851 851 D NetworkTypeController: [0] Remove all timers
06-09 15:30:38.653 439 439 W healthd : battery l=52 v=7554 t=34.0 h=1 st=3 c=-512000 fc=9700000 chg=
06-09 15:30:38.982 347 347 I rockchip-vop2 fdd90000.vop: [drm:vop2_crtc_atomic_disable] Crtc atomic disable vp2
06-09 15:30:38.991 347 347 E rockchip-vop2 fdd90000.vop: [drm:vop2_crtc_atomic_disable] *ERROR* unexpected power on pd7
06-09 15:30:35.347 851 851 D DCT-C-0 : screen off
06-09 15:30:35.347 851 851 D DCT-C-0 : stopNetStatPoll
06-09 15:30:35.503 851 851 D RILJ : [0265]> SEND_DEVICE_STATE 2:false [PHONE0]
06-09 15:30:35.504 526 526 D RILC : sendDeviceState: calling screen state 1
06-09 15:30:35.504 526 526 D RILC : onRequest: SCREEN_STATE datalen=4 request_value:61
06-09 15:30:35.505 851 851 D RILJ : [0266]> SET_UNSOLICITED_RESPONSE_FILTER 127 [PHONE0]
06-09 15:30:35.506 851 851 E RILJ : setSignalStrengthReportingCriteria ignored on IRadio version less than 1.2 [PHONE0]
06-09 15:30:35.506 851 851 E RILJ : setSignalStrengthReportingCriteria ignored on IRadio version less than 1.2 [PHONE0]
06-09 15:30:35.506 851 851 E RILJ : setSignalStrengthReportingCriteria ignored on IRadio version less than 1.2 [PHONE0]
06-09 15:30:35.506 851 851 D NetworkTypeController: [0] LegacyState: process EVENT_PHYSICAL_CHANNEL_CONFIG_NOTIF_CHANGED
06-09 15:30:35.506 851 851 D NetworkTypeController: [0] Remove all timers
06-09 15:30:35.506 851 851 D NetworkTypeController: [0] DefaultState: process EVENT_PHYSICAL_CHANNEL_CONFIG_NOTIF_CHANGED
06-09 15:30:35.506 851 851 D NetworkTypeController: [0] mIsPhysicalChannelConfigOn changed to: true
06-09 15:30:39.230 444 444 I gsensor_mxc6655 5-0015: set sensor poll time to 200ms
