06-09 15:41:19.002 347 347 I rockchip-vop2 fdd90000.vop: [drm:vop2_crtc_atomic_disable] Crtc atomic disable vp2
06-09 15:41:19.013 347 347 E rockchip-vop2 fdd90000.vop: [drm:vop2_crtc_atomic_disable] *ERROR* unexpected power on pd7
06-09 15:41:15.301 526 549 D RILU : find_pci_device is 0
06-09 15:41:15.301 526 549 D RILC : PCI can't find at device
06-09 15:41:15.310 526 549 D RILC : USB can't find at device
06-09 15:41:15.350 851 851 D DCT-C-0 : screen off
06-09 15:41:15.350 851 851 D DCT-C-0 : stopNetStatPoll
06-09 15:41:19.573 1 1 I init : processing action (debug.beidou_leavesuspend=*) from (/system/etc/init/hw/init.rc:1293)
06-09 15:41:19.575 1 1 W : debug.beidou_leavesuspend wakeup
06-09 15:41:19.578 460 460 I gsensor_mxc6655 5-0015: set sensor poll time to 200ms
06-09 15:41:19.581 460 460 I gsensor_mxc6655 5-0015: sensor on: starting poll sensor data 196ms
06-09 15:41:19.592 427 427 W : abc audioDBG [es8323_mute] start mute:1
06-09 15:41:19.592 427 427 I [Awinic] [3-0058]aw_acf_get_prof_desc_form_name: get prof desc down
06-09 15:41:19.593 427 427 I [Awinic] [3-005b]aw_acf_get_prof_desc_form_name: get prof desc down
06-09 15:41:15.877 851 851 D RILJ : [0799]> SEND_DEVICE_STATE 2:false [PHONE0]
06-09 15:41:15.877 526 526 D RILC : sendDeviceState: calling screen state 1
06-09 15:41:15.877 526 526 D RILC : onRequest: SCREEN_STATE datalen=4 request_value:61
06-09 15:41:15.878 851 1064 D RILJ : [0799]< SEND_DEVICE_STATE [PHONE0]
06-09 15:41:15.878 851 851 D RILJ : [0800]> SET_UNSOLICITED_RESPONSE_FILTER 127 [PHONE0]
06-09 15:41:15.879 851 851 E RILJ : setSignalStrengthReportingCriteria ignored on IRadio version less than 1.2 [PHONE0]
06-09 15:41:15.879 851 1064 D RILJ : [0800]< SET_UNSOLICITED_RESPONSE_FILTER error 6 [PHONE0]
06-09 15:41:15.879 851 851 E RILJ : setSignalStrengthReportingCriteria ignored on IRadio version less than 1.2 [PHONE0]
06-09 15:41:15.879 851 1064 D RilRequest: [0800]< SET_UNSOLICITED_RESPONSE_FILTER error: com.android.internal.telephony.CommandException: REQUEST_NOT_SUPPORTED ret= result=null
06-09 15:41:15.879 851 851 E RILJ : setSignalStrengthReportingCriteria ignored on IRadio version less than 1.2 [PHONE0]
06-09 15:41:15.879 851 851 D NetworkTypeController: [0] LegacyState: process EVENT_PHYSICAL_CHANNEL_CONFIG_NOTIF_CHANGED
06-09 15:41:15.879 851 851 D NetworkTypeController: [0] Remove all timers
06-09 15:41:15.879 851 851 D NetworkTypeController: [0] DefaultState: process EVENT_PHYSICAL_CHANNEL_CONFIG_NOTIF_CHANGED
06-09 15:41:15.879 851 851 D NetworkTypeController: [0] mIsPhysicalChannelConfigOn changed to: true
06-09 15:41:19.605 439 439 W healthd : battery l=49 v=7530 t=34.0 h=1 st=3 c=-256000 fc=9700000 chg=
06-09 15:41:15.890 851 851 D DCT-C-0 : screen on
06-09 15:41:15.890 851 851 D DCT-C-0 : stopNetStatPoll
06-09 15:41:19.643 347 347 I rockchip-vop2 fdd90000.vop: [drm:vop2_crtc_atomic_enable] Update mode to 1536x2048p55, type: 16(if:60) for vp2 dclk: 192000000
06-09 15:41:19.644 347 347 I rockchip-vop2 fdd90000.vop: [drm:vop2_crtc_atomic_enable] dclk_out2 div: 2 dclk_core2 div: 1
06-09 15:41:19.644 347 347 I rockchip-vop2 fdd90000.vop: [drm:vop2_crtc_atomic_enable] set dclk_vop2 to 96000000, get 96000000
06-09 15:41:19.684 460 460 I gsensor_mxc6655 5-0015: set sensor poll time to 66ms
06-09 15:41:19.721 18417 18417 W : abc audioDBG [es8323_mute] start mute:0
06-09 15:41:19.731 18417 18417 I [Awinic] [3-0058]aw_acf_get_prof_desc_form_name: get prof desc down
06-09 15:41:19.747 18417 18417 I [Awinic] [3-005b]aw_acf_get_prof_desc_form_name: get prof desc down
06-09 15:41:20.151 347 347 I dw-mipi-dsi2 fde20000.dsi: [drm:dw_mipi_dsi2_encoder_enable] final DSI-Link bandwidth: 639999 x 8 Kbps
06-09 15:41:20.248 357 357 E rockchip-vop2 fdd90000.vop: [drm:vop2_wait_power_domain_off] *ERROR* wait pd7 off timeout power_ctrl: 0x7f
06-09 15:41:21.071 427 427 W : abc audioDBG [es8323_mute] start mute:1
06-09 15:41:21.071 427 427 I [Awinic] [3-0058]aw_acf_get_prof_desc_form_name: get prof desc down
06-09 15:41:21.072 427 427 I [Awinic] [3-005b]aw_acf_get_prof_desc_form_name: get prof desc down
06-09 15:41:21.710 1 1 I init : processing action (debug.beidou_entersuspend=*) from (/system/etc/init/hw/init.rc:1286)
06-09 15:41:21.712 1 1 W : debug.beidou_entersuspend $PMTK161,0*28\r\n
06-09 15:41:21.712 1 1 I init : starting service 'gps_suspend'...
06-09 15:41:21.748 1 1 I init : Service 'gps_suspend' (pid 19785) exited with status 0 oneshot service took 0.029000 seconds in background
06-09 15:41:21.748 1 1 I init : Sending signal 9 to service 'gps_suspend' (pid 19785) process group...
06-09 15:41:21.756 18417 18417 W : abc audioDBG [es8323_mute] start mute:0
06-09 15:41:21.766 18417 18417 I [Awinic] [3-0058]aw_acf_get_prof_desc_form_name: get prof desc down
06-09 15:41:21.781 18417 18417 I [Awinic] [3-005b]aw_acf_get_prof_desc_form_name: get prof desc down
06-09 15:41:18.318 526 549 D RILU : find_pci_device is 0
06-09 15:41:18.318 526 549 D RILC : PCI can't find at device
06-09 15:41:18.321 526 549 D RILC : USB can't find at device
06-09 15:41:22.204 460 460 I gsensor_mxc6655 5-0015: set sensor poll time to 200ms
06-09 15:41:22.206 439 439 W healthd : battery l=49 v=7556 t=33.5 h=1 st=3 c=-512000 fc=9700000 chg=
06-09 15:41:18.501 851 851 D RILJ : [0801]> SEND_DEVICE_STATE 2:true [PHONE0]
06-09 15:41:18.501 526 526 D RILC : sendDeviceState: calling screen state 0
06-09 15:41:18.501 526 526 D RILC : onRequest: SCREEN_STATE datalen=4 request_value:61
06-09 15:41:18.501 851 1064 D RILJ : [0801]< SEND_DEVICE_STATE [PHONE0]
06-09 15:41:18.502 851 851 D RILJ : [0802]> SET_UNSOLICITED_RESPONSE_FILTER 32 [PHONE0]
06-09 15:41:18.502 851 1064 D RILJ : [0802]< SET_UNSOLICITED_RESPONSE_FILTER error 6 [PHONE0]
06-09 15:41:18.502 851 851 E RILJ : setSignalStrengthReportingCriteria ignored on IRadio version less than 1.2 [PHONE0]
06-09 15:41:18.502 851 851 E RILJ : setSignalStrengthReportingCriteria ignored on IRadio version less than 1.2 [PHONE0]
06-09 15:41:18.502 851 1064 D RilRequest: [0802]< SET_UNSOLICITED_RESPONSE_FILTER error: com.android.internal.telephony.CommandException: REQUEST_NOT_SUPPORTED ret= result=null
06-09 15:41:18.502 851 851 E RILJ : setSignalStrengthReportingCriteria ignored on IRadio version less than 1.2 [PHONE0]
06-09 15:41:18.502 851 851 D NetworkTypeController: [0] LegacyState: process EVENT_PHYSICAL_CHANNEL_CONFIG_NOTIF_CHANGED
06-09 15:41:18.502 851 851 D NetworkTypeController: [0] Remove all timers
06-09 15:41:18.502 851 851 D NetworkTypeController: [0] DefaultState: process EVENT_PHYSICAL_CHANNEL_CONFIG_NOTIF_CHANGED
06-09 15:41:18.502 851 851 D NetworkTypeController: [0] mIsPhysicalChannelConfigOn changed to: false
06-09 15:41:18.502 851 851 D NetworkTypeController: [0] Remove all timers
06-09 15:41:22.565 347 347 I rockchip-vop2 fdd90000.vop: [drm:vop2_crtc_atomic_disable] Crtc atomic disable vp2
06-09 15:41:22.577 347 347 E rockchip-vop2 fdd90000.vop: [drm:vop2_crtc_atomic_disable] *ERROR* unexpected power on pd7
06-09 15:41:18.898 851 851 D DCT-C-0 : screen off
06-09 15:41:18.898 851 851 D DCT-C-0 : stopNetStatPoll
06-09 15:41:19.112 851 851 D RILJ : [0803]> SEND_DEVICE_STATE 2:false [PHONE0]
06-09 15:41:22.824 1 1 W : debug.beidou_leavesuspend wakeup
06-09 15:41:22.835 439 439 W healthd : battery l=49 v=7556 t=33.5 h=1 st=3 c=-256000 fc=9700000 chg=
06-09 15:41:19.113 526 526 D RILC : sendDeviceState: calling screen state 1
06-09 15:41:19.113 526 526 D RILC : onRequest: SCREEN_STATE datalen=4 request_value:61
06-09 15:41:19.113 851 1064 D RILJ : [0803]< SEND_DEVICE_STATE [PHONE0]
06-09 15:41:19.114 851 851 D RILJ : [0804]> SET_UNSOLICITED_RESPONSE_FILTER 127 [PHONE0]
06-09 15:41:19.114 851 1064 D RILJ : [0804]< SET_UNSOLICITED_RESPONSE_FILTER error 6 [PHONE0]
06-09 15:41:19.115 851 1064 D RilRequest: [0804]< SET_UNSOLICITED_RESPONSE_FILTER error: com.android.internal.telephony.CommandException: REQUEST_NOT_SUPPORTED ret= result=null
06-09 15:41:19.115 851 851 E RILJ : setSignalStrengthReportingCriteria ignored on IRadio version less than 1.2 [PHONE0]
06-09 15:41:19.115 851 851 E RILJ : setSignalStrengthReportingCriteria ignored on IRadio version less than 1.2 [PHONE0]
06-09 15:41:19.115 851 851 E RILJ : setSignalStrengthReportingCriteria ignored on IRadio version less than 1.2 [PHONE0]
06-09 15:41:19.116 851 851 D NetworkTypeController: [0] LegacyState: process EVENT_PHYSICAL_CHANNEL_CONFIG_NOTIF_CHANGED
06-09 15:41:19.116 851 851 D NetworkTypeController: [0] Remove all timers
06-09 15:41:19.116 851 851 D NetworkTypeController: [0] DefaultState: process EVENT_PHYSICAL_CHANNEL_CONFIG_NOTIF_CHANGED
06-09 15:41:19.116 851 851 D NetworkTypeController: [0] mIsPhysicalChannelConfigOn changed to: true
06-09 15:41:22.839 460 460 I gsensor_mxc6655 5-0015: set sensor poll time to 200ms
06-09 15:41:22.840 460 460 I gsensor_mxc6655 5-0015: sensor on: starting poll sensor data 196ms
06-09 15:41:19.149 851 851 D DCT-C-0 : screen on
06-09 15:41:19.149 851 851 D DCT-C-0 : stopNetStatPoll
06-09 15:41:22.893 347 347 I rockchip-vop2 fdd90000.vop: [drm:vop2_crtc_atomic_enable] Update mode to 1536x2048p55, type: 16(if:60) for vp2 dclk: 192000000
06-09 15:41:22.893 347 347 I rockchip-vop2 fdd90000.vop: [drm:vop2_crtc_atomic_enable] dclk_out2 div: 2 dclk_core2 div: 1
06-09 15:41:22.893 347 347 I rockchip-vop2 fdd90000.vop: [drm:vop2_crtc_atomic_enable] set dclk_vop2 to 96000000, get 96000000
06-09 15:41:22.917 460 460 I gsensor_mxc6655 5-0015: set sensor poll time to 66ms
06-09 15:41:23.398 347 347 I dw-mipi-dsi2 fde20000.dsi: [drm:dw_mipi_dsi2_encoder_enable] final DSI-Link bandwidth: 639999 x 8 Kbps
06-09 15:41:23.795 357 357 E rockchip-vop2 fdd90000.vop: [drm:vop2_wait_power_domain_off] *ERROR* wait pd7 off timeout power_ctrl: 0x7a
06-09 15:41:24.762 1 1 I init : processing action (debug.beidou_entersuspend=*) from (/system/etc/init/hw/init.rc:1286)
06-09 15:41:24.766 1 1 W : debug.beidou_entersuspend $PMTK161,0*28\r\n
06-09 15:41:24.767 1 1 I init : starting service 'gps_suspend'...
06-09 15:41:24.784 427 427 W : abc audioDBG [es8323_mute] start mute:1
06-09 15:41:24.784 427 427 I [Awinic] [3-0058]aw_acf_get_prof_desc_form_name: get prof desc down
06-09 15:41:24.785 427 427 I [Awinic] [3-005b]aw_acf_get_prof_desc_form_name: get prof desc down
06-09 15:41:24.806 1 1 I init : Service 'gps_suspend' (pid 19819) exited with status 0 oneshot service took 0.035000 seconds in background
06-09 15:41:24.806 1 1 I init : Sending signal 9 to service 'gps_suspend' (pid 19819) process group...
06-09 15:41:24.806 1 1 I libprocessgroup: Successfully killed process cgroup uid 0 pid 19819 in 0ms
06-09 15:41:24.826 18417 18417 W : abc audioDBG [es8323_mute] start mute:0
06-09 15:41:24.836 18417 18417 I [Awinic] [3-0058]aw_acf_get_prof_desc_form_name: get prof desc down
06-09 15:41:24.851 18417 18417 I [Awinic] [3-005b]aw_acf_get_prof_desc_form_name: get prof desc down
06-09 15:41:21.322 526 549 D RILU : find_pci_device is 0
06-09 15:41:21.322 526 549 D RILC : PCI can't find at device
06-09 15:41:21.325 526 549 D RILC : USB can't find at device
06-09 15:41:25.249 444 444 I gsensor_mxc6655 5-0015: set sensor poll time to 200ms
06-09 15:41:25.254 439 439 W healthd : battery l=49 v=7556 t=33.5 h=1 st=3 c=-512000 fc=9700000 chg=
06-09 15:41:21.544 851 851 D RILJ : [0805]> SEND_DEVICE_STATE 2:true [PHONE0]
06-09 15:41:21.544 526 526 D RILC : sendDeviceState: calling screen state 0
06-09 15:41:21.544 526 526 D RILC : onRequest: SCREEN_STATE datalen=4 request_value:61
06-09 15:41:21.545 851 1064 D RILJ : [0805]< SEND_DEVICE_STATE [PHONE0]
06-09 15:41:21.546 851 851 D RILJ : [0806]> SET_UNSOLICITED_RESPONSE_FILTER 32 [PHONE0]
06-09 15:41:21.546 851 1064 D RILJ : [0806]< SET_UNSOLICITED_RESPONSE_FILTER error 6 [PHONE0]
06-09 15:41:21.546 851 1064 D RilRequest: [0806]< SET_UNSOLICITED_RESPONSE_FILTER error: com.android.internal.telephony.CommandException: REQUEST_NOT_SUPPORTED ret= result=null
06-09 15:41:21.548 851 851 E RILJ : setSignalStrengthReportingCriteria ignored on IRadio version less than 1.2 [PHONE0]
06-09 15:41:21.548 851 851 E RILJ : setSignalStrengthReportingCriteria ignored on IRadio version less than 1.2 [PHONE0]
06-09 15:41:21.548 851 851 E RILJ : setSignalStrengthReportingCriteria ignored on IRadio version less than 1.2 [PHONE0]
06-09 15:41:21.549 851 851 D NetworkTypeController: [0] LegacyState: process EVENT_PHYSICAL_CHANNEL_CONFIG_NOTIF_CHANGED
06-09 15:41:21.549 851 851 D NetworkTypeController: [0] Remove all timers
06-09 15:41:21.549 851 851 D NetworkTypeController: [0] DefaultState: process EVENT_PHYSICAL_CHANNEL_CONFIG_NOTIF_CHANGED
06-09 15:41:21.549 851 851 D NetworkTypeController: [0] mIsPhysicalChannelConfigOn changed to: false
06-09 15:41:21.549 851 851 D NetworkTypeController: [0] Remove all timers
06-09 15:41:25.615 347 347 I rockchip-vop2 fdd90000.vop: [drm:vop2_crtc_atomic_disable] Crtc atomic disable vp2
06-09 15:41:25.626 347 347 E rockchip-vop2 fdd90000.vop: [drm:vop2_crtc_atomic_disable] *ERROR* unexpected power on pd7
06-09 15:41:21.967 851 851 D DCT-C-0 : screen off
06-09 15:41:21.967 851 851 D DCT-C-0 : stopNetStatPoll
06-09 15:41:25.829 1 1 I init : processing action (debug.beidou_leavesuspend=*) from (/system/etc/init/hw/init.rc:1293)
06-09 15:41:22.123 851 851 D RILJ : [0807]> SEND_DEVICE_STATE 2:false [PHONE0]
06-09 15:41:22.123 526 526 D RILC : sendDeviceState: calling screen state 1
06-09 15:41:22.123 526 526 D RILC : onRequest: SCREEN_STATE datalen=4 request_value:61
06-09 15:41:22.124 851 1064 D RILJ : [0807]< SEND_DEVICE_STATE [PHONE0]
06-09 15:41:22.125 851 851 D RILJ : [0808]> SET_UNSOLICITED_RESPONSE_FILTER 127 [PHONE0]
06-09 15:41:22.125 851 1064 D RILJ : [0808]< SET_UNSOLICITED_RESPONSE_FILTER error 6 [PHONE0]
06-09 15:41:22.125 851 1064 D RilRequest: [0808]< SET_UNSOLICITED_RESPONSE_FILTER error: com.android.internal.telephony.CommandException: REQUEST_NOT_SUPPORTED ret= result=null
06-09 15:41:22.127 851 851 E RILJ : setSignalStrengthReportingCriteria ignored on IRadio version less than 1.2 [PHONE0]
06-09 15:41:22.127 851 851 E RILJ : setSignalStrengthReportingCriteria ignored on IRadio version less than 1.2 [PHONE0]
06-09 15:41:22.127 851 851 E RILJ : setSignalStrengthReportingCriteria ignored on IRadio version less than 1.2 [PHONE0]
06-09 15:41:22.128 851 851 D NetworkTypeController: [0] LegacyState: process EVENT_PHYSICAL_CHANNEL_CONFIG_NOTIF_CHANGED
06-09 15:41:22.128 851 851 D NetworkTypeController: [0] Remove all timers
06-09 15:41:22.128 851 851 D NetworkTypeController: [0] DefaultState: process EVENT_PHYSICAL_CHANNEL_CONFIG_NOTIF_CHANGED
06-09 15:41:22.128 851 851 D NetworkTypeController: [0] mIsPhysicalChannelConfigOn changed to: true
06-09 15:41:25.833 1 1 W : debug.beidou_leavesuspend wakeup
06-09 15:41:25.862 460 460 I gsensor_mxc6655 5-0015: set sensor poll time to 200ms
06-09 15:41:25.864 460 460 I gsensor_mxc6655 5-0015: sensor on: starting poll sensor data 196ms
06-09 15:41:25.886 439 439 W healthd : battery l=49 v=7480 t=34.0 h=1 st=3 c=-256000 fc=9700000 chg=
06-09 15:41:22.164 851 851 D DCT-C-0 : screen on
06-09 15:41:22.164 851 851 D DCT-C-0 : stopNetStatPoll
06-09 15:41:25.909 347 347 I rockchip-vop2 fdd90000.vop: [drm:vop2_crtc_atomic_enable] Update mode to 1536x2048p55, type: 16(if:60) for vp2 dclk: 192000000
06-09 15:41:25.910 347 347 I rockchip-vop2 fdd90000.vop: [drm:vop2_crtc_atomic_enable] dclk_out2 div: 2 dclk_core2 div: 1
06-09 15:41:25.910 347 347 I rockchip-vop2 fdd90000.vop: [drm:vop2_crtc_atomic_enable] set dclk_vop2 to 96000000, get 96000000
06-09 15:41:25.942 460 460 I gsensor_mxc6655 5-0015: set sensor poll time to 66ms
06-09 15:41:26.415 347 347 I dw-mipi-dsi2 fde20000.dsi: [drm:dw_mipi_dsi2_encoder_enable] final DSI-Link bandwidth: 639999 x 8 Kbps
06-09 15:41:26.776 357 357 E rockchip-vop2 fdd90000.vop: [drm:vop2_wait_power_domain_off] *ERROR* wait pd7 off timeout power_ctrl: 0x7a
06-09 15:41:27.558 1 1 I init : processing action (debug.beidou_entersuspend=*) from (/system/etc/init/hw/init.rc:1286)
06-09 15:41:27.559 1 1 W : debug.beidou_entersuspend $PMTK161,0*28\r\n
06-09 15:41:27.559 1 1 I init : starting service 'gps_suspend'...
06-09 15:41:27.585 1 1 I init : Service 'gps_suspend' (pid 19879) exited with status 0 oneshot service took 0.022000 seconds in background
06-09 15:41:27.585 1 1 I init : Sending signal 9 to service 'gps_suspend' (pid 19879) process group...
06-09 15:41:28.015 460 460 I gsensor_mxc6655 5-0015: set sensor poll time to 200ms
06-09 15:41:24.308 851 851 D RILJ : [0809]> SEND_DEVICE_STATE 2:true [PHONE0]
06-09 15:41:24.309 526 526 D RILC : sendDeviceState: calling screen state 0
06-09 15:41:24.309 526 526 D RILC : onRequest: SCREEN_STATE datalen=4 request_value:61
06-09 15:41:24.309 851 1064 D RILJ : [0809]< SEND_DEVICE_STATE [PHONE0]
06-09 15:41:24.309 851 851 D RILJ : [0810]> SET_UNSOLICITED_RESPONSE_FILTER 32 [PHONE0]
06-09 15:41:24.309 851 1064 D RILJ : [0810]< SET_UNSOLICITED_RESPONSE_FILTER error 6 [PHONE0]
06-09 15:41:24.309 851 1064 D RilRequest: [0810]< SET_UNSOLICITED_RESPONSE_FILTER error: com.android.internal.telephony.CommandException: REQUEST_NOT_SUPPORTED ret= result=null
06-09 15:41:24.310 851 851 E RILJ : setSignalStrengthReportingCriteria ignored on IRadio version less than 1.2 [PHONE0]
06-09 15:41:24.310 851 851 E RILJ : setSignalStrengthReportingCriteria ignored on IRadio version less than 1.2 [PHONE0]
06-09 15:41:24.310 851 851 E RILJ : setSignalStrengthReportingCriteria ignored on IRadio version less than 1.2 [PHONE0]
06-09 15:41:24.310 851 851 D NetworkTypeController: [0] LegacyState: process EVENT_PHYSICAL_CHANNEL_CONFIG_NOTIF_CHANGED
06-09 15:41:24.310 851 851 D NetworkTypeController: [0] Remove all timers
06-09 15:41:24.310 851 851 D NetworkTypeController: [0] DefaultState: process EVENT_PHYSICAL_CHANNEL_CONFIG_NOTIF_CHANGED
06-09 15:41:24.310 851 851 D NetworkTypeController: [0] mIsPhysicalChannelConfigOn changed to: false
06-09 15:41:24.310 851 851 D NetworkTypeController: [0] Remove all timers
06-09 15:41:28.051 439 439 W healthd : battery l=49 v=7480 t=34.0 h=1 st=3 c=-768000 fc=9700000 chg=
06-09 15:41:24.325 526 549 D RILU : find_pci_device is 0
06-09 15:41:24.325 526 549 D RILC : PCI can't find at device
06-09 15:41:24.326 526 549 D RILC : USB can't find at device
06-09 15:41:28.358 347 347 I rockchip-vop2 fdd90000.vop: [drm:vop2_crtc_atomic_disable] Crtc atomic disable vp2
06-09 15:41:28.370 347 347 E rockchip-vop2 fdd90000.vop: [drm:vop2_crtc_atomic_disable] *ERROR* unexpected power on pd7
06-09 15:41:24.711 851 851 D DCT-C-0 : screen off
06-09 15:41:24.711 851 851 D DCT-C-0 : stopNetStatPoll
06-09 15:41:24.877 851 851 D RILJ : [0811]> SEND_DEVICE_STATE 2:false [PHONE0]
06-09 15:41:24.878 526 526 D RILC : sendDeviceState: calling screen state 1
06-09 15:41:24.878 526 526 D RILC : onRequest: SCREEN_STATE datalen=4 request_value:61
06-09 15:41:24.878 851 851 D RILJ : [0812]> SET_UNSOLICITED_RESPONSE_FILTER 127 [PHONE0]
06-09 15:41:24.878 851 1064 D RILJ : [0811]< SEND_DEVICE_STATE [PHONE0]
06-09 15:41:24.878 851 1064 D RILJ : [0812]< SET_UNSOLICITED_RESPONSE_FILTER error 6 [PHONE0]
06-09 15:41:24.879 851 1064 D RilRequest: [0812]< SET_UNSOLICITED_RESPONSE_FILTER error: com.android.internal.telephony.CommandException: REQUEST_NOT_SUPPORTED ret= result=null
06-09 15:41:24.881 851 851 E RILJ : setSignalStrengthReportingCriteria ignored on IRadio version less than 1.2 [PHONE0]
06-09 15:41:24.881 851 851 E RILJ : setSignalStrengthReportingCriteria ignored on IRadio version less than 1.2 [PHONE0]
06-09 15:41:24.881 851 851 E RILJ : setSignalStrengthReportingCriteria ignored on IRadio version less than 1.2 [PHONE0]
06-09 15:41:24.882 851 851 D NetworkTypeController: [0] LegacyState: process EVENT_PHYSICAL_CHANNEL_CONFIG_NOTIF_CHANGED
06-09 15:41:24.883 851 851 D NetworkTypeController: [0] Remove all timers
06-09 15:41:24.883 851 851 D NetworkTypeController: [0] DefaultState: process EVENT_PHYSICAL_CHANNEL_CONFIG_NOTIF_CHANGED
06-09 15:41:24.883 851 851 D NetworkTypeController: [0] mIsPhysicalChannelConfigOn changed to: true
06-09 15:41:28.587 1 1 W : debug.beidou_leavesuspend wakeup
06-09 15:41:28.619 439 439 W healthd : battery l=49 v=7480 t=34.0 h=1 st=3 c=-768000 fc=9700000 chg=
06-09 15:41:28.628 460 460 I gsensor_mxc6655 5-0015: set sensor poll time to 200ms
06-09 15:41:28.629 460 460 I gsensor_mxc6655 5-0015: sensor on: starting poll sensor data 196ms
06-09 15:41:24.930 851 851 D DCT-C-0 : screen on
06-09 15:41:24.930 851 851 D DCT-C-0 : stopNetStatPoll
06-09 15:41:28.656 347 347 I rockchip-vop2 fdd90000.vop: [drm:vop2_crtc_atomic_enable] Update mode to 1536x2048p55, type: 16(if:60) for vp2 dclk: 192000000
06-09 15:41:28.657 347 347 I rockchip-vop2 fdd90000.vop: [drm:vop2_crtc_atomic_enable] dclk_out2 div: 2 dclk_core2 div: 1
06-09 15:41:28.657 347 347 I rockchip-vop2 fdd90000.vop: [drm:vop2_crtc_atomic_enable] set dclk_vop2 to 96000000, get 96000000
06-09 15:41:28.677 460 460 I gsensor_mxc6655 5-0015: set sensor poll time to 66ms
06-09 15:41:29.172 347 347 I dw-mipi-dsi2 fde20000.dsi: [drm:dw_mipi_dsi2_encoder_enable] final DSI-Link bandwidth: 639999 x 8 Kbps
06-09 15:41:29.275 357 357 E rockchip-vop2 fdd90000.vop: [drm:vop2_wait_power_domain_off] *ERROR* wait pd7 off timeout power_ctrl: 0x7f
06-09 15:41:29.996 427 427 W : abc audioDBG [es8323_mute] start mute:1
06-09 15:41:29.996 427 427 I [Awinic] [3-0058]aw_acf_get_prof_desc_form_name: get prof desc down
06-09 15:41:29.997 427 427 I [Awinic] [3-005b]aw_acf_get_prof_desc_form_name: get prof desc down
06-09 15:41:30.439 1 1 I init : processing action (debug.beidou_entersuspend=*) from (/system/etc/init/hw/init.rc:1286)
06-09 15:41:30.440 1 1 W : debug.beidou_entersuspend $PMTK161,0*28\r\n
06-09 15:41:30.443 1 1 I init : starting service 'gps_suspend'...
06-09 15:41:30.467 1 1 I init : Service 'gps_suspend' (pid 19915) exited with status 0 oneshot service took 0.009000 seconds in background
06-09 15:41:30.467 1 1 I init : Sending signal 9 to service 'gps_suspend' (pid 19915) process group...
06-09 15:41:30.468 1 1 I libprocessgroup: Successfully killed process cgroup uid 0 pid 19915 in 0ms
06-09 15:41:30.484 18417 18417 W : abc audioDBG [es8323_mute] start mute:0
06-09 15:41:30.494 18417 18417 I [Awinic] [3-0058]aw_acf_get_prof_desc_form_name: get prof desc down
06-09 15:41:30.509 18417 18417 I [Awinic] [3-005b]aw_acf_get_prof_desc_form_name: get prof desc down
06-09 15:41:30.904 444 444 I gsensor_mxc6655 5-0015: set sensor poll time to 200ms
06-09 15:41:27.203 851 851 D RILJ : [0813]> SEND_DEVICE_STATE 2:true [PHONE0]
06-09 15:41:27.203 526 526 D RILC : sendDeviceState: calling screen state 0
06-09 15:41:27.203 526 526 D RILC : onRequest: SCREEN_STATE datalen=4 request_value:61
06-09 15:41:27.203 851 1064 D RILJ : [0813]< SEND_DEVICE_STATE [PHONE0]
06-09 15:41:27.206 851 851 D RILJ : [0814]> SET_UNSOLICITED_RESPONSE_FILTER 32 [PHONE0]
06-09 15:41:27.206 851 1064 D RILJ : [0814]< SET_UNSOLICITED_RESPONSE_FILTER error 6 [PHONE0]
06-09 15:41:27.206 851 1064 D RilRequest: [0814]< SET_UNSOLICITED_RESPONSE_FILTER error: com.android.internal.telephony.CommandException: REQUEST_NOT_SUPPORTED ret= result=null
06-09 15:41:27.206 851 851 E RILJ : setSignalStrengthReportingCriteria ignored on IRadio version less than 1.2 [PHONE0]
06-09 15:41:27.207 851 851 E RILJ : setSignalStrengthReportingCriteria ignored on IRadio version less than 1.2 [PHONE0]
06-09 15:41:27.207 851 851 E RILJ : setSignalStrengthReportingCriteria ignored on IRadio version less than 1.2 [PHONE0]
06-09 15:41:27.207 851 851 D NetworkTypeController: [0] LegacyState: process EVENT_PHYSICAL_CHANNEL_CONFIG_NOTIF_CHANGED
06-09 15:41:27.207 851 851 D NetworkTypeController: [0] Remove all timers
06-09 15:41:27.207 851 851 D NetworkTypeController: [0] DefaultState: process EVENT_PHYSICAL_CHANNEL_CONFIG_NOTIF_CHANGED
06-09 15:41:27.207 851 851 D NetworkTypeController: [0] mIsPhysicalChannelConfigOn changed to: false
06-09 15:41:27.207 851 851 D NetworkTypeController: [0] Remove all timers
06-09 15:41:30.947 439 439 W healthd : battery l=49 v=7506 t=34.5 h=1 st=3 c=-1024000 fc=9700000 chg=
06-09 15:41:27.326 526 549 D RILU : find_pci_device is 0
06-09 15:41:27.326 526 549 D RILC : PCI can't find at device
06-09 15:41:27.327 526 549 D RILC : USB can't find at device
06-09 15:41:31.252 347 347 I rockchip-vop2 fdd90000.vop: [drm:vop2_crtc_atomic_disable] Crtc atomic disable vp2
06-09 15:41:31.263 347 347 E rockchip-vop2 fdd90000.vop: [drm:vop2_crtc_atomic_disable] *ERROR* unexpected power on pd7
06-09 15:41:27.595 851 851 D DCT-C-0 : screen off
06-09 15:41:27.595 851 851 D DCT-C-0 : stopNetStatPoll
06-09 15:41:31.508 1 1 I init : processing action (debug.beidou_leavesuspend=*) from (/system/etc/init/hw/init.rc:1293)
06-09 15:41:27.793 851 851 D RILJ : [0815]> SEND_DEVICE_STATE 2:false [PHONE0]
06-09 15:41:27.793 526 526 D RILC : sendDeviceState: calling screen state 1
06-09 15:41:27.793 526 526 D RILC : onRequest: SCREEN_STATE datalen=4 request_value:61
06-09 15:41:27.794 851 1064 D RILJ : [0815]< SEND_DEVICE_STATE [PHONE0]
06-09 15:41:27.794 851 851 D RILJ : [0816]> SET_UNSOLICITED_RESPONSE_FILTER 127 [PHONE0]
06-09 15:41:27.794 851 1064 D RILJ : [0816]< SET_UNSOLICITED_RESPONSE_FILTER error 6 [PHONE0]
06-09 15:41:27.794 851 1064 D RilRequest: [0816]< SET_UNSOLICITED_RESPONSE_FILTER error: com.android.internal.telephony.CommandException: REQUEST_NOT_SUPPORTED ret= result=null
06-09 15:41:27.796 851 851 E RILJ : setSignalStrengthReportingCriteria ignored on IRadio version less than 1.2 [PHONE0]
06-09 15:41:27.796 851 851 E RILJ : setSignalStrengthReportingCriteria ignored on IRadio version less than 1.2 [PHONE0]
06-09 15:41:27.796 851 851 E RILJ : setSignalStrengthReportingCriteria ignored on IRadio version less than 1.2 [PHONE0]
06-09 15:41:27.796 851 851 D NetworkTypeController: [0] LegacyState: process EVENT_PHYSICAL_CHANNEL_CONFIG_NOTIF_CHANGED
06-09 15:41:27.796 851 851 D NetworkTypeController: [0] Remove all timers
06-09 15:41:27.797 851 851 D NetworkTypeController: [0] DefaultState: process EVENT_PHYSICAL_CHANNEL_CONFIG_NOTIF_CHANGED
06-09 15:41:27.797 851 851 D NetworkTypeController: [0] mIsPhysicalChannelConfigOn changed to: true
06-09 15:41:31.510 1 1 W : debug.beidou_leavesuspend wakeup
06-09 15:41:31.525 439 439 W healthd : battery l=49 v=7506 t=34.5 h=1 st=3 c=-256000 fc=9700000 chg=
06-09 15:41:31.531 444 444 I gsensor_mxc6655 5-0015: set sensor poll time to 200ms
06-09 15:41:31.538 444 444 I gsensor_mxc6655 5-0015: sensor on: starting poll sensor data 196ms
06-09 15:41:31.579 347 347 I rockchip-vop2 fdd90000.vop: [drm:vop2_crtc_atomic_enable] Update mode to 1536x2048p55, type: 16(if:60) for vp2 dclk: 192000000
06-09 15:41:31.580 347 347 I rockchip-vop2 fdd90000.vop: [drm:vop2_crtc_atomic_enable] dclk_out2 div: 2 dclk_core2 div: 1
06-09 15:41:31.580 347 347 I rockchip-vop2 fdd90000.vop: [drm:vop2_crtc_atomic_enable] set dclk_vop2 to 96000000, get 96000000
06-09 15:41:27.877 851 851 D DCT-C-0 : screen on
06-09 15:41:27.877 851 851 D DCT-C-0 : stopNetStatPoll
06-09 15:41:31.613 444 444 I gsensor_mxc6655 5-0015: set sensor poll time to 66ms
06-09 15:41:32.091 347 347 I dw-mipi-dsi2 fde20000.dsi: [drm:dw_mipi_dsi2_encoder_enable] final DSI-Link bandwidth: 639999 x 8 Kbps
06-09 15:41:32.192 357 357 E rockchip-vop2 fdd90000.vop: [drm:vop2_wait_power_domain_off] *ERROR* wait pd7 off timeout power_ctrl: 0x7f
06-09 15:41:33.292 1 1 I init : processing action (debug.beidou_entersuspend=*) from (/system/etc/init/hw/init.rc:1286)
06-09 15:41:33.293 1 1 W : debug.beidou_entersuspend $PMTK161,0*28\r\n
06-09 15:41:33.294 1 1 I init : starting service 'gps_suspend'...
06-09 15:41:33.313 1 1 I init : Service 'gps_suspend' (pid 19950) exited with status 0 oneshot service took 0.007000 seconds in background
06-09 15:41:33.313 1 1 I init : Sending signal 9 to service 'gps_suspend' (pid 19950) process group...
06-09 15:41:33.772 460 460 I gsensor_mxc6655 5-0015: set sensor poll time to 200ms
06-09 15:41:30.077 851 851 D RILJ : [0817]> SEND_DEVICE_STATE 2:true [PHONE0]
06-09 15:41:30.078 526 526 D RILC : sendDeviceState: calling screen state 0
06-09 15:41:30.078 526 526 D RILC : onRequest: SCREEN_STATE datalen=4 request_value:61
06-09 15:41:30.078 851 1064 D RILJ : [0817]< SEND_DEVICE_STATE [PHONE0]
06-09 15:41:30.078 851 851 D RILJ : [0818]> SET_UNSOLICITED_RESPONSE_FILTER 32 [PHONE0]
06-09 15:41:30.078 851 1064 D RILJ : [0818]< SET_UNSOLICITED_RESPONSE_FILTER error 6 [PHONE0]
06-09 15:41:30.078 851 1064 D RilRequest: [0818]< SET_UNSOLICITED_RESPONSE_FILTER error: com.android.internal.telephony.CommandException: REQUEST_NOT_SUPPORTED ret= result=null
06-09 15:41:30.079 851 851 E RILJ : setSignalStrengthReportingCriteria ignored on IRadio version less than 1.2 [PHONE0]
06-09 15:41:30.079 851 851 E RILJ : setSignalStrengthReportingCriteria ignored on IRadio version less than 1.2 [PHONE0]
06-09 15:41:30.079 851 851 E RILJ : setSignalStrengthReportingCriteria ignored on IRadio version less than 1.2 [PHONE0]
06-09 15:41:30.079 851 851 D NetworkTypeController: [0] LegacyState: process EVENT_PHYSICAL_CHANNEL_CONFIG_NOTIF_CHANGED
06-09 15:41:30.079 851 851 D NetworkTypeController: [0] Remove all timers
06-09 15:41:30.079 851 851 D NetworkTypeController: [0] DefaultState: process EVENT_PHYSICAL_CHANNEL_CONFIG_NOTIF_CHANGED
06-09 15:41:30.079 851 851 D NetworkTypeController: [0] mIsPhysicalChannelConfigOn changed to: false
06-09 15:41:30.079 851 851 D NetworkTypeController: [0] Remove all timers
06-09 15:41:33.809 439 439 W healthd : battery l=49 v=7506 t=34.5 h=1 st=3 c=-512000 fc=9700000 chg=
06-09 15:41:30.328 526 549 D RILU : find_pci_device is 0
06-09 15:41:30.328 526 549 D RILC : PCI can't find at device
06-09 15:41:30.329 526 549 D RILC : USB can't find at device
06-09 15:41:34.121 347 347 I rockchip-vop2 fdd90000.vop: [drm:vop2_crtc_atomic_disable] Crtc atomic disable vp2
06-09 15:41:34.130 347 347 E rockchip-vop2 fdd90000.vop: [drm:vop2_crtc_atomic_disable] *ERROR* unexpected power on pd7
06-09 15:41:30.434 851 851 D DCT-C-0 : screen off
06-09 15:41:30.434 851 851 D DCT-C-0 : stopNetStatPoll
06-09 15:41:34.355 460 460 I gsensor_mxc6655 5-0015: set sensor poll time to 200ms
06-09 15:41:34.360 460 460 I gsensor_mxc6655 5-0015: sensor on: starting poll sensor data 196ms
06-09 15:41:30.645 851 851 D RILJ : [0819]> SEND_DEVICE_STATE 2:false [PHONE0]
06-09 15:41:30.646 526 526 D RILC : sendDeviceState: calling screen state 1
06-09 15:41:30.646 526 526 D RILC : onRequest: SCREEN_STATE datalen=4 request_value:61
06-09 15:41:30.646 851 1064 D RILJ : [0819]< SEND_DEVICE_STATE [PHONE0]
06-09 15:41:30.647 851 851 D RILJ : [0820]> SET_UNSOLICITED_RESPONSE_FILTER 127 [PHONE0]
06-09 15:41:30.648 851 1064 D RILJ : [0820]< SET_UNSOLICITED_RESPONSE_FILTER error 6 [PHONE0]
06-09 15:41:30.648 851 1064 D RilRequest: [0820]< SET_UNSOLICITED_RESPONSE_FILTER error: com.android.internal.telephony.CommandException: REQUEST_NOT_SUPPORTED ret= result=null
06-09 15:41:30.649 851 851 E RILJ : setSignalStrengthReportingCriteria ignored on IRadio version less than 1.2 [PHONE0]
06-09 15:41:30.649 851 851 E RILJ : setSignalStrengthReportingCriteria ignored on IRadio version less than 1.2 [PHONE0]
06-09 15:41:30.649 851 851 E RILJ : setSignalStrengthReportingCriteria ignored on IRadio version less than 1.2 [PHONE0]
06-09 15:41:30.649 851 851 D NetworkTypeController: [0] LegacyState: process EVENT_PHYSICAL_CHANNEL_CONFIG_NOTIF_CHANGED
06-09 15:41:30.649 851 851 D NetworkTypeController: [0] Remove all timers
06-09 15:41:30.649 851 851 D NetworkTypeController: [0] DefaultState: process EVENT_PHYSICAL_CHANNEL_CONFIG_NOTIF_CHANGED
06-09 15:41:30.650 851 851 D NetworkTypeController: [0] mIsPhysicalChannelConfigOn changed to: true
06-09 15:41:34.362 1 1 W : debug.beidou_leavesuspend wakeup
06-09 15:41:34.384 439 439 W healthd : battery l=49 v=7506 t=34.5 h=1 st=3 c=-256000 fc=9700000 chg=
06-09 15:41:30.663 851 851 D DCT-C-0 : screen on
06-09 15:41:30.663 851 851 D DCT-C-0 : stopNetStatPoll
06-09 15:41:34.416 347 347 I rockchip-vop2 fdd90000.vop: [drm:vop2_crtc_atomic_enable] Update mode to 1536x2048p55, type: 16(if:60) for vp2 dclk: 192000000
06-09 15:41:34.417 347 347 I rockchip-vop2 fdd90000.vop: [drm:vop2_crtc_atomic_enable] dclk_out2 div: 2 dclk_core2 div: 1
06-09 15:41:34.417 347 347 I rockchip-vop2 fdd90000.vop: [drm:vop2_crtc_atomic_enable] set dclk_vop2 to 96000000, get 96000000
06-09 15:41:34.442 460 460 I gsensor_mxc6655 5-0015: set sensor poll time to 66ms
06-09 15:41:34.925 347 347 I dw-mipi-dsi2 fde20000.dsi: [drm:dw_mipi_dsi2_encoder_enable] final DSI-Link bandwidth: 639999 x 8 Kbps
06-09 15:41:35.004 357 357 E rockchip-vop2 fdd90000.vop: [drm:vop2_wait_power_domain_off] *ERROR* wait pd7 off timeout power_ctrl: 0x7f
06-09 15:41:35.778 544 544 W : abc audioDBG [es8323_mute] start mute:1
06-09 15:41:35.778 544 544 I [Awinic] [3-0058]aw_acf_get_prof_desc_form_name: get prof desc down
06-09 15:41:35.779 544 544 I [Awinic] [3-005b]aw_acf_get_prof_desc_form_name: get prof desc down
06-09 15:41:35.866 1 1 I init : processing action (debug.beidou_entersuspend=*) from (/system/etc/init/hw/init.rc:1286)
06-09 15:41:35.867 1 1 W : debug.beidou_entersuspend $PMTK161,0*28\r\n
06-09 15:41:35.868 1 1 I init : starting service 'gps_suspend'...
06-09 15:41:35.896 1 1 I init : Service 'gps_suspend' (pid 19983) exited with status 0 oneshot service took 0.024000 seconds in background
06-09 15:41:35.896 1 1 I init : Sending signal 9 to service 'gps_suspend' (pid 19983) process group...
06-09 15:41:35.897 1 1 I libprocessgroup: Successfully killed process cgroup uid 0 pid 19983 in 0ms
06-09 15:41:35.898 18417 18417 W : abc audioDBG [es8323_mute] start mute:0
06-09 15:41:35.908 18417 18417 I [Awinic] [3-0058]aw_acf_get_prof_desc_form_name: get prof desc down
06-09 15:41:35.922 18417 18417 I [Awinic] [3-005b]aw_acf_get_prof_desc_form_name: get prof desc down
06-09 15:41:36.381 460 460 I gsensor_mxc6655 5-0015: set sensor poll time to 200ms
06-09 15:41:36.393 439 439 W healthd : battery l=49 v=7522 t=34.5 h=1 st=3 c=-768000 fc=9700000 chg=
06-09 15:41:32.676 851 851 D RILJ : [0821]> SEND_DEVICE_STATE 2:true [PHONE0]
06-09 15:41:32.676 526 526 D RILC : sendDeviceState: calling screen state 0
06-09 15:41:32.676 526 526 D RILC : onRequest: SCREEN_STATE datalen=4 request_value:61
06-09 15:41:32.677 851 1064 D RILJ : [0821]< SEND_DEVICE_STATE [PHONE0]
06-09 15:41:32.677 851 851 D RILJ : [0822]> SET_UNSOLICITED_RESPONSE_FILTER 32 [PHONE0]
06-09 15:41:32.677 851 1064 D RILJ : [0822]< SET_UNSOLICITED_RESPONSE_FILTER error 6 [PHONE0]
06-09 15:41:32.677 851 1064 D RilRequest: [0822]< SET_UNSOLICITED_RESPONSE_FILTER error: com.android.internal.telephony.CommandException: REQUEST_NOT_SUPPORTED ret= result=null
06-09 15:41:32.677 851 851 E RILJ : setSignalStrengthReportingCriteria ignored on IRadio version less than 1.2 [PHONE0]
06-09 15:41:32.678 851 851 E RILJ : setSignalStrengthReportingCriteria ignored on IRadio version less than 1.2 [PHONE0]
06-09 15:41:32.678 851 851 E RILJ : setSignalStrengthReportingCriteria ignored on IRadio version less than 1.2 [PHONE0]
06-09 15:41:32.678 851 851 D NetworkTypeController: [0] LegacyState: process EVENT_PHYSICAL_CHANNEL_CONFIG_NOTIF_CHANGED
06-09 15:41:32.678 851 851 D NetworkTypeController: [0] Remove all timers
06-09 15:41:32.678 851 851 D NetworkTypeController: [0] DefaultState: process EVENT_PHYSICAL_CHANNEL_CONFIG_NOTIF_CHANGED
06-09 15:41:32.678 851 851 D NetworkTypeController: [0] mIsPhysicalChannelConfigOn changed to: false
06-09 15:41:32.678 851 851 D NetworkTypeController: [0] Remove all timers
06-09 15:41:36.755 347 347 I rockchip-vop2 fdd90000.vop: [drm:vop2_crtc_atomic_disable] Crtc atomic disable vp2
06-09 15:41:36.767 347 347 E rockchip-vop2 fdd90000.vop: [drm:vop2_crtc_atomic_disable] *ERROR* unexpected power on pd7
06-09 15:41:33.106 851 851 D DCT-C-0 : screen off
06-09 15:41:33.106 851 851 D DCT-C-0 : stopNetStatPoll
06-09 15:41:36.974 1 1 I init : processing action (debug.beidou_leavesuspend=*) from (/system/etc/init/hw/init.rc:1293)
06-09 15:41:36.975 1 1 W : debug.beidou_leavesuspend wakeup
06-09 15:41:36.984 444 444 I gsensor_mxc6655 5-0015: set sensor poll time to 200ms
06-09 15:41:33.262 851 851 D RILJ : [0823]> SEND_DEVICE_STATE 2:false [PHONE0]
06-09 15:41:33.262 526 526 D RILC : sendDeviceState: calling screen state 1
06-09 15:41:33.262 526 526 D RILC : onRequest: SCREEN_STATE datalen=4 request_value:61
06-09 15:41:33.263 851 1064 D RILJ : [0823]< SEND_DEVICE_STATE [PHONE0]
06-09 15:41:36.986 444 444 I gsensor_mxc6655 5-0015: sensor on: starting poll sensor data 196ms
06-09 15:41:36.998 439 439 W healthd : battery l=49 v=7522 t=34.5 h=1 st=3 c=-512000 fc=9700000 chg=
06-09 15:41:33.270 851 851 D RILJ : [0824]> SET_UNSOLICITED_RESPONSE_FILTER 127 [PHONE0]
06-09 15:41:33.281 851 1064 D RILJ : [0824]< SET_UNSOLICITED_RESPONSE_FILTER error 6 [PHONE0]
06-09 15:41:33.281 851 1064 D RilRequest: [0824]< SET_UNSOLICITED_RESPONSE_FILTER error: com.android.internal.telephony.CommandException: REQUEST_NOT_SUPPORTED ret= result=null
06-09 15:41:33.282 851 851 E RILJ : setSignalStrengthReportingCriteria ignored on IRadio version less than 1.2 [PHONE0]
06-09 15:41:33.282 851 851 E RILJ : setSignalStrengthReportingCriteria ignored on IRadio version less than 1.2 [PHONE0]
06-09 15:41:33.282 851 851 E RILJ : setSignalStrengthReportingCriteria ignored on IRadio version less than 1.2 [PHONE0]
06-09 15:41:33.282 851 851 D NetworkTypeController: [0] LegacyState: process EVENT_PHYSICAL_CHANNEL_CONFIG_NOTIF_CHANGED
06-09 15:41:33.282 851 851 D NetworkTypeController: [0] Remove all timers
06-09 15:41:33.282 851 851 D NetworkTypeController: [0] DefaultState: process EVENT_PHYSICAL_CHANNEL_CONFIG_NOTIF_CHANGED
06-09 15:41:33.282 851 851 D NetworkTypeController: [0] mIsPhysicalChannelConfigOn changed to: true
06-09 15:41:33.286 851 851 D DCT-C-0 : screen on
06-09 15:41:33.286 851 851 D DCT-C-0 : stopNetStatPoll
06-09 15:41:37.046 347 347 I rockchip-vop2 fdd90000.vop: [drm:vop2_crtc_atomic_enable] Update mode to 1536x2048p55, type: 16(if:60) for vp2 dclk: 192000000
06-09 15:41:37.047 347 347 I rockchip-vop2 fdd90000.vop: [drm:vop2_crtc_atomic_enable] dclk_out2 div: 2 dclk_core2 div: 1
06-09 15:41:37.047 347 347 I rockchip-vop2 fdd90000.vop: [drm:vop2_crtc_atomic_enable] set dclk_vop2 to 96000000, get 96000000
06-09 15:41:33.329 526 549 D RILU : find_pci_device is 0
06-09 15:41:33.329 526 549 D RILC : PCI can't find at device
06-09 15:41:33.330 526 549 D RILC : USB can't find at device
06-09 15:41:37.080 444 444 I gsensor_mxc6655 5-0015: set sensor poll time to 66ms
06-09 15:41:37.555 347 347 I dw-mipi-dsi2 fde20000.dsi: [drm:dw_mipi_dsi2_encoder_enable] final DSI-Link bandwidth: 639999 x 8 Kbps
06-09 15:41:37.634 357 357 E rockchip-vop2 fdd90000.vop: [drm:vop2_wait_power_domain_off] *ERROR* wait pd7 off timeout power_ctrl: 0x7f
06-09 15:41:38.450 427 427 W : abc audioDBG [es8323_mute] start mute:1
06-09 15:41:38.450 427 427 I [Awinic] [3-0058]aw_acf_get_prof_desc_form_name: get prof desc down
06-09 15:41:38.450 427 427 I [Awinic] [3-005b]aw_acf_get_prof_desc_form_name: get prof desc down
06-09 15:41:38.460 1 1 I init : processing action (debug.beidou_entersuspend=*) from (/system/etc/init/hw/init.rc:1286)
06-09 15:41:38.461 1 1 W : debug.beidou_entersuspend $PMTK161,0*28\r\n
06-09 15:41:38.462 1 1 I init : starting service 'gps_suspend'...
06-09 15:41:38.492 1 1 I init : Service 'gps_suspend' (pid 20019) exited with status 0 oneshot service took 0.026000 seconds in background
06-09 15:41:38.492 1 1 I init : Sending signal 9 to service 'gps_suspend' (pid 20019) process group...
06-09 15:41:38.495 18417 18417 W : abc audioDBG [es8323_mute] start mute:0
06-09 15:41:38.505 18417 18417 I [Awinic] [3-0058]aw_acf_get_prof_desc_form_name: get prof desc down
06-09 15:41:38.519 18417 18417 I [Awinic] [3-005b]aw_acf_get_prof_desc_form_name: get prof desc down
06-09 15:41:38.948 460 460 I gsensor_mxc6655 5-0015: set sensor poll time to 200ms
06-09 15:41:38.953 439 439 W healthd : battery l=49 v=7522 t=34.5 h=1 st=3 c=-768000 fc=9700000 chg=
06-09 15:41:35.238 851 851 D RILJ : [0825]> SEND_DEVICE_STATE 2:true [PHONE0]
06-09 15:41:35.238 526 526 D RILC : sendDeviceState: calling screen state 0
06-09 15:41:35.238 526 526 D RILC : onRequest: SCREEN_STATE datalen=4 request_value:61
06-09 15:41:35.238 851 1064 D RILJ : [0825]< SEND_DEVICE_STATE [PHONE0]
06-09 15:41:35.238 851 851 D RILJ : [0826]> SET_UNSOLICITED_RESPONSE_FILTER 32 [PHONE0]
06-09 15:41:35.238 851 1064 D RILJ : [0826]< SET_UNSOLICITED_RESPONSE_FILTER error 6 [PHONE0]
06-09 15:41:35.239 851 1064 D RilRequest: [0826]< SET_UNSOLICITED_RESPONSE_FILTER error: com.android.internal.telephony.CommandException: REQUEST_NOT_SUPPORTED ret= result=null
06-09 15:41:35.240 851 851 E RILJ : setSignalStrengthReportingCriteria ignored on IRadio version less than 1.2 [PHONE0]
06-09 15:41:35.240 851 851 E RILJ : setSignalStrengthReportingCriteria ignored on IRadio version less than 1.2 [PHONE0]
06-09 15:41:35.241 851 851 E RILJ : setSignalStrengthReportingCriteria ignored on IRadio version less than 1.2 [PHONE0]
06-09 15:41:35.241 851 851 D NetworkTypeController: [0] LegacyState: process EVENT_PHYSICAL_CHANNEL_CONFIG_NOTIF_CHANGED
06-09 15:41:35.241 851 851 D NetworkTypeController: [0] Remove all timers
06-09 15:41:35.241 851 851 D NetworkTypeController: [0] DefaultState: process EVENT_PHYSICAL_CHANNEL_CONFIG_NOTIF_CHANGED
06-09 15:41:35.241 851 851 D NetworkTypeController: [0] mIsPhysicalChannelConfigOn changed to: false
06-09 15:41:35.241 851 851 D NetworkTypeController: [0] Remove all timers
06-09 15:41:39.295 347 347 I rockchip-vop2 fdd90000.vop: [drm:vop2_crtc_atomic_disable] Crtc atomic disable vp2
06-09 15:41:39.306 347 347 E rockchip-vop2 fdd90000.vop: [drm:vop2_crtc_atomic_disable] *ERROR* unexpected power on pd7
06-09 15:41:35.646 851 851 D DCT-C-0 : screen off
06-09 15:41:35.646 851 851 D DCT-C-0 : stopNetStatPoll
06-09 15:41:39.520 1 1 W : debug.beidou_leavesuspend wakeup
06-09 15:41:39.525 444 444 I gsensor_mxc6655 5-0015: set sensor poll time to 200ms
06-09 15:41:39.527 444 444 I gsensor_mxc6655 5-0015: sensor on: starting poll sensor data 196ms
06-09 15:41:35.804 851 851 D RILJ : [0827]> SEND_DEVICE_STATE 2:false [PHONE0]
06-09 15:41:35.804 526 526 D RILC : sendDeviceState: calling screen state 1
06-09 15:41:35.804 526 526 D RILC : onRequest: SCREEN_STATE datalen=4 request_value:61
06-09 15:41:35.804 851 1064 D RILJ : [0827]< SEND_DEVICE_STATE [PHONE0]
06-09 15:41:35.804 851 851 D RILJ : [0828]> SET_UNSOLICITED_RESPONSE_FILTER 127 [PHONE0]
06-09 15:41:35.805 851 1064 D RILJ : [0828]< SET_UNSOLICITED_RESPONSE_FILTER error 6 [PHONE0]
06-09 15:41:35.805 851 1064 D RilRequest: [0828]< SET_UNSOLICITED_RESPONSE_FILTER error: com.android.internal.telephony.CommandException: REQUEST_NOT_SUPPORTED ret= result=null
06-09 15:41:35.805 851 851 E RILJ : setSignalStrengthReportingCriteria ignored on IRadio version less than 1.2 [PHONE0]
06-09 15:41:35.805 851 851 E RILJ : setSignalStrengthReportingCriteria ignored on IRadio version less than 1.2 [PHONE0]
06-09 15:41:35.806 851 851 E RILJ : setSignalStrengthReportingCriteria ignored on IRadio version less than 1.2 [PHONE0]
06-09 15:41:35.806 851 851 D NetworkTypeController: [0] LegacyState: process EVENT_PHYSICAL_CHANNEL_CONFIG_NOTIF_CHANGED
06-09 15:41:35.806 851 851 D NetworkTypeController: [0] Remove all timers
06-09 15:41:35.806 851 851 D NetworkTypeController: [0] DefaultState: process EVENT_PHYSICAL_CHANNEL_CONFIG_NOTIF_CHANGED
06-09 15:41:35.806 851 851 D NetworkTypeController: [0] mIsPhysicalChannelConfigOn changed to: true
06-09 15:41:35.820 851 851 D DCT-C-0 : screen on
06-09 15:41:35.820 851 851 D DCT-C-0 : stopNetStatPoll
06-09 15:41:39.551 439 439 W healthd : battery l=49 v=7522 t=34.5 h=1 st=3 c=-768000 fc=9700000 chg=
06-09 15:41:39.593 347 347 I rockchip-vop2 fdd90000.vop: [drm:vop2_crtc_atomic_enable] Update mode to 1536x2048p55, type: 16(if:60) for vp2 dclk: 192000000
06-09 15:41:39.594 347 347 I rockchip-vop2 fdd90000.vop: [drm:vop2_crtc_atomic_enable] dclk_out2 div: 2 dclk_core2 div: 1
06-09 15:41:39.594 347 347 I rockchip-vop2 fdd90000.vop: [drm:vop2_crtc_atomic_enable] set dclk_vop2 to 96000000, get 96000000
06-09 15:41:39.622 444 444 I gsensor_mxc6655 5-0015: set sensor poll time to 66ms
06-09 15:41:36.331 526 549 D RILU : find_pci_device is 0
06-09 15:41:36.331 526 549 D RILC : PCI can't find at device
06-09 15:41:36.334 526 549 D RILC : USB can't find at device
06-09 15:41:40.098 347 347 I dw-mipi-dsi2 fde20000.dsi: [drm:dw_mipi_dsi2_encoder_enable] final DSI-Link bandwidth: 639999 x 8 Kbps
06-09 15:41:40.519 357 357 E rockchip-vop2 fdd90000.vop: [drm:vop2_wait_power_domain_off] *ERROR* wait pd7 off timeout power_ctrl: 0x7a
06-09 15:41:40.953 1 1 I init : processing action (debug.beidou_entersuspend=*) from (/system/etc/init/hw/init.rc:1286)
06-09 15:41:40.954 1 1 W : debug.beidou_entersuspend $PMTK161,0*28\r\n
06-09 15:41:40.954 1 1 I init : starting service 'gps_suspend'...
06-09 15:41:40.968 1 1 I init : Service 'gps_suspend' (pid 20076) exited with status 0 oneshot service took 0.011000 seconds in background
06-09 15:41:40.968 1 1 I init : Sending signal 9 to service 'gps_suspend' (pid 20076) process group...
06-09 15:41:40.968 1 1 I libprocessgroup: Successfully killed process cgroup uid 0 pid 20076 in 0ms
06-09 15:41:41.461 460 460 I gsensor_mxc6655 5-0015: set sensor poll time to 200ms
06-09 15:41:41.467 439 439 W healthd : battery l=49 v=7506 t=34.5 h=1 st=3 c=-512000 fc=9700000 chg=
06-09 15:41:37.758 851 851 D RILJ : [0829]> SEND_DEVICE_STATE 2:true [PHONE0]
06-09 15:41:37.758 526 526 D RILC : sendDeviceState: calling screen state 0
06-09 15:41:37.758 526 526 D RILC : onRequest: SCREEN_STATE datalen=4 request_value:61
06-09 15:41:37.759 851 851 D RILJ : [0830]> SET_UNSOLICITED_RESPONSE_FILTER 32 [PHONE0]
06-09 15:41:37.759 851 1064 D RILJ : [0829]< SEND_DEVICE_STATE [PHONE0]
06-09 15:41:37.759 851 851 E RILJ : setSignalStrengthReportingCriteria ignored on IRadio version less than 1.2 [PHONE0]
06-09 15:41:37.759 851 851 E RILJ : setSignalStrengthReportingCriteria ignored on IRadio version less than 1.2 [PHONE0]
06-09 15:41:37.759 851 851 E RILJ : setSignalStrengthReportingCriteria ignored on IRadio version less than 1.2 [PHONE0]
06-09 15:41:37.759 851 851 D NetworkTypeController: [0] LegacyState: process EVENT_PHYSICAL_CHANNEL_CONFIG_NOTIF_CHANGED
06-09 15:41:37.759 851 851 D NetworkTypeController: [0] Remove all timers
06-09 15:41:37.759 851 851 D NetworkTypeController: [0] DefaultState: process EVENT_PHYSICAL_CHANNEL_CONFIG_NOTIF_CHANGED
06-09 15:41:37.759 851 1064 D RILJ : [0830]< SET_UNSOLICITED_RESPONSE_FILTER error 6 [PHONE0]
06-09 15:41:37.759 851 851 D NetworkTypeController: [0] mIsPhysicalChannelConfigOn changed to: false
06-09 15:41:37.759 851 851 D NetworkTypeController: [0] Remove all timers
06-09 15:41:37.759 851 1064 D RilRequest: [0830]< SET_UNSOLICITED_RESPONSE_FILTER error: com.android.internal.telephony.CommandException: REQUEST_NOT_SUPPORTED ret= result=null
06-09 15:41:41.862 347 347 I rockchip-vop2 fdd90000.vop: [drm:vop2_crtc_atomic_disable] Crtc atomic disable vp2
06-09 15:41:41.871 347 347 E rockchip-vop2 fdd90000.vop: [drm:vop2_crtc_atomic_disable] *ERROR* unexpected power on pd7
06-09 15:41:38.183 851 851 D DCT-C-0 : screen off
06-09 15:41:38.183 851 851 D DCT-C-0 : stopNetStatPoll
06-09 15:41:42.063 1 1 I init : processing action (debug.beidou_leavesuspend=*) from (/system/etc/init/hw/init.rc:1293)
06-09 15:41:42.066 1 1 W : debug.beidou_leavesuspend wakeup
06-09 15:41:42.067 444 444 I gsensor_mxc6655 5-0015: set sensor poll time to 200ms
06-09 15:41:42.068 444 444 I gsensor_mxc6655 5-0015: sensor on: starting poll sensor data 196ms
06-09 15:41:38.350 851 851 D RILJ : [0831]> SEND_DEVICE_STATE 2:false [PHONE0]
06-09 15:41:42.073 439 439 W healthd : battery l=49 v=7506 t=34.5 h=1 st=3 c=-256000 fc=9700000 chg=
06-09 15:41:38.350 526 526 D RILC : sendDeviceState: calling screen state 1
06-09 15:41:38.350 526 526 D RILC : onRequest: SCREEN_STATE datalen=4 request_value:61
06-09 15:41:38.351 851 1064 D RILJ : [0831]< SEND_DEVICE_STATE [PHONE0]
06-09 15:41:38.351 851 851 D RILJ : [0832]> SET_UNSOLICITED_RESPONSE_FILTER 127 [PHONE0]
06-09 15:41:38.352 851 1064 D RILJ : [0832]< SET_UNSOLICITED_RESPONSE_FILTER error 6 [PHONE0]
06-09 15:41:38.352 851 1064 D RilRequest: [0832]< SET_UNSOLICITED_RESPONSE_FILTER error: com.android.internal.telephony.CommandException: REQUEST_NOT_SUPPORTED ret= result=null
06-09 15:41:38.352 851 851 E RILJ : setSignalStrengthReportingCriteria ignored on IRadio version less than 1.2 [PHONE0]
06-09 15:41:38.352 851 851 E RILJ : setSignalStrengthReportingCriteria ignored on IRadio version less than 1.2 [PHONE0]
06-09 15:41:38.352 851 851 E RILJ : setSignalStrengthReportingCriteria ignored on IRadio version less than 1.2 [PHONE0]
06-09 15:41:38.352 851 851 D NetworkTypeController: [0] LegacyState: process EVENT_PHYSICAL_CHANNEL_CONFIG_NOTIF_CHANGED
06-09 15:41:38.352 851 851 D NetworkTypeController: [0] Remove all timers
06-09 15:41:38.352 851 851 D NetworkTypeController: [0] DefaultState: process EVENT_PHYSICAL_CHANNEL_CONFIG_NOTIF_CHANGED
06-09 15:41:38.352 851 851 D NetworkTypeController: [0] mIsPhysicalChannelConfigOn changed to: true
06-09 15:41:38.368 851 851 D DCT-C-0 : screen on
06-09 15:41:38.369 851 851 D DCT-C-0 : stopNetStatPoll
06-09 15:41:42.129 347 347 I rockchip-vop2 fdd90000.vop: [drm:vop2_crtc_atomic_enable] Update mode to 1536x2048p55, type: 16(if:60) for vp2 dclk: 192000000
06-09 15:41:42.130 347 347 I rockchip-vop2 fdd90000.vop: [drm:vop2_crtc_atomic_enable] dclk_out2 div: 2 dclk_core2 div: 1
06-09 15:41:42.130 347 347 I rockchip-vop2 fdd90000.vop: [drm:vop2_crtc_atomic_enable] set dclk_vop2 to 96000000, get 96000000
06-09 15:41:42.164 444 444 I gsensor_mxc6655 5-0015: set sensor poll time to 66ms
