06-09 15:51:29.660 27692 27692 F DEBUG : #47 pc 000830fd /system/lib/libandroid_runtime.so (android::AndroidRuntime::start(char const*, android::Vector const&, bool)+600) (BuildId: 26adc2d5f21d6637a2d41b99abce6d06)
06-09 15:51:29.660 27692 27692 F DEBUG : #48 pc 00002527 /system/bin/app_process32 (main+994) (BuildId: e3a0a3dbe471704bfd27f741475d463f)
06-09 15:51:29.660 27692 27692 F DEBUG : #49 pc 00031f7b /apex/com.android.runtime/lib/bionic/libc.so (__libc_init+54) (BuildId: a0f86e06c7ea70b36f3cae2d93197708)
06-09 15:51:33.384 27692 27692 W audit : audit_lost=16 audit_rate_limit=5 audit_backlog_limit=64
06-09 15:51:33.384 27692 27692 E audit : rate limit exceeded
06-09 15:51:31.079 526 549 D RILU : find_pci_device is 0
06-09 15:51:31.079 526 549 D RILC : PCI can't find at device
06-09 15:51:31.081 526 549 D RILC : USB can't find at device
06-09 15:51:31.503 620 638 D AutofillManagerService: onBackKeyPressed()
06-09 15:51:31.713 620 638 D AutofillManagerService: onBackKeyPressed()
06-09 15:51:32.906 620 1328 E TaskPersister: File error accessing recents directory (directory doesn't exist?).
06-09 15:51:32.935 620 1661 W NotificationService: Toast already killed. pkg=com.ebensz.factory token=android.os.BinderProxy@e01ccce
06-09 15:51:33.334 620 635 W ActivityTaskManager: Duplicate finish request for r=ActivityRecord{7a2da9 u0 com.ebensz.factory/.MainActivity t239 f}}
06-09 15:51:33.647 620 640 W WindowManager: Unable to start animation, surface is null or no children.
06-09 15:51:33.721 620 1006 I WindowManager: WIN DEATH: Window{352753e u0 com.ebensz.factory/com.ebensz.factory.MainActivity}
06-09 15:51:33.721 620 948 I ActivityManager: Process com.ebensz.factory (pid 27363) has died: cch+15 CEM
06-09 15:51:33.724 620 640 W ActivityManager: setHasOverlayUi called on unknown pid: 27363
06-09 15:51:34.039 620 638 D AutofillManagerService: onBackKeyPressed()
06-09 15:51:34.046 620 27797 I ActivityTaskManager: moveTaskToBack: Task{c746f85 #239 type=standard A=10054:com.android.calculator2 U=0 visible=true visibleRequested=true mode=fullscreen translucent=false sz=1}
06-09 15:51:34.081 526 549 D RILU : find_pci_device is 0
06-09 15:51:34.082 526 549 D RILC : PCI can't find at device
06-09 15:51:34.084 526 549 D RILC : USB can't find at device
06-09 15:51:35.518 620 707 I PowerManagerService: Powering off display group due to lid_switch (groupId= 0, uid= 1000)...
06-09 15:51:39.247 1 1 I init : processing action (debug.beidou_entersuspend=*) from (/system/etc/init/hw/init.rc:1286)
06-09 15:51:35.522 620 707 I PowerManagerService: Going to sleep due to lid_switch (uid 1000)...
06-09 15:51:35.524 620 707 I PowerManagerService: Sleeping display group (groupId=0, uid=1000)...
06-09 15:51:35.524 620 707 I PowerManagerService: Sleeping (uid 1000)...
06-09 15:51:39.263 1 1 W : debug.beidou_entersuspend $PMTK161,0*28\r\n
06-09 15:51:39.267 1 1 I init : starting service 'gps_suspend'...
06-09 15:51:35.555 620 27797 D BiometricUtils: isEncrypted: false isLockdown: false
06-09 15:51:35.556 620 620 D BiometricScheduler/Fingerprint21: [Added] {[572] com.android.server.biometrics.sensors.fingerprint.hidl.FingerprintUpdateActiveUserClient, proto=1, owner=android, cookie=0, requestId=-1, userId=0}, new queue size: 1
06-09 15:51:35.556 620 620 D BiometricScheduler/Fingerprint21: [Polled] {[572] com.android.server.biometrics.sensors.fingerprint.hidl.FingerprintUpdateActiveUserClient, proto=1, owner=android, cookie=0, requestId=-1, userId=0}, State: 0
06-09 15:51:35.556 620 620 D BiometricScheduler/Fingerprint21: [Started] {[572] com.android.server.biometrics.sensors.fingerprint.hidl.FingerprintUpdateActiveUserClient, proto=1, owner=android, cookie=0, requestId=-1, userId=0}
06-09 15:51:35.556 620 620 D FingerprintUpdateActiveUserClient: Already user: com.android.server.biometrics.sensors.fingerprint.hidl.Fingerprint21$$ExternalSyntheticLambda17@2e80cb7, returning
06-09 15:51:35.556 620 620 D BiometricSchedulerOperation: [Finished / destroy]: {[572] com.android.server.biometrics.sensors.fingerprint.hidl.FingerprintUpdateActiveUserClient, proto=1, owner=android, cookie=0, requestId=-1, userId=0}
06-09 15:51:35.556 620 620 V BiometricSchedulerOperation: started: {[572] com.android.server.biometrics.sensors.fingerprint.hidl.FingerprintUpdateActiveUserClient, proto=1, owner=android, cookie=0, requestId=-1, userId=0}, State: 5
06-09 15:51:35.558 620 620 D BiometricScheduler/Fingerprint21: [Added] {[573] com.android.server.biometrics.sensors.fingerprint.hidl.FingerprintAuthenticationClient, proto=3, owner=com.android.systemui, cookie=0, requestId=256, userId=0}, new queue size: 1
06-09 15:51:35.559 620 620 V BiometricScheduler/Fingerprint21: Not idle, current operation: {[572] com.android.server.biometrics.sensors.fingerprint.hidl.FingerprintUpdateActiveUserClient, proto=1, owner=android, cookie=0, requestId=-1, userId=0}, State: 5
06-09 15:51:35.559 620 620 D BiometricScheduler/Fingerprint21: [Finishing] {[572] com.android.server.biometrics.sensors.fingerprint.hidl.FingerprintUpdateActiveUserClient, proto=1, owner=android, cookie=0, requestId=-1, userId=0}, success: true
06-09 15:51:35.559 620 620 D BiometricScheduler/Fingerprint21: [Polled] {[573] com.android.server.biometrics.sensors.fingerprint.hidl.FingerprintAuthenticationClient, proto=3, owner=com.android.systemui, cookie=0, requestId=256, userId=0}, State: 0
06-09 15:51:35.559 620 620 D GestureAvailabilityTracker: Notifying gesture availability, active=false
06-09 15:51:35.559 620 620 D BiometricScheduler/Fingerprint21: [Started] {[573] com.android.server.biometrics.sensors.fingerprint.hidl.FingerprintAuthenticationClient, proto=3, owner=com.android.systemui, cookie=0, requestId=256, userId=0}
06-09 15:51:35.559 620 620 D BiometricCoexCoordinator: addAuthenticationClient(OtherFp), client: {[573] com.android.server.biometrics.sensors.fingerprint.hidl.FingerprintAuthenticationClient, proto=3, owner=com.android.systemui, cookie=0, requestId=256, userId=0}
06-09 15:51:35.559 620 620 D FingerprintService: Fps state updated from 0 to 2, client {[573] com.android.server.biometrics.sensors.fingerprint.hidl.FingerprintAuthenticationClient, proto=3, owner=com.android.systemui, cookie=0, requestId=256, userId=0}
06-09 15:51:35.559 620 620 D Biometrics/AuthenticationClient: Requesting auth for com.android.systemui
06-09 15:51:39.287 1 1 I init : Service 'gps_suspend' (pid 27826) exited with status 0 oneshot service took 0.010000 seconds in background
06-09 15:51:39.287 1 1 I init : Sending signal 9 to service 'gps_suspend' (pid 27826) process group...
06-09 15:51:39.287 1 1 I libprocessgroup: Successfully killed process cgroup uid 0 pid 27826 in 0ms
06-09 15:51:39.314 18417 18417 W : abc audioDBG [es8323_mute] start mute:0
06-09 15:51:39.324 18417 18417 I [Awinic] [3-0058]aw_acf_get_prof_desc_form_name: get prof desc down
06-09 15:51:39.338 18417 18417 I [Awinic] [3-005b]aw_acf_get_prof_desc_form_name: get prof desc down
06-09 15:51:35.621 620 620 V BiometricSchedulerOperation: started: {[573] com.android.server.biometrics.sensors.fingerprint.hidl.FingerprintAuthenticationClient, proto=3, owner=com.android.systemui, cookie=0, requestId=256, userId=0}, State: 2
06-09 15:51:36.022 620 661 I DisplayPowerController[0]: Blocking screen off
06-09 15:51:36.023 620 661 I DisplayPowerController[0]: Unblocked screen off after 1 ms
06-09 15:51:36.053 620 661 D ActivityTaskManager: Top Process State changed to PROCESS_STATE_TOP_SLEEPING
06-09 15:51:39.781 460 460 I gsensor_mxc6655 5-0015: set sensor poll time to 200ms
06-09 15:51:36.070 620 661 V DisplayPowerController[0]: Brightness [0.003937008] reason changing to: 'screen_off', previous reason: 'manual'.
06-09 15:51:36.072 620 640 I DisplayDeviceRepository: Display device changed state: "内置屏幕", OFF
06-09 15:51:36.081 851 851 D RILJ : [0896]> SEND_DEVICE_STATE 2:true [PHONE0]
06-09 15:51:36.081 526 526 D RILC : sendDeviceState: calling screen state 0
06-09 15:51:36.081 526 526 D RILC : onRequest: SCREEN_STATE datalen=4 request_value:61
06-09 15:51:36.081 851 1064 D RILJ : [0896]< SEND_DEVICE_STATE [PHONE0]
06-09 15:51:36.082 851 851 D RILJ : [0897]> SET_UNSOLICITED_RESPONSE_FILTER 32 [PHONE0]
06-09 15:51:36.082 851 1064 D RILJ : [0897]< SET_UNSOLICITED_RESPONSE_FILTER error 6 [PHONE0]
06-09 15:51:36.082 851 1064 D RilRequest: [0897]< SET_UNSOLICITED_RESPONSE_FILTER error: com.android.internal.telephony.CommandException: REQUEST_NOT_SUPPORTED ret= result=null
06-09 15:51:36.083 851 851 E RILJ : setSignalStrengthReportingCriteria ignored on IRadio version less than 1.2 [PHONE0]
06-09 15:51:36.083 851 851 E RILJ : setSignalStrengthReportingCriteria ignored on IRadio version less than 1.2 [PHONE0]
06-09 15:51:36.084 851 851 E RILJ : setSignalStrengthReportingCriteria ignored on IRadio version less than 1.2 [PHONE0]
06-09 15:51:36.084 851 851 D NetworkTypeController: [0] LegacyState: process EVENT_PHYSICAL_CHANNEL_CONFIG_NOTIF_CHANGED
06-09 15:51:36.084 851 851 D NetworkTypeController: [0] Remove all timers
06-09 15:51:36.084 851 851 D NetworkTypeController: [0] DefaultState: process EVENT_PHYSICAL_CHANNEL_CONFIG_NOTIF_CHANGED
06-09 15:51:36.084 851 851 D NetworkTypeController: [0] mIsPhysicalChannelConfigOn changed to: false
06-09 15:51:36.084 851 851 D NetworkTypeController: [0] Remove all timers
06-09 15:51:39.819 439 439 W healthd : battery l=47 v=7502 t=34.0 h=1 st=3 c=-768000 fc=9700000 chg=
06-09 15:51:36.104 777 7315 D PowerUI : maybeShowBatteryWarning...1
06-09 15:51:36.106 777 7315 D PowerUI : maybeShowBatteryWarning...end
06-09 15:51:40.105 347 347 I rockchip-vop2 fdd90000.vop: [drm:vop2_crtc_atomic_disable] Crtc atomic disable vp2
06-09 15:51:40.115 347 347 E rockchip-vop2 fdd90000.vop: [drm:vop2_crtc_atomic_disable] *ERROR* unexpected power on pd7
06-09 15:51:36.405 620 620 D BiometricService: Sensor ID(0), oemStrength: 255, updatedStrength: 255, modality 2, state: 0, cookie: 0, props: ID: 0, Strength: 1, Type: 1, sensorId 0, hasEnrollments: true cannot participate in Keystore operations
06-09 15:51:36.418 851 851 D DCT-C-0 : screen off
06-09 15:51:36.418 851 851 D DCT-C-0 : stopNetStatPoll
06-09 15:51:40.216 1 1 I init : processing action (debug.beidou_leavesuspend=*) from (/system/etc/init/hw/init.rc:1293)
06-09 15:51:36.484 620 707 I PowerManagerService: Powering on display group fromAsleep (groupId=0, uid=1000, reason=WAKE_REASON_LID, details=android.policy:LID, mShutdownOrRebootingStarted=false)...
06-09 15:51:36.485 620 707 I PowerManagerService: Waking up from Asleep (uid=1000, reason=WAKE_REASON_LID, details=android.policy:LID)...
06-09 15:51:36.490 620 661 I DisplayPowerController[0]: Blocking screen on until initial contents have been drawn.
06-09 15:51:36.491 620 661 V DisplayPowerController[0]: Brightness [0.39763778] reason changing to: 'manual', previous reason: 'screen_off'.
06-09 15:51:36.496 620 640 I DisplayDeviceRepository: Display device changed state: "内置屏幕", ON
06-09 15:51:40.223 460 460 I gsensor_mxc6655 5-0015: set sensor poll time to 200ms
06-09 15:51:40.226 460 460 I gsensor_mxc6655 5-0015: sensor on: starting poll sensor data 196ms
06-09 15:51:36.505 851 851 D RILJ : [0898]> SEND_DEVICE_STATE 2:false [PHONE0]
06-09 15:51:36.506 526 526 D RILC : sendDeviceState: calling screen state 1
06-09 15:51:36.506 526 526 D RILC : onRequest: SCREEN_STATE datalen=4 request_value:61
06-09 15:51:36.506 851 1064 D RILJ : [0898]< SEND_DEVICE_STATE [PHONE0]
06-09 15:51:36.506 851 851 D RILJ : [0899]> SET_UNSOLICITED_RESPONSE_FILTER 127 [PHONE0]
06-09 15:51:36.507 851 1064 D RILJ : [0899]< SET_UNSOLICITED_RESPONSE_FILTER error 6 [PHONE0]
06-09 15:51:36.507 851 1064 D RilRequest: [0899]< SET_UNSOLICITED_RESPONSE_FILTER error: com.android.internal.telephony.CommandException: REQUEST_NOT_SUPPORTED ret= result=null
06-09 15:51:36.509 851 851 E RILJ : setSignalStrengthReportingCriteria ignored on IRadio version less than 1.2 [PHONE0]
06-09 15:51:36.509 851 851 E RILJ : setSignalStrengthReportingCriteria ignored on IRadio version less than 1.2 [PHONE0]
06-09 15:51:36.509 851 851 E RILJ : setSignalStrengthReportingCriteria ignored on IRadio version less than 1.2 [PHONE0]
06-09 15:51:36.509 851 851 D NetworkTypeController: [0] LegacyState: process EVENT_PHYSICAL_CHANNEL_CONFIG_NOTIF_CHANGED
06-09 15:51:36.510 851 851 D NetworkTypeController: [0] Remove all timers
06-09 15:51:36.510 851 851 D NetworkTypeController: [0] DefaultState: process EVENT_PHYSICAL_CHANNEL_CONFIG_NOTIF_CHANGED
06-09 15:51:36.510 851 851 D NetworkTypeController: [0] mIsPhysicalChannelConfigOn changed to: true
06-09 15:51:36.529 851 851 D DCT-C-0 : screen on
06-09 15:51:36.529 851 851 D DCT-C-0 : stopNetStatPoll
06-09 15:51:40.233 1 1 W : debug.beidou_leavesuspend wakeup
06-09 15:51:40.255 439 439 W healthd : battery l=47 v=7502 t=34.0 h=1 st=3 c=-768000 fc=9700000 chg=
06-09 15:51:40.283 347 347 I rockchip-vop2 fdd90000.vop: [drm:vop2_crtc_atomic_enable] Update mode to 1536x2048p55, type: 16(if:60) for vp2 dclk: 192000000
06-09 15:51:40.284 347 347 I rockchip-vop2 fdd90000.vop: [drm:vop2_crtc_atomic_enable] dclk_out2 div: 2 dclk_core2 div: 1
06-09 15:51:40.284 347 347 I rockchip-vop2 fdd90000.vop: [drm:vop2_crtc_atomic_enable] set dclk_vop2 to 96000000, get 96000000
06-09 15:51:40.369 460 460 I gsensor_mxc6655 5-0015: set sensor poll time to 66ms
06-09 15:51:36.648 620 661 I DisplayPowerController[0]: Unblocked screen on after 158 ms
06-09 15:51:36.736 620 1328 E TaskPersister: File error accessing recents directory (directory doesn't exist?).
06-09 15:51:40.707 544 544 W : abc audioDBG [es8323_mute] start mute:1
06-09 15:51:40.707 544 544 I [Awinic] [3-0058]aw_acf_get_prof_desc_form_name: get prof desc down
06-09 15:51:40.708 544 544 I [Awinic] [3-005b]aw_acf_get_prof_desc_form_name: get prof desc down
06-09 15:51:40.788 347 347 I dw-mipi-dsi2 fde20000.dsi: [drm:dw_mipi_dsi2_encoder_enable] final DSI-Link bandwidth: 639999 x 8 Kbps
06-09 15:51:37.073 620 661 W PowerManagerService: Screen on took 589 ms
06-09 15:51:37.084 526 549 D RILU : find_pci_device is 0
06-09 15:51:37.084 526 549 D RILC : PCI can't find at device
06-09 15:51:37.086 526 549 D RILC : USB can't find at device
06-09 15:51:40.876 357 357 E rockchip-vop2 fdd90000.vop: [drm:vop2_wait_power_domain_off] *ERROR* wait pd7 off timeout power_ctrl: 0x7f
06-09 15:51:37.735 620 707 I PowerManagerService: Powering off display group due to lid_switch (groupId= 0, uid= 1000)...
06-09 15:51:37.739 620 707 I PowerManagerService: Going to sleep due to lid_switch (uid 1000)...
06-09 15:51:41.464 1 1 I init : processing action (debug.beidou_entersuspend=*) from (/system/etc/init/hw/init.rc:1286)
06-09 15:51:41.466 1 1 W : debug.beidou_entersuspend $PMTK161,0*28\r\n
06-09 15:51:41.467 1 1 I init : starting service 'gps_suspend'...
06-09 15:51:37.741 620 707 I PowerManagerService: Sleeping display group (groupId=0, uid=1000)...
06-09 15:51:37.741 620 707 I PowerManagerService: Sleeping (uid 1000)...
06-09 15:51:41.482 1 1 I init : Service 'gps_suspend' (pid 27858) exited with status 0 oneshot service took 0.008000 seconds in background
06-09 15:51:41.482 1 1 I init : Sending signal 9 to service 'gps_suspend' (pid 27858) process group...
06-09 15:51:38.261 620 661 I DisplayPowerController[0]: Blocking screen off
06-09 15:51:38.262 620 661 I DisplayPowerController[0]: Unblocked screen off after 0 ms
06-09 15:51:41.991 444 444 I gsensor_mxc6655 5-0015: set sensor poll time to 200ms
06-09 15:51:38.276 620 661 V DisplayPowerController[0]: Brightness [0.003937008] reason changing to: 'screen_off', previous reason: 'manual'.
06-09 15:51:38.277 620 640 I DisplayDeviceRepository: Display device changed state: "内置屏幕", OFF
06-09 15:51:38.288 851 851 D RILJ : [0900]> SEND_DEVICE_STATE 2:true [PHONE0]
06-09 15:51:38.288 526 526 D RILC : sendDeviceState: calling screen state 0
06-09 15:51:38.288 526 526 D RILC : onRequest: SCREEN_STATE datalen=4 request_value:61
06-09 15:51:38.289 851 1064 D RILJ : [0900]< SEND_DEVICE_STATE [PHONE0]
06-09 15:51:38.289 851 851 D RILJ : [0901]> SET_UNSOLICITED_RESPONSE_FILTER 32 [PHONE0]
06-09 15:51:38.290 851 1064 D RILJ : [0901]< SET_UNSOLICITED_RESPONSE_FILTER error 6 [PHONE0]
06-09 15:51:38.290 851 1064 D RilRequest: [0901]< SET_UNSOLICITED_RESPONSE_FILTER error: com.android.internal.telephony.CommandException: REQUEST_NOT_SUPPORTED ret= result=null
06-09 15:51:38.290 851 851 E RILJ : setSignalStrengthReportingCriteria ignored on IRadio version less than 1.2 [PHONE0]
06-09 15:51:38.291 851 851 E RILJ : setSignalStrengthReportingCriteria ignored on IRadio version less than 1.2 [PHONE0]
06-09 15:51:38.291 851 851 E RILJ : setSignalStrengthReportingCriteria ignored on IRadio version less than 1.2 [PHONE0]
06-09 15:51:38.291 851 851 D NetworkTypeController: [0] LegacyState: process EVENT_PHYSICAL_CHANNEL_CONFIG_NOTIF_CHANGED
06-09 15:51:38.291 851 851 D NetworkTypeController: [0] Remove all timers
06-09 15:51:38.291 851 851 D NetworkTypeController: [0] DefaultState: process EVENT_PHYSICAL_CHANNEL_CONFIG_NOTIF_CHANGED
06-09 15:51:38.291 851 851 D NetworkTypeController: [0] mIsPhysicalChannelConfigOn changed to: false
06-09 15:51:38.291 851 851 D NetworkTypeController: [0] Remove all timers
06-09 15:51:42.030 439 439 W healthd : battery l=47 v=7502 t=34.0 h=1 st=3 c=-512000 fc=9700000 chg=
06-09 15:51:42.295 347 347 I rockchip-vop2 fdd90000.vop: [drm:vop2_crtc_atomic_disable] Crtc atomic disable vp2
06-09 15:51:38.633 851 851 D DCT-C-0 : screen off
06-09 15:51:38.633 851 851 D DCT-C-0 : stopNetStatPoll
06-09 15:51:38.824 620 707 I PowerManagerService: Powering on display group fromAsleep (groupId=0, uid=1000, reason=WAKE_REASON_LID, details=android.policy:LID, mShutdownOrRebootingStarted=false)...
06-09 15:51:38.824 620 707 I PowerManagerService: Waking up from Asleep (uid=1000, reason=WAKE_REASON_LID, details=android.policy:LID)...
06-09 15:51:38.848 620 661 I DisplayPowerController[0]: Blocking screen on until initial contents have been drawn.
06-09 15:51:38.849 620 661 V DisplayPowerController[0]: Brightness [0.39763778] reason changing to: 'manual', previous reason: 'screen_off'.
06-09 15:51:38.853 620 640 I DisplayDeviceRepository: Display device changed state: "内置屏幕", ON
06-09 15:51:38.886 851 851 D RILJ : [0902]> SEND_DEVICE_STATE 2:false [PHONE0]
06-09 15:51:38.886 526 526 D RILC : sendDeviceState: calling screen state 1
06-09 15:51:38.886 526 526 D RILC : onRequest: SCREEN_STATE datalen=4 request_value:61
06-09 15:51:38.887 851 1064 D RILJ : [0902]< SEND_DEVICE_STATE [PHONE0]
06-09 15:51:38.888 851 851 D RILJ : [0903]> SET_UNSOLICITED_RESPONSE_FILTER 127 [PHONE0]
06-09 15:51:38.889 851 1064 D RILJ : [0903]< SET_UNSOLICITED_RESPONSE_FILTER error 6 [PHONE0]
06-09 15:51:38.889 851 1064 D RilRequest: [0903]< SET_UNSOLICITED_RESPONSE_FILTER error: com.android.internal.telephony.CommandException: REQUEST_NOT_SUPPORTED ret= result=null
06-09 15:51:38.889 851 851 E RILJ : setSignalStrengthReportingCriteria ignored on IRadio version less than 1.2 [PHONE0]
06-09 15:51:38.891 851 851 E RILJ : setSignalStrengthReportingCriteria ignored on IRadio version less than 1.2 [PHONE0]
06-09 15:51:38.891 851 851 E RILJ : setSignalStrengthReportingCriteria ignored on IRadio version less than 1.2 [PHONE0]
06-09 15:51:38.891 851 851 D NetworkTypeController: [0] LegacyState: process EVENT_PHYSICAL_CHANNEL_CONFIG_NOTIF_CHANGED
06-09 15:51:38.891 851 851 D NetworkTypeController: [0] Remove all timers
06-09 15:51:38.891 851 851 D NetworkTypeController: [0] DefaultState: process EVENT_PHYSICAL_CHANNEL_CONFIG_NOTIF_CHANGED
06-09 15:51:38.891 851 851 D NetworkTypeController: [0] mIsPhysicalChannelConfigOn changed to: true
06-09 15:51:42.576 1 1 W : debug.beidou_leavesuspend wakeup
06-09 15:51:42.618 444 444 I gsensor_mxc6655 5-0015: set sensor poll time to 200ms
06-09 15:51:42.619 444 444 I gsensor_mxc6655 5-0015: sensor on: starting poll sensor data 196ms
06-09 15:51:42.624 439 439 W healthd : battery l=47 v=7502 t=34.0 h=1 st=3 c=-512000 fc=9700000 chg=
06-09 15:51:42.646 347 347 I rockchip-vop2 fdd90000.vop: [drm:vop2_crtc_atomic_enable] Update mode to 1536x2048p55, type: 16(if:60) for vp2 dclk: 192000000
06-09 15:51:42.647 347 347 I rockchip-vop2 fdd90000.vop: [drm:vop2_crtc_atomic_enable] dclk_out2 div: 2 dclk_core2 div: 1
06-09 15:51:42.647 347 347 I rockchip-vop2 fdd90000.vop: [drm:vop2_crtc_atomic_enable] set dclk_vop2 to 96000000, get 96000000
06-09 15:51:42.650 444 444 I gsensor_mxc6655 5-0015: set sensor poll time to 66ms
06-09 15:51:38.928 620 661 I DisplayPowerController[0]: Unblocked screen on after 80 ms
06-09 15:51:38.930 851 851 D DCT-C-0 : screen on
06-09 15:51:38.930 851 851 D DCT-C-0 : stopNetStatPoll
06-09 15:51:43.151 347 347 I dw-mipi-dsi2 fde20000.dsi: [drm:dw_mipi_dsi2_encoder_enable] final DSI-Link bandwidth: 639999 x 8 Kbps
06-09 15:51:39.436 620 661 W PowerManagerService: Screen on took 613 ms
06-09 15:51:39.473 620 707 I PowerManagerService: Powering off display group due to lid_switch (groupId= 0, uid= 1000)...
06-09 15:51:39.476 620 707 I PowerManagerService: Going to sleep due to lid_switch (uid 1000)...
06-09 15:51:39.477 620 707 I PowerManagerService: Sleeping display group (groupId=0, uid=1000)...
06-09 15:51:39.477 620 707 I PowerManagerService: Sleeping (uid 1000)...
06-09 15:51:39.523 620 646 W ActivityManager: Process ProcessRecord{9476226 27692:com.android.webview:sandboxed_process0:org.chromium.content.app.SandboxedProcessService0:0/u0a47i5} failed to attach
06-09 15:51:39.524 620 646 I ActivityManager: Killing 27692:com.android.webview:sandboxed_process0:org.chromium.content.app.SandboxedProcessService0:0/u0a47i5 (adj -10000): start timeout
06-09 15:51:39.991 620 661 I DisplayPowerController[0]: Blocking screen off
06-09 15:51:39.991 620 661 I DisplayPowerController[0]: Unblocked screen off after 1 ms
06-09 15:51:43.222 1 1 W : debug.beidou_entersuspend $PMTK161,0*28\r\n
06-09 15:51:43.723 460 460 I gsensor_mxc6655 5-0015: set sensor poll time to 200ms
06-09 15:51:40.009 620 661 V DisplayPowerController[0]: Brightness [0.003937008] reason changing to: 'screen_off', previous reason: 'manual'.
06-09 15:51:40.011 620 640 I DisplayDeviceRepository: Display device changed state: "内置屏幕", OFF
06-09 15:51:40.019 851 851 D RILJ : [0904]> SEND_DEVICE_STATE 2:true [PHONE0]
06-09 15:51:40.020 526 526 D RILC : sendDeviceState: calling screen state 0
06-09 15:51:40.020 526 526 D RILC : onRequest: SCREEN_STATE datalen=4 request_value:61
06-09 15:51:40.020 851 1064 D RILJ : [0904]< SEND_DEVICE_STATE [PHONE0]
06-09 15:51:40.021 851 851 D RILJ : [0905]> SET_UNSOLICITED_RESPONSE_FILTER 32 [PHONE0]
06-09 15:51:40.022 851 1064 D RILJ : [0905]< SET_UNSOLICITED_RESPONSE_FILTER error 6 [PHONE0]
06-09 15:51:40.022 851 1064 D RilRequest: [0905]< SET_UNSOLICITED_RESPONSE_FILTER error: com.android.internal.telephony.CommandException: REQUEST_NOT_SUPPORTED ret= result=null
06-09 15:51:40.023 851 851 E RILJ : setSignalStrengthReportingCriteria ignored on IRadio version less than 1.2 [PHONE0]
06-09 15:51:40.023 851 851 E RILJ : setSignalStrengthReportingCriteria ignored on IRadio version less than 1.2 [PHONE0]
06-09 15:51:40.023 851 851 E RILJ : setSignalStrengthReportingCriteria ignored on IRadio version less than 1.2 [PHONE0]
06-09 15:51:40.023 851 851 D NetworkTypeController: [0] LegacyState: process EVENT_PHYSICAL_CHANNEL_CONFIG_NOTIF_CHANGED
06-09 15:51:40.024 851 851 D NetworkTypeController: [0] Remove all timers
06-09 15:51:40.024 851 851 D NetworkTypeController: [0] DefaultState: process EVENT_PHYSICAL_CHANNEL_CONFIG_NOTIF_CHANGED
06-09 15:51:40.024 851 851 D NetworkTypeController: [0] mIsPhysicalChannelConfigOn changed to: false
06-09 15:51:40.024 851 851 D NetworkTypeController: [0] Remove all timers
06-09 15:51:43.773 439 439 W healthd : battery l=47 v=7502 t=34.0 h=1 st=3 c=-512000 fc=9700000 chg=
06-09 15:51:40.086 526 549 D RILU : find_pci_device is 0
06-09 15:51:40.087 526 549 D RILC : PCI can't find at device
06-09 15:51:40.089 526 549 D RILC : USB can't find at device
06-09 15:51:44.022 347 347 I rockchip-vop2 fdd90000.vop: [drm:vop2_crtc_atomic_disable] Crtc atomic disable vp2
06-09 15:51:40.320 620 707 I PowerManagerService: Powering on display group fromAsleep (groupId=0, uid=1000, reason=WAKE_REASON_LID, details=android.policy:LID, mShutdownOrRebootingStarted=false)...
06-09 15:51:40.320 620 707 I PowerManagerService: Waking up from Asleep (uid=1000, reason=WAKE_REASON_LID, details=android.policy:LID)...
06-09 15:51:40.327 620 661 I DisplayPowerController[0]: Blocking screen on until initial contents have been drawn.
06-09 15:51:40.329 620 661 V DisplayPowerController[0]: Brightness [0.39763778] reason changing to: 'manual', previous reason: 'screen_off'.
06-09 15:51:40.345 620 640 I DisplayDeviceRepository: Display device changed state: "内置屏幕", ON
06-09 15:51:40.356 851 851 D RILJ : [0906]> SEND_DEVICE_STATE 2:false [PHONE0]
06-09 15:51:40.357 526 526 D RILC : sendDeviceState: calling screen state 1
06-09 15:51:40.357 526 526 D RILC : onRequest: SCREEN_STATE datalen=4 request_value:61
06-09 15:51:40.357 851 1064 D RILJ : [0906]< SEND_DEVICE_STATE [PHONE0]
06-09 15:51:40.357 851 851 D RILJ : [0907]> SET_UNSOLICITED_RESPONSE_FILTER 127 [PHONE0]
06-09 15:51:40.358 851 1064 D RILJ : [0907]< SET_UNSOLICITED_RESPONSE_FILTER error 6 [PHONE0]
06-09 15:51:40.358 851 1064 D RilRequest: [0907]< SET_UNSOLICITED_RESPONSE_FILTER error: com.android.internal.telephony.CommandException: REQUEST_NOT_SUPPORTED ret= result=null
06-09 15:51:40.359 851 851 E RILJ : setSignalStrengthReportingCriteria ignored on IRadio version less than 1.2 [PHONE0]
06-09 15:51:40.359 851 851 E RILJ : setSignalStrengthReportingCriteria ignored on IRadio version less than 1.2 [PHONE0]
06-09 15:51:40.360 851 851 E RILJ : setSignalStrengthReportingCriteria ignored on IRadio version less than 1.2 [PHONE0]
06-09 15:51:40.360 851 851 D NetworkTypeController: [0] LegacyState: process EVENT_PHYSICAL_CHANNEL_CONFIG_NOTIF_CHANGED
06-09 15:51:40.360 851 851 D NetworkTypeController: [0] Remove all timers
06-09 15:51:40.360 851 851 D NetworkTypeController: [0] DefaultState: process EVENT_PHYSICAL_CHANNEL_CONFIG_NOTIF_CHANGED
06-09 15:51:40.360 851 851 D NetworkTypeController: [0] mIsPhysicalChannelConfigOn changed to: true
06-09 15:51:40.372 851 851 D DCT-C-0 : screen off
06-09 15:51:40.372 851 851 D DCT-C-0 : stopNetStatPoll
06-09 15:51:44.061 1 1 W : debug.beidou_leavesuspend wakeup
06-09 15:51:44.123 439 439 W healthd : battery l=47 v=7502 t=34.0 h=1 st=3 c=-512000 fc=9700000 chg=
06-09 15:51:44.125 460 460 I gsensor_mxc6655 5-0015: set sensor poll time to 200ms
06-09 15:51:44.126 460 460 I gsensor_mxc6655 5-0015: sensor on: starting poll sensor data 196ms
06-09 15:51:44.127 460 460 I gsensor_mxc6655 5-0015: set sensor poll time to 66ms
06-09 15:51:40.405 620 661 I DisplayPowerController[0]: Unblocked screen on after 78 ms
06-09 15:51:44.141 347 347 I rockchip-vop2 fdd90000.vop: [drm:vop2_crtc_atomic_enable] Update mode to 1536x2048p55, type: 16(if:60) for vp2 dclk: 192000000
06-09 15:51:44.142 347 347 I rockchip-vop2 fdd90000.vop: [drm:vop2_crtc_atomic_enable] dclk_out2 div: 2 dclk_core2 div: 1
06-09 15:51:44.142 347 347 I rockchip-vop2 fdd90000.vop: [drm:vop2_crtc_atomic_enable] set dclk_vop2 to 96000000, get 96000000
06-09 15:51:40.426 851 851 D DCT-C-0 : screen on
06-09 15:51:40.426 851 851 D DCT-C-0 : stopNetStatPoll
06-09 15:51:44.648 347 347 I dw-mipi-dsi2 fde20000.dsi: [drm:dw_mipi_dsi2_encoder_enable] final DSI-Link bandwidth: 639999 x 8 Kbps
06-09 15:51:40.931 620 661 W PowerManagerService: Screen on took 612 ms
06-09 15:51:41.511 620 707 I PowerManagerService: Powering off display group due to lid_switch (groupId= 0, uid= 1000)...
06-09 15:51:45.239 1 1 I init : processing action (debug.beidou_entersuspend=*) from (/system/etc/init/hw/init.rc:1286)
06-09 15:51:41.514 620 707 I PowerManagerService: Going to sleep due to lid_switch (uid 1000)...
06-09 15:51:41.516 620 707 I PowerManagerService: Sleeping display group (groupId=0, uid=1000)...
06-09 15:51:41.516 620 707 I PowerManagerService: Sleeping (uid 1000)...
06-09 15:51:45.253 1 1 W : debug.beidou_entersuspend $PMTK161,0*28\r\n
06-09 15:51:45.254 1 1 I init : starting service 'gps_suspend'...
06-09 15:51:45.302 1 1 I init : Service 'gps_suspend' (pid 27890) exited with status 0 oneshot service took 0.038000 seconds in background
06-09 15:51:45.302 1 1 I init : Sending signal 9 to service 'gps_suspend' (pid 27890) process group...
06-09 15:51:45.303 1 1 I libprocessgroup: Successfully killed process cgroup uid 0 pid 27890 in 0ms
06-09 15:51:42.013 620 661 I DisplayPowerController[0]: Blocking screen off
06-09 15:51:42.013 620 661 I DisplayPowerController[0]: Unblocked screen off after 0 ms
06-09 15:51:45.740 460 460 I gsensor_mxc6655 5-0015: set sensor poll time to 200ms
06-09 15:51:42.021 620 661 V DisplayPowerController[0]: Brightness [0.003937008] reason changing to: 'screen_off', previous reason: 'manual'.
06-09 15:51:42.024 620 640 I DisplayDeviceRepository: Display device changed state: "内置屏幕", OFF
06-09 15:51:42.034 851 851 D RILJ : [0908]> SEND_DEVICE_STATE 2:true [PHONE0]
06-09 15:51:42.034 526 526 D RILC : sendDeviceState: calling screen state 0
06-09 15:51:42.034 526 526 D RILC : onRequest: SCREEN_STATE datalen=4 request_value:61
06-09 15:51:42.035 851 1064 D RILJ : [0908]< SEND_DEVICE_STATE [PHONE0]
06-09 15:51:42.035 851 851 D RILJ : [0909]> SET_UNSOLICITED_RESPONSE_FILTER 32 [PHONE0]
06-09 15:51:42.036 851 1064 D RILJ : [0909]< SET_UNSOLICITED_RESPONSE_FILTER error 6 [PHONE0]
06-09 15:51:42.036 851 851 E RILJ : setSignalStrengthReportingCriteria ignored on IRadio version less than 1.2 [PHONE0]
06-09 15:51:42.036 851 851 E RILJ : setSignalStrengthReportingCriteria ignored on IRadio version less than 1.2 [PHONE0]
06-09 15:51:42.037 851 851 E RILJ : setSignalStrengthReportingCriteria ignored on IRadio version less than 1.2 [PHONE0]
06-09 15:51:42.037 851 1064 D RilRequest: [0909]< SET_UNSOLICITED_RESPONSE_FILTER error: com.android.internal.telephony.CommandException: REQUEST_NOT_SUPPORTED ret= result=null
06-09 15:51:42.037 851 851 D NetworkTypeController: [0] LegacyState: process EVENT_PHYSICAL_CHANNEL_CONFIG_NOTIF_CHANGED
06-09 15:51:42.037 851 851 D NetworkTypeController: [0] Remove all timers
06-09 15:51:42.037 851 851 D NetworkTypeController: [0] DefaultState: process EVENT_PHYSICAL_CHANNEL_CONFIG_NOTIF_CHANGED
06-09 15:51:42.037 851 851 D NetworkTypeController: [0] mIsPhysicalChannelConfigOn changed to: false
06-09 15:51:42.037 851 851 D NetworkTypeController: [0] Remove all timers
06-09 15:51:45.770 439 439 W healthd : battery l=47 v=7528 t=33.5 h=1 st=3 c=-512000 fc=9700000 chg=
06-09 15:51:42.049 777 5993 D PowerUI : maybeShowBatteryWarning...1
06-09 15:51:42.052 777 5993 D PowerUI : maybeShowBatteryWarning...end
06-09 15:51:46.045 347 347 I rockchip-vop2 fdd90000.vop: [drm:vop2_crtc_atomic_disable] Crtc atomic disable vp2
06-09 15:51:42.363 851 851 D DCT-C-0 : screen off
06-09 15:51:42.363 851 851 D DCT-C-0 : stopNetStatPoll
06-09 15:51:43.090 526 549 D RILU : find_pci_device is 0
06-09 15:51:43.090 526 549 D RILC : PCI can't find at device
06-09 15:51:43.093 526 549 D RILC : USB can't find at device
06-09 15:51:43.928 620 620 W WindowManager: removeWindowToken: Attempted to remove non-existing token: android.os.Binder@e0fb211
06-09 15:51:46.094 526 549 D RILU : find_pci_device is 0
06-09 15:51:46.094 526 549 D RILC : PCI can't find at device
06-09 15:51:46.097 526 549 D RILC : USB can't find at device
06-09 15:51:46.737 620 707 I PowerManagerService: Powering on display group fromAsleep (groupId=0, uid=1000, reason=WAKE_REASON_LID, details=android.policy:LID, mShutdownOrRebootingStarted=false)...
06-09 15:51:46.738 620 707 I PowerManagerService: Waking up from Asleep (uid=1000, reason=WAKE_REASON_LID, details=android.policy:LID)...
06-09 15:51:46.742 620 661 I DisplayPowerController[0]: Blocking screen on until initial contents have been drawn.
06-09 15:51:46.743 620 661 V DisplayPowerController[0]: Brightness [0.39763778] reason changing to: 'manual', previous reason: 'screen_off'.
06-09 15:51:50.471 1 1 I init : processing action (debug.beidou_leavesuspend=*) from (/system/etc/init/hw/init.rc:1293)
06-09 15:51:46.755 620 640 I DisplayDeviceRepository: Display device changed state: "内置屏幕", ON
06-09 15:51:50.476 1 1 W : debug.beidou_leavesuspend wakeup
06-09 15:51:50.491 444 444 I gsensor_mxc6655 5-0015: set sensor poll time to 200ms
06-09 15:51:46.767 851 851 D RILJ : [0910]> SEND_DEVICE_STATE 2:false [PHONE0]
06-09 15:51:46.767 526 526 D RILC : sendDeviceState: calling screen state 1
06-09 15:51:46.767 526 526 D RILC : onRequest: SCREEN_STATE datalen=4 request_value:61
06-09 15:51:50.493 444 444 I gsensor_mxc6655 5-0015: sensor on: starting poll sensor data 196ms
06-09 15:51:46.767 851 1064 D RILJ : [0910]< SEND_DEVICE_STATE [PHONE0]
06-09 15:51:46.768 851 851 D RILJ : [0911]> SET_UNSOLICITED_RESPONSE_FILTER 127 [PHONE0]
06-09 15:51:46.768 851 1064 D RILJ : [0911]< SET_UNSOLICITED_RESPONSE_FILTER error 6 [PHONE0]
06-09 15:51:46.769 851 1064 D RilRequest: [0911]< SET_UNSOLICITED_RESPONSE_FILTER error: com.android.internal.telephony.CommandException: REQUEST_NOT_SUPPORTED ret= result=null
06-09 15:51:46.770 851 851 E RILJ : setSignalStrengthReportingCriteria ignored on IRadio version less than 1.2 [PHONE0]
06-09 15:51:46.770 851 851 E RILJ : setSignalStrengthReportingCriteria ignored on IRadio version less than 1.2 [PHONE0]
06-09 15:51:46.770 851 851 E RILJ : setSignalStrengthReportingCriteria ignored on IRadio version less than 1.2 [PHONE0]
06-09 15:51:46.770 851 851 D NetworkTypeController: [0] LegacyState: process EVENT_PHYSICAL_CHANNEL_CONFIG_NOTIF_CHANGED
06-09 15:51:46.770 851 851 D NetworkTypeController: [0] Remove all timers
06-09 15:51:46.770 851 851 D NetworkTypeController: [0] DefaultState: process EVENT_PHYSICAL_CHANNEL_CONFIG_NOTIF_CHANGED
06-09 15:51:46.770 851 851 D NetworkTypeController: [0] mIsPhysicalChannelConfigOn changed to: true
06-09 15:51:50.520 439 439 W healthd : battery l=47 v=7578 t=33.5 h=1 st=3 c=-256000 fc=9700000 chg=
06-09 15:51:46.819 851 851 D DCT-C-0 : screen on
06-09 15:51:46.819 851 851 D DCT-C-0 : stopNetStatPoll
06-09 15:51:50.550 347 347 I rockchip-vop2 fdd90000.vop: [drm:vop2_crtc_atomic_enable] Update mode to 1536x2048p55, type: 16(if:60) for vp2 dclk: 192000000
06-09 15:51:50.551 347 347 I rockchip-vop2 fdd90000.vop: [drm:vop2_crtc_atomic_enable] dclk_out2 div: 2 dclk_core2 div: 1
06-09 15:51:50.551 347 347 I rockchip-vop2 fdd90000.vop: [drm:vop2_crtc_atomic_enable] set dclk_vop2 to 96000000, get 96000000
06-09 15:51:46.825 777 9158 D PowerUI : maybeShowBatteryWarning...1
06-09 15:51:46.830 777 9158 D PowerUI : maybeShowBatteryWarning...end
06-09 15:51:50.558 444 444 I gsensor_mxc6655 5-0015: set sensor poll time to 66ms
06-09 15:51:46.836 620 661 I DisplayPowerController[0]: Unblocked screen on after 95 ms
06-09 15:51:51.058 347 347 I dw-mipi-dsi2 fde20000.dsi: [drm:dw_mipi_dsi2_encoder_enable] final DSI-Link bandwidth: 639999 x 8 Kbps
06-09 15:51:47.340 620 661 W PowerManagerService: Screen on took 602 ms
06-09 15:51:49.097 526 549 D RILU : find_pci_device is 0
06-09 15:51:49.098 526 549 D RILC : PCI can't find at device
06-09 15:51:49.098 526 549 D RILC : USB can't find at device
06-09 15:51:49.498 620 1006 D LockSettingsService: spBasedDoVerifyCredential: user=0 hasEnrolledBiometrics=true
06-09 15:51:49.661 620 714 D BiometricDeferredQueue: Fingerprint addPendingLockoutResetForUser: 0
06-09 15:51:49.745 620 1006 I LockSettingsService: Unlocking user 0 with secret only, length 32
06-09 15:51:49.745 620 1006 D LockSettingsService: unlockUser finished
06-09 15:51:49.745 620 1006 W ActivityManager: UserLifecycleEvent 5 received without an active userJourneySession.
06-09 15:51:49.745 620 1006 D LockSettingsService: unlockUser finished
06-09 15:51:49.745 620 1006 I LockSettingsService: Corp-owned device can have escrow token
06-09 15:51:49.745 620 714 D BiometricDeferredQueue: Processing pending resetLockout for fingerprint
06-09 15:51:49.746 620 620 D BiometricScheduler/Fingerprint21: [Added] {[574] com.android.server.biometrics.sensors.fingerprint.hidl.FingerprintResetLockoutClient, proto=12, owner=android, cookie=0, requestId=-1, userId=0}, new queue size: 1
06-09 15:51:49.746 620 620 V BiometricScheduler/Fingerprint21: Not idle, current operation: {[573] com.android.server.biometrics.sensors.fingerprint.hidl.FingerprintAuthenticationClient, proto=3, owner=com.android.systemui, cookie=0, requestId=256, userId=0}, State: 2
06-09 15:51:49.805 777 777 D FingerprintManager: Cancel fingerprint authentication requested for: 256
06-09 15:51:49.805 620 1006 D Fingerprint21: cancelAuthentication, sensorId: 0
06-09 15:51:49.806 620 620 D BiometricScheduler/Fingerprint21: cancelAuthenticationOrDetection, requestId: 256
06-09 15:51:49.806 620 620 D BiometricScheduler/Fingerprint21: Cancelling auth/detect op: {[573] com.android.server.biometrics.sensors.fingerprint.hidl.FingerprintAuthenticationClient, proto=3, owner=com.android.systemui, cookie=0, requestId=256, userId=0}, State: 2
06-09 15:51:49.806 620 620 D BiometricSchedulerOperation: [Cancelling] Current client: {[573] com.android.server.biometrics.sensors.fingerprint.hidl.FingerprintAuthenticationClient, proto=3, owner=com.android.systemui, cookie=0, requestId=256, userId=0}
06-09 15:51:49.807 620 950 D ActivityTaskManager: Top Process State changed to PROCESS_STATE_TOP
06-09 15:51:49.849 620 620 D Fingerprint21: handleError, client: FingerprintAuthenticationClient, error: 5, vendorCode: 0
06-09 15:51:49.849 620 620 D Biometrics/AcquisitionClient: onErrorInternal code: 5, finish: true
06-09 15:51:49.849 620 620 V Biometrics/LoggableMonitor: Error latency: -1
06-09 15:51:49.849 620 620 W Biometrics/LoggableMonitor: found a negative latency : -1
06-09 15:51:49.850 620 620 D FingerprintService: Client finished, fps state updated to 0, client {[573] com.android.server.biometrics.sensors.fingerprint.hidl.FingerprintAuthenticationClient, proto=3, owner=com.android.systemui, cookie=0, requestId=256, userId=0}
06-09 15:51:49.850 620 620 D BiometricSchedulerOperation: [Finished / destroy]: {[573] com.android.server.biometrics.sensors.fingerprint.hidl.FingerprintAuthenticationClient, proto=3, owner=com.android.systemui, cookie=0, requestId=256, userId=0}
06-09 15:51:49.850 620 620 D BiometricCoexCoordinator: shouldUsuallyVibrate: false, hapticSuppressedByCoex: false
06-09 15:51:49.850 620 620 D BiometricScheduler/Fingerprint21: [Finishing] {[573] com.android.server.biometrics.sensors.fingerprint.hidl.FingerprintAuthenticationClient, proto=3, owner=com.android.systemui, cookie=0, requestId=256, userId=0}, success: false
06-09 15:51:49.850 620 620 D BiometricCoexCoordinator: removeAuthenticationClient(OtherFp), client: {[573] com.android.server.biometrics.sensors.fingerprint.hidl.FingerprintAuthenticationClient, proto=3, owner=com.android.systemui, cookie=0, requestId=256, userId=0}
06-09 15:51:49.850 620 620 D GestureAvailabilityTracker: Notifying gesture availability, active=true
06-09 15:51:49.850 620 620 D BiometricScheduler/Fingerprint21: [Polled] {[574] com.android.server.biometrics.sensors.fingerprint.hidl.FingerprintResetLockoutClient, proto=12, owner=android, cookie=0, requestId=-1, userId=0}, State: 0
06-09 15:51:49.850 620 620 D BiometricScheduler/Fingerprint21: [Started] {[574] com.android.server.biometrics.sensors.fingerprint.hidl.FingerprintResetLockoutClient, proto=12, owner=android, cookie=0, requestId=-1, userId=0}
06-09 15:51:49.851 620 620 D BiometricSchedulerOperation: [Finished / destroy]: {[574] com.android.server.biometrics.sensors.fingerprint.hidl.FingerprintResetLockoutClient, proto=12, owner=android, cookie=0, requestId=-1, userId=0}
06-09 15:51:49.851 620 620 V BiometricSchedulerOperation: started: {[574] com.android.server.biometrics.sensors.fingerprint.hidl.FingerprintResetLockoutClient, proto=12, owner=android, cookie=0, requestId=-1, userId=0}, State: 5
06-09 15:51:49.851 620 620 D BiometricScheduler/Fingerprint21: [Finishing] {[574] com.android.server.biometrics.sensors.fingerprint.hidl.FingerprintResetLockoutClient, proto=12, owner=android, cookie=0, requestId=-1, userId=0}, success: true
06-09 15:51:49.851 620 620 D BiometricScheduler/Fingerprint21: No operations, returning to idle
06-09 15:51:50.394 620 620 D BiometricService: Sensor ID(0), oemStrength: 255, updatedStrength: 255, modality 2, state: 0, cookie: 0, props: ID: 0, Strength: 1, Type: 1, sensorId 0, hasEnrollments: true cannot participate in Keystore operations
06-09 15:51:50.402 620 646 W BroadcastQueue: Background execution not allowed: receiving Intent { act=android.intent.action.USER_PRESENT flg=0x24200010 } to com.eben.wpsoffice/cn.wps.moffice.service.receivers.MonitorServiceReceiver
06-09 15:51:50.402 620 646 W BroadcastQueue: Background execution not allowed: receiving Intent { act=android.intent.action.USER_PRESENT flg=0x24200010 } to com.eben.wpsoffice/com.igexin.sdk.PushReceiver
06-09 15:51:50.402 620 646 W BroadcastQueue: Background execution not allowed: receiving Intent { act=android.intent.action.USER_PRESENT flg=0x24200010 } to com.eben.wpsoffice/io.rong.push.rongpush.PushReceiver
06-09 15:51:54.129 18417 18417 W : abc audioDBG [es8323_mute] start mute:0
06-09 15:51:54.139 18417 18417 I [Awinic] [3-0058]aw_acf_get_prof_desc_form_name: get prof desc down
06-09 15:51:54.154 18417 18417 I [Awinic] [3-005b]aw_acf_get_prof_desc_form_name: get prof desc down
06-09 15:51:55.498 544 544 W : abc audioDBG [es8323_mute] start mute:1
06-09 15:51:55.498 544 544 I [Awinic] [3-0058]aw_acf_get_prof_desc_form_name: get prof desc down
06-09 15:51:55.499 544 544 I [Awinic] [3-005b]aw_acf_get_prof_desc_form_name: get prof desc down
06-09 15:51:52.099 526 549 D RILU : find_pci_device is 0
06-09 15:51:52.099 526 549 D RILC : PCI can't find at device
06-09 15:51:52.103 526 549 D RILC : USB can't find at device
06-09 15:51:55.103 526 549 D RILU : find_pci_device is 0
06-09 15:51:55.104 526 549 D RILC : PCI can't find at device
06-09 15:51:55.107 526 549 D RILC : USB can't find at device
06-09 15:51:58.107 526 549 D RILU : find_pci_device is 0
06-09 15:51:58.107 526 549 D RILC : PCI can't find at device
06-09 15:51:58.110 526 549 D RILC : USB can't find at device
06-09 15:52:00.446 620 15143 I ActivityTaskManager: START u0 {act=android.intent.action.MAIN cat=[android.intent.category.LAUNCHER] flg=0x10200000 cmp=com.android.music/.MusicBrowserActivity bnds=[768,1167][1004,1488]} from uid 10078
06-09 15:52:00.453 620 15143 W ActivityTaskManager: Can't find TaskDisplayArea to determine support for multi window. Task id=240 attached=false
06-09 15:52:00.480 620 15143 V SplashScreenExceptionList: SplashScreen checking exception for package com.android.music (target sdk:30) -> false
06-09 15:52:00.500 620 647 I ActivityManager: Start proc 28152:com.android.music/u0a63 for pre-top-activity {com.android.music/com.android.music.MusicBrowserActivity}
06-09 15:52:00.534 620 15143 I ActivityTaskManager: START u0 {act=android.intent.action.PICK dat= typ=vnd.android.cursor.dir/album flg=0x4000000 cmp=com.android.music/.AlbumBrowserActivity (has extras)} from uid 10063
06-09 15:52:00.541 620 950 W ActivityTaskManager: Tried to set launchTime (0) < mLastActivityLaunchTime (4393356)
06-09 15:52:00.596 620 639 I DropBoxManagerService: add tag=system_app_strictmode isTagEnabled=true flags=0x2
06-09 15:52:01.121 526 549 D RILU : find_pci_device is 0
06-09 15:52:01.121 526 549 D RILC : PCI can't find at device
06-09 15:52:01.125 526 549 D RILC : USB can't find at device
06-09 15:52:03.105 620 638 D AutofillManagerService: onBackKeyPressed()
06-09 15:52:03.579 620 641 W ActivityTaskManager: Can't find TaskDisplayArea to determine support for multi window. Task id=240 attached=false
06-09 15:52:03.579 620 641 W ActivityTaskManager: Can't find TaskDisplayArea to determine support for multi window. Task id=240 attached=false
06-09 15:52:03.592 620 639 I DropBoxManagerService: add tag=system_server_strictmode isTagEnabled=true flags=0x2
06-09 15:52:03.610 620 647 I ActivityManager: Start proc 28217:com.android.musicfx/u0a23 for broadcast {com.android.musicfx/com.android.musicfx.ControlPanelReceiver}
06-09 15:52:04.125 526 549 D RILU : find_pci_device is 0
06-09 15:52:04.125 526 549 D RILC : PCI can't find at device
06-09 15:52:04.126 526 549 D RILC : USB can't find at device
06-09 15:52:04.347 620 27111 I ActivityTaskManager: START u0 {act=android.intent.action.MAIN cat=[android.intent.category.LAUNCHER] flg=0x10200000 cmp=com.android.music/.MusicBrowserActivity bnds=[768,1167][1004,1488]} from uid 10078
06-09 15:52:04.349 620 27111 W ActivityTaskManager: Can't find TaskDisplayArea to determine support for multi window. Task id=241 attached=false
06-09 15:52:04.354 620 27111 V SplashScreenExceptionList: SplashScreen checking exception for package com.android.music (target sdk:30) -> false
06-09 15:52:04.365 620 27111 W ActivityTaskManager: Tried to set launchTime (0) < mLastActivityLaunchTime (4393384)
06-09 15:52:04.381 620 27111 I ActivityTaskManager: START u0 {act=android.intent.action.PICK dat= typ=vnd.android.cursor.dir/album flg=0x4000000 cmp=com.android.music/.AlbumBrowserActivity (has extras)} from uid 10063
06-09 15:52:04.390 620 15143 W ActivityTaskManager: Tried to set launchTime (0) < mLastActivityLaunchTime (4397209)
06-09 15:52:05.526 620 1328 E TaskPersister: File error accessing recents directory (directory doesn't exist?).
06-09 15:52:05.751 620 638 D AutofillManagerService: onBackKeyPressed()
06-09 15:52:06.209 620 641 W ActivityTaskManager: Can't find TaskDisplayArea to determine support for multi window. Task id=241 attached=false
06-09 15:52:06.209 620 641 W ActivityTaskManager: Can't find TaskDisplayArea to determine support for multi window. Task id=241 attached=false
06-09 15:52:06.682 620 707 I PowerManagerService: Powering off display group due to lid_switch (groupId= 0, uid= 1000)...
06-09 15:52:10.411 1 1 I init : processing action (debug.beidou_entersuspend=*) from (/system/etc/init/hw/init.rc:1286)
06-09 15:52:10.414 1 1 W : debug.beidou_entersuspend $PMTK161,0*28\r\n
06-09 15:52:10.420 1 1 I init : starting service 'gps_suspend'...
06-09 15:52:06.686 620 707 I PowerManagerService: Going to sleep due to lid_switch (uid 1000)...
06-09 15:52:06.688 620 707 I PowerManagerService: Sleeping display group (groupId=0, uid=1000)...
06-09 15:52:06.689 620 707 I PowerManagerService: Sleeping (uid 1000)...
06-09 15:52:06.705 620 1006 D BiometricUtils: isEncrypted: false isLockdown: false
06-09 15:52:06.707 620 620 D BiometricScheduler/Fingerprint21: [Added] {[575] com.android.server.biometrics.sensors.fingerprint.hidl.FingerprintUpdateActiveUserClient, proto=1, owner=android, cookie=0, requestId=-1, userId=0}, new queue size: 1
06-09 15:52:06.707 620 620 D BiometricScheduler/Fingerprint21: [Polled] {[575] com.android.server.biometrics.sensors.fingerprint.hidl.FingerprintUpdateActiveUserClient, proto=1, owner=android, cookie=0, requestId=-1, userId=0}, State: 0
06-09 15:52:06.707 620 620 D BiometricScheduler/Fingerprint21: [Started] {[575] com.android.server.biometrics.sensors.fingerprint.hidl.FingerprintUpdateActiveUserClient, proto=1, owner=android, cookie=0, requestId=-1, userId=0}
06-09 15:52:06.708 620 620 D FingerprintUpdateActiveUserClient: Already user: com.android.server.biometrics.sensors.fingerprint.hidl.Fingerprint21$$ExternalSyntheticLambda17@b8ba955, returning
06-09 15:52:06.708 620 620 D BiometricSchedulerOperation: [Finished / destroy]: {[575] com.android.server.biometrics.sensors.fingerprint.hidl.FingerprintUpdateActiveUserClient, proto=1, owner=android, cookie=0, requestId=-1, userId=0}
06-09 15:52:06.708 620 620 V BiometricSchedulerOperation: started: {[575] com.android.server.biometrics.sensors.fingerprint.hidl.FingerprintUpdateActiveUserClient, proto=1, owner=android, cookie=0, requestId=-1, userId=0}, State: 5
06-09 15:52:06.710 620 620 D BiometricScheduler/Fingerprint21: [Added] {[576] com.android.server.biometrics.sensors.fingerprint.hidl.FingerprintAuthenticationClient, proto=3, owner=com.android.systemui, cookie=0, requestId=257, userId=0}, new queue size: 1
06-09 15:52:06.710 620 620 V BiometricScheduler/Fingerprint21: Not idle, current operation: {[575] com.android.server.biometrics.sensors.fingerprint.hidl.FingerprintUpdateActiveUserClient, proto=1, owner=android, cookie=0, requestId=-1, userId=0}, State: 5
06-09 15:52:06.710 620 620 D BiometricScheduler/Fingerprint21: [Finishing] {[575] com.android.server.biometrics.sensors.fingerprint.hidl.FingerprintUpdateActiveUserClient, proto=1, owner=android, cookie=0, requestId=-1, userId=0}, success: true
06-09 15:52:06.710 620 620 D BiometricScheduler/Fingerprint21: [Polled] {[576] com.android.server.biometrics.sensors.fingerprint.hidl.FingerprintAuthenticationClient, proto=3, owner=com.android.systemui, cookie=0, requestId=257, userId=0}, State: 0
06-09 15:52:06.710 620 620 D GestureAvailabilityTracker: Notifying gesture availability, active=false
06-09 15:52:06.710 620 620 D BiometricScheduler/Fingerprint21: [Started] {[576] com.android.server.biometrics.sensors.fingerprint.hidl.FingerprintAuthenticationClient, proto=3, owner=com.android.systemui, cookie=0, requestId=257, userId=0}
06-09 15:52:06.710 620 620 D BiometricCoexCoordinator: addAuthenticationClient(OtherFp), client: {[576] com.android.server.biometrics.sensors.fingerprint.hidl.FingerprintAuthenticationClient, proto=3, owner=com.android.systemui, cookie=0, requestId=257, userId=0}
06-09 15:52:06.710 620 620 D FingerprintService: Fps state updated from 0 to 2, client {[576] com.android.server.biometrics.sensors.fingerprint.hidl.FingerprintAuthenticationClient, proto=3, owner=com.android.systemui, cookie=0, requestId=257, userId=0}
