06-09 15:43:22.256 427 427 I [Awinic] [3-0058]aw_acf_get_prof_desc_form_name: get prof desc down
06-09 15:43:22.256 427 427 I [Awinic] [3-005b]aw_acf_get_prof_desc_form_name: get prof desc down
06-09 15:43:22.469 1 1 I init : processing action (debug.beidou_entersuspend=*) from (/system/etc/init/hw/init.rc:1286)
06-09 15:43:22.470 1 1 W : debug.beidou_entersuspend $PMTK161,0*28\r\n
06-09 15:43:22.471 1 1 I init : starting service 'gps_suspend'...
06-09 15:43:22.483 1 1 I init : Service 'gps_suspend' (pid 21406) exited with status 0 oneshot service took 0.009000 seconds in background
06-09 15:43:22.508 18417 18417 W : abc audioDBG [es8323_mute] start mute:0
06-09 15:43:22.518 18417 18417 I [Awinic] [3-0058]aw_acf_get_prof_desc_form_name: get prof desc down
06-09 15:43:22.533 18417 18417 I [Awinic] [3-005b]aw_acf_get_prof_desc_form_name: get prof desc down
06-09 15:43:22.954 460 460 I gsensor_mxc6655 5-0015: set sensor poll time to 200ms
06-09 15:43:19.255 851 851 D RILJ : [0861]> SEND_DEVICE_STATE 2:true [PHONE0]
06-09 15:43:19.255 526 526 D RILC : sendDeviceState: calling screen state 0
06-09 15:43:19.255 526 526 D RILC : onRequest: SCREEN_STATE datalen=4 request_value:61
06-09 15:43:19.255 851 1064 D RILJ : [0861]< SEND_DEVICE_STATE [PHONE0]
06-09 15:43:19.256 851 851 D RILJ : [0862]> SET_UNSOLICITED_RESPONSE_FILTER 32 [PHONE0]
06-09 15:43:19.256 851 1064 D RILJ : [0862]< SET_UNSOLICITED_RESPONSE_FILTER error 6 [PHONE0]
06-09 15:43:19.256 851 1064 D RilRequest: [0862]< SET_UNSOLICITED_RESPONSE_FILTER error: com.android.internal.telephony.CommandException: REQUEST_NOT_SUPPORTED ret= result=null
06-09 15:43:19.256 851 851 E RILJ : setSignalStrengthReportingCriteria ignored on IRadio version less than 1.2 [PHONE0]
06-09 15:43:19.256 851 851 E RILJ : setSignalStrengthReportingCriteria ignored on IRadio version less than 1.2 [PHONE0]
06-09 15:43:19.256 851 851 E RILJ : setSignalStrengthReportingCriteria ignored on IRadio version less than 1.2 [PHONE0]
06-09 15:43:19.256 851 851 D NetworkTypeController: [0] LegacyState: process EVENT_PHYSICAL_CHANNEL_CONFIG_NOTIF_CHANGED
06-09 15:43:19.256 851 851 D NetworkTypeController: [0] Remove all timers
06-09 15:43:19.256 851 851 D NetworkTypeController: [0] DefaultState: process EVENT_PHYSICAL_CHANNEL_CONFIG_NOTIF_CHANGED
06-09 15:43:19.256 851 851 D NetworkTypeController: [0] mIsPhysicalChannelConfigOn changed to: false
06-09 15:43:19.256 851 851 D NetworkTypeController: [0] Remove all timers
06-09 15:43:22.990 439 439 W healthd : battery l=49 v=7556 t=33.5 h=1 st=3 c=-512000 fc=9700000 chg=
06-09 15:43:23.302 347 347 I rockchip-vop2 fdd90000.vop: [drm:vop2_crtc_atomic_disable] Crtc atomic disable vp2
06-09 15:43:23.310 347 347 E rockchip-vop2 fdd90000.vop: [drm:vop2_crtc_atomic_disable] *ERROR* unexpected power on pd7
06-09 15:43:19.662 851 851 D DCT-C-0 : screen off
06-09 15:43:19.662 851 851 D DCT-C-0 : stopNetStatPoll
06-09 15:43:23.605 1 1 I init : processing action (debug.beidou_leavesuspend=*) from (/system/etc/init/hw/init.rc:1293)
06-09 15:43:19.895 851 851 D RILJ : [0863]> SEND_DEVICE_STATE 2:false [PHONE0]
06-09 15:43:19.896 526 526 D RILC : sendDeviceState: calling screen state 1
06-09 15:43:19.896 526 526 D RILC : onRequest: SCREEN_STATE datalen=4 request_value:61
06-09 15:43:19.896 851 851 D RILJ : [0864]> SET_UNSOLICITED_RESPONSE_FILTER 127 [PHONE0]
06-09 15:43:19.896 851 1064 D RILJ : [0863]< SEND_DEVICE_STATE [PHONE0]
06-09 15:43:19.896 851 1064 D RILJ : [0864]< SET_UNSOLICITED_RESPONSE_FILTER error 6 [PHONE0]
06-09 15:43:23.607 1 1 W : debug.beidou_leavesuspend wakeup
06-09 15:43:23.621 460 460 I gsensor_mxc6655 5-0015: set sensor poll time to 200ms
06-09 15:43:19.896 851 1064 D RilRequest: [0864]< SET_UNSOLICITED_RESPONSE_FILTER error: com.android.internal.telephony.CommandException: REQUEST_NOT_SUPPORTED ret= result=null
06-09 15:43:19.896 851 851 E RILJ : setSignalStrengthReportingCriteria ignored on IRadio version less than 1.2 [PHONE0]
06-09 15:43:19.896 851 851 E RILJ : setSignalStrengthReportingCriteria ignored on IRadio version less than 1.2 [PHONE0]
06-09 15:43:19.896 851 851 E RILJ : setSignalStrengthReportingCriteria ignored on IRadio version less than 1.2 [PHONE0]
06-09 15:43:19.897 851 851 D NetworkTypeController: [0] LegacyState: process EVENT_PHYSICAL_CHANNEL_CONFIG_NOTIF_CHANGED
06-09 15:43:19.897 851 851 D NetworkTypeController: [0] Remove all timers
06-09 15:43:19.897 851 851 D NetworkTypeController: [0] DefaultState: process EVENT_PHYSICAL_CHANNEL_CONFIG_NOTIF_CHANGED
06-09 15:43:19.897 851 851 D NetworkTypeController: [0] mIsPhysicalChannelConfigOn changed to: true
06-09 15:43:23.623 460 460 I gsensor_mxc6655 5-0015: sensor on: starting poll sensor data 196ms
06-09 15:43:23.662 439 439 W healthd : battery l=49 v=7492 t=34.5 h=1 st=3 c=-256000 fc=9700000 chg=
06-09 15:43:19.945 851 851 D DCT-C-0 : screen on
06-09 15:43:19.945 851 851 D DCT-C-0 : stopNetStatPoll
06-09 15:43:23.673 347 347 I rockchip-vop2 fdd90000.vop: [drm:vop2_crtc_atomic_enable] Update mode to 1536x2048p55, type: 16(if:60) for vp2 dclk: 192000000
06-09 15:43:23.674 347 347 I rockchip-vop2 fdd90000.vop: [drm:vop2_crtc_atomic_enable] dclk_out2 div: 2 dclk_core2 div: 1
06-09 15:43:23.674 347 347 I rockchip-vop2 fdd90000.vop: [drm:vop2_crtc_atomic_enable] set dclk_vop2 to 96000000, get 96000000
06-09 15:43:23.686 460 460 I gsensor_mxc6655 5-0015: set sensor poll time to 66ms
06-09 15:43:24.188 347 347 I dw-mipi-dsi2 fde20000.dsi: [drm:dw_mipi_dsi2_encoder_enable] final DSI-Link bandwidth: 639999 x 8 Kbps
06-09 15:43:24.284 357 357 E rockchip-vop2 fdd90000.vop: [drm:vop2_wait_power_domain_off] *ERROR* wait pd7 off timeout power_ctrl: 0x7f
06-09 15:43:25.074 4266 4266 W : abc audioDBG [es8323_mute] start mute:1
06-09 15:43:25.074 4266 4266 I [Awinic] [3-0058]aw_acf_get_prof_desc_form_name: get prof desc down
06-09 15:43:25.075 4266 4266 I [Awinic] [3-005b]aw_acf_get_prof_desc_form_name: get prof desc down
06-09 15:43:21.459 526 549 D RILU : find_pci_device is 0
06-09 15:43:21.459 526 549 D RILC : PCI can't find at device
06-09 15:43:21.461 526 549 D RILC : USB can't find at device
06-09 15:43:25.442 1 1 I init : processing action (debug.beidou_entersuspend=*) from (/system/etc/init/hw/init.rc:1286)
06-09 15:43:25.450 1 1 W : debug.beidou_entersuspend $PMTK161,0*28\r\n
06-09 15:43:25.451 1 1 I init : starting service 'gps_suspend'...
06-09 15:43:25.472 1 1 I init : Service 'gps_suspend' (pid 21465) exited with status 0 oneshot service took 0.012000 seconds in background
06-09 15:43:25.472 1 1 I init : Sending signal 9 to service 'gps_suspend' (pid 21465) process group...
06-09 15:43:25.472 1 1 I libprocessgroup: Successfully killed process cgroup uid 0 pid 21465 in 0ms
06-09 15:43:25.493 18417 18417 W : abc audioDBG [es8323_mute] start mute:0
06-09 15:43:25.503 18417 18417 I [Awinic] [3-0058]aw_acf_get_prof_desc_form_name: get prof desc down
06-09 15:43:25.517 18417 18417 I [Awinic] [3-005b]aw_acf_get_prof_desc_form_name: get prof desc down
06-09 15:43:25.942 444 444 I gsensor_mxc6655 5-0015: set sensor poll time to 200ms
06-09 15:43:22.245 851 851 D RILJ : [0865]> SEND_DEVICE_STATE 2:true [PHONE0]
06-09 15:43:22.245 526 526 D RILC : sendDeviceState: calling screen state 0
06-09 15:43:22.245 526 526 D RILC : onRequest: SCREEN_STATE datalen=4 request_value:61
06-09 15:43:22.246 851 1064 D RILJ : [0865]< SEND_DEVICE_STATE [PHONE0]
06-09 15:43:22.246 851 851 D RILJ : [0866]> SET_UNSOLICITED_RESPONSE_FILTER 32 [PHONE0]
06-09 15:43:22.247 851 1064 D RILJ : [0866]< SET_UNSOLICITED_RESPONSE_FILTER error 6 [PHONE0]
06-09 15:43:22.247 851 1064 D RilRequest: [0866]< SET_UNSOLICITED_RESPONSE_FILTER error: com.android.internal.telephony.CommandException: REQUEST_NOT_SUPPORTED ret= result=null
06-09 15:43:22.248 851 851 E RILJ : setSignalStrengthReportingCriteria ignored on IRadio version less than 1.2 [PHONE0]
06-09 15:43:22.248 851 851 E RILJ : setSignalStrengthReportingCriteria ignored on IRadio version less than 1.2 [PHONE0]
06-09 15:43:22.248 851 851 E RILJ : setSignalStrengthReportingCriteria ignored on IRadio version less than 1.2 [PHONE0]
06-09 15:43:22.248 851 851 D NetworkTypeController: [0] LegacyState: process EVENT_PHYSICAL_CHANNEL_CONFIG_NOTIF_CHANGED
06-09 15:43:22.248 851 851 D NetworkTypeController: [0] Remove all timers
06-09 15:43:22.248 851 851 D NetworkTypeController: [0] DefaultState: process EVENT_PHYSICAL_CHANNEL_CONFIG_NOTIF_CHANGED
06-09 15:43:22.248 851 851 D NetworkTypeController: [0] mIsPhysicalChannelConfigOn changed to: false
06-09 15:43:22.249 851 851 D NetworkTypeController: [0] Remove all timers
06-09 15:43:25.978 439 439 W healthd : battery l=49 v=7492 t=34.5 h=1 st=3 c=-512000 fc=9700000 chg=
06-09 15:43:26.305 347 347 I rockchip-vop2 fdd90000.vop: [drm:vop2_crtc_atomic_disable] Crtc atomic disable vp2
06-09 15:43:26.316 347 347 E rockchip-vop2 fdd90000.vop: [drm:vop2_crtc_atomic_disable] *ERROR* unexpected power on pd7
06-09 15:43:22.648 851 851 D DCT-C-0 : screen off
06-09 15:43:22.648 851 851 D DCT-C-0 : stopNetStatPoll
06-09 15:43:26.668 1 1 I init : processing action (debug.beidou_leavesuspend=*) from (/system/etc/init/hw/init.rc:1293)
06-09 15:43:22.956 851 851 D RILJ : [0867]> SEND_DEVICE_STATE 2:false [PHONE0]
06-09 15:43:22.956 526 526 D RILC : sendDeviceState: calling screen state 1
06-09 15:43:22.956 526 526 D RILC : onRequest: SCREEN_STATE datalen=4 request_value:61
06-09 15:43:22.956 851 851 D RILJ : [0868]> SET_UNSOLICITED_RESPONSE_FILTER 127 [PHONE0]
06-09 15:43:22.957 851 1064 D RILJ : [0867]< SEND_DEVICE_STATE [PHONE0]
06-09 15:43:22.957 851 851 E RILJ : setSignalStrengthReportingCriteria ignored on IRadio version less than 1.2 [PHONE0]
06-09 15:43:22.958 851 851 E RILJ : setSignalStrengthReportingCriteria ignored on IRadio version less than 1.2 [PHONE0]
06-09 15:43:22.958 851 851 E RILJ : setSignalStrengthReportingCriteria ignored on IRadio version less than 1.2 [PHONE0]
06-09 15:43:22.958 851 851 D NetworkTypeController: [0] LegacyState: process EVENT_PHYSICAL_CHANNEL_CONFIG_NOTIF_CHANGED
06-09 15:43:22.958 851 851 D NetworkTypeController: [0] Remove all timers
06-09 15:43:22.958 851 851 D NetworkTypeController: [0] DefaultState: process EVENT_PHYSICAL_CHANNEL_CONFIG_NOTIF_CHANGED
06-09 15:43:22.958 851 851 D NetworkTypeController: [0] mIsPhysicalChannelConfigOn changed to: true
06-09 15:43:22.959 851 1064 D RILJ : [0868]< SET_UNSOLICITED_RESPONSE_FILTER error 6 [PHONE0]
06-09 15:43:22.959 851 1064 D RilRequest: [0868]< SET_UNSOLICITED_RESPONSE_FILTER error: com.android.internal.telephony.CommandException: REQUEST_NOT_SUPPORTED ret= result=null
06-09 15:43:26.669 1 1 W : debug.beidou_leavesuspend wakeup
06-09 15:43:26.684 460 460 I gsensor_mxc6655 5-0015: set sensor poll time to 200ms
06-09 15:43:26.685 460 460 I gsensor_mxc6655 5-0015: sensor on: starting poll sensor data 196ms
06-09 15:43:26.699 439 439 W healthd : battery l=49 v=7492 t=34.5 h=1 st=3 c=0 fc=9700000 chg=
06-09 15:43:22.987 851 851 D DCT-C-0 : screen on
06-09 15:43:22.987 851 851 D DCT-C-0 : stopNetStatPoll
06-09 15:43:26.736 347 347 I rockchip-vop2 fdd90000.vop: [drm:vop2_crtc_atomic_enable] Update mode to 1536x2048p55, type: 16(if:60) for vp2 dclk: 192000000
06-09 15:43:26.737 347 347 I rockchip-vop2 fdd90000.vop: [drm:vop2_crtc_atomic_enable] dclk_out2 div: 2 dclk_core2 div: 1
06-09 15:43:26.737 347 347 I rockchip-vop2 fdd90000.vop: [drm:vop2_crtc_atomic_enable] set dclk_vop2 to 96000000, get 96000000
06-09 15:43:26.796 460 460 I gsensor_mxc6655 5-0015: set sensor poll time to 66ms
06-09 15:43:27.245 347 347 I dw-mipi-dsi2 fde20000.dsi: [drm:dw_mipi_dsi2_encoder_enable] final DSI-Link bandwidth: 639999 x 8 Kbps
06-09 15:43:27.331 357 357 E rockchip-vop2 fdd90000.vop: [drm:vop2_wait_power_domain_off] *ERROR* wait pd7 off timeout power_ctrl: 0x7f
06-09 15:43:28.094 427 427 W : abc audioDBG [es8323_mute] start mute:1
06-09 15:43:28.094 427 427 I [Awinic] [3-0058]aw_acf_get_prof_desc_form_name: get prof desc down
06-09 15:43:28.094 427 427 I [Awinic] [3-005b]aw_acf_get_prof_desc_form_name: get prof desc down
06-09 15:43:24.464 526 549 D RILU : find_pci_device is 0
06-09 15:43:24.464 526 549 D RILC : PCI can't find at device
06-09 15:43:24.467 526 549 D RILC : USB can't find at device
06-09 15:43:29.704 1 1 I init : processing action (debug.beidou_entersuspend=*) from (/system/etc/init/hw/init.rc:1286)
06-09 15:43:29.707 1 1 W : debug.beidou_entersuspend $PMTK161,0*28\r\n
06-09 15:43:29.707 1 1 I init : starting service 'gps_suspend'...
06-09 15:43:29.727 1 1 I init : Service 'gps_suspend' (pid 21524) exited with status 0 oneshot service took 0.014000 seconds in background
06-09 15:43:29.727 1 1 I init : Sending signal 9 to service 'gps_suspend' (pid 21524) process group...
06-09 15:43:29.727 1 1 I libprocessgroup: Successfully killed process cgroup uid 0 pid 21524 in 0ms
06-09 15:43:29.738 18417 18417 W : abc audioDBG [es8323_mute] start mute:0
06-09 15:43:29.748 18417 18417 I [Awinic] [3-0058]aw_acf_get_prof_desc_form_name: get prof desc down
06-09 15:43:29.763 18417 18417 I [Awinic] [3-005b]aw_acf_get_prof_desc_form_name: get prof desc down
06-09 15:43:30.194 444 444 I gsensor_mxc6655 5-0015: set sensor poll time to 200ms
06-09 15:43:30.221 439 439 W healthd : battery l=49 v=7506 t=34.0 h=1 st=3 c=-512000 fc=9700000 chg=
06-09 15:43:26.490 851 851 D RILJ : [0869]> SEND_DEVICE_STATE 2:true [PHONE0]
06-09 15:43:26.490 526 526 D RILC : sendDeviceState: calling screen state 0
06-09 15:43:26.490 526 526 D RILC : onRequest: SCREEN_STATE datalen=4 request_value:61
06-09 15:43:26.491 851 1064 D RILJ : [0869]< SEND_DEVICE_STATE [PHONE0]
06-09 15:43:26.491 851 851 D RILJ : [0870]> SET_UNSOLICITED_RESPONSE_FILTER 32 [PHONE0]
06-09 15:43:26.492 851 1064 D RILJ : [0870]< SET_UNSOLICITED_RESPONSE_FILTER error 6 [PHONE0]
06-09 15:43:26.492 851 1064 D RilRequest: [0870]< SET_UNSOLICITED_RESPONSE_FILTER error: com.android.internal.telephony.CommandException: REQUEST_NOT_SUPPORTED ret= result=null
06-09 15:43:26.493 851 851 E RILJ : setSignalStrengthReportingCriteria ignored on IRadio version less than 1.2 [PHONE0]
06-09 15:43:26.493 851 851 E RILJ : setSignalStrengthReportingCriteria ignored on IRadio version less than 1.2 [PHONE0]
06-09 15:43:26.494 851 851 E RILJ : setSignalStrengthReportingCriteria ignored on IRadio version less than 1.2 [PHONE0]
06-09 15:43:26.494 851 851 D NetworkTypeController: [0] LegacyState: process EVENT_PHYSICAL_CHANNEL_CONFIG_NOTIF_CHANGED
06-09 15:43:26.494 851 851 D NetworkTypeController: [0] Remove all timers
06-09 15:43:26.494 851 851 D NetworkTypeController: [0] DefaultState: process EVENT_PHYSICAL_CHANNEL_CONFIG_NOTIF_CHANGED
06-09 15:43:26.494 851 851 D NetworkTypeController: [0] mIsPhysicalChannelConfigOn changed to: false
06-09 15:43:26.494 851 851 D NetworkTypeController: [0] Remove all timers
06-09 15:43:30.588 347 347 I rockchip-vop2 fdd90000.vop: [drm:vop2_crtc_atomic_disable] Crtc atomic disable vp2
06-09 15:43:30.600 347 347 E rockchip-vop2 fdd90000.vop: [drm:vop2_crtc_atomic_disable] *ERROR* unexpected power on pd7
06-09 15:43:26.944 851 851 D DCT-C-0 : screen off
06-09 15:43:26.944 851 851 D DCT-C-0 : stopNetStatPoll
06-09 15:43:31.084 4266 4266 W : abc audioDBG [es8323_mute] start mute:1
06-09 15:43:31.084 4266 4266 I [Awinic] [3-0058]aw_acf_get_prof_desc_form_name: get prof desc down
06-09 15:43:31.084 4266 4266 I [Awinic] [3-005b]aw_acf_get_prof_desc_form_name: get prof desc down
06-09 15:43:27.468 526 549 D RILU : find_pci_device is 0
06-09 15:43:27.468 526 549 D RILC : PCI can't find at device
06-09 15:43:27.471 526 549 D RILC : USB can't find at device
06-09 15:43:30.472 526 549 D RILU : find_pci_device is 0
06-09 15:43:30.472 526 549 D RILC : PCI can't find at device
06-09 15:43:30.475 526 549 D RILC : USB can't find at device
06-09 15:43:33.476 526 549 D RILU : find_pci_device is 0
06-09 15:43:33.476 526 549 D RILC : PCI can't find at device
06-09 15:43:33.479 526 549 D RILC : USB can't find at device
06-09 15:43:36.480 526 549 D RILU : find_pci_device is 0
06-09 15:43:36.481 526 549 D RILC : PCI can't find at device
06-09 15:43:36.484 526 549 D RILC : USB can't find at device
06-09 15:43:39.485 526 549 D RILU : find_pci_device is 0
06-09 15:43:39.485 526 549 D RILC : PCI can't find at device
06-09 15:43:39.489 526 549 D RILC : USB can't find at device
06-09 15:43:42.489 526 549 D RILU : find_pci_device is 0
06-09 15:43:42.490 526 549 D RILC : PCI can't find at device
06-09 15:43:42.493 526 549 D RILC : USB can't find at device
06-09 15:43:45.493 526 549 D RILU : find_pci_device is 0
06-09 15:43:45.493 526 549 D RILC : PCI can't find at device
06-09 15:43:45.494 526 549 D RILC : USB can't find at device
06-09 15:43:48.495 526 549 D RILU : find_pci_device is 0
06-09 15:43:48.495 526 549 D RILC : PCI can't find at device
06-09 15:43:48.498 526 549 D RILC : USB can't find at device
06-09 15:43:51.499 526 549 D RILU : find_pci_device is 0
06-09 15:43:51.499 526 549 D RILC : PCI can't find at device
06-09 15:43:51.502 526 549 D RILC : USB can't find at device
06-09 15:43:54.503 526 549 D RILU : find_pci_device is 0
06-09 15:43:54.503 526 549 D RILC : PCI can't find at device
06-09 15:43:54.507 526 549 D RILC : USB can't find at device
06-09 15:43:57.507 526 549 D RILU : find_pci_device is 0
06-09 15:43:57.508 526 549 D RILC : PCI can't find at device
06-09 15:43:57.511 526 549 D RILC : USB can't find at device
06-09 15:44:00.511 526 549 D RILU : find_pci_device is 0
06-09 15:44:00.512 526 549 D RILC : PCI can't find at device
06-09 15:44:00.515 526 549 D RILC : USB can't find at device
06-09 15:44:05.159 1 1 I init : processing action (debug.beidou_leavesuspend=*) from (/system/etc/init/hw/init.rc:1293)
06-09 15:44:01.465 851 851 D RILJ : [0871]> SEND_DEVICE_STATE 2:false [PHONE0]
06-09 15:44:01.465 526 526 D RILC : sendDeviceState: calling screen state 1
06-09 15:44:01.465 526 526 D RILC : onRequest: SCREEN_STATE datalen=4 request_value:61
06-09 15:44:01.466 851 1064 D RILJ : [0871]< SEND_DEVICE_STATE [PHONE0]
06-09 15:44:01.466 851 851 D RILJ : [0872]> SET_UNSOLICITED_RESPONSE_FILTER 127 [PHONE0]
06-09 15:44:01.467 851 1064 D RILJ : [0872]< SET_UNSOLICITED_RESPONSE_FILTER error 6 [PHONE0]
06-09 15:44:01.467 851 1064 D RilRequest: [0872]< SET_UNSOLICITED_RESPONSE_FILTER error: com.android.internal.telephony.CommandException: REQUEST_NOT_SUPPORTED ret= result=null
06-09 15:44:01.468 851 851 E RILJ : setSignalStrengthReportingCriteria ignored on IRadio version less than 1.2 [PHONE0]
06-09 15:44:01.468 851 851 E RILJ : setSignalStrengthReportingCriteria ignored on IRadio version less than 1.2 [PHONE0]
06-09 15:44:01.468 851 851 E RILJ : setSignalStrengthReportingCriteria ignored on IRadio version less than 1.2 [PHONE0]
06-09 15:44:01.468 851 851 D NetworkTypeController: [0] LegacyState: process EVENT_PHYSICAL_CHANNEL_CONFIG_NOTIF_CHANGED
06-09 15:44:01.468 851 851 D NetworkTypeController: [0] Remove all timers
06-09 15:44:01.468 851 851 D NetworkTypeController: [0] DefaultState: process EVENT_PHYSICAL_CHANNEL_CONFIG_NOTIF_CHANGED
06-09 15:44:01.468 851 851 D NetworkTypeController: [0] mIsPhysicalChannelConfigOn changed to: true
06-09 15:44:05.172 1 1 W : debug.beidou_leavesuspend wakeup
06-09 15:44:05.202 460 460 I gsensor_mxc6655 5-0015: set sensor poll time to 200ms
06-09 15:44:05.203 460 460 I gsensor_mxc6655 5-0015: sensor on: starting poll sensor data 196ms
06-09 15:44:05.215 439 439 W healthd : battery l=49 v=7570 t=33.5 h=1 st=3 c=-256000 fc=9700000 chg=
06-09 15:44:05.249 347 347 I rockchip-vop2 fdd90000.vop: [drm:vop2_crtc_atomic_enable] Update mode to 1536x2048p55, type: 16(if:60) for vp2 dclk: 192000000
06-09 15:44:05.250 347 347 I rockchip-vop2 fdd90000.vop: [drm:vop2_crtc_atomic_enable] dclk_out2 div: 2 dclk_core2 div: 1
06-09 15:44:05.250 347 347 I rockchip-vop2 fdd90000.vop: [drm:vop2_crtc_atomic_enable] set dclk_vop2 to 96000000, get 96000000
06-09 15:44:01.530 851 851 D DCT-C-0 : screen on
06-09 15:44:01.530 851 851 D DCT-C-0 : stopNetStatPoll
06-09 15:44:05.299 18417 18417 W : abc audioDBG [es8323_mute] start mute:0
06-09 15:44:05.309 18417 18417 I [Awinic] [3-0058]aw_acf_get_prof_desc_form_name: get prof desc down
06-09 15:44:05.323 18417 18417 I [Awinic] [3-005b]aw_acf_get_prof_desc_form_name: get prof desc down
06-09 15:44:05.346 460 460 I gsensor_mxc6655 5-0015: set sensor poll time to 66ms
06-09 15:44:05.755 347 347 I dw-mipi-dsi2 fde20000.dsi: [drm:dw_mipi_dsi2_encoder_enable] final DSI-Link bandwidth: 639999 x 8 Kbps
06-09 15:44:05.880 357 357 E rockchip-vop2 fdd90000.vop: [drm:vop2_wait_power_domain_off] *ERROR* wait pd7 off timeout power_ctrl: 0x7a
06-09 15:44:06.623 4266 4266 W : abc audioDBG [es8323_mute] start mute:1
06-09 15:44:06.623 4266 4266 I [Awinic] [3-0058]aw_acf_get_prof_desc_form_name: get prof desc down
06-09 15:44:06.624 4266 4266 I [Awinic] [3-005b]aw_acf_get_prof_desc_form_name: get prof desc down
06-09 15:44:03.516 526 549 D RILU : find_pci_device is 0
06-09 15:44:03.516 526 549 D RILC : PCI can't find at device
06-09 15:44:03.519 526 549 D RILC : USB can't find at device
06-09 15:44:09.546 1 1 I init : processing action (debug.beidou_entersuspend=*) from (/system/etc/init/hw/init.rc:1286)
06-09 15:44:09.562 1 1 W : debug.beidou_entersuspend $PMTK161,0*28\r\n
06-09 15:44:09.563 1 1 I init : starting service 'gps_suspend'...
06-09 15:44:09.573 1 1 I init : Service 'gps_suspend' (pid 21990) exited with status 0 oneshot service took 0.008000 seconds in background
06-09 15:44:09.573 1 1 I init : Sending signal 9 to service 'gps_suspend' (pid 21990) process group...
06-09 15:44:09.573 1 1 I libprocessgroup: Successfully killed process cgroup uid 0 pid 21990 in 0ms
06-09 15:44:09.582 18417 18417 W : abc audioDBG [es8323_mute] start mute:0
06-09 15:44:09.592 18417 18417 I [Awinic] [3-0058]aw_acf_get_prof_desc_form_name: get prof desc down
06-09 15:44:09.607 18417 18417 I [Awinic] [3-005b]aw_acf_get_prof_desc_form_name: get prof desc down
06-09 15:44:10.034 444 444 I gsensor_mxc6655 5-0015: set sensor poll time to 200ms
06-09 15:44:06.323 851 851 D RILJ : [0873]> SEND_DEVICE_STATE 2:true [PHONE0]
06-09 15:44:06.324 526 526 D RILC : sendDeviceState: calling screen state 0
06-09 15:44:06.324 526 526 D RILC : onRequest: SCREEN_STATE datalen=4 request_value:61
06-09 15:44:06.324 851 1064 D RILJ : [0873]< SEND_DEVICE_STATE [PHONE0]
06-09 15:44:06.325 851 851 D RILJ : [0874]> SET_UNSOLICITED_RESPONSE_FILTER 32 [PHONE0]
06-09 15:44:06.325 851 1064 D RILJ : [0874]< SET_UNSOLICITED_RESPONSE_FILTER error 6 [PHONE0]
06-09 15:44:06.325 851 1064 D RilRequest: [0874]< SET_UNSOLICITED_RESPONSE_FILTER error: com.android.internal.telephony.CommandException: REQUEST_NOT_SUPPORTED ret= result=null
06-09 15:44:06.330 851 851 E RILJ : setSignalStrengthReportingCriteria ignored on IRadio version less than 1.2 [PHONE0]
06-09 15:44:06.330 851 851 E RILJ : setSignalStrengthReportingCriteria ignored on IRadio version less than 1.2 [PHONE0]
06-09 15:44:06.330 851 851 E RILJ : setSignalStrengthReportingCriteria ignored on IRadio version less than 1.2 [PHONE0]
06-09 15:44:06.331 851 851 D NetworkTypeController: [0] LegacyState: process EVENT_PHYSICAL_CHANNEL_CONFIG_NOTIF_CHANGED
06-09 15:44:06.331 851 851 D NetworkTypeController: [0] Remove all timers
06-09 15:44:06.331 851 851 D NetworkTypeController: [0] DefaultState: process EVENT_PHYSICAL_CHANNEL_CONFIG_NOTIF_CHANGED
06-09 15:44:06.331 851 851 D NetworkTypeController: [0] mIsPhysicalChannelConfigOn changed to: false
06-09 15:44:06.331 851 851 D NetworkTypeController: [0] Remove all timers
06-09 15:44:10.085 439 439 W healthd : battery l=49 v=7512 t=33.5 h=1 st=3 c=-768000 fc=9700000 chg=
06-09 15:44:06.520 526 549 D RILU : find_pci_device is 0
06-09 15:44:06.520 526 549 D RILC : PCI can't find at device
06-09 15:44:06.523 526 549 D RILC : USB can't find at device
06-09 15:44:10.378 347 347 I rockchip-vop2 fdd90000.vop: [drm:vop2_crtc_atomic_disable] Crtc atomic disable vp2
06-09 15:44:10.388 347 347 E rockchip-vop2 fdd90000.vop: [drm:vop2_crtc_atomic_disable] *ERROR* unexpected power on pd7
06-09 15:44:06.690 851 851 D DCT-C-0 : screen off
06-09 15:44:06.690 851 851 D DCT-C-0 : stopNetStatPoll
06-09 15:44:10.534 1 1 I init : processing action (debug.beidou_leavesuspend=*) from (/system/etc/init/hw/init.rc:1293)
06-09 15:44:10.536 1 1 W : debug.beidou_leavesuspend wakeup
06-09 15:44:10.539 444 444 I gsensor_mxc6655 5-0015: set sensor poll time to 200ms
06-09 15:44:10.540 444 444 I gsensor_mxc6655 5-0015: sensor on: starting poll sensor data 196ms
06-09 15:44:06.819 851 851 D RILJ : [0875]> SEND_DEVICE_STATE 2:false [PHONE0]
06-09 15:44:06.819 526 526 D RILC : sendDeviceState: calling screen state 1
06-09 15:44:06.819 526 526 D RILC : onRequest: SCREEN_STATE datalen=4 request_value:61
06-09 15:44:06.819 851 1064 D RILJ : [0875]< SEND_DEVICE_STATE [PHONE0]
06-09 15:44:06.820 851 851 D RILJ : [0876]> SET_UNSOLICITED_RESPONSE_FILTER 127 [PHONE0]
06-09 15:44:06.820 851 1064 D RILJ : [0876]< SET_UNSOLICITED_RESPONSE_FILTER error 6 [PHONE0]
06-09 15:44:06.820 851 1064 D RilRequest: [0876]< SET_UNSOLICITED_RESPONSE_FILTER error: com.android.internal.telephony.CommandException: REQUEST_NOT_SUPPORTED ret= result=null
06-09 15:44:06.820 851 851 E RILJ : setSignalStrengthReportingCriteria ignored on IRadio version less than 1.2 [PHONE0]
06-09 15:44:06.820 851 851 E RILJ : setSignalStrengthReportingCriteria ignored on IRadio version less than 1.2 [PHONE0]
06-09 15:44:06.821 851 851 E RILJ : setSignalStrengthReportingCriteria ignored on IRadio version less than 1.2 [PHONE0]
06-09 15:44:06.821 851 851 D NetworkTypeController: [0] LegacyState: process EVENT_PHYSICAL_CHANNEL_CONFIG_NOTIF_CHANGED
06-09 15:44:06.821 851 851 D NetworkTypeController: [0] Remove all timers
06-09 15:44:06.821 851 851 D NetworkTypeController: [0] DefaultState: process EVENT_PHYSICAL_CHANNEL_CONFIG_NOTIF_CHANGED
06-09 15:44:06.821 851 851 D NetworkTypeController: [0] mIsPhysicalChannelConfigOn changed to: true
06-09 15:44:06.836 851 851 D DCT-C-0 : screen on
06-09 15:44:06.836 851 851 D DCT-C-0 : stopNetStatPoll
06-09 15:44:10.584 439 439 W healthd : battery l=49 v=7512 t=33.5 h=1 st=3 c=-768000 fc=9700000 chg=
06-09 15:44:10.600 347 347 I rockchip-vop2 fdd90000.vop: [drm:vop2_crtc_atomic_enable] Update mode to 1536x2048p55, type: 16(if:60) for vp2 dclk: 192000000
06-09 15:44:10.601 347 347 I rockchip-vop2 fdd90000.vop: [drm:vop2_crtc_atomic_enable] dclk_out2 div: 2 dclk_core2 div: 1
06-09 15:44:10.601 347 347 I rockchip-vop2 fdd90000.vop: [drm:vop2_crtc_atomic_enable] set dclk_vop2 to 96000000, get 96000000
06-09 15:44:10.603 444 444 I gsensor_mxc6655 5-0015: set sensor poll time to 66ms
06-09 15:44:10.939 4266 4266 W : abc audioDBG [es8323_mute] start mute:1
06-09 15:44:10.940 4266 4266 I [Awinic] [3-0058]aw_acf_get_prof_desc_form_name: get prof desc down
06-09 15:44:10.940 4266 4266 I [Awinic] [3-005b]aw_acf_get_prof_desc_form_name: get prof desc down
06-09 15:44:11.105 347 347 I dw-mipi-dsi2 fde20000.dsi: [drm:dw_mipi_dsi2_encoder_enable] final DSI-Link bandwidth: 639999 x 8 Kbps
06-09 15:44:11.198 357 357 E rockchip-vop2 fdd90000.vop: [drm:vop2_wait_power_domain_off] *ERROR* wait pd7 off timeout power_ctrl: 0x7f
06-09 15:44:09.524 526 549 D RILU : find_pci_device is 0
06-09 15:44:09.524 526 549 D RILC : PCI can't find at device
06-09 15:44:09.527 526 549 D RILC : USB can't find at device
06-09 15:44:12.538 526 549 D RILU : find_pci_device is 0
06-09 15:44:12.538 526 549 D RILC : PCI can't find at device
06-09 15:44:12.540 526 549 D RILC : USB can't find at device
06-09 15:44:15.541 526 549 D RILU : find_pci_device is 0
06-09 15:44:15.541 526 549 D RILC : PCI can't find at device
06-09 15:44:15.545 526 549 D RILC : USB can't find at device
06-09 15:44:20.537 1 1 I init : processing action (debug.beidou_entersuspend=*) from (/system/etc/init/hw/init.rc:1286)
06-09 15:44:20.539 1 1 W : debug.beidou_entersuspend $PMTK161,0*28\r\n
06-09 15:44:20.540 1 1 I init : starting service 'gps_suspend'...
06-09 15:44:20.561 1 1 I init : Service 'gps_suspend' (pid 22120) exited with status 0 oneshot service took 0.014000 seconds in background
06-09 15:44:20.561 1 1 I init : Sending signal 9 to service 'gps_suspend' (pid 22120) process group...
06-09 15:44:20.561 1 1 I libprocessgroup: Successfully killed process cgroup uid 0 pid 22120 in 0ms
06-09 15:44:21.078 460 460 I gsensor_mxc6655 5-0015: set sensor poll time to 200ms
06-09 15:44:17.373 851 851 D RILJ : [0877]> SEND_DEVICE_STATE 2:true [PHONE0]
06-09 15:44:17.373 526 526 D RILC : sendDeviceState: calling screen state 0
06-09 15:44:17.373 526 526 D RILC : onRequest: SCREEN_STATE datalen=4 request_value:61
06-09 15:44:17.374 851 1064 D RILJ : [0877]< SEND_DEVICE_STATE [PHONE0]
06-09 15:44:17.374 851 851 D RILJ : [0878]> SET_UNSOLICITED_RESPONSE_FILTER 32 [PHONE0]
06-09 15:44:17.375 851 1064 D RILJ : [0878]< SET_UNSOLICITED_RESPONSE_FILTER error 6 [PHONE0]
06-09 15:44:17.375 851 851 E RILJ : setSignalStrengthReportingCriteria ignored on IRadio version less than 1.2 [PHONE0]
06-09 15:44:17.375 851 1064 D RilRequest: [0878]< SET_UNSOLICITED_RESPONSE_FILTER error: com.android.internal.telephony.CommandException: REQUEST_NOT_SUPPORTED ret= result=null
06-09 15:44:17.375 851 851 E RILJ : setSignalStrengthReportingCriteria ignored on IRadio version less than 1.2 [PHONE0]
06-09 15:44:17.375 851 851 E RILJ : setSignalStrengthReportingCriteria ignored on IRadio version less than 1.2 [PHONE0]
06-09 15:44:17.375 851 851 D NetworkTypeController: [0] LegacyState: process EVENT_PHYSICAL_CHANNEL_CONFIG_NOTIF_CHANGED
06-09 15:44:17.375 851 851 D NetworkTypeController: [0] Remove all timers
06-09 15:44:17.376 851 851 D NetworkTypeController: [0] DefaultState: process EVENT_PHYSICAL_CHANNEL_CONFIG_NOTIF_CHANGED
06-09 15:44:17.376 851 851 D NetworkTypeController: [0] mIsPhysicalChannelConfigOn changed to: false
06-09 15:44:17.376 851 851 D NetworkTypeController: [0] Remove all timers
06-09 15:44:21.120 439 439 W healthd : battery l=49 v=7548 t=34.0 h=1 st=3 c=-256000 fc=9700000 chg=
06-09 15:44:21.375 347 347 I rockchip-vop2 fdd90000.vop: [drm:vop2_crtc_atomic_disable] Crtc atomic disable vp2
06-09 15:44:17.716 851 851 D DCT-C-0 : screen off
06-09 15:44:17.716 851 851 D DCT-C-0 : stopNetStatPoll
06-09 15:44:18.545 526 549 D RILU : find_pci_device is 0
06-09 15:44:18.545 526 549 D RILC : PCI can't find at device
06-09 15:44:18.546 526 549 D RILC : USB can't find at device
06-09 15:44:18.623 851 851 D RILJ : [0879]> SEND_DEVICE_STATE 2:false [PHONE0]
06-09 15:44:18.623 526 526 D RILC : sendDeviceState: calling screen state 1
06-09 15:44:18.624 526 526 D RILC : onRequest: SCREEN_STATE datalen=4 request_value:61
06-09 15:44:18.624 851 1064 D RILJ : [0879]< SEND_DEVICE_STATE [PHONE0]
06-09 15:44:22.345 1 1 I init : processing action (debug.beidou_leavesuspend=*) from (/system/etc/init/hw/init.rc:1293)
06-09 15:44:18.624 851 851 D RILJ : [0880]> SET_UNSOLICITED_RESPONSE_FILTER 127 [PHONE0]
06-09 15:44:18.624 851 1064 D RILJ : [0880]< SET_UNSOLICITED_RESPONSE_FILTER error 6 [PHONE0]
06-09 15:44:18.624 851 1064 D RilRequest: [0880]< SET_UNSOLICITED_RESPONSE_FILTER error: com.android.internal.telephony.CommandException: REQUEST_NOT_SUPPORTED ret= result=null
06-09 15:44:18.625 851 851 E RILJ : setSignalStrengthReportingCriteria ignored on IRadio version less than 1.2 [PHONE0]
06-09 15:44:18.625 851 851 E RILJ : setSignalStrengthReportingCriteria ignored on IRadio version less than 1.2 [PHONE0]
06-09 15:44:18.625 851 851 E RILJ : setSignalStrengthReportingCriteria ignored on IRadio version less than 1.2 [PHONE0]
06-09 15:44:18.625 851 851 D NetworkTypeController: [0] LegacyState: process EVENT_PHYSICAL_CHANNEL_CONFIG_NOTIF_CHANGED
06-09 15:44:18.625 851 851 D NetworkTypeController: [0] Remove all timers
06-09 15:44:18.625 851 851 D NetworkTypeController: [0] DefaultState: process EVENT_PHYSICAL_CHANNEL_CONFIG_NOTIF_CHANGED
06-09 15:44:18.625 851 851 D NetworkTypeController: [0] mIsPhysicalChannelConfigOn changed to: true
06-09 15:44:22.347 1 1 W : debug.beidou_leavesuspend wakeup
06-09 15:44:22.355 444 444 I gsensor_mxc6655 5-0015: set sensor poll time to 200ms
06-09 15:44:22.356 444 444 I gsensor_mxc6655 5-0015: sensor on: starting poll sensor data 196ms
06-09 15:44:22.371 439 439 W healthd : battery l=49 v=7548 t=34.0 h=1 st=3 c=-256000 fc=9700000 chg=
06-09 15:44:18.677 851 851 D DCT-C-0 : screen on
06-09 15:44:18.677 851 851 D DCT-C-0 : stopNetStatPoll
06-09 15:44:22.406 347 347 I rockchip-vop2 fdd90000.vop: [drm:vop2_crtc_atomic_enable] Update mode to 1536x2048p55, type: 16(if:60) for vp2 dclk: 192000000
06-09 15:44:22.407 347 347 I rockchip-vop2 fdd90000.vop: [drm:vop2_crtc_atomic_enable] dclk_out2 div: 2 dclk_core2 div: 1
06-09 15:44:22.407 347 347 I rockchip-vop2 fdd90000.vop: [drm:vop2_crtc_atomic_enable] set dclk_vop2 to 96000000, get 96000000
06-09 15:44:22.471 18417 18417 W : abc audioDBG [es8323_mute] start mute:0
06-09 15:44:22.481 18417 18417 I [Awinic] [3-0058]aw_acf_get_prof_desc_form_name: get prof desc down
06-09 15:44:22.495 18417 18417 I [Awinic] [3-005b]aw_acf_get_prof_desc_form_name: get prof desc down
06-09 15:44:22.516 444 444 I gsensor_mxc6655 5-0015: set sensor poll time to 66ms
06-09 15:44:22.911 347 347 I dw-mipi-dsi2 fde20000.dsi: [drm:dw_mipi_dsi2_encoder_enable] final DSI-Link bandwidth: 639999 x 8 Kbps
06-09 15:44:23.825 4266 4266 W : abc audioDBG [es8323_mute] start mute:1
06-09 15:44:23.825 4266 4266 I [Awinic] [3-0058]aw_acf_get_prof_desc_form_name: get prof desc down
06-09 15:44:23.826 4266 4266 I [Awinic] [3-005b]aw_acf_get_prof_desc_form_name: get prof desc down
06-09 15:44:21.547 526 549 D RILU : find_pci_device is 0
06-09 15:44:21.547 526 549 D RILC : PCI can't find at device
06-09 15:44:21.550 526 549 D RILC : USB can't find at device
06-09 15:44:25.867 1 1 I init : processing action (debug.beidou_entersuspend=*) from (/system/etc/init/hw/init.rc:1286)
06-09 15:44:25.868 1 1 W : debug.beidou_entersuspend $PMTK161,0*28\r\n
06-09 15:44:25.869 1 1 I init : starting service 'gps_suspend'...
06-09 15:44:25.893 1 1 I init : Service 'gps_suspend' (pid 22179) exited with status 0 oneshot service took 0.010000 seconds in background
06-09 15:44:25.893 1 1 I init : Sending signal 9 to service 'gps_suspend' (pid 22179) process group...
06-09 15:44:25.902 18417 18417 W : abc audioDBG [es8323_mute] start mute:0
06-09 15:44:25.912 18417 18417 I [Awinic] [3-0058]aw_acf_get_prof_desc_form_name: get prof desc down
06-09 15:44:25.923 1 1 I libprocessgroup: Successfully killed process cgroup uid 0 pid 22179 in 29ms
06-09 15:44:25.926 18417 18417 I [Awinic] [3-005b]aw_acf_get_prof_desc_form_name: get prof desc down
06-09 15:44:26.351 444 444 I gsensor_mxc6655 5-0015: set sensor poll time to 200ms
06-09 15:44:22.654 851 851 D RILJ : [0881]> SEND_DEVICE_STATE 2:true [PHONE0]
06-09 15:44:22.655 526 526 D RILC : sendDeviceState: calling screen state 0
06-09 15:44:22.655 526 526 D RILC : onRequest: SCREEN_STATE datalen=4 request_value:61
06-09 15:44:22.655 851 1064 D RILJ : [0881]< SEND_DEVICE_STATE [PHONE0]
06-09 15:44:22.658 851 851 D RILJ : [0882]> SET_UNSOLICITED_RESPONSE_FILTER 32 [PHONE0]
06-09 15:44:22.658 851 1064 D RILJ : [0882]< SET_UNSOLICITED_RESPONSE_FILTER error 6 [PHONE0]
06-09 15:44:22.659 851 1064 D RilRequest: [0882]< SET_UNSOLICITED_RESPONSE_FILTER error: com.android.internal.telephony.CommandException: REQUEST_NOT_SUPPORTED ret= result=null
06-09 15:44:22.659 851 851 E RILJ : setSignalStrengthReportingCriteria ignored on IRadio version less than 1.2 [PHONE0]
06-09 15:44:22.659 851 851 E RILJ : setSignalStrengthReportingCriteria ignored on IRadio version less than 1.2 [PHONE0]
06-09 15:44:22.659 851 851 E RILJ : setSignalStrengthReportingCriteria ignored on IRadio version less than 1.2 [PHONE0]
06-09 15:44:22.659 851 851 D NetworkTypeController: [0] LegacyState: process EVENT_PHYSICAL_CHANNEL_CONFIG_NOTIF_CHANGED
06-09 15:44:22.660 851 851 D NetworkTypeController: [0] Remove all timers
06-09 15:44:22.660 851 851 D NetworkTypeController: [0] DefaultState: process EVENT_PHYSICAL_CHANNEL_CONFIG_NOTIF_CHANGED
06-09 15:44:22.660 851 851 D NetworkTypeController: [0] mIsPhysicalChannelConfigOn changed to: false
06-09 15:44:22.660 851 851 D NetworkTypeController: [0] Remove all timers
06-09 15:44:26.385 439 439 W healthd : battery l=49 v=7522 t=34.0 h=1 st=3 c=-512000 fc=9700000 chg=
06-09 15:44:26.698 347 347 I rockchip-vop2 fdd90000.vop: [drm:vop2_crtc_atomic_disable] Crtc atomic disable vp2
06-09 15:44:26.707 347 347 E rockchip-vop2 fdd90000.vop: [drm:vop2_crtc_atomic_disable] *ERROR* unexpected power on pd7
06-09 15:44:23.032 851 851 D DCT-C-0 : screen off
06-09 15:44:23.032 851 851 D DCT-C-0 : stopNetStatPoll
06-09 15:44:26.924 1 1 I init : processing action (debug.beidou_leavesuspend=*) from (/system/etc/init/hw/init.rc:1293)
06-09 15:44:23.216 851 851 D RILJ : [0883]> SEND_DEVICE_STATE 2:false [PHONE0]
06-09 15:44:23.216 526 526 D RILC : sendDeviceState: calling screen state 1
06-09 15:44:23.216 526 526 D RILC : onRequest: SCREEN_STATE datalen=4 request_value:61
06-09 15:44:23.216 851 1064 D RILJ : [0883]< SEND_DEVICE_STATE [PHONE0]
06-09 15:44:23.216 851 851 D RILJ : [0884]> SET_UNSOLICITED_RESPONSE_FILTER 127 [PHONE0]
06-09 15:44:23.216 851 1064 D RILJ : [0884]< SET_UNSOLICITED_RESPONSE_FILTER error 6 [PHONE0]
06-09 15:44:23.216 851 1064 D RilRequest: [0884]< SET_UNSOLICITED_RESPONSE_FILTER error: com.android.internal.telephony.CommandException: REQUEST_NOT_SUPPORTED ret= result=null
06-09 15:44:26.939 439 439 W healthd : battery l=49 v=7522 t=34.0 h=1 st=3 c=-768000 fc=9700000 chg=
06-09 15:44:26.939 444 444 I gsensor_mxc6655 5-0015: set sensor poll time to 200ms
06-09 15:44:26.940 444 444 I gsensor_mxc6655 5-0015: sensor on: starting poll sensor data 196ms
06-09 15:44:23.217 851 851 E RILJ : setSignalStrengthReportingCriteria ignored on IRadio version less than 1.2 [PHONE0]
06-09 15:44:23.217 851 851 E RILJ : setSignalStrengthReportingCriteria ignored on IRadio version less than 1.2 [PHONE0]
06-09 15:44:23.217 851 851 E RILJ : setSignalStrengthReportingCriteria ignored on IRadio version less than 1.2 [PHONE0]
06-09 15:44:23.217 851 851 D NetworkTypeController: [0] LegacyState: process EVENT_PHYSICAL_CHANNEL_CONFIG_NOTIF_CHANGED
06-09 15:44:23.217 851 851 D NetworkTypeController: [0] Remove all timers
06-09 15:44:23.217 851 851 D NetworkTypeController: [0] DefaultState: process EVENT_PHYSICAL_CHANNEL_CONFIG_NOTIF_CHANGED
06-09 15:44:23.217 851 851 D NetworkTypeController: [0] mIsPhysicalChannelConfigOn changed to: true
06-09 15:44:23.254 851 851 D DCT-C-0 : screen on
06-09 15:44:23.254 851 851 D DCT-C-0 : stopNetStatPoll
06-09 15:44:26.941 1 1 W : debug.beidou_leavesuspend wakeup
06-09 15:44:26.976 444 444 I gsensor_mxc6655 5-0015: set sensor poll time to 66ms
06-09 15:44:26.990 347 347 I rockchip-vop2 fdd90000.vop: [drm:vop2_crtc_atomic_enable] Update mode to 1536x2048p55, type: 16(if:60) for vp2 dclk: 192000000
06-09 15:44:26.991 347 347 I rockchip-vop2 fdd90000.vop: [drm:vop2_crtc_atomic_enable] dclk_out2 div: 2 dclk_core2 div: 1
06-09 15:44:26.991 347 347 I rockchip-vop2 fdd90000.vop: [drm:vop2_crtc_atomic_enable] set dclk_vop2 to 96000000, get 96000000
06-09 15:44:27.259 427 427 W : abc audioDBG [es8323_mute] start mute:1
06-09 15:44:27.259 427 427 I [Awinic] [3-0058]aw_acf_get_prof_desc_form_name: get prof desc down
06-09 15:44:27.260 427 427 I [Awinic] [3-005b]aw_acf_get_prof_desc_form_name: get prof desc down
06-09 15:44:27.502 347 347 I dw-mipi-dsi2 fde20000.dsi: [drm:dw_mipi_dsi2_encoder_enable] final DSI-Link bandwidth: 639999 x 8 Kbps
06-09 15:44:27.619 357 357 E rockchip-vop2 fdd90000.vop: [drm:vop2_wait_power_domain_off] *ERROR* wait pd7 off timeout power_ctrl: 0x7f
06-09 15:44:24.551 526 549 D RILU : find_pci_device is 0
06-09 15:44:24.551 526 549 D RILC : PCI can't find at device
06-09 15:44:24.554 526 549 D RILC : USB can't find at device
06-09 15:44:30.611 18417 18417 W : abc audioDBG [es8323_mute] start mute:0
06-09 15:44:30.621 18417 18417 I [Awinic] [3-0058]aw_acf_get_prof_desc_form_name: get prof desc down
06-09 15:44:30.635 18417 18417 I [Awinic] [3-005b]aw_acf_get_prof_desc_form_name: get prof desc down
06-09 15:44:27.554 526 549 D RILU : find_pci_device is 0
06-09 15:44:27.555 526 549 D RILC : PCI can't find at device
06-09 15:44:27.556 526 549 D RILC : USB can't find at device
06-09 15:44:31.940 427 427 W : abc audioDBG [es8323_mute] start mute:1
06-09 15:44:31.940 427 427 I [Awinic] [3-0058]aw_acf_get_prof_desc_form_name: get prof desc down
06-09 15:44:31.940 427 427 I [Awinic] [3-005b]aw_acf_get_prof_desc_form_name: get prof desc down
06-09 15:44:30.557 526 549 D RILU : find_pci_device is 0
06-09 15:44:30.557 526 549 D RILC : PCI can't find at device
06-09 15:44:30.560 526 549 D RILC : USB can't find at device
06-09 15:44:34.837 439 439 W healthd : battery l=48 v=7534 t=33.5 h=1 st=3 c=-512000 fc=9700000 chg=
06-09 15:44:33.561 526 549 D RILU : find_pci_device is 0
06-09 15:44:33.561 526 549 D RILC : PCI can't find at device
06-09 15:44:33.564 526 549 D RILC : USB can't find at device
06-09 15:44:36.565 526 549 D RILU : find_pci_device is 0
06-09 15:44:36.565 526 549 D RILC : PCI can't find at device
06-09 15:44:36.568 526 549 D RILC : USB can't find at device
06-09 15:44:39.569 526 549 D RILU : find_pci_device is 0
06-09 15:44:39.569 526 549 D RILC : PCI can't find at device
06-09 15:44:39.573 526 549 D RILC : USB can't find at device
06-09 15:44:42.574 526 549 D RILU : find_pci_device is 0
06-09 15:44:42.574 526 549 D RILC : PCI can't find at device
06-09 15:44:42.577 526 549 D RILC : USB can't find at device
06-09 15:44:45.578 526 549 D RILU : find_pci_device is 0
06-09 15:44:45.578 526 549 D RILC : PCI can't find at device
06-09 15:44:45.581 526 549 D RILC : USB can't find at device
06-09 15:44:48.582 526 549 D RILU : find_pci_device is 0
06-09 15:44:48.582 526 549 D RILC : PCI can't find at device
06-09 15:44:48.585 526 549 D RILC : USB can't find at device
06-09 15:44:51.586 526 549 D RILU : find_pci_device is 0
06-09 15:44:51.587 526 549 D RILC : PCI can't find at device
06-09 15:44:51.590 526 549 D RILC : USB can't find at device
06-09 15:44:54.590 526 549 D RILU : find_pci_device is 0
06-09 15:44:54.591 526 549 D RILC : PCI can't find at device
06-09 15:44:54.594 526 549 D RILC : USB can't find at device
06-09 15:44:57.594 526 549 D RILU : find_pci_device is 0
06-09 15:44:57.595 526 549 D RILC : PCI can't find at device
06-09 15:44:57.598 526 549 D RILC : USB can't find at device
06-09 15:45:00.598 526 549 D RILU : find_pci_device is 0
06-09 15:45:00.598 526 549 D RILC : PCI can't find at device
06-09 15:45:00.602 526 549 D RILC : USB can't find at device
06-09 15:45:03.602 526 549 D RILU : find_pci_device is 0
06-09 15:45:03.604 526 549 D RILC : PCI can't find at device
06-09 15:45:03.607 526 549 D RILC : USB can't find at device
06-09 15:45:04.883 851 851 D RILJ : [0885]> GET_ACTIVITY_INFO [PHONE0]
06-09 15:45:04.884 526 526 D RILC : onRequest: GET_ACTIVITY_INFO
06-09 15:45:04.884 526 526 E RILC : getModemActivityInfoResponse Invalid response: NULL
06-09 15:45:04.885 851 1064 D RILJ : [0885]< GET_ACTIVITY_INFO ModemActivityInfo{ mTimestamp=0 mSleepTimeMs=0 mIdleTimeMs=0 mTxTimeMs[]=[0, 0, 0, 0, 0] mRxTimeMs=0} [PHONE0]
06-09 15:45:06.607 526 549 D RILU : find_pci_device is 0
06-09 15:45:06.608 526 549 D RILC : PCI can't find at device
06-09 15:45:06.610 526 549 D RILC : USB can't find at device
06-09 15:45:09.611 526 549 D RILU : find_pci_device is 0
06-09 15:45:09.611 526 549 D RILC : PCI can't find at device
06-09 15:45:09.612 526 549 D RILC : USB can't find at device
06-09 15:45:12.613 526 549 D RILU : find_pci_device is 0
06-09 15:45:12.613 526 549 D RILC : PCI can't find at device
06-09 15:45:12.616 526 549 D RILC : USB can't find at device
06-09 15:45:15.616 526 549 D RILU : find_pci_device is 0
06-09 15:45:15.616 526 549 D RILC : PCI can't find at device
06-09 15:45:15.620 526 549 D RILC : USB can't find at device
06-09 15:45:18.620 526 549 D RILU : find_pci_device is 0
06-09 15:45:18.620 526 549 D RILC : PCI can't find at device
06-09 15:45:18.623 526 549 D RILC : USB can't find at device
06-09 15:45:21.624 526 549 D RILU : find_pci_device is 0
06-09 15:45:21.624 526 549 D RILC : PCI can't find at device
06-09 15:45:21.627 526 549 D RILC : USB can't find at device
06-09 15:45:24.628 526 549 D RILU : find_pci_device is 0
06-09 15:45:24.628 526 549 D RILC : PCI can't find at device
06-09 15:45:24.631 526 549 D RILC : USB can't find at device
06-09 15:45:30.019 1 1 I init : processing action (debug.beidou_entersuspend=*) from (/system/etc/init/hw/init.rc:1286)
06-09 15:45:30.021 1 1 W : debug.beidou_entersuspend $PMTK161,0*28\r\n
06-09 15:45:30.022 1 1 I init : starting service 'gps_suspend'...
06-09 15:45:30.044 1 1 I init : Service 'gps_suspend' (pid 22919) exited with status 0 oneshot service took 0.014000 seconds in background
06-09 15:45:30.044 1 1 I init : Sending signal 9 to service 'gps_suspend' (pid 22919) process group...
06-09 15:45:30.044 1 1 I libprocessgroup: Successfully killed process cgroup uid 0 pid 22919 in 0ms
06-09 15:45:30.556 460 460 I gsensor_mxc6655 5-0015: set sensor poll time to 200ms
06-09 15:45:26.860 851 851 D RILJ : [0886]> SEND_DEVICE_STATE 2:true [PHONE0]
06-09 15:45:26.861 526 526 D RILC : sendDeviceState: calling screen state 0
06-09 15:45:26.861 526 526 D RILC : onRequest: SCREEN_STATE datalen=4 request_value:61
06-09 15:45:26.861 851 1064 D RILJ : [0886]< SEND_DEVICE_STATE [PHONE0]
06-09 15:45:26.865 851 851 D RILJ : [0887]> SET_UNSOLICITED_RESPONSE_FILTER 32 [PHONE0]
06-09 15:45:26.865 851 1064 D RILJ : [0887]< SET_UNSOLICITED_RESPONSE_FILTER error 6 [PHONE0]
06-09 15:45:26.865 851 1064 D RilRequest: [0887]< SET_UNSOLICITED_RESPONSE_FILTER error: com.android.internal.telephony.CommandException: REQUEST_NOT_SUPPORTED ret= result=null
06-09 15:45:26.866 851 851 E RILJ : setSignalStrengthReportingCriteria ignored on IRadio version less than 1.2 [PHONE0]
06-09 15:45:26.866 851 851 E RILJ : setSignalStrengthReportingCriteria ignored on IRadio version less than 1.2 [PHONE0]
06-09 15:45:26.866 851 851 E RILJ : setSignalStrengthReportingCriteria ignored on IRadio version less than 1.2 [PHONE0]
06-09 15:45:26.866 851 851 D NetworkTypeController: [0] LegacyState: process EVENT_PHYSICAL_CHANNEL_CONFIG_NOTIF_CHANGED
06-09 15:45:26.866 851 851 D NetworkTypeController: [0] Remove all timers
06-09 15:45:26.866 851 851 D NetworkTypeController: [0] DefaultState: process EVENT_PHYSICAL_CHANNEL_CONFIG_NOTIF_CHANGED
06-09 15:45:26.866 851 851 D NetworkTypeController: [0] mIsPhysicalChannelConfigOn changed to: false
06-09 15:45:26.866 851 851 D NetworkTypeController: [0] Remove all timers
06-09 15:45:30.603 439 439 W healthd : battery l=48 v=7540 t=34.0 h=1 st=3 c=-256000 fc=9700000 chg=
06-09 15:45:30.908 347 347 I rockchip-vop2 fdd90000.vop: [drm:vop2_crtc_atomic_disable] Crtc atomic disable vp2
06-09 15:45:30.916 347 347 E rockchip-vop2 fdd90000.vop: [drm:vop2_crtc_atomic_disable] *ERROR* unexpected power on pd7
06-09 15:45:27.219 851 851 D DCT-C-0 : screen off
06-09 15:45:27.219 851 851 D DCT-C-0 : stopNetStatPoll
06-09 15:45:27.632 526 549 D RILU : find_pci_device is 0
06-09 15:45:27.632 526 549 D RILC : PCI can't find at device
06-09 15:45:27.635 526 549 D RILC : USB can't find at device
06-09 15:45:30.636 526 549 D RILU : find_pci_device is 0
06-09 15:45:30.636 526 549 D RILC : PCI can't find at device
06-09 15:45:30.639 526 549 D RILC : USB can't find at device
06-09 15:45:33.640 526 549 D RILU : find_pci_device is 0
06-09 15:45:33.640 526 549 D RILC : PCI can't find at device
06-09 15:45:33.643 526 549 D RILC : USB can't find at device
06-09 15:45:36.644 526 549 D RILU : find_pci_device is 0
06-09 15:45:36.644 526 549 D RILC : PCI can't find at device
06-09 15:45:36.647 526 549 D RILC : USB can't find at device
06-09 15:45:39.648 526 549 D RILU : find_pci_device is 0
06-09 15:45:39.648 526 549 D RILC : PCI can't find at device
06-09 15:45:39.651 526 549 D RILC : USB can't find at device
06-09 15:45:42.652 526 549 D RILU : find_pci_device is 0
06-09 15:45:42.652 526 549 D RILC : PCI can't find at device
06-09 15:45:42.653 526 549 D RILC : USB can't find at device
06-09 15:45:45.654 526 549 D RILU : find_pci_device is 0
06-09 15:45:45.654 526 549 D RILC : PCI can't find at device
06-09 15:45:45.657 526 549 D RILC : USB can't find at device
06-09 15:45:48.658 526 549 D RILU : find_pci_device is 0
06-09 15:45:48.658 526 549 D RILC : PCI can't find at device
06-09 15:45:48.661 526 549 D RILC : USB can't find at device
06-09 15:45:51.662 526 549 D RILU : find_pci_device is 0
06-09 15:45:51.662 526 549 D RILC : PCI can't find at device
06-09 15:45:51.663 526 549 D RILC : USB can't find at device
06-09 15:45:54.664 526 549 D RILU : find_pci_device is 0
06-09 15:45:54.664 526 549 D RILC : PCI can't find at device
06-09 15:45:54.667 526 549 D RILC : USB can't find at device
06-09 15:45:57.668 526 549 D RILU : find_pci_device is 0
06-09 15:45:57.668 526 549 D RILC : PCI can't find at device
06-09 15:45:57.671 526 549 D RILC : USB can't find at device
06-09 15:46:00.672 526 549 D RILU : find_pci_device is 0
06-09 15:46:00.672 526 549 D RILC : PCI can't find at device
06-09 15:46:00.675 526 549 D RILC : USB can't find at device
06-09 15:46:03.676 526 549 D RILU : find_pci_device is 0
06-09 15:46:03.676 526 549 D RILC : PCI can't find at device
06-09 15:46:03.679 526 549 D RILC : USB can't find at device
06-09 15:46:06.680 526 549 D RILU : find_pci_device is 0
06-09 15:46:06.680 526 549 D RILC : PCI can't find at device
06-09 15:46:06.683 526 549 D RILC : USB can't find at device
06-09 15:46:09.684 526 549 D RILU : find_pci_device is 0
06-09 15:46:09.684 526 549 D RILC : PCI can't find at device
06-09 15:46:09.687 526 549 D RILC : USB can't find at device
06-09 15:46:12.688 526 549 D RILU : find_pci_device is 0
