06-09 15:34:38.644 427 427 I [Awinic] [3-005b]aw_acf_get_prof_desc_form_name: get prof desc down
06-09 15:34:38.653 460 460 I gsensor_mxc6655 5-0015: set sensor poll time to 66ms
06-09 15:34:38.685 18417 18417 W : abc audioDBG [es8323_mute] start mute:0
06-09 15:34:38.695 18417 18417 I [Awinic] [3-0058]aw_acf_get_prof_desc_form_name: get prof desc down
06-09 15:34:38.710 18417 18417 I [Awinic] [3-005b]aw_acf_get_prof_desc_form_name: get prof desc down
06-09 15:34:39.091 347 347 I dw-mipi-dsi2 fde20000.dsi: [drm:dw_mipi_dsi2_encoder_enable] final DSI-Link bandwidth: 639999 x 8 Kbps
06-09 15:34:39.519 357 357 E rockchip-vop2 fdd90000.vop: [drm:vop2_wait_power_domain_off] *ERROR* wait pd7 off timeout power_ctrl: 0x7a
06-09 15:34:35.870 526 549 D RILU : find_pci_device is 0
06-09 15:34:35.870 526 549 D RILC : PCI can't find at device
06-09 15:34:35.875 526 549 D RILC : USB can't find at device
06-09 15:34:40.460 427 427 W : abc audioDBG [es8323_mute] start mute:1
06-09 15:34:40.460 427 427 I [Awinic] [3-0058]aw_acf_get_prof_desc_form_name: get prof desc down
06-09 15:34:40.460 427 427 I [Awinic] [3-005b]aw_acf_get_prof_desc_form_name: get prof desc down
06-09 15:34:41.345 1 1 I init : processing action (debug.beidou_entersuspend=*) from (/system/etc/init/hw/init.rc:1286)
06-09 15:34:41.362 1 1 W : debug.beidou_entersuspend $PMTK161,0*28\r\n
06-09 15:34:41.366 1 1 I init : starting service 'gps_suspend'...
06-09 15:34:41.375 1 1 I init : Service 'gps_suspend' (pid 14119) exited with status 0 oneshot service took 0.005000 seconds in background
06-09 15:34:41.375 1 1 I init : Sending signal 9 to service 'gps_suspend' (pid 14119) process group...
06-09 15:34:41.375 1 1 I libprocessgroup: Successfully killed process cgroup uid 0 pid 14119 in 0ms
06-09 15:34:41.382 18417 18417 W : abc audioDBG [es8323_mute] start mute:0
06-09 15:34:41.392 18417 18417 I [Awinic] [3-0058]aw_acf_get_prof_desc_form_name: get prof desc down
06-09 15:34:41.407 18417 18417 I [Awinic] [3-005b]aw_acf_get_prof_desc_form_name: get prof desc down
06-09 15:34:41.851 460 460 I gsensor_mxc6655 5-0015: set sensor poll time to 200ms
06-09 15:34:38.151 851 851 D RILJ : [0499]> SEND_DEVICE_STATE 2:true [PHONE0]
06-09 15:34:38.152 526 526 D RILC : sendDeviceState: calling screen state 0
06-09 15:34:38.152 526 526 D RILC : onRequest: SCREEN_STATE datalen=4 request_value:61
06-09 15:34:38.152 851 1064 D RILJ : [0499]< SEND_DEVICE_STATE [PHONE0]
06-09 15:34:38.153 851 851 D RILJ : [0500]> SET_UNSOLICITED_RESPONSE_FILTER 32 [PHONE0]
06-09 15:34:38.153 851 1064 D RILJ : [0500]< SET_UNSOLICITED_RESPONSE_FILTER error 6 [PHONE0]
06-09 15:34:38.153 851 1064 D RilRequest: [0500]< SET_UNSOLICITED_RESPONSE_FILTER error: com.android.internal.telephony.CommandException: REQUEST_NOT_SUPPORTED ret= result=null
06-09 15:34:38.154 851 851 E RILJ : setSignalStrengthReportingCriteria ignored on IRadio version less than 1.2 [PHONE0]
06-09 15:34:38.154 851 851 E RILJ : setSignalStrengthReportingCriteria ignored on IRadio version less than 1.2 [PHONE0]
06-09 15:34:38.154 851 851 E RILJ : setSignalStrengthReportingCriteria ignored on IRadio version less than 1.2 [PHONE0]
06-09 15:34:38.154 851 851 D NetworkTypeController: [0] LegacyState: process EVENT_PHYSICAL_CHANNEL_CONFIG_NOTIF_CHANGED
06-09 15:34:38.154 851 851 D NetworkTypeController: [0] Remove all timers
06-09 15:34:38.154 851 851 D NetworkTypeController: [0] DefaultState: process EVENT_PHYSICAL_CHANNEL_CONFIG_NOTIF_CHANGED
06-09 15:34:38.155 851 851 D NetworkTypeController: [0] mIsPhysicalChannelConfigOn changed to: false
06-09 15:34:38.155 851 851 D NetworkTypeController: [0] Remove all timers
06-09 15:34:41.887 439 439 W healthd : battery l=51 v=7550 t=34.0 h=1 st=3 c=-512000 fc=9700000 chg=
06-09 15:34:42.195 347 347 I rockchip-vop2 fdd90000.vop: [drm:vop2_crtc_atomic_disable] Crtc atomic disable vp2
06-09 15:34:42.209 347 347 E rockchip-vop2 fdd90000.vop: [drm:vop2_crtc_atomic_disable] *ERROR* unexpected power on pd7
06-09 15:34:38.517 851 851 D DCT-C-0 : screen off
06-09 15:34:38.517 851 851 D DCT-C-0 : stopNetStatPoll
06-09 15:34:42.369 1 1 I init : processing action (debug.beidou_leavesuspend=*) from (/system/etc/init/hw/init.rc:1293)
06-09 15:34:38.663 851 851 D RILJ : [0501]> SEND_DEVICE_STATE 2:false [PHONE0]
06-09 15:34:42.370 1 1 W : debug.beidou_leavesuspend wakeup
06-09 15:34:42.387 460 460 I gsensor_mxc6655 5-0015: set sensor poll time to 200ms
06-09 15:34:38.664 526 526 D RILC : sendDeviceState: calling screen state 1
06-09 15:34:38.664 526 526 D RILC : onRequest: SCREEN_STATE datalen=4 request_value:61
06-09 15:34:38.664 851 851 D RILJ : [0502]> SET_UNSOLICITED_RESPONSE_FILTER 127 [PHONE0]
06-09 15:34:38.665 851 1064 D RILJ : [0501]< SEND_DEVICE_STATE [PHONE0]
06-09 15:34:38.665 851 1064 D RILJ : [0502]< SET_UNSOLICITED_RESPONSE_FILTER error 6 [PHONE0]
06-09 15:34:38.666 851 1064 D RilRequest: [0502]< SET_UNSOLICITED_RESPONSE_FILTER error: com.android.internal.telephony.CommandException: REQUEST_NOT_SUPPORTED ret= result=null
06-09 15:34:42.388 460 460 I gsensor_mxc6655 5-0015: sensor on: starting poll sensor data 196ms
06-09 15:34:38.668 851 851 E RILJ : setSignalStrengthReportingCriteria ignored on IRadio version less than 1.2 [PHONE0]
06-09 15:34:38.668 851 851 E RILJ : setSignalStrengthReportingCriteria ignored on IRadio version less than 1.2 [PHONE0]
06-09 15:34:38.668 851 851 E RILJ : setSignalStrengthReportingCriteria ignored on IRadio version less than 1.2 [PHONE0]
06-09 15:34:38.669 851 851 D NetworkTypeController: [0] LegacyState: process EVENT_PHYSICAL_CHANNEL_CONFIG_NOTIF_CHANGED
06-09 15:34:38.669 851 851 D NetworkTypeController: [0] Remove all timers
06-09 15:34:38.669 851 851 D NetworkTypeController: [0] DefaultState: process EVENT_PHYSICAL_CHANNEL_CONFIG_NOTIF_CHANGED
06-09 15:34:38.669 851 851 D NetworkTypeController: [0] mIsPhysicalChannelConfigOn changed to: true
06-09 15:34:42.407 439 439 W healthd : battery l=51 v=7550 t=34.0 h=1 st=3 c=-512000 fc=9700000 chg=
06-09 15:34:38.700 851 851 D DCT-C-0 : screen on
06-09 15:34:38.700 851 851 D DCT-C-0 : stopNetStatPoll
06-09 15:34:42.443 347 347 I rockchip-vop2 fdd90000.vop: [drm:vop2_crtc_atomic_enable] Update mode to 1536x2048p55, type: 16(if:60) for vp2 dclk: 192000000
06-09 15:34:42.444 347 347 I rockchip-vop2 fdd90000.vop: [drm:vop2_crtc_atomic_enable] dclk_out2 div: 2 dclk_core2 div: 1
06-09 15:34:42.444 347 347 I rockchip-vop2 fdd90000.vop: [drm:vop2_crtc_atomic_enable] set dclk_vop2 to 96000000, get 96000000
06-09 15:34:42.524 460 460 I gsensor_mxc6655 5-0015: set sensor poll time to 66ms
06-09 15:34:38.876 526 549 D RILU : find_pci_device is 0
06-09 15:34:38.876 526 549 D RILC : PCI can't find at device
06-09 15:34:38.877 526 549 D RILC : USB can't find at device
06-09 15:34:42.951 347 347 I dw-mipi-dsi2 fde20000.dsi: [drm:dw_mipi_dsi2_encoder_enable] final DSI-Link bandwidth: 639999 x 8 Kbps
06-09 15:34:43.346 357 357 E rockchip-vop2 fdd90000.vop: [drm:vop2_wait_power_domain_off] *ERROR* wait pd7 off timeout power_ctrl: 0x7a
06-09 15:34:43.874 1 1 I init : processing action (debug.beidou_entersuspend=*) from (/system/etc/init/hw/init.rc:1286)
06-09 15:34:43.875 1 1 W : debug.beidou_entersuspend $PMTK161,0*28\r\n
06-09 15:34:43.876 1 1 I init : starting service 'gps_suspend'...
06-09 15:34:43.899 1 1 I init : Service 'gps_suspend' (pid 14152) exited with status 0 oneshot service took 0.013000 seconds in background
06-09 15:34:43.899 1 1 I init : Sending signal 9 to service 'gps_suspend' (pid 14152) process group...
06-09 15:34:44.365 444 444 I gsensor_mxc6655 5-0015: set sensor poll time to 200ms
06-09 15:34:40.667 851 851 D RILJ : [0503]> SEND_DEVICE_STATE 2:true [PHONE0]
06-09 15:34:40.667 526 526 D RILC : sendDeviceState: calling screen state 0
06-09 15:34:40.667 526 526 D RILC : onRequest: SCREEN_STATE datalen=4 request_value:61
06-09 15:34:40.668 851 1064 D RILJ : [0503]< SEND_DEVICE_STATE [PHONE0]
06-09 15:34:40.668 851 851 D RILJ : [0504]> SET_UNSOLICITED_RESPONSE_FILTER 32 [PHONE0]
06-09 15:34:40.669 851 1064 D RILJ : [0504]< SET_UNSOLICITED_RESPONSE_FILTER error 6 [PHONE0]
06-09 15:34:40.669 851 1064 D RilRequest: [0504]< SET_UNSOLICITED_RESPONSE_FILTER error: com.android.internal.telephony.CommandException: REQUEST_NOT_SUPPORTED ret= result=null
06-09 15:34:40.671 851 851 E RILJ : setSignalStrengthReportingCriteria ignored on IRadio version less than 1.2 [PHONE0]
06-09 15:34:40.671 851 851 E RILJ : setSignalStrengthReportingCriteria ignored on IRadio version less than 1.2 [PHONE0]
06-09 15:34:40.671 851 851 E RILJ : setSignalStrengthReportingCriteria ignored on IRadio version less than 1.2 [PHONE0]
06-09 15:34:40.671 851 851 D NetworkTypeController: [0] LegacyState: process EVENT_PHYSICAL_CHANNEL_CONFIG_NOTIF_CHANGED
06-09 15:34:40.671 851 851 D NetworkTypeController: [0] Remove all timers
06-09 15:34:40.671 851 851 D NetworkTypeController: [0] DefaultState: process EVENT_PHYSICAL_CHANNEL_CONFIG_NOTIF_CHANGED
06-09 15:34:40.671 851 851 D NetworkTypeController: [0] mIsPhysicalChannelConfigOn changed to: false
06-09 15:34:40.671 851 851 D NetworkTypeController: [0] Remove all timers
06-09 15:34:44.402 439 439 W healthd : battery l=51 v=7550 t=34.0 h=1 st=3 c=-512000 fc=9700000 chg=
06-09 15:34:44.728 347 347 I rockchip-vop2 fdd90000.vop: [drm:vop2_crtc_atomic_disable] Crtc atomic disable vp2
06-09 15:34:44.739 347 347 E rockchip-vop2 fdd90000.vop: [drm:vop2_crtc_atomic_disable] *ERROR* unexpected power on pd7
06-09 15:34:41.043 851 851 D DCT-C-0 : screen off
06-09 15:34:41.044 851 851 D DCT-C-0 : stopNetStatPoll
06-09 15:34:44.891 1 1 W : debug.beidou_leavesuspend wakeup
06-09 15:34:44.908 460 460 I gsensor_mxc6655 5-0015: set sensor poll time to 200ms
06-09 15:34:41.184 851 851 D RILJ : [0505]> SEND_DEVICE_STATE 2:false [PHONE0]
06-09 15:34:41.185 526 526 D RILC : sendDeviceState: calling screen state 1
06-09 15:34:41.185 526 526 D RILC : onRequest: SCREEN_STATE datalen=4 request_value:61
06-09 15:34:41.185 851 1064 D RILJ : [0505]< SEND_DEVICE_STATE [PHONE0]
06-09 15:34:41.186 851 851 D RILJ : [0506]> SET_UNSOLICITED_RESPONSE_FILTER 127 [PHONE0]
06-09 15:34:44.909 460 460 I gsensor_mxc6655 5-0015: sensor on: starting poll sensor data 196ms
06-09 15:34:41.187 851 1064 D RILJ : [0506]< SET_UNSOLICITED_RESPONSE_FILTER error 6 [PHONE0]
06-09 15:34:41.187 851 1064 D RilRequest: [0506]< SET_UNSOLICITED_RESPONSE_FILTER error: com.android.internal.telephony.CommandException: REQUEST_NOT_SUPPORTED ret= result=null
06-09 15:34:41.187 851 851 E RILJ : setSignalStrengthReportingCriteria ignored on IRadio version less than 1.2 [PHONE0]
06-09 15:34:41.187 851 851 E RILJ : setSignalStrengthReportingCriteria ignored on IRadio version less than 1.2 [PHONE0]
06-09 15:34:41.187 851 851 E RILJ : setSignalStrengthReportingCriteria ignored on IRadio version less than 1.2 [PHONE0]
06-09 15:34:41.187 851 851 D NetworkTypeController: [0] LegacyState: process EVENT_PHYSICAL_CHANNEL_CONFIG_NOTIF_CHANGED
06-09 15:34:41.187 851 851 D NetworkTypeController: [0] Remove all timers
06-09 15:34:41.187 851 851 D NetworkTypeController: [0] DefaultState: process EVENT_PHYSICAL_CHANNEL_CONFIG_NOTIF_CHANGED
06-09 15:34:41.187 851 851 D NetworkTypeController: [0] mIsPhysicalChannelConfigOn changed to: true
06-09 15:34:44.912 439 439 W healthd : battery l=51 v=7550 t=34.0 h=1 st=3 c=-256000 fc=9700000 chg=
06-09 15:34:41.224 851 851 D DCT-C-0 : screen on
06-09 15:34:41.224 851 851 D DCT-C-0 : stopNetStatPoll
06-09 15:34:44.963 347 347 I rockchip-vop2 fdd90000.vop: [drm:vop2_crtc_atomic_enable] Update mode to 1536x2048p55, type: 16(if:60) for vp2 dclk: 192000000
06-09 15:34:44.964 347 347 I rockchip-vop2 fdd90000.vop: [drm:vop2_crtc_atomic_enable] dclk_out2 div: 2 dclk_core2 div: 1
06-09 15:34:44.964 347 347 I rockchip-vop2 fdd90000.vop: [drm:vop2_crtc_atomic_enable] set dclk_vop2 to 96000000, get 96000000
06-09 15:34:44.994 460 460 I gsensor_mxc6655 5-0015: set sensor poll time to 66ms
06-09 15:34:45.468 347 347 I dw-mipi-dsi2 fde20000.dsi: [drm:dw_mipi_dsi2_encoder_enable] final DSI-Link bandwidth: 639999 x 8 Kbps
06-09 15:34:45.583 357 357 E rockchip-vop2 fdd90000.vop: [drm:vop2_wait_power_domain_off] *ERROR* wait pd7 off timeout power_ctrl: 0x7f
06-09 15:34:41.878 526 549 D RILU : find_pci_device is 0
06-09 15:34:41.878 526 549 D RILC : PCI can't find at device
06-09 15:34:41.880 526 549 D RILC : USB can't find at device
06-09 15:34:46.316 427 427 W : abc audioDBG [es8323_mute] start mute:1
06-09 15:34:46.316 427 427 I [Awinic] [3-0058]aw_acf_get_prof_desc_form_name: get prof desc down
06-09 15:34:46.316 427 427 I [Awinic] [3-005b]aw_acf_get_prof_desc_form_name: get prof desc down
06-09 15:34:46.546 1 1 I init : processing action (debug.beidou_entersuspend=*) from (/system/etc/init/hw/init.rc:1286)
06-09 15:34:46.546 1 1 W : debug.beidou_entersuspend $PMTK161,0*28\r\n
06-09 15:34:46.546 1 1 I init : starting service 'gps_suspend'...
06-09 15:34:46.580 18417 18417 W : abc audioDBG [es8323_mute] start mute:0
06-09 15:34:46.585 1 1 I init : Service 'gps_suspend' (pid 14185) exited with status 0 oneshot service took 0.028000 seconds in background
06-09 15:34:46.585 1 1 I init : Sending signal 9 to service 'gps_suspend' (pid 14185) process group...
06-09 15:34:46.585 1 1 I libprocessgroup: Successfully killed process cgroup uid 0 pid 14185 in 0ms
06-09 15:34:46.590 18417 18417 I [Awinic] [3-0058]aw_acf_get_prof_desc_form_name: get prof desc down
06-09 15:34:46.604 18417 18417 I [Awinic] [3-005b]aw_acf_get_prof_desc_form_name: get prof desc down
06-09 15:34:47.053 439 439 W healthd : battery l=51 v=7562 t=33.5 h=1 st=3 c=-512000 fc=9700000 chg=
06-09 15:34:47.068 460 460 I gsensor_mxc6655 5-0015: set sensor poll time to 200ms
06-09 15:34:43.358 851 851 D RILJ : [0507]> SEND_DEVICE_STATE 2:true [PHONE0]
06-09 15:34:43.358 526 526 D RILC : sendDeviceState: calling screen state 0
06-09 15:34:43.358 526 526 D RILC : onRequest: SCREEN_STATE datalen=4 request_value:61
06-09 15:34:43.358 851 1064 D RILJ : [0507]< SEND_DEVICE_STATE [PHONE0]
06-09 15:34:43.359 851 851 D RILJ : [0508]> SET_UNSOLICITED_RESPONSE_FILTER 32 [PHONE0]
06-09 15:34:43.359 851 1064 D RILJ : [0508]< SET_UNSOLICITED_RESPONSE_FILTER error 6 [PHONE0]
06-09 15:34:43.359 851 1064 D RilRequest: [0508]< SET_UNSOLICITED_RESPONSE_FILTER error: com.android.internal.telephony.CommandException: REQUEST_NOT_SUPPORTED ret= result=null
06-09 15:34:43.360 851 851 E RILJ : setSignalStrengthReportingCriteria ignored on IRadio version less than 1.2 [PHONE0]
06-09 15:34:43.360 851 851 E RILJ : setSignalStrengthReportingCriteria ignored on IRadio version less than 1.2 [PHONE0]
06-09 15:34:43.360 851 851 E RILJ : setSignalStrengthReportingCriteria ignored on IRadio version less than 1.2 [PHONE0]
06-09 15:34:43.360 851 851 D NetworkTypeController: [0] LegacyState: process EVENT_PHYSICAL_CHANNEL_CONFIG_NOTIF_CHANGED
06-09 15:34:43.360 851 851 D NetworkTypeController: [0] Remove all timers
06-09 15:34:43.360 851 851 D NetworkTypeController: [0] DefaultState: process EVENT_PHYSICAL_CHANNEL_CONFIG_NOTIF_CHANGED
06-09 15:34:43.360 851 851 D NetworkTypeController: [0] mIsPhysicalChannelConfigOn changed to: false
06-09 15:34:43.360 851 851 D NetworkTypeController: [0] Remove all timers
06-09 15:34:47.392 347 347 I rockchip-vop2 fdd90000.vop: [drm:vop2_crtc_atomic_disable] Crtc atomic disable vp2
06-09 15:34:47.405 347 347 E rockchip-vop2 fdd90000.vop: [drm:vop2_crtc_atomic_disable] *ERROR* unexpected power on pd7
06-09 15:34:43.721 851 851 D DCT-C-0 : screen off
06-09 15:34:43.722 851 851 D DCT-C-0 : stopNetStatPoll
06-09 15:34:47.604 1 1 I init : processing action (debug.beidou_leavesuspend=*) from (/system/etc/init/hw/init.rc:1293)
06-09 15:34:43.890 851 851 D RILJ : [0509]> SEND_DEVICE_STATE 2:false [PHONE0]
06-09 15:34:47.605 1 1 W : debug.beidou_leavesuspend wakeup
06-09 15:34:47.614 460 460 I gsensor_mxc6655 5-0015: set sensor poll time to 200ms
06-09 15:34:43.890 526 526 D RILC : sendDeviceState: calling screen state 1
06-09 15:34:43.890 526 526 D RILC : onRequest: SCREEN_STATE datalen=4 request_value:61
06-09 15:34:43.891 851 1064 D RILJ : [0509]< SEND_DEVICE_STATE [PHONE0]
06-09 15:34:43.891 851 851 D RILJ : [0510]> SET_UNSOLICITED_RESPONSE_FILTER 127 [PHONE0]
06-09 15:34:43.892 851 1064 D RILJ : [0510]< SET_UNSOLICITED_RESPONSE_FILTER error 6 [PHONE0]
06-09 15:34:43.892 851 1064 D RilRequest: [0510]< SET_UNSOLICITED_RESPONSE_FILTER error: com.android.internal.telephony.CommandException: REQUEST_NOT_SUPPORTED ret= result=null
06-09 15:34:43.892 851 851 E RILJ : setSignalStrengthReportingCriteria ignored on IRadio version less than 1.2 [PHONE0]
06-09 15:34:43.892 851 851 E RILJ : setSignalStrengthReportingCriteria ignored on IRadio version less than 1.2 [PHONE0]
06-09 15:34:43.892 851 851 E RILJ : setSignalStrengthReportingCriteria ignored on IRadio version less than 1.2 [PHONE0]
06-09 15:34:43.892 851 851 D NetworkTypeController: [0] LegacyState: process EVENT_PHYSICAL_CHANNEL_CONFIG_NOTIF_CHANGED
06-09 15:34:43.892 851 851 D NetworkTypeController: [0] Remove all timers
06-09 15:34:43.892 851 851 D NetworkTypeController: [0] DefaultState: process EVENT_PHYSICAL_CHANNEL_CONFIG_NOTIF_CHANGED
06-09 15:34:43.892 851 851 D NetworkTypeController: [0] mIsPhysicalChannelConfigOn changed to: true
06-09 15:34:47.618 460 460 I gsensor_mxc6655 5-0015: sensor on: starting poll sensor data 196ms
06-09 15:34:47.630 439 439 W healthd : battery l=51 v=7562 t=33.5 h=1 st=3 c=-512000 fc=9700000 chg=
06-09 15:34:43.921 851 851 D DCT-C-0 : screen on
06-09 15:34:43.921 851 851 D DCT-C-0 : stopNetStatPoll
06-09 15:34:47.669 347 347 I rockchip-vop2 fdd90000.vop: [drm:vop2_crtc_atomic_enable] Update mode to 1536x2048p55, type: 16(if:60) for vp2 dclk: 192000000
06-09 15:34:47.670 347 347 I rockchip-vop2 fdd90000.vop: [drm:vop2_crtc_atomic_enable] dclk_out2 div: 2 dclk_core2 div: 1
06-09 15:34:47.670 347 347 I rockchip-vop2 fdd90000.vop: [drm:vop2_crtc_atomic_enable] set dclk_vop2 to 96000000, get 96000000
06-09 15:34:47.705 460 460 I gsensor_mxc6655 5-0015: set sensor poll time to 66ms
06-09 15:34:48.175 347 347 I dw-mipi-dsi2 fde20000.dsi: [drm:dw_mipi_dsi2_encoder_enable] final DSI-Link bandwidth: 639999 x 8 Kbps
06-09 15:34:48.572 357 357 E rockchip-vop2 fdd90000.vop: [drm:vop2_wait_power_domain_off] *ERROR* wait pd7 off timeout power_ctrl: 0x7a
06-09 15:34:44.881 526 549 D RILU : find_pci_device is 0
06-09 15:34:44.881 526 549 D RILC : PCI can't find at device
06-09 15:34:44.884 526 549 D RILC : USB can't find at device
06-09 15:34:49.310 1 1 I init : processing action (debug.beidou_entersuspend=*) from (/system/etc/init/hw/init.rc:1286)
06-09 15:34:49.310 1 1 W : debug.beidou_entersuspend $PMTK161,0*28\r\n
06-09 15:34:49.310 1 1 I init : starting service 'gps_suspend'...
06-09 15:34:49.319 1 1 I init : Service 'gps_suspend' (pid 14224) exited with status 0 oneshot service took 0.006000 seconds in background
06-09 15:34:49.319 1 1 I init : Sending signal 9 to service 'gps_suspend' (pid 14224) process group...
06-09 15:34:49.791 444 444 I gsensor_mxc6655 5-0015: set sensor poll time to 200ms
06-09 15:34:49.801 439 439 W healthd : battery l=51 v=7562 t=33.5 h=1 st=3 c=-512000 fc=9700000 chg=
06-09 15:34:46.090 851 851 D RILJ : [0511]> SEND_DEVICE_STATE 2:true [PHONE0]
06-09 15:34:46.091 526 526 D RILC : sendDeviceState: calling screen state 0
06-09 15:34:46.091 526 526 D RILC : onRequest: SCREEN_STATE datalen=4 request_value:61
06-09 15:34:46.091 851 1064 D RILJ : [0511]< SEND_DEVICE_STATE [PHONE0]
06-09 15:34:46.092 851 851 D RILJ : [0512]> SET_UNSOLICITED_RESPONSE_FILTER 32 [PHONE0]
06-09 15:34:46.092 851 1064 D RILJ : [0512]< SET_UNSOLICITED_RESPONSE_FILTER error 6 [PHONE0]
06-09 15:34:46.092 851 1064 D RilRequest: [0512]< SET_UNSOLICITED_RESPONSE_FILTER error: com.android.internal.telephony.CommandException: REQUEST_NOT_SUPPORTED ret= result=null
06-09 15:34:46.093 851 851 E RILJ : setSignalStrengthReportingCriteria ignored on IRadio version less than 1.2 [PHONE0]
06-09 15:34:46.093 851 851 E RILJ : setSignalStrengthReportingCriteria ignored on IRadio version less than 1.2 [PHONE0]
06-09 15:34:46.093 851 851 E RILJ : setSignalStrengthReportingCriteria ignored on IRadio version less than 1.2 [PHONE0]
06-09 15:34:46.093 851 851 D NetworkTypeController: [0] LegacyState: process EVENT_PHYSICAL_CHANNEL_CONFIG_NOTIF_CHANGED
06-09 15:34:46.093 851 851 D NetworkTypeController: [0] Remove all timers
06-09 15:34:46.093 851 851 D NetworkTypeController: [0] DefaultState: process EVENT_PHYSICAL_CHANNEL_CONFIG_NOTIF_CHANGED
06-09 15:34:46.093 851 851 D NetworkTypeController: [0] mIsPhysicalChannelConfigOn changed to: false
06-09 15:34:46.093 851 851 D NetworkTypeController: [0] Remove all timers
06-09 15:34:50.159 347 347 I rockchip-vop2 fdd90000.vop: [drm:vop2_crtc_atomic_disable] Crtc atomic disable vp2
06-09 15:34:50.166 347 347 E rockchip-vop2 fdd90000.vop: [drm:vop2_crtc_atomic_disable] *ERROR* unexpected power on pd7
06-09 15:34:46.489 851 851 D DCT-C-0 : screen off
06-09 15:34:46.490 851 851 D DCT-C-0 : stopNetStatPoll
06-09 15:34:50.319 1 1 W : debug.beidou_leavesuspend wakeup
06-09 15:34:50.324 444 444 I gsensor_mxc6655 5-0015: set sensor poll time to 200ms
06-09 15:34:50.325 444 444 I gsensor_mxc6655 5-0015: sensor on: starting poll sensor data 196ms
06-09 15:34:46.612 851 851 D RILJ : [0513]> SEND_DEVICE_STATE 2:false [PHONE0]
06-09 15:34:46.613 526 526 D RILC : sendDeviceState: calling screen state 1
06-09 15:34:46.613 526 526 D RILC : onRequest: SCREEN_STATE datalen=4 request_value:61
06-09 15:34:46.613 851 1064 D RILJ : [0513]< SEND_DEVICE_STATE [PHONE0]
06-09 15:34:46.614 851 851 D RILJ : [0514]> SET_UNSOLICITED_RESPONSE_FILTER 127 [PHONE0]
06-09 15:34:46.614 851 1064 D RILJ : [0514]< SET_UNSOLICITED_RESPONSE_FILTER error 6 [PHONE0]
06-09 15:34:46.614 851 1064 D RilRequest: [0514]< SET_UNSOLICITED_RESPONSE_FILTER error: com.android.internal.telephony.CommandException: REQUEST_NOT_SUPPORTED ret= result=null
06-09 15:34:46.614 851 851 E RILJ : setSignalStrengthReportingCriteria ignored on IRadio version less than 1.2 [PHONE0]
06-09 15:34:46.614 851 851 E RILJ : setSignalStrengthReportingCriteria ignored on IRadio version less than 1.2 [PHONE0]
06-09 15:34:46.615 851 851 E RILJ : setSignalStrengthReportingCriteria ignored on IRadio version less than 1.2 [PHONE0]
06-09 15:34:46.615 851 851 D NetworkTypeController: [0] LegacyState: process EVENT_PHYSICAL_CHANNEL_CONFIG_NOTIF_CHANGED
06-09 15:34:46.615 851 851 D NetworkTypeController: [0] Remove all timers
06-09 15:34:46.615 851 851 D NetworkTypeController: [0] DefaultState: process EVENT_PHYSICAL_CHANNEL_CONFIG_NOTIF_CHANGED
06-09 15:34:46.615 851 851 D NetworkTypeController: [0] mIsPhysicalChannelConfigOn changed to: true
06-09 15:34:50.344 439 439 W healthd : battery l=51 v=7562 t=33.5 h=1 st=3 c=-512000 fc=9700000 chg=
06-09 15:34:46.623 851 851 D DCT-C-0 : screen on
06-09 15:34:46.623 851 851 D DCT-C-0 : stopNetStatPoll
06-09 15:34:50.390 347 347 I rockchip-vop2 fdd90000.vop: [drm:vop2_crtc_atomic_enable] Update mode to 1536x2048p55, type: 16(if:60) for vp2 dclk: 192000000
06-09 15:34:50.391 347 347 I rockchip-vop2 fdd90000.vop: [drm:vop2_crtc_atomic_enable] dclk_out2 div: 2 dclk_core2 div: 1
06-09 15:34:50.391 347 347 I rockchip-vop2 fdd90000.vop: [drm:vop2_crtc_atomic_enable] set dclk_vop2 to 96000000, get 96000000
06-09 15:34:50.418 444 444 I gsensor_mxc6655 5-0015: set sensor poll time to 66ms
06-09 15:34:50.898 347 347 I dw-mipi-dsi2 fde20000.dsi: [drm:dw_mipi_dsi2_encoder_enable] final DSI-Link bandwidth: 639999 x 8 Kbps
06-09 15:34:51.288 357 357 E rockchip-vop2 fdd90000.vop: [drm:vop2_wait_power_domain_off] *ERROR* wait pd7 off timeout power_ctrl: 0x7a
06-09 15:34:47.884 526 549 D RILU : find_pci_device is 0
06-09 15:34:47.884 526 549 D RILC : PCI can't find at device
06-09 15:34:47.886 526 549 D RILC : USB can't find at device
06-09 15:34:52.130 1 1 I init : processing action (debug.beidou_entersuspend=*) from (/system/etc/init/hw/init.rc:1286)
06-09 15:34:52.131 1 1 W : debug.beidou_entersuspend $PMTK161,0*28\r\n
06-09 15:34:52.131 1 1 I init : starting service 'gps_suspend'...
06-09 15:34:52.140 1 1 I init : Service 'gps_suspend' (pid 14279) exited with status 0 oneshot service took 0.006000 seconds in background
06-09 15:34:52.140 1 1 I init : Sending signal 9 to service 'gps_suspend' (pid 14279) process group...
06-09 15:34:52.140 1 1 I libprocessgroup: Successfully killed process cgroup uid 0 pid 14279 in 0ms
06-09 15:34:52.619 460 460 I gsensor_mxc6655 5-0015: set sensor poll time to 200ms
06-09 15:34:48.921 851 851 D RILJ : [0515]> SEND_DEVICE_STATE 2:true [PHONE0]
06-09 15:34:48.922 526 526 D RILC : sendDeviceState: calling screen state 0
06-09 15:34:48.922 526 526 D RILC : onRequest: SCREEN_STATE datalen=4 request_value:61
06-09 15:34:48.922 851 1064 D RILJ : [0515]< SEND_DEVICE_STATE [PHONE0]
06-09 15:34:48.923 851 851 D RILJ : [0516]> SET_UNSOLICITED_RESPONSE_FILTER 32 [PHONE0]
06-09 15:34:48.924 851 1064 D RILJ : [0516]< SET_UNSOLICITED_RESPONSE_FILTER error 6 [PHONE0]
06-09 15:34:48.924 851 1064 D RilRequest: [0516]< SET_UNSOLICITED_RESPONSE_FILTER error: com.android.internal.telephony.CommandException: REQUEST_NOT_SUPPORTED ret= result=null
06-09 15:34:48.925 851 851 E RILJ : setSignalStrengthReportingCriteria ignored on IRadio version less than 1.2 [PHONE0]
06-09 15:34:48.925 851 851 E RILJ : setSignalStrengthReportingCriteria ignored on IRadio version less than 1.2 [PHONE0]
06-09 15:34:48.925 851 851 E RILJ : setSignalStrengthReportingCriteria ignored on IRadio version less than 1.2 [PHONE0]
06-09 15:34:48.925 851 851 D NetworkTypeController: [0] LegacyState: process EVENT_PHYSICAL_CHANNEL_CONFIG_NOTIF_CHANGED
06-09 15:34:48.925 851 851 D NetworkTypeController: [0] Remove all timers
06-09 15:34:48.925 851 851 D NetworkTypeController: [0] DefaultState: process EVENT_PHYSICAL_CHANNEL_CONFIG_NOTIF_CHANGED
06-09 15:34:48.925 851 851 D NetworkTypeController: [0] mIsPhysicalChannelConfigOn changed to: false
06-09 15:34:48.925 851 851 D NetworkTypeController: [0] Remove all timers
06-09 15:34:52.661 439 439 W healthd : battery l=51 v=7550 t=33.5 h=1 st=3 c=-512000 fc=9700000 chg=
06-09 15:34:52.965 347 347 I rockchip-vop2 fdd90000.vop: [drm:vop2_crtc_atomic_disable] Crtc atomic disable vp2
06-09 15:34:52.978 347 347 E rockchip-vop2 fdd90000.vop: [drm:vop2_crtc_atomic_disable] *ERROR* unexpected power on pd7
06-09 15:34:49.327 851 851 D DCT-C-0 : screen off
06-09 15:34:49.327 851 851 D DCT-C-0 : stopNetStatPoll
06-09 15:34:49.463 851 851 D RILJ : [0517]> SEND_DEVICE_STATE 2:false [PHONE0]
06-09 15:34:49.463 851 851 D RILJ : [0518]> SET_UNSOLICITED_RESPONSE_FILTER 127 [PHONE0]
06-09 15:34:49.464 526 526 D RILC : sendDeviceState: calling screen state 1
06-09 15:34:49.464 526 526 D RILC : onRequest: SCREEN_STATE datalen=4 request_value:61
06-09 15:34:49.465 851 1064 D RILJ : [0517]< SEND_DEVICE_STATE [PHONE0]
06-09 15:34:49.465 851 1064 D RILJ : [0518]< SET_UNSOLICITED_RESPONSE_FILTER error 6 [PHONE0]
06-09 15:34:49.465 851 1064 D RilRequest: [0518]< SET_UNSOLICITED_RESPONSE_FILTER error: com.android.internal.telephony.CommandException: REQUEST_NOT_SUPPORTED ret= result=null
06-09 15:34:49.466 851 851 E RILJ : setSignalStrengthReportingCriteria ignored on IRadio version less than 1.2 [PHONE0]
06-09 15:34:49.466 851 851 E RILJ : setSignalStrengthReportingCriteria ignored on IRadio version less than 1.2 [PHONE0]
06-09 15:34:49.466 851 851 E RILJ : setSignalStrengthReportingCriteria ignored on IRadio version less than 1.2 [PHONE0]
06-09 15:34:49.466 851 851 D NetworkTypeController: [0] LegacyState: process EVENT_PHYSICAL_CHANNEL_CONFIG_NOTIF_CHANGED
06-09 15:34:49.466 851 851 D NetworkTypeController: [0] Remove all timers
06-09 15:34:49.467 851 851 D NetworkTypeController: [0] DefaultState: process EVENT_PHYSICAL_CHANNEL_CONFIG_NOTIF_CHANGED
06-09 15:34:49.467 851 851 D NetworkTypeController: [0] mIsPhysicalChannelConfigOn changed to: true
06-09 15:34:53.184 1 1 I init : processing action (debug.beidou_leavesuspend=*) from (/system/etc/init/hw/init.rc:1293)
06-09 15:34:53.186 1 1 W : debug.beidou_leavesuspend wakeup
06-09 15:34:53.188 460 460 I gsensor_mxc6655 5-0015: set sensor poll time to 200ms
06-09 15:34:53.193 460 460 I gsensor_mxc6655 5-0015: sensor on: starting poll sensor data 196ms
06-09 15:34:49.486 851 851 D DCT-C-0 : screen on
06-09 15:34:49.486 851 851 D DCT-C-0 : stopNetStatPoll
06-09 15:34:53.208 439 439 W healthd : battery l=51 v=7550 t=33.5 h=1 st=3 c=0 fc=9700000 chg=
06-09 15:34:53.246 347 347 I rockchip-vop2 fdd90000.vop: [drm:vop2_crtc_atomic_enable] Update mode to 1536x2048p55, type: 16(if:60) for vp2 dclk: 192000000
06-09 15:34:53.246 347 347 I rockchip-vop2 fdd90000.vop: [drm:vop2_crtc_atomic_enable] dclk_out2 div: 2 dclk_core2 div: 1
06-09 15:34:53.246 347 347 I rockchip-vop2 fdd90000.vop: [drm:vop2_crtc_atomic_enable] set dclk_vop2 to 96000000, get 96000000
06-09 15:34:53.283 460 460 I gsensor_mxc6655 5-0015: set sensor poll time to 66ms
06-09 15:34:53.752 347 347 I dw-mipi-dsi2 fde20000.dsi: [drm:dw_mipi_dsi2_encoder_enable] final DSI-Link bandwidth: 639999 x 8 Kbps
06-09 15:34:54.149 357 357 E rockchip-vop2 fdd90000.vop: [drm:vop2_wait_power_domain_off] *ERROR* wait pd7 off timeout power_ctrl: 0x7a
06-09 15:34:50.886 526 549 D RILU : find_pci_device is 0
06-09 15:34:50.886 526 549 D RILC : PCI can't find at device
06-09 15:34:50.889 526 549 D RILC : USB can't find at device
06-09 15:34:54.968 1 1 I init : processing action (debug.beidou_entersuspend=*) from (/system/etc/init/hw/init.rc:1286)
06-09 15:34:54.969 1 1 W : debug.beidou_entersuspend $PMTK161,0*28\r\n
06-09 15:34:54.970 1 1 I init : starting service 'gps_suspend'...
06-09 15:34:54.988 1 1 I init : Service 'gps_suspend' (pid 14313) exited with status 0 oneshot service took 0.006000 seconds in background
06-09 15:34:54.988 1 1 I init : Sending signal 9 to service 'gps_suspend' (pid 14313) process group...
06-09 15:34:55.459 460 460 I gsensor_mxc6655 5-0015: set sensor poll time to 200ms
06-09 15:34:51.752 851 851 D RILJ : [0519]> SEND_DEVICE_STATE 2:true [PHONE0]
06-09 15:34:51.752 526 526 D RILC : sendDeviceState: calling screen state 0
06-09 15:34:51.752 526 526 D RILC : onRequest: SCREEN_STATE datalen=4 request_value:61
06-09 15:34:51.752 851 1064 D RILJ : [0519]< SEND_DEVICE_STATE [PHONE0]
06-09 15:34:51.753 851 851 D RILJ : [0520]> SET_UNSOLICITED_RESPONSE_FILTER 32 [PHONE0]
06-09 15:34:51.753 851 1064 D RILJ : [0520]< SET_UNSOLICITED_RESPONSE_FILTER error 6 [PHONE0]
06-09 15:34:51.753 851 1064 D RilRequest: [0520]< SET_UNSOLICITED_RESPONSE_FILTER error: com.android.internal.telephony.CommandException: REQUEST_NOT_SUPPORTED ret= result=null
06-09 15:34:51.754 851 851 E RILJ : setSignalStrengthReportingCriteria ignored on IRadio version less than 1.2 [PHONE0]
06-09 15:34:51.754 851 851 E RILJ : setSignalStrengthReportingCriteria ignored on IRadio version less than 1.2 [PHONE0]
06-09 15:34:51.754 851 851 E RILJ : setSignalStrengthReportingCriteria ignored on IRadio version less than 1.2 [PHONE0]
06-09 15:34:51.754 851 851 D NetworkTypeController: [0] LegacyState: process EVENT_PHYSICAL_CHANNEL_CONFIG_NOTIF_CHANGED
06-09 15:34:51.754 851 851 D NetworkTypeController: [0] Remove all timers
06-09 15:34:51.754 851 851 D NetworkTypeController: [0] DefaultState: process EVENT_PHYSICAL_CHANNEL_CONFIG_NOTIF_CHANGED
06-09 15:34:51.754 851 851 D NetworkTypeController: [0] mIsPhysicalChannelConfigOn changed to: false
06-09 15:34:51.754 851 851 D NetworkTypeController: [0] Remove all timers
06-09 15:34:55.489 439 439 W healthd : battery l=51 v=7550 t=33.5 h=1 st=3 c=-512000 fc=9700000 chg=
06-09 15:34:55.805 347 347 I rockchip-vop2 fdd90000.vop: [drm:vop2_crtc_atomic_disable] Crtc atomic disable vp2
06-09 15:34:55.815 347 347 E rockchip-vop2 fdd90000.vop: [drm:vop2_crtc_atomic_disable] *ERROR* unexpected power on pd7
06-09 15:34:52.130 851 851 D DCT-C-0 : screen off
06-09 15:34:52.130 851 851 D DCT-C-0 : stopNetStatPoll
06-09 15:34:56.010 1 1 W : debug.beidou_leavesuspend wakeup
06-09 15:34:56.019 444 444 I gsensor_mxc6655 5-0015: set sensor poll time to 200ms
06-09 15:34:56.020 444 444 I gsensor_mxc6655 5-0015: sensor on: starting poll sensor data 196ms
06-09 15:34:52.304 851 851 D RILJ : [0521]> SEND_DEVICE_STATE 2:false [PHONE0]
06-09 15:34:52.304 526 526 D RILC : sendDeviceState: calling screen state 1
06-09 15:34:52.304 526 526 D RILC : onRequest: SCREEN_STATE datalen=4 request_value:61
06-09 15:34:52.304 851 1064 D RILJ : [0521]< SEND_DEVICE_STATE [PHONE0]
06-09 15:34:52.305 851 851 D RILJ : [0522]> SET_UNSOLICITED_RESPONSE_FILTER 127 [PHONE0]
06-09 15:34:52.305 851 1064 D RILJ : [0522]< SET_UNSOLICITED_RESPONSE_FILTER error 6 [PHONE0]
06-09 15:34:52.305 851 1064 D RilRequest: [0522]< SET_UNSOLICITED_RESPONSE_FILTER error: com.android.internal.telephony.CommandException: REQUEST_NOT_SUPPORTED ret= result=null
06-09 15:34:52.306 851 851 E RILJ : setSignalStrengthReportingCriteria ignored on IRadio version less than 1.2 [PHONE0]
06-09 15:34:52.306 851 851 E RILJ : setSignalStrengthReportingCriteria ignored on IRadio version less than 1.2 [PHONE0]
06-09 15:34:52.306 851 851 E RILJ : setSignalStrengthReportingCriteria ignored on IRadio version less than 1.2 [PHONE0]
06-09 15:34:52.306 851 851 D NetworkTypeController: [0] LegacyState: process EVENT_PHYSICAL_CHANNEL_CONFIG_NOTIF_CHANGED
06-09 15:34:52.306 851 851 D NetworkTypeController: [0] Remove all timers
06-09 15:34:52.306 851 851 D NetworkTypeController: [0] DefaultState: process EVENT_PHYSICAL_CHANNEL_CONFIG_NOTIF_CHANGED
06-09 15:34:52.306 851 851 D NetworkTypeController: [0] mIsPhysicalChannelConfigOn changed to: true
06-09 15:34:56.043 439 439 W healthd : battery l=51 v=7550 t=33.5 h=1 st=3 c=-512000 fc=9700000 chg=
06-09 15:34:52.322 851 851 D DCT-C-0 : screen on
06-09 15:34:52.325 851 851 D DCT-C-0 : stopNetStatPoll
06-09 15:34:56.083 347 347 I rockchip-vop2 fdd90000.vop: [drm:vop2_crtc_atomic_enable] Update mode to 1536x2048p55, type: 16(if:60) for vp2 dclk: 192000000
06-09 15:34:56.084 347 347 I rockchip-vop2 fdd90000.vop: [drm:vop2_crtc_atomic_enable] dclk_out2 div: 2 dclk_core2 div: 1
06-09 15:34:56.084 347 347 I rockchip-vop2 fdd90000.vop: [drm:vop2_crtc_atomic_enable] set dclk_vop2 to 96000000, get 96000000
06-09 15:34:56.099 444 444 I gsensor_mxc6655 5-0015: set sensor poll time to 66ms
06-09 15:34:56.591 347 347 I dw-mipi-dsi2 fde20000.dsi: [drm:dw_mipi_dsi2_encoder_enable] final DSI-Link bandwidth: 639999 x 8 Kbps
06-09 15:34:56.995 357 357 E rockchip-vop2 fdd90000.vop: [drm:vop2_wait_power_domain_off] *ERROR* wait pd7 off timeout power_ctrl: 0x7a
06-09 15:34:53.890 526 549 D RILU : find_pci_device is 0
06-09 15:34:53.890 526 549 D RILC : PCI can't find at device
06-09 15:34:53.895 526 549 D RILC : USB can't find at device
06-09 15:34:57.933 4266 4266 W : abc audioDBG [es8323_mute] start mute:1
06-09 15:34:57.933 4266 4266 I [Awinic] [3-0058]aw_acf_get_prof_desc_form_name: get prof desc down
06-09 15:34:57.934 4266 4266 I [Awinic] [3-005b]aw_acf_get_prof_desc_form_name: get prof desc down
06-09 15:34:58.137 1 1 I init : processing action (debug.beidou_entersuspend=*) from (/system/etc/init/hw/init.rc:1286)
06-09 15:34:58.138 1 1 W : debug.beidou_entersuspend $PMTK161,0*28\r\n
06-09 15:34:58.139 1 1 I init : starting service 'gps_suspend'...
06-09 15:34:58.169 1 1 I init : Service 'gps_suspend' (pid 14347) exited with status 0 oneshot service took 0.024000 seconds in background
06-09 15:34:58.169 1 1 I init : Sending signal 9 to service 'gps_suspend' (pid 14347) process group...
06-09 15:34:58.169 1 1 I libprocessgroup: Successfully killed process cgroup uid 0 pid 14347 in 0ms
06-09 15:34:58.180 18417 18417 W : abc audioDBG [es8323_mute] start mute:0
06-09 15:34:58.190 18417 18417 I [Awinic] [3-0058]aw_acf_get_prof_desc_form_name: get prof desc down
06-09 15:34:58.204 18417 18417 I [Awinic] [3-005b]aw_acf_get_prof_desc_form_name: get prof desc down
06-09 15:34:58.631 460 460 I gsensor_mxc6655 5-0015: set sensor poll time to 200ms
06-09 15:34:54.926 851 851 D RILJ : [0523]> SEND_DEVICE_STATE 2:true [PHONE0]
06-09 15:34:54.927 526 526 D RILC : sendDeviceState: calling screen state 0
06-09 15:34:54.927 526 526 D RILC : onRequest: SCREEN_STATE datalen=4 request_value:61
06-09 15:34:54.927 851 851 D RILJ : [0524]> SET_UNSOLICITED_RESPONSE_FILTER 32 [PHONE0]
06-09 15:34:54.927 851 1064 D RILJ : [0523]< SEND_DEVICE_STATE [PHONE0]
06-09 15:34:54.928 851 1064 D RILJ : [0524]< SET_UNSOLICITED_RESPONSE_FILTER error 6 [PHONE0]
06-09 15:34:54.928 851 1064 D RilRequest: [0524]< SET_UNSOLICITED_RESPONSE_FILTER error: com.android.internal.telephony.CommandException: REQUEST_NOT_SUPPORTED ret= result=null
06-09 15:34:54.928 851 851 E RILJ : setSignalStrengthReportingCriteria ignored on IRadio version less than 1.2 [PHONE0]
06-09 15:34:54.928 851 851 E RILJ : setSignalStrengthReportingCriteria ignored on IRadio version less than 1.2 [PHONE0]
06-09 15:34:54.928 851 851 E RILJ : setSignalStrengthReportingCriteria ignored on IRadio version less than 1.2 [PHONE0]
06-09 15:34:54.929 851 851 D NetworkTypeController: [0] LegacyState: process EVENT_PHYSICAL_CHANNEL_CONFIG_NOTIF_CHANGED
06-09 15:34:54.929 851 851 D NetworkTypeController: [0] Remove all timers
06-09 15:34:54.929 851 851 D NetworkTypeController: [0] DefaultState: process EVENT_PHYSICAL_CHANNEL_CONFIG_NOTIF_CHANGED
06-09 15:34:54.929 851 851 D NetworkTypeController: [0] mIsPhysicalChannelConfigOn changed to: false
06-09 15:34:54.929 851 851 D NetworkTypeController: [0] Remove all timers
06-09 15:34:58.665 439 439 W healthd : battery l=51 v=7576 t=34.0 h=1 st=3 c=-768000 fc=9700000 chg=
06-09 15:34:59.005 360 360 I rockchip-vop2 fdd90000.vop: [drm:vop2_crtc_atomic_disable] Crtc atomic disable vp2
06-09 15:34:59.017 360 360 E rockchip-vop2 fdd90000.vop: [drm:vop2_crtc_atomic_disable] *ERROR* unexpected power on pd7
06-09 15:34:55.339 851 851 D DCT-C-0 : screen off
06-09 15:34:55.339 851 851 D DCT-C-0 : stopNetStatPoll
06-09 15:34:59.168 1 1 I init : processing action (debug.beidou_leavesuspend=*) from (/system/etc/init/hw/init.rc:1293)
06-09 15:34:55.460 851 851 D RILJ : [0525]> SEND_DEVICE_STATE 2:false [PHONE0]
06-09 15:34:55.460 526 526 D RILC : sendDeviceState: calling screen state 1
06-09 15:34:55.460 526 526 D RILC : onRequest: SCREEN_STATE datalen=4 request_value:61
06-09 15:34:55.461 851 851 D RILJ : [0526]> SET_UNSOLICITED_RESPONSE_FILTER 127 [PHONE0]
06-09 15:34:55.461 851 1064 D RILJ : [0525]< SEND_DEVICE_STATE [PHONE0]
06-09 15:34:55.461 851 1064 D RILJ : [0526]< SET_UNSOLICITED_RESPONSE_FILTER error 6 [PHONE0]
06-09 15:34:55.461 851 1064 D RilRequest: [0526]< SET_UNSOLICITED_RESPONSE_FILTER error: com.android.internal.telephony.CommandException: REQUEST_NOT_SUPPORTED ret= result=null
06-09 15:34:55.462 851 851 E RILJ : setSignalStrengthReportingCriteria ignored on IRadio version less than 1.2 [PHONE0]
06-09 15:34:55.462 851 851 E RILJ : setSignalStrengthReportingCriteria ignored on IRadio version less than 1.2 [PHONE0]
06-09 15:34:55.462 851 851 E RILJ : setSignalStrengthReportingCriteria ignored on IRadio version less than 1.2 [PHONE0]
06-09 15:34:55.462 851 851 D NetworkTypeController: [0] LegacyState: process EVENT_PHYSICAL_CHANNEL_CONFIG_NOTIF_CHANGED
06-09 15:34:55.462 851 851 D NetworkTypeController: [0] Remove all timers
06-09 15:34:55.462 851 851 D NetworkTypeController: [0] DefaultState: process EVENT_PHYSICAL_CHANNEL_CONFIG_NOTIF_CHANGED
06-09 15:34:55.462 851 851 D NetworkTypeController: [0] mIsPhysicalChannelConfigOn changed to: true
06-09 15:34:59.170 1 1 W : debug.beidou_leavesuspend wakeup
06-09 15:34:59.193 444 444 I gsensor_mxc6655 5-0015: set sensor poll time to 200ms
06-09 15:34:59.198 444 444 I gsensor_mxc6655 5-0015: sensor on: starting poll sensor data 196ms
06-09 15:34:59.216 439 439 W healthd : battery l=51 v=7576 t=34.0 h=1 st=3 c=-768000 fc=9700000 chg=
06-09 15:34:55.500 851 851 D DCT-C-0 : screen on
06-09 15:34:55.500 851 851 D DCT-C-0 : stopNetStatPoll
06-09 15:34:59.249 360 360 I rockchip-vop2 fdd90000.vop: [drm:vop2_crtc_atomic_enable] Update mode to 1536x2048p55, type: 16(if:60) for vp2 dclk: 192000000
06-09 15:34:59.250 360 360 I rockchip-vop2 fdd90000.vop: [drm:vop2_crtc_atomic_enable] dclk_out2 div: 2 dclk_core2 div: 1
06-09 15:34:59.250 360 360 I rockchip-vop2 fdd90000.vop: [drm:vop2_crtc_atomic_enable] set dclk_vop2 to 96000000, get 96000000
06-09 15:34:59.284 444 444 I gsensor_mxc6655 5-0015: set sensor poll time to 66ms
06-09 15:34:59.755 360 360 I dw-mipi-dsi2 fde20000.dsi: [drm:dw_mipi_dsi2_encoder_enable] final DSI-Link bandwidth: 639999 x 8 Kbps
06-09 15:34:59.853 357 357 E rockchip-vop2 fdd90000.vop: [drm:vop2_wait_power_domain_off] *ERROR* wait pd7 off timeout power_ctrl: 0x7f
06-09 15:34:56.896 526 549 D RILU : find_pci_device is 0
06-09 15:34:56.896 526 549 D RILC : PCI can't find at device
06-09 15:34:56.897 526 549 D RILC : USB can't find at device
06-09 15:35:00.630 427 427 W : abc audioDBG [es8323_mute] start mute:1
06-09 15:35:00.630 427 427 I [Awinic] [3-0058]aw_acf_get_prof_desc_form_name: get prof desc down
06-09 15:35:00.630 427 427 I [Awinic] [3-005b]aw_acf_get_prof_desc_form_name: get prof desc down
06-09 15:35:01.132 1 1 I init : processing action (debug.beidou_entersuspend=*) from (/system/etc/init/hw/init.rc:1286)
06-09 15:35:01.133 1 1 W : debug.beidou_entersuspend $PMTK161,0*28\r\n
06-09 15:35:01.134 1 1 I init : starting service 'gps_suspend'...
06-09 15:35:01.160 1 1 I init : Service 'gps_suspend' (pid 14408) exited with status 0 oneshot service took 0.023000 seconds in background
06-09 15:35:01.160 1 1 I init : Sending signal 9 to service 'gps_suspend' (pid 14408) process group...
06-09 15:35:01.169 18417 18417 W : abc audioDBG [es8323_mute] start mute:0
06-09 15:35:01.179 18417 18417 I [Awinic] [3-0058]aw_acf_get_prof_desc_form_name: get prof desc down
06-09 15:35:01.194 18417 18417 I [Awinic] [3-005b]aw_acf_get_prof_desc_form_name: get prof desc down
06-09 15:35:01.611 444 444 I gsensor_mxc6655 5-0015: set sensor poll time to 200ms
06-09 15:35:01.642 439 439 W healthd : battery l=51 v=7532 t=34.0 h=1 st=3 c=-512000 fc=9700000 chg=
06-09 15:34:57.934 851 851 D RILJ : [0527]> SEND_DEVICE_STATE 2:true [PHONE0]
06-09 15:34:57.935 526 526 D RILC : sendDeviceState: calling screen state 0
06-09 15:34:57.935 526 526 D RILC : onRequest: SCREEN_STATE datalen=4 request_value:61
06-09 15:34:57.935 851 1064 D RILJ : [0527]< SEND_DEVICE_STATE [PHONE0]
06-09 15:34:57.936 851 851 D RILJ : [0528]> SET_UNSOLICITED_RESPONSE_FILTER 32 [PHONE0]
06-09 15:34:57.936 851 1064 D RILJ : [0528]< SET_UNSOLICITED_RESPONSE_FILTER error 6 [PHONE0]
06-09 15:34:57.936 851 1064 D RilRequest: [0528]< SET_UNSOLICITED_RESPONSE_FILTER error: com.android.internal.telephony.CommandException: REQUEST_NOT_SUPPORTED ret= result=null
06-09 15:34:57.936 851 851 E RILJ : setSignalStrengthReportingCriteria ignored on IRadio version less than 1.2 [PHONE0]
06-09 15:34:57.936 851 851 E RILJ : setSignalStrengthReportingCriteria ignored on IRadio version less than 1.2 [PHONE0]
06-09 15:34:57.937 851 851 E RILJ : setSignalStrengthReportingCriteria ignored on IRadio version less than 1.2 [PHONE0]
06-09 15:34:57.937 851 851 D NetworkTypeController: [0] LegacyState: process EVENT_PHYSICAL_CHANNEL_CONFIG_NOTIF_CHANGED
06-09 15:34:57.937 851 851 D NetworkTypeController: [0] Remove all timers
06-09 15:34:57.937 851 851 D NetworkTypeController: [0] DefaultState: process EVENT_PHYSICAL_CHANNEL_CONFIG_NOTIF_CHANGED
06-09 15:34:57.937 851 851 D NetworkTypeController: [0] mIsPhysicalChannelConfigOn changed to: false
06-09 15:34:57.937 851 851 D NetworkTypeController: [0] Remove all timers
06-09 15:35:01.952 360 360 I rockchip-vop2 fdd90000.vop: [drm:vop2_crtc_atomic_disable] Crtc atomic disable vp2
06-09 15:35:01.965 360 360 E rockchip-vop2 fdd90000.vop: [drm:vop2_crtc_atomic_disable] *ERROR* unexpected power on pd7
06-09 15:34:58.296 851 851 D DCT-C-0 : screen off
06-09 15:34:58.297 851 851 D DCT-C-0 : stopNetStatPoll
06-09 15:34:58.506 851 851 D RILJ : [0529]> SEND_DEVICE_STATE 2:false [PHONE0]
06-09 15:34:58.506 526 526 D RILC : sendDeviceState: calling screen state 1
06-09 15:34:58.506 526 526 D RILC : onRequest: SCREEN_STATE datalen=4 request_value:61
06-09 15:34:58.506 851 1064 D RILJ : [0529]< SEND_DEVICE_STATE [PHONE0]
06-09 15:34:58.511 851 851 D RILJ : [0530]> SET_UNSOLICITED_RESPONSE_FILTER 127 [PHONE0]
06-09 15:34:58.512 851 1064 D RILJ : [0530]< SET_UNSOLICITED_RESPONSE_FILTER error 6 [PHONE0]
06-09 15:34:58.512 851 1064 D RilRequest: [0530]< SET_UNSOLICITED_RESPONSE_FILTER error: com.android.internal.telephony.CommandException: REQUEST_NOT_SUPPORTED ret= result=null
06-09 15:34:58.512 851 851 E RILJ : setSignalStrengthReportingCriteria ignored on IRadio version less than 1.2 [PHONE0]
06-09 15:34:58.512 851 851 E RILJ : setSignalStrengthReportingCriteria ignored on IRadio version less than 1.2 [PHONE0]
06-09 15:34:58.512 851 851 E RILJ : setSignalStrengthReportingCriteria ignored on IRadio version less than 1.2 [PHONE0]
06-09 15:34:58.513 851 851 D NetworkTypeController: [0] LegacyState: process EVENT_PHYSICAL_CHANNEL_CONFIG_NOTIF_CHANGED
06-09 15:34:58.513 851 851 D NetworkTypeController: [0] Remove all timers
06-09 15:34:58.513 851 851 D NetworkTypeController: [0] DefaultState: process EVENT_PHYSICAL_CHANNEL_CONFIG_NOTIF_CHANGED
06-09 15:34:58.513 851 851 D NetworkTypeController: [0] mIsPhysicalChannelConfigOn changed to: true
06-09 15:35:02.220 1 1 W : debug.beidou_leavesuspend wakeup
06-09 15:35:02.237 444 444 I gsensor_mxc6655 5-0015: set sensor poll time to 200ms
06-09 15:35:02.238 444 444 I gsensor_mxc6655 5-0015: sensor on: starting poll sensor data 196ms
06-09 15:35:02.259 439 439 W healthd : battery l=51 v=7532 t=34.0 h=1 st=3 c=-512000 fc=9700000 chg=
06-09 15:34:58.545 851 851 D DCT-C-0 : screen on
06-09 15:34:58.545 851 851 D DCT-C-0 : stopNetStatPoll
06-09 15:35:02.286 360 360 I rockchip-vop2 fdd90000.vop: [drm:vop2_crtc_atomic_enable] Update mode to 1536x2048p55, type: 16(if:60) for vp2 dclk: 192000000
06-09 15:35:02.287 360 360 I rockchip-vop2 fdd90000.vop: [drm:vop2_crtc_atomic_enable] dclk_out2 div: 2 dclk_core2 div: 1
06-09 15:35:02.287 360 360 I rockchip-vop2 fdd90000.vop: [drm:vop2_crtc_atomic_enable] set dclk_vop2 to 96000000, get 96000000
06-09 15:35:02.321 444 444 I gsensor_mxc6655 5-0015: set sensor poll time to 66ms
06-09 15:35:02.791 360 360 I dw-mipi-dsi2 fde20000.dsi: [drm:dw_mipi_dsi2_encoder_enable] final DSI-Link bandwidth: 639999 x 8 Kbps
06-09 15:35:02.882 357 357 E rockchip-vop2 fdd90000.vop: [drm:vop2_wait_power_domain_off] *ERROR* wait pd7 off timeout power_ctrl: 0x7f
06-09 15:34:59.898 526 549 D RILU : find_pci_device is 0
06-09 15:34:59.898 526 549 D RILC : PCI can't find at device
06-09 15:34:59.902 526 549 D RILC : USB can't find at device
06-09 15:35:03.699 4266 4266 W : abc audioDBG [es8323_mute] start mute:1
06-09 15:35:03.699 4266 4266 I [Awinic] [3-0058]aw_acf_get_prof_desc_form_name: get prof desc down
06-09 15:35:03.699 4266 4266 I [Awinic] [3-005b]aw_acf_get_prof_desc_form_name: get prof desc down
06-09 15:35:04.293 1 1 I init : processing action (debug.beidou_entersuspend=*) from (/system/etc/init/hw/init.rc:1286)
06-09 15:35:04.294 1 1 W : debug.beidou_entersuspend $PMTK161,0*28\r\n
06-09 15:35:04.300 1 1 I init : starting service 'gps_suspend'...
06-09 15:35:04.317 1 1 I init : Service 'gps_suspend' (pid 14442) exited with status 0 oneshot service took 0.013000 seconds in background
06-09 15:35:04.317 1 1 I init : Sending signal 9 to service 'gps_suspend' (pid 14442) process group...
06-09 15:35:04.317 1 1 I libprocessgroup: Successfully killed process cgroup uid 0 pid 14442 in 0ms
06-09 15:35:04.362 18417 18417 W : abc audioDBG [es8323_mute] start mute:0
06-09 15:35:04.372 18417 18417 I [Awinic] [3-0058]aw_acf_get_prof_desc_form_name: get prof desc down
06-09 15:35:04.386 18417 18417 I [Awinic] [3-005b]aw_acf_get_prof_desc_form_name: get prof desc down
06-09 15:35:04.799 460 460 I gsensor_mxc6655 5-0015: set sensor poll time to 200ms
06-09 15:35:01.098 851 851 D RILJ : [0531]> SEND_DEVICE_STATE 2:true [PHONE0]
06-09 15:35:01.098 526 526 D RILC : sendDeviceState: calling screen state 0
06-09 15:35:01.098 526 526 D RILC : onRequest: SCREEN_STATE datalen=4 request_value:61
06-09 15:35:01.100 851 1064 D RILJ : [0531]< SEND_DEVICE_STATE [PHONE0]
06-09 15:35:01.101 851 851 D RILJ : [0532]> SET_UNSOLICITED_RESPONSE_FILTER 32 [PHONE0]
06-09 15:35:01.102 851 1064 D RILJ : [0532]< SET_UNSOLICITED_RESPONSE_FILTER error 6 [PHONE0]
06-09 15:35:01.102 851 1064 D RilRequest: [0532]< SET_UNSOLICITED_RESPONSE_FILTER error: com.android.internal.telephony.CommandException: REQUEST_NOT_SUPPORTED ret= result=null
06-09 15:35:01.102 851 851 E RILJ : setSignalStrengthReportingCriteria ignored on IRadio version less than 1.2 [PHONE0]
06-09 15:35:01.102 851 851 E RILJ : setSignalStrengthReportingCriteria ignored on IRadio version less than 1.2 [PHONE0]
06-09 15:35:01.102 851 851 E RILJ : setSignalStrengthReportingCriteria ignored on IRadio version less than 1.2 [PHONE0]
06-09 15:35:01.103 851 851 D NetworkTypeController: [0] LegacyState: process EVENT_PHYSICAL_CHANNEL_CONFIG_NOTIF_CHANGED
06-09 15:35:01.103 851 851 D NetworkTypeController: [0] Remove all timers
06-09 15:35:01.103 851 851 D NetworkTypeController: [0] DefaultState: process EVENT_PHYSICAL_CHANNEL_CONFIG_NOTIF_CHANGED
06-09 15:35:01.103 851 851 D NetworkTypeController: [0] mIsPhysicalChannelConfigOn changed to: false
06-09 15:35:01.103 851 851 D NetworkTypeController: [0] Remove all timers
06-09 15:35:04.831 439 439 W healthd : battery l=51 v=7532 t=34.0 h=1 st=3 c=-768000 fc=9700000 chg=
06-09 15:35:05.172 360 360 I rockchip-vop2 fdd90000.vop: [drm:vop2_crtc_atomic_disable] Crtc atomic disable vp2
