06-09 15:23:27.826 4266 4266 I [Awinic] [3-0058]aw_acf_get_prof_desc_form_name: get prof desc down
06-09 15:23:27.827 4266 4266 I [Awinic] [3-005b]aw_acf_get_prof_desc_form_name: get prof desc down
06-09 15:23:26.124 526 549 D RILU : find_pci_device is 0
06-09 15:23:26.124 526 549 D RILC : PCI can't find at device
06-09 15:23:26.127 526 549 D RILC : USB can't find at device
06-09 15:23:29.127 526 549 D RILU : find_pci_device is 0
06-09 15:23:29.128 526 549 D RILC : PCI can't find at device
06-09 15:23:29.131 526 549 D RILC : USB can't find at device
06-09 15:23:32.131 526 549 D RILU : find_pci_device is 0
06-09 15:23:32.131 526 549 D RILC : PCI can't find at device
06-09 15:23:32.132 526 549 D RILC : USB can't find at device
06-09 15:23:35.132 526 549 D RILU : find_pci_device is 0
06-09 15:23:35.132 526 549 D RILC : PCI can't find at device
06-09 15:23:35.134 526 549 D RILC : USB can't find at device
06-09 15:23:40.687 460 460 I light_ltrx1303 5-0053: set sensor poll time to 200ms
06-09 15:23:40.701 460 460 I light_ltrx1303 5-0053: sensor on: starting poll sensor data 196ms
06-09 15:23:38.135 526 549 D RILU : find_pci_device is 0
06-09 15:23:38.135 526 549 D RILC : PCI can't find at device
06-09 15:23:38.138 526 549 D RILC : USB can't find at device
06-09 15:23:41.138 526 549 D RILU : find_pci_device is 0
06-09 15:23:41.138 526 549 D RILC : PCI can't find at device
06-09 15:23:41.140 526 549 D RILC : USB can't find at device
06-09 15:23:44.140 526 549 D RILU : find_pci_device is 0
06-09 15:23:44.140 526 549 D RILC : PCI can't find at device
06-09 15:23:44.142 526 549 D RILC : USB can't find at device
06-09 15:23:47.142 526 549 D RILU : find_pci_device is 0
06-09 15:23:47.143 526 549 D RILC : PCI can't find at device
06-09 15:23:47.144 526 549 D RILC : USB can't find at device
06-09 15:23:50.147 526 549 D RILU : find_pci_device is 0
06-09 15:23:50.147 526 549 D RILC : PCI can't find at device
06-09 15:23:50.149 526 549 D RILC : USB can't find at device
06-09 15:23:53.149 526 549 D RILU : find_pci_device is 0
06-09 15:23:53.149 526 549 D RILC : PCI can't find at device
06-09 15:23:53.150 526 549 D RILC : USB can't find at device
06-09 15:23:58.921 460 460 I gsensor_mxc6655 5-0015: set sensor poll time to 66ms
06-09 15:23:56.151 526 549 D RILU : find_pci_device is 0
06-09 15:23:56.151 526 549 D RILC : PCI can't find at device
06-09 15:23:56.153 526 549 D RILC : USB can't find at device
06-09 15:24:00.691 1 1 I init : processing action (debug.beidou_entersuspend=*) from (/system/etc/init/hw/init.rc:1286)
06-09 15:24:00.691 1 1 W : debug.beidou_entersuspend $PMTK161,0*28\r\n
06-09 15:24:00.692 1 1 I init : starting service 'gps_suspend'...
06-09 15:24:00.700 1 1 I init : Service 'gps_suspend' (pid 5794) exited with status 0 oneshot service took 0.007000 seconds in background
06-09 15:24:00.700 1 1 I init : Sending signal 9 to service 'gps_suspend' (pid 5794) process group...
06-09 15:24:00.701 1 1 I libprocessgroup: Successfully killed process cgroup uid 0 pid 5794 in 0ms
06-09 15:24:00.710 18417 18417 W : abc audioDBG [es8323_mute] start mute:0
06-09 15:24:00.720 18417 18417 I [Awinic] [3-0058]aw_acf_get_prof_desc_form_name: get prof desc down
06-09 15:24:00.733 18417 18417 I [Awinic] [3-005b]aw_acf_get_prof_desc_form_name: get prof desc down
06-09 15:24:01.154 444 444 I gsensor_mxc6655 5-0015: set sensor poll time to 200ms
06-09 15:24:01.177 439 439 W healthd : battery l=53 v=7548 t=34.5 h=1 st=3 c=-512000 fc=9700000 chg=
06-09 15:23:57.449 851 851 D RILJ : [0110]> SEND_DEVICE_STATE 2:true [PHONE0]
06-09 15:23:57.449 526 526 D RILC : sendDeviceState: calling screen state 0
06-09 15:23:57.449 526 526 D RILC : onRequest: SCREEN_STATE datalen=4 request_value:61
06-09 15:23:57.450 851 1064 D RILJ : [0110]< SEND_DEVICE_STATE [PHONE0]
06-09 15:23:57.452 851 851 D RILJ : [0111]> SET_UNSOLICITED_RESPONSE_FILTER 32 [PHONE0]
06-09 15:23:57.453 851 1064 D RILJ : [0111]< SET_UNSOLICITED_RESPONSE_FILTER error 6 [PHONE0]
06-09 15:23:57.453 851 1064 D RilRequest: [0111]< SET_UNSOLICITED_RESPONSE_FILTER error: com.android.internal.telephony.CommandException: REQUEST_NOT_SUPPORTED ret= result=null
06-09 15:23:57.460 851 851 E RILJ : setSignalStrengthReportingCriteria ignored on IRadio version less than 1.2 [PHONE0]
06-09 15:23:57.460 851 851 E RILJ : setSignalStrengthReportingCriteria ignored on IRadio version less than 1.2 [PHONE0]
06-09 15:23:57.461 851 851 E RILJ : setSignalStrengthReportingCriteria ignored on IRadio version less than 1.2 [PHONE0]
06-09 15:23:57.461 851 851 D NetworkTypeController: [0] LegacyState: process EVENT_PHYSICAL_CHANNEL_CONFIG_NOTIF_CHANGED
06-09 15:23:57.461 851 851 D NetworkTypeController: [0] Remove all timers
06-09 15:23:57.461 851 851 D NetworkTypeController: [0] DefaultState: process EVENT_PHYSICAL_CHANNEL_CONFIG_NOTIF_CHANGED
06-09 15:23:57.461 851 851 D NetworkTypeController: [0] mIsPhysicalChannelConfigOn changed to: false
06-09 15:23:57.461 851 851 D NetworkTypeController: [0] Remove all timers
06-09 15:24:01.438 1 1 I init : processing action (debug.beidou_leavesuspend=*) from (/system/etc/init/hw/init.rc:1293)
06-09 15:24:01.439 1 1 W : debug.beidou_leavesuspend wakeup
06-09 15:24:01.446 444 444 I gsensor_mxc6655 5-0015: set sensor poll time to 66ms
06-09 15:24:01.452 460 460 I gsensor_mxc6655 5-0015: set sensor poll time to 66ms
06-09 15:24:01.459 439 439 W healthd : battery l=53 v=7548 t=34.5 h=1 st=3 c=-256000 fc=9700000 chg=
06-09 15:23:57.749 851 851 D DCT-C-0 : screen off
06-09 15:23:57.749 851 851 D DCT-C-0 : stopNetStatPoll
06-09 15:24:01.505 347 347 I rockchip-vop2 fdd90000.vop: [drm:vop2_crtc_atomic_disable] Crtc atomic disable vp2
06-09 15:24:01.510 347 347 E rockchip-vop2 fdd90000.vop: [drm:vop2_crtc_atomic_disable] *ERROR* unexpected power on pd7
06-09 15:23:57.799 851 851 D DCT-C-0 : screen on
06-09 15:23:57.799 851 851 D DCT-C-0 : stopNetStatPoll
06-09 15:23:57.804 851 851 D RILJ : [0112]> SEND_DEVICE_STATE 2:false [PHONE0]
06-09 15:23:57.805 526 526 D RILC : sendDeviceState: calling screen state 1
06-09 15:23:57.805 526 526 D RILC : onRequest: SCREEN_STATE datalen=4 request_value:61
06-09 15:23:57.805 851 851 D RILJ : [0113]> SET_UNSOLICITED_RESPONSE_FILTER 127 [PHONE0]
06-09 15:23:57.805 851 1064 D RILJ : [0112]< SEND_DEVICE_STATE [PHONE0]
06-09 15:23:57.806 851 1064 D RILJ : [0113]< SET_UNSOLICITED_RESPONSE_FILTER error 6 [PHONE0]
06-09 15:23:57.806 851 1064 D RilRequest: [0113]< SET_UNSOLICITED_RESPONSE_FILTER error: com.android.internal.telephony.CommandException: REQUEST_NOT_SUPPORTED ret= result=null
06-09 15:23:57.807 851 851 E RILJ : setSignalStrengthReportingCriteria ignored on IRadio version less than 1.2 [PHONE0]
06-09 15:23:57.807 851 851 E RILJ : setSignalStrengthReportingCriteria ignored on IRadio version less than 1.2 [PHONE0]
06-09 15:23:57.807 851 851 E RILJ : setSignalStrengthReportingCriteria ignored on IRadio version less than 1.2 [PHONE0]
06-09 15:23:57.807 851 851 D NetworkTypeController: [0] LegacyState: process EVENT_PHYSICAL_CHANNEL_CONFIG_NOTIF_CHANGED
06-09 15:23:57.807 851 851 D NetworkTypeController: [0] Remove all timers
06-09 15:23:57.807 851 851 D NetworkTypeController: [0] DefaultState: process EVENT_PHYSICAL_CHANNEL_CONFIG_NOTIF_CHANGED
06-09 15:23:57.808 851 851 D NetworkTypeController: [0] mIsPhysicalChannelConfigOn changed to: true
06-09 15:24:01.576 347 347 I rockchip-vop2 fdd90000.vop: [drm:vop2_crtc_atomic_enable] Update mode to 1536x2048p55, type: 16(if:60) for vp2 dclk: 192000000
06-09 15:24:01.577 347 347 I rockchip-vop2 fdd90000.vop: [drm:vop2_crtc_atomic_enable] dclk_out2 div: 2 dclk_core2 div: 1
06-09 15:24:01.577 347 347 I rockchip-vop2 fdd90000.vop: [drm:vop2_crtc_atomic_enable] set dclk_vop2 to 96000000, get 96000000
06-09 15:24:02.064 544 544 W : abc audioDBG [es8323_mute] start mute:1
06-09 15:24:02.064 544 544 I [Awinic] [3-0058]aw_acf_get_prof_desc_form_name: get prof desc down
06-09 15:24:02.064 544 544 I [Awinic] [3-005b]aw_acf_get_prof_desc_form_name: get prof desc down
06-09 15:24:02.082 347 347 I dw-mipi-dsi2 fde20000.dsi: [drm:dw_mipi_dsi2_encoder_enable] final DSI-Link bandwidth: 639999 x 8 Kbps
06-09 15:24:02.172 357 357 E rockchip-vop2 fdd90000.vop: [drm:vop2_wait_power_domain_off] *ERROR* wait pd7 off timeout power_ctrl: 0x7f
06-09 15:23:59.154 526 549 D RILU : find_pci_device is 0
06-09 15:23:59.155 526 549 D RILC : PCI can't find at device
06-09 15:23:59.158 526 549 D RILC : USB can't find at device
06-09 15:24:02.158 526 549 D RILU : find_pci_device is 0
06-09 15:24:02.158 526 549 D RILC : PCI can't find at device
06-09 15:24:02.159 526 549 D RILC : USB can't find at device
06-09 15:24:07.080 18417 18417 W : abc audioDBG [es8323_mute] start mute:0
06-09 15:24:07.090 18417 18417 I [Awinic] [3-0058]aw_acf_get_prof_desc_form_name: get prof desc down
06-09 15:24:07.104 18417 18417 I [Awinic] [3-005b]aw_acf_get_prof_desc_form_name: get prof desc down
06-09 15:24:07.811 1 1 I init : processing action (debug.beidou_entersuspend=*) from (/system/etc/init/hw/init.rc:1286)
06-09 15:24:07.812 1 1 W : debug.beidou_entersuspend $PMTK161,0*28\r\n
06-09 15:24:07.813 1 1 I init : starting service 'gps_suspend'...
06-09 15:24:07.833 1 1 I init : Service 'gps_suspend' (pid 5888) exited with status 0 oneshot service took 0.017000 seconds in background
06-09 15:24:07.833 1 1 I init : Sending signal 9 to service 'gps_suspend' (pid 5888) process group...
06-09 15:24:07.833 1 1 I libprocessgroup: Successfully killed process cgroup uid 0 pid 5888 in 0ms
06-09 15:24:08.307 444 444 I gsensor_mxc6655 5-0015: set sensor poll time to 200ms
06-09 15:24:04.602 851 851 D RILJ : [0114]> SEND_DEVICE_STATE 2:true [PHONE0]
06-09 15:24:04.603 526 526 D RILC : sendDeviceState: calling screen state 0
06-09 15:24:04.603 526 526 D RILC : onRequest: SCREEN_STATE datalen=4 request_value:61
06-09 15:24:04.603 851 1064 D RILJ : [0114]< SEND_DEVICE_STATE [PHONE0]
06-09 15:24:04.604 851 851 D RILJ : [0115]> SET_UNSOLICITED_RESPONSE_FILTER 32 [PHONE0]
06-09 15:24:04.604 851 1064 D RILJ : [0115]< SET_UNSOLICITED_RESPONSE_FILTER error 6 [PHONE0]
06-09 15:24:04.604 851 1064 D RilRequest: [0115]< SET_UNSOLICITED_RESPONSE_FILTER error: com.android.internal.telephony.CommandException: REQUEST_NOT_SUPPORTED ret= result=null
06-09 15:24:04.606 851 851 E RILJ : setSignalStrengthReportingCriteria ignored on IRadio version less than 1.2 [PHONE0]
06-09 15:24:04.606 851 851 E RILJ : setSignalStrengthReportingCriteria ignored on IRadio version less than 1.2 [PHONE0]
06-09 15:24:04.606 851 851 E RILJ : setSignalStrengthReportingCriteria ignored on IRadio version less than 1.2 [PHONE0]
06-09 15:24:04.606 851 851 D NetworkTypeController: [0] LegacyState: process EVENT_PHYSICAL_CHANNEL_CONFIG_NOTIF_CHANGED
06-09 15:24:04.606 851 851 D NetworkTypeController: [0] Remove all timers
06-09 15:24:04.606 851 851 D NetworkTypeController: [0] DefaultState: process EVENT_PHYSICAL_CHANNEL_CONFIG_NOTIF_CHANGED
06-09 15:24:04.607 851 851 D NetworkTypeController: [0] mIsPhysicalChannelConfigOn changed to: false
06-09 15:24:04.607 851 851 D NetworkTypeController: [0] Remove all timers
06-09 15:24:08.356 439 439 W healthd : battery l=53 v=7560 t=34.5 h=1 st=3 c=-512000 fc=9700000 chg=
06-09 15:24:08.655 347 347 I rockchip-vop2 fdd90000.vop: [drm:vop2_crtc_atomic_disable] Crtc atomic disable vp2
06-09 15:24:08.664 347 347 E rockchip-vop2 fdd90000.vop: [drm:vop2_crtc_atomic_disable] *ERROR* unexpected power on pd7
06-09 15:24:04.969 851 851 D DCT-C-0 : screen off
06-09 15:24:04.969 851 851 D DCT-C-0 : stopNetStatPoll
06-09 15:24:08.791 1 1 I init : processing action (debug.beidou_leavesuspend=*) from (/system/etc/init/hw/init.rc:1293)
06-09 15:24:05.088 851 851 D RILJ : [0116]> SEND_DEVICE_STATE 2:false [PHONE0]
06-09 15:24:05.088 526 526 D RILC : sendDeviceState: calling screen state 1
06-09 15:24:05.089 526 526 D RILC : onRequest: SCREEN_STATE datalen=4 request_value:61
06-09 15:24:05.089 851 1064 D RILJ : [0116]< SEND_DEVICE_STATE [PHONE0]
06-09 15:24:05.090 851 851 D RILJ : [0117]> SET_UNSOLICITED_RESPONSE_FILTER 127 [PHONE0]
06-09 15:24:05.091 851 1064 D RILJ : [0117]< SET_UNSOLICITED_RESPONSE_FILTER error 6 [PHONE0]
06-09 15:24:05.091 851 1064 D RilRequest: [0117]< SET_UNSOLICITED_RESPONSE_FILTER error: com.android.internal.telephony.CommandException: REQUEST_NOT_SUPPORTED ret= result=null
06-09 15:24:05.092 851 851 E RILJ : setSignalStrengthReportingCriteria ignored on IRadio version less than 1.2 [PHONE0]
06-09 15:24:05.093 851 851 E RILJ : setSignalStrengthReportingCriteria ignored on IRadio version less than 1.2 [PHONE0]
06-09 15:24:05.093 851 851 E RILJ : setSignalStrengthReportingCriteria ignored on IRadio version less than 1.2 [PHONE0]
06-09 15:24:05.093 851 851 D NetworkTypeController: [0] LegacyState: process EVENT_PHYSICAL_CHANNEL_CONFIG_NOTIF_CHANGED
06-09 15:24:05.093 851 851 D NetworkTypeController: [0] Remove all timers
06-09 15:24:05.093 851 851 D NetworkTypeController: [0] DefaultState: process EVENT_PHYSICAL_CHANNEL_CONFIG_NOTIF_CHANGED
06-09 15:24:05.093 851 851 D NetworkTypeController: [0] mIsPhysicalChannelConfigOn changed to: true
06-09 15:24:08.793 1 1 W : debug.beidou_leavesuspend wakeup
06-09 15:24:08.822 460 460 I gsensor_mxc6655 5-0015: set sensor poll time to 200ms
06-09 15:24:08.825 460 460 I gsensor_mxc6655 5-0015: sensor on: starting poll sensor data 196ms
06-09 15:24:08.841 439 439 W healthd : battery l=53 v=7560 t=34.5 h=1 st=3 c=-256000 fc=9700000 chg=
06-09 15:24:05.126 851 851 D DCT-C-0 : screen on
06-09 15:24:05.127 851 851 D DCT-C-0 : stopNetStatPoll
06-09 15:24:08.866 347 347 I rockchip-vop2 fdd90000.vop: [drm:vop2_crtc_atomic_enable] Update mode to 1536x2048p55, type: 16(if:60) for vp2 dclk: 192000000
06-09 15:24:08.867 347 347 I rockchip-vop2 fdd90000.vop: [drm:vop2_crtc_atomic_enable] dclk_out2 div: 2 dclk_core2 div: 1
06-09 15:24:08.867 347 347 I rockchip-vop2 fdd90000.vop: [drm:vop2_crtc_atomic_enable] set dclk_vop2 to 96000000, get 96000000
06-09 15:24:05.159 526 549 D RILU : find_pci_device is 0
06-09 15:24:05.160 526 549 D RILC : PCI can't find at device
06-09 15:24:05.160 526 549 D RILC : USB can't find at device
06-09 15:24:08.917 460 460 I gsensor_mxc6655 5-0015: set sensor poll time to 66ms
06-09 15:24:09.372 347 347 I dw-mipi-dsi2 fde20000.dsi: [drm:dw_mipi_dsi2_encoder_enable] final DSI-Link bandwidth: 639999 x 8 Kbps
06-09 15:24:09.459 357 357 E rockchip-vop2 fdd90000.vop: [drm:vop2_wait_power_domain_off] *ERROR* wait pd7 off timeout power_ctrl: 0x7f
06-09 15:24:10.339 1 1 I init : processing action (debug.beidou_entersuspend=*) from (/system/etc/init/hw/init.rc:1286)
06-09 15:24:10.340 1 1 W : debug.beidou_entersuspend $PMTK161,0*28\r\n
06-09 15:24:10.340 1 1 I init : starting service 'gps_suspend'...
06-09 15:24:10.350 1 1 I init : Service 'gps_suspend' (pid 5948) exited with status 0 oneshot service took 0.006000 seconds in background
06-09 15:24:10.350 1 1 I init : Sending signal 9 to service 'gps_suspend' (pid 5948) process group...
06-09 15:24:10.826 444 444 I gsensor_mxc6655 5-0015: set sensor poll time to 200ms
06-09 15:24:10.844 439 439 W healthd : battery l=53 v=7560 t=34.5 h=1 st=3 c=-512000 fc=9700000 chg=
06-09 15:24:07.125 851 851 D RILJ : [0118]> SEND_DEVICE_STATE 2:true [PHONE0]
06-09 15:24:07.126 526 526 D RILC : sendDeviceState: calling screen state 0
06-09 15:24:07.126 526 526 D RILC : onRequest: SCREEN_STATE datalen=4 request_value:61
06-09 15:24:07.126 851 1064 D RILJ : [0118]< SEND_DEVICE_STATE [PHONE0]
06-09 15:24:07.127 851 851 D RILJ : [0119]> SET_UNSOLICITED_RESPONSE_FILTER 32 [PHONE0]
06-09 15:24:07.128 851 1064 D RILJ : [0119]< SET_UNSOLICITED_RESPONSE_FILTER error 6 [PHONE0]
06-09 15:24:07.128 851 1064 D RilRequest: [0119]< SET_UNSOLICITED_RESPONSE_FILTER error: com.android.internal.telephony.CommandException: REQUEST_NOT_SUPPORTED ret= result=null
06-09 15:24:07.130 851 851 E RILJ : setSignalStrengthReportingCriteria ignored on IRadio version less than 1.2 [PHONE0]
06-09 15:24:07.131 851 851 E RILJ : setSignalStrengthReportingCriteria ignored on IRadio version less than 1.2 [PHONE0]
06-09 15:24:07.131 851 851 E RILJ : setSignalStrengthReportingCriteria ignored on IRadio version less than 1.2 [PHONE0]
06-09 15:24:07.131 851 851 D NetworkTypeController: [0] LegacyState: process EVENT_PHYSICAL_CHANNEL_CONFIG_NOTIF_CHANGED
06-09 15:24:07.131 851 851 D NetworkTypeController: [0] Remove all timers
06-09 15:24:07.131 851 851 D NetworkTypeController: [0] DefaultState: process EVENT_PHYSICAL_CHANNEL_CONFIG_NOTIF_CHANGED
06-09 15:24:07.131 851 851 D NetworkTypeController: [0] mIsPhysicalChannelConfigOn changed to: false
06-09 15:24:07.131 851 851 D NetworkTypeController: [0] Remove all timers
06-09 15:24:11.185 347 347 I rockchip-vop2 fdd90000.vop: [drm:vop2_crtc_atomic_disable] Crtc atomic disable vp2
06-09 15:24:11.199 347 347 E rockchip-vop2 fdd90000.vop: [drm:vop2_crtc_atomic_disable] *ERROR* unexpected power on pd7
06-09 15:24:07.517 851 851 D DCT-C-0 : screen off
06-09 15:24:07.517 851 851 D DCT-C-0 : stopNetStatPoll
06-09 15:24:07.643 851 851 D RILJ : [0120]> SEND_DEVICE_STATE 2:false [PHONE0]
06-09 15:24:11.370 444 444 I gsensor_mxc6655 5-0015: set sensor poll time to 200ms
06-09 15:24:11.372 444 444 I gsensor_mxc6655 5-0015: sensor on: starting poll sensor data 196ms
06-09 15:24:07.644 526 526 D RILC : sendDeviceState: calling screen state 1
06-09 15:24:07.644 526 526 D RILC : onRequest: SCREEN_STATE datalen=4 request_value:61
06-09 15:24:07.645 851 1064 D RILJ : [0120]< SEND_DEVICE_STATE [PHONE0]
06-09 15:24:07.645 851 851 D RILJ : [0121]> SET_UNSOLICITED_RESPONSE_FILTER 127 [PHONE0]
06-09 15:24:07.646 851 1064 D RILJ : [0121]< SET_UNSOLICITED_RESPONSE_FILTER error 6 [PHONE0]
06-09 15:24:07.646 851 1064 D RilRequest: [0121]< SET_UNSOLICITED_RESPONSE_FILTER error: com.android.internal.telephony.CommandException: REQUEST_NOT_SUPPORTED ret= result=null
06-09 15:24:07.648 851 851 E RILJ : setSignalStrengthReportingCriteria ignored on IRadio version less than 1.2 [PHONE0]
06-09 15:24:07.648 851 851 E RILJ : setSignalStrengthReportingCriteria ignored on IRadio version less than 1.2 [PHONE0]
06-09 15:24:07.648 851 851 E RILJ : setSignalStrengthReportingCriteria ignored on IRadio version less than 1.2 [PHONE0]
06-09 15:24:07.648 851 851 D NetworkTypeController: [0] LegacyState: process EVENT_PHYSICAL_CHANNEL_CONFIG_NOTIF_CHANGED
06-09 15:24:07.648 851 851 D NetworkTypeController: [0] Remove all timers
06-09 15:24:07.648 851 851 D NetworkTypeController: [0] DefaultState: process EVENT_PHYSICAL_CHANNEL_CONFIG_NOTIF_CHANGED
06-09 15:24:07.648 851 851 D NetworkTypeController: [0] mIsPhysicalChannelConfigOn changed to: true
06-09 15:24:11.373 1 1 W : debug.beidou_leavesuspend wakeup
06-09 15:24:11.386 439 439 W healthd : battery l=53 v=7556 t=34.5 h=1 st=3 c=-512000 fc=9700000 chg=
06-09 15:24:07.680 851 851 D DCT-C-0 : screen on
06-09 15:24:07.680 851 851 D DCT-C-0 : stopNetStatPoll
06-09 15:24:11.430 347 347 I rockchip-vop2 fdd90000.vop: [drm:vop2_crtc_atomic_enable] Update mode to 1536x2048p55, type: 16(if:60) for vp2 dclk: 192000000
06-09 15:24:11.431 347 347 I rockchip-vop2 fdd90000.vop: [drm:vop2_crtc_atomic_enable] dclk_out2 div: 2 dclk_core2 div: 1
06-09 15:24:11.431 347 347 I rockchip-vop2 fdd90000.vop: [drm:vop2_crtc_atomic_enable] set dclk_vop2 to 96000000, get 96000000
06-09 15:24:11.464 444 444 I gsensor_mxc6655 5-0015: set sensor poll time to 66ms
06-09 15:24:08.161 526 549 D RILU : find_pci_device is 0
06-09 15:24:08.161 526 549 D RILC : PCI can't find at device
06-09 15:24:08.164 526 549 D RILC : USB can't find at device
06-09 15:24:11.942 347 347 I dw-mipi-dsi2 fde20000.dsi: [drm:dw_mipi_dsi2_encoder_enable] final DSI-Link bandwidth: 639999 x 8 Kbps
06-09 15:24:12.348 357 357 E rockchip-vop2 fdd90000.vop: [drm:vop2_wait_power_domain_off] *ERROR* wait pd7 off timeout power_ctrl: 0x7a
06-09 15:24:12.804 4266 4266 W : abc audioDBG [es8323_mute] start mute:1
06-09 15:24:12.805 4266 4266 I [Awinic] [3-0058]aw_acf_get_prof_desc_form_name: get prof desc down
06-09 15:24:12.805 4266 4266 I [Awinic] [3-005b]aw_acf_get_prof_desc_form_name: get prof desc down
06-09 15:24:13.158 1 1 I init : processing action (debug.beidou_entersuspend=*) from (/system/etc/init/hw/init.rc:1286)
06-09 15:24:13.159 1 1 W : debug.beidou_entersuspend $PMTK161,0*28\r\n
06-09 15:24:13.160 1 1 I init : starting service 'gps_suspend'...
06-09 15:24:13.181 1 1 I init : Service 'gps_suspend' (pid 5984) exited with status 0 oneshot service took 0.016000 seconds in background
06-09 15:24:13.182 1 1 I init : Sending signal 9 to service 'gps_suspend' (pid 5984) process group...
06-09 15:24:13.182 1 1 I libprocessgroup: Successfully killed process cgroup uid 0 pid 5984 in 0ms
06-09 15:24:13.220 18417 18417 W : abc audioDBG [es8323_mute] start mute:0
06-09 15:24:13.230 18417 18417 I [Awinic] [3-0058]aw_acf_get_prof_desc_form_name: get prof desc down
06-09 15:24:13.244 18417 18417 I [Awinic] [3-005b]aw_acf_get_prof_desc_form_name: get prof desc down
06-09 15:24:13.663 460 460 I gsensor_mxc6655 5-0015: set sensor poll time to 200ms
06-09 15:24:09.957 851 851 D RILJ : [0122]> SEND_DEVICE_STATE 2:true [PHONE0]
06-09 15:24:09.958 526 526 D RILC : sendDeviceState: calling screen state 0
06-09 15:24:09.958 526 526 D RILC : onRequest: SCREEN_STATE datalen=4 request_value:61
06-09 15:24:09.959 851 1064 D RILJ : [0122]< SEND_DEVICE_STATE [PHONE0]
06-09 15:24:09.960 851 851 D RILJ : [0123]> SET_UNSOLICITED_RESPONSE_FILTER 32 [PHONE0]
06-09 15:24:09.962 851 1064 D RILJ : [0123]< SET_UNSOLICITED_RESPONSE_FILTER error 6 [PHONE0]
06-09 15:24:09.962 851 1064 D RilRequest: [0123]< SET_UNSOLICITED_RESPONSE_FILTER error: com.android.internal.telephony.CommandException: REQUEST_NOT_SUPPORTED ret= result=null
06-09 15:24:09.964 851 851 E RILJ : setSignalStrengthReportingCriteria ignored on IRadio version less than 1.2 [PHONE0]
06-09 15:24:09.964 851 851 E RILJ : setSignalStrengthReportingCriteria ignored on IRadio version less than 1.2 [PHONE0]
06-09 15:24:09.964 851 851 E RILJ : setSignalStrengthReportingCriteria ignored on IRadio version less than 1.2 [PHONE0]
06-09 15:24:09.964 851 851 D NetworkTypeController: [0] LegacyState: process EVENT_PHYSICAL_CHANNEL_CONFIG_NOTIF_CHANGED
06-09 15:24:09.964 851 851 D NetworkTypeController: [0] Remove all timers
06-09 15:24:09.964 851 851 D NetworkTypeController: [0] DefaultState: process EVENT_PHYSICAL_CHANNEL_CONFIG_NOTIF_CHANGED
06-09 15:24:09.964 851 851 D NetworkTypeController: [0] mIsPhysicalChannelConfigOn changed to: false
06-09 15:24:09.964 851 851 D NetworkTypeController: [0] Remove all timers
06-09 15:24:13.702 439 439 W healthd : battery l=53 v=7556 t=34.5 h=1 st=3 c=-512000 fc=9700000 chg=
06-09 15:24:14.025 347 347 I rockchip-vop2 fdd90000.vop: [drm:vop2_crtc_atomic_disable] Crtc atomic disable vp2
06-09 15:24:14.037 347 347 E rockchip-vop2 fdd90000.vop: [drm:vop2_crtc_atomic_disable] *ERROR* unexpected power on pd7
06-09 15:24:10.340 851 851 D DCT-C-0 : screen off
06-09 15:24:10.340 851 851 D DCT-C-0 : stopNetStatPoll
06-09 15:24:14.221 1 1 I init : processing action (debug.beidou_leavesuspend=*) from (/system/etc/init/hw/init.rc:1293)
06-09 15:24:10.514 851 851 D RILJ : [0124]> SEND_DEVICE_STATE 2:false [PHONE0]
06-09 15:24:10.515 526 526 D RILC : sendDeviceState: calling screen state 1
06-09 15:24:10.515 526 526 D RILC : onRequest: SCREEN_STATE datalen=4 request_value:61
06-09 15:24:10.515 851 1064 D RILJ : [0124]< SEND_DEVICE_STATE [PHONE0]
06-09 15:24:10.516 851 851 D RILJ : [0125]> SET_UNSOLICITED_RESPONSE_FILTER 127 [PHONE0]
06-09 15:24:10.517 851 1064 D RILJ : [0125]< SET_UNSOLICITED_RESPONSE_FILTER error 6 [PHONE0]
06-09 15:24:10.517 851 1064 D RilRequest: [0125]< SET_UNSOLICITED_RESPONSE_FILTER error: com.android.internal.telephony.CommandException: REQUEST_NOT_SUPPORTED ret= result=null
06-09 15:24:10.522 851 851 E RILJ : setSignalStrengthReportingCriteria ignored on IRadio version less than 1.2 [PHONE0]
06-09 15:24:10.523 851 851 E RILJ : setSignalStrengthReportingCriteria ignored on IRadio version less than 1.2 [PHONE0]
06-09 15:24:10.523 851 851 E RILJ : setSignalStrengthReportingCriteria ignored on IRadio version less than 1.2 [PHONE0]
06-09 15:24:10.523 851 851 D NetworkTypeController: [0] LegacyState: process EVENT_PHYSICAL_CHANNEL_CONFIG_NOTIF_CHANGED
06-09 15:24:10.523 851 851 D NetworkTypeController: [0] Remove all timers
06-09 15:24:10.523 851 851 D NetworkTypeController: [0] DefaultState: process EVENT_PHYSICAL_CHANNEL_CONFIG_NOTIF_CHANGED
06-09 15:24:10.523 851 851 D NetworkTypeController: [0] mIsPhysicalChannelConfigOn changed to: true
06-09 15:24:14.224 1 1 W : debug.beidou_leavesuspend wakeup
06-09 15:24:14.248 460 460 I gsensor_mxc6655 5-0015: set sensor poll time to 200ms
06-09 15:24:14.250 460 460 I gsensor_mxc6655 5-0015: sensor on: starting poll sensor data 196ms
06-09 15:24:10.566 851 851 D DCT-C-0 : screen on
06-09 15:24:10.566 851 851 D DCT-C-0 : stopNetStatPoll
06-09 15:24:14.293 439 439 W healthd : battery l=53 v=7556 t=34.5 h=1 st=3 c=-256000 fc=9700000 chg=
06-09 15:24:14.303 347 347 I rockchip-vop2 fdd90000.vop: [drm:vop2_crtc_atomic_enable] Update mode to 1536x2048p55, type: 16(if:60) for vp2 dclk: 192000000
06-09 15:24:14.304 347 347 I rockchip-vop2 fdd90000.vop: [drm:vop2_crtc_atomic_enable] dclk_out2 div: 2 dclk_core2 div: 1
06-09 15:24:14.304 347 347 I rockchip-vop2 fdd90000.vop: [drm:vop2_crtc_atomic_enable] set dclk_vop2 to 96000000, get 96000000
06-09 15:24:14.341 460 460 I gsensor_mxc6655 5-0015: set sensor poll time to 66ms
06-09 15:24:14.822 347 347 I dw-mipi-dsi2 fde20000.dsi: [drm:dw_mipi_dsi2_encoder_enable] final DSI-Link bandwidth: 639999 x 8 Kbps
06-09 15:24:11.165 526 549 D RILU : find_pci_device is 0
06-09 15:24:11.165 526 549 D RILC : PCI can't find at device
06-09 15:24:11.166 526 549 D RILC : USB can't find at device
06-09 15:24:15.188 357 357 E rockchip-vop2 fdd90000.vop: [drm:vop2_wait_power_domain_off] *ERROR* wait pd7 off timeout power_ctrl: 0x7a
06-09 15:24:15.737 1 1 I init : processing action (debug.beidou_entersuspend=*) from (/system/etc/init/hw/init.rc:1286)
06-09 15:24:15.738 1 1 W : debug.beidou_entersuspend $PMTK161,0*28\r\n
06-09 15:24:15.742 1 1 I init : starting service 'gps_suspend'...
06-09 15:24:15.768 1 1 I init : Service 'gps_suspend' (pid 6018) exited with status 0 oneshot service took 0.022000 seconds in background
06-09 15:24:15.768 1 1 I init : Sending signal 9 to service 'gps_suspend' (pid 6018) process group...
06-09 15:24:16.233 444 444 I gsensor_mxc6655 5-0015: set sensor poll time to 200ms
06-09 15:24:12.521 851 851 D RILJ : [0126]> SEND_DEVICE_STATE 2:true [PHONE0]
06-09 15:24:12.521 526 526 D RILC : sendDeviceState: calling screen state 0
06-09 15:24:12.522 526 526 D RILC : onRequest: SCREEN_STATE datalen=4 request_value:61
06-09 15:24:12.522 851 1064 D RILJ : [0126]< SEND_DEVICE_STATE [PHONE0]
06-09 15:24:12.522 851 851 D RILJ : [0127]> SET_UNSOLICITED_RESPONSE_FILTER 32 [PHONE0]
06-09 15:24:12.523 851 1064 D RILJ : [0127]< SET_UNSOLICITED_RESPONSE_FILTER error 6 [PHONE0]
06-09 15:24:12.524 851 851 E RILJ : setSignalStrengthReportingCriteria ignored on IRadio version less than 1.2 [PHONE0]
06-09 15:24:12.524 851 1064 D RilRequest: [0127]< SET_UNSOLICITED_RESPONSE_FILTER error: com.android.internal.telephony.CommandException: REQUEST_NOT_SUPPORTED ret= result=null
06-09 15:24:12.524 851 851 E RILJ : setSignalStrengthReportingCriteria ignored on IRadio version less than 1.2 [PHONE0]
06-09 15:24:12.524 851 851 E RILJ : setSignalStrengthReportingCriteria ignored on IRadio version less than 1.2 [PHONE0]
06-09 15:24:12.524 851 851 D NetworkTypeController: [0] LegacyState: process EVENT_PHYSICAL_CHANNEL_CONFIG_NOTIF_CHANGED
06-09 15:24:12.524 851 851 D NetworkTypeController: [0] Remove all timers
06-09 15:24:12.524 851 851 D NetworkTypeController: [0] DefaultState: process EVENT_PHYSICAL_CHANNEL_CONFIG_NOTIF_CHANGED
06-09 15:24:12.524 851 851 D NetworkTypeController: [0] mIsPhysicalChannelConfigOn changed to: false
06-09 15:24:12.524 851 851 D NetworkTypeController: [0] Remove all timers
06-09 15:24:16.252 439 439 W healthd : battery l=53 v=7556 t=34.5 h=1 st=3 c=-512000 fc=9700000 chg=
06-09 15:24:16.588 347 347 I rockchip-vop2 fdd90000.vop: [drm:vop2_crtc_atomic_disable] Crtc atomic disable vp2
06-09 15:24:16.600 347 347 E rockchip-vop2 fdd90000.vop: [drm:vop2_crtc_atomic_disable] *ERROR* unexpected power on pd7
06-09 15:24:12.908 851 851 D DCT-C-0 : screen off
06-09 15:24:12.909 851 851 D DCT-C-0 : stopNetStatPoll
06-09 15:24:16.778 1 1 W : debug.beidou_leavesuspend wakeup
06-09 15:24:16.781 460 460 I gsensor_mxc6655 5-0015: set sensor poll time to 200ms
06-09 15:24:13.054 851 851 D RILJ : [0128]> SEND_DEVICE_STATE 2:false [PHONE0]
06-09 15:24:13.054 526 526 D RILC : sendDeviceState: calling screen state 1
06-09 15:24:13.054 526 526 D RILC : onRequest: SCREEN_STATE datalen=4 request_value:61
06-09 15:24:13.055 851 1064 D RILJ : [0128]< SEND_DEVICE_STATE [PHONE0]
06-09 15:24:13.055 851 851 D RILJ : [0129]> SET_UNSOLICITED_RESPONSE_FILTER 127 [PHONE0]
06-09 15:24:13.056 851 1064 D RILJ : [0129]< SET_UNSOLICITED_RESPONSE_FILTER error 6 [PHONE0]
06-09 15:24:13.056 851 1064 D RilRequest: [0129]< SET_UNSOLICITED_RESPONSE_FILTER error: com.android.internal.telephony.CommandException: REQUEST_NOT_SUPPORTED ret= result=null
06-09 15:24:13.056 851 851 E RILJ : setSignalStrengthReportingCriteria ignored on IRadio version less than 1.2 [PHONE0]
06-09 15:24:13.056 851 851 E RILJ : setSignalStrengthReportingCriteria ignored on IRadio version less than 1.2 [PHONE0]
06-09 15:24:13.056 851 851 E RILJ : setSignalStrengthReportingCriteria ignored on IRadio version less than 1.2 [PHONE0]
06-09 15:24:13.056 851 851 D NetworkTypeController: [0] LegacyState: process EVENT_PHYSICAL_CHANNEL_CONFIG_NOTIF_CHANGED
06-09 15:24:13.056 851 851 D NetworkTypeController: [0] Remove all timers
06-09 15:24:13.056 851 851 D NetworkTypeController: [0] DefaultState: process EVENT_PHYSICAL_CHANNEL_CONFIG_NOTIF_CHANGED
06-09 15:24:13.056 851 851 D NetworkTypeController: [0] mIsPhysicalChannelConfigOn changed to: true
06-09 15:24:16.782 460 460 I gsensor_mxc6655 5-0015: sensor on: starting poll sensor data 196ms
06-09 15:24:13.075 851 851 D DCT-C-0 : screen on
06-09 15:24:13.075 851 851 D DCT-C-0 : stopNetStatPoll
06-09 15:24:16.799 439 439 W healthd : battery l=53 v=7540 t=34.5 h=1 st=3 c=-512000 fc=9700000 chg=
06-09 15:24:16.836 347 347 I rockchip-vop2 fdd90000.vop: [drm:vop2_crtc_atomic_enable] Update mode to 1536x2048p55, type: 16(if:60) for vp2 dclk: 192000000
06-09 15:24:16.837 347 347 I rockchip-vop2 fdd90000.vop: [drm:vop2_crtc_atomic_enable] dclk_out2 div: 2 dclk_core2 div: 1
06-09 15:24:16.837 347 347 I rockchip-vop2 fdd90000.vop: [drm:vop2_crtc_atomic_enable] set dclk_vop2 to 96000000, get 96000000
06-09 15:24:16.871 460 460 I gsensor_mxc6655 5-0015: set sensor poll time to 66ms
06-09 15:24:17.342 347 347 I dw-mipi-dsi2 fde20000.dsi: [drm:dw_mipi_dsi2_encoder_enable] final DSI-Link bandwidth: 639999 x 8 Kbps
06-09 15:24:17.720 357 357 E rockchip-vop2 fdd90000.vop: [drm:vop2_wait_power_domain_off] *ERROR* wait pd7 off timeout power_ctrl: 0x7a
06-09 15:24:14.167 526 549 D RILU : find_pci_device is 0
06-09 15:24:14.167 526 549 D RILC : PCI can't find at device
06-09 15:24:14.170 526 549 D RILC : USB can't find at device
06-09 15:24:18.702 4266 4266 W : abc audioDBG [es8323_mute] start mute:1
06-09 15:24:18.702 4266 4266 I [Awinic] [3-0058]aw_acf_get_prof_desc_form_name: get prof desc down
06-09 15:24:18.702 4266 4266 I [Awinic] [3-005b]aw_acf_get_prof_desc_form_name: get prof desc down
06-09 15:24:18.703 1 1 I init : processing action (debug.beidou_entersuspend=*) from (/system/etc/init/hw/init.rc:1286)
06-09 15:24:18.704 1 1 W : debug.beidou_entersuspend $PMTK161,0*28\r\n
06-09 15:24:18.704 1 1 I init : starting service 'gps_suspend'...
06-09 15:24:18.716 1 1 I init : Service 'gps_suspend' (pid 6055) exited with status 0 oneshot service took 0.006000 seconds in background
06-09 15:24:18.716 1 1 I init : Sending signal 9 to service 'gps_suspend' (pid 6055) process group...
06-09 15:24:18.716 1 1 I libprocessgroup: Successfully killed process cgroup uid 0 pid 6055 in 0ms
06-09 15:24:18.769 18417 18417 W : abc audioDBG [es8323_mute] start mute:0
06-09 15:24:18.779 18417 18417 I [Awinic] [3-0058]aw_acf_get_prof_desc_form_name: get prof desc down
06-09 15:24:18.793 18417 18417 I [Awinic] [3-005b]aw_acf_get_prof_desc_form_name: get prof desc down
06-09 15:24:19.197 444 444 I gsensor_mxc6655 5-0015: set sensor poll time to 200ms
06-09 15:24:15.489 851 851 D RILJ : [0130]> SEND_DEVICE_STATE 2:true [PHONE0]
06-09 15:24:15.489 526 526 D RILC : sendDeviceState: calling screen state 0
06-09 15:24:15.489 526 526 D RILC : onRequest: SCREEN_STATE datalen=4 request_value:61
06-09 15:24:15.490 851 1064 D RILJ : [0130]< SEND_DEVICE_STATE [PHONE0]
06-09 15:24:15.490 851 851 D RILJ : [0131]> SET_UNSOLICITED_RESPONSE_FILTER 32 [PHONE0]
06-09 15:24:15.491 851 1064 D RILJ : [0131]< SET_UNSOLICITED_RESPONSE_FILTER error 6 [PHONE0]
06-09 15:24:15.491 851 1064 D RilRequest: [0131]< SET_UNSOLICITED_RESPONSE_FILTER error: com.android.internal.telephony.CommandException: REQUEST_NOT_SUPPORTED ret= result=null
06-09 15:24:15.492 851 851 E RILJ : setSignalStrengthReportingCriteria ignored on IRadio version less than 1.2 [PHONE0]
06-09 15:24:15.492 851 851 E RILJ : setSignalStrengthReportingCriteria ignored on IRadio version less than 1.2 [PHONE0]
06-09 15:24:15.493 851 851 E RILJ : setSignalStrengthReportingCriteria ignored on IRadio version less than 1.2 [PHONE0]
06-09 15:24:15.493 851 851 D NetworkTypeController: [0] LegacyState: process EVENT_PHYSICAL_CHANNEL_CONFIG_NOTIF_CHANGED
06-09 15:24:15.493 851 851 D NetworkTypeController: [0] Remove all timers
06-09 15:24:15.493 851 851 D NetworkTypeController: [0] DefaultState: process EVENT_PHYSICAL_CHANNEL_CONFIG_NOTIF_CHANGED
06-09 15:24:15.493 851 851 D NetworkTypeController: [0] mIsPhysicalChannelConfigOn changed to: false
06-09 15:24:15.493 851 851 D NetworkTypeController: [0] Remove all timers
06-09 15:24:19.225 439 439 W healthd : battery l=53 v=7540 t=34.5 h=1 st=3 c=-512000 fc=9700000 chg=
06-09 15:24:19.542 347 347 I rockchip-vop2 fdd90000.vop: [drm:vop2_crtc_atomic_disable] Crtc atomic disable vp2
06-09 15:24:19.551 347 347 E rockchip-vop2 fdd90000.vop: [drm:vop2_crtc_atomic_disable] *ERROR* unexpected power on pd7
06-09 15:24:15.857 851 851 D DCT-C-0 : screen off
06-09 15:24:15.857 851 851 D DCT-C-0 : stopNetStatPoll
06-09 15:24:19.714 1 1 I init : processing action (debug.beidou_leavesuspend=*) from (/system/etc/init/hw/init.rc:1293)
06-09 15:24:16.002 851 851 D RILJ : [0132]> SEND_DEVICE_STATE 2:false [PHONE0]
06-09 15:24:16.002 526 526 D RILC : sendDeviceState: calling screen state 1
06-09 15:24:16.002 526 526 D RILC : onRequest: SCREEN_STATE datalen=4 request_value:61
06-09 15:24:16.003 851 1064 D RILJ : [0132]< SEND_DEVICE_STATE [PHONE0]
06-09 15:24:16.004 851 851 D RILJ : [0133]> SET_UNSOLICITED_RESPONSE_FILTER 127 [PHONE0]
06-09 15:24:16.004 851 1064 D RILJ : [0133]< SET_UNSOLICITED_RESPONSE_FILTER error 6 [PHONE0]
06-09 15:24:16.004 851 1064 D RilRequest: [0133]< SET_UNSOLICITED_RESPONSE_FILTER error: com.android.internal.telephony.CommandException: REQUEST_NOT_SUPPORTED ret= result=null
06-09 15:24:16.007 851 851 E RILJ : setSignalStrengthReportingCriteria ignored on IRadio version less than 1.2 [PHONE0]
06-09 15:24:19.717 1 1 W : debug.beidou_leavesuspend wakeup
06-09 15:24:19.731 444 444 I gsensor_mxc6655 5-0015: set sensor poll time to 200ms
06-09 15:24:19.732 444 444 I gsensor_mxc6655 5-0015: sensor on: starting poll sensor data 196ms
06-09 15:24:16.007 851 851 E RILJ : setSignalStrengthReportingCriteria ignored on IRadio version less than 1.2 [PHONE0]
06-09 15:24:16.007 851 851 E RILJ : setSignalStrengthReportingCriteria ignored on IRadio version less than 1.2 [PHONE0]
06-09 15:24:16.007 851 851 D NetworkTypeController: [0] LegacyState: process EVENT_PHYSICAL_CHANNEL_CONFIG_NOTIF_CHANGED
06-09 15:24:16.007 851 851 D NetworkTypeController: [0] Remove all timers
06-09 15:24:16.007 851 851 D NetworkTypeController: [0] DefaultState: process EVENT_PHYSICAL_CHANNEL_CONFIG_NOTIF_CHANGED
06-09 15:24:16.007 851 851 D NetworkTypeController: [0] mIsPhysicalChannelConfigOn changed to: true
06-09 15:24:19.746 439 439 W healthd : battery l=53 v=7540 t=34.5 h=1 st=3 c=-512000 fc=9700000 chg=
06-09 15:24:16.040 851 851 D DCT-C-0 : screen on
06-09 15:24:16.040 851 851 D DCT-C-0 : stopNetStatPoll
06-09 15:24:19.786 347 347 I rockchip-vop2 fdd90000.vop: [drm:vop2_crtc_atomic_enable] Update mode to 1536x2048p55, type: 16(if:60) for vp2 dclk: 192000000
06-09 15:24:19.787 347 347 I rockchip-vop2 fdd90000.vop: [drm:vop2_crtc_atomic_enable] dclk_out2 div: 2 dclk_core2 div: 1
06-09 15:24:19.787 347 347 I rockchip-vop2 fdd90000.vop: [drm:vop2_crtc_atomic_enable] set dclk_vop2 to 96000000, get 96000000
06-09 15:24:19.823 444 444 I gsensor_mxc6655 5-0015: set sensor poll time to 66ms
06-09 15:24:20.302 347 347 I dw-mipi-dsi2 fde20000.dsi: [drm:dw_mipi_dsi2_encoder_enable] final DSI-Link bandwidth: 639999 x 8 Kbps
06-09 15:24:20.403 357 357 E rockchip-vop2 fdd90000.vop: [drm:vop2_wait_power_domain_off] *ERROR* wait pd7 off timeout power_ctrl: 0x7f
06-09 15:24:17.171 526 549 D RILU : find_pci_device is 0
06-09 15:24:17.171 526 549 D RILC : PCI can't find at device
06-09 15:24:17.174 526 549 D RILC : USB can't find at device
06-09 15:24:21.202 4266 4266 W : abc audioDBG [es8323_mute] start mute:1
06-09 15:24:21.202 4266 4266 I [Awinic] [3-0058]aw_acf_get_prof_desc_form_name: get prof desc down
06-09 15:24:21.202 4266 4266 I [Awinic] [3-005b]aw_acf_get_prof_desc_form_name: get prof desc down
06-09 15:24:21.462 1 1 I init : processing action (debug.beidou_entersuspend=*) from (/system/etc/init/hw/init.rc:1286)
06-09 15:24:21.463 1 1 W : debug.beidou_entersuspend $PMTK161,0*28\r\n
06-09 15:24:21.464 1 1 I init : starting service 'gps_suspend'...
06-09 15:24:21.491 1 1 I init : Service 'gps_suspend' (pid 6115) exited with status 0 oneshot service took 0.005000 seconds in background
06-09 15:24:21.491 1 1 I init : Sending signal 9 to service 'gps_suspend' (pid 6115) process group...
06-09 15:24:21.512 18417 18417 W : abc audioDBG [es8323_mute] start mute:0
06-09 15:24:21.522 18417 18417 I [Awinic] [3-0058]aw_acf_get_prof_desc_form_name: get prof desc down
06-09 15:24:21.536 18417 18417 I [Awinic] [3-005b]aw_acf_get_prof_desc_form_name: get prof desc down
06-09 15:24:21.966 460 460 I gsensor_mxc6655 5-0015: set sensor poll time to 200ms
06-09 15:24:18.258 851 851 D RILJ : [0134]> SEND_DEVICE_STATE 2:true [PHONE0]
06-09 15:24:18.259 526 526 D RILC : sendDeviceState: calling screen state 0
06-09 15:24:18.259 526 526 D RILC : onRequest: SCREEN_STATE datalen=4 request_value:61
06-09 15:24:18.260 851 1064 D RILJ : [0134]< SEND_DEVICE_STATE [PHONE0]
06-09 15:24:18.267 851 851 D RILJ : [0135]> SET_UNSOLICITED_RESPONSE_FILTER 32 [PHONE0]
06-09 15:24:18.267 851 1064 D RILJ : [0135]< SET_UNSOLICITED_RESPONSE_FILTER error 6 [PHONE0]
06-09 15:24:18.267 851 1064 D RilRequest: [0135]< SET_UNSOLICITED_RESPONSE_FILTER error: com.android.internal.telephony.CommandException: REQUEST_NOT_SUPPORTED ret= result=null
06-09 15:24:18.269 851 851 E RILJ : setSignalStrengthReportingCriteria ignored on IRadio version less than 1.2 [PHONE0]
06-09 15:24:18.269 851 851 E RILJ : setSignalStrengthReportingCriteria ignored on IRadio version less than 1.2 [PHONE0]
06-09 15:24:18.269 851 851 E RILJ : setSignalStrengthReportingCriteria ignored on IRadio version less than 1.2 [PHONE0]
06-09 15:24:18.269 851 851 D NetworkTypeController: [0] LegacyState: process EVENT_PHYSICAL_CHANNEL_CONFIG_NOTIF_CHANGED
06-09 15:24:18.269 851 851 D NetworkTypeController: [0] Remove all timers
06-09 15:24:18.269 851 851 D NetworkTypeController: [0] DefaultState: process EVENT_PHYSICAL_CHANNEL_CONFIG_NOTIF_CHANGED
06-09 15:24:18.270 851 851 D NetworkTypeController: [0] mIsPhysicalChannelConfigOn changed to: false
06-09 15:24:18.270 851 851 D NetworkTypeController: [0] Remove all timers
06-09 15:24:22.004 439 439 W healthd : battery l=53 v=7552 t=34.5 h=1 st=3 c=-512000 fc=9700000 chg=
06-09 15:24:22.312 347 347 I rockchip-vop2 fdd90000.vop: [drm:vop2_crtc_atomic_disable] Crtc atomic disable vp2
06-09 15:24:22.320 347 347 E rockchip-vop2 fdd90000.vop: [drm:vop2_crtc_atomic_disable] *ERROR* unexpected power on pd7
06-09 15:24:18.634 851 851 D DCT-C-0 : screen off
06-09 15:24:18.634 851 851 D DCT-C-0 : stopNetStatPoll
06-09 15:24:22.483 1 1 W : debug.beidou_leavesuspend wakeup
06-09 15:24:22.493 460 460 I gsensor_mxc6655 5-0015: set sensor poll time to 200ms
06-09 15:24:22.497 460 460 I gsensor_mxc6655 5-0015: sensor on: starting poll sensor data 196ms
06-09 15:24:18.777 851 851 D RILJ : [0136]> SEND_DEVICE_STATE 2:false [PHONE0]
06-09 15:24:18.777 526 526 D RILC : sendDeviceState: calling screen state 1
06-09 15:24:18.777 526 526 D RILC : onRequest: SCREEN_STATE datalen=4 request_value:61
06-09 15:24:18.777 851 1064 D RILJ : [0136]< SEND_DEVICE_STATE [PHONE0]
06-09 15:24:18.778 851 851 D RILJ : [0137]> SET_UNSOLICITED_RESPONSE_FILTER 127 [PHONE0]
06-09 15:24:18.779 851 1064 D RILJ : [0137]< SET_UNSOLICITED_RESPONSE_FILTER error 6 [PHONE0]
06-09 15:24:18.779 851 1064 D RilRequest: [0137]< SET_UNSOLICITED_RESPONSE_FILTER error: com.android.internal.telephony.CommandException: REQUEST_NOT_SUPPORTED ret= result=null
06-09 15:24:18.780 851 851 E RILJ : setSignalStrengthReportingCriteria ignored on IRadio version less than 1.2 [PHONE0]
06-09 15:24:18.780 851 851 E RILJ : setSignalStrengthReportingCriteria ignored on IRadio version less than 1.2 [PHONE0]
06-09 15:24:18.780 851 851 E RILJ : setSignalStrengthReportingCriteria ignored on IRadio version less than 1.2 [PHONE0]
06-09 15:24:18.780 851 851 D NetworkTypeController: [0] LegacyState: process EVENT_PHYSICAL_CHANNEL_CONFIG_NOTIF_CHANGED
06-09 15:24:18.780 851 851 D NetworkTypeController: [0] Remove all timers
06-09 15:24:18.780 851 851 D NetworkTypeController: [0] DefaultState: process EVENT_PHYSICAL_CHANNEL_CONFIG_NOTIF_CHANGED
06-09 15:24:18.780 851 851 D NetworkTypeController: [0] mIsPhysicalChannelConfigOn changed to: true
06-09 15:24:22.527 439 439 W healthd : battery l=53 v=7552 t=34.5 h=1 st=3 c=-256000 fc=9700000 chg=
06-09 15:24:18.800 851 851 D DCT-C-0 : screen on
06-09 15:24:18.800 851 851 D DCT-C-0 : stopNetStatPoll
06-09 15:24:22.556 347 347 I rockchip-vop2 fdd90000.vop: [drm:vop2_crtc_atomic_enable] Update mode to 1536x2048p55, type: 16(if:60) for vp2 dclk: 192000000
06-09 15:24:22.557 347 347 I rockchip-vop2 fdd90000.vop: [drm:vop2_crtc_atomic_enable] dclk_out2 div: 2 dclk_core2 div: 1
06-09 15:24:22.557 347 347 I rockchip-vop2 fdd90000.vop: [drm:vop2_crtc_atomic_enable] set dclk_vop2 to 96000000, get 96000000
06-09 15:24:22.562 460 460 I gsensor_mxc6655 5-0015: set sensor poll time to 66ms
06-09 15:24:23.072 347 347 I dw-mipi-dsi2 fde20000.dsi: [drm:dw_mipi_dsi2_encoder_enable] final DSI-Link bandwidth: 639999 x 8 Kbps
06-09 15:24:23.533 357 357 E rockchip-vop2 fdd90000.vop: [drm:vop2_wait_power_domain_off] *ERROR* wait pd7 off timeout power_ctrl: 0x7a
06-09 15:24:23.900 544 544 W : abc audioDBG [es8323_mute] start mute:1
06-09 15:24:23.900 544 544 I [Awinic] [3-0058]aw_acf_get_prof_desc_form_name: get prof desc down
06-09 15:24:23.901 544 544 I [Awinic] [3-005b]aw_acf_get_prof_desc_form_name: get prof desc down
06-09 15:24:20.175 526 549 D RILU : find_pci_device is 0
06-09 15:24:20.175 526 549 D RILC : PCI can't find at device
06-09 15:24:20.177 526 549 D RILC : USB can't find at device
06-09 15:24:24.104 1 1 I init : processing action (debug.beidou_entersuspend=*) from (/system/etc/init/hw/init.rc:1286)
06-09 15:24:24.105 1 1 W : debug.beidou_entersuspend $PMTK161,0*28\r\n
06-09 15:24:24.107 1 1 I init : starting service 'gps_suspend'...
06-09 15:24:24.120 1 1 I init : Service 'gps_suspend' (pid 6149) exited with status 0 oneshot service took 0.007000 seconds in background
06-09 15:24:24.120 1 1 I init : Sending signal 9 to service 'gps_suspend' (pid 6149) process group...
06-09 15:24:24.120 1 1 I libprocessgroup: Successfully killed process cgroup uid 0 pid 6149 in 0ms
06-09 15:24:24.153 18417 18417 W : abc audioDBG [es8323_mute] start mute:0
06-09 15:24:24.163 18417 18417 I [Awinic] [3-0058]aw_acf_get_prof_desc_form_name: get prof desc down
06-09 15:24:24.177 18417 18417 I [Awinic] [3-005b]aw_acf_get_prof_desc_form_name: get prof desc down
06-09 15:24:24.591 460 460 I gsensor_mxc6655 5-0015: set sensor poll time to 200ms
06-09 15:24:24.612 439 439 W healthd : battery l=53 v=7552 t=34.5 h=1 st=3 c=-768000 fc=9700000 chg=
06-09 15:24:20.897 851 851 D RILJ : [0138]> SEND_DEVICE_STATE 2:true [PHONE0]
06-09 15:24:20.897 526 526 D RILC : sendDeviceState: calling screen state 0
06-09 15:24:20.897 526 526 D RILC : onRequest: SCREEN_STATE datalen=4 request_value:61
06-09 15:24:20.897 851 1064 D RILJ : [0138]< SEND_DEVICE_STATE [PHONE0]
06-09 15:24:20.898 851 851 D RILJ : [0139]> SET_UNSOLICITED_RESPONSE_FILTER 32 [PHONE0]
06-09 15:24:20.898 851 1064 D RILJ : [0139]< SET_UNSOLICITED_RESPONSE_FILTER error 6 [PHONE0]
06-09 15:24:20.898 851 1064 D RilRequest: [0139]< SET_UNSOLICITED_RESPONSE_FILTER error: com.android.internal.telephony.CommandException: REQUEST_NOT_SUPPORTED ret= result=null
06-09 15:24:20.899 851 851 E RILJ : setSignalStrengthReportingCriteria ignored on IRadio version less than 1.2 [PHONE0]
06-09 15:24:20.899 851 851 E RILJ : setSignalStrengthReportingCriteria ignored on IRadio version less than 1.2 [PHONE0]
06-09 15:24:20.901 851 851 E RILJ : setSignalStrengthReportingCriteria ignored on IRadio version less than 1.2 [PHONE0]
06-09 15:24:20.901 851 851 D NetworkTypeController: [0] LegacyState: process EVENT_PHYSICAL_CHANNEL_CONFIG_NOTIF_CHANGED
06-09 15:24:20.902 851 851 D NetworkTypeController: [0] Remove all timers
06-09 15:24:20.902 851 851 D NetworkTypeController: [0] DefaultState: process EVENT_PHYSICAL_CHANNEL_CONFIG_NOTIF_CHANGED
06-09 15:24:20.902 851 851 D NetworkTypeController: [0] mIsPhysicalChannelConfigOn changed to: false
06-09 15:24:20.902 851 851 D NetworkTypeController: [0] Remove all timers
06-09 15:24:24.955 347 347 I rockchip-vop2 fdd90000.vop: [drm:vop2_crtc_atomic_disable] Crtc atomic disable vp2
06-09 15:24:24.962 347 347 E rockchip-vop2 fdd90000.vop: [drm:vop2_crtc_atomic_disable] *ERROR* unexpected power on pd7
06-09 15:24:21.271 851 851 D DCT-C-0 : screen off
06-09 15:24:21.271 851 851 D DCT-C-0 : stopNetStatPoll
06-09 15:24:25.113 1 1 I init : processing action (debug.beidou_leavesuspend=*) from (/system/etc/init/hw/init.rc:1293)
06-09 15:24:21.401 851 851 D RILJ : [0140]> SEND_DEVICE_STATE 2:false [PHONE0]
06-09 15:24:21.402 526 526 D RILC : sendDeviceState: calling screen state 1
06-09 15:24:21.402 526 526 D RILC : onRequest: SCREEN_STATE datalen=4 request_value:61
06-09 15:24:21.402 851 1064 D RILJ : [0140]< SEND_DEVICE_STATE [PHONE0]
06-09 15:24:21.406 851 851 D RILJ : [0141]> SET_UNSOLICITED_RESPONSE_FILTER 127 [PHONE0]
06-09 15:24:25.116 1 1 W : debug.beidou_leavesuspend wakeup
06-09 15:24:25.130 460 460 I gsensor_mxc6655 5-0015: set sensor poll time to 200ms
06-09 15:24:25.131 460 460 I gsensor_mxc6655 5-0015: sensor on: starting poll sensor data 196ms
06-09 15:24:21.407 851 1064 D RILJ : [0141]< SET_UNSOLICITED_RESPONSE_FILTER error 6 [PHONE0]
06-09 15:24:21.407 851 1064 D RilRequest: [0141]< SET_UNSOLICITED_RESPONSE_FILTER error: com.android.internal.telephony.CommandException: REQUEST_NOT_SUPPORTED ret= result=null
06-09 15:24:21.407 851 851 E RILJ : setSignalStrengthReportingCriteria ignored on IRadio version less than 1.2 [PHONE0]
06-09 15:24:21.408 851 851 E RILJ : setSignalStrengthReportingCriteria ignored on IRadio version less than 1.2 [PHONE0]
06-09 15:24:21.408 851 851 E RILJ : setSignalStrengthReportingCriteria ignored on IRadio version less than 1.2 [PHONE0]
06-09 15:24:21.408 851 851 D NetworkTypeController: [0] LegacyState: process EVENT_PHYSICAL_CHANNEL_CONFIG_NOTIF_CHANGED
06-09 15:24:21.408 851 851 D NetworkTypeController: [0] Remove all timers
06-09 15:24:21.408 851 851 D NetworkTypeController: [0] DefaultState: process EVENT_PHYSICAL_CHANNEL_CONFIG_NOTIF_CHANGED
06-09 15:24:21.408 851 851 D NetworkTypeController: [0] mIsPhysicalChannelConfigOn changed to: true
06-09 15:24:25.144 439 439 W healthd : battery l=53 v=7552 t=34.5 h=1 st=3 c=-768000 fc=9700000 chg=
06-09 15:24:21.438 851 851 D DCT-C-0 : screen on
06-09 15:24:21.438 851 851 D DCT-C-0 : stopNetStatPoll
06-09 15:24:25.182 347 347 I rockchip-vop2 fdd90000.vop: [drm:vop2_crtc_atomic_enable] Update mode to 1536x2048p55, type: 16(if:60) for vp2 dclk: 192000000
06-09 15:24:25.183 347 347 I rockchip-vop2 fdd90000.vop: [drm:vop2_crtc_atomic_enable] dclk_out2 div: 2 dclk_core2 div: 1
06-09 15:24:25.183 347 347 I rockchip-vop2 fdd90000.vop: [drm:vop2_crtc_atomic_enable] set dclk_vop2 to 96000000, get 96000000
06-09 15:24:25.206 460 460 I gsensor_mxc6655 5-0015: set sensor poll time to 66ms
06-09 15:24:25.688 347 347 I dw-mipi-dsi2 fde20000.dsi: [drm:dw_mipi_dsi2_encoder_enable] final DSI-Link bandwidth: 639999 x 8 Kbps
06-09 15:24:25.772 357 357 E rockchip-vop2 fdd90000.vop: [drm:vop2_wait_power_domain_off] *ERROR* wait pd7 off timeout power_ctrl: 0x7f
06-09 15:24:26.567 4266 4266 W : abc audioDBG [es8323_mute] start mute:1
06-09 15:24:26.567 4266 4266 I [Awinic] [3-0058]aw_acf_get_prof_desc_form_name: get prof desc down
06-09 15:24:26.568 4266 4266 I [Awinic] [3-005b]aw_acf_get_prof_desc_form_name: get prof desc down
06-09 15:24:23.178 526 549 D RILU : find_pci_device is 0
06-09 15:24:23.178 526 549 D RILC : PCI can't find at device
06-09 15:24:23.181 526 549 D RILC : USB can't find at device
06-09 15:24:27.172 1 1 I init : processing action (debug.beidou_entersuspend=*) from (/system/etc/init/hw/init.rc:1286)
