06-09 15:58:32.333 620 620 V BiometricSchedulerOperation: started: {[584] com.android.server.biometrics.sensors.fingerprint.hidl.FingerprintUpdateActiveUserClient, proto=1, owner=android, cookie=0, requestId=-1, userId=0}, State: 5
06-09 15:58:32.333 620 620 D BiometricScheduler/Fingerprint21: [Added] {[585] com.android.server.biometrics.sensors.fingerprint.hidl.FingerprintAuthenticationClient, proto=3, owner=com.android.systemui, cookie=0, requestId=261, userId=0}, new queue size: 1
06-09 15:58:32.333 620 620 V BiometricScheduler/Fingerprint21: Not idle, current operation: {[584] com.android.server.biometrics.sensors.fingerprint.hidl.FingerprintUpdateActiveUserClient, proto=1, owner=android, cookie=0, requestId=-1, userId=0}, State: 5
06-09 15:58:32.333 620 620 D BiometricScheduler/Fingerprint21: [Finishing] {[584] com.android.server.biometrics.sensors.fingerprint.hidl.FingerprintUpdateActiveUserClient, proto=1, owner=android, cookie=0, requestId=-1, userId=0}, success: true
06-09 15:58:32.333 620 620 D BiometricScheduler/Fingerprint21: [Polled] {[585] com.android.server.biometrics.sensors.fingerprint.hidl.FingerprintAuthenticationClient, proto=3, owner=com.android.systemui, cookie=0, requestId=261, userId=0}, State: 0
06-09 15:58:32.334 620 620 D GestureAvailabilityTracker: Notifying gesture availability, active=false
06-09 15:58:32.334 620 620 D BiometricScheduler/Fingerprint21: [Started] {[585] com.android.server.biometrics.sensors.fingerprint.hidl.FingerprintAuthenticationClient, proto=3, owner=com.android.systemui, cookie=0, requestId=261, userId=0}
06-09 15:58:32.334 620 620 D BiometricCoexCoordinator: addAuthenticationClient(OtherFp), client: {[585] com.android.server.biometrics.sensors.fingerprint.hidl.FingerprintAuthenticationClient, proto=3, owner=com.android.systemui, cookie=0, requestId=261, userId=0}
06-09 15:58:32.334 620 620 D FingerprintService: Fps state updated from 0 to 2, client {[585] com.android.server.biometrics.sensors.fingerprint.hidl.FingerprintAuthenticationClient, proto=3, owner=com.android.systemui, cookie=0, requestId=261, userId=0}
06-09 15:58:32.334 620 620 D Biometrics/AuthenticationClient: Requesting auth for com.android.systemui
06-09 15:58:36.070 1 1 I init : Service 'gps_suspend' (pid 1418) exited with status 0 oneshot service took 0.009000 seconds in background
06-09 15:58:36.070 1 1 I init : Sending signal 9 to service 'gps_suspend' (pid 1418) process group...
06-09 15:58:36.070 1 1 I libprocessgroup: Successfully killed process cgroup uid 0 pid 1418 in 0ms
06-09 15:58:32.364 620 620 V BiometricSchedulerOperation: started: {[585] com.android.server.biometrics.sensors.fingerprint.hidl.FingerprintAuthenticationClient, proto=3, owner=com.android.systemui, cookie=0, requestId=261, userId=0}, State: 2
06-09 15:58:32.800 620 661 I DisplayPowerController[0]: Blocking screen off
06-09 15:58:32.800 620 661 I DisplayPowerController[0]: Unblocked screen off after 0 ms
06-09 15:58:32.819 620 661 D ActivityTaskManager: Top Process State changed to PROCESS_STATE_TOP_SLEEPING
06-09 15:58:36.546 460 460 I gsensor_mxc6655 5-0015: set sensor poll time to 200ms
06-09 15:58:36.568 439 439 W healthd : battery l=46 v=7460 t=33.5 h=1 st=3 c=-512000 fc=9700000 chg=
06-09 15:58:32.851 620 661 V DisplayPowerController[0]: Brightness [0.003937008] reason changing to: 'screen_off', previous reason: 'manual'.
06-09 15:58:32.853 620 640 I DisplayDeviceRepository: Display device changed state: "内置屏幕", OFF
06-09 15:58:32.866 851 851 D RILJ : [0928]> SEND_DEVICE_STATE 2:true [PHONE0]
06-09 15:58:32.866 526 526 D RILC : sendDeviceState: calling screen state 0
06-09 15:58:32.866 526 526 D RILC : onRequest: SCREEN_STATE datalen=4 request_value:61
06-09 15:58:32.867 851 1064 D RILJ : [0928]< SEND_DEVICE_STATE [PHONE0]
06-09 15:58:32.867 851 851 D RILJ : [0929]> SET_UNSOLICITED_RESPONSE_FILTER 32 [PHONE0]
06-09 15:58:32.867 851 1064 D RILJ : [0929]< SET_UNSOLICITED_RESPONSE_FILTER error 6 [PHONE0]
06-09 15:58:32.867 851 1064 D RilRequest: [0929]< SET_UNSOLICITED_RESPONSE_FILTER error: com.android.internal.telephony.CommandException: REQUEST_NOT_SUPPORTED ret= result=null
06-09 15:58:32.867 851 851 E RILJ : setSignalStrengthReportingCriteria ignored on IRadio version less than 1.2 [PHONE0]
06-09 15:58:32.868 851 851 E RILJ : setSignalStrengthReportingCriteria ignored on IRadio version less than 1.2 [PHONE0]
06-09 15:58:32.868 851 851 E RILJ : setSignalStrengthReportingCriteria ignored on IRadio version less than 1.2 [PHONE0]
06-09 15:58:32.868 851 851 D NetworkTypeController: [0] LegacyState: process EVENT_PHYSICAL_CHANNEL_CONFIG_NOTIF_CHANGED
06-09 15:58:32.868 851 851 D NetworkTypeController: [0] Remove all timers
06-09 15:58:32.868 851 851 D NetworkTypeController: [0] DefaultState: process EVENT_PHYSICAL_CHANNEL_CONFIG_NOTIF_CHANGED
06-09 15:58:32.868 851 851 D NetworkTypeController: [0] mIsPhysicalChannelConfigOn changed to: false
06-09 15:58:32.868 851 851 D NetworkTypeController: [0] Remove all timers
06-09 15:58:32.875 777 2574 D PowerUI : maybeShowBatteryWarning...1
06-09 15:58:32.876 777 2574 D PowerUI : maybeShowBatteryWarning...end
06-09 15:58:36.905 347 347 I rockchip-vop2 fdd90000.vop: [drm:vop2_crtc_atomic_disable] Crtc atomic disable vp2
06-09 15:58:36.916 347 347 E rockchip-vop2 fdd90000.vop: [drm:vop2_crtc_atomic_disable] *ERROR* unexpected power on pd7
06-09 15:58:33.213 620 620 D BiometricService: Sensor ID(0), oemStrength: 255, updatedStrength: 255, modality 2, state: 0, cookie: 0, props: ID: 0, Strength: 1, Type: 1, sensorId 0, hasEnrollments: true cannot participate in Keystore operations
06-09 15:58:33.231 851 851 D DCT-C-0 : screen off
06-09 15:58:33.231 851 851 D DCT-C-0 : stopNetStatPoll
06-09 15:58:34.468 620 707 I PowerManagerService: Powering on display group fromAsleep (groupId=0, uid=1000, reason=WAKE_REASON_LID, details=android.policy:LID, mShutdownOrRebootingStarted=false)...
06-09 15:58:34.469 620 707 I PowerManagerService: Waking up from Asleep (uid=1000, reason=WAKE_REASON_LID, details=android.policy:LID)...
06-09 15:58:34.477 620 661 I DisplayPowerController[0]: Blocking screen on until initial contents have been drawn.
06-09 15:58:38.208 1 1 I init : processing action (debug.beidou_leavesuspend=*) from (/system/etc/init/hw/init.rc:1293)
06-09 15:58:38.216 1 1 W : debug.beidou_leavesuspend wakeup
06-09 15:58:38.233 460 460 I gsensor_mxc6655 5-0015: set sensor poll time to 200ms
06-09 15:58:38.237 460 460 I gsensor_mxc6655 5-0015: sensor on: starting poll sensor data 196ms
06-09 15:58:34.484 620 661 V DisplayPowerController[0]: Brightness [0.39763778] reason changing to: 'manual', previous reason: 'screen_off'.
06-09 15:58:34.489 620 640 I DisplayDeviceRepository: Display device changed state: "内置屏幕", ON
06-09 15:58:34.500 851 851 D RILJ : [0930]> SEND_DEVICE_STATE 2:false [PHONE0]
06-09 15:58:34.502 851 851 D RILJ : [0931]> SET_UNSOLICITED_RESPONSE_FILTER 127 [PHONE0]
06-09 15:58:34.503 526 526 D RILC : sendDeviceState: calling screen state 1
06-09 15:58:34.503 851 851 E RILJ : setSignalStrengthReportingCriteria ignored on IRadio version less than 1.2 [PHONE0]
06-09 15:58:34.503 526 526 D RILC : onRequest: SCREEN_STATE datalen=4 request_value:61
06-09 15:58:34.503 851 851 E RILJ : setSignalStrengthReportingCriteria ignored on IRadio version less than 1.2 [PHONE0]
06-09 15:58:34.503 851 851 E RILJ : setSignalStrengthReportingCriteria ignored on IRadio version less than 1.2 [PHONE0]
06-09 15:58:34.503 851 851 D NetworkTypeController: [0] LegacyState: process EVENT_PHYSICAL_CHANNEL_CONFIG_NOTIF_CHANGED
06-09 15:58:34.503 851 851 D NetworkTypeController: [0] Remove all timers
06-09 15:58:34.503 851 851 D NetworkTypeController: [0] DefaultState: process EVENT_PHYSICAL_CHANNEL_CONFIG_NOTIF_CHANGED
06-09 15:58:34.504 851 851 D NetworkTypeController: [0] mIsPhysicalChannelConfigOn changed to: true
06-09 15:58:34.504 851 1064 D RILJ : [0930]< SEND_DEVICE_STATE [PHONE0]
06-09 15:58:34.504 851 1064 D RILJ : [0931]< SET_UNSOLICITED_RESPONSE_FILTER error 6 [PHONE0]
06-09 15:58:34.504 851 1064 D RilRequest: [0931]< SET_UNSOLICITED_RESPONSE_FILTER error: com.android.internal.telephony.CommandException: REQUEST_NOT_SUPPORTED ret= result=null
06-09 15:58:38.253 439 439 W healthd : battery l=46 v=7460 t=33.5 h=1 st=3 c=0 fc=9700000 chg=
06-09 15:58:34.544 851 851 D DCT-C-0 : screen on
06-09 15:58:34.544 851 851 D DCT-C-0 : stopNetStatPoll
06-09 15:58:38.279 460 460 I gsensor_mxc6655 5-0015: set sensor poll time to 66ms
06-09 15:58:38.279 347 347 I rockchip-vop2 fdd90000.vop: [drm:vop2_crtc_atomic_enable] Update mode to 1536x2048p55, type: 16(if:60) for vp2 dclk: 192000000
06-09 15:58:38.280 347 347 I rockchip-vop2 fdd90000.vop: [drm:vop2_crtc_atomic_enable] dclk_out2 div: 2 dclk_core2 div: 1
06-09 15:58:38.280 347 347 I rockchip-vop2 fdd90000.vop: [drm:vop2_crtc_atomic_enable] set dclk_vop2 to 96000000, get 96000000
06-09 15:58:34.557 620 661 I DisplayPowerController[0]: Unblocked screen on after 81 ms
06-09 15:58:34.760 526 549 D RILU : find_pci_device is 0
06-09 15:58:34.760 526 549 D RILC : PCI can't find at device
06-09 15:58:34.763 526 549 D RILC : USB can't find at device
06-09 15:58:38.788 347 347 I dw-mipi-dsi2 fde20000.dsi: [drm:dw_mipi_dsi2_encoder_enable] final DSI-Link bandwidth: 639999 x 8 Kbps
06-09 15:58:35.071 620 661 W PowerManagerService: Screen on took 602 ms
06-09 15:58:38.881 357 357 E rockchip-vop2 fdd90000.vop: [drm:vop2_wait_power_domain_off] *ERROR* wait pd7 off timeout power_ctrl: 0x7f
06-09 15:58:36.459 620 620 W Looper : Slow dispatch took 143ms main h=android.app.ActivityThread$H c=android.app.LoadedApk$ReceiverDispatcher$Args$$ExternalSyntheticLambda0@c2c0852 m=0
06-09 15:58:37.764 526 549 D RILU : find_pci_device is 0
06-09 15:58:37.764 526 549 D RILC : PCI can't find at device
06-09 15:58:37.766 526 549 D RILC : USB can't find at device
06-09 15:58:38.716 620 707 I PowerManagerService: Powering off display group due to lid_switch (groupId= 0, uid= 1000)...
06-09 15:58:38.720 620 707 I PowerManagerService: Going to sleep due to lid_switch (uid 1000)...
06-09 15:58:42.445 1 1 I init : processing action (debug.beidou_entersuspend=*) from (/system/etc/init/hw/init.rc:1286)
06-09 15:58:42.448 1 1 W : debug.beidou_entersuspend $PMTK161,0*28\r\n
06-09 15:58:42.449 1 1 I init : starting service 'gps_suspend'...
06-09 15:58:38.722 620 707 I PowerManagerService: Sleeping display group (groupId=0, uid=1000)...
06-09 15:58:38.722 620 707 I PowerManagerService: Sleeping (uid 1000)...
06-09 15:58:42.477 1 1 I init : Service 'gps_suspend' (pid 1558) exited with status 0 oneshot service took 0.022000 seconds in background
06-09 15:58:42.477 1 1 I init : Sending signal 9 to service 'gps_suspend' (pid 1558) process group...
06-09 15:58:42.478 1 1 I libprocessgroup: Successfully killed process cgroup uid 0 pid 1558 in 0ms
06-09 15:58:39.211 620 661 I DisplayPowerController[0]: Blocking screen off
06-09 15:58:39.212 620 661 I DisplayPowerController[0]: Unblocked screen off after 0 ms
06-09 15:58:42.937 444 444 I gsensor_mxc6655 5-0015: set sensor poll time to 200ms
06-09 15:58:39.229 620 661 V DisplayPowerController[0]: Brightness [0.003937008] reason changing to: 'screen_off', previous reason: 'manual'.
06-09 15:58:39.234 620 640 I DisplayDeviceRepository: Display device changed state: "内置屏幕", OFF
06-09 15:58:39.237 777 4678 D PowerUI : maybeShowBatteryWarning...1
06-09 15:58:39.239 777 4678 D PowerUI : maybeShowBatteryWarning...end
06-09 15:58:42.957 439 439 W healthd : battery l=46 v=7520 t=33.5 h=1 st=3 c=-512000 fc=9700000 chg=
06-09 15:58:39.239 851 851 D RILJ : [0932]> SEND_DEVICE_STATE 2:true [PHONE0]
06-09 15:58:39.239 526 526 D RILC : sendDeviceState: calling screen state 0
06-09 15:58:39.239 526 526 D RILC : onRequest: SCREEN_STATE datalen=4 request_value:61
06-09 15:58:39.240 851 1064 D RILJ : [0932]< SEND_DEVICE_STATE [PHONE0]
06-09 15:58:39.240 851 851 D RILJ : [0933]> SET_UNSOLICITED_RESPONSE_FILTER 32 [PHONE0]
06-09 15:58:39.240 851 1064 D RILJ : [0933]< SET_UNSOLICITED_RESPONSE_FILTER error 6 [PHONE0]
06-09 15:58:39.240 851 1064 D RilRequest: [0933]< SET_UNSOLICITED_RESPONSE_FILTER error: com.android.internal.telephony.CommandException: REQUEST_NOT_SUPPORTED ret= result=null
06-09 15:58:39.241 851 851 E RILJ : setSignalStrengthReportingCriteria ignored on IRadio version less than 1.2 [PHONE0]
06-09 15:58:39.241 851 851 E RILJ : setSignalStrengthReportingCriteria ignored on IRadio version less than 1.2 [PHONE0]
06-09 15:58:39.241 851 851 E RILJ : setSignalStrengthReportingCriteria ignored on IRadio version less than 1.2 [PHONE0]
06-09 15:58:39.241 851 851 D NetworkTypeController: [0] LegacyState: process EVENT_PHYSICAL_CHANNEL_CONFIG_NOTIF_CHANGED
06-09 15:58:39.241 851 851 D NetworkTypeController: [0] Remove all timers
06-09 15:58:39.241 851 851 D NetworkTypeController: [0] DefaultState: process EVENT_PHYSICAL_CHANNEL_CONFIG_NOTIF_CHANGED
06-09 15:58:39.241 851 851 D NetworkTypeController: [0] mIsPhysicalChannelConfigOn changed to: false
06-09 15:58:39.241 851 851 D NetworkTypeController: [0] Remove all timers
06-09 15:58:43.241 347 347 I rockchip-vop2 fdd90000.vop: [drm:vop2_crtc_atomic_disable] Crtc atomic disable vp2
06-09 15:58:39.575 851 851 D DCT-C-0 : screen off
06-09 15:58:39.575 851 851 D DCT-C-0 : stopNetStatPoll
06-09 15:58:40.559 620 620 W NotificationHistory: Attempted to add notif for locked/gone/disabled user 0
06-09 15:58:40.767 526 549 D RILU : find_pci_device is 0
06-09 15:58:40.767 526 549 D RILC : PCI can't find at device
06-09 15:58:40.771 526 549 D RILC : USB can't find at device
06-09 15:58:43.771 526 549 D RILU : find_pci_device is 0
06-09 15:58:43.771 526 549 D RILC : PCI can't find at device
06-09 15:58:43.772 526 549 D RILC : USB can't find at device
06-09 15:58:46.773 526 549 D RILU : find_pci_device is 0
06-09 15:58:46.773 526 549 D RILC : PCI can't find at device
06-09 15:58:46.774 526 549 D RILC : USB can't find at device
06-09 15:58:49.775 526 549 D RILU : find_pci_device is 0
06-09 15:58:49.775 526 549 D RILC : PCI can't find at device
06-09 15:58:49.778 526 549 D RILC : USB can't find at device
06-09 15:58:52.779 526 549 D RILU : find_pci_device is 0
06-09 15:58:52.779 526 549 D RILC : PCI can't find at device
06-09 15:58:52.782 526 549 D RILC : USB can't find at device
06-09 15:58:53.838 620 707 I PowerManagerService: Powering on display group fromAsleep (groupId=0, uid=1000, reason=WAKE_REASON_LID, details=android.policy:LID, mShutdownOrRebootingStarted=false)...
06-09 15:58:53.839 620 707 I PowerManagerService: Waking up from Asleep (uid=1000, reason=WAKE_REASON_LID, details=android.policy:LID)...
06-09 15:58:57.571 1 1 I init : processing action (debug.beidou_leavesuspend=*) from (/system/etc/init/hw/init.rc:1293)
06-09 15:58:53.849 620 661 I DisplayPowerController[0]: Blocking screen on until initial contents have been drawn.
06-09 15:58:53.851 620 661 V DisplayPowerController[0]: Brightness [0.39763778] reason changing to: 'manual', previous reason: 'screen_off'.
06-09 15:58:53.856 620 640 I DisplayDeviceRepository: Display device changed state: "内置屏幕", ON
06-09 15:58:53.875 851 851 D RILJ : [0934]> SEND_DEVICE_STATE 2:false [PHONE0]
06-09 15:58:53.876 526 526 D RILC : sendDeviceState: calling screen state 1
06-09 15:58:53.876 526 526 D RILC : onRequest: SCREEN_STATE datalen=4 request_value:61
06-09 15:58:53.876 851 1064 D RILJ : [0934]< SEND_DEVICE_STATE [PHONE0]
06-09 15:58:53.877 851 851 D RILJ : [0935]> SET_UNSOLICITED_RESPONSE_FILTER 127 [PHONE0]
06-09 15:58:53.878 851 851 E RILJ : setSignalStrengthReportingCriteria ignored on IRadio version less than 1.2 [PHONE0]
06-09 15:58:53.878 851 851 E RILJ : setSignalStrengthReportingCriteria ignored on IRadio version less than 1.2 [PHONE0]
06-09 15:58:53.878 851 851 E RILJ : setSignalStrengthReportingCriteria ignored on IRadio version less than 1.2 [PHONE0]
06-09 15:58:53.878 851 851 D NetworkTypeController: [0] LegacyState: process EVENT_PHYSICAL_CHANNEL_CONFIG_NOTIF_CHANGED
06-09 15:58:53.879 851 851 D NetworkTypeController: [0] Remove all timers
06-09 15:58:53.879 851 851 D NetworkTypeController: [0] DefaultState: process EVENT_PHYSICAL_CHANNEL_CONFIG_NOTIF_CHANGED
06-09 15:58:53.879 851 851 D NetworkTypeController: [0] mIsPhysicalChannelConfigOn changed to: true
06-09 15:58:53.880 851 1064 D RILJ : [0935]< SET_UNSOLICITED_RESPONSE_FILTER error 6 [PHONE0]
06-09 15:58:53.880 851 1064 D RilRequest: [0935]< SET_UNSOLICITED_RESPONSE_FILTER error: com.android.internal.telephony.CommandException: REQUEST_NOT_SUPPORTED ret= result=null
06-09 15:58:57.575 1 1 W : debug.beidou_leavesuspend wakeup
06-09 15:58:57.611 460 460 I gsensor_mxc6655 5-0015: set sensor poll time to 200ms
06-09 15:58:57.612 460 460 I gsensor_mxc6655 5-0015: sensor on: starting poll sensor data 196ms
06-09 15:58:57.636 439 439 W healthd : battery l=46 v=7574 t=33.0 h=1 st=3 c=0 fc=9700000 chg=
06-09 15:58:57.646 347 347 I rockchip-vop2 fdd90000.vop: [drm:vop2_crtc_atomic_enable] Update mode to 1536x2048p55, type: 16(if:60) for vp2 dclk: 192000000
06-09 15:58:57.648 347 347 I rockchip-vop2 fdd90000.vop: [drm:vop2_crtc_atomic_enable] dclk_out2 div: 2 dclk_core2 div: 1
06-09 15:58:57.648 347 347 I rockchip-vop2 fdd90000.vop: [drm:vop2_crtc_atomic_enable] set dclk_vop2 to 96000000, get 96000000
06-09 15:58:53.944 851 851 D DCT-C-0 : screen on
06-09 15:58:53.944 851 851 D DCT-C-0 : stopNetStatPoll
06-09 15:58:53.982 777 7315 D PowerUI : maybeShowBatteryWarning...1
06-09 15:58:53.984 777 7315 D PowerUI : maybeShowBatteryWarning...end
06-09 15:58:57.713 460 460 I gsensor_mxc6655 5-0015: set sensor poll time to 66ms
06-09 15:58:53.991 620 661 I DisplayPowerController[0]: Unblocked screen on after 142 ms
06-09 15:58:58.158 347 347 I dw-mipi-dsi2 fde20000.dsi: [drm:dw_mipi_dsi2_encoder_enable] final DSI-Link bandwidth: 639999 x 8 Kbps
06-09 15:58:54.471 620 661 W PowerManagerService: Screen on took 634 ms
06-09 15:58:55.783 526 549 D RILU : find_pci_device is 0
06-09 15:58:55.783 526 549 D RILC : PCI can't find at device
06-09 15:58:55.786 526 549 D RILC : USB can't find at device
06-09 15:58:56.256 620 645 I UsageStatsService: User[0] Flushing usage stats to disk
06-09 15:58:57.421 620 707 I PowerManagerService: Powering off display group due to lid_switch (groupId= 0, uid= 1000)...
06-09 15:59:01.150 1 1 I init : processing action (debug.beidou_entersuspend=*) from (/system/etc/init/hw/init.rc:1286)
06-09 15:58:57.425 620 707 I PowerManagerService: Going to sleep due to lid_switch (uid 1000)...
06-09 15:58:57.427 620 707 I PowerManagerService: Sleeping display group (groupId=0, uid=1000)...
06-09 15:58:57.427 620 707 I PowerManagerService: Sleeping (uid 1000)...
06-09 15:59:01.168 1 1 W : debug.beidou_entersuspend $PMTK161,0*28\r\n
06-09 15:59:01.169 1 1 I init : starting service 'gps_suspend'...
06-09 15:59:01.232 1 1 I init : Service 'gps_suspend' (pid 1849) exited with status 0 oneshot service took 0.059000 seconds in background
06-09 15:59:01.232 1 1 I init : Sending signal 9 to service 'gps_suspend' (pid 1849) process group...
06-09 15:59:01.233 1 1 I libprocessgroup: Successfully killed process cgroup uid 0 pid 1849 in 0ms
06-09 15:58:57.926 620 661 I DisplayPowerController[0]: Blocking screen off
06-09 15:58:57.926 620 661 I DisplayPowerController[0]: Unblocked screen off after 1 ms
06-09 15:59:01.661 460 460 I gsensor_mxc6655 5-0015: set sensor poll time to 200ms
06-09 15:58:57.946 620 661 V DisplayPowerController[0]: Brightness [0.003937008] reason changing to: 'screen_off', previous reason: 'manual'.
06-09 15:58:57.947 620 640 I DisplayDeviceRepository: Display device changed state: "内置屏幕", OFF
06-09 15:58:57.955 851 851 D RILJ : [0936]> SEND_DEVICE_STATE 2:true [PHONE0]
06-09 15:58:57.955 526 526 D RILC : sendDeviceState: calling screen state 0
06-09 15:58:57.955 526 526 D RILC : onRequest: SCREEN_STATE datalen=4 request_value:61
06-09 15:58:57.955 851 851 D RILJ : [0937]> SET_UNSOLICITED_RESPONSE_FILTER 32 [PHONE0]
06-09 15:58:57.955 851 1064 D RILJ : [0936]< SEND_DEVICE_STATE [PHONE0]
06-09 15:58:57.956 851 1064 D RILJ : [0937]< SET_UNSOLICITED_RESPONSE_FILTER error 6 [PHONE0]
06-09 15:58:57.956 851 1064 D RilRequest: [0937]< SET_UNSOLICITED_RESPONSE_FILTER error: com.android.internal.telephony.CommandException: REQUEST_NOT_SUPPORTED ret= result=null
06-09 15:58:57.956 851 851 E RILJ : setSignalStrengthReportingCriteria ignored on IRadio version less than 1.2 [PHONE0]
06-09 15:58:57.956 851 851 E RILJ : setSignalStrengthReportingCriteria ignored on IRadio version less than 1.2 [PHONE0]
06-09 15:58:57.956 851 851 E RILJ : setSignalStrengthReportingCriteria ignored on IRadio version less than 1.2 [PHONE0]
06-09 15:58:57.956 851 851 D NetworkTypeController: [0] LegacyState: process EVENT_PHYSICAL_CHANNEL_CONFIG_NOTIF_CHANGED
06-09 15:58:57.956 851 851 D NetworkTypeController: [0] Remove all timers
06-09 15:58:57.956 851 851 D NetworkTypeController: [0] DefaultState: process EVENT_PHYSICAL_CHANNEL_CONFIG_NOTIF_CHANGED
06-09 15:58:57.956 851 851 D NetworkTypeController: [0] mIsPhysicalChannelConfigOn changed to: false
06-09 15:58:57.956 851 851 D NetworkTypeController: [0] Remove all timers
06-09 15:59:01.703 439 439 W healthd : battery l=46 v=7524 t=33.5 h=1 st=3 c=-512000 fc=9700000 chg=
06-09 15:58:57.988 777 5993 D PowerUI : maybeShowBatteryWarning...1
06-09 15:58:57.990 777 5993 D PowerUI : maybeShowBatteryWarning...end
06-09 15:59:01.955 347 347 I rockchip-vop2 fdd90000.vop: [drm:vop2_crtc_atomic_disable] Crtc atomic disable vp2
06-09 15:58:58.312 851 851 D DCT-C-0 : screen off
06-09 15:58:58.313 851 851 D DCT-C-0 : stopNetStatPoll
06-09 15:58:58.786 526 549 D RILU : find_pci_device is 0
06-09 15:58:58.787 526 549 D RILC : PCI can't find at device
06-09 15:58:58.790 526 549 D RILC : USB can't find at device
06-09 15:58:59.128 620 646 W ProcessCpuTracker: Failed to stat(/proc/1848): android.system.ErrnoException: stat failed: ENOENT (No such file or directory)
06-09 15:58:59.128 620 646 W ProcessCpuTracker: Skipping unknown process pid 1848
06-09 15:59:01.790 526 549 D RILU : find_pci_device is 0
06-09 15:59:01.791 526 549 D RILC : PCI can't find at device
06-09 15:59:01.794 526 549 D RILC : USB can't find at device
06-09 15:59:02.110 620 707 I PowerManagerService: Powering on display group fromAsleep (groupId=0, uid=1000, reason=WAKE_REASON_LID, details=android.policy:LID, mShutdownOrRebootingStarted=false)...
06-09 15:59:02.110 620 707 I PowerManagerService: Waking up from Asleep (uid=1000, reason=WAKE_REASON_LID, details=android.policy:LID)...
06-09 15:59:05.839 1 1 I init : processing action (debug.beidou_leavesuspend=*) from (/system/etc/init/hw/init.rc:1293)
06-09 15:59:02.117 620 661 I DisplayPowerController[0]: Blocking screen on until initial contents have been drawn.
06-09 15:59:02.118 620 661 V DisplayPowerController[0]: Brightness [0.39763778] reason changing to: 'manual', previous reason: 'screen_off'.
06-09 15:59:02.134 620 640 I DisplayDeviceRepository: Display device changed state: "内置屏幕", ON
06-09 15:59:05.845 1 1 W : debug.beidou_leavesuspend wakeup
06-09 15:59:05.877 460 460 I gsensor_mxc6655 5-0015: set sensor poll time to 200ms
06-09 15:59:05.879 460 460 I gsensor_mxc6655 5-0015: sensor on: starting poll sensor data 196ms
06-09 15:59:02.159 851 851 D RILJ : [0938]> SEND_DEVICE_STATE 2:false [PHONE0]
06-09 15:59:02.160 526 526 D RILC : sendDeviceState: calling screen state 1
06-09 15:59:02.160 526 526 D RILC : onRequest: SCREEN_STATE datalen=4 request_value:61
06-09 15:59:02.160 851 1064 D RILJ : [0938]< SEND_DEVICE_STATE [PHONE0]
06-09 15:59:02.161 851 851 D RILJ : [0939]> SET_UNSOLICITED_RESPONSE_FILTER 127 [PHONE0]
06-09 15:59:02.161 851 1064 D RILJ : [0939]< SET_UNSOLICITED_RESPONSE_FILTER error 6 [PHONE0]
06-09 15:59:02.161 851 1064 D RilRequest: [0939]< SET_UNSOLICITED_RESPONSE_FILTER error: com.android.internal.telephony.CommandException: REQUEST_NOT_SUPPORTED ret= result=null
06-09 15:59:02.162 851 851 E RILJ : setSignalStrengthReportingCriteria ignored on IRadio version less than 1.2 [PHONE0]
06-09 15:59:02.162 851 851 E RILJ : setSignalStrengthReportingCriteria ignored on IRadio version less than 1.2 [PHONE0]
06-09 15:59:02.162 851 851 E RILJ : setSignalStrengthReportingCriteria ignored on IRadio version less than 1.2 [PHONE0]
06-09 15:59:02.162 851 851 D NetworkTypeController: [0] LegacyState: process EVENT_PHYSICAL_CHANNEL_CONFIG_NOTIF_CHANGED
06-09 15:59:02.162 851 851 D NetworkTypeController: [0] Remove all timers
06-09 15:59:02.162 851 851 D NetworkTypeController: [0] DefaultState: process EVENT_PHYSICAL_CHANNEL_CONFIG_NOTIF_CHANGED
06-09 15:59:02.162 851 851 D NetworkTypeController: [0] mIsPhysicalChannelConfigOn changed to: true
06-09 15:59:05.891 439 439 W healthd : battery l=46 v=7562 t=33.0 h=1 st=3 c=-256000 fc=9700000 chg=
06-09 15:59:05.924 347 347 I rockchip-vop2 fdd90000.vop: [drm:vop2_crtc_atomic_enable] Update mode to 1536x2048p55, type: 16(if:60) for vp2 dclk: 192000000
06-09 15:59:05.925 347 347 I rockchip-vop2 fdd90000.vop: [drm:vop2_crtc_atomic_enable] dclk_out2 div: 2 dclk_core2 div: 1
06-09 15:59:05.925 347 347 I rockchip-vop2 fdd90000.vop: [drm:vop2_crtc_atomic_enable] set dclk_vop2 to 96000000, get 96000000
06-09 15:59:05.934 460 460 I gsensor_mxc6655 5-0015: set sensor poll time to 66ms
06-09 15:59:02.213 620 661 I DisplayPowerController[0]: Unblocked screen on after 96 ms
06-09 15:59:02.213 851 851 D DCT-C-0 : screen on
06-09 15:59:02.213 851 851 D DCT-C-0 : stopNetStatPoll
06-09 15:59:02.247 777 9158 D PowerUI : maybeShowBatteryWarning...1
06-09 15:59:02.249 777 9158 D PowerUI : maybeShowBatteryWarning...end
06-09 15:59:06.431 347 347 I dw-mipi-dsi2 fde20000.dsi: [drm:dw_mipi_dsi2_encoder_enable] final DSI-Link bandwidth: 639999 x 8 Kbps
06-09 15:59:02.714 620 661 W PowerManagerService: Screen on took 605 ms
06-09 15:59:04.794 526 549 D RILU : find_pci_device is 0
06-09 15:59:04.794 526 549 D RILC : PCI can't find at device
06-09 15:59:04.795 526 549 D RILC : USB can't find at device
06-09 15:59:05.140 620 950 D LockSettingsService: spBasedDoVerifyCredential: user=0 hasEnrolledBiometrics=true
06-09 15:59:05.335 620 714 D BiometricDeferredQueue: Fingerprint addPendingLockoutResetForUser: 0
06-09 15:59:05.407 620 950 I LockSettingsService: Unlocking user 0 with secret only, length 32
06-09 15:59:05.407 620 950 D LockSettingsService: unlockUser finished
06-09 15:59:05.407 620 950 W ActivityManager: UserLifecycleEvent 5 received without an active userJourneySession.
06-09 15:59:05.407 620 950 D LockSettingsService: unlockUser finished
06-09 15:59:05.408 620 950 I LockSettingsService: Corp-owned device can have escrow token
06-09 15:59:05.408 620 714 D BiometricDeferredQueue: Processing pending resetLockout for fingerprint
06-09 15:59:05.409 620 620 D BiometricScheduler/Fingerprint21: [Added] {[586] com.android.server.biometrics.sensors.fingerprint.hidl.FingerprintResetLockoutClient, proto=12, owner=android, cookie=0, requestId=-1, userId=0}, new queue size: 1
06-09 15:59:05.409 620 620 V BiometricScheduler/Fingerprint21: Not idle, current operation: {[585] com.android.server.biometrics.sensors.fingerprint.hidl.FingerprintAuthenticationClient, proto=3, owner=com.android.systemui, cookie=0, requestId=261, userId=0}, State: 2
06-09 15:59:05.452 777 777 D FingerprintManager: Cancel fingerprint authentication requested for: 261
06-09 15:59:05.453 620 26320 D Fingerprint21: cancelAuthentication, sensorId: 0
06-09 15:59:05.453 620 620 D BiometricScheduler/Fingerprint21: cancelAuthenticationOrDetection, requestId: 261
06-09 15:59:05.453 620 620 D BiometricScheduler/Fingerprint21: Cancelling auth/detect op: {[585] com.android.server.biometrics.sensors.fingerprint.hidl.FingerprintAuthenticationClient, proto=3, owner=com.android.systemui, cookie=0, requestId=261, userId=0}, State: 2
06-09 15:59:05.453 620 620 D BiometricSchedulerOperation: [Cancelling] Current client: {[585] com.android.server.biometrics.sensors.fingerprint.hidl.FingerprintAuthenticationClient, proto=3, owner=com.android.systemui, cookie=0, requestId=261, userId=0}
06-09 15:59:05.454 620 950 D ActivityTaskManager: Top Process State changed to PROCESS_STATE_TOP
06-09 15:59:05.513 620 620 D Fingerprint21: handleError, client: FingerprintAuthenticationClient, error: 5, vendorCode: 0
06-09 15:59:05.513 620 620 D Biometrics/AcquisitionClient: onErrorInternal code: 5, finish: true
06-09 15:59:05.513 620 620 V Biometrics/LoggableMonitor: Error latency: -1
06-09 15:59:05.513 620 620 W Biometrics/LoggableMonitor: found a negative latency : -1
06-09 15:59:05.513 620 620 D FingerprintService: Client finished, fps state updated to 0, client {[585] com.android.server.biometrics.sensors.fingerprint.hidl.FingerprintAuthenticationClient, proto=3, owner=com.android.systemui, cookie=0, requestId=261, userId=0}
06-09 15:59:05.514 620 620 D BiometricSchedulerOperation: [Finished / destroy]: {[585] com.android.server.biometrics.sensors.fingerprint.hidl.FingerprintAuthenticationClient, proto=3, owner=com.android.systemui, cookie=0, requestId=261, userId=0}
06-09 15:59:05.514 620 620 D BiometricCoexCoordinator: shouldUsuallyVibrate: false, hapticSuppressedByCoex: false
06-09 15:59:05.514 620 620 D BiometricScheduler/Fingerprint21: [Finishing] {[585] com.android.server.biometrics.sensors.fingerprint.hidl.FingerprintAuthenticationClient, proto=3, owner=com.android.systemui, cookie=0, requestId=261, userId=0}, success: false
06-09 15:59:05.515 620 620 D BiometricCoexCoordinator: removeAuthenticationClient(OtherFp), client: {[585] com.android.server.biometrics.sensors.fingerprint.hidl.FingerprintAuthenticationClient, proto=3, owner=com.android.systemui, cookie=0, requestId=261, userId=0}
06-09 15:59:05.515 620 620 D GestureAvailabilityTracker: Notifying gesture availability, active=true
06-09 15:59:05.515 620 620 D BiometricScheduler/Fingerprint21: [Polled] {[586] com.android.server.biometrics.sensors.fingerprint.hidl.FingerprintResetLockoutClient, proto=12, owner=android, cookie=0, requestId=-1, userId=0}, State: 0
06-09 15:59:05.515 620 620 D BiometricScheduler/Fingerprint21: [Started] {[586] com.android.server.biometrics.sensors.fingerprint.hidl.FingerprintResetLockoutClient, proto=12, owner=android, cookie=0, requestId=-1, userId=0}
06-09 15:59:05.528 620 620 D BiometricSchedulerOperation: [Finished / destroy]: {[586] com.android.server.biometrics.sensors.fingerprint.hidl.FingerprintResetLockoutClient, proto=12, owner=android, cookie=0, requestId=-1, userId=0}
06-09 15:59:05.528 620 620 V BiometricSchedulerOperation: started: {[586] com.android.server.biometrics.sensors.fingerprint.hidl.FingerprintResetLockoutClient, proto=12, owner=android, cookie=0, requestId=-1, userId=0}, State: 5
06-09 15:59:05.528 620 620 D BiometricScheduler/Fingerprint21: [Finishing] {[586] com.android.server.biometrics.sensors.fingerprint.hidl.FingerprintResetLockoutClient, proto=12, owner=android, cookie=0, requestId=-1, userId=0}, success: true
06-09 15:59:05.528 620 620 D BiometricScheduler/Fingerprint21: No operations, returning to idle
06-09 15:59:05.978 620 620 D BiometricService: Sensor ID(0), oemStrength: 255, updatedStrength: 255, modality 2, state: 0, cookie: 0, props: ID: 0, Strength: 1, Type: 1, sensorId 0, hasEnrollments: true cannot participate in Keystore operations
06-09 15:59:05.983 620 646 W BroadcastQueue: Background execution not allowed: receiving Intent { act=android.intent.action.USER_PRESENT flg=0x24200010 } to com.eben.wpsoffice/cn.wps.moffice.service.receivers.MonitorServiceReceiver
06-09 15:59:05.983 620 646 W BroadcastQueue: Background execution not allowed: receiving Intent { act=android.intent.action.USER_PRESENT flg=0x24200010 } to com.eben.wpsoffice/com.igexin.sdk.PushReceiver
06-09 15:59:05.983 620 646 W BroadcastQueue: Background execution not allowed: receiving Intent { act=android.intent.action.USER_PRESENT flg=0x24200010 } to com.eben.wpsoffice/io.rong.push.rongpush.PushReceiver
06-09 15:59:06.114 620 707 I PowerManagerService: Powering off display group due to lid_switch (groupId= 0, uid= 1000)...
06-09 15:59:09.841 1 1 I init : processing action (debug.beidou_entersuspend=*) from (/system/etc/init/hw/init.rc:1286)
06-09 15:59:06.116 620 707 I PowerManagerService: Going to sleep due to lid_switch (uid 1000)...
06-09 15:59:06.117 620 707 I PowerManagerService: Sleeping display group (groupId=0, uid=1000)...
06-09 15:59:06.117 620 707 I PowerManagerService: Sleeping (uid 1000)...
06-09 15:59:09.844 1 1 W : debug.beidou_entersuspend $PMTK161,0*28\r\n
06-09 15:59:09.845 1 1 I init : starting service 'gps_suspend'...
06-09 15:59:06.139 620 27111 D BiometricUtils: isEncrypted: false isLockdown: false
06-09 15:59:06.140 620 620 D BiometricScheduler/Fingerprint21: [Added] {[587] com.android.server.biometrics.sensors.fingerprint.hidl.FingerprintUpdateActiveUserClient, proto=1, owner=android, cookie=0, requestId=-1, userId=0}, new queue size: 1
06-09 15:59:06.140 620 620 D BiometricScheduler/Fingerprint21: [Polled] {[587] com.android.server.biometrics.sensors.fingerprint.hidl.FingerprintUpdateActiveUserClient, proto=1, owner=android, cookie=0, requestId=-1, userId=0}, State: 0
06-09 15:59:06.140 620 620 D BiometricScheduler/Fingerprint21: [Started] {[587] com.android.server.biometrics.sensors.fingerprint.hidl.FingerprintUpdateActiveUserClient, proto=1, owner=android, cookie=0, requestId=-1, userId=0}
06-09 15:59:06.140 620 620 D FingerprintUpdateActiveUserClient: Already user: com.android.server.biometrics.sensors.fingerprint.hidl.Fingerprint21$$ExternalSyntheticLambda17@29fe4da, returning
06-09 15:59:06.140 620 620 D BiometricSchedulerOperation: [Finished / destroy]: {[587] com.android.server.biometrics.sensors.fingerprint.hidl.FingerprintUpdateActiveUserClient, proto=1, owner=android, cookie=0, requestId=-1, userId=0}
06-09 15:59:06.140 620 620 V BiometricSchedulerOperation: started: {[587] com.android.server.biometrics.sensors.fingerprint.hidl.FingerprintUpdateActiveUserClient, proto=1, owner=android, cookie=0, requestId=-1, userId=0}, State: 5
06-09 15:59:09.863 1 1 I init : Service 'gps_suspend' (pid 2051) exited with status 0 oneshot service took 0.015000 seconds in background
06-09 15:59:09.864 1 1 I init : Sending signal 9 to service 'gps_suspend' (pid 2051) process group...
06-09 15:59:09.864 1 1 I libprocessgroup: Successfully killed process cgroup uid 0 pid 2051 in 0ms
06-09 15:59:06.148 620 620 D BiometricScheduler/Fingerprint21: [Added] {[588] com.android.server.biometrics.sensors.fingerprint.hidl.FingerprintAuthenticationClient, proto=3, owner=com.android.systemui, cookie=0, requestId=262, userId=0}, new queue size: 1
06-09 15:59:06.148 620 620 V BiometricScheduler/Fingerprint21: Not idle, current operation: {[587] com.android.server.biometrics.sensors.fingerprint.hidl.FingerprintUpdateActiveUserClient, proto=1, owner=android, cookie=0, requestId=-1, userId=0}, State: 5
06-09 15:59:06.148 620 620 D BiometricScheduler/Fingerprint21: [Finishing] {[587] com.android.server.biometrics.sensors.fingerprint.hidl.FingerprintUpdateActiveUserClient, proto=1, owner=android, cookie=0, requestId=-1, userId=0}, success: true
06-09 15:59:06.150 620 620 D BiometricScheduler/Fingerprint21: [Polled] {[588] com.android.server.biometrics.sensors.fingerprint.hidl.FingerprintAuthenticationClient, proto=3, owner=com.android.systemui, cookie=0, requestId=262, userId=0}, State: 0
06-09 15:59:06.150 620 620 D GestureAvailabilityTracker: Notifying gesture availability, active=false
06-09 15:59:06.150 620 620 D BiometricScheduler/Fingerprint21: [Started] {[588] com.android.server.biometrics.sensors.fingerprint.hidl.FingerprintAuthenticationClient, proto=3, owner=com.android.systemui, cookie=0, requestId=262, userId=0}
06-09 15:59:06.150 620 620 D BiometricCoexCoordinator: addAuthenticationClient(OtherFp), client: {[588] com.android.server.biometrics.sensors.fingerprint.hidl.FingerprintAuthenticationClient, proto=3, owner=com.android.systemui, cookie=0, requestId=262, userId=0}
06-09 15:59:06.150 620 620 D FingerprintService: Fps state updated from 0 to 2, client {[588] com.android.server.biometrics.sensors.fingerprint.hidl.FingerprintAuthenticationClient, proto=3, owner=com.android.systemui, cookie=0, requestId=262, userId=0}
06-09 15:59:06.150 620 620 D Biometrics/AuthenticationClient: Requesting auth for com.android.systemui
06-09 15:59:06.222 620 620 V BiometricSchedulerOperation: started: {[588] com.android.server.biometrics.sensors.fingerprint.hidl.FingerprintAuthenticationClient, proto=3, owner=com.android.systemui, cookie=0, requestId=262, userId=0}, State: 2
06-09 15:59:06.585 620 661 I DisplayPowerController[0]: Blocking screen off
06-09 15:59:06.586 620 661 I DisplayPowerController[0]: Unblocked screen off after 1 ms
06-09 15:59:06.607 620 661 D ActivityTaskManager: Top Process State changed to PROCESS_STATE_TOP_SLEEPING
06-09 15:59:10.334 460 460 I gsensor_mxc6655 5-0015: set sensor poll time to 200ms
06-09 15:59:06.626 620 661 V DisplayPowerController[0]: Brightness [0.003937008] reason changing to: 'screen_off', previous reason: 'manual'.
06-09 15:59:10.371 439 439 W healthd : battery l=46 v=7484 t=34.0 h=1 st=3 c=-512000 fc=9700000 chg=
06-09 15:59:06.649 620 640 I DisplayDeviceRepository: Display device changed state: "内置屏幕", OFF
06-09 15:59:06.654 851 851 D RILJ : [0940]> SEND_DEVICE_STATE 2:true [PHONE0]
06-09 15:59:06.655 526 526 D RILC : sendDeviceState: calling screen state 0
06-09 15:59:06.655 526 526 D RILC : onRequest: SCREEN_STATE datalen=4 request_value:61
06-09 15:59:06.655 851 1064 D RILJ : [0940]< SEND_DEVICE_STATE [PHONE0]
06-09 15:59:06.655 851 851 D RILJ : [0941]> SET_UNSOLICITED_RESPONSE_FILTER 32 [PHONE0]
06-09 15:59:06.656 851 1064 D RILJ : [0941]< SET_UNSOLICITED_RESPONSE_FILTER error 6 [PHONE0]
06-09 15:59:06.656 851 1064 D RilRequest: [0941]< SET_UNSOLICITED_RESPONSE_FILTER error: com.android.internal.telephony.CommandException: REQUEST_NOT_SUPPORTED ret= result=null
06-09 15:59:06.657 851 851 E RILJ : setSignalStrengthReportingCriteria ignored on IRadio version less than 1.2 [PHONE0]
06-09 15:59:06.657 851 851 E RILJ : setSignalStrengthReportingCriteria ignored on IRadio version less than 1.2 [PHONE0]
06-09 15:59:06.657 851 851 E RILJ : setSignalStrengthReportingCriteria ignored on IRadio version less than 1.2 [PHONE0]
06-09 15:59:06.657 851 851 D NetworkTypeController: [0] LegacyState: process EVENT_PHYSICAL_CHANNEL_CONFIG_NOTIF_CHANGED
06-09 15:59:06.657 851 851 D NetworkTypeController: [0] Remove all timers
06-09 15:59:06.658 851 851 D NetworkTypeController: [0] DefaultState: process EVENT_PHYSICAL_CHANNEL_CONFIG_NOTIF_CHANGED
06-09 15:59:06.658 851 851 D NetworkTypeController: [0] mIsPhysicalChannelConfigOn changed to: false
06-09 15:59:06.658 851 851 D NetworkTypeController: [0] Remove all timers
06-09 15:59:06.682 777 9335 D PowerUI : maybeShowBatteryWarning...1
06-09 15:59:06.685 777 9335 D PowerUI : maybeShowBatteryWarning...end
06-09 15:59:10.688 347 347 I rockchip-vop2 fdd90000.vop: [drm:vop2_crtc_atomic_disable] Crtc atomic disable vp2
06-09 15:59:10.699 347 347 E rockchip-vop2 fdd90000.vop: [drm:vop2_crtc_atomic_disable] *ERROR* unexpected power on pd7
06-09 15:59:07.006 620 620 D BiometricService: Sensor ID(0), oemStrength: 255, updatedStrength: 255, modality 2, state: 0, cookie: 0, props: ID: 0, Strength: 1, Type: 1, sensorId 0, hasEnrollments: true cannot participate in Keystore operations
06-09 15:59:07.019 851 851 D DCT-C-0 : screen off
06-09 15:59:07.019 851 851 D DCT-C-0 : stopNetStatPoll
06-09 15:59:07.137 620 707 I PowerManagerService: Powering on display group fromAsleep (groupId=0, uid=1000, reason=WAKE_REASON_LID, details=android.policy:LID, mShutdownOrRebootingStarted=false)...
06-09 15:59:07.137 620 707 I PowerManagerService: Waking up from Asleep (uid=1000, reason=WAKE_REASON_LID, details=android.policy:LID)...
06-09 15:59:07.151 620 661 I DisplayPowerController[0]: Blocking screen on until initial contents have been drawn.
06-09 15:59:07.152 620 661 V DisplayPowerController[0]: Brightness [0.39763778] reason changing to: 'manual', previous reason: 'screen_off'.
06-09 15:59:07.157 620 640 I DisplayDeviceRepository: Display device changed state: "内置屏幕", ON
06-09 15:59:10.877 1 1 I init : processing action (debug.beidou_leavesuspend=*) from (/system/etc/init/hw/init.rc:1293)
06-09 15:59:10.880 1 1 W : debug.beidou_leavesuspend wakeup
06-09 15:59:10.885 444 444 I gsensor_mxc6655 5-0015: set sensor poll time to 200ms
06-09 15:59:10.886 444 444 I gsensor_mxc6655 5-0015: sensor on: starting poll sensor data 196ms
06-09 15:59:07.169 851 851 D RILJ : [0942]> SEND_DEVICE_STATE 2:false [PHONE0]
06-09 15:59:07.170 526 526 D RILC : sendDeviceState: calling screen state 1
06-09 15:59:07.170 526 526 D RILC : onRequest: SCREEN_STATE datalen=4 request_value:61
06-09 15:59:07.170 851 1064 D RILJ : [0942]< SEND_DEVICE_STATE [PHONE0]
06-09 15:59:07.171 851 851 D RILJ : [0943]> SET_UNSOLICITED_RESPONSE_FILTER 127 [PHONE0]
06-09 15:59:07.171 851 1064 D RILJ : [0943]< SET_UNSOLICITED_RESPONSE_FILTER error 6 [PHONE0]
06-09 15:59:07.171 851 1064 D RilRequest: [0943]< SET_UNSOLICITED_RESPONSE_FILTER error: com.android.internal.telephony.CommandException: REQUEST_NOT_SUPPORTED ret= result=null
06-09 15:59:07.172 851 851 E RILJ : setSignalStrengthReportingCriteria ignored on IRadio version less than 1.2 [PHONE0]
06-09 15:59:07.172 851 851 E RILJ : setSignalStrengthReportingCriteria ignored on IRadio version less than 1.2 [PHONE0]
06-09 15:59:07.173 851 851 E RILJ : setSignalStrengthReportingCriteria ignored on IRadio version less than 1.2 [PHONE0]
06-09 15:59:07.173 851 851 D NetworkTypeController: [0] LegacyState: process EVENT_PHYSICAL_CHANNEL_CONFIG_NOTIF_CHANGED
06-09 15:59:07.173 851 851 D NetworkTypeController: [0] Remove all timers
06-09 15:59:07.173 851 851 D NetworkTypeController: [0] DefaultState: process EVENT_PHYSICAL_CHANNEL_CONFIG_NOTIF_CHANGED
06-09 15:59:07.173 851 851 D NetworkTypeController: [0] mIsPhysicalChannelConfigOn changed to: true
06-09 15:59:10.904 439 439 W healthd : battery l=46 v=7484 t=34.0 h=1 st=3 c=-768000 fc=9700000 chg=
06-09 15:59:07.190 851 851 D DCT-C-0 : screen on
06-09 15:59:07.190 851 851 D DCT-C-0 : stopNetStatPoll
06-09 15:59:10.943 347 347 I rockchip-vop2 fdd90000.vop: [drm:vop2_crtc_atomic_enable] Update mode to 1536x2048p55, type: 16(if:60) for vp2 dclk: 192000000
06-09 15:59:10.944 347 347 I rockchip-vop2 fdd90000.vop: [drm:vop2_crtc_atomic_enable] dclk_out2 div: 2 dclk_core2 div: 1
06-09 15:59:10.944 347 347 I rockchip-vop2 fdd90000.vop: [drm:vop2_crtc_atomic_enable] set dclk_vop2 to 96000000, get 96000000
06-09 15:59:10.967 444 444 I gsensor_mxc6655 5-0015: set sensor poll time to 66ms
06-09 15:59:07.246 620 661 I DisplayPowerController[0]: Unblocked screen on after 96 ms
06-09 15:59:07.734 620 661 W PowerManagerService: Screen on took 597 ms
06-09 15:59:11.451 347 347 I dw-mipi-dsi2 fde20000.dsi: [drm:dw_mipi_dsi2_encoder_enable] final DSI-Link bandwidth: 639999 x 8 Kbps
06-09 15:59:07.798 526 549 D RILU : find_pci_device is 0
06-09 15:59:07.798 526 549 D RILC : PCI can't find at device
06-09 15:59:07.800 526 549 D RILC : USB can't find at device
06-09 15:59:11.537 357 357 E rockchip-vop2 fdd90000.vop: [drm:vop2_wait_power_domain_off] *ERROR* wait pd7 off timeout power_ctrl: 0x7f
06-09 15:59:09.964 620 950 D LockSettingsService: spBasedDoVerifyCredential: user=0 hasEnrolledBiometrics=true
06-09 15:59:10.134 620 714 D BiometricDeferredQueue: Fingerprint addPendingLockoutResetForUser: 0
06-09 15:59:10.208 620 950 I LockSettingsService: Unlocking user 0 with secret only, length 32
06-09 15:59:10.208 620 950 D LockSettingsService: unlockUser finished
06-09 15:59:10.208 620 950 W ActivityManager: UserLifecycleEvent 5 received without an active userJourneySession.
06-09 15:59:10.208 620 950 D LockSettingsService: unlockUser finished
06-09 15:59:10.208 620 950 I LockSettingsService: Corp-owned device can have escrow token
06-09 15:59:10.208 620 714 D BiometricDeferredQueue: Processing pending resetLockout for fingerprint
06-09 15:59:10.211 620 620 D BiometricScheduler/Fingerprint21: [Added] {[589] com.android.server.biometrics.sensors.fingerprint.hidl.FingerprintResetLockoutClient, proto=12, owner=android, cookie=0, requestId=-1, userId=0}, new queue size: 1
06-09 15:59:10.211 620 620 V BiometricScheduler/Fingerprint21: Not idle, current operation: {[588] com.android.server.biometrics.sensors.fingerprint.hidl.FingerprintAuthenticationClient, proto=3, owner=com.android.systemui, cookie=0, requestId=262, userId=0}, State: 2
06-09 15:59:10.269 777 777 D FingerprintManager: Cancel fingerprint authentication requested for: 262
06-09 15:59:10.269 620 27797 D Fingerprint21: cancelAuthentication, sensorId: 0
06-09 15:59:10.270 620 620 D BiometricScheduler/Fingerprint21: cancelAuthenticationOrDetection, requestId: 262
06-09 15:59:10.270 620 620 D BiometricScheduler/Fingerprint21: Cancelling auth/detect op: {[588] com.android.server.biometrics.sensors.fingerprint.hidl.FingerprintAuthenticationClient, proto=3, owner=com.android.systemui, cookie=0, requestId=262, userId=0}, State: 2
06-09 15:59:10.270 620 620 D BiometricSchedulerOperation: [Cancelling] Current client: {[588] com.android.server.biometrics.sensors.fingerprint.hidl.FingerprintAuthenticationClient, proto=3, owner=com.android.systemui, cookie=0, requestId=262, userId=0}
06-09 15:59:10.271 620 950 D ActivityTaskManager: Top Process State changed to PROCESS_STATE_TOP
06-09 15:59:10.310 620 620 D Fingerprint21: handleError, client: FingerprintAuthenticationClient, error: 5, vendorCode: 0
06-09 15:59:10.310 620 620 D Biometrics/AcquisitionClient: onErrorInternal code: 5, finish: true
06-09 15:59:10.310 620 620 V Biometrics/LoggableMonitor: Error latency: -1
06-09 15:59:10.310 620 620 W Biometrics/LoggableMonitor: found a negative latency : -1
06-09 15:59:10.311 620 620 D FingerprintService: Client finished, fps state updated to 0, client {[588] com.android.server.biometrics.sensors.fingerprint.hidl.FingerprintAuthenticationClient, proto=3, owner=com.android.systemui, cookie=0, requestId=262, userId=0}
06-09 15:59:10.311 620 620 D BiometricSchedulerOperation: [Finished / destroy]: {[588] com.android.server.biometrics.sensors.fingerprint.hidl.FingerprintAuthenticationClient, proto=3, owner=com.android.systemui, cookie=0, requestId=262, userId=0}
06-09 15:59:10.311 620 620 D BiometricCoexCoordinator: shouldUsuallyVibrate: false, hapticSuppressedByCoex: false
06-09 15:59:10.311 620 620 D BiometricScheduler/Fingerprint21: [Finishing] {[588] com.android.server.biometrics.sensors.fingerprint.hidl.FingerprintAuthenticationClient, proto=3, owner=com.android.systemui, cookie=0, requestId=262, userId=0}, success: false
06-09 15:59:10.311 620 620 D BiometricCoexCoordinator: removeAuthenticationClient(OtherFp), client: {[588] com.android.server.biometrics.sensors.fingerprint.hidl.FingerprintAuthenticationClient, proto=3, owner=com.android.systemui, cookie=0, requestId=262, userId=0}
06-09 15:59:10.311 620 620 D GestureAvailabilityTracker: Notifying gesture availability, active=true
06-09 15:59:10.311 620 620 D BiometricScheduler/Fingerprint21: [Polled] {[589] com.android.server.biometrics.sensors.fingerprint.hidl.FingerprintResetLockoutClient, proto=12, owner=android, cookie=0, requestId=-1, userId=0}, State: 0
06-09 15:59:10.311 620 620 D BiometricScheduler/Fingerprint21: [Started] {[589] com.android.server.biometrics.sensors.fingerprint.hidl.FingerprintResetLockoutClient, proto=12, owner=android, cookie=0, requestId=-1, userId=0}
06-09 15:59:10.313 620 620 D BiometricSchedulerOperation: [Finished / destroy]: {[589] com.android.server.biometrics.sensors.fingerprint.hidl.FingerprintResetLockoutClient, proto=12, owner=android, cookie=0, requestId=-1, userId=0}
06-09 15:59:10.313 620 620 V BiometricSchedulerOperation: started: {[589] com.android.server.biometrics.sensors.fingerprint.hidl.FingerprintResetLockoutClient, proto=12, owner=android, cookie=0, requestId=-1, userId=0}, State: 5
06-09 15:59:10.313 620 620 D BiometricScheduler/Fingerprint21: [Finishing] {[589] com.android.server.biometrics.sensors.fingerprint.hidl.FingerprintResetLockoutClient, proto=12, owner=android, cookie=0, requestId=-1, userId=0}, success: true
06-09 15:59:10.313 620 620 D BiometricScheduler/Fingerprint21: No operations, returning to idle
06-09 15:59:10.779 620 620 D BiometricService: Sensor ID(0), oemStrength: 255, updatedStrength: 255, modality 2, state: 0, cookie: 0, props: ID: 0, Strength: 1, Type: 1, sensorId 0, hasEnrollments: true cannot participate in Keystore operations
06-09 15:59:10.790 620 646 W BroadcastQueue: Background execution not allowed: receiving Intent { act=android.intent.action.USER_PRESENT flg=0x24200010 } to com.eben.wpsoffice/cn.wps.moffice.service.receivers.MonitorServiceReceiver
06-09 15:59:10.790 620 646 W BroadcastQueue: Background execution not allowed: receiving Intent { act=android.intent.action.USER_PRESENT flg=0x24200010 } to com.eben.wpsoffice/com.igexin.sdk.PushReceiver
06-09 15:59:10.790 620 646 W BroadcastQueue: Background execution not allowed: receiving Intent { act=android.intent.action.USER_PRESENT flg=0x24200010 } to com.eben.wpsoffice/io.rong.push.rongpush.PushReceiver
06-09 15:59:10.800 526 549 D RILU : find_pci_device is 0
06-09 15:59:10.801 526 549 D RILC : PCI can't find at device
06-09 15:59:10.802 526 549 D RILC : USB can't find at device
06-09 15:59:15.971 544 544 W : abc audioDBG [es8323_mute] start mute:1
06-09 15:59:15.971 544 544 I [Awinic] [3-0058]aw_acf_get_prof_desc_form_name: get prof desc down
06-09 15:59:15.972 544 544 I [Awinic] [3-005b]aw_acf_get_prof_desc_form_name: get prof desc down
06-09 15:59:13.762 620 638 D AutofillManagerService: onBackKeyPressed()
06-09 15:59:13.805 526 549 D RILU : find_pci_device is 0
06-09 15:59:13.808 526 549 D RILC : PCI can't find at device
