06-09 15:11:58.452 1 1 I init : processing action (sys.usb.config=adb && sys.usb.configfs=1 && sys.usb.ffs.ready=1) from (/system/etc/init/hw/init.usb.configfs.rc:20)
06-09 15:11:55.215 526 549 D RILU : find_pci_device is 0
06-09 15:11:55.215 526 549 D RILC : PCI can't find at device
06-09 15:11:55.216 526 549 D RILC : USB can't find at device
06-09 15:11:59.499 539 539 I : read descriptors
06-09 15:11:59.499 539 539 I : read strings
06-09 15:12:00.552 539 539 I : read descriptors
06-09 15:12:00.553 539 539 I : read strings
06-09 15:12:00.554 1 1 I init : processing action (sys.usb.config=adb && sys.usb.configfs=1 && sys.usb.ffs.ready=1) from (/system/etc/init/hw/init.usb.configfs.rc:20)
06-09 15:12:00.557 1 1 I init : Command 'symlink /config/usb_gadget/g1/functions/ffs.adb /config/usb_gadget/g1/configs/b.1/f1' action=sys.usb.config=adb && sys.usb.configfs=1 && sys.usb.ffs.ready=1 (/system/etc/init/hw/init.usb.configfs.rc:22) took 0ms and failed: symlink() failed: File exists
06-09 15:12:00.558 1 1 I init : Command 'write /config/usb_gadget/g1/UDC ${sys.usb.controller}' action=sys.usb.config=adb && sys.usb.configfs=1 && sys.usb.ffs.ready=1 (/system/etc/init/hw/init.usb.configfs.rc:23) took 0ms and failed: Unable to write to file '/config/usb_gadget/g1/UDC': Unable to write file contents: Device or resource busy
06-09 15:12:01.593 539 539 I : read descriptors
06-09 15:12:01.593 539 539 I : read strings
06-09 15:12:01.594 1 1 I init : processing action (sys.usb.config=adb && sys.usb.configfs=1 && sys.usb.ffs.ready=1) from (/system/etc/init/hw/init.usb.configfs.rc:20)
06-09 15:12:01.596 1 1 I init : Command 'symlink /config/usb_gadget/g1/functions/ffs.adb /config/usb_gadget/g1/configs/b.1/f1' action=sys.usb.config=adb && sys.usb.configfs=1 && sys.usb.ffs.ready=1 (/system/etc/init/hw/init.usb.configfs.rc:22) took 0ms and failed: symlink() failed: File exists
06-09 15:12:01.596 1 1 I init : Command 'write /config/usb_gadget/g1/UDC ${sys.usb.controller}' action=sys.usb.config=adb && sys.usb.configfs=1 && sys.usb.ffs.ready=1 (/system/etc/init/hw/init.usb.configfs.rc:23) took 0ms and failed: Unable to write to file '/config/usb_gadget/g1/UDC': Unable to write file contents: Device or resource busy
06-09 15:11:58.216 526 549 D RILU : find_pci_device is 0
06-09 15:11:58.217 526 549 D RILC : PCI can't find at device
06-09 15:11:58.222 526 549 D RILC : USB can't find at device
06-09 15:12:02.632 539 539 I : read descriptors
06-09 15:12:02.633 539 539 I : read strings
06-09 15:12:02.634 1 1 I init : processing action (sys.usb.config=adb && sys.usb.configfs=1 && sys.usb.ffs.ready=1) from (/system/etc/init/hw/init.usb.configfs.rc:20)
06-09 15:12:02.637 1 1 I init : Command 'symlink /config/usb_gadget/g1/functions/ffs.adb /config/usb_gadget/g1/configs/b.1/f1' action=sys.usb.config=adb && sys.usb.configfs=1 && sys.usb.ffs.ready=1 (/system/etc/init/hw/init.usb.configfs.rc:22) took 0ms and failed: symlink() failed: File exists
06-09 15:12:02.638 1 1 I init : Command 'write /config/usb_gadget/g1/UDC ${sys.usb.controller}' action=sys.usb.config=adb && sys.usb.configfs=1 && sys.usb.ffs.ready=1 (/system/etc/init/hw/init.usb.configfs.rc:23) took 0ms and failed: Unable to write to file '/config/usb_gadget/g1/UDC': Unable to write file contents: Device or resource busy
06-09 15:12:03.682 539 539 I : read descriptors
06-09 15:12:03.682 539 539 I : read strings
06-09 15:12:03.683 1 1 I init : processing action (sys.usb.config=adb && sys.usb.configfs=1 && sys.usb.ffs.ready=1) from (/system/etc/init/hw/init.usb.configfs.rc:20)
06-09 15:12:04.723 539 539 I : read descriptors
06-09 15:12:04.723 539 539 I : read strings
06-09 15:12:01.223 526 549 D RILU : find_pci_device is 0
06-09 15:12:01.223 526 549 D RILC : PCI can't find at device
06-09 15:12:01.228 526 549 D RILC : USB can't find at device
06-09 15:12:05.773 539 539 I : read descriptors
06-09 15:12:05.773 539 539 I : read strings
06-09 15:12:05.775 1 1 I init : processing action (sys.usb.config=adb && sys.usb.configfs=1 && sys.usb.ffs.ready=1) from (/system/etc/init/hw/init.usb.configfs.rc:20)
06-09 15:12:05.778 1 1 I init : Command 'symlink /config/usb_gadget/g1/functions/ffs.adb /config/usb_gadget/g1/configs/b.1/f1' action=sys.usb.config=adb && sys.usb.configfs=1 && sys.usb.ffs.ready=1 (/system/etc/init/hw/init.usb.configfs.rc:22) took 0ms and failed: symlink() failed: File exists
06-09 15:12:05.779 1 1 I init : Command 'write /config/usb_gadget/g1/UDC ${sys.usb.controller}' action=sys.usb.config=adb && sys.usb.configfs=1 && sys.usb.ffs.ready=1 (/system/etc/init/hw/init.usb.configfs.rc:23) took 1ms and failed: Unable to write to file '/config/usb_gadget/g1/UDC': Unable to write file contents: Device or resource busy
06-09 15:12:06.836 539 539 I : read descriptors
06-09 15:12:06.837 539 539 I : read strings
06-09 15:12:06.839 1 1 I init : processing action (sys.usb.config=adb && sys.usb.configfs=1 && sys.usb.ffs.ready=1) from (/system/etc/init/hw/init.usb.configfs.rc:20)
06-09 15:12:06.842 1 1 I init : Command 'symlink /config/usb_gadget/g1/functions/ffs.adb /config/usb_gadget/g1/configs/b.1/f1' action=sys.usb.config=adb && sys.usb.configfs=1 && sys.usb.ffs.ready=1 (/system/etc/init/hw/init.usb.configfs.rc:22) took 1ms and failed: symlink() failed: File exists
06-09 15:12:06.843 1 1 I init : Command 'write /config/usb_gadget/g1/UDC ${sys.usb.controller}' action=sys.usb.config=adb && sys.usb.configfs=1 && sys.usb.ffs.ready=1 (/system/etc/init/hw/init.usb.configfs.rc:23) took 1ms and failed: Unable to write to file '/config/usb_gadget/g1/UDC': Unable to write file contents: Device or resource busy
06-09 15:12:07.903 539 539 I : read descriptors
06-09 15:12:07.903 539 539 I : read strings
06-09 15:12:07.904 1 1 I init : processing action (sys.usb.config=adb && sys.usb.configfs=1 && sys.usb.ffs.ready=1) from (/system/etc/init/hw/init.usb.configfs.rc:20)
06-09 15:12:07.905 1 1 I init : Command 'symlink /config/usb_gadget/g1/functions/ffs.adb /config/usb_gadget/g1/configs/b.1/f1' action=sys.usb.config=adb && sys.usb.configfs=1 && sys.usb.ffs.ready=1 (/system/etc/init/hw/init.usb.configfs.rc:22) took 0ms and failed: symlink() failed: File exists
06-09 15:12:07.906 1 1 I init : Command 'write /config/usb_gadget/g1/UDC ${sys.usb.controller}' action=sys.usb.config=adb && sys.usb.configfs=1 && sys.usb.ffs.ready=1 (/system/etc/init/hw/init.usb.configfs.rc:23) took 0ms and failed: Unable to write to file '/config/usb_gadget/g1/UDC': Unable to write file contents: Device or resource busy
06-09 15:12:04.228 526 549 D RILU : find_pci_device is 0
06-09 15:12:04.229 526 549 D RILC : PCI can't find at device
06-09 15:12:04.232 526 549 D RILC : USB can't find at device
06-09 15:12:08.986 539 539 I : read descriptors
06-09 15:12:08.986 539 539 I : read strings
06-09 15:12:08.988 1 1 I init : processing action (sys.usb.config=adb && sys.usb.configfs=1 && sys.usb.ffs.ready=1) from (/system/etc/init/hw/init.usb.configfs.rc:20)
06-09 15:12:10.066 539 539 I : read descriptors
06-09 15:12:10.066 539 539 I : read strings
06-09 15:12:07.233 526 549 D RILU : find_pci_device is 0
06-09 15:12:07.233 526 549 D RILC : PCI can't find at device
06-09 15:12:07.240 526 549 D RILC : USB can't find at device
06-09 15:12:11.103 539 539 I : read descriptors
06-09 15:12:11.103 539 539 I : read strings
06-09 15:12:11.105 1 1 I init : processing action (sys.usb.config=adb && sys.usb.configfs=1 && sys.usb.ffs.ready=1) from (/system/etc/init/hw/init.usb.configfs.rc:20)
06-09 15:12:11.107 1 1 I init : Command 'symlink /config/usb_gadget/g1/functions/ffs.adb /config/usb_gadget/g1/configs/b.1/f1' action=sys.usb.config=adb && sys.usb.configfs=1 && sys.usb.ffs.ready=1 (/system/etc/init/hw/init.usb.configfs.rc:22) took 0ms and failed: symlink() failed: File exists
06-09 15:12:11.110 1 1 I init : Command 'write /config/usb_gadget/g1/UDC ${sys.usb.controller}' action=sys.usb.config=adb && sys.usb.configfs=1 && sys.usb.ffs.ready=1 (/system/etc/init/hw/init.usb.configfs.rc:23) took 2ms and failed: Unable to write to file '/config/usb_gadget/g1/UDC': Unable to write file contents: Device or resource busy
06-09 15:12:12.162 539 539 I : read descriptors
06-09 15:12:12.162 539 539 I : read strings
06-09 15:12:12.163 1 1 I init : processing action (sys.usb.config=adb && sys.usb.configfs=1 && sys.usb.ffs.ready=1) from (/system/etc/init/hw/init.usb.configfs.rc:20)
06-09 15:12:12.165 1 1 I init : Command 'symlink /config/usb_gadget/g1/functions/ffs.adb /config/usb_gadget/g1/configs/b.1/f1' action=sys.usb.config=adb && sys.usb.configfs=1 && sys.usb.ffs.ready=1 (/system/etc/init/hw/init.usb.configfs.rc:22) took 0ms and failed: symlink() failed: File exists
06-09 15:12:12.166 1 1 I init : Command 'write /config/usb_gadget/g1/UDC ${sys.usb.controller}' action=sys.usb.config=adb && sys.usb.configfs=1 && sys.usb.ffs.ready=1 (/system/etc/init/hw/init.usb.configfs.rc:23) took 0ms and failed: Unable to write to file '/config/usb_gadget/g1/UDC': Unable to write file contents: Device or resource busy
06-09 15:12:13.206 539 539 I : read descriptors
06-09 15:12:13.206 539 539 I : read strings
06-09 15:12:13.208 1 1 I init : processing action (sys.usb.config=adb && sys.usb.configfs=1 && sys.usb.ffs.ready=1) from (/system/etc/init/hw/init.usb.configfs.rc:20)
06-09 15:12:13.211 1 1 I init : Command 'symlink /config/usb_gadget/g1/functions/ffs.adb /config/usb_gadget/g1/configs/b.1/f1' action=sys.usb.config=adb && sys.usb.configfs=1 && sys.usb.ffs.ready=1 (/system/etc/init/hw/init.usb.configfs.rc:22) took 0ms and failed: symlink() failed: File exists
06-09 15:12:13.213 1 1 I init : Command 'write /config/usb_gadget/g1/UDC ${sys.usb.controller}' action=sys.usb.config=adb && sys.usb.configfs=1 && sys.usb.ffs.ready=1 (/system/etc/init/hw/init.usb.configfs.rc:23) took 1ms and failed: Unable to write to file '/config/usb_gadget/g1/UDC': Unable to write file contents: Device or resource busy
06-09 15:12:10.240 526 549 D RILU : find_pci_device is 0
06-09 15:12:10.241 526 549 D RILC : PCI can't find at device
06-09 15:12:10.246 526 549 D RILC : USB can't find at device
06-09 15:12:14.249 539 539 I : read descriptors
06-09 15:12:14.249 539 539 I : read strings
06-09 15:12:14.250 1 1 I init : processing action (sys.usb.config=adb && sys.usb.configfs=1 && sys.usb.ffs.ready=1) from (/system/etc/init/hw/init.usb.configfs.rc:20)
06-09 15:12:15.306 539 539 I : read descriptors
06-09 15:12:15.306 539 539 I : read strings
06-09 15:12:16.372 539 539 I : read descriptors
06-09 15:12:16.373 539 539 I : read strings
06-09 15:12:16.375 1 1 I init : processing action (sys.usb.config=adb && sys.usb.configfs=1 && sys.usb.ffs.ready=1) from (/system/etc/init/hw/init.usb.configfs.rc:20)
06-09 15:12:16.377 1 1 I init : Command 'symlink /config/usb_gadget/g1/functions/ffs.adb /config/usb_gadget/g1/configs/b.1/f1' action=sys.usb.config=adb && sys.usb.configfs=1 && sys.usb.ffs.ready=1 (/system/etc/init/hw/init.usb.configfs.rc:22) took 0ms and failed: symlink() failed: File exists
06-09 15:12:16.377 1 1 I init : Command 'write /config/usb_gadget/g1/UDC ${sys.usb.controller}' action=sys.usb.config=adb && sys.usb.configfs=1 && sys.usb.ffs.ready=1 (/system/etc/init/hw/init.usb.configfs.rc:23) took 0ms and failed: Unable to write to file '/config/usb_gadget/g1/UDC': Unable to write file contents: Device or resource busy
06-09 15:12:13.247 526 549 D RILU : find_pci_device is 0
06-09 15:12:13.247 526 549 D RILC : PCI can't find at device
06-09 15:12:13.252 526 549 D RILC : USB can't find at device
06-09 15:12:17.412 539 539 I : read descriptors
06-09 15:12:17.412 539 539 I : read strings
06-09 15:12:17.414 1 1 I init : processing action (sys.usb.config=adb && sys.usb.configfs=1 && sys.usb.ffs.ready=1) from (/system/etc/init/hw/init.usb.configfs.rc:20)
06-09 15:12:17.416 1 1 I init : Command 'symlink /config/usb_gadget/g1/functions/ffs.adb /config/usb_gadget/g1/configs/b.1/f1' action=sys.usb.config=adb && sys.usb.configfs=1 && sys.usb.ffs.ready=1 (/system/etc/init/hw/init.usb.configfs.rc:22) took 0ms and failed: symlink() failed: File exists
06-09 15:12:17.417 1 1 I init : Command 'write /config/usb_gadget/g1/UDC ${sys.usb.controller}' action=sys.usb.config=adb && sys.usb.configfs=1 && sys.usb.ffs.ready=1 (/system/etc/init/hw/init.usb.configfs.rc:23) took 0ms and failed: Unable to write to file '/config/usb_gadget/g1/UDC': Unable to write file contents: Device or resource busy
06-09 15:12:18.473 539 539 I : read descriptors
06-09 15:12:18.473 539 539 I : read strings
06-09 15:12:18.474 1 1 I init : processing action (sys.usb.config=adb && sys.usb.configfs=1 && sys.usb.ffs.ready=1) from (/system/etc/init/hw/init.usb.configfs.rc:20)
06-09 15:12:18.477 1 1 I init : Command 'symlink /config/usb_gadget/g1/functions/ffs.adb /config/usb_gadget/g1/configs/b.1/f1' action=sys.usb.config=adb && sys.usb.configfs=1 && sys.usb.ffs.ready=1 (/system/etc/init/hw/init.usb.configfs.rc:22) took 0ms and failed: symlink() failed: File exists
06-09 15:12:18.478 1 1 I init : Command 'write /config/usb_gadget/g1/UDC ${sys.usb.controller}' action=sys.usb.config=adb && sys.usb.configfs=1 && sys.usb.ffs.ready=1 (/system/etc/init/hw/init.usb.configfs.rc:23) took 0ms and failed: Unable to write to file '/config/usb_gadget/g1/UDC': Unable to write file contents: Device or resource busy
06-09 15:12:19.529 539 539 I : read descriptors
06-09 15:12:19.529 539 539 I : read strings
06-09 15:12:19.531 1 1 I init : processing action (sys.usb.config=adb && sys.usb.configfs=1 && sys.usb.ffs.ready=1) from (/system/etc/init/hw/init.usb.configfs.rc:20)
06-09 15:12:16.253 526 549 D RILU : find_pci_device is 0
06-09 15:12:16.253 526 549 D RILC : PCI can't find at device
06-09 15:12:16.259 526 549 D RILC : USB can't find at device
06-09 15:12:20.569 539 539 I : read descriptors
06-09 15:12:20.569 539 539 I : read strings
06-09 15:12:21.609 539 539 I : read descriptors
06-09 15:12:21.609 539 539 I : read strings
06-09 15:12:21.611 1 1 I init : processing action (sys.usb.config=adb && sys.usb.configfs=1 && sys.usb.ffs.ready=1) from (/system/etc/init/hw/init.usb.configfs.rc:20)
06-09 15:12:21.615 1 1 I init : Command 'symlink /config/usb_gadget/g1/functions/ffs.adb /config/usb_gadget/g1/configs/b.1/f1' action=sys.usb.config=adb && sys.usb.configfs=1 && sys.usb.ffs.ready=1 (/system/etc/init/hw/init.usb.configfs.rc:22) took 0ms and failed: symlink() failed: File exists
06-09 15:12:21.617 1 1 I init : Command 'write /config/usb_gadget/g1/UDC ${sys.usb.controller}' action=sys.usb.config=adb && sys.usb.configfs=1 && sys.usb.ffs.ready=1 (/system/etc/init/hw/init.usb.configfs.rc:23) took 1ms and failed: Unable to write to file '/config/usb_gadget/g1/UDC': Unable to write file contents: Device or resource busy
06-09 15:12:22.659 539 539 I : read descriptors
06-09 15:12:22.659 539 539 I : read strings
06-09 15:12:22.661 1 1 I init : processing action (sys.usb.config=adb && sys.usb.configfs=1 && sys.usb.ffs.ready=1) from (/system/etc/init/hw/init.usb.configfs.rc:20)
06-09 15:12:22.663 1 1 I init : Command 'symlink /config/usb_gadget/g1/functions/ffs.adb /config/usb_gadget/g1/configs/b.1/f1' action=sys.usb.config=adb && sys.usb.configfs=1 && sys.usb.ffs.ready=1 (/system/etc/init/hw/init.usb.configfs.rc:22) took 0ms and failed: symlink() failed: File exists
06-09 15:12:22.664 1 1 I init : Command 'write /config/usb_gadget/g1/UDC ${sys.usb.controller}' action=sys.usb.config=adb && sys.usb.configfs=1 && sys.usb.ffs.ready=1 (/system/etc/init/hw/init.usb.configfs.rc:23) took 0ms and failed: Unable to write to file '/config/usb_gadget/g1/UDC': Unable to write file contents: Device or resource busy
06-09 15:12:19.259 526 549 D RILU : find_pci_device is 0
06-09 15:12:19.260 526 549 D RILC : PCI can't find at device
06-09 15:12:19.265 526 549 D RILC : USB can't find at device
06-09 15:12:23.719 539 539 I : read descriptors
06-09 15:12:23.719 539 539 I : read strings
06-09 15:12:23.721 1 1 I init : processing action (sys.usb.config=adb && sys.usb.configfs=1 && sys.usb.ffs.ready=1) from (/system/etc/init/hw/init.usb.configfs.rc:20)
06-09 15:12:23.725 1 1 I init : Command 'symlink /config/usb_gadget/g1/functions/ffs.adb /config/usb_gadget/g1/configs/b.1/f1' action=sys.usb.config=adb && sys.usb.configfs=1 && sys.usb.ffs.ready=1 (/system/etc/init/hw/init.usb.configfs.rc:22) took 0ms and failed: symlink() failed: File exists
06-09 15:12:23.726 1 1 I init : Command 'write /config/usb_gadget/g1/UDC ${sys.usb.controller}' action=sys.usb.config=adb && sys.usb.configfs=1 && sys.usb.ffs.ready=1 (/system/etc/init/hw/init.usb.configfs.rc:23) took 1ms and failed: Unable to write to file '/config/usb_gadget/g1/UDC': Unable to write file contents: Device or resource busy
06-09 15:12:24.776 539 539 I : read descriptors
06-09 15:12:24.776 539 539 I : read strings
06-09 15:12:24.778 1 1 I init : processing action (sys.usb.config=adb && sys.usb.configfs=1 && sys.usb.ffs.ready=1) from (/system/etc/init/hw/init.usb.configfs.rc:20)
06-09 15:12:25.836 539 539 I : read descriptors
06-09 15:12:25.836 539 539 I : read strings
06-09 15:12:22.266 526 549 D RILU : find_pci_device is 0
06-09 15:12:22.266 526 549 D RILC : PCI can't find at device
06-09 15:12:22.271 526 549 D RILC : USB can't find at device
06-09 15:12:26.893 539 539 I : read descriptors
06-09 15:12:26.893 539 539 I : read strings
06-09 15:12:26.896 1 1 I init : processing action (sys.usb.config=adb && sys.usb.configfs=1 && sys.usb.ffs.ready=1) from (/system/etc/init/hw/init.usb.configfs.rc:20)
06-09 15:12:26.897 1 1 I init : Command 'symlink /config/usb_gadget/g1/functions/ffs.adb /config/usb_gadget/g1/configs/b.1/f1' action=sys.usb.config=adb && sys.usb.configfs=1 && sys.usb.ffs.ready=1 (/system/etc/init/hw/init.usb.configfs.rc:22) took 0ms and failed: symlink() failed: File exists
06-09 15:12:26.898 1 1 I init : Command 'write /config/usb_gadget/g1/UDC ${sys.usb.controller}' action=sys.usb.config=adb && sys.usb.configfs=1 && sys.usb.ffs.ready=1 (/system/etc/init/hw/init.usb.configfs.rc:23) took 0ms and failed: Unable to write to file '/config/usb_gadget/g1/UDC': Unable to write file contents: Device or resource busy
06-09 15:12:27.943 539 539 I : read descriptors
06-09 15:12:27.943 539 539 I : read strings
06-09 15:12:27.946 1 1 I init : processing action (sys.usb.config=adb && sys.usb.configfs=1 && sys.usb.ffs.ready=1) from (/system/etc/init/hw/init.usb.configfs.rc:20)
06-09 15:12:27.949 1 1 I init : Command 'symlink /config/usb_gadget/g1/functions/ffs.adb /config/usb_gadget/g1/configs/b.1/f1' action=sys.usb.config=adb && sys.usb.configfs=1 && sys.usb.ffs.ready=1 (/system/etc/init/hw/init.usb.configfs.rc:22) took 1ms and failed: symlink() failed: File exists
06-09 15:12:27.950 1 1 I init : Command 'write /config/usb_gadget/g1/UDC ${sys.usb.controller}' action=sys.usb.config=adb && sys.usb.configfs=1 && sys.usb.ffs.ready=1 (/system/etc/init/hw/init.usb.configfs.rc:23) took 1ms and failed: Unable to write to file '/config/usb_gadget/g1/UDC': Unable to write file contents: Device or resource busy
06-09 15:12:28.989 539 539 I : read descriptors
06-09 15:12:28.989 539 539 I : read strings
06-09 15:12:28.993 1 1 I init : processing action (sys.usb.config=adb && sys.usb.configfs=1 && sys.usb.ffs.ready=1) from (/system/etc/init/hw/init.usb.configfs.rc:20)
06-09 15:12:28.994 1 1 I init : Command 'symlink /config/usb_gadget/g1/functions/ffs.adb /config/usb_gadget/g1/configs/b.1/f1' action=sys.usb.config=adb && sys.usb.configfs=1 && sys.usb.ffs.ready=1 (/system/etc/init/hw/init.usb.configfs.rc:22) took 0ms and failed: symlink() failed: File exists
06-09 15:12:28.995 1 1 I init : Command 'write /config/usb_gadget/g1/UDC ${sys.usb.controller}' action=sys.usb.config=adb && sys.usb.configfs=1 && sys.usb.ffs.ready=1 (/system/etc/init/hw/init.usb.configfs.rc:23) took 0ms and failed: Unable to write to file '/config/usb_gadget/g1/UDC': Unable to write file contents: Device or resource busy
06-09 15:12:25.272 526 549 D RILU : find_pci_device is 0
06-09 15:12:25.272 526 549 D RILC : PCI can't find at device
06-09 15:12:25.274 526 549 D RILC : USB can't find at device
06-09 15:12:30.049 539 539 I : read descriptors
06-09 15:12:30.050 539 539 I : read strings
06-09 15:12:30.053 1 1 I init : processing action (sys.usb.config=adb && sys.usb.configfs=1 && sys.usb.ffs.ready=1) from (/system/etc/init/hw/init.usb.configfs.rc:20)
06-09 15:12:31.106 539 539 I : read descriptors
06-09 15:12:31.106 539 539 I : read strings
06-09 15:12:28.274 526 549 D RILU : find_pci_device is 0
06-09 15:12:28.274 526 549 D RILC : PCI can't find at device
06-09 15:12:28.276 526 549 D RILC : USB can't find at device
06-09 15:12:32.193 539 539 I : read descriptors
06-09 15:12:32.193 539 539 I : read strings
06-09 15:12:32.196 1 1 I init : processing action (sys.usb.config=adb && sys.usb.configfs=1 && sys.usb.ffs.ready=1) from (/system/etc/init/hw/init.usb.configfs.rc:20)
06-09 15:12:32.199 1 1 I init : Command 'symlink /config/usb_gadget/g1/functions/ffs.adb /config/usb_gadget/g1/configs/b.1/f1' action=sys.usb.config=adb && sys.usb.configfs=1 && sys.usb.ffs.ready=1 (/system/etc/init/hw/init.usb.configfs.rc:22) took 1ms and failed: symlink() failed: File exists
06-09 15:12:32.200 1 1 I init : Command 'write /config/usb_gadget/g1/UDC ${sys.usb.controller}' action=sys.usb.config=adb && sys.usb.configfs=1 && sys.usb.ffs.ready=1 (/system/etc/init/hw/init.usb.configfs.rc:23) took 1ms and failed: Unable to write to file '/config/usb_gadget/g1/UDC': Unable to write file contents: Device or resource busy
06-09 15:12:33.239 539 539 I : read descriptors
06-09 15:12:33.239 539 539 I : read strings
06-09 15:12:33.243 1 1 I init : processing action (sys.usb.config=adb && sys.usb.configfs=1 && sys.usb.ffs.ready=1) from (/system/etc/init/hw/init.usb.configfs.rc:20)
06-09 15:12:33.244 1 1 I init : Command 'symlink /config/usb_gadget/g1/functions/ffs.adb /config/usb_gadget/g1/configs/b.1/f1' action=sys.usb.config=adb && sys.usb.configfs=1 && sys.usb.ffs.ready=1 (/system/etc/init/hw/init.usb.configfs.rc:22) took 0ms and failed: symlink() failed: File exists
06-09 15:12:33.244 1 1 I init : Command 'write /config/usb_gadget/g1/UDC ${sys.usb.controller}' action=sys.usb.config=adb && sys.usb.configfs=1 && sys.usb.ffs.ready=1 (/system/etc/init/hw/init.usb.configfs.rc:23) took 0ms and failed: Unable to write to file '/config/usb_gadget/g1/UDC': Unable to write file contents: Device or resource busy
06-09 15:12:34.302 539 539 I : read descriptors
06-09 15:12:34.302 539 539 I : read strings
06-09 15:12:34.303 1 1 I init : processing action (sys.usb.config=adb && sys.usb.configfs=1 && sys.usb.ffs.ready=1) from (/system/etc/init/hw/init.usb.configfs.rc:20)
06-09 15:12:34.305 1 1 I init : Command 'symlink /config/usb_gadget/g1/functions/ffs.adb /config/usb_gadget/g1/configs/b.1/f1' action=sys.usb.config=adb && sys.usb.configfs=1 && sys.usb.ffs.ready=1 (/system/etc/init/hw/init.usb.configfs.rc:22) took 0ms and failed: symlink() failed: File exists
06-09 15:12:34.305 1 1 I init : Command 'write /config/usb_gadget/g1/UDC ${sys.usb.controller}' action=sys.usb.config=adb && sys.usb.configfs=1 && sys.usb.ffs.ready=1 (/system/etc/init/hw/init.usb.configfs.rc:23) took 0ms and failed: Unable to write to file '/config/usb_gadget/g1/UDC': Unable to write file contents: Device or resource busy
06-09 15:12:34.834 439 439 W healthd : battery l=54 v=7558 t=34.5 h=1 st=3 c=-512000 fc=9700000 chg=
06-09 15:12:31.277 526 549 D RILU : find_pci_device is 0
06-09 15:12:31.277 526 549 D RILC : PCI can't find at device
06-09 15:12:31.283 526 549 D RILC : USB can't find at device
06-09 15:12:35.343 539 539 I : read descriptors
06-09 15:12:35.343 539 539 I : read strings
06-09 15:12:35.345 1 1 I init : processing action (sys.usb.config=adb && sys.usb.configfs=1 && sys.usb.ffs.ready=1) from (/system/etc/init/hw/init.usb.configfs.rc:20)
06-09 15:12:36.395 539 539 I : read descriptors
06-09 15:12:36.396 539 539 I : read strings
06-09 15:12:37.436 539 539 I : read descriptors
06-09 15:12:37.436 539 539 I : read strings
06-09 15:12:37.439 1 1 I init : processing action (sys.usb.config=adb && sys.usb.configfs=1 && sys.usb.ffs.ready=1) from (/system/etc/init/hw/init.usb.configfs.rc:20)
06-09 15:12:37.442 1 1 I init : Command 'symlink /config/usb_gadget/g1/functions/ffs.adb /config/usb_gadget/g1/configs/b.1/f1' action=sys.usb.config=adb && sys.usb.configfs=1 && sys.usb.ffs.ready=1 (/system/etc/init/hw/init.usb.configfs.rc:22) took 1ms and failed: symlink() failed: File exists
06-09 15:12:37.444 1 1 I init : Command 'write /config/usb_gadget/g1/UDC ${sys.usb.controller}' action=sys.usb.config=adb && sys.usb.configfs=1 && sys.usb.ffs.ready=1 (/system/etc/init/hw/init.usb.configfs.rc:23) took 1ms and failed: Unable to write to file '/config/usb_gadget/g1/UDC': Unable to write file contents: Device or resource busy
06-09 15:12:34.283 526 549 D RILU : find_pci_device is 0
06-09 15:12:34.284 526 549 D RILC : PCI can't find at device
06-09 15:12:34.289 526 549 D RILC : USB can't find at device
06-09 15:12:38.479 539 539 I : read descriptors
06-09 15:12:38.479 539 539 I : read strings
06-09 15:12:38.481 1 1 I init : processing action (sys.usb.config=adb && sys.usb.configfs=1 && sys.usb.ffs.ready=1) from (/system/etc/init/hw/init.usb.configfs.rc:20)
06-09 15:12:38.484 1 1 I init : Command 'symlink /config/usb_gadget/g1/functions/ffs.adb /config/usb_gadget/g1/configs/b.1/f1' action=sys.usb.config=adb && sys.usb.configfs=1 && sys.usb.ffs.ready=1 (/system/etc/init/hw/init.usb.configfs.rc:22) took 0ms and failed: symlink() failed: File exists
06-09 15:12:38.486 1 1 I init : Command 'write /config/usb_gadget/g1/UDC ${sys.usb.controller}' action=sys.usb.config=adb && sys.usb.configfs=1 && sys.usb.ffs.ready=1 (/system/etc/init/hw/init.usb.configfs.rc:23) took 1ms and failed: Unable to write to file '/config/usb_gadget/g1/UDC': Unable to write file contents: Device or resource busy
06-09 15:12:39.529 539 539 I : read descriptors
06-09 15:12:39.529 539 539 I : read strings
06-09 15:12:39.532 1 1 I init : processing action (sys.usb.config=adb && sys.usb.configfs=1 && sys.usb.ffs.ready=1) from (/system/etc/init/hw/init.usb.configfs.rc:20)
06-09 15:12:39.536 1 1 I init : Command 'symlink /config/usb_gadget/g1/functions/ffs.adb /config/usb_gadget/g1/configs/b.1/f1' action=sys.usb.config=adb && sys.usb.configfs=1 && sys.usb.ffs.ready=1 (/system/etc/init/hw/init.usb.configfs.rc:22) took 1ms and failed: symlink() failed: File exists
06-09 15:12:39.537 1 1 I init : Command 'write /config/usb_gadget/g1/UDC ${sys.usb.controller}' action=sys.usb.config=adb && sys.usb.configfs=1 && sys.usb.ffs.ready=1 (/system/etc/init/hw/init.usb.configfs.rc:23) took 1ms and failed: Unable to write to file '/config/usb_gadget/g1/UDC': Unable to write file contents: Device or resource busy
06-09 15:12:40.592 539 539 I : read descriptors
06-09 15:12:40.593 539 539 I : read strings
06-09 15:12:40.595 1 1 I init : processing action (sys.usb.config=adb && sys.usb.configfs=1 && sys.usb.ffs.ready=1) from (/system/etc/init/hw/init.usb.configfs.rc:20)
06-09 15:12:37.290 526 549 D RILU : find_pci_device is 0
06-09 15:12:37.290 526 549 D RILC : PCI can't find at device
06-09 15:12:37.295 526 549 D RILC : USB can't find at device
06-09 15:12:41.636 539 539 I : read descriptors
06-09 15:12:41.636 539 539 I : read strings
06-09 15:12:42.702 539 539 I : read descriptors
06-09 15:12:42.702 539 539 I : read strings
06-09 15:12:42.706 1 1 I init : processing action (sys.usb.config=adb && sys.usb.configfs=1 && sys.usb.ffs.ready=1) from (/system/etc/init/hw/init.usb.configfs.rc:20)
06-09 15:12:42.707 1 1 I init : Command 'symlink /config/usb_gadget/g1/functions/ffs.adb /config/usb_gadget/g1/configs/b.1/f1' action=sys.usb.config=adb && sys.usb.configfs=1 && sys.usb.ffs.ready=1 (/system/etc/init/hw/init.usb.configfs.rc:22) took 0ms and failed: symlink() failed: File exists
06-09 15:12:42.707 1 1 I init : Command 'write /config/usb_gadget/g1/UDC ${sys.usb.controller}' action=sys.usb.config=adb && sys.usb.configfs=1 && sys.usb.ffs.ready=1 (/system/etc/init/hw/init.usb.configfs.rc:23) took 0ms and failed: Unable to write to file '/config/usb_gadget/g1/UDC': Unable to write file contents: Device or resource busy
06-09 15:12:43.763 539 539 I : read descriptors
06-09 15:12:43.763 539 539 I : read strings
06-09 15:12:43.765 1 1 I init : processing action (sys.usb.config=adb && sys.usb.configfs=1 && sys.usb.ffs.ready=1) from (/system/etc/init/hw/init.usb.configfs.rc:20)
06-09 15:12:43.768 1 1 I init : Command 'symlink /config/usb_gadget/g1/functions/ffs.adb /config/usb_gadget/g1/configs/b.1/f1' action=sys.usb.config=adb && sys.usb.configfs=1 && sys.usb.ffs.ready=1 (/system/etc/init/hw/init.usb.configfs.rc:22) took 0ms and failed: symlink() failed: File exists
06-09 15:12:43.771 1 1 I init : Command 'write /config/usb_gadget/g1/UDC ${sys.usb.controller}' action=sys.usb.config=adb && sys.usb.configfs=1 && sys.usb.ffs.ready=1 (/system/etc/init/hw/init.usb.configfs.rc:23) took 0ms and failed: Unable to write to file '/config/usb_gadget/g1/UDC': Unable to write file contents: Device or resource busy
06-09 15:12:40.296 526 549 D RILU : find_pci_device is 0
06-09 15:12:40.296 526 549 D RILC : PCI can't find at device
06-09 15:12:40.302 526 549 D RILC : USB can't find at device
06-09 15:12:44.826 539 539 I : read descriptors
06-09 15:12:44.826 539 539 I : read strings
06-09 15:12:44.829 1 1 I init : processing action (sys.usb.config=adb && sys.usb.configfs=1 && sys.usb.ffs.ready=1) from (/system/etc/init/hw/init.usb.configfs.rc:20)
06-09 15:12:44.830 1 1 I init : Command 'symlink /config/usb_gadget/g1/functions/ffs.adb /config/usb_gadget/g1/configs/b.1/f1' action=sys.usb.config=adb && sys.usb.configfs=1 && sys.usb.ffs.ready=1 (/system/etc/init/hw/init.usb.configfs.rc:22) took 0ms and failed: symlink() failed: File exists
06-09 15:12:44.831 1 1 I init : Command 'write /config/usb_gadget/g1/UDC ${sys.usb.controller}' action=sys.usb.config=adb && sys.usb.configfs=1 && sys.usb.ffs.ready=1 (/system/etc/init/hw/init.usb.configfs.rc:23) took 0ms and failed: Unable to write to file '/config/usb_gadget/g1/UDC': Unable to write file contents: Device or resource busy
06-09 15:12:45.883 539 539 I : read descriptors
06-09 15:12:45.883 539 539 I : read strings
06-09 15:12:45.885 1 1 I init : processing action (sys.usb.config=adb && sys.usb.configfs=1 && sys.usb.ffs.ready=1) from (/system/etc/init/hw/init.usb.configfs.rc:20)
06-09 15:12:46.946 539 539 I : read descriptors
06-09 15:12:46.946 539 539 I : read strings
06-09 15:12:43.303 526 549 D RILU : find_pci_device is 0
06-09 15:12:43.303 526 549 D RILC : PCI can't find at device
06-09 15:12:43.308 526 549 D RILC : USB can't find at device
06-09 15:12:48.013 539 539 I : read descriptors
06-09 15:12:48.013 539 539 I : read strings
06-09 15:12:48.015 1 1 I init : processing action (sys.usb.config=adb && sys.usb.configfs=1 && sys.usb.ffs.ready=1) from (/system/etc/init/hw/init.usb.configfs.rc:20)
06-09 15:12:48.017 1 1 I init : Command 'symlink /config/usb_gadget/g1/functions/ffs.adb /config/usb_gadget/g1/configs/b.1/f1' action=sys.usb.config=adb && sys.usb.configfs=1 && sys.usb.ffs.ready=1 (/system/etc/init/hw/init.usb.configfs.rc:22) took 0ms and failed: symlink() failed: File exists
06-09 15:12:48.017 1 1 I init : Command 'write /config/usb_gadget/g1/UDC ${sys.usb.controller}' action=sys.usb.config=adb && sys.usb.configfs=1 && sys.usb.ffs.ready=1 (/system/etc/init/hw/init.usb.configfs.rc:23) took 0ms and failed: Unable to write to file '/config/usb_gadget/g1/UDC': Unable to write file contents: Device or resource busy
06-09 15:12:49.063 539 539 I : read descriptors
06-09 15:12:49.063 539 539 I : read strings
06-09 15:12:49.065 1 1 I init : processing action (sys.usb.config=adb && sys.usb.configfs=1 && sys.usb.ffs.ready=1) from (/system/etc/init/hw/init.usb.configfs.rc:20)
06-09 15:12:49.067 1 1 I init : Command 'symlink /config/usb_gadget/g1/functions/ffs.adb /config/usb_gadget/g1/configs/b.1/f1' action=sys.usb.config=adb && sys.usb.configfs=1 && sys.usb.ffs.ready=1 (/system/etc/init/hw/init.usb.configfs.rc:22) took 0ms and failed: symlink() failed: File exists
06-09 15:12:49.067 1 1 I init : Command 'write /config/usb_gadget/g1/UDC ${sys.usb.controller}' action=sys.usb.config=adb && sys.usb.configfs=1 && sys.usb.ffs.ready=1 (/system/etc/init/hw/init.usb.configfs.rc:23) took 0ms and failed: Unable to write to file '/config/usb_gadget/g1/UDC': Unable to write file contents: Device or resource busy
06-09 15:12:46.309 526 549 D RILU : find_pci_device is 0
06-09 15:12:46.309 526 549 D RILC : PCI can't find at device
06-09 15:12:46.315 526 549 D RILC : USB can't find at device
06-09 15:12:50.103 539 539 I : read descriptors
06-09 15:12:50.103 539 539 I : read strings
06-09 15:12:50.105 1 1 I init : processing action (sys.usb.config=adb && sys.usb.configfs=1 && sys.usb.ffs.ready=1) from (/system/etc/init/hw/init.usb.configfs.rc:20)
06-09 15:12:50.108 1 1 I init : Command 'symlink /config/usb_gadget/g1/functions/ffs.adb /config/usb_gadget/g1/configs/b.1/f1' action=sys.usb.config=adb && sys.usb.configfs=1 && sys.usb.ffs.ready=1 (/system/etc/init/hw/init.usb.configfs.rc:22) took 0ms and failed: symlink() failed: File exists
06-09 15:12:50.109 1 1 I init : Command 'write /config/usb_gadget/g1/UDC ${sys.usb.controller}' action=sys.usb.config=adb && sys.usb.configfs=1 && sys.usb.ffs.ready=1 (/system/etc/init/hw/init.usb.configfs.rc:23) took 1ms and failed: Unable to write to file '/config/usb_gadget/g1/UDC': Unable to write file contents: Device or resource busy
06-09 15:12:51.149 539 539 I : read descriptors
06-09 15:12:51.149 539 539 I : read strings
06-09 15:12:51.151 1 1 I init : processing action (sys.usb.config=adb && sys.usb.configfs=1 && sys.usb.ffs.ready=1) from (/system/etc/init/hw/init.usb.configfs.rc:20)
06-09 15:12:52.203 539 539 I : read descriptors
06-09 15:12:52.203 539 539 I : read strings
06-09 15:12:49.316 526 549 D RILU : find_pci_device is 0
06-09 15:12:49.316 526 549 D RILC : PCI can't find at device
06-09 15:12:49.322 526 549 D RILC : USB can't find at device
06-09 15:12:53.249 539 539 I : read descriptors
06-09 15:12:53.249 539 539 I : read strings
06-09 15:12:53.253 1 1 I init : processing action (sys.usb.config=adb && sys.usb.configfs=1 && sys.usb.ffs.ready=1) from (/system/etc/init/hw/init.usb.configfs.rc:20)
06-09 15:12:53.254 1 1 I init : Command 'symlink /config/usb_gadget/g1/functions/ffs.adb /config/usb_gadget/g1/configs/b.1/f1' action=sys.usb.config=adb && sys.usb.configfs=1 && sys.usb.ffs.ready=1 (/system/etc/init/hw/init.usb.configfs.rc:22) took 0ms and failed: symlink() failed: File exists
06-09 15:12:53.255 1 1 I init : Command 'write /config/usb_gadget/g1/UDC ${sys.usb.controller}' action=sys.usb.config=adb && sys.usb.configfs=1 && sys.usb.ffs.ready=1 (/system/etc/init/hw/init.usb.configfs.rc:23) took 0ms and failed: Unable to write to file '/config/usb_gadget/g1/UDC': Unable to write file contents: Device or resource busy
06-09 15:12:54.289 539 539 I : read descriptors
06-09 15:12:54.289 539 539 I : read strings
06-09 15:12:54.291 1 1 I init : processing action (sys.usb.config=adb && sys.usb.configfs=1 && sys.usb.ffs.ready=1) from (/system/etc/init/hw/init.usb.configfs.rc:20)
06-09 15:12:54.294 1 1 I init : Command 'symlink /config/usb_gadget/g1/functions/ffs.adb /config/usb_gadget/g1/configs/b.1/f1' action=sys.usb.config=adb && sys.usb.configfs=1 && sys.usb.ffs.ready=1 (/system/etc/init/hw/init.usb.configfs.rc:22) took 0ms and failed: symlink() failed: File exists
06-09 15:12:54.298 1 1 I init : Command 'write /config/usb_gadget/g1/UDC ${sys.usb.controller}' action=sys.usb.config=adb && sys.usb.configfs=1 && sys.usb.ffs.ready=1 (/system/etc/init/hw/init.usb.configfs.rc:23) took 2ms and failed: Unable to write to file '/config/usb_gadget/g1/UDC': Unable to write file contents: Device or resource busy
06-09 15:12:55.332 539 539 I : read descriptors
06-09 15:12:55.332 539 539 I : read strings
06-09 15:12:55.335 1 1 I init : processing action (sys.usb.config=adb && sys.usb.configfs=1 && sys.usb.ffs.ready=1) from (/system/etc/init/hw/init.usb.configfs.rc:20)
06-09 15:12:55.337 1 1 I init : Command 'symlink /config/usb_gadget/g1/functions/ffs.adb /config/usb_gadget/g1/configs/b.1/f1' action=sys.usb.config=adb && sys.usb.configfs=1 && sys.usb.ffs.ready=1 (/system/etc/init/hw/init.usb.configfs.rc:22) took 0ms and failed: symlink() failed: File exists
06-09 15:12:55.337 1 1 I init : Command 'write /config/usb_gadget/g1/UDC ${sys.usb.controller}' action=sys.usb.config=adb && sys.usb.configfs=1 && sys.usb.ffs.ready=1 (/system/etc/init/hw/init.usb.configfs.rc:23) took 0ms and failed: Unable to write to file '/config/usb_gadget/g1/UDC': Unable to write file contents: Device or resource busy
06-09 15:12:52.323 526 549 D RILU : find_pci_device is 0
06-09 15:12:52.323 526 549 D RILC : PCI can't find at device
06-09 15:12:52.328 526 549 D RILC : USB can't find at device
06-09 15:12:56.389 539 539 I : read descriptors
06-09 15:12:56.389 539 539 I : read strings
06-09 15:12:56.390 1 1 I init : processing action (sys.usb.config=adb && sys.usb.configfs=1 && sys.usb.ffs.ready=1) from (/system/etc/init/hw/init.usb.configfs.rc:20)
06-09 15:12:57.442 539 539 I : read descriptors
06-09 15:12:57.443 539 539 I : read strings
06-09 15:12:58.529 539 539 I : read descriptors
06-09 15:12:58.529 539 539 I : read strings
06-09 15:12:58.530 1 1 I init : processing action (sys.usb.config=adb && sys.usb.configfs=1 && sys.usb.ffs.ready=1) from (/system/etc/init/hw/init.usb.configfs.rc:20)
06-09 15:12:58.532 1 1 I init : Command 'symlink /config/usb_gadget/g1/functions/ffs.adb /config/usb_gadget/g1/configs/b.1/f1' action=sys.usb.config=adb && sys.usb.configfs=1 && sys.usb.ffs.ready=1 (/system/etc/init/hw/init.usb.configfs.rc:22) took 0ms and failed: symlink() failed: File exists
06-09 15:12:58.532 1 1 I init : Command 'write /config/usb_gadget/g1/UDC ${sys.usb.controller}' action=sys.usb.config=adb && sys.usb.configfs=1 && sys.usb.ffs.ready=1 (/system/etc/init/hw/init.usb.configfs.rc:23) took 0ms and failed: Unable to write to file '/config/usb_gadget/g1/UDC': Unable to write file contents: Device or resource busy
06-09 15:12:55.329 526 549 D RILU : find_pci_device is 0
06-09 15:12:55.329 526 549 D RILC : PCI can't find at device
06-09 15:12:55.335 526 549 D RILC : USB can't find at device
06-09 15:12:59.593 539 539 I : read descriptors
06-09 15:12:59.593 539 539 I : read strings
06-09 15:12:59.595 1 1 I init : processing action (sys.usb.config=adb && sys.usb.configfs=1 && sys.usb.ffs.ready=1) from (/system/etc/init/hw/init.usb.configfs.rc:20)
06-09 15:12:59.598 1 1 I init : Command 'symlink /config/usb_gadget/g1/functions/ffs.adb /config/usb_gadget/g1/configs/b.1/f1' action=sys.usb.config=adb && sys.usb.configfs=1 && sys.usb.ffs.ready=1 (/system/etc/init/hw/init.usb.configfs.rc:22) took 0ms and failed: symlink() failed: File exists
06-09 15:12:59.598 1 1 I init : Command 'write /config/usb_gadget/g1/UDC ${sys.usb.controller}' action=sys.usb.config=adb && sys.usb.configfs=1 && sys.usb.ffs.ready=1 (/system/etc/init/hw/init.usb.configfs.rc:23) took 0ms and failed: Unable to write to file '/config/usb_gadget/g1/UDC': Unable to write file contents: Device or resource busy
06-09 15:13:00.675 539 539 I : read descriptors
06-09 15:13:00.676 539 539 I : read strings
06-09 15:13:00.677 1 1 I init : processing action (sys.usb.config=adb && sys.usb.configfs=1 && sys.usb.ffs.ready=1) from (/system/etc/init/hw/init.usb.configfs.rc:20)
06-09 15:13:00.678 1 1 I init : Command 'symlink /config/usb_gadget/g1/functions/ffs.adb /config/usb_gadget/g1/configs/b.1/f1' action=sys.usb.config=adb && sys.usb.configfs=1 && sys.usb.ffs.ready=1 (/system/etc/init/hw/init.usb.configfs.rc:22) took 0ms and failed: symlink() failed: File exists
06-09 15:13:00.679 1 1 I init : Command 'write /config/usb_gadget/g1/UDC ${sys.usb.controller}' action=sys.usb.config=adb && sys.usb.configfs=1 && sys.usb.ffs.ready=1 (/system/etc/init/hw/init.usb.configfs.rc:23) took 0ms and failed: Unable to write to file '/config/usb_gadget/g1/UDC': Unable to write file contents: Device or resource busy
06-09 15:13:01.723 539 539 I : read descriptors
06-09 15:13:01.723 539 539 I : read strings
06-09 15:13:01.725 1 1 I init : processing action (sys.usb.config=adb && sys.usb.configfs=1 && sys.usb.ffs.ready=1) from (/system/etc/init/hw/init.usb.configfs.rc:20)
06-09 15:12:58.335 526 549 D RILU : find_pci_device is 0
06-09 15:12:58.336 526 549 D RILC : PCI can't find at device
06-09 15:12:58.341 526 549 D RILC : USB can't find at device
06-09 15:13:02.766 539 539 I : read descriptors
06-09 15:13:02.766 539 539 I : read strings
06-09 15:13:03.816 539 539 I : read descriptors
06-09 15:13:03.816 539 539 I : read strings
06-09 15:13:03.818 1 1 I init : processing action (sys.usb.config=adb && sys.usb.configfs=1 && sys.usb.ffs.ready=1) from (/system/etc/init/hw/init.usb.configfs.rc:20)
06-09 15:13:03.821 1 1 I init : Command 'symlink /config/usb_gadget/g1/functions/ffs.adb /config/usb_gadget/g1/configs/b.1/f1' action=sys.usb.config=adb && sys.usb.configfs=1 && sys.usb.ffs.ready=1 (/system/etc/init/hw/init.usb.configfs.rc:22) took 0ms and failed: symlink() failed: File exists
06-09 15:13:03.825 1 1 I init : Command 'write /config/usb_gadget/g1/UDC ${sys.usb.controller}' action=sys.usb.config=adb && sys.usb.configfs=1 && sys.usb.ffs.ready=1 (/system/etc/init/hw/init.usb.configfs.rc:23) took 3ms and failed: Unable to write to file '/config/usb_gadget/g1/UDC': Unable to write file contents: Device or resource busy
06-09 15:13:04.869 539 539 I : read descriptors
06-09 15:13:04.869 539 539 I : read strings
06-09 15:13:04.871 1 1 I init : processing action (sys.usb.config=adb && sys.usb.configfs=1 && sys.usb.ffs.ready=1) from (/system/etc/init/hw/init.usb.configfs.rc:20)
06-09 15:13:04.873 1 1 I init : Command 'symlink /config/usb_gadget/g1/functions/ffs.adb /config/usb_gadget/g1/configs/b.1/f1' action=sys.usb.config=adb && sys.usb.configfs=1 && sys.usb.ffs.ready=1 (/system/etc/init/hw/init.usb.configfs.rc:22) took 0ms and failed: symlink() failed: File exists
06-09 15:13:04.874 1 1 I init : Command 'write /config/usb_gadget/g1/UDC ${sys.usb.controller}' action=sys.usb.config=adb && sys.usb.configfs=1 && sys.usb.ffs.ready=1 (/system/etc/init/hw/init.usb.configfs.rc:23) took 0ms and failed: Unable to write to file '/config/usb_gadget/g1/UDC': Unable to write file contents: Device or resource busy
06-09 15:13:01.341 526 549 D RILU : find_pci_device is 0
06-09 15:13:01.341 526 549 D RILC : PCI can't find at device
06-09 15:13:01.343 526 549 D RILC : USB can't find at device
06-09 15:13:05.919 539 539 I : read descriptors
06-09 15:13:05.919 539 539 I : read strings
06-09 15:13:05.921 1 1 I init : processing action (sys.usb.config=adb && sys.usb.configfs=1 && sys.usb.ffs.ready=1) from (/system/etc/init/hw/init.usb.configfs.rc:20)
06-09 15:13:05.925 1 1 I init : Command 'symlink /config/usb_gadget/g1/functions/ffs.adb /config/usb_gadget/g1/configs/b.1/f1' action=sys.usb.config=adb && sys.usb.configfs=1 && sys.usb.ffs.ready=1 (/system/etc/init/hw/init.usb.configfs.rc:22) took 0ms and failed: symlink() failed: File exists
06-09 15:13:05.928 1 1 I init : Command 'write /config/usb_gadget/g1/UDC ${sys.usb.controller}' action=sys.usb.config=adb && sys.usb.configfs=1 && sys.usb.ffs.ready=1 (/system/etc/init/hw/init.usb.configfs.rc:23) took 3ms and failed: Unable to write to file '/config/usb_gadget/g1/UDC': Unable to write file contents: Device or resource busy
06-09 15:13:06.194 1 1 I init : processing action (debug.beidou_entersuspend=*) from (/system/etc/init/hw/init.rc:1286)
06-09 15:13:06.195 1 1 W : debug.beidou_entersuspend $PMTK161,0*28\r\n
06-09 15:13:06.715 439 439 W healthd : battery l=54 v=7592 t=34.5 h=1 st=3 c=-768000 fc=9700000 chg=
06-09 15:13:06.734 444 444 I gsensor_mxc6655 5-0015: set sensor poll time to 200ms
06-09 15:13:03.055 851 851 D RILJ : [0076]> SEND_DEVICE_STATE 2:true [PHONE0]
06-09 15:13:03.058 851 851 D RILJ : [0077]> SET_UNSOLICITED_RESPONSE_FILTER 32 [PHONE0]
06-09 15:13:03.060 851 851 E RILJ : setSignalStrengthReportingCriteria ignored on IRadio version less than 1.2 [PHONE0]
06-09 15:13:03.061 851 851 E RILJ : setSignalStrengthReportingCriteria ignored on IRadio version less than 1.2 [PHONE0]
06-09 15:13:03.061 851 851 E RILJ : setSignalStrengthReportingCriteria ignored on IRadio version less than 1.2 [PHONE0]
06-09 15:13:03.061 851 851 D NetworkTypeController: [0] LegacyState: process EVENT_PHYSICAL_CHANNEL_CONFIG_NOTIF_CHANGED
06-09 15:13:03.062 851 851 D NetworkTypeController: [0] Remove all timers
06-09 15:13:03.062 851 851 D NetworkTypeController: [0] DefaultState: process EVENT_PHYSICAL_CHANNEL_CONFIG_NOTIF_CHANGED
06-09 15:13:03.062 851 851 D NetworkTypeController: [0] mIsPhysicalChannelConfigOn changed to: false
06-09 15:13:03.062 851 851 D NetworkTypeController: [0] Remove all timers
06-09 15:13:03.062 526 526 D RILC : sendDeviceState: calling screen state 0
06-09 15:13:03.062 526 526 D RILC : onRequest: SCREEN_STATE datalen=4 request_value:61
06-09 15:13:03.063 851 1064 D RILJ : [0076]< SEND_DEVICE_STATE [PHONE0]
06-09 15:13:03.063 851 1064 D RILJ : [0077]< SET_UNSOLICITED_RESPONSE_FILTER error 6 [PHONE0]
06-09 15:13:03.063 851 1064 D RilRequest: [0077]< SET_UNSOLICITED_RESPONSE_FILTER error: com.android.internal.telephony.CommandException: REQUEST_NOT_SUPPORTED ret= result=null
06-09 15:13:06.976 539 539 I : read descriptors
06-09 15:13:06.976 539 539 I : read strings
06-09 15:13:07.032 347 347 I rockchip-vop2 fdd90000.vop: [drm:vop2_crtc_atomic_disable] Crtc atomic disable vp2
06-09 15:13:03.376 851 851 D DCT-C-0 : screen off
06-09 15:13:03.376 851 851 D DCT-C-0 : stopNetStatPoll
06-09 15:13:08.026 539 539 I : read descriptors
06-09 15:13:08.026 539 539 I : read strings
06-09 15:13:04.343 526 549 D RILU : find_pci_device is 0
06-09 15:13:04.343 526 549 D RILC : PCI can't find at device
06-09 15:13:04.347 526 549 D RILC : USB can't find at device
06-09 15:13:09.086 539 539 I : read descriptors
06-09 15:13:09.086 539 539 I : read strings
06-09 15:13:09.090 1 1 I init : processing action (sys.usb.config=adb && sys.usb.configfs=1 && sys.usb.ffs.ready=1) from (/system/etc/init/hw/init.usb.configfs.rc:20)
06-09 15:13:09.091 1 1 I init : Command 'symlink /config/usb_gadget/g1/functions/ffs.adb /config/usb_gadget/g1/configs/b.1/f1' action=sys.usb.config=adb && sys.usb.configfs=1 && sys.usb.ffs.ready=1 (/system/etc/init/hw/init.usb.configfs.rc:22) took 0ms and failed: symlink() failed: File exists
06-09 15:13:09.091 1 1 I init : Command 'write /config/usb_gadget/g1/UDC ${sys.usb.controller}' action=sys.usb.config=adb && sys.usb.configfs=1 && sys.usb.ffs.ready=1 (/system/etc/init/hw/init.usb.configfs.rc:23) took 0ms and failed: Unable to write to file '/config/usb_gadget/g1/UDC': Unable to write file contents: Device or resource busy
06-09 15:13:10.153 539 539 I : read descriptors
06-09 15:13:10.153 539 539 I : read strings
06-09 15:13:10.155 1 1 I init : processing action (sys.usb.config=adb && sys.usb.configfs=1 && sys.usb.ffs.ready=1) from (/system/etc/init/hw/init.usb.configfs.rc:20)
06-09 15:13:10.158 1 1 I init : Command 'symlink /config/usb_gadget/g1/functions/ffs.adb /config/usb_gadget/g1/configs/b.1/f1' action=sys.usb.config=adb && sys.usb.configfs=1 && sys.usb.ffs.ready=1 (/system/etc/init/hw/init.usb.configfs.rc:22) took 0ms and failed: symlink() failed: File exists
06-09 15:13:10.160 1 1 I init : Command 'write /config/usb_gadget/g1/UDC ${sys.usb.controller}' action=sys.usb.config=adb && sys.usb.configfs=1 && sys.usb.ffs.ready=1 (/system/etc/init/hw/init.usb.configfs.rc:23) took 1ms and failed: Unable to write to file '/config/usb_gadget/g1/UDC': Unable to write file contents: Device or resource busy
06-09 15:13:07.348 526 549 D RILU : find_pci_device is 0
06-09 15:13:07.348 526 549 D RILC : PCI can't find at device
06-09 15:13:07.353 526 549 D RILC : USB can't find at device
06-09 15:13:11.219 539 539 I : read descriptors
06-09 15:13:11.219 539 539 I : read strings
06-09 15:13:11.220 1 1 I init : processing action (sys.usb.config=adb && sys.usb.configfs=1 && sys.usb.ffs.ready=1) from (/system/etc/init/hw/init.usb.configfs.rc:20)
06-09 15:13:11.221 1 1 I init : Command 'symlink /config/usb_gadget/g1/functions/ffs.adb /config/usb_gadget/g1/configs/b.1/f1' action=sys.usb.config=adb && sys.usb.configfs=1 && sys.usb.ffs.ready=1 (/system/etc/init/hw/init.usb.configfs.rc:22) took 0ms and failed: symlink() failed: File exists
06-09 15:13:11.221 1 1 I init : Command 'write /config/usb_gadget/g1/UDC ${sys.usb.controller}' action=sys.usb.config=adb && sys.usb.configfs=1 && sys.usb.ffs.ready=1 (/system/etc/init/hw/init.usb.configfs.rc:23) took 0ms and failed: Unable to write to file '/config/usb_gadget/g1/UDC': Unable to write file contents: Device or resource busy
06-09 15:13:12.273 539 539 I : read descriptors
06-09 15:13:12.273 539 539 I : read strings
06-09 15:13:12.276 1 1 I init : processing action (sys.usb.config=adb && sys.usb.configfs=1 && sys.usb.ffs.ready=1) from (/system/etc/init/hw/init.usb.configfs.rc:20)
06-09 15:13:13.329 539 539 I : read descriptors
06-09 15:13:13.329 539 539 I : read strings
06-09 15:13:10.354 526 549 D RILU : find_pci_device is 0
06-09 15:13:10.354 526 549 D RILC : PCI can't find at device
06-09 15:13:10.357 526 549 D RILC : USB can't find at device
06-09 15:13:14.406 539 539 I : read descriptors
06-09 15:13:14.406 539 539 I : read strings
06-09 15:13:14.409 1 1 I init : processing action (sys.usb.config=adb && sys.usb.configfs=1 && sys.usb.ffs.ready=1) from (/system/etc/init/hw/init.usb.configfs.rc:20)
