06-09 15:52:10.455 18417 18417 W : abc audioDBG [es8323_mute] start mute:0
06-09 15:52:10.456 1 1 I init : Service 'gps_suspend' (pid 28294) exited with status 0 oneshot service took 0.031000 seconds in background
06-09 15:52:10.456 1 1 I init : Sending signal 9 to service 'gps_suspend' (pid 28294) process group...
06-09 15:52:10.457 1 1 I libprocessgroup: Successfully killed process cgroup uid 0 pid 28294 in 0ms
06-09 15:52:06.744 620 620 D Biometrics/AuthenticationClient: Requesting auth for com.android.systemui
06-09 15:52:10.465 18417 18417 I [Awinic] [3-0058]aw_acf_get_prof_desc_form_name: get prof desc down
06-09 15:52:10.480 18417 18417 I [Awinic] [3-005b]aw_acf_get_prof_desc_form_name: get prof desc down
06-09 15:52:06.805 620 620 V BiometricSchedulerOperation: started: {[576] com.android.server.biometrics.sensors.fingerprint.hidl.FingerprintAuthenticationClient, proto=3, owner=com.android.systemui, cookie=0, requestId=257, userId=0}, State: 2
06-09 15:52:07.127 526 549 D RILU : find_pci_device is 0
06-09 15:52:07.128 526 549 D RILC : PCI can't find at device
06-09 15:52:07.135 526 549 D RILC : USB can't find at device
06-09 15:52:07.171 620 661 I DisplayPowerController[0]: Blocking screen off
06-09 15:52:07.172 620 661 I DisplayPowerController[0]: Unblocked screen off after 0 ms
06-09 15:52:07.204 620 661 D ActivityTaskManager: Top Process State changed to PROCESS_STATE_TOP_SLEEPING
06-09 15:52:10.933 460 460 I gsensor_mxc6655 5-0015: set sensor poll time to 200ms
06-09 15:52:07.220 620 661 V DisplayPowerController[0]: Brightness [0.003937008] reason changing to: 'screen_off', previous reason: 'manual'.
06-09 15:52:07.223 620 640 I DisplayDeviceRepository: Display device changed state: "内置屏幕", OFF
06-09 15:52:07.233 851 851 D RILJ : [0912]> SEND_DEVICE_STATE 2:true [PHONE0]
06-09 15:52:07.234 526 526 D RILC : sendDeviceState: calling screen state 0
06-09 15:52:07.234 526 526 D RILC : onRequest: SCREEN_STATE datalen=4 request_value:61
06-09 15:52:07.234 851 1064 D RILJ : [0912]< SEND_DEVICE_STATE [PHONE0]
06-09 15:52:07.236 851 851 D RILJ : [0913]> SET_UNSOLICITED_RESPONSE_FILTER 32 [PHONE0]
06-09 15:52:07.236 851 1064 D RILJ : [0913]< SET_UNSOLICITED_RESPONSE_FILTER error 6 [PHONE0]
06-09 15:52:07.236 851 1064 D RilRequest: [0913]< SET_UNSOLICITED_RESPONSE_FILTER error: com.android.internal.telephony.CommandException: REQUEST_NOT_SUPPORTED ret= result=null
06-09 15:52:07.238 851 851 E RILJ : setSignalStrengthReportingCriteria ignored on IRadio version less than 1.2 [PHONE0]
06-09 15:52:07.238 851 851 E RILJ : setSignalStrengthReportingCriteria ignored on IRadio version less than 1.2 [PHONE0]
06-09 15:52:07.238 851 851 E RILJ : setSignalStrengthReportingCriteria ignored on IRadio version less than 1.2 [PHONE0]
06-09 15:52:07.238 851 851 D NetworkTypeController: [0] LegacyState: process EVENT_PHYSICAL_CHANNEL_CONFIG_NOTIF_CHANGED
06-09 15:52:07.238 851 851 D NetworkTypeController: [0] Remove all timers
06-09 15:52:07.238 851 851 D NetworkTypeController: [0] DefaultState: process EVENT_PHYSICAL_CHANNEL_CONFIG_NOTIF_CHANGED
06-09 15:52:07.238 851 851 D NetworkTypeController: [0] mIsPhysicalChannelConfigOn changed to: false
06-09 15:52:07.238 851 851 D NetworkTypeController: [0] Remove all timers
06-09 15:52:10.965 439 439 W healthd : battery l=47 v=7544 t=34.0 h=1 st=3 c=-512000 fc=9700000 chg=
06-09 15:52:07.246 777 9335 D PowerUI : maybeShowBatteryWarning...1
06-09 15:52:07.248 777 9335 D PowerUI : maybeShowBatteryWarning...end
06-09 15:52:11.255 347 347 I rockchip-vop2 fdd90000.vop: [drm:vop2_crtc_atomic_disable] Crtc atomic disable vp2
06-09 15:52:11.265 347 347 E rockchip-vop2 fdd90000.vop: [drm:vop2_crtc_atomic_disable] *ERROR* unexpected power on pd7
06-09 15:52:07.552 620 620 D BiometricService: Sensor ID(0), oemStrength: 255, updatedStrength: 255, modality 2, state: 0, cookie: 0, props: ID: 0, Strength: 1, Type: 1, sensorId 0, hasEnrollments: true cannot participate in Keystore operations
06-09 15:52:07.576 851 851 D DCT-C-0 : screen off
06-09 15:52:07.576 851 851 D DCT-C-0 : stopNetStatPoll
06-09 15:52:11.836 544 544 W : abc audioDBG [es8323_mute] start mute:1
06-09 15:52:11.836 544 544 I [Awinic] [3-0058]aw_acf_get_prof_desc_form_name: get prof desc down
06-09 15:52:11.836 544 544 I [Awinic] [3-005b]aw_acf_get_prof_desc_form_name: get prof desc down
06-09 15:52:09.217 620 1328 E TaskPersister: File error accessing recents directory (directory doesn't exist?).
06-09 15:52:10.135 526 549 D RILU : find_pci_device is 0
06-09 15:52:10.136 526 549 D RILC : PCI can't find at device
06-09 15:52:10.139 526 549 D RILC : USB can't find at device
06-09 15:52:10.840 620 714 D LockSettingsService: Removing handle: 6031846818834916562
06-09 15:52:13.139 526 549 D RILU : find_pci_device is 0
06-09 15:52:13.139 526 549 D RILC : PCI can't find at device
06-09 15:52:13.142 526 549 D RILC : USB can't find at device
06-09 15:52:16.143 526 549 D RILU : find_pci_device is 0
06-09 15:52:16.144 526 549 D RILC : PCI can't find at device
06-09 15:52:16.146 526 549 D RILC : USB can't find at device
06-09 15:52:19.147 526 549 D RILU : find_pci_device is 0
06-09 15:52:19.147 526 549 D RILC : PCI can't find at device
06-09 15:52:19.150 526 549 D RILC : USB can't find at device
06-09 15:52:22.151 526 549 D RILU : find_pci_device is 0
06-09 15:52:22.151 526 549 D RILC : PCI can't find at device
06-09 15:52:22.154 526 549 D RILC : USB can't find at device
06-09 15:52:25.155 526 549 D RILU : find_pci_device is 0
06-09 15:52:25.155 526 549 D RILC : PCI can't find at device
06-09 15:52:25.158 526 549 D RILC : USB can't find at device
06-09 15:52:28.159 526 549 D RILU : find_pci_device is 0
06-09 15:52:28.159 526 549 D RILC : PCI can't find at device
06-09 15:52:28.162 526 549 D RILC : USB can't find at device
06-09 15:52:31.163 526 549 D RILU : find_pci_device is 0
06-09 15:52:31.163 526 549 D RILC : PCI can't find at device
06-09 15:52:31.166 526 549 D RILC : USB can't find at device
06-09 15:52:34.167 526 549 D RILU : find_pci_device is 0
06-09 15:52:34.167 526 549 D RILC : PCI can't find at device
06-09 15:52:34.170 526 549 D RILC : USB can't find at device
06-09 15:52:37.170 526 549 D RILU : find_pci_device is 0
06-09 15:52:37.171 526 549 D RILC : PCI can't find at device
06-09 15:52:37.171 526 549 D RILC : USB can't find at device
06-09 15:52:40.172 526 549 D RILU : find_pci_device is 0
06-09 15:52:40.172 526 549 D RILC : PCI can't find at device
06-09 15:52:40.175 526 549 D RILC : USB can't find at device
06-09 15:52:43.176 526 549 D RILU : find_pci_device is 0
06-09 15:52:43.176 526 549 D RILC : PCI can't find at device
06-09 15:52:43.179 526 549 D RILC : USB can't find at device
06-09 15:52:46.180 526 549 D RILU : find_pci_device is 0
06-09 15:52:46.180 526 549 D RILC : PCI can't find at device
06-09 15:52:46.182 526 549 D RILC : USB can't find at device
06-09 15:52:49.182 526 549 D RILU : find_pci_device is 0
06-09 15:52:49.183 526 549 D RILC : PCI can't find at device
06-09 15:52:49.186 526 549 D RILC : USB can't find at device
06-09 15:52:52.186 526 549 D RILU : find_pci_device is 0
06-09 15:52:52.187 526 549 D RILC : PCI can't find at device
06-09 15:52:52.190 526 549 D RILC : USB can't find at device
06-09 15:52:55.190 526 549 D RILU : find_pci_device is 0
06-09 15:52:55.191 526 549 D RILC : PCI can't find at device
06-09 15:52:55.194 526 549 D RILC : USB can't find at device
06-09 15:52:58.195 526 549 D RILU : find_pci_device is 0
06-09 15:52:58.195 526 549 D RILC : PCI can't find at device
06-09 15:52:58.198 526 549 D RILC : USB can't find at device
06-09 15:53:01.199 526 549 D RILU : find_pci_device is 0
06-09 15:53:01.199 526 549 D RILC : PCI can't find at device
06-09 15:53:01.202 526 549 D RILC : USB can't find at device
06-09 15:53:04.203 526 549 D RILU : find_pci_device is 0
06-09 15:53:04.203 526 549 D RILC : PCI can't find at device
06-09 15:53:04.206 526 549 D RILC : USB can't find at device
06-09 15:53:05.933 620 707 I PowerManagerService: Powering on display group fromAsleep (groupId=0, uid=1000, reason=WAKE_REASON_LID, details=android.policy:LID, mShutdownOrRebootingStarted=false)...
06-09 15:53:05.933 620 707 I PowerManagerService: Waking up from Asleep (uid=1000, reason=WAKE_REASON_LID, details=android.policy:LID)...
06-09 15:53:05.937 620 661 I DisplayPowerController[0]: Blocking screen on until initial contents have been drawn.
06-09 15:53:09.664 1 1 I init : processing action (debug.beidou_leavesuspend=*) from (/system/etc/init/hw/init.rc:1293)
06-09 15:53:05.938 620 661 V DisplayPowerController[0]: Brightness [0.39763778] reason changing to: 'manual', previous reason: 'screen_off'.
06-09 15:53:09.666 1 1 W : debug.beidou_leavesuspend wakeup
06-09 15:53:09.687 460 460 I gsensor_mxc6655 5-0015: set sensor poll time to 200ms
06-09 15:53:09.689 460 460 I gsensor_mxc6655 5-0015: sensor on: starting poll sensor data 196ms
06-09 15:53:09.690 439 439 W healthd : battery l=47 v=7582 t=33.5 h=1 st=3 c=0 fc=9700000 chg=
06-09 15:53:05.944 620 640 I DisplayDeviceRepository: Display device changed state: "内置屏幕", ON
06-09 15:53:05.961 851 851 D RILJ : [0914]> SEND_DEVICE_STATE 2:false [PHONE0]
06-09 15:53:05.961 851 851 D RILJ : [0915]> SET_UNSOLICITED_RESPONSE_FILTER 127 [PHONE0]
06-09 15:53:05.962 526 526 D RILC : sendDeviceState: calling screen state 1
06-09 15:53:05.962 526 526 D RILC : onRequest: SCREEN_STATE datalen=4 request_value:61
06-09 15:53:05.962 851 1064 D RILJ : [0914]< SEND_DEVICE_STATE [PHONE0]
06-09 15:53:05.962 851 1064 D RILJ : [0915]< SET_UNSOLICITED_RESPONSE_FILTER error 6 [PHONE0]
06-09 15:53:05.962 851 851 E RILJ : setSignalStrengthReportingCriteria ignored on IRadio version less than 1.2 [PHONE0]
06-09 15:53:05.962 851 1064 D RilRequest: [0915]< SET_UNSOLICITED_RESPONSE_FILTER error: com.android.internal.telephony.CommandException: REQUEST_NOT_SUPPORTED ret= result=null
06-09 15:53:05.962 851 851 E RILJ : setSignalStrengthReportingCriteria ignored on IRadio version less than 1.2 [PHONE0]
06-09 15:53:05.962 851 851 E RILJ : setSignalStrengthReportingCriteria ignored on IRadio version less than 1.2 [PHONE0]
06-09 15:53:05.963 851 851 D NetworkTypeController: [0] LegacyState: process EVENT_PHYSICAL_CHANNEL_CONFIG_NOTIF_CHANGED
06-09 15:53:05.963 851 851 D NetworkTypeController: [0] Remove all timers
06-09 15:53:05.963 851 851 D NetworkTypeController: [0] DefaultState: process EVENT_PHYSICAL_CHANNEL_CONFIG_NOTIF_CHANGED
06-09 15:53:05.963 851 851 D NetworkTypeController: [0] mIsPhysicalChannelConfigOn changed to: true
06-09 15:53:05.992 851 851 D DCT-C-0 : screen on
06-09 15:53:05.992 851 851 D DCT-C-0 : stopNetStatPoll
06-09 15:53:05.994 777 12321 D PowerUI : maybeShowBatteryWarning...1
06-09 15:53:05.995 777 12321 D PowerUI : maybeShowBatteryWarning...end
06-09 15:53:09.736 347 347 I rockchip-vop2 fdd90000.vop: [drm:vop2_crtc_atomic_enable] Update mode to 1536x2048p55, type: 16(if:60) for vp2 dclk: 192000000
06-09 15:53:09.737 347 347 I rockchip-vop2 fdd90000.vop: [drm:vop2_crtc_atomic_enable] dclk_out2 div: 2 dclk_core2 div: 1
06-09 15:53:09.737 347 347 I rockchip-vop2 fdd90000.vop: [drm:vop2_crtc_atomic_enable] set dclk_vop2 to 96000000, get 96000000
06-09 15:53:09.738 460 460 I gsensor_mxc6655 5-0015: set sensor poll time to 66ms
06-09 15:53:06.015 620 661 I DisplayPowerController[0]: Unblocked screen on after 79 ms
06-09 15:53:10.241 347 347 I dw-mipi-dsi2 fde20000.dsi: [drm:dw_mipi_dsi2_encoder_enable] final DSI-Link bandwidth: 639999 x 8 Kbps
06-09 15:53:06.526 620 661 W PowerManagerService: Screen on took 593 ms
06-09 15:53:10.365 357 357 E rockchip-vop2 fdd90000.vop: [drm:vop2_wait_power_domain_off] *ERROR* wait pd7 off timeout power_ctrl: 0x7a
06-09 15:53:07.206 526 549 D RILU : find_pci_device is 0
06-09 15:53:07.207 526 549 D RILC : PCI can't find at device
06-09 15:53:07.209 526 549 D RILC : USB can't find at device
06-09 15:53:08.214 620 27797 D LockSettingsService: spBasedDoVerifyCredential: user=0 hasEnrolledBiometrics=true
06-09 15:53:08.327 620 714 D BiometricDeferredQueue: Fingerprint addPendingLockoutResetForUser: 0
06-09 15:53:08.399 620 27797 I LockSettingsService: Unlocking user 0 with secret only, length 32
06-09 15:53:08.400 620 27797 D LockSettingsService: unlockUser finished
06-09 15:53:08.400 620 27797 W ActivityManager: UserLifecycleEvent 5 received without an active userJourneySession.
06-09 15:53:08.400 620 27797 D LockSettingsService: unlockUser finished
06-09 15:53:08.400 620 27797 I LockSettingsService: Corp-owned device can have escrow token
06-09 15:53:08.400 620 714 D BiometricDeferredQueue: Processing pending resetLockout for fingerprint
06-09 15:53:08.401 620 620 D BiometricScheduler/Fingerprint21: [Added] {[577] com.android.server.biometrics.sensors.fingerprint.hidl.FingerprintResetLockoutClient, proto=12, owner=android, cookie=0, requestId=-1, userId=0}, new queue size: 1
06-09 15:53:08.401 620 620 V BiometricScheduler/Fingerprint21: Not idle, current operation: {[576] com.android.server.biometrics.sensors.fingerprint.hidl.FingerprintAuthenticationClient, proto=3, owner=com.android.systemui, cookie=0, requestId=257, userId=0}, State: 2
06-09 15:53:08.605 777 777 D FingerprintManager: Cancel fingerprint authentication requested for: 257
06-09 15:53:08.606 620 27797 D Fingerprint21: cancelAuthentication, sensorId: 0
06-09 15:53:08.606 620 620 D BiometricScheduler/Fingerprint21: cancelAuthenticationOrDetection, requestId: 257
06-09 15:53:08.606 620 620 D BiometricScheduler/Fingerprint21: Cancelling auth/detect op: {[576] com.android.server.biometrics.sensors.fingerprint.hidl.FingerprintAuthenticationClient, proto=3, owner=com.android.systemui, cookie=0, requestId=257, userId=0}, State: 2
06-09 15:53:08.606 620 620 D BiometricSchedulerOperation: [Cancelling] Current client: {[576] com.android.server.biometrics.sensors.fingerprint.hidl.FingerprintAuthenticationClient, proto=3, owner=com.android.systemui, cookie=0, requestId=257, userId=0}
06-09 15:53:08.607 620 15143 D ActivityTaskManager: Top Process State changed to PROCESS_STATE_TOP
06-09 15:53:08.646 620 620 D Fingerprint21: handleError, client: FingerprintAuthenticationClient, error: 5, vendorCode: 0
06-09 15:53:08.646 620 620 D Biometrics/AcquisitionClient: onErrorInternal code: 5, finish: true
06-09 15:53:08.647 620 620 V Biometrics/LoggableMonitor: Error latency: -1
06-09 15:53:08.647 620 620 W Biometrics/LoggableMonitor: found a negative latency : -1
06-09 15:53:08.648 620 620 D FingerprintService: Client finished, fps state updated to 0, client {[576] com.android.server.biometrics.sensors.fingerprint.hidl.FingerprintAuthenticationClient, proto=3, owner=com.android.systemui, cookie=0, requestId=257, userId=0}
06-09 15:53:08.649 620 620 D BiometricSchedulerOperation: [Finished / destroy]: {[576] com.android.server.biometrics.sensors.fingerprint.hidl.FingerprintAuthenticationClient, proto=3, owner=com.android.systemui, cookie=0, requestId=257, userId=0}
06-09 15:53:08.649 620 620 D BiometricCoexCoordinator: shouldUsuallyVibrate: false, hapticSuppressedByCoex: false
06-09 15:53:08.649 620 620 D BiometricScheduler/Fingerprint21: [Finishing] {[576] com.android.server.biometrics.sensors.fingerprint.hidl.FingerprintAuthenticationClient, proto=3, owner=com.android.systemui, cookie=0, requestId=257, userId=0}, success: false
06-09 15:53:08.650 620 620 D BiometricCoexCoordinator: removeAuthenticationClient(OtherFp), client: {[576] com.android.server.biometrics.sensors.fingerprint.hidl.FingerprintAuthenticationClient, proto=3, owner=com.android.systemui, cookie=0, requestId=257, userId=0}
06-09 15:53:08.650 620 620 D GestureAvailabilityTracker: Notifying gesture availability, active=true
06-09 15:53:08.652 620 620 D BiometricScheduler/Fingerprint21: [Polled] {[577] com.android.server.biometrics.sensors.fingerprint.hidl.FingerprintResetLockoutClient, proto=12, owner=android, cookie=0, requestId=-1, userId=0}, State: 0
06-09 15:53:08.652 620 620 D BiometricScheduler/Fingerprint21: [Started] {[577] com.android.server.biometrics.sensors.fingerprint.hidl.FingerprintResetLockoutClient, proto=12, owner=android, cookie=0, requestId=-1, userId=0}
06-09 15:53:08.654 620 620 D BiometricSchedulerOperation: [Finished / destroy]: {[577] com.android.server.biometrics.sensors.fingerprint.hidl.FingerprintResetLockoutClient, proto=12, owner=android, cookie=0, requestId=-1, userId=0}
06-09 15:53:08.654 620 620 V BiometricSchedulerOperation: started: {[577] com.android.server.biometrics.sensors.fingerprint.hidl.FingerprintResetLockoutClient, proto=12, owner=android, cookie=0, requestId=-1, userId=0}, State: 5
06-09 15:53:08.655 620 620 D BiometricScheduler/Fingerprint21: [Finishing] {[577] com.android.server.biometrics.sensors.fingerprint.hidl.FingerprintResetLockoutClient, proto=12, owner=android, cookie=0, requestId=-1, userId=0}, success: true
06-09 15:53:08.655 620 620 D BiometricScheduler/Fingerprint21: No operations, returning to idle
06-09 15:53:09.209 620 620 D BiometricService: Sensor ID(0), oemStrength: 255, updatedStrength: 255, modality 2, state: 0, cookie: 0, props: ID: 0, Strength: 1, Type: 1, sensorId 0, hasEnrollments: true cannot participate in Keystore operations
06-09 15:53:09.217 620 646 W BroadcastQueue: Background execution not allowed: receiving Intent { act=android.intent.action.USER_PRESENT flg=0x24200010 } to com.eben.wpsoffice/cn.wps.moffice.service.receivers.MonitorServiceReceiver
06-09 15:53:09.217 620 646 W BroadcastQueue: Background execution not allowed: receiving Intent { act=android.intent.action.USER_PRESENT flg=0x24200010 } to com.eben.wpsoffice/com.igexin.sdk.PushReceiver
06-09 15:53:09.218 620 646 W BroadcastQueue: Background execution not allowed: receiving Intent { act=android.intent.action.USER_PRESENT flg=0x24200010 } to com.eben.wpsoffice/io.rong.push.rongpush.PushReceiver
06-09 15:53:12.944 18417 18417 W : abc audioDBG [es8323_mute] start mute:0
06-09 15:53:12.954 18417 18417 I [Awinic] [3-0058]aw_acf_get_prof_desc_form_name: get prof desc down
06-09 15:53:12.968 18417 18417 I [Awinic] [3-005b]aw_acf_get_prof_desc_form_name: get prof desc down
06-09 15:53:10.210 526 549 D RILU : find_pci_device is 0
06-09 15:53:10.210 526 549 D RILC : PCI can't find at device
06-09 15:53:10.214 526 549 D RILC : USB can't find at device
06-09 15:53:14.289 427 427 W : abc audioDBG [es8323_mute] start mute:1
06-09 15:53:14.289 427 427 I [Awinic] [3-0058]aw_acf_get_prof_desc_form_name: get prof desc down
06-09 15:53:14.290 427 427 I [Awinic] [3-005b]aw_acf_get_prof_desc_form_name: get prof desc down
06-09 15:53:13.214 526 549 D RILU : find_pci_device is 0
06-09 15:53:13.215 526 549 D RILC : PCI can't find at device
06-09 15:53:13.218 526 549 D RILC : USB can't find at device
06-09 15:53:16.218 526 549 D RILU : find_pci_device is 0
06-09 15:53:16.219 526 549 D RILC : PCI can't find at device
06-09 15:53:16.222 526 549 D RILC : USB can't find at device
06-09 15:53:19.222 526 549 D RILU : find_pci_device is 0
06-09 15:53:19.222 526 549 D RILC : PCI can't find at device
06-09 15:53:19.223 526 549 D RILC : USB can't find at device
06-09 15:53:22.224 526 549 D RILU : find_pci_device is 0
06-09 15:53:22.224 526 549 D RILC : PCI can't find at device
06-09 15:53:22.227 526 549 D RILC : USB can't find at device
06-09 15:53:25.228 526 549 D RILU : find_pci_device is 0
06-09 15:53:25.228 526 549 D RILC : PCI can't find at device
06-09 15:53:25.231 526 549 D RILC : USB can't find at device
06-09 15:53:28.232 526 549 D RILU : find_pci_device is 0
06-09 15:53:28.232 526 549 D RILC : PCI can't find at device
06-09 15:53:28.235 526 549 D RILC : USB can't find at device
06-09 15:53:31.235 526 549 D RILU : find_pci_device is 0
06-09 15:53:31.236 526 549 D RILC : PCI can't find at device
06-09 15:53:31.239 526 549 D RILC : USB can't find at device
06-09 15:53:34.239 526 549 D RILU : find_pci_device is 0
06-09 15:53:34.240 526 549 D RILC : PCI can't find at device
06-09 15:53:34.243 526 549 D RILC : USB can't find at device
06-09 15:53:37.243 526 549 D RILU : find_pci_device is 0
06-09 15:53:37.243 526 549 D RILC : PCI can't find at device
06-09 15:53:37.246 526 549 D RILC : USB can't find at device
06-09 15:53:40.247 526 549 D RILU : find_pci_device is 0
06-09 15:53:40.247 526 549 D RILC : PCI can't find at device
06-09 15:53:40.250 526 549 D RILC : USB can't find at device
06-09 15:53:43.251 526 549 D RILU : find_pci_device is 0
06-09 15:53:43.251 526 549 D RILC : PCI can't find at device
06-09 15:53:43.254 526 549 D RILC : USB can't find at device
06-09 15:53:46.255 526 549 D RILU : find_pci_device is 0
06-09 15:53:46.255 526 549 D RILC : PCI can't find at device
06-09 15:53:46.258 526 549 D RILC : USB can't find at device
06-09 15:53:49.259 526 549 D RILU : find_pci_device is 0
06-09 15:53:49.259 526 549 D RILC : PCI can't find at device
06-09 15:53:49.262 526 549 D RILC : USB can't find at device
06-09 15:53:52.262 526 549 D RILU : find_pci_device is 0
06-09 15:53:52.263 526 549 D RILC : PCI can't find at device
06-09 15:53:52.263 526 549 D RILC : USB can't find at device
06-09 15:53:55.264 526 549 D RILU : find_pci_device is 0
06-09 15:53:55.264 526 549 D RILC : PCI can't find at device
06-09 15:53:55.267 526 549 D RILC : USB can't find at device
06-09 15:53:58.268 526 549 D RILU : find_pci_device is 0
06-09 15:53:58.268 526 549 D RILC : PCI can't find at device
06-09 15:53:58.271 526 549 D RILC : USB can't find at device
06-09 15:54:01.272 526 549 D RILU : find_pci_device is 0
06-09 15:54:01.272 526 549 D RILC : PCI can't find at device
06-09 15:54:01.273 526 549 D RILC : USB can't find at device
06-09 15:54:04.274 526 549 D RILU : find_pci_device is 0
06-09 15:54:04.274 526 549 D RILC : PCI can't find at device
06-09 15:54:04.277 526 549 D RILC : USB can't find at device
06-09 15:54:07.278 526 549 D RILU : find_pci_device is 0
06-09 15:54:07.278 526 549 D RILC : PCI can't find at device
06-09 15:54:07.281 526 549 D RILC : USB can't find at device
06-09 15:54:08.053 620 661 V DisplayPowerController[0]: Brightness [0.05] reason changing to: 'manual [ dim ]', previous reason: 'manual'.
06-09 15:54:10.281 526 549 D RILU : find_pci_device is 0
06-09 15:54:10.282 526 549 D RILC : PCI can't find at device
06-09 15:54:10.285 526 549 D RILC : USB can't find at device
06-09 15:54:13.285 526 549 D RILU : find_pci_device is 0
06-09 15:54:13.285 526 549 D RILC : PCI can't find at device
06-09 15:54:13.289 526 549 D RILC : USB can't find at device
06-09 15:54:18.170 2897 2897 I android_work: did not send uevent (0 0 0000000000000000)
06-09 15:54:18.218 539 539 I : read descriptors
06-09 15:54:18.218 539 539 I : read strings
06-09 15:54:18.219 1 1 I init : processing action (sys.usb.config=adb && sys.usb.configfs=1 && sys.usb.ffs.ready=1) from (/system/etc/init/hw/init.usb.configfs.rc:20)
06-09 15:54:18.221 1 1 I init : Command 'symlink /config/usb_gadget/g1/functions/ffs.adb /config/usb_gadget/g1/configs/b.1/f1' action=sys.usb.config=adb && sys.usb.configfs=1 && sys.usb.ffs.ready=1 (/system/etc/init/hw/init.usb.configfs.rc:22) took 0ms and failed: symlink() failed: File exists
06-09 15:54:18.221 1 1 I init : Command 'write /config/usb_gadget/g1/UDC ${sys.usb.controller}' action=sys.usb.config=adb && sys.usb.configfs=1 && sys.usb.ffs.ready=1 (/system/etc/init/hw/init.usb.configfs.rc:23) took 0ms and failed: Unable to write to file '/config/usb_gadget/g1/UDC': Unable to write file contents: Device or resource busy
06-09 15:54:18.285 10673 10673 I xhci-hcd.8.auto: xHCI Host Controller
06-09 15:54:18.286 10673 10673 I xhci-hcd.8.auto: new USB bus registered, assigned bus number 3
06-09 15:54:18.286 10673 10673 I xhci-hcd.8.auto: hcc params 0x0220fe64 hci version 0x110 quirks 0x0000002002010010
06-09 15:54:18.286 10673 10673 I xhci-hcd.8.auto: irq 108, io mem 0xfc000000
06-09 15:54:18.287 10673 10673 I usb3 : New USB device found, idVendor=1d6b, idProduct=0002, bcdDevice= 5.10
06-09 15:54:18.287 10673 10673 I usb3 : New USB device strings: Mfr=3, Product=2, SerialNumber=1
06-09 15:54:18.287 10673 10673 I usb3 : Product: xHCI Host Controller
06-09 15:54:18.287 10673 10673 I usb3 : Manufacturer: Linux 5.10.66 xhci-hcd
06-09 15:54:18.287 10673 10673 I usb3 : SerialNumber: xhci-hcd.8.auto
06-09 15:54:18.287 10673 10673 I hub 3-0 : 1.0: USB hub found
06-09 15:54:18.287 10673 10673 I hub 3-0 : 1.0: 1 port detected
06-09 15:54:18.288 10673 10673 I xhci-hcd.8.auto: xHCI Host Controller
06-09 15:54:18.288 10673 10673 I xhci-hcd.8.auto: new USB bus registered, assigned bus number 4
06-09 15:54:18.288 10673 10673 I xhci-hcd.8.auto: Host supports USB 3.0 SuperSpeed
06-09 15:54:18.288 10673 10673 I usb4 : We don't know the algorithms for LPM for this host, disabling LPM.
06-09 15:54:18.288 10673 10673 I usb4 : New USB device found, idVendor=1d6b, idProduct=0003, bcdDevice= 5.10
06-09 15:54:18.288 10673 10673 I usb4 : New USB device strings: Mfr=3, Product=2, SerialNumber=1
06-09 15:54:18.288 10673 10673 I usb4 : Product: xHCI Host Controller
06-09 15:54:14.565 620 704 D WiredAccessoryManager: state.contains(CDP=) return
06-09 15:54:18.288 10673 10673 I usb4 : Manufacturer: Linux 5.10.66 xhci-hcd
06-09 15:54:14.565 620 704 D WiredAccessoryManager: state.contains(CDP=) return
06-09 15:54:14.565 620 704 D WiredAccessoryManager: state.contains(CDP=) return
06-09 15:54:14.565 620 704 D WiredAccessoryManager: state.contains(CDP=) return
06-09 15:54:14.565 620 704 D WiredAccessoryManager: state.contains(CDP=) return
06-09 15:54:14.565 620 704 D WiredAccessoryManager: state.contains(CDP=) return
06-09 15:54:14.565 620 704 D WiredAccessoryManager: state.contains(CDP=) return
06-09 15:54:18.288 10673 10673 I usb4 : SerialNumber: xhci-hcd.8.auto
06-09 15:54:18.289 10673 10673 I hub 4-0 : 1.0: USB hub found
06-09 15:54:18.289 10673 10673 I hub 4-0 : 1.0: 1 port detected
06-09 15:54:15.044 620 661 I PowerManagerService: Powering off display group due to timeout (groupId= 0, uid= 1000)...
06-09 15:54:15.046 620 661 I PowerManagerService: Going to sleep due to timeout (uid 1000)...
06-09 15:54:18.771 1 1 I init : processing action (debug.beidou_entersuspend=*) from (/system/etc/init/hw/init.rc:1286)
06-09 15:54:18.771 1 1 W : debug.beidou_entersuspend $PMTK161,0*28\r\n
06-09 15:54:18.772 1 1 I init : starting service 'gps_suspend'...
06-09 15:54:15.066 620 27797 D BiometricUtils: isEncrypted: false isLockdown: false
06-09 15:54:15.066 620 620 D BiometricScheduler/Fingerprint21: [Added] {[578] com.android.server.biometrics.sensors.fingerprint.hidl.FingerprintUpdateActiveUserClient, proto=1, owner=android, cookie=0, requestId=-1, userId=0}, new queue size: 1
06-09 15:54:15.066 620 620 D BiometricScheduler/Fingerprint21: [Polled] {[578] com.android.server.biometrics.sensors.fingerprint.hidl.FingerprintUpdateActiveUserClient, proto=1, owner=android, cookie=0, requestId=-1, userId=0}, State: 0
06-09 15:54:15.066 620 620 D BiometricScheduler/Fingerprint21: [Started] {[578] com.android.server.biometrics.sensors.fingerprint.hidl.FingerprintUpdateActiveUserClient, proto=1, owner=android, cookie=0, requestId=-1, userId=0}
06-09 15:54:15.066 620 620 D FingerprintUpdateActiveUserClient: Already user: com.android.server.biometrics.sensors.fingerprint.hidl.Fingerprint21$$ExternalSyntheticLambda17@7fce7cf, returning
06-09 15:54:15.066 620 620 D BiometricSchedulerOperation: [Finished / destroy]: {[578] com.android.server.biometrics.sensors.fingerprint.hidl.FingerprintUpdateActiveUserClient, proto=1, owner=android, cookie=0, requestId=-1, userId=0}
06-09 15:54:15.066 620 620 V BiometricSchedulerOperation: started: {[578] com.android.server.biometrics.sensors.fingerprint.hidl.FingerprintUpdateActiveUserClient, proto=1, owner=android, cookie=0, requestId=-1, userId=0}, State: 5
06-09 15:54:18.788 1 1 I init : Service 'gps_suspend' (pid 29771) exited with status 0 oneshot service took 0.013000 seconds in background
06-09 15:54:18.788 1 1 I init : Sending signal 9 to service 'gps_suspend' (pid 29771) process group...
06-09 15:54:18.789 1 1 I libprocessgroup: Successfully killed process cgroup uid 0 pid 29771 in 0ms
06-09 15:54:15.067 620 620 D BiometricScheduler/Fingerprint21: [Added] {[579] com.android.server.biometrics.sensors.fingerprint.hidl.FingerprintAuthenticationClient, proto=3, owner=com.android.systemui, cookie=0, requestId=258, userId=0}, new queue size: 1
06-09 15:54:15.067 620 620 V BiometricScheduler/Fingerprint21: Not idle, current operation: {[578] com.android.server.biometrics.sensors.fingerprint.hidl.FingerprintUpdateActiveUserClient, proto=1, owner=android, cookie=0, requestId=-1, userId=0}, State: 5
06-09 15:54:15.067 620 620 D BiometricScheduler/Fingerprint21: [Finishing] {[578] com.android.server.biometrics.sensors.fingerprint.hidl.FingerprintUpdateActiveUserClient, proto=1, owner=android, cookie=0, requestId=-1, userId=0}, success: true
06-09 15:54:15.067 620 620 D BiometricScheduler/Fingerprint21: [Polled] {[579] com.android.server.biometrics.sensors.fingerprint.hidl.FingerprintAuthenticationClient, proto=3, owner=com.android.systemui, cookie=0, requestId=258, userId=0}, State: 0
06-09 15:54:15.067 620 620 D GestureAvailabilityTracker: Notifying gesture availability, active=false
06-09 15:54:15.067 620 620 D BiometricScheduler/Fingerprint21: [Started] {[579] com.android.server.biometrics.sensors.fingerprint.hidl.FingerprintAuthenticationClient, proto=3, owner=com.android.systemui, cookie=0, requestId=258, userId=0}
06-09 15:54:15.068 620 620 D BiometricCoexCoordinator: addAuthenticationClient(OtherFp), client: {[579] com.android.server.biometrics.sensors.fingerprint.hidl.FingerprintAuthenticationClient, proto=3, owner=com.android.systemui, cookie=0, requestId=258, userId=0}
06-09 15:54:15.068 620 620 D FingerprintService: Fps state updated from 0 to 2, client {[579] com.android.server.biometrics.sensors.fingerprint.hidl.FingerprintAuthenticationClient, proto=3, owner=com.android.systemui, cookie=0, requestId=258, userId=0}
06-09 15:54:15.068 620 620 D Biometrics/AuthenticationClient: Requesting auth for com.android.systemui
06-09 15:54:15.089 620 661 V DisplayPowerController[0]: Brightness [0.39763778] reason changing to: 'manual', previous reason: 'manual [ dim ]'.
06-09 15:54:15.111 620 620 V BiometricSchedulerOperation: started: {[579] com.android.server.biometrics.sensors.fingerprint.hidl.FingerprintAuthenticationClient, proto=3, owner=com.android.systemui, cookie=0, requestId=258, userId=0}, State: 2
06-09 15:54:15.538 620 661 I DisplayPowerController[0]: Blocking screen off
06-09 15:54:15.539 620 661 I DisplayPowerController[0]: Unblocked screen off after 0 ms
06-09 15:54:19.193 2897 2897 W : usb_suspend_both will suspend just return ...
06-09 15:54:19.275 539 539 I : read descriptors
06-09 15:54:19.275 539 539 I : read strings
06-09 15:54:19.276 1 1 I init : processing action (sys.usb.config=adb && sys.usb.configfs=1 && sys.usb.ffs.ready=1) from (/system/etc/init/hw/init.usb.configfs.rc:20)
06-09 15:54:19.279 1 1 I init : Command 'symlink /config/usb_gadget/g1/functions/ffs.adb /config/usb_gadget/g1/configs/b.1/f1' action=sys.usb.config=adb && sys.usb.configfs=1 && sys.usb.ffs.ready=1 (/system/etc/init/hw/init.usb.configfs.rc:22) took 0ms and failed: symlink() failed: File exists
06-09 15:54:15.561 620 661 D ActivityTaskManager: Top Process State changed to PROCESS_STATE_TOP_SLEEPING
06-09 15:54:19.288 444 444 I gsensor_mxc6655 5-0015: set sensor poll time to 200ms
06-09 15:54:19.296 439 439 W healthd : battery l=47 v=7510 t=33.5 h=1 st=3 c=-512000 fc=9700000 chg=
06-09 15:54:15.575 620 661 V DisplayPowerController[0]: Brightness [0.003937008] reason changing to: 'screen_off', previous reason: 'manual'.
06-09 15:54:15.579 620 640 I DisplayDeviceRepository: Display device changed state: "内置屏幕", OFF
06-09 15:54:15.586 851 851 D RILJ : [0916]> SEND_DEVICE_STATE 2:true [PHONE0]
06-09 15:54:15.587 526 526 D RILC : sendDeviceState: calling screen state 0
06-09 15:54:15.587 526 526 D RILC : onRequest: SCREEN_STATE datalen=4 request_value:61
06-09 15:54:15.587 851 1064 D RILJ : [0916]< SEND_DEVICE_STATE [PHONE0]
06-09 15:54:15.588 851 851 D RILJ : [0917]> SET_UNSOLICITED_RESPONSE_FILTER 32 [PHONE0]
06-09 15:54:15.588 851 1064 D RILJ : [0917]< SET_UNSOLICITED_RESPONSE_FILTER error 6 [PHONE0]
06-09 15:54:15.588 851 1064 D RilRequest: [0917]< SET_UNSOLICITED_RESPONSE_FILTER error: com.android.internal.telephony.CommandException: REQUEST_NOT_SUPPORTED ret= result=null
06-09 15:54:15.588 851 851 E RILJ : setSignalStrengthReportingCriteria ignored on IRadio version less than 1.2 [PHONE0]
06-09 15:54:15.589 851 851 E RILJ : setSignalStrengthReportingCriteria ignored on IRadio version less than 1.2 [PHONE0]
06-09 15:54:15.589 851 851 E RILJ : setSignalStrengthReportingCriteria ignored on IRadio version less than 1.2 [PHONE0]
06-09 15:54:15.589 851 851 D NetworkTypeController: [0] LegacyState: process EVENT_PHYSICAL_CHANNEL_CONFIG_NOTIF_CHANGED
06-09 15:54:15.589 851 851 D NetworkTypeController: [0] Remove all timers
06-09 15:54:15.589 851 851 D NetworkTypeController: [0] DefaultState: process EVENT_PHYSICAL_CHANNEL_CONFIG_NOTIF_CHANGED
06-09 15:54:15.589 851 851 D NetworkTypeController: [0] mIsPhysicalChannelConfigOn changed to: false
06-09 15:54:15.589 851 851 D NetworkTypeController: [0] Remove all timers
06-09 15:54:15.598 777 4678 D PowerUI : maybeShowBatteryWarning...1
06-09 15:54:15.600 777 4678 D PowerUI : maybeShowBatteryWarning...end
06-09 15:54:19.422 2897 2897 I usb 4-1 : new SuperSpeed Gen 1 USB device number 2 using xhci-hcd
06-09 15:54:19.443 2897 2897 I usb 4-1 : New USB device found, idVendor=0930, idProduct=6545, bcdDevice= 1.10
06-09 15:54:19.443 2897 2897 I usb 4-1 : New USB device strings: Mfr=1, Product=2, SerialNumber=3
06-09 15:54:19.443 2897 2897 I usb 4-1 : Product: TransMemory
06-09 15:54:19.443 2897 2897 I usb 4-1 : Manufacturer: TOSHIBA
06-09 15:54:19.443 2897 2897 I usb 4-1 : SerialNumber: C03FD5F7713EE39193134087
06-09 15:54:19.455 2897 2897 I usb-storage 4-1: 1.0: USB Mass Storage device detected
06-09 15:54:19.460 2897 2897 I scsi host0: usb-storage 4-1:1.0
06-09 15:54:15.739 620 776 I PowerManagerService: Powering on display group fromDozing (groupId=0, uid=1000, reason=WAKE_REASON_USBDEV_ADDED, details=android.server.usb: device added, mShutdownOrRebootingStarted=false)...
06-09 15:54:15.739 620 776 I PowerManagerService: Waking up from Dozing (uid=1000, reason=WAKE_REASON_USBDEV_ADDED, details=android.server.usb: device added)...
06-09 15:54:15.743 620 661 I DisplayPowerController[0]: Blocking screen on until initial contents have been drawn.
06-09 15:54:15.744 620 661 D ActivityTaskManager: Top Process State changed to PROCESS_STATE_TOP
06-09 15:54:15.746 620 776 D UsbHostManager: USB device attached: vidpid 0930:6545 mfg/product/ver/serial TOSHIBA/TransMemory/1.10/C03FD5F7713EE39193134087 hasAudio/HID/Storage: false/false/true
06-09 15:54:15.749 620 776 D UsbHostManager: Added device UsbDevice[mName=/dev/bus/usb/004/002,mVendorId=2352,mProductId=25925,mClass=0,mSubclass=0,mProtocol=0,mManufacturerName=TOSHIBA,mProductName=TransMemory,mVersion=1.10,mSerialNumberReader=com.android.server.usb.UsbSerialReader@9b68d92, mHasAudioPlayback=false, mHasAudioCapture=false, mHasMidi=false, mHasVideoCapture=false, mHasVideoPlayback=false, mConfigurations=[
06-09 15:54:15.749 620 776 D UsbHostManager: UsbConfiguration[mId=1,mName=null,mAttributes=128,mMaxPower=63,mInterfaces=[
06-09 15:54:15.749 620 776 D UsbHostManager: UsbInterface[mId=0,mAlternateSetting=0,mName=null,mClass=8,mSubclass=6,mProtocol=80,mEndpoints=[
06-09 15:54:15.749 620 776 D UsbHostManager: UsbEndpoint[mAddress=129,mAttributes=2,mMaxPacketSize=1024,mInterval=0]
06-09 15:54:15.749 620 776 D UsbHostManager: UsbEndpoint[mAddress=2,mAttributes=2,mMaxPacketSize=1024,mInterval=0]]]]
06-09 15:54:15.755 620 661 V DisplayPowerController[0]: Brightness [0.39763778] reason changing to: 'manual', previous reason: 'screen_off'.
06-09 15:54:15.776 620 661 I DisplayPowerController[0]: Unblocked screen on after 32 ms
06-09 15:54:19.481 1 1 W : debug.beidou_leavesuspend wakeup
06-09 15:54:19.503 444 444 I gsensor_mxc6655 5-0015: set sensor poll time to 66ms
06-09 15:54:19.510 460 460 I gsensor_mxc6655 5-0015: set sensor poll time to 66ms
06-09 15:54:19.515 439 439 W healthd : battery l=47 v=7510 t=33.5 h=1 st=3 c=-512000 fc=9700000 chg=
06-09 15:54:15.794 777 777 D FingerprintManager: Cancel fingerprint authentication requested for: 258
06-09 15:54:15.794 620 15143 D Fingerprint21: cancelAuthentication, sensorId: 0
06-09 15:54:15.795 620 620 D BiometricScheduler/Fingerprint21: cancelAuthenticationOrDetection, requestId: 258
06-09 15:54:15.795 620 620 D BiometricScheduler/Fingerprint21: Cancelling auth/detect op: {[579] com.android.server.biometrics.sensors.fingerprint.hidl.FingerprintAuthenticationClient, proto=3, owner=com.android.systemui, cookie=0, requestId=258, userId=0}, State: 2
06-09 15:54:15.795 620 620 D BiometricSchedulerOperation: [Cancelling] Current client: {[579] com.android.server.biometrics.sensors.fingerprint.hidl.FingerprintAuthenticationClient, proto=3, owner=com.android.systemui, cookie=0, requestId=258, userId=0}
06-09 15:54:15.829 620 620 D Fingerprint21: handleError, client: FingerprintAuthenticationClient, error: 5, vendorCode: 0
06-09 15:54:15.829 620 620 D Biometrics/AcquisitionClient: onErrorInternal code: 5, finish: true
06-09 15:54:15.829 620 620 V Biometrics/LoggableMonitor: Error latency: -1
06-09 15:54:15.829 620 620 W Biometrics/LoggableMonitor: found a negative latency : -1
06-09 15:54:15.830 620 620 D FingerprintService: Client finished, fps state updated to 0, client {[579] com.android.server.biometrics.sensors.fingerprint.hidl.FingerprintAuthenticationClient, proto=3, owner=com.android.systemui, cookie=0, requestId=258, userId=0}
06-09 15:54:15.830 620 620 D BiometricSchedulerOperation: [Finished / destroy]: {[579] com.android.server.biometrics.sensors.fingerprint.hidl.FingerprintAuthenticationClient, proto=3, owner=com.android.systemui, cookie=0, requestId=258, userId=0}
06-09 15:54:15.830 620 620 D BiometricCoexCoordinator: shouldUsuallyVibrate: false, hapticSuppressedByCoex: false
06-09 15:54:15.833 620 620 D BiometricScheduler/Fingerprint21: [Finishing] {[579] com.android.server.biometrics.sensors.fingerprint.hidl.FingerprintAuthenticationClient, proto=3, owner=com.android.systemui, cookie=0, requestId=258, userId=0}, success: false
06-09 15:54:15.833 620 620 D BiometricCoexCoordinator: removeAuthenticationClient(OtherFp), client: {[579] com.android.server.biometrics.sensors.fingerprint.hidl.FingerprintAuthenticationClient, proto=3, owner=com.android.systemui, cookie=0, requestId=258, userId=0}
06-09 15:54:15.833 620 620 D GestureAvailabilityTracker: Notifying gesture availability, active=true
06-09 15:54:15.833 620 620 D BiometricScheduler/Fingerprint21: No operations, returning to idle
06-09 15:54:15.846 851 851 D DCT-C-0 : screen off
06-09 15:54:15.846 851 851 D DCT-C-0 : stopNetStatPoll
06-09 15:54:19.611 347 347 I rockchip-vop2 fdd90000.vop: [drm:vop2_crtc_atomic_disable] Crtc atomic disable vp2
06-09 15:54:19.620 347 347 E rockchip-vop2 fdd90000.vop: [drm:vop2_crtc_atomic_disable] *ERROR* unexpected power on pd7
06-09 15:54:15.902 620 640 I DisplayDeviceRepository: Display device changed state: "内置屏幕", ON
06-09 15:54:15.918 851 851 D RILJ : [0918]> SEND_DEVICE_STATE 2:false [PHONE0]
06-09 15:54:15.918 526 526 D RILC : sendDeviceState: calling screen state 1
06-09 15:54:15.918 526 526 D RILC : onRequest: SCREEN_STATE datalen=4 request_value:61
06-09 15:54:15.919 851 1064 D RILJ : [0918]< SEND_DEVICE_STATE [PHONE0]
06-09 15:54:15.919 851 851 D RILJ : [0919]> SET_UNSOLICITED_RESPONSE_FILTER 127 [PHONE0]
06-09 15:54:15.920 851 1064 D RILJ : [0919]< SET_UNSOLICITED_RESPONSE_FILTER error 6 [PHONE0]
06-09 15:54:15.920 851 1064 D RilRequest: [0919]< SET_UNSOLICITED_RESPONSE_FILTER error: com.android.internal.telephony.CommandException: REQUEST_NOT_SUPPORTED ret= result=null
06-09 15:54:15.921 851 851 E RILJ : setSignalStrengthReportingCriteria ignored on IRadio version less than 1.2 [PHONE0]
06-09 15:54:15.921 851 851 E RILJ : setSignalStrengthReportingCriteria ignored on IRadio version less than 1.2 [PHONE0]
06-09 15:54:15.921 851 851 E RILJ : setSignalStrengthReportingCriteria ignored on IRadio version less than 1.2 [PHONE0]
06-09 15:54:15.921 851 851 D DCT-C-0 : screen on
06-09 15:54:15.921 851 851 D DCT-C-0 : stopNetStatPoll
06-09 15:54:15.922 851 851 D NetworkTypeController: [0] LegacyState: process EVENT_PHYSICAL_CHANNEL_CONFIG_NOTIF_CHANGED
06-09 15:54:15.922 851 851 D NetworkTypeController: [0] Remove all timers
06-09 15:54:15.922 851 851 D NetworkTypeController: [0] DefaultState: process EVENT_PHYSICAL_CHANNEL_CONFIG_NOTIF_CHANGED
06-09 15:54:15.922 851 851 D NetworkTypeController: [0] mIsPhysicalChannelConfigOn changed to: true
06-09 15:54:19.703 347 347 I rockchip-vop2 fdd90000.vop: [drm:vop2_crtc_atomic_enable] Update mode to 1536x2048p55, type: 16(if:60) for vp2 dclk: 192000000
06-09 15:54:19.704 347 347 I rockchip-vop2 fdd90000.vop: [drm:vop2_crtc_atomic_enable] dclk_out2 div: 2 dclk_core2 div: 1
06-09 15:54:19.704 347 347 I rockchip-vop2 fdd90000.vop: [drm:vop2_crtc_atomic_enable] set dclk_vop2 to 96000000, get 96000000
06-09 15:54:16.289 526 549 D RILU : find_pci_device is 0
06-09 15:54:16.290 526 549 D RILC : PCI can't find at device
06-09 15:54:16.296 526 549 D RILC : USB can't find at device
06-09 15:54:20.211 347 347 I dw-mipi-dsi2 fde20000.dsi: [drm:dw_mipi_dsi2_encoder_enable] final DSI-Link bandwidth: 639999 x 8 Kbps
06-09 15:54:16.495 620 661 W PowerManagerService: Screen on took 756 ms
06-09 15:54:20.294 357 357 E rockchip-vop2 fdd90000.vop: [drm:vop2_wait_power_domain_off] *ERROR* wait pd7 off timeout power_ctrl: 0x7f
06-09 15:54:20.382 539 539 I : read descriptors
06-09 15:54:20.382 539 539 I : read strings
06-09 15:54:20.479 14854 14854 I scsi 0 : 0:0:0: Direct-Access TOSHIBA TransMemory PMAP PQ: 0 ANSI: 6
06-09 15:54:20.481 9704 9704 I sd 0 : 0:0:0: [sda] 60493824 512-byte logical blocks: (31.0 GB/28.8 GiB)
06-09 15:54:20.481 9704 9704 I sd 0 : 0:0:0: [sda] Write Protect is off
06-09 15:54:20.481 9704 9704 D sd 0 : 0:0:0: [sda] Mode Sense: 45 00 00 00
06-09 15:54:20.481 9704 9704 I sd 0 : 0:0:0: [sda] Write cache: disabled, read cache: enabled, doesn't support DPO or FUA
06-09 15:54:20.485 14854 14854 I sd 0 : 0:0:0: Attached scsi generic sg0 type 0
06-09 15:54:21.426 539 539 I : read descriptors
06-09 15:54:21.426 539 539 I : read strings
06-09 15:54:18.667 286 315 D vold : /system/bin/sgdisk
06-09 15:54:22.386 9704 9704 I sda : sda1
06-09 15:54:18.668 286 315 D vold : --android-dump
06-09 15:54:18.668 286 315 D vold : /dev/block/vold/disk:8,0
06-09 15:54:22.393 9704 9704 I sd 0 : 0:0:0: [sda] Attached SCSI removable disk
06-09 15:54:18.693 286 315 D vold : DISK mbr
06-09 15:54:18.693 286 315 D vold : PART 1 c
06-09 15:54:18.696 620 712 I StorageManagerService: Mounting volume VolumeInfo{public:8,1}:
06-09 15:54:18.696 620 712 I StorageManagerService: type=PUBLIC diskId=disk:8,0 partGuid= mountFlags=VISIBLE mountUserId=0
06-09 15:54:18.696 620 712 I StorageManagerService: state=UNMOUNTED
06-09 15:54:18.696 620 712 I StorageManagerService: fsType=null fsUuid=null fsLabel=null
06-09 15:54:18.696 620 712 I StorageManagerService: path=null internalPath=null
06-09 15:54:18.696 286 409 D vold : /system/bin/blkid
06-09 15:54:18.696 286 409 D vold : -c
06-09 15:54:18.696 286 409 D vold : /dev/null
06-09 15:54:18.696 286 409 D vold : -s
06-09 15:54:18.696 286 409 D vold : TYPE
06-09 15:54:18.696 286 409 D vold : -s
06-09 15:54:18.696 286 409 D vold : UUID
06-09 15:54:18.696 286 409 D vold : -s
06-09 15:54:18.696 286 409 D vold : LABEL
06-09 15:54:18.696 286 409 D vold : /dev/block/vold/public:8,1
06-09 15:54:18.723 286 409 D vold : iconv begin inbuf = UsbStorage, inlen = 10, outbuf = UsbStorage, dlen = 128
06-09 15:54:18.723 286 409 D vold : iconv end ret = 0, inbuf = , inlen = 0, outbuf = , dlen = 118
06-09 15:54:18.723 286 409 D vold : /dev/block/vold/public:8,1: LABEL="UsbStorage" UUID="47A8-1313" TYPE="vfat"
06-09 15:54:18.727 286 409 D vold : /system/bin/fsck_msdos
06-09 15:54:18.727 286 409 D vold : -p
06-09 15:54:18.727 286 409 D vold : -f
06-09 15:54:18.727 286 409 D vold : -y
06-09 15:54:18.727 286 409 D vold : /dev/block/vold/public:8,1
06-09 15:54:22.485 539 539 I : read descriptors
06-09 15:54:22.485 539 539 I : read strings
06-09 15:54:19.297 526 549 D RILU : find_pci_device is 0
06-09 15:54:19.297 526 549 D RILC : PCI can't find at device
06-09 15:54:19.303 526 549 D RILC : USB can't find at device
06-09 15:54:23.542 539 539 I : read descriptors
06-09 15:54:23.542 539 539 I : read strings
06-09 15:54:23.544 1 1 I init : processing action (sys.usb.config=adb && sys.usb.configfs=1 && sys.usb.ffs.ready=1) from (/system/etc/init/hw/init.usb.configfs.rc:20)
06-09 15:54:23.547 1 1 I init : Command 'symlink /config/usb_gadget/g1/functions/ffs.adb /config/usb_gadget/g1/configs/b.1/f1' action=sys.usb.config=adb && sys.usb.configfs=1 && sys.usb.ffs.ready=1 (/system/etc/init/hw/init.usb.configfs.rc:22) took 0ms and failed: symlink() failed: File exists
06-09 15:54:23.548 1 1 I init : Command 'write /config/usb_gadget/g1/UDC ${sys.usb.controller}' action=sys.usb.config=adb && sys.usb.configfs=1 && sys.usb.ffs.ready=1 (/system/etc/init/hw/init.usb.configfs.rc:23) took 0ms and failed: Unable to write to file '/config/usb_gadget/g1/UDC': Unable to write file contents: Device or resource busy
06-09 15:54:24.602 539 539 I : read descriptors
06-09 15:54:24.602 539 539 I : read strings
06-09 15:54:24.604 1 1 I init : processing action (sys.usb.config=adb && sys.usb.configfs=1 && sys.usb.ffs.ready=1) from (/system/etc/init/hw/init.usb.configfs.rc:20)
06-09 15:54:24.607 1 1 I init : Command 'symlink /config/usb_gadget/g1/functions/ffs.adb /config/usb_gadget/g1/configs/b.1/f1' action=sys.usb.config=adb && sys.usb.configfs=1 && sys.usb.ffs.ready=1 (/system/etc/init/hw/init.usb.configfs.rc:22) took 0ms and failed: symlink() failed: File exists
06-09 15:54:24.607 1 1 I init : Command 'write /config/usb_gadget/g1/UDC ${sys.usb.controller}' action=sys.usb.config=adb && sys.usb.configfs=1 && sys.usb.ffs.ready=1 (/system/etc/init/hw/init.usb.configfs.rc:23) took 0ms and failed: Unable to write to file '/config/usb_gadget/g1/UDC': Unable to write file contents: Device or resource busy
06-09 15:54:25.658 539 539 I : read descriptors
06-09 15:54:25.658 539 539 I : read strings
06-09 15:54:25.660 1 1 I init : processing action (sys.usb.config=adb && sys.usb.configfs=1 && sys.usb.ffs.ready=1) from (/system/etc/init/hw/init.usb.configfs.rc:20)
06-09 15:54:25.662 1 1 I init : Command 'symlink /config/usb_gadget/g1/functions/ffs.adb /config/usb_gadget/g1/configs/b.1/f1' action=sys.usb.config=adb && sys.usb.configfs=1 && sys.usb.ffs.ready=1 (/system/etc/init/hw/init.usb.configfs.rc:22) took 0ms and failed: symlink() failed: File exists
06-09 15:54:25.669 1 1 I init : Command 'write /config/usb_gadget/g1/UDC ${sys.usb.controller}' action=sys.usb.config=adb && sys.usb.configfs=1 && sys.usb.ffs.ready=1 (/system/etc/init/hw/init.usb.configfs.rc:23) took 2ms and failed: Unable to write to file '/config/usb_gadget/g1/UDC': Unable to write file contents: Device or resource busy
06-09 15:54:22.304 526 549 D RILU : find_pci_device is 0
06-09 15:54:22.304 526 549 D RILC : PCI can't find at device
06-09 15:54:22.310 526 549 D RILC : USB can't find at device
06-09 15:54:22.417 286 409 D vold : /dev/block/vold/public:8,1: Lost cluster chain at cluster 3483
06-09 15:54:22.417 286 409 D vold : 1 Cluster(s) lost
06-09 15:54:22.417 286 409 D vold : FIXED
06-09 15:54:22.417 286 409 D vold : /dev/block/vold/public:8,1: Lost cluster chain at cluster 3484
06-09 15:54:22.417 286 409 D vold : 1 Cluster(s) lost
06-09 15:54:22.417 286 409 D vold : FIXED
06-09 15:54:22.417 286 409 D vold : /dev/block/vold/public:8,1: Lost cluster chain at cluster 3485
06-09 15:54:22.417 286 409 D vold : 1 Cluster(s) lost
06-09 15:54:22.418 286 409 D vold : FIXED
06-09 15:54:22.418 286 409 D vold : /dev/block/vold/public:8,1: Free space in FSInfo block (287474) not correct (273505)
06-09 15:54:22.418 286 409 D vold : FIXED
06-09 15:54:22.418 286 409 D vold : /dev/block/vold/public:8,1: 1215 files, 8752160 KiB free (273505 clusters)
06-09 15:54:22.418 286 409 D vold : /dev/block/vold/public:8,1:
06-09 15:54:22.418 286 409 D vold : ***** FILE SYSTEM WAS MODIFIED *****
06-09 15:54:22.423 286 409 E vold : Process exited with code: 4
06-09 15:54:22.424 286 409 W vold : Filesystem modified - rechecking (pass 2)
06-09 15:54:22.434 286 409 I vold : Mounting public fuse volume
06-09 15:54:26.154 409 409 W FAT-fs (sda1): Volume was not properly unmounted. Some data may be corrupt. Please run fsck.
06-09 15:54:22.445 286 409 I vold : Bind mounting /mnt/media_rw/47A8-1313 to /mnt/pass_through/0/47A8-1313
06-09 15:54:22.447 620 712 I StorageSessionController: On volume mount VolumeInfo{public:8,1}:
06-09 15:54:22.447 620 712 I StorageSessionController: type=PUBLIC diskId=disk:8,0 partGuid= mountFlags=VISIBLE mountUserId=0
06-09 15:54:22.447 620 712 I StorageSessionController: state=CHECKING
06-09 15:54:22.447 620 712 I StorageSessionController: fsType=vfat fsUuid=47A8-1313 fsLabel=UsbStorage
06-09 15:54:22.447 620 712 I StorageSessionController: path=/storage/47A8-1313 internalPath=/mnt/media_rw/47A8-1313
06-09 15:54:22.448 620 712 I StorageSessionController: Creating and starting session with id: public:8,1
06-09 15:54:26.709 539 539 I : read descriptors
06-09 15:54:26.709 539 539 I : read strings
06-09 15:54:26.711 1 1 I init : processing action (sys.usb.config=adb && sys.usb.configfs=1 && sys.usb.ffs.ready=1) from (/system/etc/init/hw/init.usb.configfs.rc:20)
06-09 15:54:23.453 286 409 I vold : Configuring read_ahead of /mnt/user/0/47A8-1313 fuse filesystem to 256kb
