06-09 15:31:02.820 439 439 W healthd : battery l=52 v=7608 t=34.0 h=1 st=3 c=-256000 fc=9700000 chg=
06-09 15:30:59.099 851 851 D RILJ : [0301]> SEND_DEVICE_STATE 2:false [PHONE0]
06-09 15:30:59.099 526 526 D RILC : sendDeviceState: calling screen state 1
06-09 15:30:59.099 526 526 D RILC : onRequest: SCREEN_STATE datalen=4 request_value:61
06-09 15:30:59.100 851 1064 D RILJ : [0301]< SEND_DEVICE_STATE [PHONE0]
06-09 15:30:59.104 851 851 D RILJ : [0302]> SET_UNSOLICITED_RESPONSE_FILTER 127 [PHONE0]
06-09 15:30:59.105 851 1064 D RILJ : [0302]< SET_UNSOLICITED_RESPONSE_FILTER error 6 [PHONE0]
06-09 15:30:59.105 851 1064 D RilRequest: [0302]< SET_UNSOLICITED_RESPONSE_FILTER error: com.android.internal.telephony.CommandException: REQUEST_NOT_SUPPORTED ret= result=null
06-09 15:30:59.106 851 851 E RILJ : setSignalStrengthReportingCriteria ignored on IRadio version less than 1.2 [PHONE0]
06-09 15:30:59.106 851 851 E RILJ : setSignalStrengthReportingCriteria ignored on IRadio version less than 1.2 [PHONE0]
06-09 15:30:59.106 851 851 E RILJ : setSignalStrengthReportingCriteria ignored on IRadio version less than 1.2 [PHONE0]
06-09 15:30:59.106 851 851 D NetworkTypeController: [0] LegacyState: process EVENT_PHYSICAL_CHANNEL_CONFIG_NOTIF_CHANGED
06-09 15:30:59.106 851 851 D NetworkTypeController: [0] Remove all timers
06-09 15:30:59.106 851 851 D NetworkTypeController: [0] DefaultState: process EVENT_PHYSICAL_CHANNEL_CONFIG_NOTIF_CHANGED
06-09 15:30:59.106 851 851 D NetworkTypeController: [0] mIsPhysicalChannelConfigOn changed to: true
06-09 15:30:59.118 851 851 D DCT-C-0 : screen on
06-09 15:30:59.118 851 851 D DCT-C-0 : stopNetStatPoll
06-09 15:31:02.866 347 347 I rockchip-vop2 fdd90000.vop: [drm:vop2_crtc_atomic_enable] Update mode to 1536x2048p55, type: 16(if:60) for vp2 dclk: 192000000
06-09 15:31:02.867 347 347 I rockchip-vop2 fdd90000.vop: [drm:vop2_crtc_atomic_enable] dclk_out2 div: 2 dclk_core2 div: 1
06-09 15:31:02.867 347 347 I rockchip-vop2 fdd90000.vop: [drm:vop2_crtc_atomic_enable] set dclk_vop2 to 96000000, get 96000000
06-09 15:31:02.926 460 460 I gsensor_mxc6655 5-0015: set sensor poll time to 66ms
06-09 15:30:59.636 526 549 D RILU : find_pci_device is 0
06-09 15:30:59.636 526 549 D RILC : PCI can't find at device
06-09 15:30:59.639 526 549 D RILC : USB can't find at device
06-09 15:31:03.372 347 347 I dw-mipi-dsi2 fde20000.dsi: [drm:dw_mipi_dsi2_encoder_enable] final DSI-Link bandwidth: 639999 x 8 Kbps
06-09 15:31:03.768 357 357 E rockchip-vop2 fdd90000.vop: [drm:vop2_wait_power_domain_off] *ERROR* wait pd7 off timeout power_ctrl: 0x7a
06-09 15:31:04.347 1 1 I init : processing action (debug.beidou_entersuspend=*) from (/system/etc/init/hw/init.rc:1286)
06-09 15:31:04.348 1 1 W : debug.beidou_entersuspend $PMTK161,0*28\r\n
06-09 15:31:04.349 1 1 I init : starting service 'gps_suspend'...
06-09 15:31:04.377 1 1 I init : Service 'gps_suspend' (pid 11149) exited with status 0 oneshot service took 0.022000 seconds in background
06-09 15:31:04.377 1 1 I init : Sending signal 9 to service 'gps_suspend' (pid 11149) process group...
06-09 15:31:04.378 1 1 I libprocessgroup: Successfully killed process cgroup uid 0 pid 11149 in 0ms
06-09 15:31:04.847 460 460 I gsensor_mxc6655 5-0015: set sensor poll time to 200ms
06-09 15:31:04.853 439 439 W healthd : battery l=52 v=7608 t=34.0 h=1 st=3 c=-512000 fc=9700000 chg=
06-09 15:31:01.144 851 851 D RILJ : [0303]> SEND_DEVICE_STATE 2:true [PHONE0]
06-09 15:31:01.144 526 526 D RILC : sendDeviceState: calling screen state 0
06-09 15:31:01.144 526 526 D RILC : onRequest: SCREEN_STATE datalen=4 request_value:61
06-09 15:31:01.144 851 851 D RILJ : [0304]> SET_UNSOLICITED_RESPONSE_FILTER 32 [PHONE0]
06-09 15:31:01.144 851 1064 D RILJ : [0303]< SEND_DEVICE_STATE [PHONE0]
06-09 15:31:01.145 851 1064 D RILJ : [0304]< SET_UNSOLICITED_RESPONSE_FILTER error 6 [PHONE0]
06-09 15:31:01.145 851 851 E RILJ : setSignalStrengthReportingCriteria ignored on IRadio version less than 1.2 [PHONE0]
06-09 15:31:01.145 851 1064 D RilRequest: [0304]< SET_UNSOLICITED_RESPONSE_FILTER error: com.android.internal.telephony.CommandException: REQUEST_NOT_SUPPORTED ret= result=null
06-09 15:31:01.145 851 851 E RILJ : setSignalStrengthReportingCriteria ignored on IRadio version less than 1.2 [PHONE0]
06-09 15:31:01.145 851 851 E RILJ : setSignalStrengthReportingCriteria ignored on IRadio version less than 1.2 [PHONE0]
06-09 15:31:01.145 851 851 D NetworkTypeController: [0] LegacyState: process EVENT_PHYSICAL_CHANNEL_CONFIG_NOTIF_CHANGED
06-09 15:31:01.145 851 851 D NetworkTypeController: [0] Remove all timers
06-09 15:31:01.145 851 851 D NetworkTypeController: [0] DefaultState: process EVENT_PHYSICAL_CHANNEL_CONFIG_NOTIF_CHANGED
06-09 15:31:01.145 851 851 D NetworkTypeController: [0] mIsPhysicalChannelConfigOn changed to: false
06-09 15:31:01.145 851 851 D NetworkTypeController: [0] Remove all timers
06-09 15:31:05.205 347 347 I rockchip-vop2 fdd90000.vop: [drm:vop2_crtc_atomic_disable] Crtc atomic disable vp2
06-09 15:31:05.217 347 347 E rockchip-vop2 fdd90000.vop: [drm:vop2_crtc_atomic_disable] *ERROR* unexpected power on pd7
06-09 15:31:01.588 851 851 D DCT-C-0 : screen off
06-09 15:31:01.588 851 851 D DCT-C-0 : stopNetStatPoll
06-09 15:31:05.409 1 1 I init : processing action (debug.beidou_leavesuspend=*) from (/system/etc/init/hw/init.rc:1293)
06-09 15:31:01.701 851 851 D RILJ : [0305]> SEND_DEVICE_STATE 2:false [PHONE0]
06-09 15:31:01.702 526 526 D RILC : sendDeviceState: calling screen state 1
06-09 15:31:01.702 526 526 D RILC : onRequest: SCREEN_STATE datalen=4 request_value:61
06-09 15:31:01.703 851 851 D RILJ : [0306]> SET_UNSOLICITED_RESPONSE_FILTER 127 [PHONE0]
06-09 15:31:01.705 851 851 E RILJ : setSignalStrengthReportingCriteria ignored on IRadio version less than 1.2 [PHONE0]
06-09 15:31:01.705 851 851 E RILJ : setSignalStrengthReportingCriteria ignored on IRadio version less than 1.2 [PHONE0]
06-09 15:31:01.705 851 851 E RILJ : setSignalStrengthReportingCriteria ignored on IRadio version less than 1.2 [PHONE0]
06-09 15:31:01.706 851 851 D NetworkTypeController: [0] LegacyState: process EVENT_PHYSICAL_CHANNEL_CONFIG_NOTIF_CHANGED
06-09 15:31:01.706 851 851 D NetworkTypeController: [0] Remove all timers
06-09 15:31:01.706 851 851 D NetworkTypeController: [0] DefaultState: process EVENT_PHYSICAL_CHANNEL_CONFIG_NOTIF_CHANGED
06-09 15:31:01.706 851 851 D NetworkTypeController: [0] mIsPhysicalChannelConfigOn changed to: true
06-09 15:31:05.410 1 1 W : debug.beidou_leavesuspend wakeup
06-09 15:31:05.430 444 444 I gsensor_mxc6655 5-0015: set sensor poll time to 200ms
06-09 15:31:01.711 851 1064 D RILJ : [0305]< SEND_DEVICE_STATE [PHONE0]
06-09 15:31:01.712 851 1064 D RILJ : [0306]< SET_UNSOLICITED_RESPONSE_FILTER error 6 [PHONE0]
06-09 15:31:01.712 851 1064 D RilRequest: [0306]< SET_UNSOLICITED_RESPONSE_FILTER error: com.android.internal.telephony.CommandException: REQUEST_NOT_SUPPORTED ret= result=null
06-09 15:31:05.432 444 444 I gsensor_mxc6655 5-0015: sensor on: starting poll sensor data 196ms
06-09 15:31:05.440 439 439 W healthd : battery l=52 v=7608 t=34.0 h=1 st=3 c=-512000 fc=9700000 chg=
06-09 15:31:01.747 851 851 D DCT-C-0 : screen on
06-09 15:31:01.748 851 851 D DCT-C-0 : stopNetStatPoll
06-09 15:31:05.476 347 347 I rockchip-vop2 fdd90000.vop: [drm:vop2_crtc_atomic_enable] Update mode to 1536x2048p55, type: 16(if:60) for vp2 dclk: 192000000
06-09 15:31:05.477 347 347 I rockchip-vop2 fdd90000.vop: [drm:vop2_crtc_atomic_enable] dclk_out2 div: 2 dclk_core2 div: 1
06-09 15:31:05.477 347 347 I rockchip-vop2 fdd90000.vop: [drm:vop2_crtc_atomic_enable] set dclk_vop2 to 96000000, get 96000000
06-09 15:31:05.526 444 444 I gsensor_mxc6655 5-0015: set sensor poll time to 66ms
06-09 15:31:05.982 347 347 I dw-mipi-dsi2 fde20000.dsi: [drm:dw_mipi_dsi2_encoder_enable] final DSI-Link bandwidth: 639999 x 8 Kbps
06-09 15:31:06.069 357 357 E rockchip-vop2 fdd90000.vop: [drm:vop2_wait_power_domain_off] *ERROR* wait pd7 off timeout power_ctrl: 0x7f
06-09 15:31:02.640 526 549 D RILU : find_pci_device is 0
06-09 15:31:02.640 526 549 D RILC : PCI can't find at device
06-09 15:31:02.642 526 549 D RILC : USB can't find at device
06-09 15:31:06.884 427 427 W : abc audioDBG [es8323_mute] start mute:1
06-09 15:31:06.885 427 427 I [Awinic] [3-0058]aw_acf_get_prof_desc_form_name: get prof desc down
06-09 15:31:06.885 427 427 I [Awinic] [3-005b]aw_acf_get_prof_desc_form_name: get prof desc down
06-09 15:31:07.094 1 1 I init : processing action (debug.beidou_entersuspend=*) from (/system/etc/init/hw/init.rc:1286)
06-09 15:31:07.095 1 1 W : debug.beidou_entersuspend $PMTK161,0*28\r\n
06-09 15:31:07.095 1 1 I init : starting service 'gps_suspend'...
06-09 15:31:07.115 1 1 I init : Service 'gps_suspend' (pid 11182) exited with status 0 oneshot service took 0.011000 seconds in background
06-09 15:31:07.156 18417 18417 W : abc audioDBG [es8323_mute] start mute:0
06-09 15:31:07.166 18417 18417 I [Awinic] [3-0058]aw_acf_get_prof_desc_form_name: get prof desc down
06-09 15:31:07.182 18417 18417 I [Awinic] [3-005b]aw_acf_get_prof_desc_form_name: get prof desc down
06-09 15:31:07.581 444 444 I gsensor_mxc6655 5-0015: set sensor poll time to 200ms
06-09 15:31:03.873 851 851 D RILJ : [0307]> SEND_DEVICE_STATE 2:true [PHONE0]
06-09 15:31:03.874 851 851 D RILJ : [0308]> SET_UNSOLICITED_RESPONSE_FILTER 32 [PHONE0]
06-09 15:31:03.874 526 526 D RILC : sendDeviceState: calling screen state 0
06-09 15:31:03.874 526 526 D RILC : onRequest: SCREEN_STATE datalen=4 request_value:61
06-09 15:31:03.874 851 851 E RILJ : setSignalStrengthReportingCriteria ignored on IRadio version less than 1.2 [PHONE0]
06-09 15:31:03.874 851 1064 D RILJ : [0307]< SEND_DEVICE_STATE [PHONE0]
06-09 15:31:03.874 851 851 E RILJ : setSignalStrengthReportingCriteria ignored on IRadio version less than 1.2 [PHONE0]
06-09 15:31:03.874 851 851 E RILJ : setSignalStrengthReportingCriteria ignored on IRadio version less than 1.2 [PHONE0]
06-09 15:31:03.874 851 851 D NetworkTypeController: [0] LegacyState: process EVENT_PHYSICAL_CHANNEL_CONFIG_NOTIF_CHANGED
06-09 15:31:03.874 851 851 D NetworkTypeController: [0] Remove all timers
06-09 15:31:03.874 851 851 D NetworkTypeController: [0] DefaultState: process EVENT_PHYSICAL_CHANNEL_CONFIG_NOTIF_CHANGED
06-09 15:31:03.874 851 851 D NetworkTypeController: [0] mIsPhysicalChannelConfigOn changed to: false
06-09 15:31:03.874 851 851 D NetworkTypeController: [0] Remove all timers
06-09 15:31:03.875 851 1064 D RILJ : [0308]< SET_UNSOLICITED_RESPONSE_FILTER error 6 [PHONE0]
06-09 15:31:03.875 851 1064 D RilRequest: [0308]< SET_UNSOLICITED_RESPONSE_FILTER error: com.android.internal.telephony.CommandException: REQUEST_NOT_SUPPORTED ret= result=null
06-09 15:31:07.626 439 439 W healthd : battery l=52 v=7598 t=34.0 h=1 st=3 c=-512000 fc=9700000 chg=
06-09 15:31:07.925 347 347 I rockchip-vop2 fdd90000.vop: [drm:vop2_crtc_atomic_disable] Crtc atomic disable vp2
06-09 15:31:07.937 347 347 E rockchip-vop2 fdd90000.vop: [drm:vop2_crtc_atomic_disable] *ERROR* unexpected power on pd7
06-09 15:31:04.242 851 851 D DCT-C-0 : screen off
06-09 15:31:04.242 851 851 D DCT-C-0 : stopNetStatPoll
06-09 15:31:08.081 1 1 I init : processing action (debug.beidou_leavesuspend=*) from (/system/etc/init/hw/init.rc:1293)
06-09 15:31:04.369 851 851 D RILJ : [0309]> SEND_DEVICE_STATE 2:false [PHONE0]
06-09 15:31:04.370 526 526 D RILC : sendDeviceState: calling screen state 1
06-09 15:31:04.370 526 526 D RILC : onRequest: SCREEN_STATE datalen=4 request_value:61
06-09 15:31:04.371 851 1064 D RILJ : [0309]< SEND_DEVICE_STATE [PHONE0]
06-09 15:31:04.372 851 851 D RILJ : [0310]> SET_UNSOLICITED_RESPONSE_FILTER 127 [PHONE0]
06-09 15:31:08.084 1 1 W : debug.beidou_leavesuspend wakeup
06-09 15:31:08.095 444 444 I gsensor_mxc6655 5-0015: set sensor poll time to 200ms
06-09 15:31:08.096 444 444 I gsensor_mxc6655 5-0015: sensor on: starting poll sensor data 196ms
06-09 15:31:04.372 851 1064 D RILJ : [0310]< SET_UNSOLICITED_RESPONSE_FILTER error 6 [PHONE0]
06-09 15:31:04.373 851 1064 D RilRequest: [0310]< SET_UNSOLICITED_RESPONSE_FILTER error: com.android.internal.telephony.CommandException: REQUEST_NOT_SUPPORTED ret= result=null
06-09 15:31:04.373 851 851 E RILJ : setSignalStrengthReportingCriteria ignored on IRadio version less than 1.2 [PHONE0]
06-09 15:31:04.373 851 851 E RILJ : setSignalStrengthReportingCriteria ignored on IRadio version less than 1.2 [PHONE0]
06-09 15:31:04.374 851 851 E RILJ : setSignalStrengthReportingCriteria ignored on IRadio version less than 1.2 [PHONE0]
06-09 15:31:04.374 851 851 D NetworkTypeController: [0] LegacyState: process EVENT_PHYSICAL_CHANNEL_CONFIG_NOTIF_CHANGED
06-09 15:31:04.374 851 851 D NetworkTypeController: [0] Remove all timers
06-09 15:31:04.374 851 851 D NetworkTypeController: [0] DefaultState: process EVENT_PHYSICAL_CHANNEL_CONFIG_NOTIF_CHANGED
06-09 15:31:04.374 851 851 D NetworkTypeController: [0] mIsPhysicalChannelConfigOn changed to: true
06-09 15:31:08.108 439 439 W healthd : battery l=52 v=7598 t=34.0 h=1 st=3 c=-256000 fc=9700000 chg=
06-09 15:31:04.395 851 851 D DCT-C-0 : screen on
06-09 15:31:04.395 851 851 D DCT-C-0 : stopNetStatPoll
06-09 15:31:08.156 347 347 I rockchip-vop2 fdd90000.vop: [drm:vop2_crtc_atomic_enable] Update mode to 1536x2048p55, type: 16(if:60) for vp2 dclk: 192000000
06-09 15:31:08.157 347 347 I rockchip-vop2 fdd90000.vop: [drm:vop2_crtc_atomic_enable] dclk_out2 div: 2 dclk_core2 div: 1
06-09 15:31:08.157 347 347 I rockchip-vop2 fdd90000.vop: [drm:vop2_crtc_atomic_enable] set dclk_vop2 to 96000000, get 96000000
06-09 15:31:08.213 444 444 I gsensor_mxc6655 5-0015: set sensor poll time to 66ms
06-09 15:31:08.665 347 347 I dw-mipi-dsi2 fde20000.dsi: [drm:dw_mipi_dsi2_encoder_enable] final DSI-Link bandwidth: 639999 x 8 Kbps
06-09 15:31:09.066 357 357 E rockchip-vop2 fdd90000.vop: [drm:vop2_wait_power_domain_off] *ERROR* wait pd7 off timeout power_ctrl: 0x7a
06-09 15:31:05.644 526 549 D RILU : find_pci_device is 0
06-09 15:31:05.645 526 549 D RILC : PCI can't find at device
06-09 15:31:05.649 526 549 D RILC : USB can't find at device
06-09 15:31:09.845 1 1 I init : processing action (debug.beidou_entersuspend=*) from (/system/etc/init/hw/init.rc:1286)
06-09 15:31:09.846 1 1 W : debug.beidou_entersuspend $PMTK161,0*28\r\n
06-09 15:31:09.848 1 1 I init : starting service 'gps_suspend'...
06-09 15:31:09.866 1 1 I init : Service 'gps_suspend' (pid 11216) exited with status 0 oneshot service took 0.008000 seconds in background
06-09 15:31:09.866 1 1 I init : Sending signal 9 to service 'gps_suspend' (pid 11216) process group...
06-09 15:31:09.866 1 1 I libprocessgroup: Successfully killed process cgroup uid 0 pid 11216 in 0ms
06-09 15:31:10.329 444 444 I gsensor_mxc6655 5-0015: set sensor poll time to 200ms
06-09 15:31:10.338 439 439 W healthd : battery l=52 v=7598 t=34.0 h=1 st=3 c=-512000 fc=9700000 chg=
06-09 15:31:06.618 851 851 D RILJ : [0311]> SEND_DEVICE_STATE 2:true [PHONE0]
06-09 15:31:06.618 526 526 D RILC : sendDeviceState: calling screen state 0
06-09 15:31:06.618 526 526 D RILC : onRequest: SCREEN_STATE datalen=4 request_value:61
06-09 15:31:06.618 851 1064 D RILJ : [0311]< SEND_DEVICE_STATE [PHONE0]
06-09 15:31:06.618 851 851 D RILJ : [0312]> SET_UNSOLICITED_RESPONSE_FILTER 32 [PHONE0]
06-09 15:31:06.619 851 851 E RILJ : setSignalStrengthReportingCriteria ignored on IRadio version less than 1.2 [PHONE0]
06-09 15:31:06.619 851 851 E RILJ : setSignalStrengthReportingCriteria ignored on IRadio version less than 1.2 [PHONE0]
06-09 15:31:06.619 851 851 E RILJ : setSignalStrengthReportingCriteria ignored on IRadio version less than 1.2 [PHONE0]
06-09 15:31:06.619 851 851 D NetworkTypeController: [0] LegacyState: process EVENT_PHYSICAL_CHANNEL_CONFIG_NOTIF_CHANGED
06-09 15:31:06.619 851 851 D NetworkTypeController: [0] Remove all timers
06-09 15:31:06.619 851 851 D NetworkTypeController: [0] DefaultState: process EVENT_PHYSICAL_CHANNEL_CONFIG_NOTIF_CHANGED
06-09 15:31:06.619 851 851 D NetworkTypeController: [0] mIsPhysicalChannelConfigOn changed to: false
06-09 15:31:06.619 851 851 D NetworkTypeController: [0] Remove all timers
06-09 15:31:06.620 851 1064 D RILJ : [0312]< SET_UNSOLICITED_RESPONSE_FILTER error 6 [PHONE0]
06-09 15:31:06.621 851 1064 D RilRequest: [0312]< SET_UNSOLICITED_RESPONSE_FILTER error: com.android.internal.telephony.CommandException: REQUEST_NOT_SUPPORTED ret= result=null
06-09 15:31:10.678 347 347 I rockchip-vop2 fdd90000.vop: [drm:vop2_crtc_atomic_disable] Crtc atomic disable vp2
06-09 15:31:10.689 347 347 E rockchip-vop2 fdd90000.vop: [drm:vop2_crtc_atomic_disable] *ERROR* unexpected power on pd7
06-09 15:31:07.014 851 851 D DCT-C-0 : screen off
06-09 15:31:07.015 851 851 D DCT-C-0 : stopNetStatPoll
06-09 15:31:10.877 1 1 I init : processing action (debug.beidou_leavesuspend=*) from (/system/etc/init/hw/init.rc:1293)
06-09 15:31:07.179 851 851 D RILJ : [0313]> SEND_DEVICE_STATE 2:false [PHONE0]
06-09 15:31:07.179 526 526 D RILC : sendDeviceState: calling screen state 1
06-09 15:31:07.179 526 526 D RILC : onRequest: SCREEN_STATE datalen=4 request_value:61
06-09 15:31:07.180 851 1064 D RILJ : [0313]< SEND_DEVICE_STATE [PHONE0]
06-09 15:31:07.180 851 851 D RILJ : [0314]> SET_UNSOLICITED_RESPONSE_FILTER 127 [PHONE0]
06-09 15:31:07.181 851 1064 D RILJ : [0314]< SET_UNSOLICITED_RESPONSE_FILTER error 6 [PHONE0]
06-09 15:31:07.181 851 1064 D RilRequest: [0314]< SET_UNSOLICITED_RESPONSE_FILTER error: com.android.internal.telephony.CommandException: REQUEST_NOT_SUPPORTED ret= result=null
06-09 15:31:07.182 851 851 E RILJ : setSignalStrengthReportingCriteria ignored on IRadio version less than 1.2 [PHONE0]
06-09 15:31:07.182 851 851 E RILJ : setSignalStrengthReportingCriteria ignored on IRadio version less than 1.2 [PHONE0]
06-09 15:31:07.182 851 851 E RILJ : setSignalStrengthReportingCriteria ignored on IRadio version less than 1.2 [PHONE0]
06-09 15:31:07.182 851 851 D NetworkTypeController: [0] LegacyState: process EVENT_PHYSICAL_CHANNEL_CONFIG_NOTIF_CHANGED
06-09 15:31:07.182 851 851 D NetworkTypeController: [0] Remove all timers
06-09 15:31:07.182 851 851 D NetworkTypeController: [0] DefaultState: process EVENT_PHYSICAL_CHANNEL_CONFIG_NOTIF_CHANGED
06-09 15:31:07.182 851 851 D NetworkTypeController: [0] mIsPhysicalChannelConfigOn changed to: true
06-09 15:31:10.879 1 1 W : debug.beidou_leavesuspend wakeup
06-09 15:31:10.908 444 444 I gsensor_mxc6655 5-0015: set sensor poll time to 200ms
06-09 15:31:10.909 444 444 I gsensor_mxc6655 5-0015: sensor on: starting poll sensor data 196ms
06-09 15:31:10.921 439 439 W healthd : battery l=52 v=7598 t=34.0 h=1 st=3 c=-512000 fc=9700000 chg=
06-09 15:31:07.230 851 851 D DCT-C-0 : screen on
06-09 15:31:07.230 851 851 D DCT-C-0 : stopNetStatPoll
06-09 15:31:10.960 347 347 I rockchip-vop2 fdd90000.vop: [drm:vop2_crtc_atomic_enable] Update mode to 1536x2048p55, type: 16(if:60) for vp2 dclk: 192000000
06-09 15:31:10.961 347 347 I rockchip-vop2 fdd90000.vop: [drm:vop2_crtc_atomic_enable] dclk_out2 div: 2 dclk_core2 div: 1
06-09 15:31:10.961 347 347 I rockchip-vop2 fdd90000.vop: [drm:vop2_crtc_atomic_enable] set dclk_vop2 to 96000000, get 96000000
06-09 15:31:11.030 444 444 I gsensor_mxc6655 5-0015: set sensor poll time to 66ms
06-09 15:31:11.465 347 347 I dw-mipi-dsi2 fde20000.dsi: [drm:dw_mipi_dsi2_encoder_enable] final DSI-Link bandwidth: 639999 x 8 Kbps
06-09 15:31:11.881 357 357 E rockchip-vop2 fdd90000.vop: [drm:vop2_wait_power_domain_off] *ERROR* wait pd7 off timeout power_ctrl: 0x7a
06-09 15:31:08.649 526 549 D RILU : find_pci_device is 0
06-09 15:31:08.649 526 549 D RILC : PCI can't find at device
06-09 15:31:08.650 526 549 D RILC : USB can't find at device
06-09 15:31:12.487 1 1 I init : processing action (debug.beidou_entersuspend=*) from (/system/etc/init/hw/init.rc:1286)
06-09 15:31:12.487 1 1 W : debug.beidou_entersuspend $PMTK161,0*28\r\n
06-09 15:31:12.488 1 1 I init : starting service 'gps_suspend'...
06-09 15:31:12.509 1 1 I init : Service 'gps_suspend' (pid 11272) exited with status 0 oneshot service took 0.019000 seconds in background
06-09 15:31:12.974 444 444 I gsensor_mxc6655 5-0015: set sensor poll time to 200ms
06-09 15:31:12.996 439 439 W healthd : battery l=52 v=7610 t=34.0 h=1 st=3 c=-256000 fc=9700000 chg=
06-09 15:31:09.268 851 851 D RILJ : [0315]> SEND_DEVICE_STATE 2:true [PHONE0]
06-09 15:31:09.270 526 526 D RILC : sendDeviceState: calling screen state 0
06-09 15:31:09.270 526 526 D RILC : onRequest: SCREEN_STATE datalen=4 request_value:61
06-09 15:31:09.270 851 1064 D RILJ : [0315]< SEND_DEVICE_STATE [PHONE0]
06-09 15:31:09.277 851 851 D RILJ : [0316]> SET_UNSOLICITED_RESPONSE_FILTER 32 [PHONE0]
06-09 15:31:09.278 851 1064 D RILJ : [0316]< SET_UNSOLICITED_RESPONSE_FILTER error 6 [PHONE0]
06-09 15:31:09.278 851 1064 D RilRequest: [0316]< SET_UNSOLICITED_RESPONSE_FILTER error: com.android.internal.telephony.CommandException: REQUEST_NOT_SUPPORTED ret= result=null
06-09 15:31:09.279 851 851 E RILJ : setSignalStrengthReportingCriteria ignored on IRadio version less than 1.2 [PHONE0]
06-09 15:31:09.280 851 851 E RILJ : setSignalStrengthReportingCriteria ignored on IRadio version less than 1.2 [PHONE0]
06-09 15:31:09.280 851 851 E RILJ : setSignalStrengthReportingCriteria ignored on IRadio version less than 1.2 [PHONE0]
06-09 15:31:09.280 851 851 D NetworkTypeController: [0] LegacyState: process EVENT_PHYSICAL_CHANNEL_CONFIG_NOTIF_CHANGED
06-09 15:31:09.280 851 851 D NetworkTypeController: [0] Remove all timers
06-09 15:31:09.280 851 851 D NetworkTypeController: [0] DefaultState: process EVENT_PHYSICAL_CHANNEL_CONFIG_NOTIF_CHANGED
06-09 15:31:09.280 851 851 D NetworkTypeController: [0] mIsPhysicalChannelConfigOn changed to: false
06-09 15:31:09.280 851 851 D NetworkTypeController: [0] Remove all timers
06-09 15:31:13.318 347 347 I rockchip-vop2 fdd90000.vop: [drm:vop2_crtc_atomic_disable] Crtc atomic disable vp2
06-09 15:31:13.329 347 347 E rockchip-vop2 fdd90000.vop: [drm:vop2_crtc_atomic_disable] *ERROR* unexpected power on pd7
06-09 15:31:09.655 851 851 D DCT-C-0 : screen off
06-09 15:31:09.655 851 851 D DCT-C-0 : stopNetStatPoll
06-09 15:31:13.490 1 1 I init : processing action (debug.beidou_leavesuspend=*) from (/system/etc/init/hw/init.rc:1293)
06-09 15:31:13.493 1 1 W : debug.beidou_leavesuspend wakeup
06-09 15:31:13.496 444 444 I gsensor_mxc6655 5-0015: set sensor poll time to 200ms
06-09 15:31:13.497 444 444 I gsensor_mxc6655 5-0015: sensor on: starting poll sensor data 196ms
06-09 15:31:09.778 851 851 D RILJ : [0317]> SEND_DEVICE_STATE 2:false [PHONE0]
06-09 15:31:09.779 526 526 D RILC : sendDeviceState: calling screen state 1
06-09 15:31:09.779 526 526 D RILC : onRequest: SCREEN_STATE datalen=4 request_value:61
06-09 15:31:09.779 851 1064 D RILJ : [0317]< SEND_DEVICE_STATE [PHONE0]
06-09 15:31:09.780 851 851 D RILJ : [0318]> SET_UNSOLICITED_RESPONSE_FILTER 127 [PHONE0]
06-09 15:31:09.780 851 1064 D RILJ : [0318]< SET_UNSOLICITED_RESPONSE_FILTER error 6 [PHONE0]
06-09 15:31:09.780 851 1064 D RilRequest: [0318]< SET_UNSOLICITED_RESPONSE_FILTER error: com.android.internal.telephony.CommandException: REQUEST_NOT_SUPPORTED ret= result=null
06-09 15:31:09.780 851 851 E RILJ : setSignalStrengthReportingCriteria ignored on IRadio version less than 1.2 [PHONE0]
06-09 15:31:09.780 851 851 E RILJ : setSignalStrengthReportingCriteria ignored on IRadio version less than 1.2 [PHONE0]
06-09 15:31:09.780 851 851 E RILJ : setSignalStrengthReportingCriteria ignored on IRadio version less than 1.2 [PHONE0]
06-09 15:31:09.781 851 851 D NetworkTypeController: [0] LegacyState: process EVENT_PHYSICAL_CHANNEL_CONFIG_NOTIF_CHANGED
06-09 15:31:09.781 851 851 D NetworkTypeController: [0] Remove all timers
06-09 15:31:09.781 851 851 D NetworkTypeController: [0] DefaultState: process EVENT_PHYSICAL_CHANNEL_CONFIG_NOTIF_CHANGED
06-09 15:31:09.781 851 851 D NetworkTypeController: [0] mIsPhysicalChannelConfigOn changed to: true
06-09 15:31:13.524 439 439 W healthd : battery l=52 v=7610 t=34.0 h=1 st=3 c=0 fc=9700000 chg=
06-09 15:31:09.809 851 851 D DCT-C-0 : screen on
06-09 15:31:09.809 851 851 D DCT-C-0 : stopNetStatPoll
06-09 15:31:13.560 347 347 I rockchip-vop2 fdd90000.vop: [drm:vop2_crtc_atomic_enable] Update mode to 1536x2048p55, type: 16(if:60) for vp2 dclk: 192000000
06-09 15:31:13.561 347 347 I rockchip-vop2 fdd90000.vop: [drm:vop2_crtc_atomic_enable] dclk_out2 div: 2 dclk_core2 div: 1
06-09 15:31:13.561 347 347 I rockchip-vop2 fdd90000.vop: [drm:vop2_crtc_atomic_enable] set dclk_vop2 to 96000000, get 96000000
06-09 15:31:13.598 444 444 I gsensor_mxc6655 5-0015: set sensor poll time to 66ms
06-09 15:31:14.065 347 347 I dw-mipi-dsi2 fde20000.dsi: [drm:dw_mipi_dsi2_encoder_enable] final DSI-Link bandwidth: 639999 x 8 Kbps
06-09 15:31:14.180 357 357 E rockchip-vop2 fdd90000.vop: [drm:vop2_wait_power_domain_off] *ERROR* wait pd7 off timeout power_ctrl: 0x7f
06-09 15:31:11.651 526 549 D RILU : find_pci_device is 0
06-09 15:31:11.651 526 549 D RILC : PCI can't find at device
06-09 15:31:11.653 526 549 D RILC : USB can't find at device
06-09 15:31:15.413 427 427 W : abc audioDBG [es8323_mute] start mute:1
06-09 15:31:15.413 427 427 I [Awinic] [3-0058]aw_acf_get_prof_desc_form_name: get prof desc down
06-09 15:31:15.413 427 427 I [Awinic] [3-005b]aw_acf_get_prof_desc_form_name: get prof desc down
06-09 15:31:15.481 1 1 I init : processing action (debug.beidou_entersuspend=*) from (/system/etc/init/hw/init.rc:1286)
06-09 15:31:15.482 1 1 W : debug.beidou_entersuspend $PMTK161,0*28\r\n
06-09 15:31:15.482 1 1 I init : starting service 'gps_suspend'...
06-09 15:31:15.503 1 1 I init : Service 'gps_suspend' (pid 11309) exited with status 0 oneshot service took 0.015000 seconds in background
06-09 15:31:15.503 1 1 I init : Sending signal 9 to service 'gps_suspend' (pid 11309) process group...
06-09 15:31:15.503 1 1 I libprocessgroup: Successfully killed process cgroup uid 0 pid 11309 in 0ms
06-09 15:31:15.521 18417 18417 W : abc audioDBG [es8323_mute] start mute:0
06-09 15:31:15.531 18417 18417 I [Awinic] [3-0058]aw_acf_get_prof_desc_form_name: get prof desc down
06-09 15:31:15.545 18417 18417 I [Awinic] [3-005b]aw_acf_get_prof_desc_form_name: get prof desc down
06-09 15:31:15.977 460 460 I gsensor_mxc6655 5-0015: set sensor poll time to 200ms
06-09 15:31:16.000 439 439 W healthd : battery l=52 v=7610 t=34.0 h=1 st=3 c=-512000 fc=9700000 chg=
06-09 15:31:12.285 851 851 D RILJ : [0319]> SEND_DEVICE_STATE 2:true [PHONE0]
06-09 15:31:12.285 526 526 D RILC : sendDeviceState: calling screen state 0
06-09 15:31:12.285 526 526 D RILC : onRequest: SCREEN_STATE datalen=4 request_value:61
06-09 15:31:12.286 851 1064 D RILJ : [0319]< SEND_DEVICE_STATE [PHONE0]
06-09 15:31:12.286 851 851 D RILJ : [0320]> SET_UNSOLICITED_RESPONSE_FILTER 32 [PHONE0]
06-09 15:31:12.287 851 1064 D RILJ : [0320]< SET_UNSOLICITED_RESPONSE_FILTER error 6 [PHONE0]
06-09 15:31:12.287 851 1064 D RilRequest: [0320]< SET_UNSOLICITED_RESPONSE_FILTER error: com.android.internal.telephony.CommandException: REQUEST_NOT_SUPPORTED ret= result=null
06-09 15:31:12.287 851 851 E RILJ : setSignalStrengthReportingCriteria ignored on IRadio version less than 1.2 [PHONE0]
06-09 15:31:12.288 851 851 E RILJ : setSignalStrengthReportingCriteria ignored on IRadio version less than 1.2 [PHONE0]
06-09 15:31:12.288 851 851 E RILJ : setSignalStrengthReportingCriteria ignored on IRadio version less than 1.2 [PHONE0]
06-09 15:31:12.288 851 851 D NetworkTypeController: [0] LegacyState: process EVENT_PHYSICAL_CHANNEL_CONFIG_NOTIF_CHANGED
06-09 15:31:12.288 851 851 D NetworkTypeController: [0] Remove all timers
06-09 15:31:12.288 851 851 D NetworkTypeController: [0] DefaultState: process EVENT_PHYSICAL_CHANNEL_CONFIG_NOTIF_CHANGED
06-09 15:31:12.288 851 851 D NetworkTypeController: [0] mIsPhysicalChannelConfigOn changed to: false
06-09 15:31:12.288 851 851 D NetworkTypeController: [0] Remove all timers
06-09 15:31:16.335 347 347 I rockchip-vop2 fdd90000.vop: [drm:vop2_crtc_atomic_disable] Crtc atomic disable vp2
06-09 15:31:16.349 347 347 E rockchip-vop2 fdd90000.vop: [drm:vop2_crtc_atomic_disable] *ERROR* unexpected power on pd7
06-09 15:31:12.686 851 851 D DCT-C-0 : screen off
06-09 15:31:12.686 851 851 D DCT-C-0 : stopNetStatPoll
06-09 15:31:16.933 427 427 W : abc audioDBG [es8323_mute] start mute:1
06-09 15:31:16.933 427 427 I [Awinic] [3-0058]aw_acf_get_prof_desc_form_name: get prof desc down
06-09 15:31:16.934 427 427 I [Awinic] [3-005b]aw_acf_get_prof_desc_form_name: get prof desc down
06-09 15:31:14.655 526 549 D RILU : find_pci_device is 0
06-09 15:31:14.655 526 549 D RILC : PCI can't find at device
06-09 15:31:14.658 526 549 D RILC : USB can't find at device
06-09 15:31:17.658 526 549 D RILU : find_pci_device is 0
06-09 15:31:17.659 526 549 D RILC : PCI can't find at device
06-09 15:31:17.659 526 549 D RILC : USB can't find at device
06-09 15:31:22.386 1 1 I init : processing action (debug.beidou_leavesuspend=*) from (/system/etc/init/hw/init.rc:1293)
06-09 15:31:22.388 1 1 W : debug.beidou_leavesuspend wakeup
06-09 15:31:22.389 460 460 I gsensor_mxc6655 5-0015: set sensor poll time to 200ms
06-09 15:31:18.674 851 851 D RILJ : [0321]> SEND_DEVICE_STATE 2:false [PHONE0]
06-09 15:31:18.676 526 526 D RILC : sendDeviceState: calling screen state 1
06-09 15:31:18.676 526 526 D RILC : onRequest: SCREEN_STATE datalen=4 request_value:61
06-09 15:31:18.676 851 851 D RILJ : [0322]> SET_UNSOLICITED_RESPONSE_FILTER 127 [PHONE0]
06-09 15:31:18.676 851 1064 D RILJ : [0321]< SEND_DEVICE_STATE [PHONE0]
06-09 15:31:18.677 851 1064 D RILJ : [0322]< SET_UNSOLICITED_RESPONSE_FILTER error 6 [PHONE0]
06-09 15:31:18.677 851 1064 D RilRequest: [0322]< SET_UNSOLICITED_RESPONSE_FILTER error: com.android.internal.telephony.CommandException: REQUEST_NOT_SUPPORTED ret= result=null
06-09 15:31:18.677 851 851 E RILJ : setSignalStrengthReportingCriteria ignored on IRadio version less than 1.2 [PHONE0]
06-09 15:31:18.677 851 851 E RILJ : setSignalStrengthReportingCriteria ignored on IRadio version less than 1.2 [PHONE0]
06-09 15:31:18.678 851 851 E RILJ : setSignalStrengthReportingCriteria ignored on IRadio version less than 1.2 [PHONE0]
06-09 15:31:18.678 851 851 D NetworkTypeController: [0] LegacyState: process EVENT_PHYSICAL_CHANNEL_CONFIG_NOTIF_CHANGED
06-09 15:31:18.678 851 851 D NetworkTypeController: [0] Remove all timers
06-09 15:31:18.678 851 851 D NetworkTypeController: [0] DefaultState: process EVENT_PHYSICAL_CHANNEL_CONFIG_NOTIF_CHANGED
06-09 15:31:18.678 851 851 D NetworkTypeController: [0] mIsPhysicalChannelConfigOn changed to: true
06-09 15:31:22.408 460 460 I gsensor_mxc6655 5-0015: sensor on: starting poll sensor data 196ms
06-09 15:31:22.427 439 439 W healthd : battery l=52 v=7626 t=33.5 h=1 st=3 c=0 fc=9700000 chg=
06-09 15:31:22.467 347 347 I rockchip-vop2 fdd90000.vop: [drm:vop2_crtc_atomic_enable] Update mode to 1536x2048p55, type: 16(if:60) for vp2 dclk: 192000000
06-09 15:31:22.468 347 347 I rockchip-vop2 fdd90000.vop: [drm:vop2_crtc_atomic_enable] dclk_out2 div: 2 dclk_core2 div: 1
06-09 15:31:22.468 347 347 I rockchip-vop2 fdd90000.vop: [drm:vop2_crtc_atomic_enable] set dclk_vop2 to 96000000, get 96000000
06-09 15:31:18.772 851 851 D DCT-C-0 : screen on
06-09 15:31:18.772 851 851 D DCT-C-0 : stopNetStatPoll
06-09 15:31:22.500 460 460 I gsensor_mxc6655 5-0015: set sensor poll time to 66ms
06-09 15:31:22.538 18417 18417 W : abc audioDBG [es8323_mute] start mute:0
06-09 15:31:22.548 18417 18417 I [Awinic] [3-0058]aw_acf_get_prof_desc_form_name: get prof desc down
06-09 15:31:22.564 18417 18417 I [Awinic] [3-005b]aw_acf_get_prof_desc_form_name: get prof desc down
06-09 15:31:22.985 347 347 I dw-mipi-dsi2 fde20000.dsi: [drm:dw_mipi_dsi2_encoder_enable] final DSI-Link bandwidth: 639999 x 8 Kbps
06-09 15:31:23.100 357 357 E rockchip-vop2 fdd90000.vop: [drm:vop2_wait_power_domain_off] *ERROR* wait pd7 off timeout power_ctrl: 0x7a
06-09 15:31:23.875 4266 4266 W : abc audioDBG [es8323_mute] start mute:1
06-09 15:31:23.876 4266 4266 I [Awinic] [3-0058]aw_acf_get_prof_desc_form_name: get prof desc down
06-09 15:31:23.876 4266 4266 I [Awinic] [3-005b]aw_acf_get_prof_desc_form_name: get prof desc down
06-09 15:31:20.660 526 549 D RILU : find_pci_device is 0
06-09 15:31:20.660 526 549 D RILC : PCI can't find at device
06-09 15:31:20.663 526 549 D RILC : USB can't find at device
06-09 15:31:24.690 1 1 I init : processing action (debug.beidou_entersuspend=*) from (/system/etc/init/hw/init.rc:1286)
06-09 15:31:24.691 1 1 W : debug.beidou_entersuspend $PMTK161,0*28\r\n
06-09 15:31:24.692 1 1 I init : starting service 'gps_suspend'...
06-09 15:31:24.715 1 1 I init : Service 'gps_suspend' (pid 11418) exited with status 0 oneshot service took 0.017000 seconds in background
06-09 15:31:24.715 1 1 I init : Sending signal 9 to service 'gps_suspend' (pid 11418) process group...
06-09 15:31:24.715 1 1 I libprocessgroup: Successfully killed process cgroup uid 0 pid 11418 in 0ms
06-09 15:31:24.733 18417 18417 W : abc audioDBG [es8323_mute] start mute:0
06-09 15:31:24.743 18417 18417 I [Awinic] [3-0058]aw_acf_get_prof_desc_form_name: get prof desc down
06-09 15:31:24.758 18417 18417 I [Awinic] [3-005b]aw_acf_get_prof_desc_form_name: get prof desc down
06-09 15:31:25.173 460 460 I gsensor_mxc6655 5-0015: set sensor poll time to 200ms
06-09 15:31:21.462 851 851 D RILJ : [0323]> SEND_DEVICE_STATE 2:true [PHONE0]
06-09 15:31:21.462 526 526 D RILC : sendDeviceState: calling screen state 0
06-09 15:31:21.462 526 526 D RILC : onRequest: SCREEN_STATE datalen=4 request_value:61
06-09 15:31:21.462 851 1064 D RILJ : [0323]< SEND_DEVICE_STATE [PHONE0]
06-09 15:31:21.463 851 851 D RILJ : [0324]> SET_UNSOLICITED_RESPONSE_FILTER 32 [PHONE0]
06-09 15:31:21.463 851 1064 D RILJ : [0324]< SET_UNSOLICITED_RESPONSE_FILTER error 6 [PHONE0]
06-09 15:31:21.463 851 1064 D RilRequest: [0324]< SET_UNSOLICITED_RESPONSE_FILTER error: com.android.internal.telephony.CommandException: REQUEST_NOT_SUPPORTED ret= result=null
06-09 15:31:21.464 851 851 E RILJ : setSignalStrengthReportingCriteria ignored on IRadio version less than 1.2 [PHONE0]
06-09 15:31:21.464 851 851 E RILJ : setSignalStrengthReportingCriteria ignored on IRadio version less than 1.2 [PHONE0]
06-09 15:31:21.464 851 851 E RILJ : setSignalStrengthReportingCriteria ignored on IRadio version less than 1.2 [PHONE0]
06-09 15:31:21.464 851 851 D NetworkTypeController: [0] LegacyState: process EVENT_PHYSICAL_CHANNEL_CONFIG_NOTIF_CHANGED
06-09 15:31:21.464 851 851 D NetworkTypeController: [0] Remove all timers
06-09 15:31:21.464 851 851 D NetworkTypeController: [0] DefaultState: process EVENT_PHYSICAL_CHANNEL_CONFIG_NOTIF_CHANGED
06-09 15:31:21.464 851 851 D NetworkTypeController: [0] mIsPhysicalChannelConfigOn changed to: false
06-09 15:31:21.464 851 851 D NetworkTypeController: [0] Remove all timers
06-09 15:31:25.199 439 439 W healthd : battery l=52 v=7626 t=33.5 h=1 st=3 c=-512000 fc=9700000 chg=
06-09 15:31:25.518 347 347 I rockchip-vop2 fdd90000.vop: [drm:vop2_crtc_atomic_disable] Crtc atomic disable vp2
06-09 15:31:25.529 347 347 E rockchip-vop2 fdd90000.vop: [drm:vop2_crtc_atomic_disable] *ERROR* unexpected power on pd7
06-09 15:31:21.848 851 851 D DCT-C-0 : screen off
06-09 15:31:21.848 851 851 D DCT-C-0 : stopNetStatPoll
06-09 15:31:26.089 427 427 W : abc audioDBG [es8323_mute] start mute:1
06-09 15:31:26.090 427 427 I [Awinic] [3-0058]aw_acf_get_prof_desc_form_name: get prof desc down
06-09 15:31:26.090 427 427 I [Awinic] [3-005b]aw_acf_get_prof_desc_form_name: get prof desc down
06-09 15:31:26.164 1 1 I init : processing action (debug.beidou_leavesuspend=*) from (/system/etc/init/hw/init.rc:1293)
06-09 15:31:26.167 1 1 W : debug.beidou_leavesuspend wakeup
06-09 15:31:22.454 851 851 D RILJ : [0325]> SEND_DEVICE_STATE 2:false [PHONE0]
06-09 15:31:22.454 526 526 D RILC : sendDeviceState: calling screen state 1
06-09 15:31:22.454 526 526 D RILC : onRequest: SCREEN_STATE datalen=4 request_value:61
06-09 15:31:22.454 851 851 D RILJ : [0326]> SET_UNSOLICITED_RESPONSE_FILTER 127 [PHONE0]
06-09 15:31:22.455 851 1064 D RILJ : [0325]< SEND_DEVICE_STATE [PHONE0]
06-09 15:31:22.455 851 851 E RILJ : setSignalStrengthReportingCriteria ignored on IRadio version less than 1.2 [PHONE0]
06-09 15:31:22.455 851 851 E RILJ : setSignalStrengthReportingCriteria ignored on IRadio version less than 1.2 [PHONE0]
06-09 15:31:22.456 851 851 E RILJ : setSignalStrengthReportingCriteria ignored on IRadio version less than 1.2 [PHONE0]
06-09 15:31:22.456 851 1064 D RILJ : [0326]< SET_UNSOLICITED_RESPONSE_FILTER error 6 [PHONE0]
06-09 15:31:22.456 851 851 D NetworkTypeController: [0] LegacyState: process EVENT_PHYSICAL_CHANNEL_CONFIG_NOTIF_CHANGED
06-09 15:31:22.456 851 851 D NetworkTypeController: [0] Remove all timers
06-09 15:31:22.456 851 851 D NetworkTypeController: [0] DefaultState: process EVENT_PHYSICAL_CHANNEL_CONFIG_NOTIF_CHANGED
06-09 15:31:22.456 851 851 D NetworkTypeController: [0] mIsPhysicalChannelConfigOn changed to: true
06-09 15:31:22.456 851 1064 D RilRequest: [0326]< SET_UNSOLICITED_RESPONSE_FILTER error: com.android.internal.telephony.CommandException: REQUEST_NOT_SUPPORTED ret= result=null
06-09 15:31:26.191 460 460 I gsensor_mxc6655 5-0015: set sensor poll time to 200ms
06-09 15:31:26.192 460 460 I gsensor_mxc6655 5-0015: sensor on: starting poll sensor data 196ms
06-09 15:31:26.210 439 439 W healthd : battery l=52 v=7626 t=33.5 h=1 st=3 c=-256000 fc=9700000 chg=
06-09 15:31:26.235 460 460 I gsensor_mxc6655 5-0015: set sensor poll time to 66ms
06-09 15:31:26.236 347 347 I rockchip-vop2 fdd90000.vop: [drm:vop2_crtc_atomic_enable] Update mode to 1536x2048p55, type: 16(if:60) for vp2 dclk: 192000000
06-09 15:31:26.237 347 347 I rockchip-vop2 fdd90000.vop: [drm:vop2_crtc_atomic_enable] dclk_out2 div: 2 dclk_core2 div: 1
06-09 15:31:26.237 347 347 I rockchip-vop2 fdd90000.vop: [drm:vop2_crtc_atomic_enable] set dclk_vop2 to 96000000, get 96000000
06-09 15:31:22.514 851 851 D DCT-C-0 : screen on
06-09 15:31:22.514 851 851 D DCT-C-0 : stopNetStatPoll
06-09 15:31:26.745 347 347 I dw-mipi-dsi2 fde20000.dsi: [drm:dw_mipi_dsi2_encoder_enable] final DSI-Link bandwidth: 639999 x 8 Kbps
06-09 15:31:26.854 357 357 E rockchip-vop2 fdd90000.vop: [drm:vop2_wait_power_domain_off] *ERROR* wait pd7 off timeout power_ctrl: 0x7f
06-09 15:31:23.664 526 549 D RILU : find_pci_device is 0
06-09 15:31:23.664 526 549 D RILC : PCI can't find at device
06-09 15:31:23.666 526 549 D RILC : USB can't find at device
06-09 15:31:29.797 18417 18417 W : abc audioDBG [es8323_mute] start mute:0
06-09 15:31:29.807 18417 18417 I [Awinic] [3-0058]aw_acf_get_prof_desc_form_name: get prof desc down
06-09 15:31:29.822 18417 18417 I [Awinic] [3-005b]aw_acf_get_prof_desc_form_name: get prof desc down
06-09 15:31:26.667 526 549 D RILU : find_pci_device is 0
06-09 15:31:26.667 526 549 D RILC : PCI can't find at device
06-09 15:31:26.670 526 549 D RILC : USB can't find at device
06-09 15:31:30.946 1 1 I init : processing action (debug.beidou_entersuspend=*) from (/system/etc/init/hw/init.rc:1286)
06-09 15:31:30.946 1 1 W : debug.beidou_entersuspend $PMTK161,0*28\r\n
06-09 15:31:30.947 1 1 I init : starting service 'gps_suspend'...
06-09 15:31:30.989 1 1 I init : Service 'gps_suspend' (pid 11508) exited with status 0 oneshot service took 0.023000 seconds in background
06-09 15:31:30.989 1 1 I init : Sending signal 9 to service 'gps_suspend' (pid 11508) process group...
06-09 15:31:30.989 1 1 I libprocessgroup: Successfully killed process cgroup uid 0 pid 11508 in 0ms
06-09 15:31:31.419 460 460 I gsensor_mxc6655 5-0015: set sensor poll time to 200ms
06-09 15:31:31.450 439 439 W healthd : battery l=52 v=7602 t=33.5 h=1 st=3 c=-512000 fc=9700000 chg=
06-09 15:31:27.728 851 851 D RILJ : [0327]> SEND_DEVICE_STATE 2:true [PHONE0]
06-09 15:31:27.729 526 526 D RILC : sendDeviceState: calling screen state 0
06-09 15:31:27.729 526 526 D RILC : onRequest: SCREEN_STATE datalen=4 request_value:61
06-09 15:31:27.729 851 1064 D RILJ : [0327]< SEND_DEVICE_STATE [PHONE0]
06-09 15:31:27.730 851 851 D RILJ : [0328]> SET_UNSOLICITED_RESPONSE_FILTER 32 [PHONE0]
06-09 15:31:27.731 851 851 E RILJ : setSignalStrengthReportingCriteria ignored on IRadio version less than 1.2 [PHONE0]
06-09 15:31:27.731 851 851 E RILJ : setSignalStrengthReportingCriteria ignored on IRadio version less than 1.2 [PHONE0]
06-09 15:31:27.731 851 851 E RILJ : setSignalStrengthReportingCriteria ignored on IRadio version less than 1.2 [PHONE0]
06-09 15:31:27.731 851 851 D NetworkTypeController: [0] LegacyState: process EVENT_PHYSICAL_CHANNEL_CONFIG_NOTIF_CHANGED
06-09 15:31:27.731 851 851 D NetworkTypeController: [0] Remove all timers
06-09 15:31:27.731 851 851 D NetworkTypeController: [0] DefaultState: process EVENT_PHYSICAL_CHANNEL_CONFIG_NOTIF_CHANGED
06-09 15:31:27.731 851 851 D NetworkTypeController: [0] mIsPhysicalChannelConfigOn changed to: false
06-09 15:31:27.731 851 851 D NetworkTypeController: [0] Remove all timers
06-09 15:31:27.732 851 1064 D RILJ : [0328]< SET_UNSOLICITED_RESPONSE_FILTER error 6 [PHONE0]
06-09 15:31:27.732 851 1064 D RilRequest: [0328]< SET_UNSOLICITED_RESPONSE_FILTER error: com.android.internal.telephony.CommandException: REQUEST_NOT_SUPPORTED ret= result=null
06-09 15:31:31.470 439 439 W healthd : battery l=51 v=7558 t=33.5 h=1 st=3 c=-512000 fc=9700000 chg=
06-09 15:31:31.765 347 347 I rockchip-vop2 fdd90000.vop: [drm:vop2_crtc_atomic_disable] Crtc atomic disable vp2
06-09 15:31:31.776 347 347 E rockchip-vop2 fdd90000.vop: [drm:vop2_crtc_atomic_disable] *ERROR* unexpected power on pd7
06-09 15:31:28.102 851 851 D DCT-C-0 : screen off
06-09 15:31:28.102 851 851 D DCT-C-0 : stopNetStatPoll
06-09 15:31:32.094 1 1 I init : processing action (debug.beidou_leavesuspend=*) from (/system/etc/init/hw/init.rc:1293)
06-09 15:31:28.392 851 851 D RILJ : [0329]> SEND_DEVICE_STATE 2:false [PHONE0]
06-09 15:31:28.392 526 526 D RILC : sendDeviceState: calling screen state 1
06-09 15:31:28.392 526 526 D RILC : onRequest: SCREEN_STATE datalen=4 request_value:61
06-09 15:31:28.392 851 1064 D RILJ : [0329]< SEND_DEVICE_STATE [PHONE0]
06-09 15:31:32.096 1 1 W : debug.beidou_leavesuspend wakeup
06-09 15:31:32.121 460 460 I gsensor_mxc6655 5-0015: set sensor poll time to 200ms
06-09 15:31:28.395 851 851 D RILJ : [0330]> SET_UNSOLICITED_RESPONSE_FILTER 127 [PHONE0]
06-09 15:31:28.396 851 1064 D RILJ : [0330]< SET_UNSOLICITED_RESPONSE_FILTER error 6 [PHONE0]
06-09 15:31:28.396 851 1064 D RilRequest: [0330]< SET_UNSOLICITED_RESPONSE_FILTER error: com.android.internal.telephony.CommandException: REQUEST_NOT_SUPPORTED ret= result=null
06-09 15:31:28.399 851 851 E RILJ : setSignalStrengthReportingCriteria ignored on IRadio version less than 1.2 [PHONE0]
06-09 15:31:28.399 851 851 E RILJ : setSignalStrengthReportingCriteria ignored on IRadio version less than 1.2 [PHONE0]
06-09 15:31:28.399 851 851 E RILJ : setSignalStrengthReportingCriteria ignored on IRadio version less than 1.2 [PHONE0]
06-09 15:31:28.399 851 851 D NetworkTypeController: [0] LegacyState: process EVENT_PHYSICAL_CHANNEL_CONFIG_NOTIF_CHANGED
06-09 15:31:28.399 851 851 D NetworkTypeController: [0] Remove all timers
06-09 15:31:28.399 851 851 D NetworkTypeController: [0] DefaultState: process EVENT_PHYSICAL_CHANNEL_CONFIG_NOTIF_CHANGED
06-09 15:31:28.399 851 851 D NetworkTypeController: [0] mIsPhysicalChannelConfigOn changed to: true
06-09 15:31:32.122 460 460 I gsensor_mxc6655 5-0015: sensor on: starting poll sensor data 196ms
06-09 15:31:32.134 439 439 W healthd : battery l=51 v=7558 t=33.5 h=1 st=3 c=-512000 fc=9700000 chg=
06-09 15:31:32.163 347 347 I rockchip-vop2 fdd90000.vop: [drm:vop2_crtc_atomic_enable] Update mode to 1536x2048p55, type: 16(if:60) for vp2 dclk: 192000000
06-09 15:31:32.164 347 347 I rockchip-vop2 fdd90000.vop: [drm:vop2_crtc_atomic_enable] dclk_out2 div: 2 dclk_core2 div: 1
06-09 15:31:32.164 347 347 I rockchip-vop2 fdd90000.vop: [drm:vop2_crtc_atomic_enable] set dclk_vop2 to 96000000, get 96000000
06-09 15:31:28.444 851 851 D DCT-C-0 : screen on
06-09 15:31:28.444 851 851 D DCT-C-0 : stopNetStatPoll
06-09 15:31:32.211 460 460 I gsensor_mxc6655 5-0015: set sensor poll time to 66ms
06-09 15:31:32.672 347 347 I dw-mipi-dsi2 fde20000.dsi: [drm:dw_mipi_dsi2_encoder_enable] final DSI-Link bandwidth: 639999 x 8 Kbps
06-09 15:31:33.067 357 357 E rockchip-vop2 fdd90000.vop: [drm:vop2_wait_power_domain_off] *ERROR* wait pd7 off timeout power_ctrl: 0x7a
06-09 15:31:29.671 526 549 D RILU : find_pci_device is 0
06-09 15:31:29.671 526 549 D RILC : PCI can't find at device
06-09 15:31:29.674 526 549 D RILC : USB can't find at device
06-09 15:31:33.566 427 427 W : abc audioDBG [es8323_mute] start mute:1
06-09 15:31:33.566 427 427 I [Awinic] [3-0058]aw_acf_get_prof_desc_form_name: get prof desc down
06-09 15:31:33.567 427 427 I [Awinic] [3-005b]aw_acf_get_prof_desc_form_name: get prof desc down
06-09 15:31:33.853 1 1 I init : processing action (debug.beidou_entersuspend=*) from (/system/etc/init/hw/init.rc:1286)
06-09 15:31:33.854 1 1 W : debug.beidou_entersuspend $PMTK161,0*28\r\n
06-09 15:31:33.862 1 1 I init : starting service 'gps_suspend'...
06-09 15:31:33.893 1 1 I init : Service 'gps_suspend' (pid 11542) exited with status 0 oneshot service took 0.019000 seconds in background
06-09 15:31:33.893 1 1 I init : Sending signal 9 to service 'gps_suspend' (pid 11542) process group...
06-09 15:31:33.900 18417 18417 W : abc audioDBG [es8323_mute] start mute:0
06-09 15:31:33.910 18417 18417 I [Awinic] [3-0058]aw_acf_get_prof_desc_form_name: get prof desc down
06-09 15:31:33.926 18417 18417 I [Awinic] [3-005b]aw_acf_get_prof_desc_form_name: get prof desc down
06-09 15:31:34.349 460 460 I gsensor_mxc6655 5-0015: set sensor poll time to 200ms
06-09 15:31:30.652 851 851 D RILJ : [0331]> SEND_DEVICE_STATE 2:true [PHONE0]
06-09 15:31:30.652 526 526 D RILC : sendDeviceState: calling screen state 0
06-09 15:31:30.652 526 526 D RILC : onRequest: SCREEN_STATE datalen=4 request_value:61
06-09 15:31:30.652 851 1064 D RILJ : [0331]< SEND_DEVICE_STATE [PHONE0]
06-09 15:31:30.653 851 851 D RILJ : [0332]> SET_UNSOLICITED_RESPONSE_FILTER 32 [PHONE0]
06-09 15:31:30.653 851 1064 D RILJ : [0332]< SET_UNSOLICITED_RESPONSE_FILTER error 6 [PHONE0]
06-09 15:31:30.653 851 1064 D RilRequest: [0332]< SET_UNSOLICITED_RESPONSE_FILTER error: com.android.internal.telephony.CommandException: REQUEST_NOT_SUPPORTED ret= result=null
06-09 15:31:30.654 851 851 E RILJ : setSignalStrengthReportingCriteria ignored on IRadio version less than 1.2 [PHONE0]
06-09 15:31:30.654 851 851 E RILJ : setSignalStrengthReportingCriteria ignored on IRadio version less than 1.2 [PHONE0]
06-09 15:31:30.654 851 851 E RILJ : setSignalStrengthReportingCriteria ignored on IRadio version less than 1.2 [PHONE0]
06-09 15:31:30.654 851 851 D NetworkTypeController: [0] LegacyState: process EVENT_PHYSICAL_CHANNEL_CONFIG_NOTIF_CHANGED
06-09 15:31:30.654 851 851 D NetworkTypeController: [0] Remove all timers
06-09 15:31:30.655 851 851 D NetworkTypeController: [0] DefaultState: process EVENT_PHYSICAL_CHANNEL_CONFIG_NOTIF_CHANGED
06-09 15:31:30.655 851 851 D NetworkTypeController: [0] mIsPhysicalChannelConfigOn changed to: false
06-09 15:31:30.655 851 851 D NetworkTypeController: [0] Remove all timers
06-09 15:31:34.391 439 439 W healthd : battery l=51 v=7558 t=33.5 h=1 st=3 c=-512000 fc=9700000 chg=
06-09 15:31:34.702 347 347 I rockchip-vop2 fdd90000.vop: [drm:vop2_crtc_atomic_disable] Crtc atomic disable vp2
06-09 15:31:34.715 347 347 E rockchip-vop2 fdd90000.vop: [drm:vop2_crtc_atomic_disable] *ERROR* unexpected power on pd7
06-09 15:31:31.046 851 851 D DCT-C-0 : screen off
06-09 15:31:31.046 851 851 D DCT-C-0 : stopNetStatPoll
06-09 15:31:31.167 851 851 D RILJ : [0333]> SEND_DEVICE_STATE 2:false [PHONE0]
06-09 15:31:31.168 526 526 D RILC : sendDeviceState: calling screen state 1
06-09 15:31:31.168 526 526 D RILC : onRequest: SCREEN_STATE datalen=4 request_value:61
06-09 15:31:31.168 851 851 D RILJ : [0334]> SET_UNSOLICITED_RESPONSE_FILTER 127 [PHONE0]
06-09 15:31:31.168 851 1064 D RILJ : [0333]< SEND_DEVICE_STATE [PHONE0]
06-09 15:31:31.168 851 1064 D RILJ : [0334]< SET_UNSOLICITED_RESPONSE_FILTER error 6 [PHONE0]
06-09 15:31:31.168 851 1064 D RilRequest: [0334]< SET_UNSOLICITED_RESPONSE_FILTER error: com.android.internal.telephony.CommandException: REQUEST_NOT_SUPPORTED ret= result=null
06-09 15:31:31.169 851 851 E RILJ : setSignalStrengthReportingCriteria ignored on IRadio version less than 1.2 [PHONE0]
06-09 15:31:31.169 851 851 E RILJ : setSignalStrengthReportingCriteria ignored on IRadio version less than 1.2 [PHONE0]
06-09 15:31:31.169 851 851 E RILJ : setSignalStrengthReportingCriteria ignored on IRadio version less than 1.2 [PHONE0]
06-09 15:31:31.169 851 851 D NetworkTypeController: [0] LegacyState: process EVENT_PHYSICAL_CHANNEL_CONFIG_NOTIF_CHANGED
06-09 15:31:31.169 851 851 D NetworkTypeController: [0] Remove all timers
06-09 15:31:31.169 851 851 D NetworkTypeController: [0] DefaultState: process EVENT_PHYSICAL_CHANNEL_CONFIG_NOTIF_CHANGED
06-09 15:31:31.169 851 851 D NetworkTypeController: [0] mIsPhysicalChannelConfigOn changed to: true
06-09 15:31:34.880 1 1 W : debug.beidou_leavesuspend wakeup
06-09 15:31:34.893 460 460 I gsensor_mxc6655 5-0015: set sensor poll time to 200ms
06-09 15:31:34.894 460 460 I gsensor_mxc6655 5-0015: sensor on: starting poll sensor data 196ms
06-09 15:31:34.905 439 439 W healthd : battery l=51 v=7558 t=33.5 h=1 st=3 c=-512000 fc=9700000 chg=
06-09 15:31:31.193 851 851 D DCT-C-0 : screen on
06-09 15:31:31.193 851 851 D DCT-C-0 : stopNetStatPoll
06-09 15:31:34.950 347 347 I rockchip-vop2 fdd90000.vop: [drm:vop2_crtc_atomic_enable] Update mode to 1536x2048p55, type: 16(if:60) for vp2 dclk: 192000000
06-09 15:31:34.951 347 347 I rockchip-vop2 fdd90000.vop: [drm:vop2_crtc_atomic_enable] dclk_out2 div: 2 dclk_core2 div: 1
