06-09 15:31:34.951 347 347 I rockchip-vop2 fdd90000.vop: [drm:vop2_crtc_atomic_enable] set dclk_vop2 to 96000000, get 96000000
06-09 15:31:34.983 460 460 I gsensor_mxc6655 5-0015: set sensor poll time to 66ms
06-09 15:31:35.458 347 347 I dw-mipi-dsi2 fde20000.dsi: [drm:dw_mipi_dsi2_encoder_enable] final DSI-Link bandwidth: 639999 x 8 Kbps
06-09 15:31:35.836 357 357 E rockchip-vop2 fdd90000.vop: [drm:vop2_wait_power_domain_off] *ERROR* wait pd7 off timeout power_ctrl: 0x7a
06-09 15:31:32.675 526 549 D RILU : find_pci_device is 0
06-09 15:31:32.675 526 549 D RILC : PCI can't find at device
06-09 15:31:32.679 526 549 D RILC : USB can't find at device
06-09 15:31:36.743 1 1 I init : processing action (debug.beidou_entersuspend=*) from (/system/etc/init/hw/init.rc:1286)
06-09 15:31:36.745 1 1 W : debug.beidou_entersuspend $PMTK161,0*28\r\n
06-09 15:31:36.746 1 1 I init : starting service 'gps_suspend'...
06-09 15:31:36.772 1 1 I init : Service 'gps_suspend' (pid 11575) exited with status 0 oneshot service took 0.002000 seconds in background
06-09 15:31:36.772 1 1 I init : Sending signal 9 to service 'gps_suspend' (pid 11575) process group...
06-09 15:31:36.773 1 1 I libprocessgroup: Successfully killed process cgroup uid 0 pid 11575 in 0ms
06-09 15:31:37.198 439 439 W healthd : battery l=51 v=7548 t=33.5 h=1 st=3 c=-512000 fc=9700000 chg=
06-09 15:31:37.199 444 444 I gsensor_mxc6655 5-0015: set sensor poll time to 200ms
06-09 15:31:33.490 851 851 D RILJ : [0335]> SEND_DEVICE_STATE 2:true [PHONE0]
06-09 15:31:33.490 526 526 D RILC : sendDeviceState: calling screen state 0
06-09 15:31:33.490 526 526 D RILC : onRequest: SCREEN_STATE datalen=4 request_value:61
06-09 15:31:33.491 851 1064 D RILJ : [0335]< SEND_DEVICE_STATE [PHONE0]
06-09 15:31:33.491 851 851 D RILJ : [0336]> SET_UNSOLICITED_RESPONSE_FILTER 32 [PHONE0]
06-09 15:31:33.491 851 851 E RILJ : setSignalStrengthReportingCriteria ignored on IRadio version less than 1.2 [PHONE0]
06-09 15:31:33.491 851 1064 D RILJ : [0336]< SET_UNSOLICITED_RESPONSE_FILTER error 6 [PHONE0]
06-09 15:31:33.491 851 851 E RILJ : setSignalStrengthReportingCriteria ignored on IRadio version less than 1.2 [PHONE0]
06-09 15:31:33.491 851 851 E RILJ : setSignalStrengthReportingCriteria ignored on IRadio version less than 1.2 [PHONE0]
06-09 15:31:33.491 851 1064 D RilRequest: [0336]< SET_UNSOLICITED_RESPONSE_FILTER error: com.android.internal.telephony.CommandException: REQUEST_NOT_SUPPORTED ret= result=null
06-09 15:31:33.491 851 851 D NetworkTypeController: [0] LegacyState: process EVENT_PHYSICAL_CHANNEL_CONFIG_NOTIF_CHANGED
06-09 15:31:33.492 851 851 D NetworkTypeController: [0] Remove all timers
06-09 15:31:33.492 851 851 D NetworkTypeController: [0] DefaultState: process EVENT_PHYSICAL_CHANNEL_CONFIG_NOTIF_CHANGED
06-09 15:31:33.492 851 851 D NetworkTypeController: [0] mIsPhysicalChannelConfigOn changed to: false
06-09 15:31:33.492 851 851 D NetworkTypeController: [0] Remove all timers
06-09 15:31:37.545 347 347 I rockchip-vop2 fdd90000.vop: [drm:vop2_crtc_atomic_disable] Crtc atomic disable vp2
06-09 15:31:37.557 347 347 E rockchip-vop2 fdd90000.vop: [drm:vop2_crtc_atomic_disable] *ERROR* unexpected power on pd7
06-09 15:31:33.867 851 851 D DCT-C-0 : screen off
06-09 15:31:33.867 851 851 D DCT-C-0 : stopNetStatPoll
06-09 15:31:37.745 1 1 I init : processing action (debug.beidou_leavesuspend=*) from (/system/etc/init/hw/init.rc:1293)
06-09 15:31:34.038 851 851 D RILJ : [0337]> SEND_DEVICE_STATE 2:false [PHONE0]
06-09 15:31:34.039 526 526 D RILC : sendDeviceState: calling screen state 1
06-09 15:31:34.039 526 526 D RILC : onRequest: SCREEN_STATE datalen=4 request_value:61
06-09 15:31:34.040 851 1064 D RILJ : [0337]< SEND_DEVICE_STATE [PHONE0]
06-09 15:31:34.041 851 851 D RILJ : [0338]> SET_UNSOLICITED_RESPONSE_FILTER 127 [PHONE0]
06-09 15:31:34.041 851 1064 D RILJ : [0338]< SET_UNSOLICITED_RESPONSE_FILTER error 6 [PHONE0]
06-09 15:31:34.041 851 1064 D RilRequest: [0338]< SET_UNSOLICITED_RESPONSE_FILTER error: com.android.internal.telephony.CommandException: REQUEST_NOT_SUPPORTED ret= result=null
06-09 15:31:34.042 851 851 E RILJ : setSignalStrengthReportingCriteria ignored on IRadio version less than 1.2 [PHONE0]
06-09 15:31:34.042 851 851 E RILJ : setSignalStrengthReportingCriteria ignored on IRadio version less than 1.2 [PHONE0]
06-09 15:31:34.043 851 851 E RILJ : setSignalStrengthReportingCriteria ignored on IRadio version less than 1.2 [PHONE0]
06-09 15:31:34.043 851 851 D NetworkTypeController: [0] LegacyState: process EVENT_PHYSICAL_CHANNEL_CONFIG_NOTIF_CHANGED
06-09 15:31:34.043 851 851 D NetworkTypeController: [0] Remove all timers
06-09 15:31:37.746 1 1 W : debug.beidou_leavesuspend wakeup
06-09 15:31:37.771 439 439 W healthd : battery l=51 v=7548 t=33.5 h=1 st=3 c=-256000 fc=9700000 chg=
06-09 15:31:34.043 851 851 D NetworkTypeController: [0] DefaultState: process EVENT_PHYSICAL_CHANNEL_CONFIG_NOTIF_CHANGED
06-09 15:31:34.043 851 851 D NetworkTypeController: [0] mIsPhysicalChannelConfigOn changed to: true
06-09 15:31:37.780 444 444 I gsensor_mxc6655 5-0015: set sensor poll time to 200ms
06-09 15:31:37.781 444 444 I gsensor_mxc6655 5-0015: sensor on: starting poll sensor data 196ms
06-09 15:31:34.087 851 851 D DCT-C-0 : screen on
06-09 15:31:34.087 851 851 D DCT-C-0 : stopNetStatPoll
06-09 15:31:37.817 347 347 I rockchip-vop2 fdd90000.vop: [drm:vop2_crtc_atomic_enable] Update mode to 1536x2048p55, type: 16(if:60) for vp2 dclk: 192000000
06-09 15:31:37.818 347 347 I rockchip-vop2 fdd90000.vop: [drm:vop2_crtc_atomic_enable] dclk_out2 div: 2 dclk_core2 div: 1
06-09 15:31:37.818 347 347 I rockchip-vop2 fdd90000.vop: [drm:vop2_crtc_atomic_enable] set dclk_vop2 to 96000000, get 96000000
06-09 15:31:37.911 444 444 I gsensor_mxc6655 5-0015: set sensor poll time to 66ms
06-09 15:31:38.328 347 347 I dw-mipi-dsi2 fde20000.dsi: [drm:dw_mipi_dsi2_encoder_enable] final DSI-Link bandwidth: 639999 x 8 Kbps
06-09 15:31:38.429 357 357 E rockchip-vop2 fdd90000.vop: [drm:vop2_wait_power_domain_off] *ERROR* wait pd7 off timeout power_ctrl: 0x7f
06-09 15:31:39.182 4266 4266 W : abc audioDBG [es8323_mute] start mute:1
06-09 15:31:39.182 4266 4266 I [Awinic] [3-0058]aw_acf_get_prof_desc_form_name: get prof desc down
06-09 15:31:39.183 4266 4266 I [Awinic] [3-005b]aw_acf_get_prof_desc_form_name: get prof desc down
06-09 15:31:35.679 526 549 D RILU : find_pci_device is 0
06-09 15:31:35.680 526 549 D RILC : PCI can't find at device
06-09 15:31:35.682 526 549 D RILC : USB can't find at device
06-09 15:31:39.434 1 1 I init : processing action (debug.beidou_entersuspend=*) from (/system/etc/init/hw/init.rc:1286)
06-09 15:31:39.435 1 1 W : debug.beidou_entersuspend $PMTK161,0*28\r\n
06-09 15:31:39.435 1 1 I init : starting service 'gps_suspend'...
06-09 15:31:39.455 1 1 I init : Service 'gps_suspend' (pid 11635) exited with status 0 oneshot service took 0.017000 seconds in background
06-09 15:31:39.455 1 1 I init : Sending signal 9 to service 'gps_suspend' (pid 11635) process group...
06-09 15:31:39.471 18417 18417 W : abc audioDBG [es8323_mute] start mute:0
06-09 15:31:39.481 18417 18417 I [Awinic] [3-0058]aw_acf_get_prof_desc_form_name: get prof desc down
06-09 15:31:39.495 18417 18417 I [Awinic] [3-005b]aw_acf_get_prof_desc_form_name: get prof desc down
06-09 15:31:39.920 444 444 I gsensor_mxc6655 5-0015: set sensor poll time to 200ms
06-09 15:31:39.926 439 439 W healthd : battery l=51 v=7548 t=33.5 h=1 st=3 c=-512000 fc=9700000 chg=
06-09 15:31:36.220 851 851 D RILJ : [0339]> SEND_DEVICE_STATE 2:true [PHONE0]
06-09 15:31:36.221 526 526 D RILC : sendDeviceState: calling screen state 0
06-09 15:31:36.221 526 526 D RILC : onRequest: SCREEN_STATE datalen=4 request_value:61
06-09 15:31:36.221 851 1064 D RILJ : [0339]< SEND_DEVICE_STATE [PHONE0]
06-09 15:31:36.221 851 851 D RILJ : [0340]> SET_UNSOLICITED_RESPONSE_FILTER 32 [PHONE0]
06-09 15:31:36.222 851 1064 D RILJ : [0340]< SET_UNSOLICITED_RESPONSE_FILTER error 6 [PHONE0]
06-09 15:31:36.222 851 1064 D RilRequest: [0340]< SET_UNSOLICITED_RESPONSE_FILTER error: com.android.internal.telephony.CommandException: REQUEST_NOT_SUPPORTED ret= result=null
06-09 15:31:36.222 851 851 E RILJ : setSignalStrengthReportingCriteria ignored on IRadio version less than 1.2 [PHONE0]
06-09 15:31:36.223 851 851 E RILJ : setSignalStrengthReportingCriteria ignored on IRadio version less than 1.2 [PHONE0]
06-09 15:31:36.223 851 851 E RILJ : setSignalStrengthReportingCriteria ignored on IRadio version less than 1.2 [PHONE0]
06-09 15:31:36.223 851 851 D NetworkTypeController: [0] LegacyState: process EVENT_PHYSICAL_CHANNEL_CONFIG_NOTIF_CHANGED
06-09 15:31:36.223 851 851 D NetworkTypeController: [0] Remove all timers
06-09 15:31:36.223 851 851 D NetworkTypeController: [0] DefaultState: process EVENT_PHYSICAL_CHANNEL_CONFIG_NOTIF_CHANGED
06-09 15:31:36.223 851 851 D NetworkTypeController: [0] mIsPhysicalChannelConfigOn changed to: false
06-09 15:31:36.223 851 851 D NetworkTypeController: [0] Remove all timers
06-09 15:31:40.305 347 347 I rockchip-vop2 fdd90000.vop: [drm:vop2_crtc_atomic_disable] Crtc atomic disable vp2
06-09 15:31:40.314 347 347 E rockchip-vop2 fdd90000.vop: [drm:vop2_crtc_atomic_disable] *ERROR* unexpected power on pd7
06-09 15:31:36.659 851 851 D DCT-C-0 : screen off
06-09 15:31:36.659 851 851 D DCT-C-0 : stopNetStatPoll
06-09 15:31:36.792 851 851 D RILJ : [0341]> SEND_DEVICE_STATE 2:false [PHONE0]
06-09 15:31:36.793 526 526 D RILC : sendDeviceState: calling screen state 1
06-09 15:31:36.793 526 526 D RILC : onRequest: SCREEN_STATE datalen=4 request_value:61
06-09 15:31:36.793 851 1064 D RILJ : [0341]< SEND_DEVICE_STATE [PHONE0]
06-09 15:31:40.515 1 1 W : debug.beidou_leavesuspend wakeup
06-09 15:31:40.518 460 460 I gsensor_mxc6655 5-0015: set sensor poll time to 200ms
06-09 15:31:36.794 851 851 D RILJ : [0342]> SET_UNSOLICITED_RESPONSE_FILTER 127 [PHONE0]
06-09 15:31:36.794 851 1064 D RILJ : [0342]< SET_UNSOLICITED_RESPONSE_FILTER error 6 [PHONE0]
06-09 15:31:36.795 851 851 E RILJ : setSignalStrengthReportingCriteria ignored on IRadio version less than 1.2 [PHONE0]
06-09 15:31:36.795 851 1064 D RilRequest: [0342]< SET_UNSOLICITED_RESPONSE_FILTER error: com.android.internal.telephony.CommandException: REQUEST_NOT_SUPPORTED ret= result=null
06-09 15:31:36.795 851 851 E RILJ : setSignalStrengthReportingCriteria ignored on IRadio version less than 1.2 [PHONE0]
06-09 15:31:36.795 851 851 E RILJ : setSignalStrengthReportingCriteria ignored on IRadio version less than 1.2 [PHONE0]
06-09 15:31:36.795 851 851 D NetworkTypeController: [0] LegacyState: process EVENT_PHYSICAL_CHANNEL_CONFIG_NOTIF_CHANGED
06-09 15:31:36.795 851 851 D NetworkTypeController: [0] Remove all timers
06-09 15:31:36.795 851 851 D NetworkTypeController: [0] DefaultState: process EVENT_PHYSICAL_CHANNEL_CONFIG_NOTIF_CHANGED
06-09 15:31:36.795 851 851 D NetworkTypeController: [0] mIsPhysicalChannelConfigOn changed to: true
06-09 15:31:40.519 460 460 I gsensor_mxc6655 5-0015: sensor on: starting poll sensor data 196ms
06-09 15:31:40.527 439 439 W healthd : battery l=51 v=7548 t=33.5 h=1 st=3 c=-512000 fc=9700000 chg=
06-09 15:31:36.826 851 851 D DCT-C-0 : screen on
06-09 15:31:36.831 851 851 D DCT-C-0 : stopNetStatPoll
06-09 15:31:40.573 347 347 I rockchip-vop2 fdd90000.vop: [drm:vop2_crtc_atomic_enable] Update mode to 1536x2048p55, type: 16(if:60) for vp2 dclk: 192000000
06-09 15:31:40.574 347 347 I rockchip-vop2 fdd90000.vop: [drm:vop2_crtc_atomic_enable] dclk_out2 div: 2 dclk_core2 div: 1
06-09 15:31:40.574 347 347 I rockchip-vop2 fdd90000.vop: [drm:vop2_crtc_atomic_enable] set dclk_vop2 to 96000000, get 96000000
06-09 15:31:40.607 460 460 I gsensor_mxc6655 5-0015: set sensor poll time to 66ms
06-09 15:31:41.081 347 347 I dw-mipi-dsi2 fde20000.dsi: [drm:dw_mipi_dsi2_encoder_enable] final DSI-Link bandwidth: 639999 x 8 Kbps
06-09 15:31:41.476 357 357 E rockchip-vop2 fdd90000.vop: [drm:vop2_wait_power_domain_off] *ERROR* wait pd7 off timeout power_ctrl: 0x7a
06-09 15:31:41.979 4266 4266 W : abc audioDBG [es8323_mute] start mute:1
06-09 15:31:41.979 4266 4266 I [Awinic] [3-0058]aw_acf_get_prof_desc_form_name: get prof desc down
06-09 15:31:41.980 4266 4266 I [Awinic] [3-005b]aw_acf_get_prof_desc_form_name: get prof desc down
06-09 15:31:42.377 1 1 I init : processing action (debug.beidou_entersuspend=*) from (/system/etc/init/hw/init.rc:1286)
06-09 15:31:42.378 1 1 W : debug.beidou_entersuspend $PMTK161,0*28\r\n
06-09 15:31:42.379 1 1 I init : starting service 'gps_suspend'...
06-09 15:31:42.392 1 1 I init : Service 'gps_suspend' (pid 11669) exited with status 0 oneshot service took 0.004000 seconds in background
06-09 15:31:42.392 1 1 I init : Sending signal 9 to service 'gps_suspend' (pid 11669) process group...
06-09 15:31:42.392 1 1 I libprocessgroup: Successfully killed process cgroup uid 0 pid 11669 in 0ms
06-09 15:31:38.682 526 549 D RILU : find_pci_device is 0
06-09 15:31:38.682 526 549 D RILC : PCI can't find at device
06-09 15:31:38.683 526 549 D RILC : USB can't find at device
06-09 15:31:42.419 18417 18417 W : abc audioDBG [es8323_mute] start mute:0
06-09 15:31:42.429 18417 18417 I [Awinic] [3-0058]aw_acf_get_prof_desc_form_name: get prof desc down
06-09 15:31:42.443 18417 18417 I [Awinic] [3-005b]aw_acf_get_prof_desc_form_name: get prof desc down
06-09 15:31:42.862 460 460 I gsensor_mxc6655 5-0015: set sensor poll time to 200ms
06-09 15:31:39.169 851 851 D RILJ : [0343]> SEND_DEVICE_STATE 2:true [PHONE0]
06-09 15:31:39.169 526 526 D RILC : sendDeviceState: calling screen state 0
06-09 15:31:39.169 526 526 D RILC : onRequest: SCREEN_STATE datalen=4 request_value:61
06-09 15:31:39.169 851 1064 D RILJ : [0343]< SEND_DEVICE_STATE [PHONE0]
06-09 15:31:39.170 851 851 D RILJ : [0344]> SET_UNSOLICITED_RESPONSE_FILTER 32 [PHONE0]
06-09 15:31:39.170 851 1064 D RILJ : [0344]< SET_UNSOLICITED_RESPONSE_FILTER error 6 [PHONE0]
06-09 15:31:39.170 851 1064 D RilRequest: [0344]< SET_UNSOLICITED_RESPONSE_FILTER error: com.android.internal.telephony.CommandException: REQUEST_NOT_SUPPORTED ret= result=null
06-09 15:31:39.171 851 851 E RILJ : setSignalStrengthReportingCriteria ignored on IRadio version less than 1.2 [PHONE0]
06-09 15:31:39.171 851 851 E RILJ : setSignalStrengthReportingCriteria ignored on IRadio version less than 1.2 [PHONE0]
06-09 15:31:39.171 851 851 E RILJ : setSignalStrengthReportingCriteria ignored on IRadio version less than 1.2 [PHONE0]
06-09 15:31:39.171 851 851 D NetworkTypeController: [0] LegacyState: process EVENT_PHYSICAL_CHANNEL_CONFIG_NOTIF_CHANGED
06-09 15:31:39.171 851 851 D NetworkTypeController: [0] Remove all timers
06-09 15:31:39.171 851 851 D NetworkTypeController: [0] DefaultState: process EVENT_PHYSICAL_CHANNEL_CONFIG_NOTIF_CHANGED
06-09 15:31:39.172 851 851 D NetworkTypeController: [0] mIsPhysicalChannelConfigOn changed to: false
06-09 15:31:39.172 851 851 D NetworkTypeController: [0] Remove all timers
06-09 15:31:42.920 439 439 W healthd : battery l=51 v=7550 t=33.5 h=1 st=3 c=-512000 fc=9700000 chg=
06-09 15:31:43.222 347 347 I rockchip-vop2 fdd90000.vop: [drm:vop2_crtc_atomic_disable] Crtc atomic disable vp2
06-09 15:31:43.234 347 347 E rockchip-vop2 fdd90000.vop: [drm:vop2_crtc_atomic_disable] *ERROR* unexpected power on pd7
06-09 15:31:39.578 851 851 D DCT-C-0 : screen off
06-09 15:31:39.578 851 851 D DCT-C-0 : stopNetStatPoll
06-09 15:31:43.473 1 1 I init : processing action (debug.beidou_leavesuspend=*) from (/system/etc/init/hw/init.rc:1293)
06-09 15:31:43.474 1 1 W : debug.beidou_leavesuspend wakeup
06-09 15:31:43.479 460 460 I gsensor_mxc6655 5-0015: set sensor poll time to 200ms
06-09 15:31:43.481 460 460 I gsensor_mxc6655 5-0015: sensor on: starting poll sensor data 196ms
06-09 15:31:39.759 851 851 D RILJ : [0345]> SEND_DEVICE_STATE 2:false [PHONE0]
06-09 15:31:39.759 526 526 D RILC : sendDeviceState: calling screen state 1
06-09 15:31:39.759 526 526 D RILC : onRequest: SCREEN_STATE datalen=4 request_value:61
06-09 15:31:39.760 851 1064 D RILJ : [0345]< SEND_DEVICE_STATE [PHONE0]
06-09 15:31:39.762 851 851 D RILJ : [0346]> SET_UNSOLICITED_RESPONSE_FILTER 127 [PHONE0]
06-09 15:31:39.762 851 1064 D RILJ : [0346]< SET_UNSOLICITED_RESPONSE_FILTER error 6 [PHONE0]
06-09 15:31:39.762 851 1064 D RilRequest: [0346]< SET_UNSOLICITED_RESPONSE_FILTER error: com.android.internal.telephony.CommandException: REQUEST_NOT_SUPPORTED ret= result=null
06-09 15:31:39.763 851 851 E RILJ : setSignalStrengthReportingCriteria ignored on IRadio version less than 1.2 [PHONE0]
06-09 15:31:39.763 851 851 E RILJ : setSignalStrengthReportingCriteria ignored on IRadio version less than 1.2 [PHONE0]
06-09 15:31:39.763 851 851 E RILJ : setSignalStrengthReportingCriteria ignored on IRadio version less than 1.2 [PHONE0]
06-09 15:31:39.763 851 851 D NetworkTypeController: [0] LegacyState: process EVENT_PHYSICAL_CHANNEL_CONFIG_NOTIF_CHANGED
06-09 15:31:39.763 851 851 D NetworkTypeController: [0] Remove all timers
06-09 15:31:39.763 851 851 D NetworkTypeController: [0] DefaultState: process EVENT_PHYSICAL_CHANNEL_CONFIG_NOTIF_CHANGED
06-09 15:31:39.763 851 851 D NetworkTypeController: [0] mIsPhysicalChannelConfigOn changed to: true
06-09 15:31:43.488 439 439 W healthd : battery l=51 v=7550 t=33.5 h=1 st=3 c=-512000 fc=9700000 chg=
06-09 15:31:39.779 851 851 D DCT-C-0 : screen on
06-09 15:31:39.779 851 851 D DCT-C-0 : stopNetStatPoll
06-09 15:31:43.543 347 347 I rockchip-vop2 fdd90000.vop: [drm:vop2_crtc_atomic_enable] Update mode to 1536x2048p55, type: 16(if:60) for vp2 dclk: 192000000
06-09 15:31:43.544 347 347 I rockchip-vop2 fdd90000.vop: [drm:vop2_crtc_atomic_enable] dclk_out2 div: 2 dclk_core2 div: 1
06-09 15:31:43.544 347 347 I rockchip-vop2 fdd90000.vop: [drm:vop2_crtc_atomic_enable] set dclk_vop2 to 96000000, get 96000000
06-09 15:31:43.586 460 460 I gsensor_mxc6655 5-0015: set sensor poll time to 66ms
06-09 15:31:44.052 347 347 I dw-mipi-dsi2 fde20000.dsi: [drm:dw_mipi_dsi2_encoder_enable] final DSI-Link bandwidth: 639999 x 8 Kbps
06-09 15:31:44.140 357 357 E rockchip-vop2 fdd90000.vop: [drm:vop2_wait_power_domain_off] *ERROR* wait pd7 off timeout power_ctrl: 0x7f
06-09 15:31:44.948 4266 4266 W : abc audioDBG [es8323_mute] start mute:1
06-09 15:31:44.948 4266 4266 I [Awinic] [3-0058]aw_acf_get_prof_desc_form_name: get prof desc down
06-09 15:31:44.953 4266 4266 I [Awinic] [3-005b]aw_acf_get_prof_desc_form_name: get prof desc down
06-09 15:31:45.304 1 1 I init : processing action (debug.beidou_entersuspend=*) from (/system/etc/init/hw/init.rc:1286)
06-09 15:31:45.305 1 1 W : debug.beidou_entersuspend $PMTK161,0*28\r\n
06-09 15:31:45.321 1 1 I init : starting service 'gps_suspend'...
06-09 15:31:45.344 1 1 I init : Service 'gps_suspend' (pid 11703) exited with status 0 oneshot service took 0.021000 seconds in background
06-09 15:31:45.344 1 1 I init : Sending signal 9 to service 'gps_suspend' (pid 11703) process group...
06-09 15:31:45.352 18417 18417 W : abc audioDBG [es8323_mute] start mute:0
06-09 15:31:45.362 18417 18417 I [Awinic] [3-0058]aw_acf_get_prof_desc_form_name: get prof desc down
06-09 15:31:45.377 18417 18417 I [Awinic] [3-005b]aw_acf_get_prof_desc_form_name: get prof desc down
06-09 15:31:41.683 526 549 D RILU : find_pci_device is 0
06-09 15:31:41.683 526 549 D RILC : PCI can't find at device
06-09 15:31:41.685 526 549 D RILC : USB can't find at device
06-09 15:31:45.782 444 444 I gsensor_mxc6655 5-0015: set sensor poll time to 200ms
06-09 15:31:45.792 439 439 W healthd : battery l=51 v=7550 t=33.5 h=1 st=3 c=-768000 fc=9700000 chg=
06-09 15:31:42.073 851 851 D RILJ : [0347]> SEND_DEVICE_STATE 2:true [PHONE0]
06-09 15:31:42.074 526 526 D RILC : sendDeviceState: calling screen state 0
06-09 15:31:42.074 526 526 D RILC : onRequest: SCREEN_STATE datalen=4 request_value:61
06-09 15:31:42.074 851 1064 D RILJ : [0347]< SEND_DEVICE_STATE [PHONE0]
06-09 15:31:42.074 851 851 D RILJ : [0348]> SET_UNSOLICITED_RESPONSE_FILTER 32 [PHONE0]
06-09 15:31:42.074 851 1064 D RILJ : [0348]< SET_UNSOLICITED_RESPONSE_FILTER error 6 [PHONE0]
06-09 15:31:42.074 851 1064 D RilRequest: [0348]< SET_UNSOLICITED_RESPONSE_FILTER error: com.android.internal.telephony.CommandException: REQUEST_NOT_SUPPORTED ret= result=null
06-09 15:31:42.074 851 851 E RILJ : setSignalStrengthReportingCriteria ignored on IRadio version less than 1.2 [PHONE0]
06-09 15:31:42.074 851 851 E RILJ : setSignalStrengthReportingCriteria ignored on IRadio version less than 1.2 [PHONE0]
06-09 15:31:42.074 851 851 E RILJ : setSignalStrengthReportingCriteria ignored on IRadio version less than 1.2 [PHONE0]
06-09 15:31:42.074 851 851 D NetworkTypeController: [0] LegacyState: process EVENT_PHYSICAL_CHANNEL_CONFIG_NOTIF_CHANGED
06-09 15:31:42.075 851 851 D NetworkTypeController: [0] Remove all timers
06-09 15:31:42.075 851 851 D NetworkTypeController: [0] DefaultState: process EVENT_PHYSICAL_CHANNEL_CONFIG_NOTIF_CHANGED
06-09 15:31:42.075 851 851 D NetworkTypeController: [0] mIsPhysicalChannelConfigOn changed to: false
06-09 15:31:42.075 851 851 D NetworkTypeController: [0] Remove all timers
06-09 15:31:46.135 347 347 I rockchip-vop2 fdd90000.vop: [drm:vop2_crtc_atomic_disable] Crtc atomic disable vp2
06-09 15:31:46.149 347 347 E rockchip-vop2 fdd90000.vop: [drm:vop2_crtc_atomic_disable] *ERROR* unexpected power on pd7
06-09 15:31:42.489 851 851 D DCT-C-0 : screen off
06-09 15:31:42.489 851 851 D DCT-C-0 : stopNetStatPoll
06-09 15:31:46.329 1 1 W : debug.beidou_leavesuspend wakeup
06-09 15:31:42.611 851 851 D RILJ : [0349]> SEND_DEVICE_STATE 2:false [PHONE0]
06-09 15:31:42.612 526 526 D RILC : sendDeviceState: calling screen state 1
06-09 15:31:42.612 526 526 D RILC : onRequest: SCREEN_STATE datalen=4 request_value:61
06-09 15:31:42.612 851 1064 D RILJ : [0349]< SEND_DEVICE_STATE [PHONE0]
06-09 15:31:42.613 851 851 D RILJ : [0350]> SET_UNSOLICITED_RESPONSE_FILTER 127 [PHONE0]
06-09 15:31:42.613 851 1064 D RILJ : [0350]< SET_UNSOLICITED_RESPONSE_FILTER error 6 [PHONE0]
06-09 15:31:42.613 851 1064 D RilRequest: [0350]< SET_UNSOLICITED_RESPONSE_FILTER error: com.android.internal.telephony.CommandException: REQUEST_NOT_SUPPORTED ret= result=null
06-09 15:31:42.614 851 851 E RILJ : setSignalStrengthReportingCriteria ignored on IRadio version less than 1.2 [PHONE0]
06-09 15:31:42.614 851 851 E RILJ : setSignalStrengthReportingCriteria ignored on IRadio version less than 1.2 [PHONE0]
06-09 15:31:42.614 851 851 E RILJ : setSignalStrengthReportingCriteria ignored on IRadio version less than 1.2 [PHONE0]
06-09 15:31:42.614 851 851 D NetworkTypeController: [0] LegacyState: process EVENT_PHYSICAL_CHANNEL_CONFIG_NOTIF_CHANGED
06-09 15:31:42.614 851 851 D NetworkTypeController: [0] Remove all timers
06-09 15:31:42.614 851 851 D NetworkTypeController: [0] DefaultState: process EVENT_PHYSICAL_CHANNEL_CONFIG_NOTIF_CHANGED
06-09 15:31:42.615 851 851 D NetworkTypeController: [0] mIsPhysicalChannelConfigOn changed to: true
06-09 15:31:46.342 444 444 I gsensor_mxc6655 5-0015: set sensor poll time to 200ms
06-09 15:31:46.343 444 444 I gsensor_mxc6655 5-0015: sensor on: starting poll sensor data 196ms
06-09 15:31:46.349 439 439 W healthd : battery l=51 v=7550 t=33.5 h=1 st=3 c=-256000 fc=9700000 chg=
06-09 15:31:42.648 851 851 D DCT-C-0 : screen on
06-09 15:31:42.648 851 851 D DCT-C-0 : stopNetStatPoll
06-09 15:31:46.397 347 347 I rockchip-vop2 fdd90000.vop: [drm:vop2_crtc_atomic_enable] Update mode to 1536x2048p55, type: 16(if:60) for vp2 dclk: 192000000
06-09 15:31:46.398 347 347 I rockchip-vop2 fdd90000.vop: [drm:vop2_crtc_atomic_enable] dclk_out2 div: 2 dclk_core2 div: 1
06-09 15:31:46.398 347 347 I rockchip-vop2 fdd90000.vop: [drm:vop2_crtc_atomic_enable] set dclk_vop2 to 96000000, get 96000000
06-09 15:31:46.437 444 444 I gsensor_mxc6655 5-0015: set sensor poll time to 66ms
06-09 15:31:46.905 347 347 I dw-mipi-dsi2 fde20000.dsi: [drm:dw_mipi_dsi2_encoder_enable] final DSI-Link bandwidth: 639999 x 8 Kbps
06-09 15:31:47.318 357 357 E rockchip-vop2 fdd90000.vop: [drm:vop2_wait_power_domain_off] *ERROR* wait pd7 off timeout power_ctrl: 0x7a
06-09 15:31:47.852 1 1 I init : processing action (debug.beidou_entersuspend=*) from (/system/etc/init/hw/init.rc:1286)
06-09 15:31:47.853 1 1 W : debug.beidou_entersuspend $PMTK161,0*28\r\n
06-09 15:31:47.853 1 1 I init : starting service 'gps_suspend'...
06-09 15:31:47.862 1 1 I init : Service 'gps_suspend' (pid 11738) exited with status 0 oneshot service took 0.006000 seconds in background
06-09 15:31:47.862 1 1 I init : Sending signal 9 to service 'gps_suspend' (pid 11738) process group...
06-09 15:31:47.862 1 1 I libprocessgroup: Successfully killed process cgroup uid 0 pid 11738 in 0ms
06-09 15:31:48.331 460 460 I gsensor_mxc6655 5-0015: set sensor poll time to 200ms
06-09 15:31:48.350 439 439 W healthd : battery l=51 v=7600 t=34.0 h=1 st=3 c=-512000 fc=9700000 chg=
06-09 15:31:44.628 851 851 D RILJ : [0351]> SEND_DEVICE_STATE 2:true [PHONE0]
06-09 15:31:44.629 526 526 D RILC : sendDeviceState: calling screen state 0
06-09 15:31:44.629 526 526 D RILC : onRequest: SCREEN_STATE datalen=4 request_value:61
06-09 15:31:44.629 851 1064 D RILJ : [0351]< SEND_DEVICE_STATE [PHONE0]
06-09 15:31:44.630 851 851 D RILJ : [0352]> SET_UNSOLICITED_RESPONSE_FILTER 32 [PHONE0]
06-09 15:31:44.631 851 851 E RILJ : setSignalStrengthReportingCriteria ignored on IRadio version less than 1.2 [PHONE0]
06-09 15:31:44.631 851 851 E RILJ : setSignalStrengthReportingCriteria ignored on IRadio version less than 1.2 [PHONE0]
06-09 15:31:44.631 851 851 E RILJ : setSignalStrengthReportingCriteria ignored on IRadio version less than 1.2 [PHONE0]
06-09 15:31:44.631 851 851 D NetworkTypeController: [0] LegacyState: process EVENT_PHYSICAL_CHANNEL_CONFIG_NOTIF_CHANGED
06-09 15:31:44.631 851 851 D NetworkTypeController: [0] Remove all timers
06-09 15:31:44.631 851 851 D NetworkTypeController: [0] DefaultState: process EVENT_PHYSICAL_CHANNEL_CONFIG_NOTIF_CHANGED
06-09 15:31:44.631 851 851 D NetworkTypeController: [0] mIsPhysicalChannelConfigOn changed to: false
06-09 15:31:44.631 851 851 D NetworkTypeController: [0] Remove all timers
06-09 15:31:44.632 851 1064 D RILJ : [0352]< SET_UNSOLICITED_RESPONSE_FILTER error 6 [PHONE0]
06-09 15:31:44.633 851 1064 D RilRequest: [0352]< SET_UNSOLICITED_RESPONSE_FILTER error: com.android.internal.telephony.CommandException: REQUEST_NOT_SUPPORTED ret= result=null
06-09 15:31:44.686 526 549 D RILU : find_pci_device is 0
06-09 15:31:44.686 526 549 D RILC : PCI can't find at device
06-09 15:31:44.687 526 549 D RILC : USB can't find at device
06-09 15:31:48.682 347 347 I rockchip-vop2 fdd90000.vop: [drm:vop2_crtc_atomic_disable] Crtc atomic disable vp2
06-09 15:31:48.694 347 347 E rockchip-vop2 fdd90000.vop: [drm:vop2_crtc_atomic_disable] *ERROR* unexpected power on pd7
06-09 15:31:45.008 851 851 D DCT-C-0 : screen off
06-09 15:31:45.008 851 851 D DCT-C-0 : stopNetStatPoll
06-09 15:31:48.857 1 1 I init : processing action (debug.beidou_leavesuspend=*) from (/system/etc/init/hw/init.rc:1293)
06-09 15:31:48.860 1 1 W : debug.beidou_leavesuspend wakeup
06-09 15:31:48.868 444 444 I gsensor_mxc6655 5-0015: set sensor poll time to 200ms
06-09 15:31:48.869 444 444 I gsensor_mxc6655 5-0015: sensor on: starting poll sensor data 196ms
06-09 15:31:45.148 851 851 D RILJ : [0353]> SEND_DEVICE_STATE 2:false [PHONE0]
06-09 15:31:45.148 526 526 D RILC : sendDeviceState: calling screen state 1
06-09 15:31:45.148 526 526 D RILC : onRequest: SCREEN_STATE datalen=4 request_value:61
06-09 15:31:45.149 851 1064 D RILJ : [0353]< SEND_DEVICE_STATE [PHONE0]
06-09 15:31:45.152 851 851 D RILJ : [0354]> SET_UNSOLICITED_RESPONSE_FILTER 127 [PHONE0]
06-09 15:31:45.153 851 851 E RILJ : setSignalStrengthReportingCriteria ignored on IRadio version less than 1.2 [PHONE0]
06-09 15:31:45.153 851 851 E RILJ : setSignalStrengthReportingCriteria ignored on IRadio version less than 1.2 [PHONE0]
06-09 15:31:45.154 851 851 E RILJ : setSignalStrengthReportingCriteria ignored on IRadio version less than 1.2 [PHONE0]
06-09 15:31:45.154 851 851 D NetworkTypeController: [0] LegacyState: process EVENT_PHYSICAL_CHANNEL_CONFIG_NOTIF_CHANGED
06-09 15:31:45.154 851 851 D NetworkTypeController: [0] Remove all timers
06-09 15:31:45.154 851 851 D NetworkTypeController: [0] DefaultState: process EVENT_PHYSICAL_CHANNEL_CONFIG_NOTIF_CHANGED
06-09 15:31:45.154 851 851 D NetworkTypeController: [0] mIsPhysicalChannelConfigOn changed to: true
06-09 15:31:45.154 851 1064 D RILJ : [0354]< SET_UNSOLICITED_RESPONSE_FILTER error 6 [PHONE0]
06-09 15:31:45.154 851 1064 D RilRequest: [0354]< SET_UNSOLICITED_RESPONSE_FILTER error: com.android.internal.telephony.CommandException: REQUEST_NOT_SUPPORTED ret= result=null
06-09 15:31:45.176 851 851 D DCT-C-0 : screen on
06-09 15:31:45.176 851 851 D DCT-C-0 : stopNetStatPoll
06-09 15:31:48.904 439 439 W healthd : battery l=51 v=7600 t=34.0 h=1 st=3 c=-512000 fc=9700000 chg=
06-09 15:31:48.926 347 347 I rockchip-vop2 fdd90000.vop: [drm:vop2_crtc_atomic_enable] Update mode to 1536x2048p55, type: 16(if:60) for vp2 dclk: 192000000
06-09 15:31:48.927 347 347 I rockchip-vop2 fdd90000.vop: [drm:vop2_crtc_atomic_enable] dclk_out2 div: 2 dclk_core2 div: 1
06-09 15:31:48.927 347 347 I rockchip-vop2 fdd90000.vop: [drm:vop2_crtc_atomic_enable] set dclk_vop2 to 96000000, get 96000000
06-09 15:31:48.975 444 444 I gsensor_mxc6655 5-0015: set sensor poll time to 66ms
06-09 15:31:49.432 347 347 I dw-mipi-dsi2 fde20000.dsi: [drm:dw_mipi_dsi2_encoder_enable] final DSI-Link bandwidth: 639999 x 8 Kbps
06-09 15:31:49.535 357 357 E rockchip-vop2 fdd90000.vop: [drm:vop2_wait_power_domain_off] *ERROR* wait pd7 off timeout power_ctrl: 0x7f
06-09 15:31:50.336 1 1 I init : processing action (debug.beidou_entersuspend=*) from (/system/etc/init/hw/init.rc:1286)
06-09 15:31:50.346 1 1 W : debug.beidou_entersuspend $PMTK161,0*28\r\n
06-09 15:31:50.347 1 1 I init : starting service 'gps_suspend'...
06-09 15:31:50.348 4266 4266 W : abc audioDBG [es8323_mute] start mute:1
06-09 15:31:50.348 4266 4266 I [Awinic] [3-0058]aw_acf_get_prof_desc_form_name: get prof desc down
06-09 15:31:50.348 4266 4266 I [Awinic] [3-005b]aw_acf_get_prof_desc_form_name: get prof desc down
06-09 15:31:50.362 1 1 I init : Service 'gps_suspend' (pid 11796) exited with status 0 oneshot service took 0.010000 seconds in background
06-09 15:31:50.363 1 1 I init : Sending signal 9 to service 'gps_suspend' (pid 11796) process group...
06-09 15:31:50.399 18417 18417 W : abc audioDBG [es8323_mute] start mute:0
06-09 15:31:50.409 18417 18417 I [Awinic] [3-0058]aw_acf_get_prof_desc_form_name: get prof desc down
06-09 15:31:50.426 18417 18417 I [Awinic] [3-005b]aw_acf_get_prof_desc_form_name: get prof desc down
06-09 15:31:50.834 460 460 I gsensor_mxc6655 5-0015: set sensor poll time to 200ms
06-09 15:31:47.145 851 851 D RILJ : [0355]> SEND_DEVICE_STATE 2:true [PHONE0]
06-09 15:31:47.146 526 526 D RILC : sendDeviceState: calling screen state 0
06-09 15:31:47.146 526 526 D RILC : onRequest: SCREEN_STATE datalen=4 request_value:61
06-09 15:31:47.146 851 1064 D RILJ : [0355]< SEND_DEVICE_STATE [PHONE0]
06-09 15:31:47.146 851 851 D RILJ : [0356]> SET_UNSOLICITED_RESPONSE_FILTER 32 [PHONE0]
06-09 15:31:47.148 851 1064 D RILJ : [0356]< SET_UNSOLICITED_RESPONSE_FILTER error 6 [PHONE0]
06-09 15:31:47.148 851 1064 D RilRequest: [0356]< SET_UNSOLICITED_RESPONSE_FILTER error: com.android.internal.telephony.CommandException: REQUEST_NOT_SUPPORTED ret= result=null
06-09 15:31:47.149 851 851 E RILJ : setSignalStrengthReportingCriteria ignored on IRadio version less than 1.2 [PHONE0]
06-09 15:31:47.149 851 851 E RILJ : setSignalStrengthReportingCriteria ignored on IRadio version less than 1.2 [PHONE0]
06-09 15:31:47.149 851 851 E RILJ : setSignalStrengthReportingCriteria ignored on IRadio version less than 1.2 [PHONE0]
06-09 15:31:47.149 851 851 D NetworkTypeController: [0] LegacyState: process EVENT_PHYSICAL_CHANNEL_CONFIG_NOTIF_CHANGED
06-09 15:31:47.149 851 851 D NetworkTypeController: [0] Remove all timers
06-09 15:31:47.149 851 851 D NetworkTypeController: [0] DefaultState: process EVENT_PHYSICAL_CHANNEL_CONFIG_NOTIF_CHANGED
06-09 15:31:47.149 851 851 D NetworkTypeController: [0] mIsPhysicalChannelConfigOn changed to: false
06-09 15:31:47.149 851 851 D NetworkTypeController: [0] Remove all timers
06-09 15:31:50.879 439 439 W healthd : battery l=51 v=7600 t=34.0 h=1 st=3 c=-512000 fc=9700000 chg=
06-09 15:31:51.212 347 347 I rockchip-vop2 fdd90000.vop: [drm:vop2_crtc_atomic_disable] Crtc atomic disable vp2
06-09 15:31:51.223 347 347 E rockchip-vop2 fdd90000.vop: [drm:vop2_crtc_atomic_disable] *ERROR* unexpected power on pd7
06-09 15:31:47.578 851 851 D DCT-C-0 : screen off
06-09 15:31:47.579 851 851 D DCT-C-0 : stopNetStatPoll
06-09 15:31:47.687 526 549 D RILU : find_pci_device is 0
06-09 15:31:47.687 526 549 D RILC : PCI can't find at device
06-09 15:31:47.693 526 549 D RILC : USB can't find at device
06-09 15:31:47.700 851 851 D RILJ : [0357]> SEND_DEVICE_STATE 2:false [PHONE0]
06-09 15:31:47.701 526 526 D RILC : sendDeviceState: calling screen state 1
06-09 15:31:47.701 526 526 D RILC : onRequest: SCREEN_STATE datalen=4 request_value:61
06-09 15:31:47.701 851 1064 D RILJ : [0357]< SEND_DEVICE_STATE [PHONE0]
06-09 15:31:47.705 851 851 D RILJ : [0358]> SET_UNSOLICITED_RESPONSE_FILTER 127 [PHONE0]
06-09 15:31:47.706 851 1064 D RILJ : [0358]< SET_UNSOLICITED_RESPONSE_FILTER error 6 [PHONE0]
06-09 15:31:47.706 851 1064 D RilRequest: [0358]< SET_UNSOLICITED_RESPONSE_FILTER error: com.android.internal.telephony.CommandException: REQUEST_NOT_SUPPORTED ret= result=null
06-09 15:31:47.709 851 851 E RILJ : setSignalStrengthReportingCriteria ignored on IRadio version less than 1.2 [PHONE0]
06-09 15:31:47.709 851 851 E RILJ : setSignalStrengthReportingCriteria ignored on IRadio version less than 1.2 [PHONE0]
06-09 15:31:47.709 851 851 E RILJ : setSignalStrengthReportingCriteria ignored on IRadio version less than 1.2 [PHONE0]
06-09 15:31:47.709 851 851 D NetworkTypeController: [0] LegacyState: process EVENT_PHYSICAL_CHANNEL_CONFIG_NOTIF_CHANGED
06-09 15:31:47.709 851 851 D NetworkTypeController: [0] Remove all timers
06-09 15:31:47.709 851 851 D NetworkTypeController: [0] DefaultState: process EVENT_PHYSICAL_CHANNEL_CONFIG_NOTIF_CHANGED
06-09 15:31:47.709 851 851 D NetworkTypeController: [0] mIsPhysicalChannelConfigOn changed to: true
06-09 15:31:51.396 1 1 W : debug.beidou_leavesuspend wakeup
06-09 15:31:51.440 439 439 W healthd : battery l=51 v=7600 t=34.0 h=1 st=3 c=-256000 fc=9700000 chg=
06-09 15:31:51.470 444 444 I gsensor_mxc6655 5-0015: set sensor poll time to 200ms
06-09 15:31:51.471 444 444 I gsensor_mxc6655 5-0015: sensor on: starting poll sensor data 196ms
06-09 15:31:51.477 347 347 I rockchip-vop2 fdd90000.vop: [drm:vop2_crtc_atomic_enable] Update mode to 1536x2048p55, type: 16(if:60) for vp2 dclk: 192000000
06-09 15:31:51.478 347 347 I rockchip-vop2 fdd90000.vop: [drm:vop2_crtc_atomic_enable] dclk_out2 div: 2 dclk_core2 div: 1
06-09 15:31:51.478 347 347 I rockchip-vop2 fdd90000.vop: [drm:vop2_crtc_atomic_enable] set dclk_vop2 to 96000000, get 96000000
06-09 15:31:47.822 851 851 D DCT-C-0 : screen on
06-09 15:31:47.822 851 851 D DCT-C-0 : stopNetStatPoll
06-09 15:31:51.620 444 444 I gsensor_mxc6655 5-0015: set sensor poll time to 66ms
06-09 15:31:51.981 347 347 I dw-mipi-dsi2 fde20000.dsi: [drm:dw_mipi_dsi2_encoder_enable] final DSI-Link bandwidth: 639999 x 8 Kbps
06-09 15:31:52.081 357 357 E rockchip-vop2 fdd90000.vop: [drm:vop2_wait_power_domain_off] *ERROR* wait pd7 off timeout power_ctrl: 0x7f
06-09 15:31:52.912 4266 4266 W : abc audioDBG [es8323_mute] start mute:1
06-09 15:31:52.913 4266 4266 I [Awinic] [3-0058]aw_acf_get_prof_desc_form_name: get prof desc down
06-09 15:31:52.913 4266 4266 I [Awinic] [3-005b]aw_acf_get_prof_desc_form_name: get prof desc down
06-09 15:31:52.930 1 1 I init : processing action (debug.beidou_entersuspend=*) from (/system/etc/init/hw/init.rc:1286)
06-09 15:31:52.931 1 1 W : debug.beidou_entersuspend $PMTK161,0*28\r\n
06-09 15:31:52.932 1 1 I init : starting service 'gps_suspend'...
06-09 15:31:52.952 1 1 I init : Service 'gps_suspend' (pid 11828) exited with status 0 oneshot service took 0.016000 seconds in background
06-09 15:31:52.952 1 1 I init : Sending signal 9 to service 'gps_suspend' (pid 11828) process group...
06-09 15:31:52.952 1 1 I libprocessgroup: Successfully killed process cgroup uid 0 pid 11828 in 0ms
06-09 15:31:52.970 18417 18417 W : abc audioDBG [es8323_mute] start mute:0
06-09 15:31:52.980 18417 18417 I [Awinic] [3-0058]aw_acf_get_prof_desc_form_name: get prof desc down
06-09 15:31:52.995 18417 18417 I [Awinic] [3-005b]aw_acf_get_prof_desc_form_name: get prof desc down
06-09 15:31:53.418 444 444 I gsensor_mxc6655 5-0015: set sensor poll time to 200ms
06-09 15:31:53.432 439 439 W healthd : battery l=51 v=7594 t=33.5 h=1 st=3 c=-512000 fc=9700000 chg=
06-09 15:31:49.715 851 851 D RILJ : [0359]> SEND_DEVICE_STATE 2:true [PHONE0]
06-09 15:31:49.715 526 526 D RILC : sendDeviceState: calling screen state 0
06-09 15:31:49.715 526 526 D RILC : onRequest: SCREEN_STATE datalen=4 request_value:61
06-09 15:31:49.716 851 851 D RILJ : [0360]> SET_UNSOLICITED_RESPONSE_FILTER 32 [PHONE0]
06-09 15:31:49.716 851 1064 D RILJ : [0359]< SEND_DEVICE_STATE [PHONE0]
06-09 15:31:49.716 851 1064 D RILJ : [0360]< SET_UNSOLICITED_RESPONSE_FILTER error 6 [PHONE0]
06-09 15:31:49.716 851 1064 D RilRequest: [0360]< SET_UNSOLICITED_RESPONSE_FILTER error: com.android.internal.telephony.CommandException: REQUEST_NOT_SUPPORTED ret= result=null
06-09 15:31:49.717 851 851 E RILJ : setSignalStrengthReportingCriteria ignored on IRadio version less than 1.2 [PHONE0]
06-09 15:31:49.718 851 851 E RILJ : setSignalStrengthReportingCriteria ignored on IRadio version less than 1.2 [PHONE0]
06-09 15:31:49.718 851 851 E RILJ : setSignalStrengthReportingCriteria ignored on IRadio version less than 1.2 [PHONE0]
06-09 15:31:49.718 851 851 D NetworkTypeController: [0] LegacyState: process EVENT_PHYSICAL_CHANNEL_CONFIG_NOTIF_CHANGED
06-09 15:31:49.718 851 851 D NetworkTypeController: [0] Remove all timers
06-09 15:31:49.718 851 851 D NetworkTypeController: [0] DefaultState: process EVENT_PHYSICAL_CHANNEL_CONFIG_NOTIF_CHANGED
06-09 15:31:49.718 851 851 D NetworkTypeController: [0] mIsPhysicalChannelConfigOn changed to: false
06-09 15:31:49.718 851 851 D NetworkTypeController: [0] Remove all timers
06-09 15:31:53.788 347 347 I rockchip-vop2 fdd90000.vop: [drm:vop2_crtc_atomic_disable] Crtc atomic disable vp2
06-09 15:31:53.792 347 347 E rockchip-vop2 fdd90000.vop: [drm:vop2_crtc_atomic_disable] *ERROR* unexpected power on pd7
06-09 15:31:50.101 851 851 D DCT-C-0 : screen off
06-09 15:31:50.102 851 851 D DCT-C-0 : stopNetStatPoll
06-09 15:31:53.954 1 1 I init : processing action (debug.beidou_leavesuspend=*) from (/system/etc/init/hw/init.rc:1293)
06-09 15:31:53.956 1 1 W : debug.beidou_leavesuspend wakeup
06-09 15:31:53.967 460 460 I gsensor_mxc6655 5-0015: set sensor poll time to 200ms
06-09 15:31:53.969 460 460 I gsensor_mxc6655 5-0015: sensor on: starting poll sensor data 196ms
06-09 15:31:50.245 851 851 D RILJ : [0361]> SEND_DEVICE_STATE 2:false [PHONE0]
06-09 15:31:50.246 526 526 D RILC : sendDeviceState: calling screen state 1
06-09 15:31:50.246 526 526 D RILC : onRequest: SCREEN_STATE datalen=4 request_value:61
06-09 15:31:50.246 851 1064 D RILJ : [0361]< SEND_DEVICE_STATE [PHONE0]
06-09 15:31:50.249 851 851 D RILJ : [0362]> SET_UNSOLICITED_RESPONSE_FILTER 127 [PHONE0]
06-09 15:31:50.249 851 1064 D RILJ : [0362]< SET_UNSOLICITED_RESPONSE_FILTER error 6 [PHONE0]
06-09 15:31:50.249 851 1064 D RilRequest: [0362]< SET_UNSOLICITED_RESPONSE_FILTER error: com.android.internal.telephony.CommandException: REQUEST_NOT_SUPPORTED ret= result=null
06-09 15:31:50.251 851 851 E RILJ : setSignalStrengthReportingCriteria ignored on IRadio version less than 1.2 [PHONE0]
06-09 15:31:50.251 851 851 E RILJ : setSignalStrengthReportingCriteria ignored on IRadio version less than 1.2 [PHONE0]
06-09 15:31:50.251 851 851 E RILJ : setSignalStrengthReportingCriteria ignored on IRadio version less than 1.2 [PHONE0]
06-09 15:31:50.251 851 851 D NetworkTypeController: [0] LegacyState: process EVENT_PHYSICAL_CHANNEL_CONFIG_NOTIF_CHANGED
06-09 15:31:50.251 851 851 D NetworkTypeController: [0] Remove all timers
06-09 15:31:50.251 851 851 D NetworkTypeController: [0] DefaultState: process EVENT_PHYSICAL_CHANNEL_CONFIG_NOTIF_CHANGED
06-09 15:31:50.251 851 851 D NetworkTypeController: [0] mIsPhysicalChannelConfigOn changed to: true
06-09 15:31:53.981 439 439 W healthd : battery l=51 v=7594 t=33.5 h=1 st=3 c=-512000 fc=9700000 chg=
06-09 15:31:50.273 851 851 D DCT-C-0 : screen on
06-09 15:31:50.273 851 851 D DCT-C-0 : stopNetStatPoll
06-09 15:31:54.033 347 347 I rockchip-vop2 fdd90000.vop: [drm:vop2_crtc_atomic_enable] Update mode to 1536x2048p55, type: 16(if:60) for vp2 dclk: 192000000
06-09 15:31:54.034 347 347 I rockchip-vop2 fdd90000.vop: [drm:vop2_crtc_atomic_enable] dclk_out2 div: 2 dclk_core2 div: 1
06-09 15:31:54.034 347 347 I rockchip-vop2 fdd90000.vop: [drm:vop2_crtc_atomic_enable] set dclk_vop2 to 96000000, get 96000000
06-09 15:31:54.095 460 460 I gsensor_mxc6655 5-0015: set sensor poll time to 66ms
06-09 15:31:50.693 526 549 D RILU : find_pci_device is 0
06-09 15:31:50.693 526 549 D RILC : PCI can't find at device
06-09 15:31:50.696 526 549 D RILC : USB can't find at device
06-09 15:31:54.541 347 347 I dw-mipi-dsi2 fde20000.dsi: [drm:dw_mipi_dsi2_encoder_enable] final DSI-Link bandwidth: 639999 x 8 Kbps
06-09 15:31:54.936 357 357 E rockchip-vop2 fdd90000.vop: [drm:vop2_wait_power_domain_off] *ERROR* wait pd7 off timeout power_ctrl: 0x7a
06-09 15:31:55.922 427 427 W : abc audioDBG [es8323_mute] start mute:1
06-09 15:31:55.922 427 427 I [Awinic] [3-0058]aw_acf_get_prof_desc_form_name: get prof desc down
06-09 15:31:55.922 427 427 I [Awinic] [3-005b]aw_acf_get_prof_desc_form_name: get prof desc down
06-09 15:31:56.086 1 1 I init : processing action (debug.beidou_entersuspend=*) from (/system/etc/init/hw/init.rc:1286)
06-09 15:31:56.087 1 1 W : debug.beidou_entersuspend $PMTK161,0*28\r\n
06-09 15:31:56.088 1 1 I init : starting service 'gps_suspend'...
06-09 15:31:56.099 1 1 I init : Service 'gps_suspend' (pid 11862) exited with status 0 oneshot service took 0.006000 seconds in background
06-09 15:31:56.099 1 1 I init : Sending signal 9 to service 'gps_suspend' (pid 11862) process group...
06-09 15:31:56.144 18417 18417 W : abc audioDBG [es8323_mute] start mute:0
06-09 15:31:56.154 18417 18417 I [Awinic] [3-0058]aw_acf_get_prof_desc_form_name: get prof desc down
06-09 15:31:56.168 18417 18417 I [Awinic] [3-005b]aw_acf_get_prof_desc_form_name: get prof desc down
06-09 15:31:56.573 444 444 I gsensor_mxc6655 5-0015: set sensor poll time to 200ms
06-09 15:31:56.585 439 439 W healthd : battery l=51 v=7594 t=33.5 h=1 st=3 c=-512000 fc=9700000 chg=
06-09 15:31:52.876 851 851 D RILJ : [0363]> SEND_DEVICE_STATE 2:true [PHONE0]
06-09 15:31:52.876 526 526 D RILC : sendDeviceState: calling screen state 0
06-09 15:31:52.876 526 526 D RILC : onRequest: SCREEN_STATE datalen=4 request_value:61
06-09 15:31:52.876 851 1064 D RILJ : [0363]< SEND_DEVICE_STATE [PHONE0]
06-09 15:31:52.879 851 851 D RILJ : [0364]> SET_UNSOLICITED_RESPONSE_FILTER 32 [PHONE0]
06-09 15:31:52.879 851 1064 D RILJ : [0364]< SET_UNSOLICITED_RESPONSE_FILTER error 6 [PHONE0]
06-09 15:31:52.879 851 1064 D RilRequest: [0364]< SET_UNSOLICITED_RESPONSE_FILTER error: com.android.internal.telephony.CommandException: REQUEST_NOT_SUPPORTED ret= result=null
06-09 15:31:52.881 851 851 E RILJ : setSignalStrengthReportingCriteria ignored on IRadio version less than 1.2 [PHONE0]
06-09 15:31:52.881 851 851 E RILJ : setSignalStrengthReportingCriteria ignored on IRadio version less than 1.2 [PHONE0]
06-09 15:31:52.881 851 851 E RILJ : setSignalStrengthReportingCriteria ignored on IRadio version less than 1.2 [PHONE0]
06-09 15:31:52.881 851 851 D NetworkTypeController: [0] LegacyState: process EVENT_PHYSICAL_CHANNEL_CONFIG_NOTIF_CHANGED
06-09 15:31:52.881 851 851 D NetworkTypeController: [0] Remove all timers
06-09 15:31:52.881 851 851 D NetworkTypeController: [0] DefaultState: process EVENT_PHYSICAL_CHANNEL_CONFIG_NOTIF_CHANGED
06-09 15:31:52.881 851 851 D NetworkTypeController: [0] mIsPhysicalChannelConfigOn changed to: false
06-09 15:31:52.881 851 851 D NetworkTypeController: [0] Remove all timers
06-09 15:31:56.938 347 347 I rockchip-vop2 fdd90000.vop: [drm:vop2_crtc_atomic_disable] Crtc atomic disable vp2
06-09 15:31:56.949 347 347 E rockchip-vop2 fdd90000.vop: [drm:vop2_crtc_atomic_disable] *ERROR* unexpected power on pd7
06-09 15:31:53.268 851 851 D DCT-C-0 : screen off
06-09 15:31:53.268 851 851 D DCT-C-0 : stopNetStatPoll
06-09 15:31:53.611 851 851 D RILJ : [0365]> SEND_DEVICE_STATE 2:false [PHONE0]
06-09 15:31:53.612 526 526 D RILC : sendDeviceState: calling screen state 1
06-09 15:31:53.612 526 526 D RILC : onRequest: SCREEN_STATE datalen=4 request_value:61
06-09 15:31:53.612 851 1064 D RILJ : [0365]< SEND_DEVICE_STATE [PHONE0]
06-09 15:31:53.613 851 851 D RILJ : [0366]> SET_UNSOLICITED_RESPONSE_FILTER 127 [PHONE0]
06-09 15:31:53.613 851 1064 D RILJ : [0366]< SET_UNSOLICITED_RESPONSE_FILTER error 6 [PHONE0]
06-09 15:31:53.614 851 1064 D RilRequest: [0366]< SET_UNSOLICITED_RESPONSE_FILTER error: com.android.internal.telephony.CommandException: REQUEST_NOT_SUPPORTED ret= result=null
06-09 15:31:53.614 851 851 E RILJ : setSignalStrengthReportingCriteria ignored on IRadio version less than 1.2 [PHONE0]
06-09 15:31:53.614 851 851 E RILJ : setSignalStrengthReportingCriteria ignored on IRadio version less than 1.2 [PHONE0]
06-09 15:31:53.614 851 851 E RILJ : setSignalStrengthReportingCriteria ignored on IRadio version less than 1.2 [PHONE0]
06-09 15:31:53.614 851 851 D NetworkTypeController: [0] LegacyState: process EVENT_PHYSICAL_CHANNEL_CONFIG_NOTIF_CHANGED
06-09 15:31:53.615 851 851 D NetworkTypeController: [0] Remove all timers
06-09 15:31:53.615 851 851 D NetworkTypeController: [0] DefaultState: process EVENT_PHYSICAL_CHANNEL_CONFIG_NOTIF_CHANGED
06-09 15:31:53.615 851 851 D NetworkTypeController: [0] mIsPhysicalChannelConfigOn changed to: true
06-09 15:31:57.324 1 1 W : debug.beidou_leavesuspend wakeup
06-09 15:31:57.342 444 444 I gsensor_mxc6655 5-0015: set sensor poll time to 200ms
06-09 15:31:57.344 444 444 I gsensor_mxc6655 5-0015: sensor on: starting poll sensor data 196ms
06-09 15:31:57.353 439 439 W healthd : battery l=51 v=7590 t=33.5 h=1 st=3 c=-512000 fc=9700000 chg=
06-09 15:31:53.651 851 851 D DCT-C-0 : screen on
06-09 15:31:53.651 851 851 D DCT-C-0 : stopNetStatPoll
06-09 15:31:57.396 347 347 I rockchip-vop2 fdd90000.vop: [drm:vop2_crtc_atomic_enable] Update mode to 1536x2048p55, type: 16(if:60) for vp2 dclk: 192000000
06-09 15:31:57.397 347 347 I rockchip-vop2 fdd90000.vop: [drm:vop2_crtc_atomic_enable] dclk_out2 div: 2 dclk_core2 div: 1
06-09 15:31:57.397 347 347 I rockchip-vop2 fdd90000.vop: [drm:vop2_crtc_atomic_enable] set dclk_vop2 to 96000000, get 96000000
06-09 15:31:57.414 444 444 I gsensor_mxc6655 5-0015: set sensor poll time to 66ms
06-09 15:31:53.697 526 549 D RILU : find_pci_device is 0
06-09 15:31:53.697 526 549 D RILC : PCI can't find at device
06-09 15:31:53.698 526 549 D RILC : USB can't find at device
06-09 15:31:57.902 347 347 I dw-mipi-dsi2 fde20000.dsi: [drm:dw_mipi_dsi2_encoder_enable] final DSI-Link bandwidth: 639999 x 8 Kbps
06-09 15:31:57.989 357 357 E rockchip-vop2 fdd90000.vop: [drm:vop2_wait_power_domain_off] *ERROR* wait pd7 off timeout power_ctrl: 0x7f
06-09 15:31:58.766 427 427 W : abc audioDBG [es8323_mute] start mute:1
06-09 15:31:58.767 427 427 I [Awinic] [3-0058]aw_acf_get_prof_desc_form_name: get prof desc down
06-09 15:31:58.767 427 427 I [Awinic] [3-005b]aw_acf_get_prof_desc_form_name: get prof desc down
06-09 15:31:59.024 1 1 I init : processing action (debug.beidou_entersuspend=*) from (/system/etc/init/hw/init.rc:1286)
06-09 15:31:59.024 1 1 W : debug.beidou_entersuspend $PMTK161,0*28\r\n
06-09 15:31:59.025 1 1 I init : starting service 'gps_suspend'...
06-09 15:31:59.038 1 1 I init : Service 'gps_suspend' (pid 11917) exited with status 0 oneshot service took 0.010000 seconds in background
06-09 15:31:59.038 1 1 I init : Sending signal 9 to service 'gps_suspend' (pid 11917) process group...
06-09 15:31:59.039 1 1 I libprocessgroup: Successfully killed process cgroup uid 0 pid 11917 in 0ms
06-09 15:31:59.059 18417 18417 W : abc audioDBG [es8323_mute] start mute:0
06-09 15:31:59.069 18417 18417 I [Awinic] [3-0058]aw_acf_get_prof_desc_form_name: get prof desc down
06-09 15:31:59.083 18417 18417 I [Awinic] [3-005b]aw_acf_get_prof_desc_form_name: get prof desc down
06-09 15:31:59.502 460 460 I gsensor_mxc6655 5-0015: set sensor poll time to 200ms
06-09 15:31:55.795 851 851 D RILJ : [0367]> SEND_DEVICE_STATE 2:true [PHONE0]
06-09 15:31:55.795 526 526 D RILC : sendDeviceState: calling screen state 0
06-09 15:31:55.795 526 526 D RILC : onRequest: SCREEN_STATE datalen=4 request_value:61
06-09 15:31:55.796 851 1064 D RILJ : [0367]< SEND_DEVICE_STATE [PHONE0]
06-09 15:31:55.796 851 851 D RILJ : [0368]> SET_UNSOLICITED_RESPONSE_FILTER 32 [PHONE0]
06-09 15:31:55.797 851 1064 D RILJ : [0368]< SET_UNSOLICITED_RESPONSE_FILTER error 6 [PHONE0]
06-09 15:31:55.797 851 1064 D RilRequest: [0368]< SET_UNSOLICITED_RESPONSE_FILTER error: com.android.internal.telephony.CommandException: REQUEST_NOT_SUPPORTED ret= result=null
06-09 15:31:59.519 439 439 W healthd : battery l=51 v=7590 t=33.5 h=1 st=3 c=-512000 fc=9700000 chg=
06-09 15:31:55.797 851 851 E RILJ : setSignalStrengthReportingCriteria ignored on IRadio version less than 1.2 [PHONE0]
06-09 15:31:55.797 851 851 E RILJ : setSignalStrengthReportingCriteria ignored on IRadio version less than 1.2 [PHONE0]
06-09 15:31:55.797 851 851 E RILJ : setSignalStrengthReportingCriteria ignored on IRadio version less than 1.2 [PHONE0]
