06-09 15:37:37.278 347 347 I dw-mipi-dsi2 fde20000.dsi: [drm:dw_mipi_dsi2_encoder_enable] final DSI-Link bandwidth: 639999 x 8 Kbps
06-09 15:37:37.378 357 357 E rockchip-vop2 fdd90000.vop: [drm:vop2_wait_power_domain_off] *ERROR* wait pd7 off timeout power_ctrl: 0x7f
06-09 15:37:38.139 1 1 I init : processing action (debug.beidou_entersuspend=*) from (/system/etc/init/hw/init.rc:1286)
06-09 15:37:38.140 1 1 W : debug.beidou_entersuspend $PMTK161,0*28\r\n
06-09 15:37:38.141 1 1 I init : starting service 'gps_suspend'...
06-09 15:37:38.161 1 1 I init : Service 'gps_suspend' (pid 16701) exited with status 0 oneshot service took 0.012000 seconds in background
06-09 15:37:38.161 1 1 I init : Sending signal 9 to service 'gps_suspend' (pid 16701) process group...
06-09 15:37:38.161 1 1 I libprocessgroup: Successfully killed process cgroup uid 0 pid 16701 in 0ms
06-09 15:37:38.181 427 427 W : abc audioDBG [es8323_mute] start mute:1
06-09 15:37:38.181 427 427 I [Awinic] [3-0058]aw_acf_get_prof_desc_form_name: get prof desc down
06-09 15:37:38.181 427 427 I [Awinic] [3-005b]aw_acf_get_prof_desc_form_name: get prof desc down
06-09 15:37:38.235 18417 18417 W : abc audioDBG [es8323_mute] start mute:0
06-09 15:37:38.245 18417 18417 I [Awinic] [3-0058]aw_acf_get_prof_desc_form_name: get prof desc down
06-09 15:37:38.262 18417 18417 I [Awinic] [3-005b]aw_acf_get_prof_desc_form_name: get prof desc down
06-09 15:37:38.608 444 444 I gsensor_mxc6655 5-0015: set sensor poll time to 200ms
06-09 15:37:34.907 851 851 D RILJ : [0704]> SEND_DEVICE_STATE 2:true [PHONE0]
06-09 15:37:34.907 526 526 D RILC : sendDeviceState: calling screen state 0
06-09 15:37:34.907 526 526 D RILC : onRequest: SCREEN_STATE datalen=4 request_value:61
06-09 15:37:34.908 851 851 D RILJ : [0705]> SET_UNSOLICITED_RESPONSE_FILTER 32 [PHONE0]
06-09 15:37:34.908 851 851 E RILJ : setSignalStrengthReportingCriteria ignored on IRadio version less than 1.2 [PHONE0]
06-09 15:37:34.908 851 851 E RILJ : setSignalStrengthReportingCriteria ignored on IRadio version less than 1.2 [PHONE0]
06-09 15:37:34.908 851 851 E RILJ : setSignalStrengthReportingCriteria ignored on IRadio version less than 1.2 [PHONE0]
06-09 15:37:34.909 851 851 D NetworkTypeController: [0] LegacyState: process EVENT_PHYSICAL_CHANNEL_CONFIG_NOTIF_CHANGED
06-09 15:37:34.909 851 851 D NetworkTypeController: [0] Remove all timers
06-09 15:37:34.909 851 851 D NetworkTypeController: [0] DefaultState: process EVENT_PHYSICAL_CHANNEL_CONFIG_NOTIF_CHANGED
06-09 15:37:34.909 851 851 D NetworkTypeController: [0] mIsPhysicalChannelConfigOn changed to: false
06-09 15:37:34.909 851 851 D NetworkTypeController: [0] Remove all timers
06-09 15:37:34.909 851 1064 D RILJ : [0704]< SEND_DEVICE_STATE [PHONE0]
06-09 15:37:34.909 851 1064 D RILJ : [0705]< SET_UNSOLICITED_RESPONSE_FILTER error 6 [PHONE0]
06-09 15:37:34.909 851 1064 D RilRequest: [0705]< SET_UNSOLICITED_RESPONSE_FILTER error: com.android.internal.telephony.CommandException: REQUEST_NOT_SUPPORTED ret= result=null
06-09 15:37:38.633 439 439 W healthd : battery l=50 v=7562 t=34.0 h=1 st=3 c=-512000 fc=9700000 chg=
06-09 15:37:38.925 347 347 I rockchip-vop2 fdd90000.vop: [drm:vop2_crtc_atomic_disable] Crtc atomic disable vp2
06-09 15:37:38.936 347 347 E rockchip-vop2 fdd90000.vop: [drm:vop2_crtc_atomic_disable] *ERROR* unexpected power on pd7
06-09 15:37:35.259 851 851 D DCT-C-0 : screen off
06-09 15:37:35.260 851 851 D DCT-C-0 : stopNetStatPoll
06-09 15:37:39.112 1 1 I init : processing action (debug.beidou_leavesuspend=*) from (/system/etc/init/hw/init.rc:1293)
06-09 15:37:39.115 1 1 W : debug.beidou_leavesuspend wakeup
06-09 15:37:39.127 460 460 I gsensor_mxc6655 5-0015: set sensor poll time to 200ms
06-09 15:37:39.128 460 460 I gsensor_mxc6655 5-0015: sensor on: starting poll sensor data 196ms
06-09 15:37:35.404 851 851 D RILJ : [0706]> SEND_DEVICE_STATE 2:false [PHONE0]
06-09 15:37:35.404 526 526 D RILC : sendDeviceState: calling screen state 1
06-09 15:37:35.404 526 526 D RILC : onRequest: SCREEN_STATE datalen=4 request_value:61
06-09 15:37:35.404 851 1064 D RILJ : [0706]< SEND_DEVICE_STATE [PHONE0]
06-09 15:37:35.405 851 851 D RILJ : [0707]> SET_UNSOLICITED_RESPONSE_FILTER 127 [PHONE0]
06-09 15:37:35.405 851 1064 D RILJ : [0707]< SET_UNSOLICITED_RESPONSE_FILTER error 6 [PHONE0]
06-09 15:37:35.405 851 1064 D RilRequest: [0707]< SET_UNSOLICITED_RESPONSE_FILTER error: com.android.internal.telephony.CommandException: REQUEST_NOT_SUPPORTED ret= result=null
06-09 15:37:35.408 851 851 E RILJ : setSignalStrengthReportingCriteria ignored on IRadio version less than 1.2 [PHONE0]
06-09 15:37:35.408 851 851 E RILJ : setSignalStrengthReportingCriteria ignored on IRadio version less than 1.2 [PHONE0]
06-09 15:37:35.408 851 851 E RILJ : setSignalStrengthReportingCriteria ignored on IRadio version less than 1.2 [PHONE0]
06-09 15:37:35.408 851 851 D NetworkTypeController: [0] LegacyState: process EVENT_PHYSICAL_CHANNEL_CONFIG_NOTIF_CHANGED
06-09 15:37:35.409 851 851 D NetworkTypeController: [0] Remove all timers
06-09 15:37:35.409 851 851 D NetworkTypeController: [0] DefaultState: process EVENT_PHYSICAL_CHANNEL_CONFIG_NOTIF_CHANGED
06-09 15:37:35.409 851 851 D NetworkTypeController: [0] mIsPhysicalChannelConfigOn changed to: true
06-09 15:37:35.441 851 851 D DCT-C-0 : screen on
06-09 15:37:35.441 851 851 D DCT-C-0 : stopNetStatPoll
06-09 15:37:39.165 439 439 W healthd : battery l=50 v=7562 t=34.0 h=1 st=3 c=-256000 fc=9700000 chg=
06-09 15:37:39.186 347 347 I rockchip-vop2 fdd90000.vop: [drm:vop2_crtc_atomic_enable] Update mode to 1536x2048p55, type: 16(if:60) for vp2 dclk: 192000000
06-09 15:37:39.188 347 347 I rockchip-vop2 fdd90000.vop: [drm:vop2_crtc_atomic_enable] dclk_out2 div: 2 dclk_core2 div: 1
06-09 15:37:39.188 347 347 I rockchip-vop2 fdd90000.vop: [drm:vop2_crtc_atomic_enable] set dclk_vop2 to 96000000, get 96000000
06-09 15:37:39.213 460 460 I gsensor_mxc6655 5-0015: set sensor poll time to 66ms
06-09 15:37:39.695 347 347 I dw-mipi-dsi2 fde20000.dsi: [drm:dw_mipi_dsi2_encoder_enable] final DSI-Link bandwidth: 639999 x 8 Kbps
06-09 15:37:36.046 526 549 D RILU : find_pci_device is 0
06-09 15:37:36.047 526 549 D RILC : PCI can't find at device
06-09 15:37:36.050 526 549 D RILC : USB can't find at device
06-09 15:37:39.800 357 357 E rockchip-vop2 fdd90000.vop: [drm:vop2_wait_power_domain_off] *ERROR* wait pd7 off timeout power_ctrl: 0x7f
06-09 15:37:40.505 544 544 W : abc audioDBG [es8323_mute] start mute:1
06-09 15:37:40.505 544 544 I [Awinic] [3-0058]aw_acf_get_prof_desc_form_name: get prof desc down
06-09 15:37:40.505 544 544 I [Awinic] [3-005b]aw_acf_get_prof_desc_form_name: get prof desc down
06-09 15:37:39.050 526 549 D RILU : find_pci_device is 0
06-09 15:37:39.051 526 549 D RILC : PCI can't find at device
06-09 15:37:39.053 526 549 D RILC : USB can't find at device
06-09 15:37:42.054 526 549 D RILU : find_pci_device is 0
06-09 15:37:42.054 526 549 D RILC : PCI can't find at device
06-09 15:37:42.055 526 549 D RILC : USB can't find at device
06-09 15:37:48.103 444 444 I light_ltrx1303 5-0053: set sensor poll time to 200ms
06-09 15:37:48.118 444 444 I light_ltrx1303 5-0053: sensor on: starting poll sensor data 196ms
06-09 15:37:45.055 526 549 D RILU : find_pci_device is 0
06-09 15:37:45.056 526 549 D RILC : PCI can't find at device
06-09 15:37:45.056 526 549 D RILC : USB can't find at device
06-09 15:37:48.057 526 549 D RILU : find_pci_device is 0
06-09 15:37:48.057 526 549 D RILC : PCI can't find at device
06-09 15:37:48.058 526 549 D RILC : USB can't find at device
06-09 15:37:51.058 526 549 D RILU : find_pci_device is 0
06-09 15:37:51.058 526 549 D RILC : PCI can't find at device
06-09 15:37:51.064 526 549 D RILC : USB can't find at device
06-09 15:37:54.065 526 549 D RILU : find_pci_device is 0
06-09 15:37:54.065 526 549 D RILC : PCI can't find at device
06-09 15:37:54.066 526 549 D RILC : USB can't find at device
06-09 15:37:57.067 526 549 D RILU : find_pci_device is 0
06-09 15:37:57.067 526 549 D RILC : PCI can't find at device
06-09 15:37:57.069 526 549 D RILC : USB can't find at device
06-09 15:38:00.069 526 549 D RILU : find_pci_device is 0
06-09 15:38:00.069 526 549 D RILC : PCI can't find at device
06-09 15:38:00.071 526 549 D RILC : USB can't find at device
06-09 15:38:06.641 444 444 I gsensor_mxc6655 5-0015: set sensor poll time to 66ms
06-09 15:38:03.071 526 549 D RILU : find_pci_device is 0
06-09 15:38:03.071 526 549 D RILC : PCI can't find at device
06-09 15:38:03.075 526 549 D RILC : USB can't find at device
06-09 15:38:09.205 1 1 I init : processing action (debug.beidou_entersuspend=*) from (/system/etc/init/hw/init.rc:1286)
06-09 15:38:09.207 1 1 W : debug.beidou_entersuspend $PMTK161,0*28\r\n
06-09 15:38:09.220 1 1 I init : starting service 'gps_suspend'...
06-09 15:38:09.238 1 1 I init : Service 'gps_suspend' (pid 17145) exited with status 0 oneshot service took 0.010000 seconds in background
06-09 15:38:09.238 1 1 I init : Sending signal 9 to service 'gps_suspend' (pid 17145) process group...
06-09 15:38:09.239 1 1 I libprocessgroup: Successfully killed process cgroup uid 0 pid 17145 in 0ms
06-09 15:38:09.244 18417 18417 W : abc audioDBG [es8323_mute] start mute:0
06-09 15:38:09.254 18417 18417 I [Awinic] [3-0058]aw_acf_get_prof_desc_form_name: get prof desc down
06-09 15:38:09.268 18417 18417 I [Awinic] [3-005b]aw_acf_get_prof_desc_form_name: get prof desc down
06-09 15:38:09.675 460 460 I gsensor_mxc6655 5-0015: set sensor poll time to 200ms
06-09 15:38:05.966 851 851 D RILJ : [0708]> SEND_DEVICE_STATE 2:true [PHONE0]
06-09 15:38:05.966 526 526 D RILC : sendDeviceState: calling screen state 0
06-09 15:38:05.966 526 526 D RILC : onRequest: SCREEN_STATE datalen=4 request_value:61
06-09 15:38:05.967 851 1064 D RILJ : [0708]< SEND_DEVICE_STATE [PHONE0]
06-09 15:38:05.967 851 851 D RILJ : [0709]> SET_UNSOLICITED_RESPONSE_FILTER 32 [PHONE0]
06-09 15:38:05.968 851 1064 D RILJ : [0709]< SET_UNSOLICITED_RESPONSE_FILTER error 6 [PHONE0]
06-09 15:38:05.968 851 1064 D RilRequest: [0709]< SET_UNSOLICITED_RESPONSE_FILTER error: com.android.internal.telephony.CommandException: REQUEST_NOT_SUPPORTED ret= result=null
06-09 15:38:05.968 851 851 E RILJ : setSignalStrengthReportingCriteria ignored on IRadio version less than 1.2 [PHONE0]
06-09 15:38:05.969 851 851 E RILJ : setSignalStrengthReportingCriteria ignored on IRadio version less than 1.2 [PHONE0]
06-09 15:38:05.969 851 851 E RILJ : setSignalStrengthReportingCriteria ignored on IRadio version less than 1.2 [PHONE0]
06-09 15:38:05.969 851 851 D NetworkTypeController: [0] LegacyState: process EVENT_PHYSICAL_CHANNEL_CONFIG_NOTIF_CHANGED
06-09 15:38:05.969 851 851 D NetworkTypeController: [0] Remove all timers
06-09 15:38:05.969 851 851 D NetworkTypeController: [0] DefaultState: process EVENT_PHYSICAL_CHANNEL_CONFIG_NOTIF_CHANGED
06-09 15:38:05.969 851 851 D NetworkTypeController: [0] mIsPhysicalChannelConfigOn changed to: false
06-09 15:38:05.969 851 851 D NetworkTypeController: [0] Remove all timers
06-09 15:38:09.725 439 439 W healthd : battery l=50 v=7532 t=34.0 h=1 st=3 c=-512000 fc=9700000 chg=
06-09 15:38:06.075 526 549 D RILU : find_pci_device is 0
06-09 15:38:06.075 526 549 D RILC : PCI can't find at device
06-09 15:38:06.076 526 549 D RILC : USB can't find at device
06-09 15:38:10.018 347 347 I rockchip-vop2 fdd90000.vop: [drm:vop2_crtc_atomic_disable] Crtc atomic disable vp2
06-09 15:38:10.031 347 347 E rockchip-vop2 fdd90000.vop: [drm:vop2_crtc_atomic_disable] *ERROR* unexpected power on pd7
06-09 15:38:06.345 851 851 D DCT-C-0 : screen off
06-09 15:38:06.345 851 851 D DCT-C-0 : stopNetStatPoll
06-09 15:38:10.601 427 427 W : abc audioDBG [es8323_mute] start mute:1
06-09 15:38:10.601 427 427 I [Awinic] [3-0058]aw_acf_get_prof_desc_form_name: get prof desc down
06-09 15:38:10.602 427 427 I [Awinic] [3-005b]aw_acf_get_prof_desc_form_name: get prof desc down
06-09 15:38:11.669 1 1 I init : processing action (debug.beidou_leavesuspend=*) from (/system/etc/init/hw/init.rc:1293)
06-09 15:38:07.955 851 851 D RILJ : [0710]> SEND_DEVICE_STATE 2:false [PHONE0]
06-09 15:38:07.955 526 526 D RILC : sendDeviceState: calling screen state 1
06-09 15:38:07.955 526 526 D RILC : onRequest: SCREEN_STATE datalen=4 request_value:61
06-09 15:38:07.955 851 1064 D RILJ : [0710]< SEND_DEVICE_STATE [PHONE0]
06-09 15:38:07.956 851 851 D RILJ : [0711]> SET_UNSOLICITED_RESPONSE_FILTER 127 [PHONE0]
06-09 15:38:07.956 851 1064 D RILJ : [0711]< SET_UNSOLICITED_RESPONSE_FILTER error 6 [PHONE0]
06-09 15:38:07.956 851 1064 D RilRequest: [0711]< SET_UNSOLICITED_RESPONSE_FILTER error: com.android.internal.telephony.CommandException: REQUEST_NOT_SUPPORTED ret= result=null
06-09 15:38:07.958 851 851 E RILJ : setSignalStrengthReportingCriteria ignored on IRadio version less than 1.2 [PHONE0]
06-09 15:38:07.958 851 851 E RILJ : setSignalStrengthReportingCriteria ignored on IRadio version less than 1.2 [PHONE0]
06-09 15:38:07.958 851 851 E RILJ : setSignalStrengthReportingCriteria ignored on IRadio version less than 1.2 [PHONE0]
06-09 15:38:07.958 851 851 D NetworkTypeController: [0] LegacyState: process EVENT_PHYSICAL_CHANNEL_CONFIG_NOTIF_CHANGED
06-09 15:38:07.958 851 851 D NetworkTypeController: [0] Remove all timers
06-09 15:38:07.958 851 851 D NetworkTypeController: [0] DefaultState: process EVENT_PHYSICAL_CHANNEL_CONFIG_NOTIF_CHANGED
06-09 15:38:07.958 851 851 D NetworkTypeController: [0] mIsPhysicalChannelConfigOn changed to: true
06-09 15:38:11.672 1 1 W : debug.beidou_leavesuspend wakeup
06-09 15:38:11.716 439 439 W healthd : battery l=50 v=7596 t=34.0 h=1 st=3 c=-256000 fc=9700000 chg=
06-09 15:38:11.720 18417 18417 W : abc audioDBG [es8323_mute] start mute:0
06-09 15:38:11.730 18417 18417 I [Awinic] [3-0058]aw_acf_get_prof_desc_form_name: get prof desc down
06-09 15:38:11.733 347 347 I rockchip-vop2 fdd90000.vop: [drm:vop2_crtc_atomic_enable] Update mode to 1536x2048p55, type: 16(if:60) for vp2 dclk: 192000000
06-09 15:38:11.734 347 347 I rockchip-vop2 fdd90000.vop: [drm:vop2_crtc_atomic_enable] dclk_out2 div: 2 dclk_core2 div: 1
06-09 15:38:11.734 347 347 I rockchip-vop2 fdd90000.vop: [drm:vop2_crtc_atomic_enable] set dclk_vop2 to 96000000, get 96000000
06-09 15:38:11.744 18417 18417 I [Awinic] [3-005b]aw_acf_get_prof_desc_form_name: get prof desc down
06-09 15:38:11.796 460 460 I gsensor_mxc6655 5-0015: set sensor poll time to 66ms
06-09 15:38:11.797 460 460 I gsensor_mxc6655 5-0015: sensor on: starting poll sensor data 62ms
06-09 15:38:08.127 851 851 D DCT-C-0 : screen on
06-09 15:38:08.127 851 851 D DCT-C-0 : stopNetStatPoll
06-09 15:38:12.245 347 347 I dw-mipi-dsi2 fde20000.dsi: [drm:dw_mipi_dsi2_encoder_enable] final DSI-Link bandwidth: 639999 x 8 Kbps
06-09 15:38:12.382 357 357 E rockchip-vop2 fdd90000.vop: [drm:vop2_wait_power_domain_off] *ERROR* wait pd7 off timeout power_ctrl: 0x7a
06-09 15:38:09.077 526 549 D RILU : find_pci_device is 0
06-09 15:38:09.077 526 549 D RILC : PCI can't find at device
06-09 15:38:09.080 526 549 D RILC : USB can't find at device
06-09 15:38:13.135 427 427 W : abc audioDBG [es8323_mute] start mute:1
06-09 15:38:13.135 427 427 I [Awinic] [3-0058]aw_acf_get_prof_desc_form_name: get prof desc down
06-09 15:38:13.135 427 427 I [Awinic] [3-005b]aw_acf_get_prof_desc_form_name: get prof desc down
06-09 15:38:13.465 1 1 I init : processing action (debug.beidou_entersuspend=*) from (/system/etc/init/hw/init.rc:1286)
06-09 15:38:13.466 1 1 W : debug.beidou_entersuspend $PMTK161,0*28\r\n
06-09 15:38:13.468 1 1 I init : starting service 'gps_suspend'...
06-09 15:38:13.482 18417 18417 W : abc audioDBG [es8323_mute] start mute:0
06-09 15:38:13.492 18417 18417 I [Awinic] [3-0058]aw_acf_get_prof_desc_form_name: get prof desc down
06-09 15:38:13.502 1 1 I init : Service 'gps_suspend' (pid 17206) exited with status 0 oneshot service took 0.032000 seconds in background
06-09 15:38:13.503 1 1 I init : Sending signal 9 to service 'gps_suspend' (pid 17206) process group...
06-09 15:38:13.506 18417 18417 I [Awinic] [3-005b]aw_acf_get_prof_desc_form_name: get prof desc down
06-09 15:38:13.929 444 444 I gsensor_mxc6655 5-0015: set sensor poll time to 200ms
06-09 15:38:10.235 851 851 D RILJ : [0712]> SEND_DEVICE_STATE 2:true [PHONE0]
06-09 15:38:10.236 526 526 D RILC : sendDeviceState: calling screen state 0
06-09 15:38:10.236 526 526 D RILC : onRequest: SCREEN_STATE datalen=4 request_value:61
06-09 15:38:10.236 851 1064 D RILJ : [0712]< SEND_DEVICE_STATE [PHONE0]
06-09 15:38:10.236 851 851 D RILJ : [0713]> SET_UNSOLICITED_RESPONSE_FILTER 32 [PHONE0]
06-09 15:38:10.237 851 1064 D RILJ : [0713]< SET_UNSOLICITED_RESPONSE_FILTER error 6 [PHONE0]
06-09 15:38:10.237 851 1064 D RilRequest: [0713]< SET_UNSOLICITED_RESPONSE_FILTER error: com.android.internal.telephony.CommandException: REQUEST_NOT_SUPPORTED ret= result=null
06-09 15:38:10.238 851 851 E RILJ : setSignalStrengthReportingCriteria ignored on IRadio version less than 1.2 [PHONE0]
06-09 15:38:10.238 851 851 E RILJ : setSignalStrengthReportingCriteria ignored on IRadio version less than 1.2 [PHONE0]
06-09 15:38:10.238 851 851 E RILJ : setSignalStrengthReportingCriteria ignored on IRadio version less than 1.2 [PHONE0]
06-09 15:38:10.238 851 851 D NetworkTypeController: [0] LegacyState: process EVENT_PHYSICAL_CHANNEL_CONFIG_NOTIF_CHANGED
06-09 15:38:10.238 851 851 D NetworkTypeController: [0] Remove all timers
06-09 15:38:10.238 851 851 D NetworkTypeController: [0] DefaultState: process EVENT_PHYSICAL_CHANNEL_CONFIG_NOTIF_CHANGED
06-09 15:38:10.238 851 851 D NetworkTypeController: [0] mIsPhysicalChannelConfigOn changed to: false
06-09 15:38:10.238 851 851 D NetworkTypeController: [0] Remove all timers
06-09 15:38:13.978 439 439 W healthd : battery l=50 v=7596 t=34.0 h=1 st=3 c=-512000 fc=9700000 chg=
06-09 15:38:14.292 347 347 I rockchip-vop2 fdd90000.vop: [drm:vop2_crtc_atomic_disable] Crtc atomic disable vp2
06-09 15:38:14.303 347 347 E rockchip-vop2 fdd90000.vop: [drm:vop2_crtc_atomic_disable] *ERROR* unexpected power on pd7
06-09 15:38:10.629 851 851 D DCT-C-0 : screen off
06-09 15:38:10.629 851 851 D DCT-C-0 : stopNetStatPoll
06-09 15:38:14.458 1 1 I init : processing action (debug.beidou_leavesuspend=*) from (/system/etc/init/hw/init.rc:1293)
06-09 15:38:10.747 851 851 D RILJ : [0714]> SEND_DEVICE_STATE 2:false [PHONE0]
06-09 15:38:10.747 526 526 D RILC : sendDeviceState: calling screen state 1
06-09 15:38:10.747 526 526 D RILC : onRequest: SCREEN_STATE datalen=4 request_value:61
06-09 15:38:10.748 851 1064 D RILJ : [0714]< SEND_DEVICE_STATE [PHONE0]
06-09 15:38:10.748 851 851 D RILJ : [0715]> SET_UNSOLICITED_RESPONSE_FILTER 127 [PHONE0]
06-09 15:38:10.749 851 1064 D RILJ : [0715]< SET_UNSOLICITED_RESPONSE_FILTER error 6 [PHONE0]
06-09 15:38:10.749 851 1064 D RilRequest: [0715]< SET_UNSOLICITED_RESPONSE_FILTER error: com.android.internal.telephony.CommandException: REQUEST_NOT_SUPPORTED ret= result=null
06-09 15:38:10.750 851 851 E RILJ : setSignalStrengthReportingCriteria ignored on IRadio version less than 1.2 [PHONE0]
06-09 15:38:10.750 851 851 E RILJ : setSignalStrengthReportingCriteria ignored on IRadio version less than 1.2 [PHONE0]
06-09 15:38:10.750 851 851 E RILJ : setSignalStrengthReportingCriteria ignored on IRadio version less than 1.2 [PHONE0]
06-09 15:38:10.750 851 851 D NetworkTypeController: [0] LegacyState: process EVENT_PHYSICAL_CHANNEL_CONFIG_NOTIF_CHANGED
06-09 15:38:10.751 851 851 D NetworkTypeController: [0] Remove all timers
06-09 15:38:10.751 851 851 D NetworkTypeController: [0] DefaultState: process EVENT_PHYSICAL_CHANNEL_CONFIG_NOTIF_CHANGED
06-09 15:38:10.751 851 851 D NetworkTypeController: [0] mIsPhysicalChannelConfigOn changed to: true
06-09 15:38:14.459 1 1 W : debug.beidou_leavesuspend wakeup
06-09 15:38:14.476 444 444 I gsensor_mxc6655 5-0015: set sensor poll time to 200ms
06-09 15:38:14.477 444 444 I gsensor_mxc6655 5-0015: sensor on: starting poll sensor data 196ms
06-09 15:38:14.497 439 439 W healthd : battery l=50 v=7596 t=34.0 h=1 st=3 c=-512000 fc=9700000 chg=
06-09 15:38:10.789 851 851 D DCT-C-0 : screen on
06-09 15:38:10.789 851 851 D DCT-C-0 : stopNetStatPoll
06-09 15:38:14.527 347 347 I rockchip-vop2 fdd90000.vop: [drm:vop2_crtc_atomic_enable] Update mode to 1536x2048p55, type: 16(if:60) for vp2 dclk: 192000000
06-09 15:38:14.528 347 347 I rockchip-vop2 fdd90000.vop: [drm:vop2_crtc_atomic_enable] dclk_out2 div: 2 dclk_core2 div: 1
06-09 15:38:14.528 347 347 I rockchip-vop2 fdd90000.vop: [drm:vop2_crtc_atomic_enable] set dclk_vop2 to 96000000, get 96000000
06-09 15:38:14.564 444 444 I gsensor_mxc6655 5-0015: set sensor poll time to 66ms
06-09 15:38:15.035 347 347 I dw-mipi-dsi2 fde20000.dsi: [drm:dw_mipi_dsi2_encoder_enable] final DSI-Link bandwidth: 639999 x 8 Kbps
06-09 15:38:15.393 357 357 E rockchip-vop2 fdd90000.vop: [drm:vop2_wait_power_domain_off] *ERROR* wait pd7 off timeout power_ctrl: 0x7a
06-09 15:38:12.080 526 549 D RILU : find_pci_device is 0
06-09 15:38:12.081 526 549 D RILC : PCI can't find at device
06-09 15:38:12.083 526 549 D RILC : USB can't find at device
06-09 15:38:15.867 1 1 I init : processing action (debug.beidou_entersuspend=*) from (/system/etc/init/hw/init.rc:1286)
06-09 15:38:15.868 1 1 W : debug.beidou_entersuspend $PMTK161,0*28\r\n
06-09 15:38:15.869 1 1 I init : starting service 'gps_suspend'...
06-09 15:38:15.894 1 1 I init : Service 'gps_suspend' (pid 17238) exited with status 0 oneshot service took 0.007000 seconds in background
06-09 15:38:15.894 1 1 I init : Sending signal 9 to service 'gps_suspend' (pid 17238) process group...
06-09 15:38:15.895 1 1 I libprocessgroup: Successfully killed process cgroup uid 0 pid 17238 in 0ms
06-09 15:38:16.364 444 444 I gsensor_mxc6655 5-0015: set sensor poll time to 200ms
06-09 15:38:12.650 851 851 D RILJ : [0716]> SEND_DEVICE_STATE 2:true [PHONE0]
06-09 15:38:12.651 526 526 D RILC : sendDeviceState: calling screen state 0
06-09 15:38:12.651 526 526 D RILC : onRequest: SCREEN_STATE datalen=4 request_value:61
06-09 15:38:12.651 851 851 D RILJ : [0717]> SET_UNSOLICITED_RESPONSE_FILTER 32 [PHONE0]
06-09 15:38:12.652 851 1064 D RILJ : [0716]< SEND_DEVICE_STATE [PHONE0]
06-09 15:38:12.653 851 1064 D RILJ : [0717]< SET_UNSOLICITED_RESPONSE_FILTER error 6 [PHONE0]
06-09 15:38:12.653 851 1064 D RilRequest: [0717]< SET_UNSOLICITED_RESPONSE_FILTER error: com.android.internal.telephony.CommandException: REQUEST_NOT_SUPPORTED ret= result=null
06-09 15:38:12.655 851 851 E RILJ : setSignalStrengthReportingCriteria ignored on IRadio version less than 1.2 [PHONE0]
06-09 15:38:12.655 851 851 E RILJ : setSignalStrengthReportingCriteria ignored on IRadio version less than 1.2 [PHONE0]
06-09 15:38:12.655 851 851 E RILJ : setSignalStrengthReportingCriteria ignored on IRadio version less than 1.2 [PHONE0]
06-09 15:38:12.655 851 851 D NetworkTypeController: [0] LegacyState: process EVENT_PHYSICAL_CHANNEL_CONFIG_NOTIF_CHANGED
06-09 15:38:12.655 851 851 D NetworkTypeController: [0] Remove all timers
06-09 15:38:12.655 851 851 D NetworkTypeController: [0] DefaultState: process EVENT_PHYSICAL_CHANNEL_CONFIG_NOTIF_CHANGED
06-09 15:38:12.656 851 851 D NetworkTypeController: [0] mIsPhysicalChannelConfigOn changed to: false
06-09 15:38:12.656 851 851 D NetworkTypeController: [0] Remove all timers
06-09 15:38:16.398 439 439 W healthd : battery l=50 v=7506 t=34.0 h=1 st=3 c=-512000 fc=9700000 chg=
06-09 15:38:16.718 347 347 I rockchip-vop2 fdd90000.vop: [drm:vop2_crtc_atomic_disable] Crtc atomic disable vp2
06-09 15:38:16.732 347 347 E rockchip-vop2 fdd90000.vop: [drm:vop2_crtc_atomic_disable] *ERROR* unexpected power on pd7
06-09 15:38:13.073 851 851 D DCT-C-0 : screen off
06-09 15:38:13.074 851 851 D DCT-C-0 : stopNetStatPoll
06-09 15:38:16.912 1 1 I init : processing action (debug.beidou_leavesuspend=*) from (/system/etc/init/hw/init.rc:1293)
06-09 15:38:13.199 851 851 D RILJ : [0718]> SEND_DEVICE_STATE 2:false [PHONE0]
06-09 15:38:13.199 526 526 D RILC : sendDeviceState: calling screen state 1
06-09 15:38:13.200 526 526 D RILC : onRequest: SCREEN_STATE datalen=4 request_value:61
06-09 15:38:13.200 851 1064 D RILJ : [0718]< SEND_DEVICE_STATE [PHONE0]
06-09 15:38:13.200 851 851 D RILJ : [0719]> SET_UNSOLICITED_RESPONSE_FILTER 127 [PHONE0]
06-09 15:38:13.200 851 1064 D RILJ : [0719]< SET_UNSOLICITED_RESPONSE_FILTER error 6 [PHONE0]
06-09 15:38:13.200 851 1064 D RilRequest: [0719]< SET_UNSOLICITED_RESPONSE_FILTER error: com.android.internal.telephony.CommandException: REQUEST_NOT_SUPPORTED ret= result=null
06-09 15:38:13.201 851 851 E RILJ : setSignalStrengthReportingCriteria ignored on IRadio version less than 1.2 [PHONE0]
06-09 15:38:13.201 851 851 E RILJ : setSignalStrengthReportingCriteria ignored on IRadio version less than 1.2 [PHONE0]
06-09 15:38:13.202 851 851 E RILJ : setSignalStrengthReportingCriteria ignored on IRadio version less than 1.2 [PHONE0]
06-09 15:38:13.202 851 851 D NetworkTypeController: [0] LegacyState: process EVENT_PHYSICAL_CHANNEL_CONFIG_NOTIF_CHANGED
06-09 15:38:13.202 851 851 D NetworkTypeController: [0] Remove all timers
06-09 15:38:13.202 851 851 D NetworkTypeController: [0] DefaultState: process EVENT_PHYSICAL_CHANNEL_CONFIG_NOTIF_CHANGED
06-09 15:38:13.202 851 851 D NetworkTypeController: [0] mIsPhysicalChannelConfigOn changed to: true
06-09 15:38:16.914 1 1 W : debug.beidou_leavesuspend wakeup
06-09 15:38:16.931 444 444 I gsensor_mxc6655 5-0015: set sensor poll time to 200ms
06-09 15:38:16.933 444 444 I gsensor_mxc6655 5-0015: sensor on: starting poll sensor data 196ms
06-09 15:38:16.955 439 439 W healthd : battery l=50 v=7506 t=34.0 h=1 st=3 c=-256000 fc=9700000 chg=
06-09 15:38:13.238 851 851 D DCT-C-0 : screen on
06-09 15:38:13.238 851 851 D DCT-C-0 : stopNetStatPoll
06-09 15:38:16.986 347 347 I rockchip-vop2 fdd90000.vop: [drm:vop2_crtc_atomic_enable] Update mode to 1536x2048p55, type: 16(if:60) for vp2 dclk: 192000000
06-09 15:38:16.987 347 347 I rockchip-vop2 fdd90000.vop: [drm:vop2_crtc_atomic_enable] dclk_out2 div: 2 dclk_core2 div: 1
06-09 15:38:16.987 347 347 I rockchip-vop2 fdd90000.vop: [drm:vop2_crtc_atomic_enable] set dclk_vop2 to 96000000, get 96000000
06-09 15:38:17.085 444 444 I gsensor_mxc6655 5-0015: set sensor poll time to 66ms
06-09 15:38:17.498 347 347 I dw-mipi-dsi2 fde20000.dsi: [drm:dw_mipi_dsi2_encoder_enable] final DSI-Link bandwidth: 639999 x 8 Kbps
06-09 15:38:17.872 357 357 E rockchip-vop2 fdd90000.vop: [drm:vop2_wait_power_domain_off] *ERROR* wait pd7 off timeout power_ctrl: 0x7a
06-09 15:38:18.389 544 544 W : abc audioDBG [es8323_mute] start mute:1
06-09 15:38:18.389 544 544 I [Awinic] [3-0058]aw_acf_get_prof_desc_form_name: get prof desc down
06-09 15:38:18.390 544 544 I [Awinic] [3-005b]aw_acf_get_prof_desc_form_name: get prof desc down
06-09 15:38:18.523 1 1 I init : processing action (debug.beidou_entersuspend=*) from (/system/etc/init/hw/init.rc:1286)
06-09 15:38:18.525 1 1 W : debug.beidou_entersuspend $PMTK161,0*28\r\n
06-09 15:38:18.526 1 1 I init : starting service 'gps_suspend'...
06-09 15:38:18.556 1 1 I init : Service 'gps_suspend' (pid 17272) exited with status 0 oneshot service took 0.024000 seconds in background
06-09 15:38:18.566 18417 18417 W : abc audioDBG [es8323_mute] start mute:0
06-09 15:38:18.576 18417 18417 I [Awinic] [3-0058]aw_acf_get_prof_desc_form_name: get prof desc down
06-09 15:38:18.590 18417 18417 I [Awinic] [3-005b]aw_acf_get_prof_desc_form_name: get prof desc down
06-09 15:38:15.084 526 549 D RILU : find_pci_device is 0
06-09 15:38:15.084 526 549 D RILC : PCI can't find at device
06-09 15:38:15.095 526 549 D RILC : USB can't find at device
06-09 15:38:19.024 460 460 I gsensor_mxc6655 5-0015: set sensor poll time to 200ms
06-09 15:38:19.039 439 439 W healthd : battery l=50 v=7506 t=34.0 h=1 st=3 c=-512000 fc=9700000 chg=
06-09 15:38:15.338 851 851 D RILJ : [0720]> SEND_DEVICE_STATE 2:true [PHONE0]
06-09 15:38:15.338 526 526 D RILC : sendDeviceState: calling screen state 0
06-09 15:38:15.338 526 526 D RILC : onRequest: SCREEN_STATE datalen=4 request_value:61
06-09 15:38:15.339 851 1064 D RILJ : [0720]< SEND_DEVICE_STATE [PHONE0]
06-09 15:38:15.339 851 851 D RILJ : [0721]> SET_UNSOLICITED_RESPONSE_FILTER 32 [PHONE0]
06-09 15:38:15.340 851 1064 D RILJ : [0721]< SET_UNSOLICITED_RESPONSE_FILTER error 6 [PHONE0]
06-09 15:38:15.340 851 1064 D RilRequest: [0721]< SET_UNSOLICITED_RESPONSE_FILTER error: com.android.internal.telephony.CommandException: REQUEST_NOT_SUPPORTED ret= result=null
06-09 15:38:15.340 851 851 E RILJ : setSignalStrengthReportingCriteria ignored on IRadio version less than 1.2 [PHONE0]
06-09 15:38:15.340 851 851 E RILJ : setSignalStrengthReportingCriteria ignored on IRadio version less than 1.2 [PHONE0]
06-09 15:38:15.340 851 851 E RILJ : setSignalStrengthReportingCriteria ignored on IRadio version less than 1.2 [PHONE0]
06-09 15:38:15.340 851 851 D NetworkTypeController: [0] LegacyState: process EVENT_PHYSICAL_CHANNEL_CONFIG_NOTIF_CHANGED
06-09 15:38:15.340 851 851 D NetworkTypeController: [0] Remove all timers
06-09 15:38:15.340 851 851 D NetworkTypeController: [0] DefaultState: process EVENT_PHYSICAL_CHANNEL_CONFIG_NOTIF_CHANGED
06-09 15:38:15.341 851 851 D NetworkTypeController: [0] mIsPhysicalChannelConfigOn changed to: false
06-09 15:38:15.341 851 851 D NetworkTypeController: [0] Remove all timers
06-09 15:38:19.401 347 347 I rockchip-vop2 fdd90000.vop: [drm:vop2_crtc_atomic_disable] Crtc atomic disable vp2
06-09 15:38:19.410 347 347 E rockchip-vop2 fdd90000.vop: [drm:vop2_crtc_atomic_disable] *ERROR* unexpected power on pd7
06-09 15:38:15.710 851 851 D DCT-C-0 : screen off
06-09 15:38:15.710 851 851 D DCT-C-0 : stopNetStatPoll
06-09 15:38:19.547 1 1 I init : processing action (debug.beidou_leavesuspend=*) from (/system/etc/init/hw/init.rc:1293)
06-09 15:38:15.831 851 851 D RILJ : [0722]> SEND_DEVICE_STATE 2:false [PHONE0]
06-09 15:38:15.831 526 526 D RILC : sendDeviceState: calling screen state 1
06-09 15:38:15.831 526 526 D RILC : onRequest: SCREEN_STATE datalen=4 request_value:61
06-09 15:38:15.832 851 1064 D RILJ : [0722]< SEND_DEVICE_STATE [PHONE0]
06-09 15:38:19.551 1 1 W : debug.beidou_leavesuspend wakeup
06-09 15:38:19.555 460 460 I gsensor_mxc6655 5-0015: set sensor poll time to 200ms
06-09 15:38:19.556 460 460 I gsensor_mxc6655 5-0015: sensor on: starting poll sensor data 196ms
06-09 15:38:15.832 851 851 D RILJ : [0723]> SET_UNSOLICITED_RESPONSE_FILTER 127 [PHONE0]
06-09 15:38:15.833 851 1064 D RILJ : [0723]< SET_UNSOLICITED_RESPONSE_FILTER error 6 [PHONE0]
06-09 15:38:15.833 851 1064 D RilRequest: [0723]< SET_UNSOLICITED_RESPONSE_FILTER error: com.android.internal.telephony.CommandException: REQUEST_NOT_SUPPORTED ret= result=null
06-09 15:38:15.833 851 851 E RILJ : setSignalStrengthReportingCriteria ignored on IRadio version less than 1.2 [PHONE0]
06-09 15:38:15.833 851 851 E RILJ : setSignalStrengthReportingCriteria ignored on IRadio version less than 1.2 [PHONE0]
06-09 15:38:15.833 851 851 E RILJ : setSignalStrengthReportingCriteria ignored on IRadio version less than 1.2 [PHONE0]
06-09 15:38:15.833 851 851 D NetworkTypeController: [0] LegacyState: process EVENT_PHYSICAL_CHANNEL_CONFIG_NOTIF_CHANGED
06-09 15:38:15.834 851 851 D NetworkTypeController: [0] Remove all timers
06-09 15:38:15.834 851 851 D NetworkTypeController: [0] DefaultState: process EVENT_PHYSICAL_CHANNEL_CONFIG_NOTIF_CHANGED
06-09 15:38:15.834 851 851 D NetworkTypeController: [0] mIsPhysicalChannelConfigOn changed to: true
06-09 15:38:19.577 439 439 W healthd : battery l=50 v=7506 t=34.0 h=1 st=3 c=-512000 fc=9700000 chg=
06-09 15:38:15.856 851 851 D DCT-C-0 : screen on
06-09 15:38:15.856 851 851 D DCT-C-0 : stopNetStatPoll
06-09 15:38:19.613 347 347 I rockchip-vop2 fdd90000.vop: [drm:vop2_crtc_atomic_enable] Update mode to 1536x2048p55, type: 16(if:60) for vp2 dclk: 192000000
06-09 15:38:19.613 347 347 I rockchip-vop2 fdd90000.vop: [drm:vop2_crtc_atomic_enable] dclk_out2 div: 2 dclk_core2 div: 1
06-09 15:38:19.613 347 347 I rockchip-vop2 fdd90000.vop: [drm:vop2_crtc_atomic_enable] set dclk_vop2 to 96000000, get 96000000
06-09 15:38:19.660 460 460 I gsensor_mxc6655 5-0015: set sensor poll time to 66ms
06-09 15:38:20.122 347 347 I dw-mipi-dsi2 fde20000.dsi: [drm:dw_mipi_dsi2_encoder_enable] final DSI-Link bandwidth: 639999 x 8 Kbps
06-09 15:38:20.203 357 357 E rockchip-vop2 fdd90000.vop: [drm:vop2_wait_power_domain_off] *ERROR* wait pd7 off timeout power_ctrl: 0x7f
06-09 15:38:21.010 1 1 I init : processing action (debug.beidou_entersuspend=*) from (/system/etc/init/hw/init.rc:1286)
06-09 15:38:21.011 1 1 W : debug.beidou_entersuspend $PMTK161,0*28\r\n
06-09 15:38:21.012 1 1 I init : starting service 'gps_suspend'...
06-09 15:38:21.043 1 1 I init : Service 'gps_suspend' (pid 17306) exited with status 0 oneshot service took 0.027000 seconds in background
06-09 15:38:21.043 1 1 I init : Sending signal 9 to service 'gps_suspend' (pid 17306) process group...
06-09 15:38:21.044 1 1 I libprocessgroup: Successfully killed process cgroup uid 0 pid 17306 in 0ms
06-09 15:38:21.503 439 439 W healthd : battery l=50 v=7512 t=33.5 h=1 st=3 c=-768000 fc=9700000 chg=
06-09 15:38:21.506 444 444 I gsensor_mxc6655 5-0015: set sensor poll time to 200ms
06-09 15:38:17.810 851 851 D RILJ : [0724]> SEND_DEVICE_STATE 2:true [PHONE0]
06-09 15:38:17.811 526 526 D RILC : sendDeviceState: calling screen state 0
06-09 15:38:17.811 526 526 D RILC : onRequest: SCREEN_STATE datalen=4 request_value:61
06-09 15:38:17.811 851 1064 D RILJ : [0724]< SEND_DEVICE_STATE [PHONE0]
06-09 15:38:17.811 851 851 D RILJ : [0725]> SET_UNSOLICITED_RESPONSE_FILTER 32 [PHONE0]
06-09 15:38:17.811 851 1064 D RILJ : [0725]< SET_UNSOLICITED_RESPONSE_FILTER error 6 [PHONE0]
06-09 15:38:17.811 851 1064 D RilRequest: [0725]< SET_UNSOLICITED_RESPONSE_FILTER error: com.android.internal.telephony.CommandException: REQUEST_NOT_SUPPORTED ret= result=null
06-09 15:38:17.812 851 851 E RILJ : setSignalStrengthReportingCriteria ignored on IRadio version less than 1.2 [PHONE0]
06-09 15:38:17.812 851 851 E RILJ : setSignalStrengthReportingCriteria ignored on IRadio version less than 1.2 [PHONE0]
06-09 15:38:17.812 851 851 E RILJ : setSignalStrengthReportingCriteria ignored on IRadio version less than 1.2 [PHONE0]
06-09 15:38:17.812 851 851 D NetworkTypeController: [0] LegacyState: process EVENT_PHYSICAL_CHANNEL_CONFIG_NOTIF_CHANGED
06-09 15:38:17.812 851 851 D NetworkTypeController: [0] Remove all timers
06-09 15:38:17.812 851 851 D NetworkTypeController: [0] DefaultState: process EVENT_PHYSICAL_CHANNEL_CONFIG_NOTIF_CHANGED
06-09 15:38:17.812 851 851 D NetworkTypeController: [0] mIsPhysicalChannelConfigOn changed to: false
06-09 15:38:17.812 851 851 D NetworkTypeController: [0] Remove all timers
06-09 15:38:18.095 526 549 D RILU : find_pci_device is 0
06-09 15:38:18.095 526 549 D RILC : PCI can't find at device
06-09 15:38:18.098 526 549 D RILC : USB can't find at device
06-09 15:38:21.861 347 347 I rockchip-vop2 fdd90000.vop: [drm:vop2_crtc_atomic_disable] Crtc atomic disable vp2
06-09 15:38:21.872 347 347 E rockchip-vop2 fdd90000.vop: [drm:vop2_crtc_atomic_disable] *ERROR* unexpected power on pd7
06-09 15:38:18.176 851 851 D DCT-C-0 : screen off
06-09 15:38:18.176 851 851 D DCT-C-0 : stopNetStatPoll
06-09 15:38:21.989 1 1 I init : processing action (debug.beidou_leavesuspend=*) from (/system/etc/init/hw/init.rc:1293)
06-09 15:38:21.999 439 439 W healthd : battery l=50 v=7512 t=33.5 h=1 st=3 c=-768000 fc=9700000 chg=
06-09 15:38:18.276 851 851 D RILJ : [0726]> SEND_DEVICE_STATE 2:false [PHONE0]
06-09 15:38:18.276 526 526 D RILC : sendDeviceState: calling screen state 1
06-09 15:38:18.276 526 526 D RILC : onRequest: SCREEN_STATE datalen=4 request_value:61
06-09 15:38:18.277 851 1064 D RILJ : [0726]< SEND_DEVICE_STATE [PHONE0]
06-09 15:38:18.277 851 851 D RILJ : [0727]> SET_UNSOLICITED_RESPONSE_FILTER 127 [PHONE0]
06-09 15:38:18.277 851 1064 D RILJ : [0727]< SET_UNSOLICITED_RESPONSE_FILTER error 6 [PHONE0]
06-09 15:38:18.277 851 1064 D RilRequest: [0727]< SET_UNSOLICITED_RESPONSE_FILTER error: com.android.internal.telephony.CommandException: REQUEST_NOT_SUPPORTED ret= result=null
06-09 15:38:18.279 851 851 E RILJ : setSignalStrengthReportingCriteria ignored on IRadio version less than 1.2 [PHONE0]
06-09 15:38:18.279 851 851 E RILJ : setSignalStrengthReportingCriteria ignored on IRadio version less than 1.2 [PHONE0]
06-09 15:38:18.280 851 851 E RILJ : setSignalStrengthReportingCriteria ignored on IRadio version less than 1.2 [PHONE0]
06-09 15:38:18.280 851 851 D NetworkTypeController: [0] LegacyState: process EVENT_PHYSICAL_CHANNEL_CONFIG_NOTIF_CHANGED
06-09 15:38:18.280 851 851 D NetworkTypeController: [0] Remove all timers
06-09 15:38:18.280 851 851 D NetworkTypeController: [0] DefaultState: process EVENT_PHYSICAL_CHANNEL_CONFIG_NOTIF_CHANGED
06-09 15:38:18.280 851 851 D NetworkTypeController: [0] mIsPhysicalChannelConfigOn changed to: true
06-09 15:38:22.004 1 1 W : debug.beidou_leavesuspend wakeup
06-09 15:38:22.009 444 444 I gsensor_mxc6655 5-0015: set sensor poll time to 200ms
06-09 15:38:22.010 444 444 I gsensor_mxc6655 5-0015: sensor on: starting poll sensor data 196ms
06-09 15:38:18.319 851 851 D DCT-C-0 : screen on
06-09 15:38:18.320 851 851 D DCT-C-0 : stopNetStatPoll
06-09 15:38:22.063 347 347 I rockchip-vop2 fdd90000.vop: [drm:vop2_crtc_atomic_enable] Update mode to 1536x2048p55, type: 16(if:60) for vp2 dclk: 192000000
06-09 15:38:22.063 347 347 I rockchip-vop2 fdd90000.vop: [drm:vop2_crtc_atomic_enable] dclk_out2 div: 2 dclk_core2 div: 1
06-09 15:38:22.063 347 347 I rockchip-vop2 fdd90000.vop: [drm:vop2_crtc_atomic_enable] set dclk_vop2 to 96000000, get 96000000
06-09 15:38:22.099 444 444 I gsensor_mxc6655 5-0015: set sensor poll time to 66ms
06-09 15:38:22.572 347 347 I dw-mipi-dsi2 fde20000.dsi: [drm:dw_mipi_dsi2_encoder_enable] final DSI-Link bandwidth: 639999 x 8 Kbps
06-09 15:38:22.651 357 357 E rockchip-vop2 fdd90000.vop: [drm:vop2_wait_power_domain_off] *ERROR* wait pd7 off timeout power_ctrl: 0x7f
06-09 15:38:23.462 427 427 W : abc audioDBG [es8323_mute] start mute:1
06-09 15:38:23.462 427 427 I [Awinic] [3-0058]aw_acf_get_prof_desc_form_name: get prof desc down
06-09 15:38:23.463 427 427 I [Awinic] [3-005b]aw_acf_get_prof_desc_form_name: get prof desc down
06-09 15:38:23.526 1 1 I init : processing action (debug.beidou_entersuspend=*) from (/system/etc/init/hw/init.rc:1286)
06-09 15:38:23.527 1 1 W : debug.beidou_entersuspend $PMTK161,0*28\r\n
06-09 15:38:23.528 1 1 I init : starting service 'gps_suspend'...
06-09 15:38:23.544 1 1 I init : Service 'gps_suspend' (pid 17340) exited with status 0 oneshot service took 0.009000 seconds in background
06-09 15:38:23.562 18417 18417 W : abc audioDBG [es8323_mute] start mute:0
06-09 15:38:23.572 18417 18417 I [Awinic] [3-0058]aw_acf_get_prof_desc_form_name: get prof desc down
06-09 15:38:23.587 18417 18417 I [Awinic] [3-005b]aw_acf_get_prof_desc_form_name: get prof desc down
06-09 15:38:24.040 444 444 I gsensor_mxc6655 5-0015: set sensor poll time to 200ms
06-09 15:38:24.047 439 439 W healthd : battery l=50 v=7512 t=33.5 h=1 st=3 c=-512000 fc=9700000 chg=
06-09 15:38:20.342 851 851 D RILJ : [0728]> SEND_DEVICE_STATE 2:true [PHONE0]
06-09 15:38:20.342 526 526 D RILC : sendDeviceState: calling screen state 0
06-09 15:38:20.342 526 526 D RILC : onRequest: SCREEN_STATE datalen=4 request_value:61
06-09 15:38:20.343 851 1064 D RILJ : [0728]< SEND_DEVICE_STATE [PHONE0]
06-09 15:38:20.346 851 851 D RILJ : [0729]> SET_UNSOLICITED_RESPONSE_FILTER 32 [PHONE0]
06-09 15:38:20.346 851 1064 D RILJ : [0729]< SET_UNSOLICITED_RESPONSE_FILTER error 6 [PHONE0]
06-09 15:38:20.346 851 1064 D RilRequest: [0729]< SET_UNSOLICITED_RESPONSE_FILTER error: com.android.internal.telephony.CommandException: REQUEST_NOT_SUPPORTED ret= result=null
06-09 15:38:20.347 851 851 E RILJ : setSignalStrengthReportingCriteria ignored on IRadio version less than 1.2 [PHONE0]
06-09 15:38:20.347 851 851 E RILJ : setSignalStrengthReportingCriteria ignored on IRadio version less than 1.2 [PHONE0]
06-09 15:38:20.347 851 851 E RILJ : setSignalStrengthReportingCriteria ignored on IRadio version less than 1.2 [PHONE0]
06-09 15:38:20.348 851 851 D NetworkTypeController: [0] LegacyState: process EVENT_PHYSICAL_CHANNEL_CONFIG_NOTIF_CHANGED
06-09 15:38:20.348 851 851 D NetworkTypeController: [0] Remove all timers
06-09 15:38:20.350 851 851 D NetworkTypeController: [0] DefaultState: process EVENT_PHYSICAL_CHANNEL_CONFIG_NOTIF_CHANGED
06-09 15:38:20.350 851 851 D NetworkTypeController: [0] mIsPhysicalChannelConfigOn changed to: false
06-09 15:38:20.350 851 851 D NetworkTypeController: [0] Remove all timers
06-09 15:38:24.401 347 347 I rockchip-vop2 fdd90000.vop: [drm:vop2_crtc_atomic_disable] Crtc atomic disable vp2
06-09 15:38:24.413 347 347 E rockchip-vop2 fdd90000.vop: [drm:vop2_crtc_atomic_disable] *ERROR* unexpected power on pd7
06-09 15:38:20.714 851 851 D DCT-C-0 : screen off
06-09 15:38:20.714 851 851 D DCT-C-0 : stopNetStatPoll
06-09 15:38:24.551 1 1 W : debug.beidou_leavesuspend wakeup
06-09 15:38:24.566 439 439 W healthd : battery l=50 v=7512 t=33.5 h=1 st=3 c=-256000 fc=9700000 chg=
06-09 15:38:20.841 851 851 D RILJ : [0730]> SEND_DEVICE_STATE 2:false [PHONE0]
06-09 15:38:20.841 526 526 D RILC : sendDeviceState: calling screen state 1
06-09 15:38:20.841 526 526 D RILC : onRequest: SCREEN_STATE datalen=4 request_value:61
06-09 15:38:20.842 851 1064 D RILJ : [0730]< SEND_DEVICE_STATE [PHONE0]
06-09 15:38:20.842 851 851 D RILJ : [0731]> SET_UNSOLICITED_RESPONSE_FILTER 127 [PHONE0]
06-09 15:38:20.842 851 1064 D RILJ : [0731]< SET_UNSOLICITED_RESPONSE_FILTER error 6 [PHONE0]
06-09 15:38:20.843 851 1064 D RilRequest: [0731]< SET_UNSOLICITED_RESPONSE_FILTER error: com.android.internal.telephony.CommandException: REQUEST_NOT_SUPPORTED ret= result=null
06-09 15:38:20.843 851 851 E RILJ : setSignalStrengthReportingCriteria ignored on IRadio version less than 1.2 [PHONE0]
06-09 15:38:20.843 851 851 E RILJ : setSignalStrengthReportingCriteria ignored on IRadio version less than 1.2 [PHONE0]
06-09 15:38:20.843 851 851 E RILJ : setSignalStrengthReportingCriteria ignored on IRadio version less than 1.2 [PHONE0]
06-09 15:38:20.843 851 851 D NetworkTypeController: [0] LegacyState: process EVENT_PHYSICAL_CHANNEL_CONFIG_NOTIF_CHANGED
06-09 15:38:20.843 851 851 D NetworkTypeController: [0] Remove all timers
06-09 15:38:20.843 851 851 D NetworkTypeController: [0] DefaultState: process EVENT_PHYSICAL_CHANNEL_CONFIG_NOTIF_CHANGED
06-09 15:38:20.843 851 851 D NetworkTypeController: [0] mIsPhysicalChannelConfigOn changed to: true
06-09 15:38:24.583 460 460 I gsensor_mxc6655 5-0015: set sensor poll time to 200ms
06-09 15:38:24.585 460 460 I gsensor_mxc6655 5-0015: sensor on: starting poll sensor data 196ms
06-09 15:38:24.619 347 347 I rockchip-vop2 fdd90000.vop: [drm:vop2_crtc_atomic_enable] Update mode to 1536x2048p55, type: 16(if:60) for vp2 dclk: 192000000
06-09 15:38:24.620 347 347 I rockchip-vop2 fdd90000.vop: [drm:vop2_crtc_atomic_enable] dclk_out2 div: 2 dclk_core2 div: 1
06-09 15:38:24.620 347 347 I rockchip-vop2 fdd90000.vop: [drm:vop2_crtc_atomic_enable] set dclk_vop2 to 96000000, get 96000000
06-09 15:38:20.897 851 851 D DCT-C-0 : screen on
06-09 15:38:20.897 851 851 D DCT-C-0 : stopNetStatPoll
06-09 15:38:24.732 460 460 I gsensor_mxc6655 5-0015: set sensor poll time to 66ms
06-09 15:38:21.099 526 549 D RILU : find_pci_device is 0
06-09 15:38:21.099 526 549 D RILC : PCI can't find at device
06-09 15:38:21.102 526 549 D RILC : USB can't find at device
06-09 15:38:25.125 347 347 I dw-mipi-dsi2 fde20000.dsi: [drm:dw_mipi_dsi2_encoder_enable] final DSI-Link bandwidth: 639999 x 8 Kbps
06-09 15:38:25.207 357 357 E rockchip-vop2 fdd90000.vop: [drm:vop2_wait_power_domain_off] *ERROR* wait pd7 off timeout power_ctrl: 0x7f
06-09 15:38:25.974 1 1 I init : processing action (debug.beidou_entersuspend=*) from (/system/etc/init/hw/init.rc:1286)
06-09 15:38:25.975 1 1 W : debug.beidou_entersuspend $PMTK161,0*28\r\n
06-09 15:38:25.976 1 1 I init : starting service 'gps_suspend'...
06-09 15:38:26.002 1 1 I init : Service 'gps_suspend' (pid 17373) exited with status 0 oneshot service took 0.021000 seconds in background
06-09 15:38:26.002 1 1 I init : Sending signal 9 to service 'gps_suspend' (pid 17373) process group...
06-09 15:38:26.003 1 1 I libprocessgroup: Successfully killed process cgroup uid 0 pid 17373 in 0ms
06-09 15:38:26.458 444 444 I gsensor_mxc6655 5-0015: set sensor poll time to 200ms
06-09 15:38:22.747 851 851 D RILJ : [0732]> SEND_DEVICE_STATE 2:true [PHONE0]
06-09 15:38:22.747 526 526 D RILC : sendDeviceState: calling screen state 0
06-09 15:38:22.747 526 526 D RILC : onRequest: SCREEN_STATE datalen=4 request_value:61
06-09 15:38:22.748 851 1064 D RILJ : [0732]< SEND_DEVICE_STATE [PHONE0]
06-09 15:38:22.748 851 851 D RILJ : [0733]> SET_UNSOLICITED_RESPONSE_FILTER 32 [PHONE0]
06-09 15:38:22.749 851 1064 D RILJ : [0733]< SET_UNSOLICITED_RESPONSE_FILTER error 6 [PHONE0]
06-09 15:38:22.749 851 1064 D RilRequest: [0733]< SET_UNSOLICITED_RESPONSE_FILTER error: com.android.internal.telephony.CommandException: REQUEST_NOT_SUPPORTED ret= result=null
06-09 15:38:22.749 851 851 E RILJ : setSignalStrengthReportingCriteria ignored on IRadio version less than 1.2 [PHONE0]
06-09 15:38:22.749 851 851 E RILJ : setSignalStrengthReportingCriteria ignored on IRadio version less than 1.2 [PHONE0]
06-09 15:38:22.749 851 851 E RILJ : setSignalStrengthReportingCriteria ignored on IRadio version less than 1.2 [PHONE0]
06-09 15:38:22.749 851 851 D NetworkTypeController: [0] LegacyState: process EVENT_PHYSICAL_CHANNEL_CONFIG_NOTIF_CHANGED
06-09 15:38:22.749 851 851 D NetworkTypeController: [0] Remove all timers
06-09 15:38:22.750 851 851 D NetworkTypeController: [0] DefaultState: process EVENT_PHYSICAL_CHANNEL_CONFIG_NOTIF_CHANGED
06-09 15:38:22.750 851 851 D NetworkTypeController: [0] mIsPhysicalChannelConfigOn changed to: false
06-09 15:38:22.750 851 851 D NetworkTypeController: [0] Remove all timers
06-09 15:38:26.476 439 439 W healthd : battery l=50 v=7532 t=34.5 h=1 st=3 c=-768000 fc=9700000 chg=
06-09 15:38:26.812 347 347 I rockchip-vop2 fdd90000.vop: [drm:vop2_crtc_atomic_disable] Crtc atomic disable vp2
06-09 15:38:26.825 347 347 E rockchip-vop2 fdd90000.vop: [drm:vop2_crtc_atomic_disable] *ERROR* unexpected power on pd7
06-09 15:38:23.135 851 851 D DCT-C-0 : screen off
06-09 15:38:23.135 851 851 D DCT-C-0 : stopNetStatPoll
06-09 15:38:26.949 1 1 I init : processing action (debug.beidou_leavesuspend=*) from (/system/etc/init/hw/init.rc:1293)
06-09 15:38:26.953 444 444 I gsensor_mxc6655 5-0015: set sensor poll time to 200ms
06-09 15:38:26.954 444 444 I gsensor_mxc6655 5-0015: sensor on: starting poll sensor data 196ms
06-09 15:38:23.238 851 851 D RILJ : [0734]> SEND_DEVICE_STATE 2:false [PHONE0]
06-09 15:38:23.238 526 526 D RILC : sendDeviceState: calling screen state 1
06-09 15:38:23.238 526 526 D RILC : onRequest: SCREEN_STATE datalen=4 request_value:61
06-09 15:38:23.238 851 1064 D RILJ : [0734]< SEND_DEVICE_STATE [PHONE0]
06-09 15:38:23.238 851 851 D RILJ : [0735]> SET_UNSOLICITED_RESPONSE_FILTER 127 [PHONE0]
06-09 15:38:23.239 851 1064 D RILJ : [0735]< SET_UNSOLICITED_RESPONSE_FILTER error 6 [PHONE0]
06-09 15:38:23.239 851 1064 D RilRequest: [0735]< SET_UNSOLICITED_RESPONSE_FILTER error: com.android.internal.telephony.CommandException: REQUEST_NOT_SUPPORTED ret= result=null
06-09 15:38:23.247 851 851 E RILJ : setSignalStrengthReportingCriteria ignored on IRadio version less than 1.2 [PHONE0]
06-09 15:38:23.247 851 851 E RILJ : setSignalStrengthReportingCriteria ignored on IRadio version less than 1.2 [PHONE0]
06-09 15:38:23.247 851 851 E RILJ : setSignalStrengthReportingCriteria ignored on IRadio version less than 1.2 [PHONE0]
06-09 15:38:23.247 851 851 D NetworkTypeController: [0] LegacyState: process EVENT_PHYSICAL_CHANNEL_CONFIG_NOTIF_CHANGED
06-09 15:38:23.247 851 851 D NetworkTypeController: [0] Remove all timers
06-09 15:38:23.247 851 851 D NetworkTypeController: [0] DefaultState: process EVENT_PHYSICAL_CHANNEL_CONFIG_NOTIF_CHANGED
06-09 15:38:23.247 851 851 D NetworkTypeController: [0] mIsPhysicalChannelConfigOn changed to: true
06-09 15:38:26.955 1 1 W : debug.beidou_leavesuspend wakeup
06-09 15:38:26.976 439 439 W healthd : battery l=50 v=7532 t=34.5 h=1 st=3 c=-768000 fc=9700000 chg=
06-09 15:38:23.254 851 851 D DCT-C-0 : screen on
06-09 15:38:23.254 851 851 D DCT-C-0 : stopNetStatPoll
06-09 15:38:27.020 347 347 I rockchip-vop2 fdd90000.vop: [drm:vop2_crtc_atomic_enable] Update mode to 1536x2048p55, type: 16(if:60) for vp2 dclk: 192000000
06-09 15:38:27.021 347 347 I rockchip-vop2 fdd90000.vop: [drm:vop2_crtc_atomic_enable] dclk_out2 div: 2 dclk_core2 div: 1
06-09 15:38:27.021 347 347 I rockchip-vop2 fdd90000.vop: [drm:vop2_crtc_atomic_enable] set dclk_vop2 to 96000000, get 96000000
06-09 15:38:27.071 444 444 I gsensor_mxc6655 5-0015: set sensor poll time to 66ms
06-09 15:38:27.528 347 347 I dw-mipi-dsi2 fde20000.dsi: [drm:dw_mipi_dsi2_encoder_enable] final DSI-Link bandwidth: 639999 x 8 Kbps
06-09 15:38:27.644 357 357 E rockchip-vop2 fdd90000.vop: [drm:vop2_wait_power_domain_off] *ERROR* wait pd7 off timeout power_ctrl: 0x7f
06-09 15:38:24.103 526 549 D RILU : find_pci_device is 0
06-09 15:38:24.104 526 549 D RILC : PCI can't find at device
06-09 15:38:24.112 526 549 D RILC : USB can't find at device
06-09 15:38:28.448 1 1 I init : processing action (debug.beidou_entersuspend=*) from (/system/etc/init/hw/init.rc:1286)
06-09 15:38:28.450 1 1 W : debug.beidou_entersuspend $PMTK161,0*28\r\n
06-09 15:38:28.459 1 1 I init : starting service 'gps_suspend'...
06-09 15:38:28.468 1 1 I init : Service 'gps_suspend' (pid 17410) exited with status 0 oneshot service took 0.005000 seconds in background
06-09 15:38:28.468 1 1 I init : Sending signal 9 to service 'gps_suspend' (pid 17410) process group...
