06-09 15:54:23.454 286 409 I vold : Writing 256 to /sys/class/bdi/0:125/read_ahead_kb
06-09 15:54:23.454 286 409 I vold : Configuring max_ratio of /mnt/user/0/47A8-1313 fuse filesystem to 40
06-09 15:54:23.454 286 409 I vold : Writing 40 to /sys/class/bdi/0:125/max_ratio
06-09 15:54:23.456 620 712 I StorageManagerService: Mounted volume VolumeInfo{public:8,1}:
06-09 15:54:23.456 620 712 I StorageManagerService: type=PUBLIC diskId=disk:8,0 partGuid= mountFlags=VISIBLE mountUserId=0
06-09 15:54:23.456 620 712 I StorageManagerService: state=MOUNTED
06-09 15:54:23.456 620 712 I StorageManagerService: fsType=vfat fsUuid=47A8-1313 fsLabel=UsbStorage
06-09 15:54:23.456 620 712 I StorageManagerService: path=/storage/47A8-1313 internalPath=/mnt/media_rw/47A8-1313
06-09 15:54:23.457 620 712 I StorageSessionController: Notifying volume state changed for session with id: public:8,1
06-09 15:54:23.464 620 712 I StorageSessionController: Notifying volume state changed for session with id: public:8,1
06-09 15:54:23.488 620 712 I StorageSessionController: Notifying volume state changed for session with id: public:8,1
06-09 15:54:23.693 620 620 W NotificationHistory: Attempted to add notif for locked/gone/disabled user 0
06-09 15:54:27.762 539 539 I : read descriptors
06-09 15:54:27.762 539 539 I : read strings
06-09 15:54:28.815 539 539 I : read descriptors
06-09 15:54:28.815 539 539 I : read strings
06-09 15:54:28.817 1 1 I init : processing action (sys.usb.config=adb && sys.usb.configfs=1 && sys.usb.ffs.ready=1) from (/system/etc/init/hw/init.usb.configfs.rc:20)
06-09 15:54:28.818 1 1 I init : Command 'symlink /config/usb_gadget/g1/functions/ffs.adb /config/usb_gadget/g1/configs/b.1/f1' action=sys.usb.config=adb && sys.usb.configfs=1 && sys.usb.ffs.ready=1 (/system/etc/init/hw/init.usb.configfs.rc:22) took 0ms and failed: symlink() failed: File exists
06-09 15:54:28.819 1 1 I init : Command 'write /config/usb_gadget/g1/UDC ${sys.usb.controller}' action=sys.usb.config=adb && sys.usb.configfs=1 && sys.usb.ffs.ready=1 (/system/etc/init/hw/init.usb.configfs.rc:23) took 0ms and failed: Unable to write to file '/config/usb_gadget/g1/UDC': Unable to write file contents: Device or resource busy
06-09 15:54:25.311 526 549 D RILU : find_pci_device is 0
06-09 15:54:25.311 526 549 D RILC : PCI can't find at device
06-09 15:54:25.317 526 549 D RILC : USB can't find at device
06-09 15:54:29.862 539 539 I : read descriptors
06-09 15:54:29.862 539 539 I : read strings
06-09 15:54:29.864 1 1 I init : processing action (sys.usb.config=adb && sys.usb.configfs=1 && sys.usb.ffs.ready=1) from (/system/etc/init/hw/init.usb.configfs.rc:20)
06-09 15:54:29.867 1 1 I init : Command 'symlink /config/usb_gadget/g1/functions/ffs.adb /config/usb_gadget/g1/configs/b.1/f1' action=sys.usb.config=adb && sys.usb.configfs=1 && sys.usb.ffs.ready=1 (/system/etc/init/hw/init.usb.configfs.rc:22) took 0ms and failed: symlink() failed: File exists
06-09 15:54:29.868 1 1 I init : Command 'write /config/usb_gadget/g1/UDC ${sys.usb.controller}' action=sys.usb.config=adb && sys.usb.configfs=1 && sys.usb.ffs.ready=1 (/system/etc/init/hw/init.usb.configfs.rc:23) took 0ms and failed: Unable to write to file '/config/usb_gadget/g1/UDC': Unable to write file contents: Device or resource busy
06-09 15:54:27.103 1553 1553 W ContextImpl: Calling a method in the system process without a qualified user: android.app.ContextImpl.startService:1824 android.content.ContextWrapper.startService:774 android.content.ContextWrapper.startService:774 com.rockchip.devicetest.BootReceiver.onReceive:45 android.app.ActivityThread.handleReceiver:4375
06-09 15:54:27.166 620 27797 W ActivityManager: Background started FGS: Disallowed [callingPackage: com.ebensz.enote.notepad; callingUid: 10066; uidState: RCVR; intent: Intent { cmp=com.ebensz.enote.notepad/.logic.monitor.service.MonitorService }; code:DENIED; tempAllowListReason:; targetSdkVersion:28; callerTargetSdkVersion:28; startForegroundCount:0; bindFromPackage:null]
06-09 15:54:27.167 620 646 I DropBoxManagerService: add tag=system_server_wtf isTagEnabled=true flags=0x2
06-09 15:54:27.184 620 27797 W ActivityManager: Foreground service started from background can not have location/camera/microphone access: service com.ebensz.enote.notepad/.logic.monitor.service.MonitorService
06-09 15:54:27.186 620 646 V ActivityManager: Attempted to start a foreground service (com.ebensz.enote.notepad/.logic.monitor.service.MonitorService) with a broken notification (no icon: Notification(channel=monitor_channel_01 shortcut=null contentView=null vibrate=null sound=null defaults=0x0 flags=0x40 color=0x00000000 vis=PRIVATE))
06-09 15:54:27.190 620 646 I ActivityManager: Deferring FGS notification in legacy app com.ebensz.enote.notepad/u0a66 : Notification(channel=monitor_channel_01 shortcut=null contentView=null vibrate=null sound=null defaults=0x0 flags=0x40 color=0x00000000 vis=PRIVATE)
06-09 15:54:30.925 539 539 I : read descriptors
06-09 15:54:30.925 539 539 I : read strings
06-09 15:54:30.926 1 1 I init : processing action (sys.usb.config=adb && sys.usb.configfs=1 && sys.usb.ffs.ready=1) from (/system/etc/init/hw/init.usb.configfs.rc:20)
06-09 15:54:30.927 1 1 I init : Command 'symlink /config/usb_gadget/g1/functions/ffs.adb /config/usb_gadget/g1/configs/b.1/f1' action=sys.usb.config=adb && sys.usb.configfs=1 && sys.usb.ffs.ready=1 (/system/etc/init/hw/init.usb.configfs.rc:22) took 0ms and failed: symlink() failed: File exists
06-09 15:54:30.928 1 1 I init : Command 'write /config/usb_gadget/g1/UDC ${sys.usb.controller}' action=sys.usb.config=adb && sys.usb.configfs=1 && sys.usb.ffs.ready=1 (/system/etc/init/hw/init.usb.configfs.rc:23) took 0ms and failed: Unable to write to file '/config/usb_gadget/g1/UDC': Unable to write file contents: Device or resource busy
06-09 15:54:31.979 539 539 I : read descriptors
06-09 15:54:31.979 539 539 I : read strings
06-09 15:54:31.981 1 1 I init : processing action (sys.usb.config=adb && sys.usb.configfs=1 && sys.usb.ffs.ready=1) from (/system/etc/init/hw/init.usb.configfs.rc:20)
06-09 15:54:28.317 526 549 D RILU : find_pci_device is 0
06-09 15:54:28.317 526 549 D RILC : PCI can't find at device
06-09 15:54:28.321 526 549 D RILC : USB can't find at device
06-09 15:54:33.029 539 539 I : read descriptors
06-09 15:54:33.029 539 539 I : read strings
06-09 15:54:34.085 539 539 I : read descriptors
06-09 15:54:34.085 539 539 I : read strings
06-09 15:54:34.086 1 1 I init : processing action (sys.usb.config=adb && sys.usb.configfs=1 && sys.usb.ffs.ready=1) from (/system/etc/init/hw/init.usb.configfs.rc:20)
06-09 15:54:34.088 1 1 I init : Command 'symlink /config/usb_gadget/g1/functions/ffs.adb /config/usb_gadget/g1/configs/b.1/f1' action=sys.usb.config=adb && sys.usb.configfs=1 && sys.usb.ffs.ready=1 (/system/etc/init/hw/init.usb.configfs.rc:22) took 0ms and failed: symlink() failed: File exists
06-09 15:54:34.089 1 1 I init : Command 'write /config/usb_gadget/g1/UDC ${sys.usb.controller}' action=sys.usb.config=adb && sys.usb.configfs=1 && sys.usb.ffs.ready=1 (/system/etc/init/hw/init.usb.configfs.rc:23) took 0ms and failed: Unable to write to file '/config/usb_gadget/g1/UDC': Unable to write file contents: Device or resource busy
06-09 15:54:31.321 526 549 D RILU : find_pci_device is 0
06-09 15:54:31.321 526 549 D RILC : PCI can't find at device
06-09 15:54:31.323 526 549 D RILC : USB can't find at device
06-09 15:54:35.188 539 539 I : read descriptors
06-09 15:54:35.188 539 539 I : read strings
06-09 15:54:35.190 1 1 I init : processing action (sys.usb.config=adb && sys.usb.configfs=1 && sys.usb.ffs.ready=1) from (/system/etc/init/hw/init.usb.configfs.rc:20)
06-09 15:54:35.191 1 1 I init : Command 'symlink /config/usb_gadget/g1/functions/ffs.adb /config/usb_gadget/g1/configs/b.1/f1' action=sys.usb.config=adb && sys.usb.configfs=1 && sys.usb.ffs.ready=1 (/system/etc/init/hw/init.usb.configfs.rc:22) took 0ms and failed: symlink() failed: File exists
06-09 15:54:35.192 1 1 I init : Command 'write /config/usb_gadget/g1/UDC ${sys.usb.controller}' action=sys.usb.config=adb && sys.usb.configfs=1 && sys.usb.ffs.ready=1 (/system/etc/init/hw/init.usb.configfs.rc:23) took 0ms and failed: Unable to write to file '/config/usb_gadget/g1/UDC': Unable to write file contents: Device or resource busy
06-09 15:54:36.239 539 539 I : read descriptors
06-09 15:54:36.239 539 539 I : read strings
06-09 15:54:36.241 1 1 I init : processing action (sys.usb.config=adb && sys.usb.configfs=1 && sys.usb.ffs.ready=1) from (/system/etc/init/hw/init.usb.configfs.rc:20)
06-09 15:54:36.244 1 1 I init : Command 'symlink /config/usb_gadget/g1/functions/ffs.adb /config/usb_gadget/g1/configs/b.1/f1' action=sys.usb.config=adb && sys.usb.configfs=1 && sys.usb.ffs.ready=1 (/system/etc/init/hw/init.usb.configfs.rc:22) took 0ms and failed: symlink() failed: File exists
06-09 15:54:36.246 1 1 I init : Command 'write /config/usb_gadget/g1/UDC ${sys.usb.controller}' action=sys.usb.config=adb && sys.usb.configfs=1 && sys.usb.ffs.ready=1 (/system/etc/init/hw/init.usb.configfs.rc:23) took 1ms and failed: Unable to write to file '/config/usb_gadget/g1/UDC': Unable to write file contents: Device or resource busy
06-09 15:54:37.285 539 539 I : read descriptors
06-09 15:54:37.285 539 539 I : read strings
06-09 15:54:37.286 1 1 I init : processing action (sys.usb.config=adb && sys.usb.configfs=1 && sys.usb.ffs.ready=1) from (/system/etc/init/hw/init.usb.configfs.rc:20)
06-09 15:54:34.324 526 549 D RILU : find_pci_device is 0
06-09 15:54:34.324 526 549 D RILC : PCI can't find at device
06-09 15:54:34.325 526 549 D RILC : USB can't find at device
06-09 15:54:38.352 539 539 I : read descriptors
06-09 15:54:38.352 539 539 I : read strings
06-09 15:54:39.395 539 539 I : read descriptors
06-09 15:54:39.395 539 539 I : read strings
06-09 15:54:39.398 1 1 I init : processing action (sys.usb.config=adb && sys.usb.configfs=1 && sys.usb.ffs.ready=1) from (/system/etc/init/hw/init.usb.configfs.rc:20)
06-09 15:54:39.400 1 1 I init : Command 'symlink /config/usb_gadget/g1/functions/ffs.adb /config/usb_gadget/g1/configs/b.1/f1' action=sys.usb.config=adb && sys.usb.configfs=1 && sys.usb.ffs.ready=1 (/system/etc/init/hw/init.usb.configfs.rc:22) took 0ms and failed: symlink() failed: File exists
06-09 15:54:39.400 1 1 I init : Command 'write /config/usb_gadget/g1/UDC ${sys.usb.controller}' action=sys.usb.config=adb && sys.usb.configfs=1 && sys.usb.ffs.ready=1 (/system/etc/init/hw/init.usb.configfs.rc:23) took 0ms and failed: Unable to write to file '/config/usb_gadget/g1/UDC': Unable to write file contents: Device or resource busy
06-09 15:54:40.452 539 539 I : read descriptors
06-09 15:54:40.452 539 539 I : read strings
06-09 15:54:40.454 1 1 I init : processing action (sys.usb.config=adb && sys.usb.configfs=1 && sys.usb.ffs.ready=1) from (/system/etc/init/hw/init.usb.configfs.rc:20)
06-09 15:54:40.457 1 1 I init : Command 'symlink /config/usb_gadget/g1/functions/ffs.adb /config/usb_gadget/g1/configs/b.1/f1' action=sys.usb.config=adb && sys.usb.configfs=1 && sys.usb.ffs.ready=1 (/system/etc/init/hw/init.usb.configfs.rc:22) took 0ms and failed: symlink() failed: File exists
06-09 15:54:40.458 1 1 I init : Command 'write /config/usb_gadget/g1/UDC ${sys.usb.controller}' action=sys.usb.config=adb && sys.usb.configfs=1 && sys.usb.ffs.ready=1 (/system/etc/init/hw/init.usb.configfs.rc:23) took 0ms and failed: Unable to write to file '/config/usb_gadget/g1/UDC': Unable to write file contents: Device or resource busy
06-09 15:54:37.326 526 549 D RILU : find_pci_device is 0
06-09 15:54:37.326 526 549 D RILC : PCI can't find at device
06-09 15:54:37.329 526 549 D RILC : USB can't find at device
06-09 15:54:41.499 539 539 I : read descriptors
06-09 15:54:41.499 539 539 I : read strings
06-09 15:54:41.501 1 1 I init : processing action (sys.usb.config=adb && sys.usb.configfs=1 && sys.usb.ffs.ready=1) from (/system/etc/init/hw/init.usb.configfs.rc:20)
06-09 15:54:41.504 1 1 I init : Command 'symlink /config/usb_gadget/g1/functions/ffs.adb /config/usb_gadget/g1/configs/b.1/f1' action=sys.usb.config=adb && sys.usb.configfs=1 && sys.usb.ffs.ready=1 (/system/etc/init/hw/init.usb.configfs.rc:22) took 0ms and failed: symlink() failed: File exists
06-09 15:54:41.504 1 1 I init : Command 'write /config/usb_gadget/g1/UDC ${sys.usb.controller}' action=sys.usb.config=adb && sys.usb.configfs=1 && sys.usb.ffs.ready=1 (/system/etc/init/hw/init.usb.configfs.rc:23) took 0ms and failed: Unable to write to file '/config/usb_gadget/g1/UDC': Unable to write file contents: Device or resource busy
06-09 15:54:42.572 539 539 I : read descriptors
06-09 15:54:42.572 539 539 I : read strings
06-09 15:54:42.573 1 1 I init : processing action (sys.usb.config=adb && sys.usb.configfs=1 && sys.usb.ffs.ready=1) from (/system/etc/init/hw/init.usb.configfs.rc:20)
06-09 15:54:43.615 539 539 I : read descriptors
06-09 15:54:43.615 539 539 I : read strings
06-09 15:54:40.330 526 549 D RILU : find_pci_device is 0
06-09 15:54:40.330 526 549 D RILC : PCI can't find at device
06-09 15:54:40.337 526 549 D RILC : USB can't find at device
06-09 15:54:44.672 539 539 I : read descriptors
06-09 15:54:44.672 539 539 I : read strings
06-09 15:54:44.673 1 1 I init : processing action (sys.usb.config=adb && sys.usb.configfs=1 && sys.usb.ffs.ready=1) from (/system/etc/init/hw/init.usb.configfs.rc:20)
06-09 15:54:44.675 1 1 I init : Command 'symlink /config/usb_gadget/g1/functions/ffs.adb /config/usb_gadget/g1/configs/b.1/f1' action=sys.usb.config=adb && sys.usb.configfs=1 && sys.usb.ffs.ready=1 (/system/etc/init/hw/init.usb.configfs.rc:22) took 0ms and failed: symlink() failed: File exists
06-09 15:54:44.675 1 1 I init : Command 'write /config/usb_gadget/g1/UDC ${sys.usb.controller}' action=sys.usb.config=adb && sys.usb.configfs=1 && sys.usb.ffs.ready=1 (/system/etc/init/hw/init.usb.configfs.rc:23) took 0ms and failed: Unable to write to file '/config/usb_gadget/g1/UDC': Unable to write file contents: Device or resource busy
06-09 15:54:45.722 539 539 I : read descriptors
06-09 15:54:45.722 539 539 I : read strings
06-09 15:54:45.725 1 1 I init : processing action (sys.usb.config=adb && sys.usb.configfs=1 && sys.usb.ffs.ready=1) from (/system/etc/init/hw/init.usb.configfs.rc:20)
06-09 15:54:45.727 1 1 I init : Command 'symlink /config/usb_gadget/g1/functions/ffs.adb /config/usb_gadget/g1/configs/b.1/f1' action=sys.usb.config=adb && sys.usb.configfs=1 && sys.usb.ffs.ready=1 (/system/etc/init/hw/init.usb.configfs.rc:22) took 0ms and failed: symlink() failed: File exists
06-09 15:54:45.728 1 1 I init : Command 'write /config/usb_gadget/g1/UDC ${sys.usb.controller}' action=sys.usb.config=adb && sys.usb.configfs=1 && sys.usb.ffs.ready=1 (/system/etc/init/hw/init.usb.configfs.rc:23) took 0ms and failed: Unable to write to file '/config/usb_gadget/g1/UDC': Unable to write file contents: Device or resource busy
06-09 15:54:46.762 539 539 I : read descriptors
06-09 15:54:46.762 539 539 I : read strings
06-09 15:54:46.763 1 1 I init : processing action (sys.usb.config=adb && sys.usb.configfs=1 && sys.usb.ffs.ready=1) from (/system/etc/init/hw/init.usb.configfs.rc:20)
06-09 15:54:46.764 1 1 I init : Command 'symlink /config/usb_gadget/g1/functions/ffs.adb /config/usb_gadget/g1/configs/b.1/f1' action=sys.usb.config=adb && sys.usb.configfs=1 && sys.usb.ffs.ready=1 (/system/etc/init/hw/init.usb.configfs.rc:22) took 0ms and failed: symlink() failed: File exists
06-09 15:54:46.765 1 1 I init : Command 'write /config/usb_gadget/g1/UDC ${sys.usb.controller}' action=sys.usb.config=adb && sys.usb.configfs=1 && sys.usb.ffs.ready=1 (/system/etc/init/hw/init.usb.configfs.rc:23) took 0ms and failed: Unable to write to file '/config/usb_gadget/g1/UDC': Unable to write file contents: Device or resource busy
06-09 15:54:43.337 526 549 D RILU : find_pci_device is 0
06-09 15:54:43.338 526 549 D RILC : PCI can't find at device
06-09 15:54:43.344 526 549 D RILC : USB can't find at device
06-09 15:54:47.809 539 539 I : read descriptors
06-09 15:54:47.809 539 539 I : read strings
06-09 15:54:47.811 1 1 I init : processing action (sys.usb.config=adb && sys.usb.configfs=1 && sys.usb.ffs.ready=1) from (/system/etc/init/hw/init.usb.configfs.rc:20)
06-09 15:54:48.862 539 539 I : read descriptors
06-09 15:54:48.862 539 539 I : read strings
06-09 15:54:49.909 539 539 I : read descriptors
06-09 15:54:49.909 539 539 I : read strings
06-09 15:54:49.912 1 1 I init : processing action (sys.usb.config=adb && sys.usb.configfs=1 && sys.usb.ffs.ready=1) from (/system/etc/init/hw/init.usb.configfs.rc:20)
06-09 15:54:49.915 1 1 I init : Command 'symlink /config/usb_gadget/g1/functions/ffs.adb /config/usb_gadget/g1/configs/b.1/f1' action=sys.usb.config=adb && sys.usb.configfs=1 && sys.usb.ffs.ready=1 (/system/etc/init/hw/init.usb.configfs.rc:22) took 0ms and failed: symlink() failed: File exists
06-09 15:54:49.916 1 1 I init : Command 'write /config/usb_gadget/g1/UDC ${sys.usb.controller}' action=sys.usb.config=adb && sys.usb.configfs=1 && sys.usb.ffs.ready=1 (/system/etc/init/hw/init.usb.configfs.rc:23) took 0ms and failed: Unable to write to file '/config/usb_gadget/g1/UDC': Unable to write file contents: Device or resource busy
06-09 15:54:46.345 526 549 D RILU : find_pci_device is 0
06-09 15:54:46.345 526 549 D RILC : PCI can't find at device
06-09 15:54:46.351 526 549 D RILC : USB can't find at device
06-09 15:54:50.965 539 539 I : read descriptors
06-09 15:54:50.965 539 539 I : read strings
06-09 15:54:50.969 1 1 I init : processing action (sys.usb.config=adb && sys.usb.configfs=1 && sys.usb.ffs.ready=1) from (/system/etc/init/hw/init.usb.configfs.rc:20)
06-09 15:54:50.970 1 1 I init : Command 'symlink /config/usb_gadget/g1/functions/ffs.adb /config/usb_gadget/g1/configs/b.1/f1' action=sys.usb.config=adb && sys.usb.configfs=1 && sys.usb.ffs.ready=1 (/system/etc/init/hw/init.usb.configfs.rc:22) took 0ms and failed: symlink() failed: File exists
06-09 15:54:50.971 1 1 I init : Command 'write /config/usb_gadget/g1/UDC ${sys.usb.controller}' action=sys.usb.config=adb && sys.usb.configfs=1 && sys.usb.ffs.ready=1 (/system/etc/init/hw/init.usb.configfs.rc:23) took 0ms and failed: Unable to write to file '/config/usb_gadget/g1/UDC': Unable to write file contents: Device or resource busy
06-09 15:54:52.015 539 539 I : read descriptors
06-09 15:54:52.015 539 539 I : read strings
06-09 15:54:52.017 1 1 I init : processing action (sys.usb.config=adb && sys.usb.configfs=1 && sys.usb.ffs.ready=1) from (/system/etc/init/hw/init.usb.configfs.rc:20)
06-09 15:54:52.021 1 1 I init : Command 'symlink /config/usb_gadget/g1/functions/ffs.adb /config/usb_gadget/g1/configs/b.1/f1' action=sys.usb.config=adb && sys.usb.configfs=1 && sys.usb.ffs.ready=1 (/system/etc/init/hw/init.usb.configfs.rc:22) took 0ms and failed: symlink() failed: File exists
06-09 15:54:52.022 1 1 I init : Command 'write /config/usb_gadget/g1/UDC ${sys.usb.controller}' action=sys.usb.config=adb && sys.usb.configfs=1 && sys.usb.ffs.ready=1 (/system/etc/init/hw/init.usb.configfs.rc:23) took 1ms and failed: Unable to write to file '/config/usb_gadget/g1/UDC': Unable to write file contents: Device or resource busy
06-09 15:54:53.062 539 539 I : read descriptors
06-09 15:54:53.062 539 539 I : read strings
06-09 15:54:53.064 1 1 I init : processing action (sys.usb.config=adb && sys.usb.configfs=1 && sys.usb.ffs.ready=1) from (/system/etc/init/hw/init.usb.configfs.rc:20)
06-09 15:54:49.352 526 549 D RILU : find_pci_device is 0
06-09 15:54:49.352 526 549 D RILC : PCI can't find at device
06-09 15:54:49.354 526 549 D RILC : USB can't find at device
06-09 15:54:54.122 539 539 I : read descriptors
06-09 15:54:54.122 539 539 I : read strings
06-09 15:54:55.159 539 539 I : read descriptors
06-09 15:54:55.159 539 539 I : read strings
06-09 15:54:55.161 1 1 I init : processing action (sys.usb.config=adb && sys.usb.configfs=1 && sys.usb.ffs.ready=1) from (/system/etc/init/hw/init.usb.configfs.rc:20)
06-09 15:54:55.163 1 1 I init : Command 'symlink /config/usb_gadget/g1/functions/ffs.adb /config/usb_gadget/g1/configs/b.1/f1' action=sys.usb.config=adb && sys.usb.configfs=1 && sys.usb.ffs.ready=1 (/system/etc/init/hw/init.usb.configfs.rc:22) took 0ms and failed: symlink() failed: File exists
06-09 15:54:55.163 1 1 I init : Command 'write /config/usb_gadget/g1/UDC ${sys.usb.controller}' action=sys.usb.config=adb && sys.usb.configfs=1 && sys.usb.ffs.ready=1 (/system/etc/init/hw/init.usb.configfs.rc:23) took 0ms and failed: Unable to write to file '/config/usb_gadget/g1/UDC': Unable to write file contents: Device or resource busy
06-09 15:54:52.355 526 549 D RILU : find_pci_device is 0
06-09 15:54:52.355 526 549 D RILC : PCI can't find at device
06-09 15:54:52.360 526 549 D RILC : USB can't find at device
06-09 15:54:56.219 539 539 I : read descriptors
06-09 15:54:56.219 539 539 I : read strings
06-09 15:54:56.221 1 1 I init : processing action (sys.usb.config=adb && sys.usb.configfs=1 && sys.usb.ffs.ready=1) from (/system/etc/init/hw/init.usb.configfs.rc:20)
06-09 15:54:56.223 1 1 I init : Command 'symlink /config/usb_gadget/g1/functions/ffs.adb /config/usb_gadget/g1/configs/b.1/f1' action=sys.usb.config=adb && sys.usb.configfs=1 && sys.usb.ffs.ready=1 (/system/etc/init/hw/init.usb.configfs.rc:22) took 0ms and failed: symlink() failed: File exists
06-09 15:54:56.224 1 1 I init : Command 'write /config/usb_gadget/g1/UDC ${sys.usb.controller}' action=sys.usb.config=adb && sys.usb.configfs=1 && sys.usb.ffs.ready=1 (/system/etc/init/hw/init.usb.configfs.rc:23) took 0ms and failed: Unable to write to file '/config/usb_gadget/g1/UDC': Unable to write file contents: Device or resource busy
06-09 15:54:57.269 539 539 I : read descriptors
06-09 15:54:57.269 539 539 I : read strings
06-09 15:54:57.272 1 1 I init : processing action (sys.usb.config=adb && sys.usb.configfs=1 && sys.usb.ffs.ready=1) from (/system/etc/init/hw/init.usb.configfs.rc:20)
06-09 15:54:57.273 1 1 I init : Command 'symlink /config/usb_gadget/g1/functions/ffs.adb /config/usb_gadget/g1/configs/b.1/f1' action=sys.usb.config=adb && sys.usb.configfs=1 && sys.usb.ffs.ready=1 (/system/etc/init/hw/init.usb.configfs.rc:22) took 0ms and failed: symlink() failed: File exists
06-09 15:54:57.274 1 1 I init : Command 'write /config/usb_gadget/g1/UDC ${sys.usb.controller}' action=sys.usb.config=adb && sys.usb.configfs=1 && sys.usb.ffs.ready=1 (/system/etc/init/hw/init.usb.configfs.rc:23) took 0ms and failed: Unable to write to file '/config/usb_gadget/g1/UDC': Unable to write file contents: Device or resource busy
06-09 15:54:58.305 539 539 I : read descriptors
06-09 15:54:58.305 539 539 I : read strings
06-09 15:54:58.308 1 1 I init : processing action (sys.usb.config=adb && sys.usb.configfs=1 && sys.usb.ffs.ready=1) from (/system/etc/init/hw/init.usb.configfs.rc:20)
06-09 15:54:55.361 526 549 D RILU : find_pci_device is 0
06-09 15:54:55.361 526 549 D RILC : PCI can't find at device
06-09 15:54:55.366 526 549 D RILC : USB can't find at device
06-09 15:54:59.349 539 539 I : read descriptors
06-09 15:54:59.349 539 539 I : read strings
06-09 15:55:00.399 539 539 I : read descriptors
06-09 15:55:00.399 539 539 I : read strings
06-09 15:55:00.401 1 1 I init : processing action (sys.usb.config=adb && sys.usb.configfs=1 && sys.usb.ffs.ready=1) from (/system/etc/init/hw/init.usb.configfs.rc:20)
06-09 15:55:00.404 1 1 I init : Command 'symlink /config/usb_gadget/g1/functions/ffs.adb /config/usb_gadget/g1/configs/b.1/f1' action=sys.usb.config=adb && sys.usb.configfs=1 && sys.usb.ffs.ready=1 (/system/etc/init/hw/init.usb.configfs.rc:22) took 0ms and failed: symlink() failed: File exists
06-09 15:55:00.407 1 1 I init : Command 'write /config/usb_gadget/g1/UDC ${sys.usb.controller}' action=sys.usb.config=adb && sys.usb.configfs=1 && sys.usb.ffs.ready=1 (/system/etc/init/hw/init.usb.configfs.rc:23) took 2ms and failed: Unable to write to file '/config/usb_gadget/g1/UDC': Unable to write file contents: Device or resource busy
06-09 15:55:01.439 539 539 I : read descriptors
06-09 15:55:01.439 539 539 I : read strings
06-09 15:55:01.441 1 1 I init : processing action (sys.usb.config=adb && sys.usb.configfs=1 && sys.usb.ffs.ready=1) from (/system/etc/init/hw/init.usb.configfs.rc:20)
06-09 15:55:01.443 1 1 I init : Command 'symlink /config/usb_gadget/g1/functions/ffs.adb /config/usb_gadget/g1/configs/b.1/f1' action=sys.usb.config=adb && sys.usb.configfs=1 && sys.usb.ffs.ready=1 (/system/etc/init/hw/init.usb.configfs.rc:22) took 0ms and failed: symlink() failed: File exists
06-09 15:55:01.443 1 1 I init : Command 'write /config/usb_gadget/g1/UDC ${sys.usb.controller}' action=sys.usb.config=adb && sys.usb.configfs=1 && sys.usb.ffs.ready=1 (/system/etc/init/hw/init.usb.configfs.rc:23) took 0ms and failed: Unable to write to file '/config/usb_gadget/g1/UDC': Unable to write file contents: Device or resource busy
06-09 15:54:58.367 526 549 D RILU : find_pci_device is 0
06-09 15:54:58.367 526 549 D RILC : PCI can't find at device
06-09 15:54:58.373 526 549 D RILC : USB can't find at device
06-09 15:55:02.495 539 539 I : read descriptors
06-09 15:55:02.495 539 539 I : read strings
06-09 15:55:02.497 1 1 I init : processing action (sys.usb.config=adb && sys.usb.configfs=1 && sys.usb.ffs.ready=1) from (/system/etc/init/hw/init.usb.configfs.rc:20)
06-09 15:55:02.501 1 1 I init : Command 'symlink /config/usb_gadget/g1/functions/ffs.adb /config/usb_gadget/g1/configs/b.1/f1' action=sys.usb.config=adb && sys.usb.configfs=1 && sys.usb.ffs.ready=1 (/system/etc/init/hw/init.usb.configfs.rc:22) took 0ms and failed: symlink() failed: File exists
06-09 15:55:02.505 1 1 I init : Command 'write /config/usb_gadget/g1/UDC ${sys.usb.controller}' action=sys.usb.config=adb && sys.usb.configfs=1 && sys.usb.ffs.ready=1 (/system/etc/init/hw/init.usb.configfs.rc:23) took 3ms and failed: Unable to write to file '/config/usb_gadget/g1/UDC': Unable to write file contents: Device or resource busy
06-09 15:55:03.549 539 539 I : read descriptors
06-09 15:55:03.549 539 539 I : read strings
06-09 15:55:03.551 1 1 I init : processing action (sys.usb.config=adb && sys.usb.configfs=1 && sys.usb.ffs.ready=1) from (/system/etc/init/hw/init.usb.configfs.rc:20)
06-09 15:55:04.592 539 539 I : read descriptors
06-09 15:55:04.592 539 539 I : read strings
06-09 15:55:01.374 526 549 D RILU : find_pci_device is 0
06-09 15:55:01.374 526 549 D RILC : PCI can't find at device
06-09 15:55:01.379 526 549 D RILC : USB can't find at device
06-09 15:55:05.642 539 539 I : read descriptors
06-09 15:55:05.642 539 539 I : read strings
06-09 15:55:05.644 1 1 I init : processing action (sys.usb.config=adb && sys.usb.configfs=1 && sys.usb.ffs.ready=1) from (/system/etc/init/hw/init.usb.configfs.rc:20)
06-09 15:55:05.647 1 1 I init : Command 'symlink /config/usb_gadget/g1/functions/ffs.adb /config/usb_gadget/g1/configs/b.1/f1' action=sys.usb.config=adb && sys.usb.configfs=1 && sys.usb.ffs.ready=1 (/system/etc/init/hw/init.usb.configfs.rc:22) took 0ms and failed: symlink() failed: File exists
06-09 15:55:05.651 1 1 I init : Command 'write /config/usb_gadget/g1/UDC ${sys.usb.controller}' action=sys.usb.config=adb && sys.usb.configfs=1 && sys.usb.ffs.ready=1 (/system/etc/init/hw/init.usb.configfs.rc:23) took 3ms and failed: Unable to write to file '/config/usb_gadget/g1/UDC': Unable to write file contents: Device or resource busy
06-09 15:55:06.712 539 539 I : read descriptors
06-09 15:55:06.712 539 539 I : read strings
06-09 15:55:06.713 1 1 I init : processing action (sys.usb.config=adb && sys.usb.configfs=1 && sys.usb.ffs.ready=1) from (/system/etc/init/hw/init.usb.configfs.rc:20)
06-09 15:55:06.715 1 1 I init : Command 'symlink /config/usb_gadget/g1/functions/ffs.adb /config/usb_gadget/g1/configs/b.1/f1' action=sys.usb.config=adb && sys.usb.configfs=1 && sys.usb.ffs.ready=1 (/system/etc/init/hw/init.usb.configfs.rc:22) took 0ms and failed: symlink() failed: File exists
06-09 15:55:06.715 1 1 I init : Command 'write /config/usb_gadget/g1/UDC ${sys.usb.controller}' action=sys.usb.config=adb && sys.usb.configfs=1 && sys.usb.ffs.ready=1 (/system/etc/init/hw/init.usb.configfs.rc:23) took 0ms and failed: Unable to write to file '/config/usb_gadget/g1/UDC': Unable to write file contents: Device or resource busy
06-09 15:55:07.775 539 539 I : read descriptors
06-09 15:55:07.775 539 539 I : read strings
06-09 15:55:07.778 1 1 I init : processing action (sys.usb.config=adb && sys.usb.configfs=1 && sys.usb.ffs.ready=1) from (/system/etc/init/hw/init.usb.configfs.rc:20)
06-09 15:55:07.781 1 1 I init : Command 'symlink /config/usb_gadget/g1/functions/ffs.adb /config/usb_gadget/g1/configs/b.1/f1' action=sys.usb.config=adb && sys.usb.configfs=1 && sys.usb.ffs.ready=1 (/system/etc/init/hw/init.usb.configfs.rc:22) took 0ms and failed: symlink() failed: File exists
06-09 15:55:07.784 1 1 I init : Command 'write /config/usb_gadget/g1/UDC ${sys.usb.controller}' action=sys.usb.config=adb && sys.usb.configfs=1 && sys.usb.ffs.ready=1 (/system/etc/init/hw/init.usb.configfs.rc:23) took 2ms and failed: Unable to write to file '/config/usb_gadget/g1/UDC': Unable to write file contents: Device or resource busy
06-09 15:55:04.380 526 549 D RILU : find_pci_device is 0
06-09 15:55:04.380 526 549 D RILC : PCI can't find at device
06-09 15:55:04.386 526 549 D RILC : USB can't find at device
06-09 15:55:08.831 539 539 I : read descriptors
06-09 15:55:08.831 539 539 I : read strings
06-09 15:55:08.833 1 1 I init : processing action (sys.usb.config=adb && sys.usb.configfs=1 && sys.usb.ffs.ready=1) from (/system/etc/init/hw/init.usb.configfs.rc:20)
06-09 15:55:09.872 539 539 I : read descriptors
06-09 15:55:09.872 539 539 I : read strings
06-09 15:55:10.932 539 539 I : read descriptors
06-09 15:55:10.932 539 539 I : read strings
06-09 15:55:10.935 1 1 I init : processing action (sys.usb.config=adb && sys.usb.configfs=1 && sys.usb.ffs.ready=1) from (/system/etc/init/hw/init.usb.configfs.rc:20)
06-09 15:55:10.936 1 1 I init : Command 'symlink /config/usb_gadget/g1/functions/ffs.adb /config/usb_gadget/g1/configs/b.1/f1' action=sys.usb.config=adb && sys.usb.configfs=1 && sys.usb.ffs.ready=1 (/system/etc/init/hw/init.usb.configfs.rc:22) took 0ms and failed: symlink() failed: File exists
06-09 15:55:10.937 1 1 I init : Command 'write /config/usb_gadget/g1/UDC ${sys.usb.controller}' action=sys.usb.config=adb && sys.usb.configfs=1 && sys.usb.ffs.ready=1 (/system/etc/init/hw/init.usb.configfs.rc:23) took 0ms and failed: Unable to write to file '/config/usb_gadget/g1/UDC': Unable to write file contents: Device or resource busy
06-09 15:55:07.386 526 549 D RILU : find_pci_device is 0
06-09 15:55:07.386 526 549 D RILC : PCI can't find at device
06-09 15:55:07.388 526 549 D RILC : USB can't find at device
06-09 15:55:11.985 539 539 I : read descriptors
06-09 15:55:11.986 539 539 I : read strings
06-09 15:55:11.988 1 1 I init : processing action (sys.usb.config=adb && sys.usb.configfs=1 && sys.usb.ffs.ready=1) from (/system/etc/init/hw/init.usb.configfs.rc:20)
06-09 15:55:11.991 1 1 I init : Command 'symlink /config/usb_gadget/g1/functions/ffs.adb /config/usb_gadget/g1/configs/b.1/f1' action=sys.usb.config=adb && sys.usb.configfs=1 && sys.usb.ffs.ready=1 (/system/etc/init/hw/init.usb.configfs.rc:22) took 0ms and failed: symlink() failed: File exists
06-09 15:55:11.992 1 1 I init : Command 'write /config/usb_gadget/g1/UDC ${sys.usb.controller}' action=sys.usb.config=adb && sys.usb.configfs=1 && sys.usb.ffs.ready=1 (/system/etc/init/hw/init.usb.configfs.rc:23) took 1ms and failed: Unable to write to file '/config/usb_gadget/g1/UDC': Unable to write file contents: Device or resource busy
06-09 15:55:13.039 539 539 I : read descriptors
06-09 15:55:13.039 539 539 I : read strings
06-09 15:55:13.042 1 1 I init : processing action (sys.usb.config=adb && sys.usb.configfs=1 && sys.usb.ffs.ready=1) from (/system/etc/init/hw/init.usb.configfs.rc:20)
06-09 15:55:13.043 1 1 I init : Command 'symlink /config/usb_gadget/g1/functions/ffs.adb /config/usb_gadget/g1/configs/b.1/f1' action=sys.usb.config=adb && sys.usb.configfs=1 && sys.usb.ffs.ready=1 (/system/etc/init/hw/init.usb.configfs.rc:22) took 0ms and failed: symlink() failed: File exists
06-09 15:55:13.044 1 1 I init : Command 'write /config/usb_gadget/g1/UDC ${sys.usb.controller}' action=sys.usb.config=adb && sys.usb.configfs=1 && sys.usb.ffs.ready=1 (/system/etc/init/hw/init.usb.configfs.rc:23) took 0ms and failed: Unable to write to file '/config/usb_gadget/g1/UDC': Unable to write file contents: Device or resource busy
06-09 15:55:14.082 539 539 I : read descriptors
06-09 15:55:14.082 539 539 I : read strings
06-09 15:55:14.084 1 1 I init : processing action (sys.usb.config=adb && sys.usb.configfs=1 && sys.usb.ffs.ready=1) from (/system/etc/init/hw/init.usb.configfs.rc:20)
06-09 15:55:10.388 526 549 D RILU : find_pci_device is 0
06-09 15:55:10.388 526 549 D RILC : PCI can't find at device
06-09 15:55:10.391 526 549 D RILC : USB can't find at device
06-09 15:55:15.129 539 539 I : read descriptors
06-09 15:55:15.129 539 539 I : read strings
06-09 15:55:16.175 539 539 I : read descriptors
06-09 15:55:16.176 539 539 I : read strings
06-09 15:55:16.178 1 1 I init : processing action (sys.usb.config=adb && sys.usb.configfs=1 && sys.usb.ffs.ready=1) from (/system/etc/init/hw/init.usb.configfs.rc:20)
06-09 15:55:16.181 1 1 I init : Command 'symlink /config/usb_gadget/g1/functions/ffs.adb /config/usb_gadget/g1/configs/b.1/f1' action=sys.usb.config=adb && sys.usb.configfs=1 && sys.usb.ffs.ready=1 (/system/etc/init/hw/init.usb.configfs.rc:22) took 0ms and failed: symlink() failed: File exists
06-09 15:55:16.185 1 1 I init : Command 'write /config/usb_gadget/g1/UDC ${sys.usb.controller}' action=sys.usb.config=adb && sys.usb.configfs=1 && sys.usb.ffs.ready=1 (/system/etc/init/hw/init.usb.configfs.rc:23) took 2ms and failed: Unable to write to file '/config/usb_gadget/g1/UDC': Unable to write file contents: Device or resource busy
06-09 15:55:13.392 526 549 D RILU : find_pci_device is 0
06-09 15:55:13.392 526 549 D RILC : PCI can't find at device
06-09 15:55:13.398 526 549 D RILC : USB can't find at device
06-09 15:55:17.232 539 539 I : read descriptors
06-09 15:55:17.232 539 539 I : read strings
06-09 15:55:17.235 1 1 I init : processing action (sys.usb.config=adb && sys.usb.configfs=1 && sys.usb.ffs.ready=1) from (/system/etc/init/hw/init.usb.configfs.rc:20)
06-09 15:55:17.236 1 1 I init : Command 'symlink /config/usb_gadget/g1/functions/ffs.adb /config/usb_gadget/g1/configs/b.1/f1' action=sys.usb.config=adb && sys.usb.configfs=1 && sys.usb.ffs.ready=1 (/system/etc/init/hw/init.usb.configfs.rc:22) took 0ms and failed: symlink() failed: File exists
06-09 15:55:17.237 1 1 I init : Command 'write /config/usb_gadget/g1/UDC ${sys.usb.controller}' action=sys.usb.config=adb && sys.usb.configfs=1 && sys.usb.ffs.ready=1 (/system/etc/init/hw/init.usb.configfs.rc:23) took 0ms and failed: Unable to write to file '/config/usb_gadget/g1/UDC': Unable to write file contents: Device or resource busy
06-09 15:55:18.292 539 539 I : read descriptors
06-09 15:55:18.292 539 539 I : read strings
06-09 15:55:18.294 1 1 I init : processing action (sys.usb.config=adb && sys.usb.configfs=1 && sys.usb.ffs.ready=1) from (/system/etc/init/hw/init.usb.configfs.rc:20)
06-09 15:55:18.297 1 1 I init : Command 'symlink /config/usb_gadget/g1/functions/ffs.adb /config/usb_gadget/g1/configs/b.1/f1' action=sys.usb.config=adb && sys.usb.configfs=1 && sys.usb.ffs.ready=1 (/system/etc/init/hw/init.usb.configfs.rc:22) took 0ms and failed: symlink() failed: File exists
06-09 15:55:18.300 1 1 I init : Command 'write /config/usb_gadget/g1/UDC ${sys.usb.controller}' action=sys.usb.config=adb && sys.usb.configfs=1 && sys.usb.ffs.ready=1 (/system/etc/init/hw/init.usb.configfs.rc:23) took 2ms and failed: Unable to write to file '/config/usb_gadget/g1/UDC': Unable to write file contents: Device or resource busy
06-09 15:55:14.907 620 661 V DisplayPowerController[0]: Brightness [0.05] reason changing to: 'manual [ dim ]', previous reason: 'manual'.
06-09 15:55:19.335 539 539 I : read descriptors
06-09 15:55:19.335 539 539 I : read strings
06-09 15:55:19.337 1 1 I init : processing action (sys.usb.config=adb && sys.usb.configfs=1 && sys.usb.ffs.ready=1) from (/system/etc/init/hw/init.usb.configfs.rc:20)
06-09 15:55:16.398 526 549 D RILU : find_pci_device is 0
06-09 15:55:16.399 526 549 D RILC : PCI can't find at device
06-09 15:55:16.401 526 549 D RILC : USB can't find at device
06-09 15:55:20.402 539 539 I : read descriptors
06-09 15:55:20.402 539 539 I : read strings
06-09 15:55:21.449 539 539 I : read descriptors
06-09 15:55:21.449 539 539 I : read strings
06-09 15:55:21.452 1 1 I init : processing action (sys.usb.config=adb && sys.usb.configfs=1 && sys.usb.ffs.ready=1) from (/system/etc/init/hw/init.usb.configfs.rc:20)
06-09 15:55:21.453 1 1 I init : Command 'symlink /config/usb_gadget/g1/functions/ffs.adb /config/usb_gadget/g1/configs/b.1/f1' action=sys.usb.config=adb && sys.usb.configfs=1 && sys.usb.ffs.ready=1 (/system/etc/init/hw/init.usb.configfs.rc:22) took 0ms and failed: symlink() failed: File exists
06-09 15:55:21.454 1 1 I init : Command 'write /config/usb_gadget/g1/UDC ${sys.usb.controller}' action=sys.usb.config=adb && sys.usb.configfs=1 && sys.usb.ffs.ready=1 (/system/etc/init/hw/init.usb.configfs.rc:23) took 0ms and failed: Unable to write to file '/config/usb_gadget/g1/UDC': Unable to write file contents: Device or resource busy
06-09 15:55:22.489 539 539 I : read descriptors
06-09 15:55:22.489 539 539 I : read strings
06-09 15:55:22.491 1 1 I init : processing action (sys.usb.config=adb && sys.usb.configfs=1 && sys.usb.ffs.ready=1) from (/system/etc/init/hw/init.usb.configfs.rc:20)
06-09 15:55:22.494 1 1 I init : Command 'symlink /config/usb_gadget/g1/functions/ffs.adb /config/usb_gadget/g1/configs/b.1/f1' action=sys.usb.config=adb && sys.usb.configfs=1 && sys.usb.ffs.ready=1 (/system/etc/init/hw/init.usb.configfs.rc:22) took 0ms and failed: symlink() failed: File exists
06-09 15:55:22.496 1 1 I init : Command 'write /config/usb_gadget/g1/UDC ${sys.usb.controller}' action=sys.usb.config=adb && sys.usb.configfs=1 && sys.usb.ffs.ready=1 (/system/etc/init/hw/init.usb.configfs.rc:23) took 1ms and failed: Unable to write to file '/config/usb_gadget/g1/UDC': Unable to write file contents: Device or resource busy
06-09 15:55:19.401 526 549 D RILU : find_pci_device is 0
06-09 15:55:19.402 526 549 D RILC : PCI can't find at device
06-09 15:55:19.407 526 549 D RILC : USB can't find at device
06-09 15:55:23.552 539 539 I : read descriptors
06-09 15:55:23.552 539 539 I : read strings
06-09 15:55:23.555 1 1 I init : processing action (sys.usb.config=adb && sys.usb.configfs=1 && sys.usb.ffs.ready=1) from (/system/etc/init/hw/init.usb.configfs.rc:20)
06-09 15:55:23.556 1 1 I init : Command 'symlink /config/usb_gadget/g1/functions/ffs.adb /config/usb_gadget/g1/configs/b.1/f1' action=sys.usb.config=adb && sys.usb.configfs=1 && sys.usb.ffs.ready=1 (/system/etc/init/hw/init.usb.configfs.rc:22) took 0ms and failed: symlink() failed: File exists
06-09 15:55:23.557 1 1 I init : Command 'write /config/usb_gadget/g1/UDC ${sys.usb.controller}' action=sys.usb.config=adb && sys.usb.configfs=1 && sys.usb.ffs.ready=1 (/system/etc/init/hw/init.usb.configfs.rc:23) took 0ms and failed: Unable to write to file '/config/usb_gadget/g1/UDC': Unable to write file contents: Device or resource busy
06-09 15:55:24.642 539 539 I : read descriptors
06-09 15:55:24.643 539 539 I : read strings
06-09 15:55:24.644 1 1 I init : processing action (sys.usb.config=adb && sys.usb.configfs=1 && sys.usb.ffs.ready=1) from (/system/etc/init/hw/init.usb.configfs.rc:20)
06-09 15:55:21.892 620 661 I PowerManagerService: Powering off display group due to timeout (groupId= 0, uid= 1000)...
06-09 15:55:21.896 620 661 I PowerManagerService: Going to sleep due to timeout (uid 1000)...
06-09 15:55:21.927 620 15143 D BiometricUtils: isEncrypted: false isLockdown: false
06-09 15:55:21.927 620 620 D BiometricScheduler/Fingerprint21: [Added] {[580] com.android.server.biometrics.sensors.fingerprint.hidl.FingerprintUpdateActiveUserClient, proto=1, owner=android, cookie=0, requestId=-1, userId=0}, new queue size: 1
06-09 15:55:21.927 620 620 D BiometricScheduler/Fingerprint21: [Polled] {[580] com.android.server.biometrics.sensors.fingerprint.hidl.FingerprintUpdateActiveUserClient, proto=1, owner=android, cookie=0, requestId=-1, userId=0}, State: 0
06-09 15:55:21.927 620 620 D BiometricScheduler/Fingerprint21: [Started] {[580] com.android.server.biometrics.sensors.fingerprint.hidl.FingerprintUpdateActiveUserClient, proto=1, owner=android, cookie=0, requestId=-1, userId=0}
06-09 15:55:21.927 620 620 D FingerprintUpdateActiveUserClient: Already user: com.android.server.biometrics.sensors.fingerprint.hidl.Fingerprint21$$ExternalSyntheticLambda17@1c49076, returning
06-09 15:55:21.927 620 620 D BiometricSchedulerOperation: [Finished / destroy]: {[580] com.android.server.biometrics.sensors.fingerprint.hidl.FingerprintUpdateActiveUserClient, proto=1, owner=android, cookie=0, requestId=-1, userId=0}
06-09 15:55:21.927 620 620 V BiometricSchedulerOperation: started: {[580] com.android.server.biometrics.sensors.fingerprint.hidl.FingerprintUpdateActiveUserClient, proto=1, owner=android, cookie=0, requestId=-1, userId=0}, State: 5
06-09 15:55:21.928 620 620 D BiometricScheduler/Fingerprint21: [Added] {[581] com.android.server.biometrics.sensors.fingerprint.hidl.FingerprintAuthenticationClient, proto=3, owner=com.android.systemui, cookie=0, requestId=259, userId=0}, new queue size: 1
06-09 15:55:21.928 620 620 V BiometricScheduler/Fingerprint21: Not idle, current operation: {[580] com.android.server.biometrics.sensors.fingerprint.hidl.FingerprintUpdateActiveUserClient, proto=1, owner=android, cookie=0, requestId=-1, userId=0}, State: 5
06-09 15:55:21.928 620 620 D BiometricScheduler/Fingerprint21: [Finishing] {[580] com.android.server.biometrics.sensors.fingerprint.hidl.FingerprintUpdateActiveUserClient, proto=1, owner=android, cookie=0, requestId=-1, userId=0}, success: true
06-09 15:55:21.929 620 620 D BiometricScheduler/Fingerprint21: [Polled] {[581] com.android.server.biometrics.sensors.fingerprint.hidl.FingerprintAuthenticationClient, proto=3, owner=com.android.systemui, cookie=0, requestId=259, userId=0}, State: 0
06-09 15:55:21.929 620 620 D GestureAvailabilityTracker: Notifying gesture availability, active=false
06-09 15:55:21.929 620 620 D BiometricScheduler/Fingerprint21: [Started] {[581] com.android.server.biometrics.sensors.fingerprint.hidl.FingerprintAuthenticationClient, proto=3, owner=com.android.systemui, cookie=0, requestId=259, userId=0}
06-09 15:55:21.929 620 620 D BiometricCoexCoordinator: addAuthenticationClient(OtherFp), client: {[581] com.android.server.biometrics.sensors.fingerprint.hidl.FingerprintAuthenticationClient, proto=3, owner=com.android.systemui, cookie=0, requestId=259, userId=0}
06-09 15:55:21.929 620 620 D FingerprintService: Fps state updated from 0 to 2, client {[581] com.android.server.biometrics.sensors.fingerprint.hidl.FingerprintAuthenticationClient, proto=3, owner=com.android.systemui, cookie=0, requestId=259, userId=0}
06-09 15:55:21.929 620 620 D Biometrics/AuthenticationClient: Requesting auth for com.android.systemui
06-09 15:55:21.969 620 620 V BiometricSchedulerOperation: started: {[581] com.android.server.biometrics.sensors.fingerprint.hidl.FingerprintAuthenticationClient, proto=3, owner=com.android.systemui, cookie=0, requestId=259, userId=0}, State: 2
06-09 15:55:21.969 620 661 V DisplayPowerController[0]: Brightness [0.39763778] reason changing to: 'manual', previous reason: 'manual [ dim ]'.
06-09 15:55:25.625 1 1 W : debug.beidou_entersuspend $PMTK161,0*28\r\n
06-09 15:55:25.724 539 539 I : read descriptors
06-09 15:55:25.725 539 539 I : read strings
06-09 15:55:22.397 620 661 I DisplayPowerController[0]: Blocking screen off
06-09 15:55:22.404 620 661 I DisplayPowerController[0]: Unblocked screen off after 7 ms
06-09 15:55:22.411 526 549 D RILU : find_pci_device is 0
06-09 15:55:22.411 526 549 D RILC : PCI can't find at device
06-09 15:55:22.419 526 549 D RILC : USB can't find at device
06-09 15:55:22.449 620 661 D ActivityTaskManager: Top Process State changed to PROCESS_STATE_TOP_SLEEPING
06-09 15:55:26.176 460 460 I gsensor_mxc6655 5-0015: set sensor poll time to 200ms
06-09 15:55:26.194 439 439 W healthd : battery l=47 v=7530 t=33.5 h=1 st=3 c=-512000 fc=9700000 chg=
06-09 15:55:22.461 620 661 V DisplayPowerController[0]: Brightness [0.003937008] reason changing to: 'screen_off', previous reason: 'manual'.
06-09 15:55:22.472 620 640 I DisplayDeviceRepository: Display device changed state: "内置屏幕", OFF
06-09 15:55:22.486 851 851 D RILJ : [0920]> SEND_DEVICE_STATE 2:true [PHONE0]
06-09 15:55:22.486 526 526 D RILC : sendDeviceState: calling screen state 0
06-09 15:55:22.486 526 526 D RILC : onRequest: SCREEN_STATE datalen=4 request_value:61
06-09 15:55:22.486 851 1064 D RILJ : [0920]< SEND_DEVICE_STATE [PHONE0]
06-09 15:55:22.487 851 851 D RILJ : [0921]> SET_UNSOLICITED_RESPONSE_FILTER 32 [PHONE0]
06-09 15:55:22.487 851 1064 D RILJ : [0921]< SET_UNSOLICITED_RESPONSE_FILTER error 6 [PHONE0]
06-09 15:55:22.487 851 1064 D RilRequest: [0921]< SET_UNSOLICITED_RESPONSE_FILTER error: com.android.internal.telephony.CommandException: REQUEST_NOT_SUPPORTED ret= result=null
06-09 15:55:22.488 851 851 E RILJ : setSignalStrengthReportingCriteria ignored on IRadio version less than 1.2 [PHONE0]
06-09 15:55:22.489 851 851 E RILJ : setSignalStrengthReportingCriteria ignored on IRadio version less than 1.2 [PHONE0]
06-09 15:55:22.489 851 851 E RILJ : setSignalStrengthReportingCriteria ignored on IRadio version less than 1.2 [PHONE0]
06-09 15:55:22.489 851 851 D NetworkTypeController: [0] LegacyState: process EVENT_PHYSICAL_CHANNEL_CONFIG_NOTIF_CHANGED
06-09 15:55:22.489 851 851 D NetworkTypeController: [0] Remove all timers
06-09 15:55:22.489 851 851 D NetworkTypeController: [0] DefaultState: process EVENT_PHYSICAL_CHANNEL_CONFIG_NOTIF_CHANGED
06-09 15:55:22.489 851 851 D NetworkTypeController: [0] mIsPhysicalChannelConfigOn changed to: false
06-09 15:55:22.489 851 851 D NetworkTypeController: [0] Remove all timers
06-09 15:55:22.502 777 7315 D PowerUI : maybeShowBatteryWarning...1
06-09 15:55:22.504 777 7315 D PowerUI : maybeShowBatteryWarning...end
06-09 15:55:26.531 347 347 I rockchip-vop2 fdd90000.vop: [drm:vop2_crtc_atomic_disable] Crtc atomic disable vp2
06-09 15:55:26.545 347 347 E rockchip-vop2 fdd90000.vop: [drm:vop2_crtc_atomic_disable] *ERROR* unexpected power on pd7
06-09 15:55:22.825 620 661 I PowerManagerService: Sleeping display group (groupId=0, uid=1000)...
06-09 15:55:22.825 620 661 I PowerManagerService: Sleeping (uid 1000)...
06-09 15:55:22.857 851 851 D DCT-C-0 : screen off
06-09 15:55:22.857 851 851 D DCT-C-0 : stopNetStatPoll
06-09 15:55:26.789 539 539 I : read descriptors
06-09 15:55:26.789 539 539 I : read strings
06-09 15:55:26.790 1 1 I init : processing action (sys.usb.config=adb && sys.usb.configfs=1 && sys.usb.ffs.ready=1) from (/system/etc/init/hw/init.usb.configfs.rc:20)
06-09 15:55:26.792 1 1 I init : Command 'symlink /config/usb_gadget/g1/functions/ffs.adb /config/usb_gadget/g1/configs/b.1/f1' action=sys.usb.config=adb && sys.usb.configfs=1 && sys.usb.ffs.ready=1 (/system/etc/init/hw/init.usb.configfs.rc:22) took 0ms and failed: symlink() failed: File exists
06-09 15:55:26.792 1 1 I init : Command 'write /config/usb_gadget/g1/UDC ${sys.usb.controller}' action=sys.usb.config=adb && sys.usb.configfs=1 && sys.usb.ffs.ready=1 (/system/etc/init/hw/init.usb.configfs.rc:23) took 0ms and failed: Unable to write to file '/config/usb_gadget/g1/UDC': Unable to write file contents: Device or resource busy
06-09 15:55:27.852 539 539 I : read descriptors
06-09 15:55:27.853 539 539 I : read strings
06-09 15:55:27.855 1 1 I init : processing action (sys.usb.config=adb && sys.usb.configfs=1 && sys.usb.ffs.ready=1) from (/system/etc/init/hw/init.usb.configfs.rc:20)
06-09 15:55:27.858 1 1 I init : Command 'symlink /config/usb_gadget/g1/functions/ffs.adb /config/usb_gadget/g1/configs/b.1/f1' action=sys.usb.config=adb && sys.usb.configfs=1 && sys.usb.ffs.ready=1 (/system/etc/init/hw/init.usb.configfs.rc:22) took 0ms and failed: symlink() failed: File exists
06-09 15:55:27.859 1 1 I init : Command 'write /config/usb_gadget/g1/UDC ${sys.usb.controller}' action=sys.usb.config=adb && sys.usb.configfs=1 && sys.usb.ffs.ready=1 (/system/etc/init/hw/init.usb.configfs.rc:23) took 1ms and failed: Unable to write to file '/config/usb_gadget/g1/UDC': Unable to write file contents: Device or resource busy
06-09 15:55:28.928 539 539 I : read descriptors
06-09 15:55:28.928 539 539 I : read strings
06-09 15:55:28.929 1 1 I init : processing action (sys.usb.config=adb && sys.usb.configfs=1 && sys.usb.ffs.ready=1) from (/system/etc/init/hw/init.usb.configfs.rc:20)
06-09 15:55:28.930 1 1 I init : Command 'symlink /config/usb_gadget/g1/functions/ffs.adb /config/usb_gadget/g1/configs/b.1/f1' action=sys.usb.config=adb && sys.usb.configfs=1 && sys.usb.ffs.ready=1 (/system/etc/init/hw/init.usb.configfs.rc:22) took 0ms and failed: symlink() failed: File exists
06-09 15:55:28.931 1 1 I init : Command 'write /config/usb_gadget/g1/UDC ${sys.usb.controller}' action=sys.usb.config=adb && sys.usb.configfs=1 && sys.usb.ffs.ready=1 (/system/etc/init/hw/init.usb.configfs.rc:23) took 0ms and failed: Unable to write to file '/config/usb_gadget/g1/UDC': Unable to write file contents: Device or resource busy
06-09 15:55:25.419 526 549 D RILU : find_pci_device is 0
06-09 15:55:25.419 526 549 D RILC : PCI can't find at device
06-09 15:55:25.425 526 549 D RILC : USB can't find at device
06-09 15:55:29.969 539 539 I : read descriptors
